2026-06-27 10:07:57.629 8 INFO placement.requestlog [req-72d223b1-a70d-4a44-9fc6-48d4b232eaa6 req-066935f8-60cf-4012-abf6-c5e6e496714e 227a60d382c3497685f7722c7ef91b1f ee04220336ac416da3ce6298b8609a20 - - 37f3b442b15a4d2c802eb8f99e1e291c 37f3b442b15a4d2c802eb8f99e1e291c] 199.204.45.57 "GET /allocations/71e71fd8-58d2-4f75-8b6a-6f287ca10d63" status: 200 len: 257 microversion: 1.28 [pid: 8|app: 0|req: 345/696] 199.204.45.57 () {34 vars in 862 bytes} [Sat Jun 27 10:07:57 2026] GET /allocations/71e71fd8-58d2-4f75-8b6a-6f287ca10d63 => generated 257 bytes in 16 msecs (HTTP/1.1 200) 8 headers in 296 bytes (1 switches on core 0)
2026-06-27 10:07:57.714 7 INFO placement.requestlog [req-72d223b1-a70d-4a44-9fc6-48d4b232eaa6 req-b774fc1a-5f02-4787-8dd9-81154472dce3 227a60d382c3497685f7722c7ef91b1f ee04220336ac416da3ce6298b8609a20 - - 37f3b442b15a4d2c802eb8f99e1e291c 37f3b442b15a4d2c802eb8f99e1e291c] 199.204.45.57 "DELETE /allocations/71e71fd8-58d2-4f75-8b6a-6f287ca10d63" status: 204 len: 0 microversion: 1.0 [pid: 7|app: 0|req: 352/697] 199.204.45.57 () {34 vars in 840 bytes} [Sat Jun 27 10:07:57 2026] DELETE /allocations/71e71fd8-58d2-4f75-8b6a-6f287ca10d63 => generated 0 bytes in 29 msecs (HTTP/1.1 204) 5 headers in 198 bytes (1 switches on core 0)
2026-06-27 10:08:01.496 8 INFO placement.requestlog [req-86d0813f-053a-423f-a76e-c15d7659ab0d req-6b3c5803-e010-4b26-9bc8-2ede90f8d44d 227a60d382c3497685f7722c7ef91b1f ee04220336ac416da3ce6298b8609a20 - - 37f3b442b15a4d2c802eb8f99e1e291c 37f3b442b15a4d2c802eb8f99e1e291c] 199.204.45.57 "GET /resource_providers/6d4098ac-0c1a-4002-9120-ac4f99000631/allocations" status: 200 len: 54 microversion: 1.0 [pid: 8|app: 0|req: 346/698] 199.204.45.57 () {32 vars in 856 bytes} [Sat Jun 27 10:08:01 2026] GET /resource_providers/6d4098ac-0c1a-4002-9120-ac4f99000631/allocations => generated 54 bytes in 22 msecs (HTTP/1.1 200) 6 headers in 223 bytes (1 switches on core 0)
2026-06-27 10:08:01.528 7 INFO placement.requestlog [req-86d0813f-053a-423f-a76e-c15d7659ab0d req-8d93be82-f111-421c-a0d0-9f718e21a831 227a60d382c3497685f7722c7ef91b1f ee04220336ac416da3ce6298b8609a20 - - 37f3b442b15a4d2c802eb8f99e1e291c 37f3b442b15a4d2c802eb8f99e1e291c] 199.204.45.57 "GET /resource_providers/6d4098ac-0c1a-4002-9120-ac4f99000631/allocations" status: 200 len: 54 microversion: 1.0 [pid: 7|app: 0|req: 353/699] 199.204.45.57 () {32 vars in 856 bytes} [Sat Jun 27 10:08:01 2026] GET /resource_providers/6d4098ac-0c1a-4002-9120-ac4f99000631/allocations => generated 54 bytes in 20 msecs (HTTP/1.1 200) 6 headers in 223 bytes (1 switches on core 0)
2026-06-27 10:08:02.701 8 INFO placement.requestlog [None req-79cc1f67-4c4c-4372-862e-b104d87fd705 b06a8ef406b64a53b92cc7175f827a1d ee04220336ac416da3ce6298b8609a20 - - 37f3b442b15a4d2c802eb8f99e1e291c 37f3b442b15a4d2c802eb8f99e1e291c] 10.0.0.29 "GET /resource_providers/64901348-9920-4454-bc8b-8f52d59d26bc/aggregates" status: 404 len: 235 microversion: 1.1 [pid: 8|app: 0|req: 347/700] 10.0.0.29 () {32 vars in 824 bytes} [Sat Jun 27 10:08:02 2026] GET /resource_providers/64901348-9920-4454-bc8b-8f52d59d26bc/aggregates => generated 235 bytes in 9 msecs (HTTP/1.1 404) 5 headers in 202 bytes (1 switches on core 0)
2026-06-27 10:08:02.717 7 INFO placement.requestlog [None req-a8b8a038-5b71-464a-85dc-b118746a6b54 b06a8ef406b64a53b92cc7175f827a1d ee04220336ac416da3ce6298b8609a20 - - 37f3b442b15a4d2c802eb8f99e1e291c 37f3b442b15a4d2c802eb8f99e1e291c] 10.0.0.29 "GET /resource_providers/64901348-9920-4454-bc8b-8f52d59d26bc/aggregates" status: 404 len: 235 microversion: 1.1 [pid: 7|app: 0|req: 354/701] 10.0.0.29 () {32 vars in 824 bytes} [Sat Jun 27 10:08:02 2026] GET /resource_providers/64901348-9920-4454-bc8b-8f52d59d26bc/aggregates => generated 235 bytes in 13 msecs (HTTP/1.1 404) 5 headers in 202 bytes (1 switches on core 0)
2026-06-27 10:08:02.750 8 INFO placement.requestlog [None req-53d70cb7-e32d-4594-9cf6-95c6cac85433 b06a8ef406b64a53b92cc7175f827a1d ee04220336ac416da3ce6298b8609a20 - - 37f3b442b15a4d2c802eb8f99e1e291c 37f3b442b15a4d2c802eb8f99e1e291c] 10.0.0.29 "DELETE /resource_providers/64901348-9920-4454-bc8b-8f52d59d26bc" status: 404 len: 246 microversion: 1.1 [pid: 8|app: 0|req: 348/702] 10.0.0.29 () {34 vars in 824 bytes} [Sat Jun 27 10:08:02 2026] DELETE /resource_providers/64901348-9920-4454-bc8b-8f52d59d26bc => generated 246 bytes in 22 msecs (HTTP/1.1 404) 6 headers in 231 bytes (1 switches on core 0)
2026-06-27 10:08:02.755 7 INFO placement.requestlog [None req-a4e35efb-0532-41a9-88cd-827143a39c7e b06a8ef406b64a53b92cc7175f827a1d ee04220336ac416da3ce6298b8609a20 - - 37f3b442b15a4d2c802eb8f99e1e291c 37f3b442b15a4d2c802eb8f99e1e291c] 10.0.0.29 "DELETE /resource_providers/64901348-9920-4454-bc8b-8f52d59d26bc" status: 404 len: 246 microversion: 1.1 [pid: 7|app: 0|req: 355/703] 10.0.0.29 () {34 vars in 824 bytes} [Sat Jun 27 10:08:02 2026] DELETE /resource_providers/64901348-9920-4454-bc8b-8f52d59d26bc => generated 246 bytes in 11 msecs (HTTP/1.1 404) 6 headers in 231 bytes (1 switches on core 0)
2026-06-27 10:08:03.984 8 INFO placement.requestlog [req-7c1d61f9-a9ca-4f7d-9757-079e688d6f2d req-dc4fe07c-1437-4df4-8792-e43b7283003f 227a60d382c3497685f7722c7ef91b1f ee04220336ac416da3ce6298b8609a20 - - 37f3b442b15a4d2c802eb8f99e1e291c 37f3b442b15a4d2c802eb8f99e1e291c] 10.0.0.68 "GET /allocation_candidates?limit=1000&resources=DISK_GB%3A1%2CMEMORY_MB%3A512%2CVCPU%3A1&root_required=%21COMPUTE_STATUS_DISABLED" status: 200 len: 2147 microversion: 1.36 [pid: 8|app: 0|req: 349/704] 10.0.0.68 () {34 vars in 1011 bytes} [Sat Jun 27 10:08:03 2026] GET /allocation_candidates?limit=1000&resources=DISK_GB%3A1%2CMEMORY_MB%3A512%2CVCPU%3A1&root_required=%21COMPUTE_STATUS_DISABLED => generated 2147 bytes in 54 msecs (HTTP/1.1 200) 8 headers in 297 bytes (1 switches on core 0)
2026-06-27 10:08:04.024 7 INFO placement.requestlog [req-7c1d61f9-a9ca-4f7d-9757-079e688d6f2d req-1111a920-79a2-4fc3-a1bc-32f74510959b 227a60d382c3497685f7722c7ef91b1f ee04220336ac416da3ce6298b8609a20 - - 37f3b442b15a4d2c802eb8f99e1e291c 37f3b442b15a4d2c802eb8f99e1e291c] 10.0.0.68 "GET /allocations/5b8f9b83-9fb6-4da5-b3f7-925bed9c05ae" status: 200 len: 19 microversion: 1.28 [pid: 7|app: 0|req: 356/705] 10.0.0.68 () {34 vars in 860 bytes} [Sat Jun 27 10:08:04 2026] GET /allocations/5b8f9b83-9fb6-4da5-b3f7-925bed9c05ae => generated 19 bytes in 15 msecs (HTTP/1.1 200) 8 headers in 295 bytes (1 switches on core 0)
2026-06-27 10:08:04.119 8 INFO placement.requestlog [req-7c1d61f9-a9ca-4f7d-9757-079e688d6f2d req-5537bbc3-d3a6-4d5c-ab1c-7f563ad0cee0 227a60d382c3497685f7722c7ef91b1f ee04220336ac416da3ce6298b8609a20 - - 37f3b442b15a4d2c802eb8f99e1e291c 37f3b442b15a4d2c802eb8f99e1e291c] 10.0.0.68 "PUT /allocations/5b8f9b83-9fb6-4da5-b3f7-925bed9c05ae" status: 204 len: 0 microversion: 1.36 [pid: 8|app: 0|req: 350/706] 10.0.0.68 () {38 vars in 913 bytes} [Sat Jun 27 10:08:04 2026] PUT /allocations/5b8f9b83-9fb6-4da5-b3f7-925bed9c05ae => generated 0 bytes in 86 msecs (HTTP/1.1 204) 5 headers in 199 bytes (1 switches on core 0)
2026-06-27 10:08:04.137 8 INFO placement.requestlog [None req-2ad5416b-6a78-4f06-ba1a-92f1c6eed085 - - - - - -] 10.0.0.214 "GET /" status: 200 len: 136 microversion: 1.0
2026-06-27 10:08:04.137 7 INFO placement.requestlog [None req-e3d1edd7-7732-4407-93f2-8452b787161d - - - - - -] 10.0.0.214 "GET /" status: 200 len: 136 microversion: 1.0
2026-06-27 10:08:04.473 8 INFO placement.requestlog [req-7c1d61f9-a9ca-4f7d-9757-079e688d6f2d req-a9ba4fa8-dfcb-459e-b3e3-4f4000ab926e 227a60d382c3497685f7722c7ef91b1f ee04220336ac416da3ce6298b8609a20 - - 37f3b442b15a4d2c802eb8f99e1e291c 37f3b442b15a4d2c802eb8f99e1e291c] 199.204.45.57 "GET /allocations/5b8f9b83-9fb6-4da5-b3f7-925bed9c05ae" status: 200 len: 257 microversion: 1.28 [pid: 8|app: 0|req: 352/709] 199.204.45.57 () {34 vars in 862 bytes} [Sat Jun 27 10:08:04 2026] GET /allocations/5b8f9b83-9fb6-4da5-b3f7-925bed9c05ae => generated 257 bytes in 16 msecs (HTTP/1.1 200) 8 headers in 296 bytes (1 switches on core 0)
2026-06-27 10:08:04.621 7 INFO placement.requestlog [req-7c1d61f9-a9ca-4f7d-9757-079e688d6f2d req-09bf0894-8eb9-4677-ad66-4da07bc44e59 227a60d382c3497685f7722c7ef91b1f ee04220336ac416da3ce6298b8609a20 - - 37f3b442b15a4d2c802eb8f99e1e291c 37f3b442b15a4d2c802eb8f99e1e291c] 199.204.45.57 "GET /resource_providers/6d4098ac-0c1a-4002-9120-ac4f99000631/allocations" status: 200 len: 152 microversion: 1.0 [pid: 7|app: 0|req: 358/710] 199.204.45.57 () {32 vars in 856 bytes} [Sat Jun 27 10:08:04 2026] GET /resource_providers/6d4098ac-0c1a-4002-9120-ac4f99000631/allocations => generated 152 bytes in 20 msecs (HTTP/1.1 200) 6 headers in 224 bytes (1 switches on core 0)
2026-06-27 10:08:04.651 8 INFO placement.requestlog [req-7c1d61f9-a9ca-4f7d-9757-079e688d6f2d req-5a85e82e-e021-4d32-8c72-610b30cedf7b 227a60d382c3497685f7722c7ef91b1f ee04220336ac416da3ce6298b8609a20 - - 37f3b442b15a4d2c802eb8f99e1e291c 37f3b442b15a4d2c802eb8f99e1e291c] 199.204.45.57 "GET /allocations/5b8f9b83-9fb6-4da5-b3f7-925bed9c05ae" status: 200 len: 257 microversion: 1.28 [pid: 8|app: 0|req: 353/711] 199.204.45.57 () {34 vars in 862 bytes} [Sat Jun 27 10:08:04 2026] GET /allocations/5b8f9b83-9fb6-4da5-b3f7-925bed9c05ae => generated 257 bytes in 16 msecs (HTTP/1.1 200) 8 headers in 296 bytes (1 switches on core 0)
2026-06-27 10:08:04.779 7 INFO placement.requestlog [None req-337d8bca-027d-422d-bfbf-1ddd33f5fc07 b06a8ef406b64a53b92cc7175f827a1d ee04220336ac416da3ce6298b8609a20 - - 37f3b442b15a4d2c802eb8f99e1e291c 37f3b442b15a4d2c802eb8f99e1e291c] 10.0.0.29 "GET /resource_providers/d01da795-5ac1-4946-bf14-ddb59138156b/aggregates" status: 404 len: 235 microversion: 1.1 [pid: 7|app: 0|req: 359/712] 10.0.0.29 () {32 vars in 824 bytes} [Sat Jun 27 10:08:04 2026] GET /resource_providers/d01da795-5ac1-4946-bf14-ddb59138156b/aggregates => generated 235 bytes in 16 msecs (HTTP/1.1 404) 5 headers in 202 bytes (1 switches on core 0)
2026-06-27 10:08:04.787 8 INFO placement.requestlog [None req-aea5ba6e-d1f8-464b-b8bb-f5e8e6958602 b06a8ef406b64a53b92cc7175f827a1d ee04220336ac416da3ce6298b8609a20 - - 37f3b442b15a4d2c802eb8f99e1e291c 37f3b442b15a4d2c802eb8f99e1e291c] 10.0.0.29 "GET /resource_providers/d01da795-5ac1-4946-bf14-ddb59138156b/aggregates" status: 404 len: 235 microversion: 1.1 [pid: 8|app: 0|req: 354/713] 10.0.0.29 () {32 vars in 824 bytes} [Sat Jun 27 10:08:04 2026] GET /resource_providers/d01da795-5ac1-4946-bf14-ddb59138156b/aggregates => generated 235 bytes in 17 msecs (HTTP/1.1 404) 5 headers in 202 bytes (1 switches on core 0)
2026-06-27 10:08:04.800 7 INFO placement.requestlog [None req-a7e1c515-b4b3-484d-9a51-2667af0b854e b06a8ef406b64a53b92cc7175f827a1d ee04220336ac416da3ce6298b8609a20 - - 37f3b442b15a4d2c802eb8f99e1e291c 37f3b442b15a4d2c802eb8f99e1e291c] 10.0.0.29 "DELETE /resource_providers/d01da795-5ac1-4946-bf14-ddb59138156b" status: 404 len: 246 microversion: 1.1 [pid: 7|app: 0|req: 360/714] 10.0.0.29 () {34 vars in 824 bytes} [Sat Jun 27 10:08:04 2026] DELETE /resource_providers/d01da795-5ac1-4946-bf14-ddb59138156b => generated 246 bytes in 14 msecs (HTTP/1.1 404) 6 headers in 231 bytes (1 switches on core 0)
2026-06-27 10:08:04.818 8 INFO placement.requestlog [None req-871a24e0-39b9-4e46-a94b-2bc74aab06ed b06a8ef406b64a53b92cc7175f827a1d ee04220336ac416da3ce6298b8609a20 - - 37f3b442b15a4d2c802eb8f99e1e291c 37f3b442b15a4d2c802eb8f99e1e291c] 10.0.0.29 "DELETE /resource_providers/d01da795-5ac1-4946-bf14-ddb59138156b" status: 404 len: 246 microversion: 1.1 [pid: 8|app: 0|req: 355/715] 10.0.0.29 () {34 vars in 824 bytes} [Sat Jun 27 10:08:04 2026] DELETE /resource_providers/d01da795-5ac1-4946-bf14-ddb59138156b => generated 246 bytes in 21 msecs (HTTP/1.1 404) 6 headers in 231 bytes (1 switches on core 0)
2026-06-27 10:08:05.640 7 INFO placement.requestlog [None req-14a5eb88-9248-4ca0-b8e4-bf0f3f40a373 b06a8ef406b64a53b92cc7175f827a1d ee04220336ac416da3ce6298b8609a20 - - 37f3b442b15a4d2c802eb8f99e1e291c 37f3b442b15a4d2c802eb8f99e1e291c] 10.0.0.29 "GET /resource_providers/496dcb68-c7c8-4626-b35a-f7b0d62cd651/aggregates" status: 404 len: 235 microversion: 1.1
2026-06-27 10:08:05.641 8 INFO placement.requestlog [None req-394092c3-b391-4f96-be2d-6ab55db954b6 b06a8ef406b64a53b92cc7175f827a1d ee04220336ac416da3ce6298b8609a20 - - 37f3b442b15a4d2c802eb8f99e1e291c 37f3b442b15a4d2c802eb8f99e1e291c] 10.0.0.29 "GET /resource_providers/496dcb68-c7c8-4626-b35a-f7b0d62cd651/aggregates" status: 404 len: 235 microversion: 1.1 [pid: 7|app: 0|req: 361/716] 10.0.0.29 () {32 vars in 824 bytes} [Sat Jun 27 10:08:05 2026] GET /resource_providers/496dcb68-c7c8-4626-b35a-f7b0d62cd651/aggregates => generated 235 bytes in 11 msecs (HTTP/1.1 404) 5 headers in 202 bytes (1 switches on core 0) [pid: 8|app: 0|req: 356/717] 10.0.0.29 () {32 vars in 824 bytes} [Sat Jun 27 10:08:05 2026] GET /resource_providers/496dcb68-c7c8-4626-b35a-f7b0d62cd651/aggregates => generated 235 bytes in 11 msecs (HTTP/1.1 404) 5 headers in 202 bytes (1 switches on core 0)
2026-06-27 10:08:05.667 7 INFO placement.requestlog [None req-32fda2c8-0f47-4212-a703-de5cf106620d b06a8ef406b64a53b92cc7175f827a1d ee04220336ac416da3ce6298b8609a20 - - 37f3b442b15a4d2c802eb8f99e1e291c 37f3b442b15a4d2c802eb8f99e1e291c] 10.0.0.29 "DELETE /resource_providers/496dcb68-c7c8-4626-b35a-f7b0d62cd651" status: 404 len: 246 microversion: 1.1 [pid: 7|app: 0|req: 362/718] 10.0.0.29 () {34 vars in 824 bytes} [Sat Jun 27 10:08:05 2026] DELETE /resource_providers/496dcb68-c7c8-4626-b35a-f7b0d62cd651 => generated 246 bytes in 9 msecs (HTTP/1.1 404) 6 headers in 231 bytes (1 switches on core 0)
2026-06-27 10:08:05.670 8 INFO placement.requestlog [None req-d5ca9fe2-99cf-40ce-ae50-15b681ebb73a b06a8ef406b64a53b92cc7175f827a1d ee04220336ac416da3ce6298b8609a20 - - 37f3b442b15a4d2c802eb8f99e1e291c 37f3b442b15a4d2c802eb8f99e1e291c] 10.0.0.29 "DELETE /resource_providers/496dcb68-c7c8-4626-b35a-f7b0d62cd651" status: 404 len: 246 microversion: 1.1 [pid: 8|app: 0|req: 357/719] 10.0.0.29 () {34 vars in 824 bytes} [Sat Jun 27 10:08:05 2026] DELETE /resource_providers/496dcb68-c7c8-4626-b35a-f7b0d62cd651 => generated 246 bytes in 12 msecs (HTTP/1.1 404) 6 headers in 231 bytes (1 switches on core 0)
2026-06-27 10:08:13.096 7 INFO placement.requestlog [None req-2ef27487-14dd-42a1-9294-1f55101c3cb8 b06a8ef406b64a53b92cc7175f827a1d ee04220336ac416da3ce6298b8609a20 - - 37f3b442b15a4d2c802eb8f99e1e291c 37f3b442b15a4d2c802eb8f99e1e291c] 10.0.0.29 "GET /resource_providers/79b69e32-5509-4381-a419-4ebe7e374270/aggregates" status: 404 len: 235 microversion: 1.1 [pid: 7|app: 0|req: 363/720] 10.0.0.29 () {32 vars in 824 bytes} [Sat Jun 27 10:08:13 2026] GET /resource_providers/79b69e32-5509-4381-a419-4ebe7e374270/aggregates => generated 235 bytes in 24 msecs (HTTP/1.1 404) 5 headers in 202 bytes (1 switches on core 0)
2026-06-27 10:08:13.102 8 INFO placement.requestlog [None req-df0478ba-ca56-4c9f-a4bc-0de432ca5ab7 b06a8ef406b64a53b92cc7175f827a1d ee04220336ac416da3ce6298b8609a20 - - 37f3b442b15a4d2c802eb8f99e1e291c 37f3b442b15a4d2c802eb8f99e1e291c] 10.0.0.29 "GET /resource_providers/79b69e32-5509-4381-a419-4ebe7e374270/aggregates" status: 404 len: 235 microversion: 1.1 [pid: 8|app: 0|req: 358/721] 10.0.0.29 () {32 vars in 824 bytes} [Sat Jun 27 10:08:13 2026] GET /resource_providers/79b69e32-5509-4381-a419-4ebe7e374270/aggregates => generated 235 bytes in 26 msecs (HTTP/1.1 404) 5 headers in 202 bytes (1 switches on core 0)
2026-06-27 10:08:13.115 8 INFO placement.requestlog [None req-ef537e4c-b852-4cfd-933f-f7800e7a8ff6 b06a8ef406b64a53b92cc7175f827a1d ee04220336ac416da3ce6298b8609a20 - - 37f3b442b15a4d2c802eb8f99e1e291c 37f3b442b15a4d2c802eb8f99e1e291c] 10.0.0.29 "DELETE /resource_providers/79b69e32-5509-4381-a419-4ebe7e374270" status: 404 len: 246 microversion: 1.1 [pid: 8|app: 0|req: 359/722] 10.0.0.29 () {34 vars in 824 bytes} [Sat Jun 27 10:08:13 2026] DELETE /resource_providers/79b69e32-5509-4381-a419-4ebe7e374270 => generated 246 bytes in 13 msecs (HTTP/1.1 404) 6 headers in 231 bytes (1 switches on core 0)
2026-06-27 10:08:13.125 8 INFO placement.requestlog [None req-e6d1af8c-c8c6-4c34-8bb3-c93b7f711157 b06a8ef406b64a53b92cc7175f827a1d ee04220336ac416da3ce6298b8609a20 - - 37f3b442b15a4d2c802eb8f99e1e291c 37f3b442b15a4d2c802eb8f99e1e291c] 10.0.0.29 "DELETE /resource_providers/79b69e32-5509-4381-a419-4ebe7e374270" status: 404 len: 246 microversion: 1.1 [pid: 8|app: 0|req: 360/723] 10.0.0.29 () {34 vars in 824 bytes} [Sat Jun 27 10:08:13 2026] DELETE /resource_providers/79b69e32-5509-4381-a419-4ebe7e374270 => generated 246 bytes in 9 msecs (HTTP/1.1 404) 6 headers in 231 bytes (1 switches on core 0)
2026-06-27 10:08:13.128 7 INFO placement.requestlog [req-146db71a-b04c-471a-8d93-76b8cbb5b833 req-724bb400-ffa5-45e0-8e6b-bc0a31658fb7 227a60d382c3497685f7722c7ef91b1f ee04220336ac416da3ce6298b8609a20 - - 37f3b442b15a4d2c802eb8f99e1e291c 37f3b442b15a4d2c802eb8f99e1e291c] 199.204.45.57 "GET /resource_providers/6d4098ac-0c1a-4002-9120-ac4f99000631/allocations" status: 200 len: 152 microversion: 1.0 [pid: 7|app: 0|req: 364/724] 199.204.45.57 () {32 vars in 856 bytes} [Sat Jun 27 10:08:13 2026] GET /resource_providers/6d4098ac-0c1a-4002-9120-ac4f99000631/allocations => generated 152 bytes in 33 msecs (HTTP/1.1 200) 6 headers in 224 bytes (1 switches on core 0)
2026-06-27 10:08:13.166 8 INFO placement.requestlog [req-146db71a-b04c-471a-8d93-76b8cbb5b833 req-5a41bf2f-565c-4bab-b92c-65b911e7052a 227a60d382c3497685f7722c7ef91b1f ee04220336ac416da3ce6298b8609a20 - - 37f3b442b15a4d2c802eb8f99e1e291c 37f3b442b15a4d2c802eb8f99e1e291c] 199.204.45.57 "GET /allocations/5b8f9b83-9fb6-4da5-b3f7-925bed9c05ae" status: 200 len: 257 microversion: 1.28 [pid: 8|app: 0|req: 361/725] 199.204.45.57 () {34 vars in 862 bytes} [Sat Jun 27 10:08:13 2026] GET /allocations/5b8f9b83-9fb6-4da5-b3f7-925bed9c05ae => generated 257 bytes in 21 msecs (HTTP/1.1 200) 8 headers in 296 bytes (1 switches on core 0)
2026-06-27 10:08:13.266 7 INFO placement.requestlog [req-146db71a-b04c-471a-8d93-76b8cbb5b833 req-326f9574-43fb-4b1c-b1ea-3d43e62918a6 227a60d382c3497685f7722c7ef91b1f ee04220336ac416da3ce6298b8609a20 - - 37f3b442b15a4d2c802eb8f99e1e291c 37f3b442b15a4d2c802eb8f99e1e291c] 199.204.45.57 "DELETE /allocations/5b8f9b83-9fb6-4da5-b3f7-925bed9c05ae" status: 204 len: 0 microversion: 1.0 [pid: 7|app: 0|req: 365/726] 199.204.45.57 () {34 vars in 840 bytes} [Sat Jun 27 10:08:13 2026] DELETE /allocations/5b8f9b83-9fb6-4da5-b3f7-925bed9c05ae => generated 0 bytes in 41 msecs (HTTP/1.1 204) 5 headers in 198 bytes (1 switches on core 0)
2026-06-27 10:08:14.138 8 INFO placement.requestlog [None req-2b363e54-57e9-4346-9e0c-c7b1b04fa175 - - - - - -] 10.0.0.214 "GET /" status: 200 len: 136 microversion: 1.0
2026-06-27 10:08:14.138 7 INFO placement.requestlog [None req-79dc6c4e-474f-40c7-9bc8-9eacded2cbbe - - - - - -] 10.0.0.214 "GET /" status: 200 len: 136 microversion: 1.0
2026-06-27 10:08:17.122 8 INFO placement.requestlog [None req-1425d0ac-9594-4ddb-bc61-18933431369c b06a8ef406b64a53b92cc7175f827a1d ee04220336ac416da3ce6298b8609a20 - - 37f3b442b15a4d2c802eb8f99e1e291c 37f3b442b15a4d2c802eb8f99e1e291c] 10.0.0.29 "GET /resource_providers/ecae90a0-f1ca-43bf-b7c0-fa4b7cbd9fce/aggregates" status: 404 len: 235 microversion: 1.1 [pid: 8|app: 0|req: 363/729] 10.0.0.29 () {32 vars in 824 bytes} [Sat Jun 27 10:08:17 2026] GET /resource_providers/ecae90a0-f1ca-43bf-b7c0-fa4b7cbd9fce/aggregates => generated 235 bytes in 10 msecs (HTTP/1.1 404) 5 headers in 202 bytes (1 switches on core 0)
2026-06-27 10:08:17.132 7 INFO placement.requestlog [None req-adb62e96-0c2a-4a5b-9c53-650fa9658309 b06a8ef406b64a53b92cc7175f827a1d ee04220336ac416da3ce6298b8609a20 - - 37f3b442b15a4d2c802eb8f99e1e291c 37f3b442b15a4d2c802eb8f99e1e291c] 10.0.0.29 "GET /resource_providers/ecae90a0-f1ca-43bf-b7c0-fa4b7cbd9fce/aggregates" status: 404 len: 235 microversion: 1.1 [pid: 7|app: 0|req: 367/730] 10.0.0.29 () {32 vars in 824 bytes} [Sat Jun 27 10:08:17 2026] GET /resource_providers/ecae90a0-f1ca-43bf-b7c0-fa4b7cbd9fce/aggregates => generated 235 bytes in 14 msecs (HTTP/1.1 404) 5 headers in 202 bytes (1 switches on core 0)
2026-06-27 10:08:17.157 8 INFO placement.requestlog [None req-925aa24b-b5b7-47e1-827d-6f507d2884c1 b06a8ef406b64a53b92cc7175f827a1d ee04220336ac416da3ce6298b8609a20 - - 37f3b442b15a4d2c802eb8f99e1e291c 37f3b442b15a4d2c802eb8f99e1e291c] 10.0.0.29 "DELETE /resource_providers/ecae90a0-f1ca-43bf-b7c0-fa4b7cbd9fce" status: 404 len: 246 microversion: 1.1 [pid: 8|app: 0|req: 364/731] 10.0.0.29 () {34 vars in 824 bytes} [Sat Jun 27 10:08:17 2026] DELETE /resource_providers/ecae90a0-f1ca-43bf-b7c0-fa4b7cbd9fce => generated 246 bytes in 11 msecs (HTTP/1.1 404) 6 headers in 231 bytes (1 switches on core 0)
2026-06-27 10:08:17.158 7 INFO placement.requestlog [None req-534d4df6-28e2-49bb-9eb0-2f92fe217614 b06a8ef406b64a53b92cc7175f827a1d ee04220336ac416da3ce6298b8609a20 - - 37f3b442b15a4d2c802eb8f99e1e291c 37f3b442b15a4d2c802eb8f99e1e291c] 10.0.0.29 "DELETE /resource_providers/ecae90a0-f1ca-43bf-b7c0-fa4b7cbd9fce" status: 404 len: 246 microversion: 1.1 [pid: 7|app: 0|req: 368/732] 10.0.0.29 () {34 vars in 824 bytes} [Sat Jun 27 10:08:17 2026] DELETE /resource_providers/ecae90a0-f1ca-43bf-b7c0-fa4b7cbd9fce => generated 246 bytes in 11 msecs (HTTP/1.1 404) 6 headers in 231 bytes (1 switches on core 0)
2026-06-27 10:08:21.950 7 INFO placement.requestlog [None req-5315cf48-ef68-4cad-a7f8-53dd33c4a002 b06a8ef406b64a53b92cc7175f827a1d ee04220336ac416da3ce6298b8609a20 - - 37f3b442b15a4d2c802eb8f99e1e291c 37f3b442b15a4d2c802eb8f99e1e291c] 10.0.0.29 "GET /resource_providers/cd01f9a7-506f-4990-9126-8aebc8f768ac/aggregates" status: 404 len: 235 microversion: 1.1 [pid: 7|app: 0|req: 369/733] 10.0.0.29 () {32 vars in 824 bytes} [Sat Jun 27 10:08:21 2026] GET /resource_providers/cd01f9a7-506f-4990-9126-8aebc8f768ac/aggregates => generated 235 bytes in 12 msecs (HTTP/1.1 404) 5 headers in 202 bytes (1 switches on core 0)
2026-06-27 10:08:21.951 8 INFO placement.requestlog [None req-c91fcbb0-af00-4d44-ab60-0013ac663e1e b06a8ef406b64a53b92cc7175f827a1d ee04220336ac416da3ce6298b8609a20 - - 37f3b442b15a4d2c802eb8f99e1e291c 37f3b442b15a4d2c802eb8f99e1e291c] 10.0.0.29 "GET /resource_providers/cd01f9a7-506f-4990-9126-8aebc8f768ac/aggregates" status: 404 len: 235 microversion: 1.1 [pid: 8|app: 0|req: 365/734] 10.0.0.29 () {32 vars in 824 bytes} [Sat Jun 27 10:08:21 2026] GET /resource_providers/cd01f9a7-506f-4990-9126-8aebc8f768ac/aggregates => generated 235 bytes in 13 msecs (HTTP/1.1 404) 5 headers in 202 bytes (1 switches on core 0)
2026-06-27 10:08:21.977 8 INFO placement.requestlog [None req-7343d872-0d02-4a1c-9fff-6c3361eb7b0b b06a8ef406b64a53b92cc7175f827a1d ee04220336ac416da3ce6298b8609a20 - - 37f3b442b15a4d2c802eb8f99e1e291c 37f3b442b15a4d2c802eb8f99e1e291c] 10.0.0.29 "DELETE /resource_providers/cd01f9a7-506f-4990-9126-8aebc8f768ac" status: 404 len: 246 microversion: 1.1 [pid: 8|app: 0|req: 366/735] 10.0.0.29 () {34 vars in 824 bytes} [Sat Jun 27 10:08:21 2026] DELETE /resource_providers/cd01f9a7-506f-4990-9126-8aebc8f768ac => generated 246 bytes in 13 msecs (HTTP/1.1 404) 6 headers in 231 bytes (1 switches on core 0)
2026-06-27 10:08:21.979 7 INFO placement.requestlog [None req-c14bab9d-1034-4f79-a19b-8f7c48ef9dd9 b06a8ef406b64a53b92cc7175f827a1d ee04220336ac416da3ce6298b8609a20 - - 37f3b442b15a4d2c802eb8f99e1e291c 37f3b442b15a4d2c802eb8f99e1e291c] 10.0.0.29 "DELETE /resource_providers/cd01f9a7-506f-4990-9126-8aebc8f768ac" status: 404 len: 246 microversion: 1.1 [pid: 7|app: 0|req: 370/736] 10.0.0.29 () {34 vars in 824 bytes} [Sat Jun 27 10:08:21 2026] DELETE /resource_providers/cd01f9a7-506f-4990-9126-8aebc8f768ac => generated 246 bytes in 13 msecs (HTTP/1.1 404) 6 headers in 231 bytes (1 switches on core 0)
2026-06-27 10:08:23.994 8 INFO placement.requestlog [None req-2acd6092-5d49-4842-8c36-b7e2ca48899a b06a8ef406b64a53b92cc7175f827a1d ee04220336ac416da3ce6298b8609a20 - - 37f3b442b15a4d2c802eb8f99e1e291c 37f3b442b15a4d2c802eb8f99e1e291c] 10.0.0.29 "GET /resource_providers/c029357d-7492-46ef-afea-7e6ff79a8522/aggregates" status: 404 len: 235 microversion: 1.1 [pid: 8|app: 0|req: 367/737] 10.0.0.29 () {32 vars in 824 bytes} [Sat Jun 27 10:08:23 2026] GET /resource_providers/c029357d-7492-46ef-afea-7e6ff79a8522/aggregates => generated 235 bytes in 10 msecs (HTTP/1.1 404) 5 headers in 202 bytes (1 switches on core 0)
2026-06-27 10:08:24.036 8 INFO placement.requestlog [None req-7506787e-5da1-4d72-90f2-34b3d9bfad48 b06a8ef406b64a53b92cc7175f827a1d ee04220336ac416da3ce6298b8609a20 - - 37f3b442b15a4d2c802eb8f99e1e291c 37f3b442b15a4d2c802eb8f99e1e291c] 10.0.0.29 "DELETE /resource_providers/c029357d-7492-46ef-afea-7e6ff79a8522" status: 404 len: 246 microversion: 1.1 [pid: 8|app: 0|req: 368/738] 10.0.0.29 () {34 vars in 824 bytes} [Sat Jun 27 10:08:24 2026] DELETE /resource_providers/c029357d-7492-46ef-afea-7e6ff79a8522 => generated 246 bytes in 16 msecs (HTTP/1.1 404) 6 headers in 231 bytes (1 switches on core 0)
2026-06-27 10:08:24.036 7 INFO placement.requestlog [None req-4443a05d-8517-415e-9f87-245c00650bd4 b06a8ef406b64a53b92cc7175f827a1d ee04220336ac416da3ce6298b8609a20 - - 37f3b442b15a4d2c802eb8f99e1e291c 37f3b442b15a4d2c802eb8f99e1e291c] 10.0.0.29 "GET /resource_providers/c029357d-7492-46ef-afea-7e6ff79a8522/aggregates" status: 404 len: 235 microversion: 1.1 [pid: 7|app: 0|req: 371/739] 10.0.0.29 () {32 vars in 824 bytes} [Sat Jun 27 10:08:24 2026] GET /resource_providers/c029357d-7492-46ef-afea-7e6ff79a8522/aggregates => generated 235 bytes in 26 msecs (HTTP/1.1 404) 5 headers in 202 bytes (1 switches on core 0)
2026-06-27 10:08:24.063 8 INFO placement.requestlog [None req-26245cbe-6a79-40ba-903f-6334956ade7f b06a8ef406b64a53b92cc7175f827a1d ee04220336ac416da3ce6298b8609a20 - - 37f3b442b15a4d2c802eb8f99e1e291c 37f3b442b15a4d2c802eb8f99e1e291c] 10.0.0.29 "DELETE /resource_providers/c029357d-7492-46ef-afea-7e6ff79a8522" status: 404 len: 246 microversion: 1.1 [pid: 8|app: 0|req: 369/740] 10.0.0.29 () {34 vars in 824 bytes} [Sat Jun 27 10:08:24 2026] DELETE /resource_providers/c029357d-7492-46ef-afea-7e6ff79a8522 => generated 246 bytes in 12 msecs (HTTP/1.1 404) 6 headers in 231 bytes (1 switches on core 0)
2026-06-27 10:08:24.141 7 INFO placement.requestlog [None req-2812860e-31d8-4672-a889-a8ef36528920 - - - - - -] 10.0.0.214 "GET /" status: 200 len: 136 microversion: 1.0
2026-06-27 10:08:24.141 8 INFO placement.requestlog [None req-d6737e1c-30d9-4bd7-91ab-aa419781384f - - - - - -] 10.0.0.214 "GET /" status: 200 len: 136 microversion: 1.0
2026-06-27 10:08:26.585 7 INFO placement.requestlog [None req-03427989-f7e4-41ca-b6c2-984a8feca1e6 b06a8ef406b64a53b92cc7175f827a1d ee04220336ac416da3ce6298b8609a20 - - 37f3b442b15a4d2c802eb8f99e1e291c 37f3b442b15a4d2c802eb8f99e1e291c] 10.0.0.29 "GET /resource_providers/f7e7de6c-a657-4d4c-bbcc-50d072ddf45e/aggregates" status: 404 len: 235 microversion: 1.1 [pid: 7|app: 0|req: 373/743] 10.0.0.29 () {32 vars in 824 bytes} [Sat Jun 27 10:08:26 2026] GET /resource_providers/f7e7de6c-a657-4d4c-bbcc-50d072ddf45e/aggregates => generated 235 bytes in 11 msecs (HTTP/1.1 404) 5 headers in 202 bytes (1 switches on core 0)
2026-06-27 10:08:26.587 8 INFO placement.requestlog [None req-55d97158-006a-49cf-9b1f-1a56d4da5154 b06a8ef406b64a53b92cc7175f827a1d ee04220336ac416da3ce6298b8609a20 - - 37f3b442b15a4d2c802eb8f99e1e291c 37f3b442b15a4d2c802eb8f99e1e291c] 10.0.0.29 "GET /resource_providers/f7e7de6c-a657-4d4c-bbcc-50d072ddf45e/aggregates" status: 404 len: 235 microversion: 1.1 [pid: 8|app: 0|req: 371/744] 10.0.0.29 () {32 vars in 824 bytes} [Sat Jun 27 10:08:26 2026] GET /resource_providers/f7e7de6c-a657-4d4c-bbcc-50d072ddf45e/aggregates => generated 235 bytes in 10 msecs (HTTP/1.1 404) 5 headers in 202 bytes (1 switches on core 0)
2026-06-27 10:08:26.615 8 INFO placement.requestlog [None req-21b5dfa4-0f9e-40e8-8534-821b4bcae6ba b06a8ef406b64a53b92cc7175f827a1d ee04220336ac416da3ce6298b8609a20 - - 37f3b442b15a4d2c802eb8f99e1e291c 37f3b442b15a4d2c802eb8f99e1e291c] 10.0.0.29 "DELETE /resource_providers/f7e7de6c-a657-4d4c-bbcc-50d072ddf45e" status: 404 len: 246 microversion: 1.1 [pid: 8|app: 0|req: 372/745] 10.0.0.29 () {34 vars in 824 bytes} [Sat Jun 27 10:08:26 2026] DELETE /resource_providers/f7e7de6c-a657-4d4c-bbcc-50d072ddf45e => generated 246 bytes in 9 msecs (HTTP/1.1 404) 6 headers in 231 bytes (1 switches on core 0)
2026-06-27 10:08:26.621 7 INFO placement.requestlog [None req-3f1d2a1a-5659-4d6b-adbc-e5b987ac5267 b06a8ef406b64a53b92cc7175f827a1d ee04220336ac416da3ce6298b8609a20 - - 37f3b442b15a4d2c802eb8f99e1e291c 37f3b442b15a4d2c802eb8f99e1e291c] 10.0.0.29 "DELETE /resource_providers/f7e7de6c-a657-4d4c-bbcc-50d072ddf45e" status: 404 len: 246 microversion: 1.1 [pid: 7|app: 0|req: 374/746] 10.0.0.29 () {34 vars in 824 bytes} [Sat Jun 27 10:08:26 2026] DELETE /resource_providers/f7e7de6c-a657-4d4c-bbcc-50d072ddf45e => generated 246 bytes in 15 msecs (HTTP/1.1 404) 6 headers in 231 bytes (1 switches on core 0)
2026-06-27 10:08:28.938 8 INFO placement.requestlog [None req-679ea738-f0a8-4191-b669-d59f5388b5fa b06a8ef406b64a53b92cc7175f827a1d ee04220336ac416da3ce6298b8609a20 - - 37f3b442b15a4d2c802eb8f99e1e291c 37f3b442b15a4d2c802eb8f99e1e291c] 10.0.0.29 "GET /resource_providers/10fc3a06-4ba5-4aae-affb-a596ec56fa86/aggregates" status: 404 len: 235 microversion: 1.1 [pid: 8|app: 0|req: 373/747] 10.0.0.29 () {32 vars in 824 bytes} [Sat Jun 27 10:08:28 2026] GET /resource_providers/10fc3a06-4ba5-4aae-affb-a596ec56fa86/aggregates => generated 235 bytes in 12 msecs (HTTP/1.1 404) 5 headers in 202 bytes (1 switches on core 0)
2026-06-27 10:08:28.948 7 INFO placement.requestlog [None req-4ae3e0e7-8a4f-4da4-876b-64bbe1bde3e0 b06a8ef406b64a53b92cc7175f827a1d ee04220336ac416da3ce6298b8609a20 - - 37f3b442b15a4d2c802eb8f99e1e291c 37f3b442b15a4d2c802eb8f99e1e291c] 10.0.0.29 "GET /resource_providers/10fc3a06-4ba5-4aae-affb-a596ec56fa86/aggregates" status: 404 len: 235 microversion: 1.1 [pid: 7|app: 0|req: 375/748] 10.0.0.29 () {32 vars in 824 bytes} [Sat Jun 27 10:08:28 2026] GET /resource_providers/10fc3a06-4ba5-4aae-affb-a596ec56fa86/aggregates => generated 235 bytes in 14 msecs (HTTP/1.1 404) 5 headers in 202 bytes (1 switches on core 0)
2026-06-27 10:08:28.988 8 INFO placement.requestlog [None req-f7c7e4ad-24e7-4c5c-97f5-8c7af0c099a2 b06a8ef406b64a53b92cc7175f827a1d ee04220336ac416da3ce6298b8609a20 - - 37f3b442b15a4d2c802eb8f99e1e291c 37f3b442b15a4d2c802eb8f99e1e291c] 10.0.0.29 "DELETE /resource_providers/10fc3a06-4ba5-4aae-affb-a596ec56fa86" status: 404 len: 246 microversion: 1.1 [pid: 8|app: 0|req: 374/749] 10.0.0.29 () {34 vars in 824 bytes} [Sat Jun 27 10:08:28 2026] DELETE /resource_providers/10fc3a06-4ba5-4aae-affb-a596ec56fa86 => generated 246 bytes in 23 msecs (HTTP/1.1 404) 6 headers in 231 bytes (1 switches on core 0)
2026-06-27 10:08:28.989 7 INFO placement.requestlog [None req-cc8d4665-f8fe-46ba-b042-1e58f81fe27f b06a8ef406b64a53b92cc7175f827a1d ee04220336ac416da3ce6298b8609a20 - - 37f3b442b15a4d2c802eb8f99e1e291c 37f3b442b15a4d2c802eb8f99e1e291c] 10.0.0.29 "DELETE /resource_providers/10fc3a06-4ba5-4aae-affb-a596ec56fa86" status: 404 len: 246 microversion: 1.1 [pid: 7|app: 0|req: 376/750] 10.0.0.29 () {34 vars in 824 bytes} [Sat Jun 27 10:08:28 2026] DELETE /resource_providers/10fc3a06-4ba5-4aae-affb-a596ec56fa86 => generated 246 bytes in 10 msecs (HTTP/1.1 404) 6 headers in 231 bytes (1 switches on core 0)
2026-06-27 10:08:30.913 8 INFO placement.requestlog [req-e4fb2c1f-e750-4525-b9a8-17735aa25121 req-69117693-d182-4b75-8533-44407dfa6885 227a60d382c3497685f7722c7ef91b1f ee04220336ac416da3ce6298b8609a20 - - 37f3b442b15a4d2c802eb8f99e1e291c 37f3b442b15a4d2c802eb8f99e1e291c] 10.0.0.68 "GET /allocation_candidates?limit=1000&resources=DISK_GB%3A1%2CMEMORY_MB%3A512%2CVCPU%3A1&root_required=%21COMPUTE_STATUS_DISABLED" status: 200 len: 2147 microversion: 1.36 [pid: 8|app: 0|req: 375/751] 10.0.0.68 () {34 vars in 1011 bytes} [Sat Jun 27 10:08:30 2026] GET /allocation_candidates?limit=1000&resources=DISK_GB%3A1%2CMEMORY_MB%3A512%2CVCPU%3A1&root_required=%21COMPUTE_STATUS_DISABLED => generated 2147 bytes in 44 msecs (HTTP/1.1 200) 8 headers in 297 bytes (1 switches on core 0)
2026-06-27 10:08:30.956 7 INFO placement.requestlog [req-e4fb2c1f-e750-4525-b9a8-17735aa25121 req-3ac04c5a-9cf3-40a7-86df-c7ad54b4cf2d 227a60d382c3497685f7722c7ef91b1f ee04220336ac416da3ce6298b8609a20 - - 37f3b442b15a4d2c802eb8f99e1e291c 37f3b442b15a4d2c802eb8f99e1e291c] 10.0.0.68 "GET /allocations/b55a4bb6-1085-4300-8671-64c192a5a877" status: 200 len: 19 microversion: 1.28 [pid: 7|app: 0|req: 377/752] 10.0.0.68 () {34 vars in 860 bytes} [Sat Jun 27 10:08:30 2026] GET /allocations/b55a4bb6-1085-4300-8671-64c192a5a877 => generated 19 bytes in 11 msecs (HTTP/1.1 200) 8 headers in 295 bytes (1 switches on core 0)
2026-06-27 10:08:31.029 8 INFO placement.requestlog [req-e4fb2c1f-e750-4525-b9a8-17735aa25121 req-3c7df919-58b6-4089-afda-63f318daa88f 227a60d382c3497685f7722c7ef91b1f ee04220336ac416da3ce6298b8609a20 - - 37f3b442b15a4d2c802eb8f99e1e291c 37f3b442b15a4d2c802eb8f99e1e291c] 10.0.0.68 "PUT /allocations/b55a4bb6-1085-4300-8671-64c192a5a877" status: 204 len: 0 microversion: 1.36 [pid: 8|app: 0|req: 376/753] 10.0.0.68 () {38 vars in 913 bytes} [Sat Jun 27 10:08:30 2026] PUT /allocations/b55a4bb6-1085-4300-8671-64c192a5a877 => generated 0 bytes in 62 msecs (HTTP/1.1 204) 5 headers in 199 bytes (1 switches on core 0)
2026-06-27 10:08:31.313 7 INFO placement.requestlog [req-e4fb2c1f-e750-4525-b9a8-17735aa25121 req-c3a4df6b-36d2-4d3c-85a0-1bf72a53ac9e 227a60d382c3497685f7722c7ef91b1f ee04220336ac416da3ce6298b8609a20 - - 37f3b442b15a4d2c802eb8f99e1e291c 37f3b442b15a4d2c802eb8f99e1e291c] 199.204.45.57 "GET /allocations/b55a4bb6-1085-4300-8671-64c192a5a877" status: 200 len: 257 microversion: 1.28 [pid: 7|app: 0|req: 378/754] 199.204.45.57 () {34 vars in 862 bytes} [Sat Jun 27 10:08:31 2026] GET /allocations/b55a4bb6-1085-4300-8671-64c192a5a877 => generated 257 bytes in 17 msecs (HTTP/1.1 200) 8 headers in 296 bytes (1 switches on core 0)
2026-06-27 10:08:31.446 8 INFO placement.requestlog [req-e4fb2c1f-e750-4525-b9a8-17735aa25121 req-1095f8ba-cb93-4ff5-9d58-870536249a4b 227a60d382c3497685f7722c7ef91b1f ee04220336ac416da3ce6298b8609a20 - - 37f3b442b15a4d2c802eb8f99e1e291c 37f3b442b15a4d2c802eb8f99e1e291c] 199.204.45.57 "GET /resource_providers/6d4098ac-0c1a-4002-9120-ac4f99000631/allocations" status: 200 len: 152 microversion: 1.0 [pid: 8|app: 0|req: 377/755] 199.204.45.57 () {32 vars in 856 bytes} [Sat Jun 27 10:08:31 2026] GET /resource_providers/6d4098ac-0c1a-4002-9120-ac4f99000631/allocations => generated 152 bytes in 33 msecs (HTTP/1.1 200) 6 headers in 224 bytes (1 switches on core 0)
2026-06-27 10:08:31.473 7 INFO placement.requestlog [req-e4fb2c1f-e750-4525-b9a8-17735aa25121 req-93a7210d-93fb-4e0c-881e-90bf4fd72989 227a60d382c3497685f7722c7ef91b1f ee04220336ac416da3ce6298b8609a20 - - 37f3b442b15a4d2c802eb8f99e1e291c 37f3b442b15a4d2c802eb8f99e1e291c] 199.204.45.57 "GET /allocations/b55a4bb6-1085-4300-8671-64c192a5a877" status: 200 len: 257 microversion: 1.28 [pid: 7|app: 0|req: 379/756] 199.204.45.57 () {34 vars in 862 bytes} [Sat Jun 27 10:08:31 2026] GET /allocations/b55a4bb6-1085-4300-8671-64c192a5a877 => generated 257 bytes in 17 msecs (HTTP/1.1 200) 8 headers in 296 bytes (1 switches on core 0)
2026-06-27 10:08:31.805 7 INFO placement.requestlog [None req-11230ce9-433a-4aac-9174-94102664a271 b06a8ef406b64a53b92cc7175f827a1d ee04220336ac416da3ce6298b8609a20 - - 37f3b442b15a4d2c802eb8f99e1e291c 37f3b442b15a4d2c802eb8f99e1e291c] 10.0.0.29 "GET /resource_providers/ab4df84a-acaa-40ce-a3fc-634324a23f13/aggregates" status: 404 len: 235 microversion: 1.1 [pid: 7|app: 0|req: 380/757] 10.0.0.29 () {32 vars in 824 bytes} [Sat Jun 27 10:08:31 2026] GET /resource_providers/ab4df84a-acaa-40ce-a3fc-634324a23f13/aggregates => generated 235 bytes in 13 msecs (HTTP/1.1 404) 5 headers in 202 bytes (1 switches on core 0)
2026-06-27 10:08:31.805 8 INFO placement.requestlog [None req-19c0b1fe-8fef-47e3-b5f5-1466b5c5d8c8 b06a8ef406b64a53b92cc7175f827a1d ee04220336ac416da3ce6298b8609a20 - - 37f3b442b15a4d2c802eb8f99e1e291c 37f3b442b15a4d2c802eb8f99e1e291c] 10.0.0.29 "GET /resource_providers/ab4df84a-acaa-40ce-a3fc-634324a23f13/aggregates" status: 404 len: 235 microversion: 1.1 [pid: 8|app: 0|req: 378/758] 10.0.0.29 () {32 vars in 824 bytes} [Sat Jun 27 10:08:31 2026] GET /resource_providers/ab4df84a-acaa-40ce-a3fc-634324a23f13/aggregates => generated 235 bytes in 14 msecs (HTTP/1.1 404) 5 headers in 202 bytes (1 switches on core 0)
2026-06-27 10:08:31.827 7 INFO placement.requestlog [None req-a60dea57-f119-4914-af9f-341a00c0b03b b06a8ef406b64a53b92cc7175f827a1d ee04220336ac416da3ce6298b8609a20 - - 37f3b442b15a4d2c802eb8f99e1e291c 37f3b442b15a4d2c802eb8f99e1e291c] 10.0.0.29 "DELETE /resource_providers/ab4df84a-acaa-40ce-a3fc-634324a23f13" status: 404 len: 246 microversion: 1.1 [pid: 7|app: 0|req: 381/759] 10.0.0.29 () {34 vars in 824 bytes} [Sat Jun 27 10:08:31 2026] DELETE /resource_providers/ab4df84a-acaa-40ce-a3fc-634324a23f13 => generated 246 bytes in 13 msecs (HTTP/1.1 404) 6 headers in 231 bytes (1 switches on core 0)
2026-06-27 10:08:31.835 8 INFO placement.requestlog [None req-35a6e22d-439b-444e-a9bd-09d1568c151f b06a8ef406b64a53b92cc7175f827a1d ee04220336ac416da3ce6298b8609a20 - - 37f3b442b15a4d2c802eb8f99e1e291c 37f3b442b15a4d2c802eb8f99e1e291c] 10.0.0.29 "DELETE /resource_providers/ab4df84a-acaa-40ce-a3fc-634324a23f13" status: 404 len: 246 microversion: 1.1 [pid: 8|app: 0|req: 379/760] 10.0.0.29 () {34 vars in 824 bytes} [Sat Jun 27 10:08:31 2026] DELETE /resource_providers/ab4df84a-acaa-40ce-a3fc-634324a23f13 => generated 246 bytes in 16 msecs (HTTP/1.1 404) 6 headers in 231 bytes (1 switches on core 0)
2026-06-27 10:08:33.104 8 INFO placement.requestlog [None req-e8621dc0-ad7d-40c8-b9c3-416516d7755b b06a8ef406b64a53b92cc7175f827a1d ee04220336ac416da3ce6298b8609a20 - - 37f3b442b15a4d2c802eb8f99e1e291c 37f3b442b15a4d2c802eb8f99e1e291c] 10.0.0.29 "GET /resource_providers/34944758-44c7-4eef-82a2-24d3faa88de7/aggregates" status: 404 len: 235 microversion: 1.1 [pid: 8|app: 0|req: 380/761] 10.0.0.29 () {32 vars in 824 bytes} [Sat Jun 27 10:08:33 2026] GET /resource_providers/34944758-44c7-4eef-82a2-24d3faa88de7/aggregates => generated 235 bytes in 13 msecs (HTTP/1.1 404) 5 headers in 202 bytes (1 switches on core 0)
2026-06-27 10:08:33.106 7 INFO placement.requestlog [None req-8555864d-14aa-4683-afbe-c3a6e46dec99 b06a8ef406b64a53b92cc7175f827a1d ee04220336ac416da3ce6298b8609a20 - - 37f3b442b15a4d2c802eb8f99e1e291c 37f3b442b15a4d2c802eb8f99e1e291c] 10.0.0.29 "GET /resource_providers/34944758-44c7-4eef-82a2-24d3faa88de7/aggregates" status: 404 len: 235 microversion: 1.1 [pid: 7|app: 0|req: 382/762] 10.0.0.29 () {32 vars in 824 bytes} [Sat Jun 27 10:08:33 2026] GET /resource_providers/34944758-44c7-4eef-82a2-24d3faa88de7/aggregates => generated 235 bytes in 16 msecs (HTTP/1.1 404) 5 headers in 202 bytes (1 switches on core 0)
2026-06-27 10:08:33.132 8 INFO placement.requestlog [None req-fba010d2-1db9-421e-b973-6da511ecdf45 b06a8ef406b64a53b92cc7175f827a1d ee04220336ac416da3ce6298b8609a20 - - 37f3b442b15a4d2c802eb8f99e1e291c 37f3b442b15a4d2c802eb8f99e1e291c] 10.0.0.29 "DELETE /resource_providers/34944758-44c7-4eef-82a2-24d3faa88de7" status: 404 len: 246 microversion: 1.1 [pid: 8|app: 0|req: 381/763] 10.0.0.29 () {34 vars in 824 bytes} [Sat Jun 27 10:08:33 2026] DELETE /resource_providers/34944758-44c7-4eef-82a2-24d3faa88de7 => generated 246 bytes in 11 msecs (HTTP/1.1 404) 6 headers in 231 bytes (1 switches on core 0)
2026-06-27 10:08:33.142 7 INFO placement.requestlog [None req-67da4d28-3200-400e-b839-53d40ee6d44e b06a8ef406b64a53b92cc7175f827a1d ee04220336ac416da3ce6298b8609a20 - - 37f3b442b15a4d2c802eb8f99e1e291c 37f3b442b15a4d2c802eb8f99e1e291c] 10.0.0.29 "DELETE /resource_providers/34944758-44c7-4eef-82a2-24d3faa88de7" status: 404 len: 246 microversion: 1.1 [pid: 7|app: 0|req: 383/764] 10.0.0.29 () {34 vars in 824 bytes} [Sat Jun 27 10:08:33 2026] DELETE /resource_providers/34944758-44c7-4eef-82a2-24d3faa88de7 => generated 246 bytes in 17 msecs (HTTP/1.1 404) 6 headers in 231 bytes (1 switches on core 0)
2026-06-27 10:08:33.851 8 INFO placement.requestlog [None req-d87f5e20-5ffc-4c33-a3b3-1809b55c5cca b06a8ef406b64a53b92cc7175f827a1d ee04220336ac416da3ce6298b8609a20 - - 37f3b442b15a4d2c802eb8f99e1e291c 37f3b442b15a4d2c802eb8f99e1e291c] 10.0.0.29 "GET /resource_providers/1bfb43db-a807-47b5-9504-92c1480013d5/aggregates" status: 404 len: 235 microversion: 1.1 [pid: 8|app: 0|req: 382/765] 10.0.0.29 () {32 vars in 824 bytes} [Sat Jun 27 10:08:33 2026] GET /resource_providers/1bfb43db-a807-47b5-9504-92c1480013d5/aggregates => generated 235 bytes in 14 msecs (HTTP/1.1 404) 5 headers in 202 bytes (1 switches on core 0)
2026-06-27 10:08:33.854 7 INFO placement.requestlog [None req-968cb2a3-dade-4bf2-8539-5d1629ba1027 b06a8ef406b64a53b92cc7175f827a1d ee04220336ac416da3ce6298b8609a20 - - 37f3b442b15a4d2c802eb8f99e1e291c 37f3b442b15a4d2c802eb8f99e1e291c] 10.0.0.29 "GET /resource_providers/1bfb43db-a807-47b5-9504-92c1480013d5/aggregates" status: 404 len: 235 microversion: 1.1 [pid: 7|app: 0|req: 384/766] 10.0.0.29 () {32 vars in 824 bytes} [Sat Jun 27 10:08:33 2026] GET /resource_providers/1bfb43db-a807-47b5-9504-92c1480013d5/aggregates => generated 235 bytes in 12 msecs (HTTP/1.1 404) 5 headers in 202 bytes (1 switches on core 0)
2026-06-27 10:08:33.872 8 INFO placement.requestlog [None req-3c5c053d-89c3-4848-89db-08649898a425 b06a8ef406b64a53b92cc7175f827a1d ee04220336ac416da3ce6298b8609a20 - - 37f3b442b15a4d2c802eb8f99e1e291c 37f3b442b15a4d2c802eb8f99e1e291c] 10.0.0.29 "DELETE /resource_providers/1bfb43db-a807-47b5-9504-92c1480013d5" status: 404 len: 246 microversion: 1.1 [pid: 8|app: 0|req: 383/767] 10.0.0.29 () {34 vars in 824 bytes} [Sat Jun 27 10:08:33 2026] DELETE /resource_providers/1bfb43db-a807-47b5-9504-92c1480013d5 => generated 246 bytes in 14 msecs (HTTP/1.1 404) 6 headers in 231 bytes (1 switches on core 0)
2026-06-27 10:08:33.881 7 INFO placement.requestlog [None req-04ebbff7-d4fc-433b-9a6f-fe4f2f723e27 b06a8ef406b64a53b92cc7175f827a1d ee04220336ac416da3ce6298b8609a20 - - 37f3b442b15a4d2c802eb8f99e1e291c 37f3b442b15a4d2c802eb8f99e1e291c] 10.0.0.29 "DELETE /resource_providers/1bfb43db-a807-47b5-9504-92c1480013d5" status: 404 len: 246 microversion: 1.1 [pid: 7|app: 0|req: 385/768] 10.0.0.29 () {34 vars in 824 bytes} [Sat Jun 27 10:08:33 2026] DELETE /resource_providers/1bfb43db-a807-47b5-9504-92c1480013d5 => generated 246 bytes in 18 msecs (HTTP/1.1 404) 6 headers in 231 bytes (1 switches on core 0)
2026-06-27 10:08:33.893 8 INFO placement.requestlog [None req-4d2f3fe1-aaca-4715-b9bc-2b4ed3093ec4 b06a8ef406b64a53b92cc7175f827a1d ee04220336ac416da3ce6298b8609a20 - - 37f3b442b15a4d2c802eb8f99e1e291c 37f3b442b15a4d2c802eb8f99e1e291c] 10.0.0.29 "GET /resource_providers/531210d0-d7b0-4c9c-b34e-f7a807a3b2fc/aggregates" status: 404 len: 235 microversion: 1.1 [pid: 8|app: 0|req: 384/769] 10.0.0.29 () {32 vars in 824 bytes} [Sat Jun 27 10:08:33 2026] GET /resource_providers/531210d0-d7b0-4c9c-b34e-f7a807a3b2fc/aggregates => generated 235 bytes in 13 msecs (HTTP/1.1 404) 5 headers in 202 bytes (1 switches on core 0)
2026-06-27 10:08:33.902 7 INFO placement.requestlog [None req-3a247e0c-d99b-42d1-91bf-d8647fc834f9 b06a8ef406b64a53b92cc7175f827a1d ee04220336ac416da3ce6298b8609a20 - - 37f3b442b15a4d2c802eb8f99e1e291c 37f3b442b15a4d2c802eb8f99e1e291c] 10.0.0.29 "GET /resource_providers/531210d0-d7b0-4c9c-b34e-f7a807a3b2fc/aggregates" status: 404 len: 235 microversion: 1.1 [pid: 7|app: 0|req: 386/770] 10.0.0.29 () {32 vars in 824 bytes} [Sat Jun 27 10:08:33 2026] GET /resource_providers/531210d0-d7b0-4c9c-b34e-f7a807a3b2fc/aggregates => generated 235 bytes in 14 msecs (HTTP/1.1 404) 5 headers in 202 bytes (1 switches on core 0)
2026-06-27 10:08:33.907 8 INFO placement.requestlog [None req-bfb8caa8-39ad-410f-a3b9-13564a5f0d34 b06a8ef406b64a53b92cc7175f827a1d ee04220336ac416da3ce6298b8609a20 - - 37f3b442b15a4d2c802eb8f99e1e291c 37f3b442b15a4d2c802eb8f99e1e291c] 10.0.0.29 "DELETE /resource_providers/531210d0-d7b0-4c9c-b34e-f7a807a3b2fc" status: 404 len: 246 microversion: 1.1 [pid: 8|app: 0|req: 385/771] 10.0.0.29 () {34 vars in 824 bytes} [Sat Jun 27 10:08:33 2026] DELETE /resource_providers/531210d0-d7b0-4c9c-b34e-f7a807a3b2fc => generated 246 bytes in 10 msecs (HTTP/1.1 404) 6 headers in 231 bytes (1 switches on core 0)
2026-06-27 10:08:33.914 7 INFO placement.requestlog [None req-d8e8db38-4923-43fe-ba06-91f73bbac368 b06a8ef406b64a53b92cc7175f827a1d ee04220336ac416da3ce6298b8609a20 - - 37f3b442b15a4d2c802eb8f99e1e291c 37f3b442b15a4d2c802eb8f99e1e291c] 10.0.0.29 "DELETE /resource_providers/531210d0-d7b0-4c9c-b34e-f7a807a3b2fc" status: 404 len: 246 microversion: 1.1 [pid: 7|app: 0|req: 387/772] 10.0.0.29 () {34 vars in 824 bytes} [Sat Jun 27 10:08:33 2026] DELETE /resource_providers/531210d0-d7b0-4c9c-b34e-f7a807a3b2fc => generated 246 bytes in 7 msecs (HTTP/1.1 404) 6 headers in 231 bytes (1 switches on core 0)
2026-06-27 10:08:33.922 8 INFO placement.requestlog [None req-c138625d-04cf-4d17-9da2-58ba49593f81 b06a8ef406b64a53b92cc7175f827a1d ee04220336ac416da3ce6298b8609a20 - - 37f3b442b15a4d2c802eb8f99e1e291c 37f3b442b15a4d2c802eb8f99e1e291c] 10.0.0.29 "GET /resource_providers/b61cdd45-b71f-4851-b4bf-40ed33d14f9b/aggregates" status: 404 len: 235 microversion: 1.1 [pid: 8|app: 0|req: 386/773] 10.0.0.29 () {32 vars in 824 bytes} [Sat Jun 27 10:08:33 2026] GET /resource_providers/b61cdd45-b71f-4851-b4bf-40ed33d14f9b/aggregates => generated 235 bytes in 10 msecs (HTTP/1.1 404) 5 headers in 202 bytes (1 switches on core 0)
2026-06-27 10:08:33.930 7 INFO placement.requestlog [None req-dffce1ab-f3bf-4bfc-b3e0-0a9fef44efb8 b06a8ef406b64a53b92cc7175f827a1d ee04220336ac416da3ce6298b8609a20 - - 37f3b442b15a4d2c802eb8f99e1e291c 37f3b442b15a4d2c802eb8f99e1e291c] 10.0.0.29 "GET /resource_providers/b61cdd45-b71f-4851-b4bf-40ed33d14f9b/aggregates" status: 404 len: 235 microversion: 1.1 [pid: 7|app: 0|req: 388/774] 10.0.0.29 () {32 vars in 824 bytes} [Sat Jun 27 10:08:33 2026] GET /resource_providers/b61cdd45-b71f-4851-b4bf-40ed33d14f9b/aggregates => generated 235 bytes in 10 msecs (HTTP/1.1 404) 5 headers in 202 bytes (1 switches on core 0)
2026-06-27 10:08:33.937 8 INFO placement.requestlog [None req-fd52e8f5-08a7-4faa-b63a-d7a0bdc9bd2e b06a8ef406b64a53b92cc7175f827a1d ee04220336ac416da3ce6298b8609a20 - - 37f3b442b15a4d2c802eb8f99e1e291c 37f3b442b15a4d2c802eb8f99e1e291c] 10.0.0.29 "DELETE /resource_providers/b61cdd45-b71f-4851-b4bf-40ed33d14f9b" status: 404 len: 246 microversion: 1.1 [pid: 8|app: 0|req: 387/775] 10.0.0.29 () {34 vars in 824 bytes} [Sat Jun 27 10:08:33 2026] DELETE /resource_providers/b61cdd45-b71f-4851-b4bf-40ed33d14f9b => generated 246 bytes in 10 msecs (HTTP/1.1 404) 6 headers in 231 bytes (1 switches on core 0)
2026-06-27 10:08:33.945 7 INFO placement.requestlog [None req-1bd62246-bc29-487f-8022-5cb80bb984bd b06a8ef406b64a53b92cc7175f827a1d ee04220336ac416da3ce6298b8609a20 - - 37f3b442b15a4d2c802eb8f99e1e291c 37f3b442b15a4d2c802eb8f99e1e291c] 10.0.0.29 "DELETE /resource_providers/b61cdd45-b71f-4851-b4bf-40ed33d14f9b" status: 404 len: 246 microversion: 1.1 [pid: 7|app: 0|req: 389/776] 10.0.0.29 () {34 vars in 824 bytes} [Sat Jun 27 10:08:33 2026] DELETE /resource_providers/b61cdd45-b71f-4851-b4bf-40ed33d14f9b => generated 246 bytes in 9 msecs (HTTP/1.1 404) 6 headers in 231 bytes (1 switches on core 0)
2026-06-27 10:08:33.953 8 INFO placement.requestlog [None req-15e91a2f-794f-4ef3-be96-6287b9efe49d b06a8ef406b64a53b92cc7175f827a1d ee04220336ac416da3ce6298b8609a20 - - 37f3b442b15a4d2c802eb8f99e1e291c 37f3b442b15a4d2c802eb8f99e1e291c] 10.0.0.29 "GET /resource_providers/02371dbd-1e70-4dca-b90f-3dd952b9a280/aggregates" status: 404 len: 235 microversion: 1.1 [pid: 8|app: 0|req: 388/777] 10.0.0.29 () {32 vars in 824 bytes} [Sat Jun 27 10:08:33 2026] GET /resource_providers/02371dbd-1e70-4dca-b90f-3dd952b9a280/aggregates => generated 235 bytes in 9 msecs (HTTP/1.1 404) 5 headers in 202 bytes (1 switches on core 0)
2026-06-27 10:08:33.963 7 INFO placement.requestlog [None req-ad74eea8-43aa-434c-9879-ac61b4b9a623 b06a8ef406b64a53b92cc7175f827a1d ee04220336ac416da3ce6298b8609a20 - - 37f3b442b15a4d2c802eb8f99e1e291c 37f3b442b15a4d2c802eb8f99e1e291c] 10.0.0.29 "GET /resource_providers/02371dbd-1e70-4dca-b90f-3dd952b9a280/aggregates" status: 404 len: 235 microversion: 1.1 [pid: 7|app: 0|req: 390/778] 10.0.0.29 () {32 vars in 824 bytes} [Sat Jun 27 10:08:33 2026] GET /resource_providers/02371dbd-1e70-4dca-b90f-3dd952b9a280/aggregates => generated 235 bytes in 11 msecs (HTTP/1.1 404) 5 headers in 202 bytes (1 switches on core 0)
2026-06-27 10:08:33.973 8 INFO placement.requestlog [None req-eac18308-c7ea-4bc0-928c-f5134f42ff21 b06a8ef406b64a53b92cc7175f827a1d ee04220336ac416da3ce6298b8609a20 - - 37f3b442b15a4d2c802eb8f99e1e291c 37f3b442b15a4d2c802eb8f99e1e291c] 10.0.0.29 "DELETE /resource_providers/02371dbd-1e70-4dca-b90f-3dd952b9a280" status: 404 len: 246 microversion: 1.1 [pid: 8|app: 0|req: 389/779] 10.0.0.29 () {34 vars in 824 bytes} [Sat Jun 27 10:08:33 2026] DELETE /resource_providers/02371dbd-1e70-4dca-b90f-3dd952b9a280 => generated 246 bytes in 14 msecs (HTTP/1.1 404) 6 headers in 231 bytes (1 switches on core 0)
