2026-06-27 10:10:52.874 10 INFO neutron.db.ovn_revision_numbers_db [None req-ceb97611-4d77-4b57-a390-6431211ff626 d7084b42becf4b599e8970dfec32f5a2 29cf855aa6fd4a9f9704eaa2a21cf674 - - default default] Successfully bumped revision number for resource 94f1fa6f-f3dd-4605-ab58-594f55410194 (type: security_group_rules) to 0
2026-06-27 10:10:52.922 10 INFO neutron.wsgi [None req-ceb97611-4d77-4b57-a390-6431211ff626 d7084b42becf4b599e8970dfec32f5a2 29cf855aa6fd4a9f9704eaa2a21cf674 - - default default] 10.0.0.56 "GET /v2.0/security-groups?tenant_id=3b3936e8210544f3950a054774c672df&name=default HTTP/1.1" status: 200 len: 2996 time: 0.4880216
2026-06-27 10:10:53.041 9 INFO neutron.notifiers.nova [-] Nova event matching ['req-1044962d-0f28-4373-87df-2d8766327108'] response: {'server_uuid': '2e0714d2-e80f-44f3-b411-4010acb5e0ed', 'name': 'network-vif-plugged', 'status': 'completed', 'tag': '84c55d63-3a20-4cd6-9a40-b586e11ffb6e', 'code': 200}
2026-06-27 10:10:53.118 10 INFO neutron.wsgi [None req-37f1543b-184a-4514-b0bf-8e65c55265ae d7084b42becf4b599e8970dfec32f5a2 29cf855aa6fd4a9f9704eaa2a21cf674 - - default default] 10.0.0.56 "DELETE /v2.0/security-groups/263aa082-1b2c-4a92-8408-cac67eea9902 HTTP/1.1" status: 204 len: 168 time: 0.1911840
2026-06-27 10:10:53.310 10 INFO neutron.wsgi [None req-0dcaf5f2-6750-49c0-bf0a-79b5eedf52f3 d7084b42becf4b599e8970dfec32f5a2 29cf855aa6fd4a9f9704eaa2a21cf674 - - default default] 10.0.0.56 "GET /v2.0/security-groups?tenant_id=f0d6ab3d15d341f68933e3d9c02f5111&name=default HTTP/1.1" status: 200 len: 2996 time: 0.0602648
2026-06-27 10:10:53.314 10 INFO neutron.wsgi [req-68b05302-c6b4-46b0-ab23-46e503442523 req-5117cc74-64f5-4d6e-be0d-64d9d7d77ec4 d7084b42becf4b599e8970dfec32f5a2 29cf855aa6fd4a9f9704eaa2a21cf674 - - default default] 10.0.0.87 "GET /v2.0/ports?device_id=2e0714d2-e80f-44f3-b411-4010acb5e0ed HTTP/1.1" status: 200 len: 1413 time: 0.0430861
2026-06-27 10:10:53.367 10 INFO neutron.wsgi [req-68b05302-c6b4-46b0-ab23-46e503442523 req-992c3421-05b2-45b6-88c7-60ebad3dbc21 d7084b42becf4b599e8970dfec32f5a2 29cf855aa6fd4a9f9704eaa2a21cf674 - - default default] 10.0.0.87 "GET /v2.0/security-groups?id=00eaa5d2-0835-4607-9992-164c6479f625&fields=id&fields=name HTTP/1.1" status: 200 len: 294 time: 0.0437977
2026-06-27 10:10:53.457 9 INFO neutron.db.ovn_revision_numbers_db [None req-8fd57efc-2394-4e48-820b-1c248e4a62ff 054764134d60429eac05459895b255c1 c58bfa1db24240bba300058a023e1b56 - - default default] Successfully bumped revision number for resource 80f09129-a544-4dc6-8ea5-3123f11dab4a (type: routers) to 2
2026-06-27 10:10:53.460 9 INFO neutron.wsgi [None req-8fd57efc-2394-4e48-820b-1c248e4a62ff 054764134d60429eac05459895b255c1 c58bfa1db24240bba300058a023e1b56 - - default default] 10.0.0.56 "PUT /v2.0/routers/80f09129-a544-4dc6-8ea5-3123f11dab4a HTTP/1.1" status: 200 len: 660 time: 0.7630157
2026-06-27 10:10:53.515 9 INFO neutron.wsgi [None req-7d7e4942-19ec-4815-8831-7ff5776f74a2 054764134d60429eac05459895b255c1 c58bfa1db24240bba300058a023e1b56 - - default default] 10.0.0.56 "GET /v2.0/ports?device_id=80f09129-a544-4dc6-8ea5-3123f11dab4a HTTP/1.1" status: 200 len: 205 time: 0.0375414
2026-06-27 10:10:53.519 9 INFO neutron.wsgi [req-bfd376e4-d444-4974-a810-e57190500a86 req-f3e5be17-8197-40dd-9631-23006bb5dc97 d7084b42becf4b599e8970dfec32f5a2 29cf855aa6fd4a9f9704eaa2a21cf674 - - default default] 10.0.0.87 "GET /v2.0/ports?device_id=2e0714d2-e80f-44f3-b411-4010acb5e0ed HTTP/1.1" status: 200 len: 1413 time: 0.0552695
2026-06-27 10:10:53.579 9 INFO neutron.db.ovn_revision_numbers_db [None req-52e93dfb-9160-4bd6-86b2-6619b950589b - - - - - -] Successfully bumped revision number for resource 84c55d63-3a20-4cd6-9a40-b586e11ffb6e (type: ports) to 4
2026-06-27 10:10:53.728 10 INFO neutron.wsgi [None req-a5490e40-2519-4bc7-9eb7-7c1725de7210 d7084b42becf4b599e8970dfec32f5a2 29cf855aa6fd4a9f9704eaa2a21cf674 - - default default] 10.0.0.56 "DELETE /v2.0/security-groups/0d94bb0d-7480-40b3-bd05-db9637408c89 HTTP/1.1" status: 204 len: 168 time: 0.4134753
2026-06-27 10:10:53.846 10 INFO neutron.wsgi [None req-2cd27b96-e004-4402-816a-e0b6d9c8d0c0 054764134d60429eac05459895b255c1 c58bfa1db24240bba300058a023e1b56 - - default default] 10.0.0.56 "DELETE /v2.0/routers/80f09129-a544-4dc6-8ea5-3123f11dab4a HTTP/1.1" status: 204 len: 168 time: 0.3148379
2026-06-27 10:10:53.900 10 INFO neutron.wsgi [None req-e78fe1b4-49b1-4ade-8826-b0f4f62455bc 054764134d60429eac05459895b255c1 c58bfa1db24240bba300058a023e1b56 - - default default] 10.0.0.56 "GET /v2.0/routers/7b4661e9-4c6c-4e9c-8ecb-d6b3f895ef6e HTTP/1.1" status: 200 len: 668 time: 0.0485132
2026-06-27 10:10:54.362 10 INFO neutron.db.ovn_revision_numbers_db [None req-a55d1251-85d3-4bec-9fb8-5f032b3eca3f 054764134d60429eac05459895b255c1 c58bfa1db24240bba300058a023e1b56 - - default default] Successfully bumped revision number for resource 7b4661e9-4c6c-4e9c-8ecb-d6b3f895ef6e (type: routers) to 2
2026-06-27 10:10:54.367 10 INFO neutron.wsgi [None req-a55d1251-85d3-4bec-9fb8-5f032b3eca3f 054764134d60429eac05459895b255c1 c58bfa1db24240bba300058a023e1b56 - - default default] 10.0.0.56 "PUT /v2.0/routers/7b4661e9-4c6c-4e9c-8ecb-d6b3f895ef6e HTTP/1.1" status: 200 len: 668 time: 0.4602592
2026-06-27 10:10:54.407 10 INFO neutron.wsgi [None req-a1f04117-b5dd-4ec9-b64e-eff9689ecbc2 054764134d60429eac05459895b255c1 c58bfa1db24240bba300058a023e1b56 - - default default] 10.0.0.56 "GET /v2.0/ports?device_id=7b4661e9-4c6c-4e9c-8ecb-d6b3f895ef6e HTTP/1.1" status: 200 len: 205 time: 0.0344701
2026-06-27 10:10:54.674 10 INFO neutron.wsgi [None req-3bf48184-2e14-45b3-8c04-b39b90ed0172 054764134d60429eac05459895b255c1 c58bfa1db24240bba300058a023e1b56 - - default default] 10.0.0.56 "DELETE /v2.0/routers/7b4661e9-4c6c-4e9c-8ecb-d6b3f895ef6e HTTP/1.1" status: 204 len: 168 time: 0.2608190
2026-06-27 10:10:54.720 10 INFO neutron.wsgi [None req-029443dd-7094-40a1-9dc2-07e1bad846b5 054764134d60429eac05459895b255c1 c58bfa1db24240bba300058a023e1b56 - - default default] 10.0.0.56 "GET /v2.0/routers/8ca5c128-ef9e-4d83-8439-f60c86ce139d HTTP/1.1" status: 200 len: 677 time: 0.0400879
2026-06-27 10:10:55.083 9 INFO neutron.notifiers.nova [-] Nova event matching ['req-b74d5dc3-654d-48c1-a4f0-78d28b9940f4'] response: {'server_uuid': '2e0714d2-e80f-44f3-b411-4010acb5e0ed', 'name': 'network-vif-plugged', 'status': 'completed', 'tag': '84c55d63-3a20-4cd6-9a40-b586e11ffb6e', 'code': 200}
2026-06-27 10:10:55.221 10 INFO neutron.db.ovn_revision_numbers_db [None req-ce756319-4c16-4e11-9968-ff17e6f45e5c 054764134d60429eac05459895b255c1 c58bfa1db24240bba300058a023e1b56 - - default default] Successfully bumped revision number for resource 8ca5c128-ef9e-4d83-8439-f60c86ce139d (type: routers) to 2
2026-06-27 10:10:55.225 10 INFO neutron.wsgi [None req-ce756319-4c16-4e11-9968-ff17e6f45e5c 054764134d60429eac05459895b255c1 c58bfa1db24240bba300058a023e1b56 - - default default] 10.0.0.56 "PUT /v2.0/routers/8ca5c128-ef9e-4d83-8439-f60c86ce139d HTTP/1.1" status: 200 len: 677 time: 0.4981143
2026-06-27 10:10:55.245 10 INFO neutron.wsgi [None req-affca1f3-b2fa-4efc-8c28-6bc720812014 054764134d60429eac05459895b255c1 c58bfa1db24240bba300058a023e1b56 - - default default] 10.0.0.56 "GET /v2.0/ports?device_id=8ca5c128-ef9e-4d83-8439-f60c86ce139d HTTP/1.1" status: 200 len: 205 time: 0.0162187 /var/lib/openstack/lib/python3.10/site-packages/pycadf/identifier.py:71: UserWarning: Invalid uuid: neutron. To ensure interoperability, identifiers should be a valid uuid. warnings.warn(('Invalid uuid: %s. To ensure interoperability, '
2026-06-27 10:10:55.750 10 INFO neutron.wsgi [None req-795854bc-7cc8-4c7a-8b58-95493e665096 054764134d60429eac05459895b255c1 c58bfa1db24240bba300058a023e1b56 - - default default] 10.0.0.56 "DELETE /v2.0/routers/8ca5c128-ef9e-4d83-8439-f60c86ce139d HTTP/1.1" status: 204 len: 168 time: 0.5004034
2026-06-27 10:10:55.776 10 INFO neutron.wsgi [req-bafbd33a-d819-4d6c-af70-f5447b15c802 req-9c156752-f84b-4b65-bd4b-fc8ebde9b921 d7084b42becf4b599e8970dfec32f5a2 29cf855aa6fd4a9f9704eaa2a21cf674 - - default default] 10.0.0.87 "GET /v2.0/ports?device_id=2e0714d2-e80f-44f3-b411-4010acb5e0ed HTTP/1.1" status: 200 len: 1413 time: 0.0371797
2026-06-27 10:10:55.811 9 INFO neutron.wsgi [None req-7c4c7652-15d8-4a79-bfa5-9bbfdecbddb1 054764134d60429eac05459895b255c1 c58bfa1db24240bba300058a023e1b56 - - default default] 10.0.0.56 "GET /v2.0/routers/7698b477-16ff-4876-943f-c69ab787d736 HTTP/1.1" status: 200 len: 662 time: 0.0529461
2026-06-27 10:10:55.826 10 INFO neutron.wsgi [req-bafbd33a-d819-4d6c-af70-f5447b15c802 req-5d72bfab-e19e-430d-81be-620ab4aacbe6 d7084b42becf4b599e8970dfec32f5a2 29cf855aa6fd4a9f9704eaa2a21cf674 - - default default] 10.0.0.87 "GET /v2.0/security-groups?id=00eaa5d2-0835-4607-9992-164c6479f625&fields=id&fields=name HTTP/1.1" status: 200 len: 294 time: 0.0416651
2026-06-27 10:10:55.879 9 INFO neutron.db.ovn_revision_numbers_db [None req-4fe3bbbc-dc31-4f10-b6f6-77d04c1ce800 d7084b42becf4b599e8970dfec32f5a2 29cf855aa6fd4a9f9704eaa2a21cf674 - - default default] Successfully bumped revision number for resource 6c4cf847-d8d6-4b17-8204-9dd12626eb90 (type: security_groups) to 1
2026-06-27 10:10:55.931 9 INFO neutron.db.ovn_revision_numbers_db [None req-4fe3bbbc-dc31-4f10-b6f6-77d04c1ce800 d7084b42becf4b599e8970dfec32f5a2 29cf855aa6fd4a9f9704eaa2a21cf674 - - default default] Successfully bumped revision number for resource 3078bb72-0565-49fd-abbd-e4a8beb5e012 (type: security_group_rules) to 0
2026-06-27 10:10:55.951 9 INFO neutron.wsgi [req-8f2a36da-ff6e-46a4-a770-e49af08a0d6a req-f6958d25-fad4-4cf0-958a-6969206fbc90 d7084b42becf4b599e8970dfec32f5a2 29cf855aa6fd4a9f9704eaa2a21cf674 - - default default] 10.0.0.87 "GET /v2.0/ports?device_id=2e0714d2-e80f-44f3-b411-4010acb5e0ed HTTP/1.1" status: 200 len: 1413 time: 0.0554078
2026-06-27 10:10:55.968 9 INFO neutron.db.ovn_revision_numbers_db [None req-4fe3bbbc-dc31-4f10-b6f6-77d04c1ce800 d7084b42becf4b599e8970dfec32f5a2 29cf855aa6fd4a9f9704eaa2a21cf674 - - default default] Successfully bumped revision number for resource 6bdbbb5d-f8e3-4c2e-a567-fd795b6a2ddf (type: security_group_rules) to 0
2026-06-27 10:10:56.006 9 INFO neutron.db.ovn_revision_numbers_db [None req-4fe3bbbc-dc31-4f10-b6f6-77d04c1ce800 d7084b42becf4b599e8970dfec32f5a2 29cf855aa6fd4a9f9704eaa2a21cf674 - - default default] Successfully bumped revision number for resource 7a38ba4b-a798-4f28-9652-b3a4d1985457 (type: security_group_rules) to 0
2026-06-27 10:10:56.038 9 INFO neutron.db.ovn_revision_numbers_db [None req-4fe3bbbc-dc31-4f10-b6f6-77d04c1ce800 d7084b42becf4b599e8970dfec32f5a2 29cf855aa6fd4a9f9704eaa2a21cf674 - - default default] Successfully bumped revision number for resource b5fe7a09-c8a4-458a-9619-74ff5457d76c (type: security_group_rules) to 0
2026-06-27 10:10:56.097 9 INFO neutron.db.segments_db [None req-4fe3bbbc-dc31-4f10-b6f6-77d04c1ce800 d7084b42becf4b599e8970dfec32f5a2 29cf855aa6fd4a9f9704eaa2a21cf674 - - default default] Added segment 91e5b970-27bf-4d91-8071-1b9cc60e1d07 of type geneve for network 3abad73f-589e-4ae0-ab40-df5f52e9335a
2026-06-27 10:10:56.302 9 INFO neutron.db.ovn_revision_numbers_db [None req-fa9fb67d-c80b-458f-b6a3-95af748f84f7 054764134d60429eac05459895b255c1 c58bfa1db24240bba300058a023e1b56 - - default default] Successfully bumped revision number for resource 7698b477-16ff-4876-943f-c69ab787d736 (type: routers) to 2
2026-06-27 10:10:56.304 9 INFO neutron.wsgi [None req-fa9fb67d-c80b-458f-b6a3-95af748f84f7 054764134d60429eac05459895b255c1 c58bfa1db24240bba300058a023e1b56 - - default default] 10.0.0.56 "PUT /v2.0/routers/7698b477-16ff-4876-943f-c69ab787d736 HTTP/1.1" status: 200 len: 662 time: 0.4872394
2026-06-27 10:10:56.305 9 INFO neutron.db.ovn_revision_numbers_db [None req-4fe3bbbc-dc31-4f10-b6f6-77d04c1ce800 d7084b42becf4b599e8970dfec32f5a2 29cf855aa6fd4a9f9704eaa2a21cf674 - - default default] Successfully bumped revision number for resource 3abad73f-589e-4ae0-ab40-df5f52e9335a (type: networks) to 1
2026-06-27 10:10:56.338 10 INFO neutron.wsgi [None req-b2990e4d-6758-4090-af65-8fa538078117 054764134d60429eac05459895b255c1 c58bfa1db24240bba300058a023e1b56 - - default default] 10.0.0.56 "GET /v2.0/ports?device_id=7698b477-16ff-4876-943f-c69ab787d736 HTTP/1.1" status: 200 len: 205 time: 0.0264304
2026-06-27 10:10:56.513 9 WARNING neutron.scheduler.dhcp_agent_scheduler [None req-4fe3bbbc-dc31-4f10-b6f6-77d04c1ce800 d7084b42becf4b599e8970dfec32f5a2 29cf855aa6fd4a9f9704eaa2a21cf674 - - default default] No more DHCP agents
2026-06-27 10:10:56.515 9 WARNING neutron.api.rpc.agentnotifiers.dhcp_rpc_agent_api [None req-4fe3bbbc-dc31-4f10-b6f6-77d04c1ce800 d7084b42becf4b599e8970dfec32f5a2 29cf855aa6fd4a9f9704eaa2a21cf674 - - default default] Unable to schedule network 3abad73f-589e-4ae0-ab40-df5f52e9335a: no agents available; will retry on subsequent port and subnet creation events.
2026-06-27 10:10:56.595 9 INFO neutron.db.ovn_revision_numbers_db [None req-4fe3bbbc-dc31-4f10-b6f6-77d04c1ce800 d7084b42becf4b599e8970dfec32f5a2 29cf855aa6fd4a9f9704eaa2a21cf674 - - default default] Successfully bumped revision number for resource 4f99bbe0-f35f-4dd3-a7d0-e3a8768a61f4 (type: ports) to 1
2026-06-27 10:10:56.596 10 INFO neutron.wsgi [None req-8e925bbf-fdb7-4a1c-b5c9-33f39de4438d 054764134d60429eac05459895b255c1 c58bfa1db24240bba300058a023e1b56 - - default default] 10.0.0.56 "DELETE /v2.0/routers/7698b477-16ff-4876-943f-c69ab787d736 HTTP/1.1" status: 204 len: 168 time: 0.2450669
2026-06-27 10:10:56.617 9 INFO neutron.wsgi [None req-4fe3bbbc-dc31-4f10-b6f6-77d04c1ce800 d7084b42becf4b599e8970dfec32f5a2 29cf855aa6fd4a9f9704eaa2a21cf674 - - default default] 10.0.0.56 "POST /v2.0/networks HTTP/1.1" status: 201 len: 942 time: 1.0697324
2026-06-27 10:10:56.648 10 INFO neutron.wsgi [None req-8bab1b6a-b3ff-4548-9c81-3368d9d118ac 054764134d60429eac05459895b255c1 c58bfa1db24240bba300058a023e1b56 - - default default] 10.0.0.56 "GET /v2.0/routers/cb6efce1-b831-40f2-8678-25d23b84f819 HTTP/1.1" status: 200 len: 655 time: 0.0462506
2026-06-27 10:10:56.891 9 WARNING neutron.scheduler.dhcp_agent_scheduler [None req-eef035fb-06fe-44cc-8e85-cbcb97e918cc d7084b42becf4b599e8970dfec32f5a2 29cf855aa6fd4a9f9704eaa2a21cf674 - - default default] No more DHCP agents
2026-06-27 10:10:56.896 9 WARNING neutron.api.rpc.agentnotifiers.dhcp_rpc_agent_api [None req-eef035fb-06fe-44cc-8e85-cbcb97e918cc d7084b42becf4b599e8970dfec32f5a2 29cf855aa6fd4a9f9704eaa2a21cf674 - - default default] Unable to schedule network 3abad73f-589e-4ae0-ab40-df5f52e9335a: no agents available; will retry on subsequent port and subnet creation events.
2026-06-27 10:10:57.275 9 INFO neutron.wsgi [None req-dbab5e60-554a-4e43-b090-d4b680979eb8 054764134d60429eac05459895b255c1 c58bfa1db24240bba300058a023e1b56 - - default default] 10.0.0.56 "PUT /v2.0/routers/cb6efce1-b831-40f2-8678-25d23b84f819 HTTP/1.1" status: 200 len: 655 time: 0.6210761
2026-06-27 10:10:57.299 9 INFO neutron.wsgi [None req-59cc2272-54c8-42e7-8f6e-5781c68c1748 054764134d60429eac05459895b255c1 c58bfa1db24240bba300058a023e1b56 - - default default] 10.0.0.56 "GET /v2.0/ports?device_id=cb6efce1-b831-40f2-8678-25d23b84f819 HTTP/1.1" status: 200 len: 205 time: 0.0184090
2026-06-27 10:10:57.540 10 INFO neutron.wsgi [None req-6905951d-4648-4cc1-8557-be226f0fcc13 054764134d60429eac05459895b255c1 c58bfa1db24240bba300058a023e1b56 - - default default] 10.0.0.56 "DELETE /v2.0/routers/cb6efce1-b831-40f2-8678-25d23b84f819 HTTP/1.1" status: 204 len: 168 time: 0.2334545
2026-06-27 10:10:57.675 9 INFO neutron.db.ovn_revision_numbers_db [None req-eef035fb-06fe-44cc-8e85-cbcb97e918cc d7084b42becf4b599e8970dfec32f5a2 29cf855aa6fd4a9f9704eaa2a21cf674 - - default default] Successfully bumped revision number for resource 4f99bbe0-f35f-4dd3-a7d0-e3a8768a61f4 (type: ports) to 2
2026-06-27 10:10:57.715 9 INFO neutron.db.ovn_revision_numbers_db [None req-eef035fb-06fe-44cc-8e85-cbcb97e918cc d7084b42becf4b599e8970dfec32f5a2 29cf855aa6fd4a9f9704eaa2a21cf674 - - default default] Successfully bumped revision number for resource 39611e6a-0477-4154-9757-b96bca225436 (type: subnets) to 0
2026-06-27 10:10:57.729 9 INFO neutron.wsgi [None req-eef035fb-06fe-44cc-8e85-cbcb97e918cc d7084b42becf4b599e8970dfec32f5a2 29cf855aa6fd4a9f9704eaa2a21cf674 - - default default] 10.0.0.56 "POST /v2.0/subnets HTTP/1.1" status: 201 len: 863 time: 1.1067567
2026-06-27 10:10:58.231 9 WARNING neutron.scheduler.dhcp_agent_scheduler [None req-bd294138-a960-4bbd-a2c2-7dcc1723f3c8 d7084b42becf4b599e8970dfec32f5a2 29cf855aa6fd4a9f9704eaa2a21cf674 - - default default] No more DHCP agents
2026-06-27 10:10:58.233 9 WARNING neutron.api.rpc.agentnotifiers.dhcp_rpc_agent_api [None req-bd294138-a960-4bbd-a2c2-7dcc1723f3c8 d7084b42becf4b599e8970dfec32f5a2 29cf855aa6fd4a9f9704eaa2a21cf674 - - default default] Unable to schedule network 1ddad0f5-ab54-474a-af7f-1e97fdf84420: no agents available; will retry on subsequent port and subnet creation events.
2026-06-27 10:10:58.407 9 INFO neutron.db.ovn_revision_numbers_db [None req-bd294138-a960-4bbd-a2c2-7dcc1723f3c8 d7084b42becf4b599e8970dfec32f5a2 29cf855aa6fd4a9f9704eaa2a21cf674 - - default default] Successfully bumped revision number for resource 487ccf92-7533-4e1e-b980-d90afef156a9 (type: ports) to 1
2026-06-27 10:10:58.673 10 INFO neutron.db.ovn_revision_numbers_db [None req-1420a1c5-0e5c-4dba-a623-66fbfa95fdec d7084b42becf4b599e8970dfec32f5a2 29cf855aa6fd4a9f9704eaa2a21cf674 - - default default] Successfully bumped revision number for resource d3b70a62-36da-408c-8787-f0479d320071 (type: security_groups) to 1
2026-06-27 10:10:58.692 10 INFO neutron.db.ovn_revision_numbers_db [None req-1420a1c5-0e5c-4dba-a623-66fbfa95fdec d7084b42becf4b599e8970dfec32f5a2 29cf855aa6fd4a9f9704eaa2a21cf674 - - default default] Successfully bumped revision number for resource 1d26a9d0-15d9-45c6-ad22-fdd2e6fd1897 (type: security_group_rules) to 0
2026-06-27 10:10:58.711 10 INFO neutron.db.ovn_revision_numbers_db [None req-1420a1c5-0e5c-4dba-a623-66fbfa95fdec d7084b42becf4b599e8970dfec32f5a2 29cf855aa6fd4a9f9704eaa2a21cf674 - - default default] Successfully bumped revision number for resource 3d07897e-065d-487a-b5f9-74a34a6a4f18 (type: security_group_rules) to 0
2026-06-27 10:10:58.729 10 INFO neutron.db.ovn_revision_numbers_db [None req-1420a1c5-0e5c-4dba-a623-66fbfa95fdec d7084b42becf4b599e8970dfec32f5a2 29cf855aa6fd4a9f9704eaa2a21cf674 - - default default] Successfully bumped revision number for resource 52835789-d847-4964-a53d-41d9217d8a68 (type: security_group_rules) to 0
2026-06-27 10:10:58.746 10 INFO neutron.db.ovn_revision_numbers_db [None req-1420a1c5-0e5c-4dba-a623-66fbfa95fdec d7084b42becf4b599e8970dfec32f5a2 29cf855aa6fd4a9f9704eaa2a21cf674 - - default default] Successfully bumped revision number for resource b93e2c44-5baf-4aad-bd61-f6d58426239d (type: security_group_rules) to 0
2026-06-27 10:10:58.774 10 INFO neutron.wsgi [None req-1420a1c5-0e5c-4dba-a623-66fbfa95fdec d7084b42becf4b599e8970dfec32f5a2 29cf855aa6fd4a9f9704eaa2a21cf674 - - default default] 10.0.0.56 "GET /v2.0/security-groups?tenant_id=6e863c1ac8a247c2a2920afcc1bf5b0d&name=default HTTP/1.1" status: 200 len: 2996 time: 0.3876395
2026-06-27 10:10:58.897 10 INFO neutron.wsgi [-] 10.0.0.214 "GET / HTTP/1.1" status: 200 len: 246 time: 0.0026293
2026-06-27 10:10:58.900 10 INFO neutron.wsgi [-] 10.0.0.214 "GET / HTTP/1.1" status: 200 len: 246 time: 0.0013745
2026-06-27 10:10:59.035 10 INFO neutron.wsgi [None req-7cdd4441-8208-4485-abb3-c779e2a36c4e d7084b42becf4b599e8970dfec32f5a2 29cf855aa6fd4a9f9704eaa2a21cf674 - - default default] 10.0.0.56 "DELETE /v2.0/security-groups/d3b70a62-36da-408c-8787-f0479d320071 HTTP/1.1" status: 204 len: 168 time: 0.2546954
2026-06-27 10:10:59.082 9 INFO neutron.plugins.ml2.drivers.ovn.mech_driver.mech_driver [None req-52e93dfb-9160-4bd6-86b2-6619b950589b - - - - - -] OVN reports status up for port: 487ccf92-7533-4e1e-b980-d90afef156a9
2026-06-27 10:10:59.102 9 INFO neutron.plugins.ml2.plugin [None req-52e93dfb-9160-4bd6-86b2-6619b950589b - - - - - -] Attempt 1 to provision port 487ccf92-7533-4e1e-b980-d90afef156a9
2026-06-27 10:10:59.107 10 INFO neutron.plugins.ml2.drivers.ovn.mech_driver.ovsdb.ovsdb_monitor [None req-ba9670fc-3c1b-4778-9ada-fe3de6736427 - - - - - -] Router a05e5537-a934-49f5-80fd-62c7bd96f51a is bound to host instance
2026-06-27 10:10:59.127 9 INFO neutron.db.ovn_revision_numbers_db [None req-bd294138-a960-4bbd-a2c2-7dcc1723f3c8 d7084b42becf4b599e8970dfec32f5a2 29cf855aa6fd4a9f9704eaa2a21cf674 - - default default] Successfully bumped revision number for resource 487ccf92-7533-4e1e-b980-d90afef156a9 (type: router_ports) to 1
2026-06-27 10:10:59.206 9 INFO neutron.db.ovn_revision_numbers_db [None req-bd294138-a960-4bbd-a2c2-7dcc1723f3c8 d7084b42becf4b599e8970dfec32f5a2 29cf855aa6fd4a9f9704eaa2a21cf674 - - default default] Successfully bumped revision number for resource a05e5537-a934-49f5-80fd-62c7bd96f51a (type: routers) to 2
2026-06-27 10:10:59.219 9 INFO neutron.wsgi [None req-bd294138-a960-4bbd-a2c2-7dcc1723f3c8 d7084b42becf4b599e8970dfec32f5a2 29cf855aa6fd4a9f9704eaa2a21cf674 - - default default] 10.0.0.56 "POST /v2.0/routers HTTP/1.1" status: 201 len: 874 time: 1.4835937
2026-06-27 10:10:59.411 10 INFO neutron.db.ovn_revision_numbers_db [None req-9c79d2a0-75f5-4a87-ae5e-0028b5c417c9 d7084b42becf4b599e8970dfec32f5a2 29cf855aa6fd4a9f9704eaa2a21cf674 - - default default] Successfully bumped revision number for resource effee71e-12a0-465b-84b2-46066d9563c7 (type: security_groups) to 1
2026-06-27 10:10:59.447 10 INFO neutron.db.ovn_revision_numbers_db [None req-9c79d2a0-75f5-4a87-ae5e-0028b5c417c9 d7084b42becf4b599e8970dfec32f5a2 29cf855aa6fd4a9f9704eaa2a21cf674 - - default default] Successfully bumped revision number for resource 0253efeb-061d-4ffd-8b14-25e55564296d (type: security_group_rules) to 0
2026-06-27 10:10:59.476 10 INFO neutron.db.ovn_revision_numbers_db [None req-9c79d2a0-75f5-4a87-ae5e-0028b5c417c9 d7084b42becf4b599e8970dfec32f5a2 29cf855aa6fd4a9f9704eaa2a21cf674 - - default default] Successfully bumped revision number for resource 657a2447-6140-4b3b-b6f1-b64d1ec597d7 (type: security_group_rules) to 0
2026-06-27 10:10:59.512 10 INFO neutron.db.ovn_revision_numbers_db [None req-9c79d2a0-75f5-4a87-ae5e-0028b5c417c9 d7084b42becf4b599e8970dfec32f5a2 29cf855aa6fd4a9f9704eaa2a21cf674 - - default default] Successfully bumped revision number for resource a6b478e8-b055-4b8d-b954-09a45d31f5f2 (type: security_group_rules) to 0
2026-06-27 10:10:59.543 10 INFO neutron.db.ovn_revision_numbers_db [None req-9c79d2a0-75f5-4a87-ae5e-0028b5c417c9 d7084b42becf4b599e8970dfec32f5a2 29cf855aa6fd4a9f9704eaa2a21cf674 - - default default] Successfully bumped revision number for resource ca759563-e24f-4d83-9969-0daa5129f59b (type: security_group_rules) to 0
2026-06-27 10:10:59.581 10 INFO neutron.wsgi [None req-9c79d2a0-75f5-4a87-ae5e-0028b5c417c9 d7084b42becf4b599e8970dfec32f5a2 29cf855aa6fd4a9f9704eaa2a21cf674 - - default default] 10.0.0.56 "GET /v2.0/security-groups?tenant_id=c58bfa1db24240bba300058a023e1b56&name=default HTTP/1.1" status: 200 len: 2996 time: 0.4069891
2026-06-27 10:10:59.884 10 INFO neutron.wsgi [None req-4ef1327e-b1d1-4312-abe7-fa4d1c361ab2 d7084b42becf4b599e8970dfec32f5a2 29cf855aa6fd4a9f9704eaa2a21cf674 - - default default] 10.0.0.56 "DELETE /v2.0/security-groups/effee71e-12a0-465b-84b2-46066d9563c7 HTTP/1.1" status: 204 len: 168 time: 0.2974846
2026-06-27 10:10:59.899 10 INFO neutron.db.ovn_revision_numbers_db [None req-ba9670fc-3c1b-4778-9ada-fe3de6736427 - - - - - -] Successfully bumped revision number for resource 487ccf92-7533-4e1e-b980-d90afef156a9 (type: ports) to 1
2026-06-27 10:10:59.927 9 WARNING neutron.scheduler.dhcp_agent_scheduler [None req-0c208a84-344e-4f54-b982-469329e562a4 d7084b42becf4b599e8970dfec32f5a2 29cf855aa6fd4a9f9704eaa2a21cf674 - - default default] No more DHCP agents
2026-06-27 10:10:59.930 9 WARNING neutron.api.rpc.agentnotifiers.dhcp_rpc_agent_api [None req-0c208a84-344e-4f54-b982-469329e562a4 d7084b42becf4b599e8970dfec32f5a2 29cf855aa6fd4a9f9704eaa2a21cf674 - - default default] Unable to schedule network 3abad73f-589e-4ae0-ab40-df5f52e9335a: no agents available; will retry on subsequent port and subnet creation events.
2026-06-27 10:11:00.151 9 INFO neutron.db.ovn_revision_numbers_db [None req-0c208a84-344e-4f54-b982-469329e562a4 d7084b42becf4b599e8970dfec32f5a2 29cf855aa6fd4a9f9704eaa2a21cf674 - - default default] Successfully bumped revision number for resource 05df3d20-0d24-407b-8260-7e5fa695eafe (type: ports) to 1
2026-06-27 10:11:00.209 10 INFO neutron.db.ovn_revision_numbers_db [None req-ba9670fc-3c1b-4778-9ada-fe3de6736427 - - - - - -] Successfully bumped revision number for resource 487ccf92-7533-4e1e-b980-d90afef156a9 (type: router_ports) to 3
2026-06-27 10:11:00.308 9 INFO neutron.db.ovn_revision_numbers_db [None req-6fb18edb-ae62-4c09-bfd6-a5bc32496679 d7084b42becf4b599e8970dfec32f5a2 29cf855aa6fd4a9f9704eaa2a21cf674 - - default default] Successfully bumped revision number for resource e4a72901-667b-436f-9f45-669ae031e039 (type: security_groups) to 1
2026-06-27 10:11:00.324 9 INFO neutron.db.ovn_revision_numbers_db [None req-6fb18edb-ae62-4c09-bfd6-a5bc32496679 d7084b42becf4b599e8970dfec32f5a2 29cf855aa6fd4a9f9704eaa2a21cf674 - - default default] Successfully bumped revision number for resource 4135c294-4b6a-4fa6-8d26-d2b41b05cd4f (type: security_group_rules) to 0
2026-06-27 10:11:00.340 9 INFO neutron.db.ovn_revision_numbers_db [None req-6fb18edb-ae62-4c09-bfd6-a5bc32496679 d7084b42becf4b599e8970dfec32f5a2 29cf855aa6fd4a9f9704eaa2a21cf674 - - default default] Successfully bumped revision number for resource 5598140d-5f1a-4f18-8cdb-d0c92b52d13a (type: security_group_rules) to 0
2026-06-27 10:11:00.378 9 INFO neutron.db.ovn_revision_numbers_db [None req-6fb18edb-ae62-4c09-bfd6-a5bc32496679 d7084b42becf4b599e8970dfec32f5a2 29cf855aa6fd4a9f9704eaa2a21cf674 - - default default] Successfully bumped revision number for resource a9a778f3-07a3-4b4a-aef7-09693a5481b8 (type: security_group_rules) to 0
2026-06-27 10:11:00.388 10 INFO neutron.db.ovn_revision_numbers_db [None req-ba9670fc-3c1b-4778-9ada-fe3de6736427 - - - - - -] Successfully bumped revision number for resource 487ccf92-7533-4e1e-b980-d90afef156a9 (type: ports) to 2
2026-06-27 10:11:00.408 9 INFO neutron.db.ovn_revision_numbers_db [None req-6fb18edb-ae62-4c09-bfd6-a5bc32496679 d7084b42becf4b599e8970dfec32f5a2 29cf855aa6fd4a9f9704eaa2a21cf674 - - default default] Successfully bumped revision number for resource d9b80aee-d32d-48a6-9237-ca760365dc1c (type: security_group_rules) to 0
2026-06-27 10:11:00.446 9 INFO neutron.wsgi [None req-6fb18edb-ae62-4c09-bfd6-a5bc32496679 d7084b42becf4b599e8970dfec32f5a2 29cf855aa6fd4a9f9704eaa2a21cf674 - - default default] 10.0.0.56 "GET /v2.0/security-groups?tenant_id=caa0bad849494a80a7bbdeaa4328c8a5&name=default HTTP/1.1" status: 200 len: 2996 time: 0.3802221
2026-06-27 10:11:00.712 10 INFO neutron.db.ovn_revision_numbers_db [None req-ba9670fc-3c1b-4778-9ada-fe3de6736427 - - - - - -] Successfully bumped revision number for resource 487ccf92-7533-4e1e-b980-d90afef156a9 (type: ports) to 4
2026-06-27 10:11:00.823 9 INFO neutron.wsgi [None req-e18c29a0-899a-4b5a-8740-4785657cb7f1 d7084b42becf4b599e8970dfec32f5a2 29cf855aa6fd4a9f9704eaa2a21cf674 - - default default] 10.0.0.56 "DELETE /v2.0/security-groups/e4a72901-667b-436f-9f45-669ae031e039 HTTP/1.1" status: 204 len: 168 time: 0.3648846
2026-06-27 10:11:00.828 10 INFO neutron.plugins.ml2.drivers.ovn.mech_driver.mech_driver [None req-eee4468b-8da6-4f02-957f-82083b5051aa - - - - - -] OVN reports status up for port: 05df3d20-0d24-407b-8260-7e5fa695eafe
2026-06-27 10:11:00.850 10 INFO neutron.plugins.ml2.plugin [None req-eee4468b-8da6-4f02-957f-82083b5051aa - - - - - -] Attempt 1 to provision port 05df3d20-0d24-407b-8260-7e5fa695eafe
2026-06-27 10:11:00.859 9 INFO neutron.db.ovn_revision_numbers_db [None req-0c208a84-344e-4f54-b982-469329e562a4 d7084b42becf4b599e8970dfec32f5a2 29cf855aa6fd4a9f9704eaa2a21cf674 - - default default] Successfully bumped revision number for resource 05df3d20-0d24-407b-8260-7e5fa695eafe (type: router_ports) to 1
2026-06-27 10:11:01.074 9 INFO neutron.db.ovn_revision_numbers_db [None req-0c208a84-344e-4f54-b982-469329e562a4 d7084b42becf4b599e8970dfec32f5a2 29cf855aa6fd4a9f9704eaa2a21cf674 - - default default] Successfully bumped revision number for resource 05df3d20-0d24-407b-8260-7e5fa695eafe (type: ports) to 1
2026-06-27 10:11:01.109 10 INFO neutron.db.ovn_revision_numbers_db [None req-ba9670fc-3c1b-4778-9ada-fe3de6736427 - - - - - -] Successfully bumped revision number for resource 487ccf92-7533-4e1e-b980-d90afef156a9 (type: router_ports) to 4
2026-06-27 10:11:01.180 9 WARNING neutron.scheduler.dhcp_agent_scheduler [None req-0c208a84-344e-4f54-b982-469329e562a4 d7084b42becf4b599e8970dfec32f5a2 29cf855aa6fd4a9f9704eaa2a21cf674 - - default default] No more DHCP agents
2026-06-27 10:11:01.182 9 WARNING neutron.api.rpc.agentnotifiers.dhcp_rpc_agent_api [None req-0c208a84-344e-4f54-b982-469329e562a4 d7084b42becf4b599e8970dfec32f5a2 29cf855aa6fd4a9f9704eaa2a21cf674 - - default default] Unable to schedule network 3abad73f-589e-4ae0-ab40-df5f52e9335a: no agents available; will retry on subsequent port and subnet creation events.
2026-06-27 10:11:01.263 10 INFO neutron.db.ovn_revision_numbers_db [None req-eee4468b-8da6-4f02-957f-82083b5051aa - - - - - -] Successfully bumped revision number for resource 05df3d20-0d24-407b-8260-7e5fa695eafe (type: ports) to 2
2026-06-27 10:11:01.426 10 INFO neutron.db.ovn_revision_numbers_db [None req-eee4468b-8da6-4f02-957f-82083b5051aa - - - - - -] Successfully bumped revision number for resource 05df3d20-0d24-407b-8260-7e5fa695eafe (type: router_ports) to 2
2026-06-27 10:11:01.904 9 INFO neutron.db.ovn_revision_numbers_db [None req-0c208a84-344e-4f54-b982-469329e562a4 d7084b42becf4b599e8970dfec32f5a2 29cf855aa6fd4a9f9704eaa2a21cf674 - - default default] Successfully bumped revision number for resource 05df3d20-0d24-407b-8260-7e5fa695eafe (type: router_ports) to 2
2026-06-27 10:11:01.907 9 INFO neutron.wsgi [None req-0c208a84-344e-4f54-b982-469329e562a4 d7084b42becf4b599e8970dfec32f5a2 29cf855aa6fd4a9f9704eaa2a21cf674 - - default default] 10.0.0.56 "PUT /v2.0/routers/a05e5537-a934-49f5-80fd-62c7bd96f51a/add_router_interface HTTP/1.1" status: 200 len: 503 time: 2.6814809
2026-06-27 10:11:03.415 10 INFO neutron.db.ovn_revision_numbers_db [None req-1ea7b0b3-4974-4750-9dd4-c8ef79708f39 d7084b42becf4b599e8970dfec32f5a2 29cf855aa6fd4a9f9704eaa2a21cf674 - - default default] Successfully bumped revision number for resource 98342fa1-cbc2-4bd9-9256-0ba1df5805f3 (type: security_groups) to 1
2026-06-27 10:11:03.446 10 INFO neutron.db.ovn_revision_numbers_db [None req-1ea7b0b3-4974-4750-9dd4-c8ef79708f39 d7084b42becf4b599e8970dfec32f5a2 29cf855aa6fd4a9f9704eaa2a21cf674 - - default default] Successfully bumped revision number for resource 168b73dc-8b3d-4676-99d9-730bc5ffb6df (type: security_group_rules) to 0
2026-06-27 10:11:03.475 10 INFO neutron.db.ovn_revision_numbers_db [None req-1ea7b0b3-4974-4750-9dd4-c8ef79708f39 d7084b42becf4b599e8970dfec32f5a2 29cf855aa6fd4a9f9704eaa2a21cf674 - - default default] Successfully bumped revision number for resource 62573633-bd56-4615-9a04-4c727a60fd58 (type: security_group_rules) to 0
2026-06-27 10:11:03.498 10 INFO neutron.db.ovn_revision_numbers_db [None req-1ea7b0b3-4974-4750-9dd4-c8ef79708f39 d7084b42becf4b599e8970dfec32f5a2 29cf855aa6fd4a9f9704eaa2a21cf674 - - default default] Successfully bumped revision number for resource 89a0530d-8a75-4e3a-85d1-652608368147 (type: security_group_rules) to 0
2026-06-27 10:11:03.533 10 INFO neutron.db.ovn_revision_numbers_db [None req-1ea7b0b3-4974-4750-9dd4-c8ef79708f39 d7084b42becf4b599e8970dfec32f5a2 29cf855aa6fd4a9f9704eaa2a21cf674 - - default default] Successfully bumped revision number for resource ec9720f5-15fc-4298-b204-54c63a1455b8 (type: security_group_rules) to 0
2026-06-27 10:11:03.594 10 INFO neutron.db.segments_db [None req-1ea7b0b3-4974-4750-9dd4-c8ef79708f39 d7084b42becf4b599e8970dfec32f5a2 29cf855aa6fd4a9f9704eaa2a21cf674 - - default default] Added segment 665245b8-40ca-4065-a24d-cecb1b106361 of type geneve for network a3b1adfd-f356-4fbd-b21a-473f4072bfbd
2026-06-27 10:11:03.776 10 INFO neutron.db.ovn_revision_numbers_db [None req-1ea7b0b3-4974-4750-9dd4-c8ef79708f39 d7084b42becf4b599e8970dfec32f5a2 29cf855aa6fd4a9f9704eaa2a21cf674 - - default default] Successfully bumped revision number for resource a3b1adfd-f356-4fbd-b21a-473f4072bfbd (type: networks) to 1
2026-06-27 10:11:03.942 10 WARNING neutron.scheduler.dhcp_agent_scheduler [None req-1ea7b0b3-4974-4750-9dd4-c8ef79708f39 d7084b42becf4b599e8970dfec32f5a2 29cf855aa6fd4a9f9704eaa2a21cf674 - - default default] No more DHCP agents
2026-06-27 10:11:03.945 10 WARNING neutron.api.rpc.agentnotifiers.dhcp_rpc_agent_api [None req-1ea7b0b3-4974-4750-9dd4-c8ef79708f39 d7084b42becf4b599e8970dfec32f5a2 29cf855aa6fd4a9f9704eaa2a21cf674 - - default default] Unable to schedule network a3b1adfd-f356-4fbd-b21a-473f4072bfbd: no agents available; will retry on subsequent port and subnet creation events.
2026-06-27 10:11:04.030 10 INFO neutron.db.ovn_revision_numbers_db [None req-1ea7b0b3-4974-4750-9dd4-c8ef79708f39 d7084b42becf4b599e8970dfec32f5a2 29cf855aa6fd4a9f9704eaa2a21cf674 - - default default] Successfully bumped revision number for resource 2281983f-6650-470d-9dbb-4c1ac15bbee5 (type: ports) to 1
2026-06-27 10:11:04.056 10 INFO neutron.wsgi [None req-1ea7b0b3-4974-4750-9dd4-c8ef79708f39 d7084b42becf4b599e8970dfec32f5a2 29cf855aa6fd4a9f9704eaa2a21cf674 - - default default] 10.0.0.56 "POST /v2.0/networks HTTP/1.1" status: 201 len: 943 time: 0.8052754
2026-06-27 10:11:04.306 10 WARNING neutron.scheduler.dhcp_agent_scheduler [None req-3bf998a1-686e-4236-9d61-3144af341024 d7084b42becf4b599e8970dfec32f5a2 29cf855aa6fd4a9f9704eaa2a21cf674 - - default default] No more DHCP agents
2026-06-27 10:11:04.309 10 WARNING neutron.api.rpc.agentnotifiers.dhcp_rpc_agent_api [None req-3bf998a1-686e-4236-9d61-3144af341024 d7084b42becf4b599e8970dfec32f5a2 29cf855aa6fd4a9f9704eaa2a21cf674 - - default default] Unable to schedule network a3b1adfd-f356-4fbd-b21a-473f4072bfbd: no agents available; will retry on subsequent port and subnet creation events.
2026-06-27 10:11:04.922 10 INFO neutron.db.ovn_revision_numbers_db [None req-3bf998a1-686e-4236-9d61-3144af341024 d7084b42becf4b599e8970dfec32f5a2 29cf855aa6fd4a9f9704eaa2a21cf674 - - default default] Successfully bumped revision number for resource 2281983f-6650-470d-9dbb-4c1ac15bbee5 (type: ports) to 2
2026-06-27 10:11:04.962 10 INFO neutron.db.ovn_revision_numbers_db [None req-3bf998a1-686e-4236-9d61-3144af341024 d7084b42becf4b599e8970dfec32f5a2 29cf855aa6fd4a9f9704eaa2a21cf674 - - default default] Successfully bumped revision number for resource d85b86ac-3521-4962-bbab-d212c4a15b16 (type: subnets) to 0
2026-06-27 10:11:04.977 10 INFO neutron.wsgi [None req-3bf998a1-686e-4236-9d61-3144af341024 d7084b42becf4b599e8970dfec32f5a2 29cf855aa6fd4a9f9704eaa2a21cf674 - - default default] 10.0.0.56 "POST /v2.0/subnets HTTP/1.1" status: 201 len: 863 time: 0.9158764
2026-06-27 10:11:05.983 10 WARNING neutron.scheduler.dhcp_agent_scheduler [None req-4c75a7fe-9fd3-4f5c-ad19-7ec1b1eca67f d7084b42becf4b599e8970dfec32f5a2 29cf855aa6fd4a9f9704eaa2a21cf674 - - default default] No more DHCP agents
2026-06-27 10:11:05.986 10 WARNING neutron.api.rpc.agentnotifiers.dhcp_rpc_agent_api [None req-4c75a7fe-9fd3-4f5c-ad19-7ec1b1eca67f d7084b42becf4b599e8970dfec32f5a2 29cf855aa6fd4a9f9704eaa2a21cf674 - - default default] Unable to schedule network 1ddad0f5-ab54-474a-af7f-1e97fdf84420: no agents available; will retry on subsequent port and subnet creation events.
2026-06-27 10:11:06.008 9 INFO neutron.db.ovn_revision_numbers_db [None req-10e239c3-f415-46dc-a412-5f35e29cd082 7f16964cecd04a9dacaac98d4bd6e528 e38f1e7eb2114b9183f20ce180dd5748 - - default default] Successfully bumped revision number for resource 1562576a-5e29-4e98-8cc4-3345b44c2ae0 (type: security_groups) to 1
2026-06-27 10:11:06.025 9 INFO neutron.db.ovn_revision_numbers_db [None req-10e239c3-f415-46dc-a412-5f35e29cd082 7f16964cecd04a9dacaac98d4bd6e528 e38f1e7eb2114b9183f20ce180dd5748 - - default default] Successfully bumped revision number for resource 3ec8cfa7-2d30-4de0-854d-78cadd5acf35 (type: security_group_rules) to 0
2026-06-27 10:11:06.039 9 INFO neutron.db.ovn_revision_numbers_db [None req-10e239c3-f415-46dc-a412-5f35e29cd082 7f16964cecd04a9dacaac98d4bd6e528 e38f1e7eb2114b9183f20ce180dd5748 - - default default] Successfully bumped revision number for resource 909f23e1-f163-48b3-a73b-27cecdf972c0 (type: security_group_rules) to 0
2026-06-27 10:11:06.057 9 INFO neutron.db.ovn_revision_numbers_db [None req-10e239c3-f415-46dc-a412-5f35e29cd082 7f16964cecd04a9dacaac98d4bd6e528 e38f1e7eb2114b9183f20ce180dd5748 - - default default] Successfully bumped revision number for resource c67d1ad7-c853-4e2d-9ce3-bc06e75dd398 (type: security_group_rules) to 0
2026-06-27 10:11:06.070 9 INFO neutron.db.ovn_revision_numbers_db [None req-10e239c3-f415-46dc-a412-5f35e29cd082 7f16964cecd04a9dacaac98d4bd6e528 e38f1e7eb2114b9183f20ce180dd5748 - - default default] Successfully bumped revision number for resource fd451db9-bde5-40ac-aecf-68c211037e05 (type: security_group_rules) to 0
2026-06-27 10:11:06.173 10 INFO neutron.db.ovn_revision_numbers_db [None req-4c75a7fe-9fd3-4f5c-ad19-7ec1b1eca67f d7084b42becf4b599e8970dfec32f5a2 29cf855aa6fd4a9f9704eaa2a21cf674 - - default default] Successfully bumped revision number for resource 0fbd23ca-e18d-4e7b-ae86-8c27ec11d12e (type: ports) to 1
2026-06-27 10:11:06.180 9 INFO neutron.db.ovn_revision_numbers_db [None req-10e239c3-f415-46dc-a412-5f35e29cd082 7f16964cecd04a9dacaac98d4bd6e528 e38f1e7eb2114b9183f20ce180dd5748 - - default default] Successfully bumped revision number for resource d86bc5eb-5e18-4a63-9c00-83be7465a2d0 (type: security_groups) to 1
2026-06-27 10:11:06.214 9 INFO neutron.db.ovn_revision_numbers_db [None req-10e239c3-f415-46dc-a412-5f35e29cd082 7f16964cecd04a9dacaac98d4bd6e528 e38f1e7eb2114b9183f20ce180dd5748 - - default default] Successfully bumped revision number for resource 581ef41c-5e5f-4cd3-96b8-8de5d3b34494 (type: security_group_rules) to 0
2026-06-27 10:11:06.230 9 INFO neutron.db.ovn_revision_numbers_db [None req-10e239c3-f415-46dc-a412-5f35e29cd082 7f16964cecd04a9dacaac98d4bd6e528 e38f1e7eb2114b9183f20ce180dd5748 - - default default] Successfully bumped revision number for resource 83e0df3b-c43f-48fd-86dc-6147b1461c27 (type: security_group_rules) to 0
2026-06-27 10:11:06.252 9 INFO neutron.wsgi [None req-10e239c3-f415-46dc-a412-5f35e29cd082 7f16964cecd04a9dacaac98d4bd6e528 e38f1e7eb2114b9183f20ce180dd5748 - - default default] 10.0.0.56 "POST /v2.0/security-groups HTTP/1.1" status: 201 len: 1737 time: 0.5687661
2026-06-27 10:11:06.374 9 INFO neutron.db.ovn_revision_numbers_db [None req-f648cf1c-186b-4f8b-9f53-99f4412e1691 7f16964cecd04a9dacaac98d4bd6e528 e38f1e7eb2114b9183f20ce180dd5748 - - default default] Successfully bumped revision number for resource a20150e6-a4ae-4e34-8234-776be2e97697 (type: security_groups) to 1
2026-06-27 10:11:06.393 9 INFO neutron.db.ovn_revision_numbers_db [None req-f648cf1c-186b-4f8b-9f53-99f4412e1691 7f16964cecd04a9dacaac98d4bd6e528 e38f1e7eb2114b9183f20ce180dd5748 - - default default] Successfully bumped revision number for resource 545408cd-2a19-4b6f-9b17-e4042a4e453c (type: security_group_rules) to 0
2026-06-27 10:11:06.415 9 INFO neutron.db.ovn_revision_numbers_db [None req-f648cf1c-186b-4f8b-9f53-99f4412e1691 7f16964cecd04a9dacaac98d4bd6e528 e38f1e7eb2114b9183f20ce180dd5748 - - default default] Successfully bumped revision number for resource 5c00dff8-2586-4f55-a8a8-d0be495caa1b (type: security_group_rules) to 0
2026-06-27 10:11:06.435 9 INFO neutron.wsgi [None req-f648cf1c-186b-4f8b-9f53-99f4412e1691 7f16964cecd04a9dacaac98d4bd6e528 e38f1e7eb2114b9183f20ce180dd5748 - - default default] 10.0.0.56 "POST /v2.0/security-groups HTTP/1.1" status: 201 len: 1737 time: 0.1776757
2026-06-27 10:11:06.566 9 INFO neutron.db.ovn_revision_numbers_db [None req-e6ea7f42-0e2f-44af-80e5-d70f1b312156 7f16964cecd04a9dacaac98d4bd6e528 e38f1e7eb2114b9183f20ce180dd5748 - - default default] Successfully bumped revision number for resource 46ff723e-7748-4c1b-abbe-13dcb357830f (type: security_groups) to 1
2026-06-27 10:11:06.578 9 INFO neutron.db.ovn_revision_numbers_db [None req-e6ea7f42-0e2f-44af-80e5-d70f1b312156 7f16964cecd04a9dacaac98d4bd6e528 e38f1e7eb2114b9183f20ce180dd5748 - - default default] Successfully bumped revision number for resource 7f447623-bc67-4533-b993-fdcee73b2499 (type: security_group_rules) to 0
2026-06-27 10:11:06.591 9 INFO neutron.db.ovn_revision_numbers_db [None req-e6ea7f42-0e2f-44af-80e5-d70f1b312156 7f16964cecd04a9dacaac98d4bd6e528 e38f1e7eb2114b9183f20ce180dd5748 - - default default] Successfully bumped revision number for resource f40fed3f-3bdd-496b-a07c-3cdb59a3b8ca (type: security_group_rules) to 0
2026-06-27 10:11:06.612 9 INFO neutron.wsgi [None req-e6ea7f42-0e2f-44af-80e5-d70f1b312156 7f16964cecd04a9dacaac98d4bd6e528 e38f1e7eb2114b9183f20ce180dd5748 - - default default] 10.0.0.56 "POST /v2.0/security-groups HTTP/1.1" status: 201 len: 1737 time: 0.1716399
2026-06-27 10:11:06.689 10 WARNING neutron.plugins.ml2.drivers.ovn.mech_driver.ovsdb.ovn_client [None req-eee4468b-8da6-4f02-957f-82083b5051aa - - - - - -] No hosting information found for port 05df3d20-0d24-407b-8260-7e5fa695eafe: RuntimeError: No hosting information found for port 05df3d20-0d24-407b-8260-7e5fa695eafe
2026-06-27 10:11:06.812 10 INFO neutron.db.ovn_revision_numbers_db [None req-e7232a81-000a-4c72-94c7-d787157e4b0b 7f16964cecd04a9dacaac98d4bd6e528 e38f1e7eb2114b9183f20ce180dd5748 - - default default] Successfully bumped revision number for resource 0a58f937-3225-4e9b-b2fd-45d00693e4e6 (type: security_groups) to 1
2026-06-27 10:11:06.835 10 INFO neutron.db.ovn_revision_numbers_db [None req-e7232a81-000a-4c72-94c7-d787157e4b0b 7f16964cecd04a9dacaac98d4bd6e528 e38f1e7eb2114b9183f20ce180dd5748 - - default default] Successfully bumped revision number for resource 4c7dc068-6f76-46a9-9aae-bbec979d43a2 (type: security_group_rules) to 0
2026-06-27 10:11:06.856 10 INFO neutron.db.ovn_revision_numbers_db [None req-e7232a81-000a-4c72-94c7-d787157e4b0b 7f16964cecd04a9dacaac98d4bd6e528 e38f1e7eb2114b9183f20ce180dd5748 - - default default] Successfully bumped revision number for resource f1be4772-ccad-40ec-90a7-d77419e5767d (type: security_group_rules) to 0
2026-06-27 10:11:06.865 10 INFO neutron.plugins.ml2.drivers.ovn.mech_driver.mech_driver [None req-eee4468b-8da6-4f02-957f-82083b5051aa - - - - - -] OVN reports status up for port: 0fbd23ca-e18d-4e7b-ae86-8c27ec11d12e
2026-06-27 10:11:06.896 10 INFO neutron.wsgi [None req-e7232a81-000a-4c72-94c7-d787157e4b0b 7f16964cecd04a9dacaac98d4bd6e528 e38f1e7eb2114b9183f20ce180dd5748 - - default default] 10.0.0.56 "POST /v2.0/security-groups HTTP/1.1" status: 201 len: 1737 time: 0.2755306
2026-06-27 10:11:06.900 10 INFO neutron.plugins.ml2.drivers.ovn.mech_driver.ovsdb.ovsdb_monitor [None req-ba9670fc-3c1b-4778-9ada-fe3de6736427 - - - - - -] Router c8d5f315-6508-46b9-aedb-12b6ddea5517 is bound to host instance
2026-06-27 10:11:06.906 10 INFO neutron.plugins.ml2.plugin [None req-eee4468b-8da6-4f02-957f-82083b5051aa - - - - - -] Attempt 1 to provision port 0fbd23ca-e18d-4e7b-ae86-8c27ec11d12e
2026-06-27 10:11:06.961 10 INFO neutron.db.ovn_revision_numbers_db [None req-4c75a7fe-9fd3-4f5c-ad19-7ec1b1eca67f d7084b42becf4b599e8970dfec32f5a2 29cf855aa6fd4a9f9704eaa2a21cf674 - - default default] Successfully bumped revision number for resource 0fbd23ca-e18d-4e7b-ae86-8c27ec11d12e (type: router_ports) to 1
2026-06-27 10:11:07.025 9 INFO neutron.db.ovn_revision_numbers_db [None req-45a34bca-e9e4-43cd-8541-d14387193850 7f16964cecd04a9dacaac98d4bd6e528 e38f1e7eb2114b9183f20ce180dd5748 - - default default] Successfully bumped revision number for resource d69c9159-6fba-42a5-97fb-062fb22bb2e5 (type: security_groups) to 1
2026-06-27 10:11:07.039 9 INFO neutron.db.ovn_revision_numbers_db [None req-45a34bca-e9e4-43cd-8541-d14387193850 7f16964cecd04a9dacaac98d4bd6e528 e38f1e7eb2114b9183f20ce180dd5748 - - default default] Successfully bumped revision number for resource 80c91ec3-6d56-416f-ab70-295b2210c282 (type: security_group_rules) to 0
2026-06-27 10:11:07.052 9 INFO neutron.db.ovn_revision_numbers_db [None req-45a34bca-e9e4-43cd-8541-d14387193850 7f16964cecd04a9dacaac98d4bd6e528 e38f1e7eb2114b9183f20ce180dd5748 - - default default] Successfully bumped revision number for resource 95c91518-1996-4054-b1c9-2cc0a5e3f611 (type: security_group_rules) to 0
2026-06-27 10:11:07.072 9 INFO neutron.wsgi [None req-45a34bca-e9e4-43cd-8541-d14387193850 7f16964cecd04a9dacaac98d4bd6e528 e38f1e7eb2114b9183f20ce180dd5748 - - default default] 10.0.0.56 "POST /v2.0/security-groups HTTP/1.1" status: 201 len: 1737 time: 0.1706843
2026-06-27 10:11:07.083 10 INFO neutron.db.ovn_revision_numbers_db [None req-4c75a7fe-9fd3-4f5c-ad19-7ec1b1eca67f d7084b42becf4b599e8970dfec32f5a2 29cf855aa6fd4a9f9704eaa2a21cf674 - - default default] Successfully bumped revision number for resource c8d5f315-6508-46b9-aedb-12b6ddea5517 (type: routers) to 2
2026-06-27 10:11:07.099 10 INFO neutron.wsgi [None req-4c75a7fe-9fd3-4f5c-ad19-7ec1b1eca67f d7084b42becf4b599e8970dfec32f5a2 29cf855aa6fd4a9f9704eaa2a21cf674 - - default default] 10.0.0.56 "POST /v2.0/routers HTTP/1.1" status: 201 len: 874 time: 2.1157379
2026-06-27 10:11:07.111 9 INFO neutron.wsgi [None req-bde6eb8f-48c4-4a1b-93d4-5b6bb613547b 7f16964cecd04a9dacaac98d4bd6e528 e38f1e7eb2114b9183f20ce180dd5748 - - default default] 10.0.0.56 "PUT /v2.0/security-groups/d86bc5eb-5e18-4a63-9c00-83be7465a2d0/tags HTTP/1.1" status: 200 len: 210 time: 0.0330603
2026-06-27 10:11:07.166 10 INFO neutron.wsgi [None req-2c63eadd-0119-405e-9980-a920bdb77755 7f16964cecd04a9dacaac98d4bd6e528 e38f1e7eb2114b9183f20ce180dd5748 - - default default] 10.0.0.56 "PUT /v2.0/security-groups/a20150e6-a4ae-4e34-8234-776be2e97697/tags HTTP/1.1" status: 200 len: 218 time: 0.0488837
2026-06-27 10:11:07.226 9 INFO neutron.wsgi [None req-5a3f5d7c-6f2e-4fe8-8704-fe586f669f02 7f16964cecd04a9dacaac98d4bd6e528 e38f1e7eb2114b9183f20ce180dd5748 - - default default] 10.0.0.56 "PUT /v2.0/security-groups/46ff723e-7748-4c1b-abbe-13dcb357830f/tags HTTP/1.1" status: 200 len: 227 time: 0.0547845
2026-06-27 10:11:07.265 9 INFO neutron.wsgi [None req-3c3939fb-d8c0-453c-9958-dfa1a2bd5a4e 7f16964cecd04a9dacaac98d4bd6e528 e38f1e7eb2114b9183f20ce180dd5748 - - default default] 10.0.0.56 "PUT /v2.0/security-groups/0a58f937-3225-4e9b-b2fd-45d00693e4e6/tags HTTP/1.1" status: 200 len: 212 time: 0.0311744
2026-06-27 10:11:07.331 9 INFO neutron.wsgi [None req-17d2686d-afba-4855-92f4-e69780f71337 7f16964cecd04a9dacaac98d4bd6e528 e38f1e7eb2114b9183f20ce180dd5748 - - default default] 10.0.0.56 "GET /v2.0/security-groups?tags=red HTTP/1.1" status: 200 len: 4813 time: 0.0542662
2026-06-27 10:11:07.408 9 INFO neutron.wsgi [None req-8a72e650-d128-4943-8395-9aa84bc74ded 7f16964cecd04a9dacaac98d4bd6e528 e38f1e7eb2114b9183f20ce180dd5748 - - default default] 10.0.0.56 "GET /v2.0/security-groups?tags=red%2Cblue HTTP/1.1" status: 200 len: 3289 time: 0.0694487
2026-06-27 10:11:07.479 9 INFO neutron.wsgi [None req-f37bc285-264e-462f-a999-ba78db2dc132 7f16964cecd04a9dacaac98d4bd6e528 e38f1e7eb2114b9183f20ce180dd5748 - - default default] 10.0.0.56 "GET /v2.0/security-groups?tags-any=blue HTTP/1.1" status: 200 len: 3289 time: 0.0644062
2026-06-27 10:11:07.609 10 INFO neutron.db.ovn_revision_numbers_db [None req-ba9670fc-3c1b-4778-9ada-fe3de6736427 - - - - - -] Successfully bumped revision number for resource 0fbd23ca-e18d-4e7b-ae86-8c27ec11d12e (type: ports) to 1
2026-06-27 10:11:07.867 10 INFO neutron.db.ovn_revision_numbers_db [None req-ba9670fc-3c1b-4778-9ada-fe3de6736427 - - - - - -] Successfully bumped revision number for resource 0fbd23ca-e18d-4e7b-ae86-8c27ec11d12e (type: router_ports) to 3
2026-06-27 10:11:07.871 9 INFO neutron.wsgi [None req-b642f7ed-474f-40ad-8e37-dbddf3483db9 7f16964cecd04a9dacaac98d4bd6e528 e38f1e7eb2114b9183f20ce180dd5748 - - default default] 10.0.0.56 "GET /v2.0/security-groups?tags-any=red%2Cblue HTTP/1.1" status: 200 len: 4813 time: 0.3838117
2026-06-27 10:11:07.937 9 INFO neutron.wsgi [None req-09c1e1f8-283d-4be7-9785-2d0c742d8e5b 7f16964cecd04a9dacaac98d4bd6e528 e38f1e7eb2114b9183f20ce180dd5748 - - default default] 10.0.0.56 "GET /v2.0/security-groups?not-tags=red HTTP/1.1" status: 200 len: 6041 time: 0.0583797
2026-06-27 10:11:08.017 9 INFO neutron.wsgi [None req-f86a1f87-9087-488d-b9a5-637bf71f2cf8 7f16964cecd04a9dacaac98d4bd6e528 e38f1e7eb2114b9183f20ce180dd5748 - - default default] 10.0.0.56 "GET /v2.0/security-groups?not-tags=red%2Cblue HTTP/1.1" status: 200 len: 7565 time: 0.0735688
2026-06-27 10:11:08.057 9 WARNING neutron.scheduler.dhcp_agent_scheduler [None req-a7a4e9a9-9dd5-4cd2-abc4-3d80229058f7 d7084b42becf4b599e8970dfec32f5a2 29cf855aa6fd4a9f9704eaa2a21cf674 - - default default] No more DHCP agents
2026-06-27 10:11:08.061 9 WARNING neutron.api.rpc.agentnotifiers.dhcp_rpc_agent_api [None req-a7a4e9a9-9dd5-4cd2-abc4-3d80229058f7 d7084b42becf4b599e8970dfec32f5a2 29cf855aa6fd4a9f9704eaa2a21cf674 - - default default] Unable to schedule network a3b1adfd-f356-4fbd-b21a-473f4072bfbd: no agents available; will retry on subsequent port and subnet creation events.
2026-06-27 10:11:08.090 10 INFO neutron.wsgi [None req-98430f2d-98f7-4eae-b539-de7630f76f3a 7f16964cecd04a9dacaac98d4bd6e528 e38f1e7eb2114b9183f20ce180dd5748 - - default default] 10.0.0.56 "GET /v2.0/security-groups?not-tags-any=blue HTTP/1.1" status: 200 len: 7565 time: 0.0650916
