2026-06-27 10:09:46.739 9 INFO neutron.plugins.ml2.plugin [None req-52e93dfb-9160-4bd6-86b2-6619b950589b - - - - - -] Attempt 1 to provision port b084a4a0-523b-4748-8cd5-d7fc651cc3f1
2026-06-27 10:09:46.788 10 INFO neutron.db.ovn_revision_numbers_db [None req-ba9670fc-3c1b-4778-9ada-fe3de6736427 - - - - - -] Successfully bumped revision number for resource 536591c9-a879-456b-9cb0-4fad3457caef (type: router_ports) to 4
2026-06-27 10:09:46.799 10 INFO neutron.db.ovn_revision_numbers_db [None req-543d72a4-cfe8-48ed-beae-baba0e7951b1 dfb440b915ca4f7bbbfb5006eca8a0ae 9a00310324314d5e918076dd2c3fd0e0 - - default default] Successfully bumped revision number for resource b084a4a0-523b-4748-8cd5-d7fc651cc3f1 (type: router_ports) to 1
2026-06-27 10:09:46.905 10 INFO neutron.plugins.ml2.drivers.ovn.mech_driver.ovsdb.ovsdb_monitor [None req-ba9670fc-3c1b-4778-9ada-fe3de6736427 - - - - - -] Router a5c36d94-68c9-462d-af8f-0269a330d845 is bound to host instance
2026-06-27 10:09:47.068 9 INFO neutron.wsgi [None req-38055f5b-f394-4fa6-9a38-7b7406d1555d d7084b42becf4b599e8970dfec32f5a2 29cf855aa6fd4a9f9704eaa2a21cf674 - - default default] 10.0.0.56 "PUT /v2.0/routers/f8dc74f7-ad8f-4103-888d-c27193143aae/remove_router_interface HTTP/1.1" status: 200 len: 503 time: 1.3083920 /var/lib/openstack/lib/python3.10/site-packages/pycadf/identifier.py:71: UserWarning: Invalid uuid: neutron. To ensure interoperability, identifiers should be a valid uuid. warnings.warn(('Invalid uuid: %s. To ensure interoperability, '
2026-06-27 10:09:47.139 9 INFO neutron.db.ovn_revision_numbers_db [None req-52e93dfb-9160-4bd6-86b2-6619b950589b - - - - - -] Successfully bumped revision number for resource b084a4a0-523b-4748-8cd5-d7fc651cc3f1 (type: ports) to 2
2026-06-27 10:09:47.387 10 INFO neutron.plugins.ml2.drivers.ovn.mech_driver.mech_driver [None req-eee4468b-8da6-4f02-957f-82083b5051aa - - - - - -] OVN reports status up for port: 50a5c322-a67e-4498-9dab-35eb99b5db7c
2026-06-27 10:09:47.426 10 INFO neutron.plugins.ml2.plugin [None req-eee4468b-8da6-4f02-957f-82083b5051aa - - - - - -] Attempt 1 to provision port 50a5c322-a67e-4498-9dab-35eb99b5db7c
2026-06-27 10:09:47.463 10 ERROR ovsdbapp.backend.ovs_idl.transaction [None req-543d72a4-cfe8-48ed-beae-baba0e7951b1 dfb440b915ca4f7bbbfb5006eca8a0ae 9a00310324314d5e918076dd2c3fd0e0 - - default default]
Traceback (most recent call last): File "/var/lib/openstack/lib/python3.10/site-packages/ovsdbapp/backend/ovs_idl/connection.py", line 118, in run txn.results.put(txn.do_commit())
File "/var/lib/openstack/lib/python3.10/site-packages/ovsdbapp/backend/ovs_idl/transaction.py", line 92, in do_commit command.run_idl(txn)
File "/var/lib/openstack/lib/python3.10/site-packages/neutron/plugins/ml2/drivers/ovn/mech_driver/ovsdb/commands.py", line 825, in run_idl raise ovn_exc.RevisionConflict( neutron.common.ovn.exceptions.RevisionConflict: OVN revision number for b084a4a0-523b-4748-8cd5-d7fc651cc3f1 (type: ports) is higher than the given resource. Skipping update 
2026-06-27 10:09:47.463 10 INFO neutron.plugins.ml2.drivers.ovn.mech_driver.ovsdb.impl_idl_ovn [None req-543d72a4-cfe8-48ed-beae-baba0e7951b1 dfb440b915ca4f7bbbfb5006eca8a0ae 9a00310324314d5e918076dd2c3fd0e0 - - default default] Transaction aborted. Reason: OVN revision number for b084a4a0-523b-4748-8cd5-d7fc651cc3f1 (type: ports) is higher than the given resource. Skipping update
2026-06-27 10:09:47.647 10 WARNING neutron.scheduler.dhcp_agent_scheduler [None req-543d72a4-cfe8-48ed-beae-baba0e7951b1 dfb440b915ca4f7bbbfb5006eca8a0ae 9a00310324314d5e918076dd2c3fd0e0 - - default default] No more DHCP agents
2026-06-27 10:09:47.651 10 WARNING neutron.api.rpc.agentnotifiers.dhcp_rpc_agent_api [None req-543d72a4-cfe8-48ed-beae-baba0e7951b1 dfb440b915ca4f7bbbfb5006eca8a0ae 9a00310324314d5e918076dd2c3fd0e0 - - default default] Unable to schedule network c4b41547-6368-4b43-8f78-6022a18d0f4c: no agents available; will retry on subsequent port and subnet creation events.
2026-06-27 10:09:47.707 9 INFO neutron.db.ovn_revision_numbers_db [None req-52e93dfb-9160-4bd6-86b2-6619b950589b - - - - - -] Successfully bumped revision number for resource b084a4a0-523b-4748-8cd5-d7fc651cc3f1 (type: router_ports) to 2
2026-06-27 10:09:47.728 9 INFO neutron.db.ovn_revision_numbers_db [None req-1d9ab91b-08ba-47d5-997e-9afe9b413756 66f44305bd3b45c6a88949eef14e3acf 36f3d3a35f264a3e968c1409f2bc01cc - - default default] Successfully bumped revision number for resource 4109dc96-3a9c-4030-95e2-0d2554e3ec16 (type: security_groups) to 1
2026-06-27 10:09:47.758 9 INFO neutron.db.ovn_revision_numbers_db [None req-1d9ab91b-08ba-47d5-997e-9afe9b413756 66f44305bd3b45c6a88949eef14e3acf 36f3d3a35f264a3e968c1409f2bc01cc - - default default] Successfully bumped revision number for resource 4ecea9d4-0b04-46db-8e70-1e26d4724794 (type: security_group_rules) to 0
2026-06-27 10:09:47.774 10 WARNING neutron.scheduler.dhcp_agent_scheduler [None req-d29ded00-2387-4fb8-aad2-3250833a5a84 659ee6a8212b4de498eb148c7be465be f0d6ab3d15d341f68933e3d9c02f5111 - - default default] No more DHCP agents
2026-06-27 10:09:47.777 10 WARNING neutron.api.rpc.agentnotifiers.dhcp_rpc_agent_api [None req-d29ded00-2387-4fb8-aad2-3250833a5a84 659ee6a8212b4de498eb148c7be465be f0d6ab3d15d341f68933e3d9c02f5111 - - default default] Unable to schedule network 4fff5397-4dd6-490b-8fc7-a0c05545dc50: no agents available; will retry on subsequent port and subnet creation events.
2026-06-27 10:09:47.783 9 INFO neutron.db.ovn_revision_numbers_db [None req-1d9ab91b-08ba-47d5-997e-9afe9b413756 66f44305bd3b45c6a88949eef14e3acf 36f3d3a35f264a3e968c1409f2bc01cc - - default default] Successfully bumped revision number for resource 8a3e5fd5-7827-4ab8-a69a-1d9d947214ca (type: security_group_rules) to 0
2026-06-27 10:09:47.817 9 INFO neutron.db.ovn_revision_numbers_db [None req-1d9ab91b-08ba-47d5-997e-9afe9b413756 66f44305bd3b45c6a88949eef14e3acf 36f3d3a35f264a3e968c1409f2bc01cc - - default default] Successfully bumped revision number for resource 944a5bef-1144-4cfd-80d1-2fa75da35ecf (type: security_group_rules) to 0
2026-06-27 10:09:47.840 9 INFO neutron.db.ovn_revision_numbers_db [None req-1d9ab91b-08ba-47d5-997e-9afe9b413756 66f44305bd3b45c6a88949eef14e3acf 36f3d3a35f264a3e968c1409f2bc01cc - - default default] Successfully bumped revision number for resource 982a99a6-6412-400b-bb2d-afcc3e1fee43 (type: security_group_rules) to 0
2026-06-27 10:09:47.907 9 INFO neutron.db.segments_db [None req-1d9ab91b-08ba-47d5-997e-9afe9b413756 66f44305bd3b45c6a88949eef14e3acf 36f3d3a35f264a3e968c1409f2bc01cc - - default default] Added segment 89aa6835-54a2-4c33-93e1-b25d19c5c39d of type geneve for network d1df9083-372f-492f-8225-13111f0e3ecc
2026-06-27 10:09:48.103 10 INFO neutron.db.ovn_revision_numbers_db [None req-d29ded00-2387-4fb8-aad2-3250833a5a84 659ee6a8212b4de498eb148c7be465be f0d6ab3d15d341f68933e3d9c02f5111 - - default default] Successfully bumped revision number for resource e6e0cd3e-7083-4193-877b-887d7ee65c05 (type: ports) to 1
2026-06-27 10:09:48.116 9 INFO neutron.db.ovn_revision_numbers_db [None req-1d9ab91b-08ba-47d5-997e-9afe9b413756 66f44305bd3b45c6a88949eef14e3acf 36f3d3a35f264a3e968c1409f2bc01cc - - default default] Successfully bumped revision number for resource d1df9083-372f-492f-8225-13111f0e3ecc (type: networks) to 1
2026-06-27 10:09:48.222 10 INFO neutron.db.ovn_revision_numbers_db [None req-543d72a4-cfe8-48ed-beae-baba0e7951b1 dfb440b915ca4f7bbbfb5006eca8a0ae 9a00310324314d5e918076dd2c3fd0e0 - - default default] Successfully bumped revision number for resource b084a4a0-523b-4748-8cd5-d7fc651cc3f1 (type: router_ports) to 2
2026-06-27 10:09:48.224 10 INFO neutron.wsgi [None req-543d72a4-cfe8-48ed-beae-baba0e7951b1 dfb440b915ca4f7bbbfb5006eca8a0ae 9a00310324314d5e918076dd2c3fd0e0 - - default default] 10.0.0.56 "PUT /v2.0/routers/a5c36d94-68c9-462d-af8f-0269a330d845/add_router_interface HTTP/1.1" status: 200 len: 503 time: 3.6846504
2026-06-27 10:09:48.320 9 INFO neutron.wsgi [None req-532f3a77-a42d-4626-a116-78d734627dca d7084b42becf4b599e8970dfec32f5a2 29cf855aa6fd4a9f9704eaa2a21cf674 - - default default] 10.0.0.56 "DELETE /v2.0/routers/f8dc74f7-ad8f-4103-888d-c27193143aae HTTP/1.1" status: 204 len: 168 time: 1.2463639
2026-06-27 10:09:48.402 10 INFO neutron.db.ovn_revision_numbers_db [None req-ba9670fc-3c1b-4778-9ada-fe3de6736427 - - - - - -] Successfully bumped revision number for resource 50a5c322-a67e-4498-9dab-35eb99b5db7c (type: ports) to 1
2026-06-27 10:09:48.454 9 WARNING neutron.scheduler.dhcp_agent_scheduler [None req-1d9ab91b-08ba-47d5-997e-9afe9b413756 66f44305bd3b45c6a88949eef14e3acf 36f3d3a35f264a3e968c1409f2bc01cc - - default default] No more DHCP agents
2026-06-27 10:09:48.457 9 WARNING neutron.api.rpc.agentnotifiers.dhcp_rpc_agent_api [None req-1d9ab91b-08ba-47d5-997e-9afe9b413756 66f44305bd3b45c6a88949eef14e3acf 36f3d3a35f264a3e968c1409f2bc01cc - - default default] Unable to schedule network d1df9083-372f-492f-8225-13111f0e3ecc: no agents available; will retry on subsequent port and subnet creation events.
2026-06-27 10:09:48.597 9 INFO neutron.db.ovn_revision_numbers_db [None req-1d9ab91b-08ba-47d5-997e-9afe9b413756 66f44305bd3b45c6a88949eef14e3acf 36f3d3a35f264a3e968c1409f2bc01cc - - default default] Successfully bumped revision number for resource 5f711ed2-c1be-4c22-9c60-03e8bc451abc (type: ports) to 1
2026-06-27 10:09:48.625 9 INFO neutron.wsgi [None req-1d9ab91b-08ba-47d5-997e-9afe9b413756 66f44305bd3b45c6a88949eef14e3acf 36f3d3a35f264a3e968c1409f2bc01cc - - default default] 10.0.0.56 "POST /v2.0/networks HTTP/1.1" status: 201 len: 830 time: 1.6704464
2026-06-27 10:09:48.900 9 WARNING neutron.scheduler.dhcp_agent_scheduler [None req-6a3b5a95-751d-424e-a9a5-815e030d692a dfb440b915ca4f7bbbfb5006eca8a0ae 9a00310324314d5e918076dd2c3fd0e0 - - default default] No more DHCP agents
2026-06-27 10:09:48.906 9 WARNING neutron.api.rpc.agentnotifiers.dhcp_rpc_agent_api [None req-6a3b5a95-751d-424e-a9a5-815e030d692a dfb440b915ca4f7bbbfb5006eca8a0ae 9a00310324314d5e918076dd2c3fd0e0 - - default default] Unable to schedule network b654258a-be6e-4e54-a283-9689849aecd9: no agents available; will retry on subsequent port and subnet creation events.
2026-06-27 10:09:48.974 10 INFO neutron.wsgi [None req-e1d7fe1b-f922-4b9d-aee9-98f062de0d0f d7084b42becf4b599e8970dfec32f5a2 29cf855aa6fd4a9f9704eaa2a21cf674 - - default default] 10.0.0.56 "DELETE /v2.0/subnets/1c2ccaf7-40ec-4a0e-8f13-d45d95de753e HTTP/1.1" status: 204 len: 168 time: 0.6423111
2026-06-27 10:09:49.081 10 INFO neutron.db.segments_db [None req-46774e5d-1677-4f23-9cb4-a03060153437 66f44305bd3b45c6a88949eef14e3acf 36f3d3a35f264a3e968c1409f2bc01cc - - default default] Added segment baf2d44f-1c45-4a2a-b029-813d7fe15e77 of type geneve for network aa510d90-2658-4000-90a2-cec1e6428232
2026-06-27 10:09:49.089 9 INFO neutron.db.ovn_revision_numbers_db [None req-6a3b5a95-751d-424e-a9a5-815e030d692a dfb440b915ca4f7bbbfb5006eca8a0ae 9a00310324314d5e918076dd2c3fd0e0 - - default default] Successfully bumped revision number for resource a4381584-a50d-47e6-b700-af47c974ce88 (type: ports) to 1
2026-06-27 10:09:49.224 10 INFO neutron.db.ovn_revision_numbers_db [None req-ba9670fc-3c1b-4778-9ada-fe3de6736427 - - - - - -] Successfully bumped revision number for resource 50a5c322-a67e-4498-9dab-35eb99b5db7c (type: router_ports) to 3
2026-06-27 10:09:49.264 10 INFO neutron.db.ovn_revision_numbers_db [None req-d29ded00-2387-4fb8-aad2-3250833a5a84 659ee6a8212b4de498eb148c7be465be f0d6ab3d15d341f68933e3d9c02f5111 - - default default] Successfully bumped revision number for resource e6e0cd3e-7083-4193-877b-887d7ee65c05 (type: router_ports) to 1
2026-06-27 10:09:49.339 10 INFO neutron.db.ovn_revision_numbers_db [None req-46774e5d-1677-4f23-9cb4-a03060153437 66f44305bd3b45c6a88949eef14e3acf 36f3d3a35f264a3e968c1409f2bc01cc - - default default] Successfully bumped revision number for resource aa510d90-2658-4000-90a2-cec1e6428232 (type: networks) to 1
2026-06-27 10:09:49.456 9 INFO neutron.services.segments.plugin [-] Segment 5d82891c-68d1-439a-9ede-84af793ceb74 resource provider aggregate not found
2026-06-27 10:09:49.461 9 INFO neutron.services.segments.plugin [-] Segment 5d82891c-68d1-439a-9ede-84af793ceb74 resource provider aggregate not found
2026-06-27 10:09:49.480 9 INFO neutron.services.segments.plugin [-] Segment 5d82891c-68d1-439a-9ede-84af793ceb74 resource provider not found; error: Placement Client Error (4xx): {"errors": [{"status": 404, "title": "Not Found", "detail": "The resource could not be found.\n\n No resource provider with uuid 5d82891c-68d1-439a-9ede-84af793ceb74 found for delete ", "request_id": "req-5c27e67e-84cc-4ab1-8bc0-17bac8383aba"}]}
2026-06-27 10:09:49.483 9 INFO neutron.services.segments.plugin [-] Segment 5d82891c-68d1-439a-9ede-84af793ceb74 resource provider not found; error: Placement Client Error (4xx): {"errors": [{"status": 404, "title": "Not Found", "detail": "The resource could not be found.\n\n No resource provider with uuid 5d82891c-68d1-439a-9ede-84af793ceb74 found for delete ", "request_id": "req-a5f3cb3c-8a13-4cf5-b6bf-dd9a20c8489d"}]}
2026-06-27 10:09:49.548 9 INFO neutron.wsgi [None req-d48aeb4d-27e3-4d44-88fd-2676f065717e d7084b42becf4b599e8970dfec32f5a2 29cf855aa6fd4a9f9704eaa2a21cf674 - - default default] 10.0.0.56 "DELETE /v2.0/networks/54a2e0b7-b488-4d08-84fb-92d36d2d4415 HTTP/1.1" status: 204 len: 168 time: 0.5678980
2026-06-27 10:09:49.575 10 INFO neutron.db.ovn_revision_numbers_db [None req-ba9670fc-3c1b-4778-9ada-fe3de6736427 - - - - - -] Successfully bumped revision number for resource 50a5c322-a67e-4498-9dab-35eb99b5db7c (type: ports) to 2
2026-06-27 10:09:49.625 10 INFO neutron.db.ovn_revision_numbers_db [None req-d29ded00-2387-4fb8-aad2-3250833a5a84 659ee6a8212b4de498eb148c7be465be f0d6ab3d15d341f68933e3d9c02f5111 - - default default] Successfully bumped revision number for resource e6e0cd3e-7083-4193-877b-887d7ee65c05 (type: ports) to 1
2026-06-27 10:09:49.633 10 WARNING neutron.scheduler.dhcp_agent_scheduler [None req-46774e5d-1677-4f23-9cb4-a03060153437 66f44305bd3b45c6a88949eef14e3acf 36f3d3a35f264a3e968c1409f2bc01cc - - default default] No more DHCP agents
2026-06-27 10:09:49.637 10 WARNING neutron.api.rpc.agentnotifiers.dhcp_rpc_agent_api [None req-46774e5d-1677-4f23-9cb4-a03060153437 66f44305bd3b45c6a88949eef14e3acf 36f3d3a35f264a3e968c1409f2bc01cc - - default default] Unable to schedule network aa510d90-2658-4000-90a2-cec1e6428232: no agents available; will retry on subsequent port and subnet creation events.
2026-06-27 10:09:49.810 10 WARNING neutron.scheduler.dhcp_agent_scheduler [None req-d29ded00-2387-4fb8-aad2-3250833a5a84 659ee6a8212b4de498eb148c7be465be f0d6ab3d15d341f68933e3d9c02f5111 - - default default] No more DHCP agents
2026-06-27 10:09:49.814 10 INFO neutron.wsgi [None req-5b43b199-b5ef-4522-94af-9a9017c050bd d7084b42becf4b599e8970dfec32f5a2 29cf855aa6fd4a9f9704eaa2a21cf674 - - default default] 10.0.0.56 "GET /v2.0/security-groups?tenant_id=6667937f48c34813858fc3b3a3c8755c&name=default HTTP/1.1" status: 200 len: 2996 time: 0.1051512
2026-06-27 10:09:49.817 10 WARNING neutron.api.rpc.agentnotifiers.dhcp_rpc_agent_api [None req-d29ded00-2387-4fb8-aad2-3250833a5a84 659ee6a8212b4de498eb148c7be465be f0d6ab3d15d341f68933e3d9c02f5111 - - default default] Unable to schedule network 4fff5397-4dd6-490b-8fc7-a0c05545dc50: no agents available; will retry on subsequent port and subnet creation events.
2026-06-27 10:09:49.820 10 INFO neutron.db.ovn_revision_numbers_db [None req-46774e5d-1677-4f23-9cb4-a03060153437 66f44305bd3b45c6a88949eef14e3acf 36f3d3a35f264a3e968c1409f2bc01cc - - default default] Successfully bumped revision number for resource 39699db2-93f0-4010-ac70-a2c039562281 (type: ports) to 1
2026-06-27 10:09:49.839 9 INFO neutron.db.ovn_revision_numbers_db [None req-6a3b5a95-751d-424e-a9a5-815e030d692a dfb440b915ca4f7bbbfb5006eca8a0ae 9a00310324314d5e918076dd2c3fd0e0 - - default default] Successfully bumped revision number for resource a4381584-a50d-47e6-b700-af47c974ce88 (type: router_ports) to 1
2026-06-27 10:09:49.863 10 INFO neutron.wsgi [None req-46774e5d-1677-4f23-9cb4-a03060153437 66f44305bd3b45c6a88949eef14e3acf 36f3d3a35f264a3e968c1409f2bc01cc - - default default] 10.0.0.56 "POST /v2.0/networks HTTP/1.1" status: 201 len: 831 time: 1.2242894
2026-06-27 10:09:49.998 9 INFO neutron.db.segments_db [None req-e811a9ff-2b3e-4e67-9556-b35c447fd06a 66f44305bd3b45c6a88949eef14e3acf 36f3d3a35f264a3e968c1409f2bc01cc - - default default] Added segment 32418928-cb21-43eb-bc85-9b04a08f4735 of type geneve for network ed3751a8-53cb-4602-b352-e00435878fe0
2026-06-27 10:09:50.002 10 INFO neutron.plugins.ml2.drivers.ovn.mech_driver.mech_driver [None req-eee4468b-8da6-4f02-957f-82083b5051aa - - - - - -] OVN reports status up for port: e6e0cd3e-7083-4193-877b-887d7ee65c05
2026-06-27 10:09:50.023 10 INFO neutron.plugins.ml2.plugin [None req-eee4468b-8da6-4f02-957f-82083b5051aa - - - - - -] Attempt 1 to provision port e6e0cd3e-7083-4193-877b-887d7ee65c05
2026-06-27 10:09:50.060 10 INFO neutron.db.ovn_revision_numbers_db [None req-ba9670fc-3c1b-4778-9ada-fe3de6736427 - - - - - -] Successfully bumped revision number for resource 50a5c322-a67e-4498-9dab-35eb99b5db7c (type: ports) to 4
2026-06-27 10:09:50.067 9 INFO neutron.db.ovn_revision_numbers_db [None req-6a3b5a95-751d-424e-a9a5-815e030d692a dfb440b915ca4f7bbbfb5006eca8a0ae 9a00310324314d5e918076dd2c3fd0e0 - - default default] Successfully bumped revision number for resource a4381584-a50d-47e6-b700-af47c974ce88 (type: ports) to 1
2026-06-27 10:09:50.177 9 INFO neutron.wsgi [None req-84a8b00d-6fc7-4715-a00d-7158b167d1a7 d7084b42becf4b599e8970dfec32f5a2 29cf855aa6fd4a9f9704eaa2a21cf674 - - default default] 10.0.0.56 "DELETE /v2.0/security-groups/bd37d932-8afa-4290-a54f-1e8f786c260a HTTP/1.1" status: 204 len: 168 time: 0.3592405
2026-06-27 10:09:50.183 9 WARNING neutron.scheduler.dhcp_agent_scheduler [None req-6a3b5a95-751d-424e-a9a5-815e030d692a dfb440b915ca4f7bbbfb5006eca8a0ae 9a00310324314d5e918076dd2c3fd0e0 - - default default] No more DHCP agents
2026-06-27 10:09:50.183 9 INFO neutron.db.ovn_revision_numbers_db [None req-e811a9ff-2b3e-4e67-9556-b35c447fd06a 66f44305bd3b45c6a88949eef14e3acf 36f3d3a35f264a3e968c1409f2bc01cc - - default default] Successfully bumped revision number for resource ed3751a8-53cb-4602-b352-e00435878fe0 (type: networks) to 1
2026-06-27 10:09:50.184 9 WARNING neutron.api.rpc.agentnotifiers.dhcp_rpc_agent_api [None req-6a3b5a95-751d-424e-a9a5-815e030d692a dfb440b915ca4f7bbbfb5006eca8a0ae 9a00310324314d5e918076dd2c3fd0e0 - - default default] Unable to schedule network b654258a-be6e-4e54-a283-9689849aecd9: no agents available; will retry on subsequent port and subnet creation events.
2026-06-27 10:09:50.419 10 INFO neutron.db.ovn_revision_numbers_db [None req-d29ded00-2387-4fb8-aad2-3250833a5a84 659ee6a8212b4de498eb148c7be465be f0d6ab3d15d341f68933e3d9c02f5111 - - default default] Successfully bumped revision number for resource e6e0cd3e-7083-4193-877b-887d7ee65c05 (type: router_ports) to 1
2026-06-27 10:09:50.421 10 INFO neutron.wsgi [None req-d29ded00-2387-4fb8-aad2-3250833a5a84 659ee6a8212b4de498eb148c7be465be f0d6ab3d15d341f68933e3d9c02f5111 - - default default] 10.0.0.56 "PUT /v2.0/routers/a6db30da-758e-465d-95b5-c78bdda64a04/add_router_interface HTTP/1.1" status: 200 len: 503 time: 4.0340927
2026-06-27 10:09:50.555 10 INFO neutron.wsgi [None req-5acc06c7-3af4-4084-b940-de48a8c6f0f5 f7d89717c1164a95a69f1f930f79e529 3b3936e8210544f3950a054774c672df - - default default] 10.0.0.56 "GET /v2.0/networks HTTP/1.1" status: 200 len: 7600 time: 0.1262381
2026-06-27 10:09:50.578 10 INFO neutron.db.ovn_revision_numbers_db [None req-ba9670fc-3c1b-4778-9ada-fe3de6736427 - - - - - -] Successfully bumped revision number for resource 50a5c322-a67e-4498-9dab-35eb99b5db7c (type: router_ports) to 4
2026-06-27 10:09:50.622 10 INFO neutron.wsgi [None req-671f222c-7500-47c6-a52a-6afeb083ba0a f7d89717c1164a95a69f1f930f79e529 3b3936e8210544f3950a054774c672df - - default default] 10.0.0.56 "GET /v2.0/subnets HTTP/1.1" status: 200 len: 6152 time: 0.0588129
2026-06-27 10:09:50.845 9 WARNING neutron.scheduler.dhcp_agent_scheduler [None req-e811a9ff-2b3e-4e67-9556-b35c447fd06a 66f44305bd3b45c6a88949eef14e3acf 36f3d3a35f264a3e968c1409f2bc01cc - - default default] No more DHCP agents
2026-06-27 10:09:50.850 9 WARNING neutron.api.rpc.agentnotifiers.dhcp_rpc_agent_api [None req-e811a9ff-2b3e-4e67-9556-b35c447fd06a 66f44305bd3b45c6a88949eef14e3acf 36f3d3a35f264a3e968c1409f2bc01cc - - default default] Unable to schedule network ed3751a8-53cb-4602-b352-e00435878fe0: no agents available; will retry on subsequent port and subnet creation events.
2026-06-27 10:09:50.935 10 INFO neutron.db.ovn_revision_numbers_db [None req-eee4468b-8da6-4f02-957f-82083b5051aa - - - - - -] Successfully bumped revision number for resource e6e0cd3e-7083-4193-877b-887d7ee65c05 (type: ports) to 2
2026-06-27 10:09:50.971 10 INFO neutron.wsgi [None req-d50f7fdb-0e8a-484a-adaa-4bd948eb33dd f7d89717c1164a95a69f1f930f79e529 3b3936e8210544f3950a054774c672df - - default default] 10.0.0.56 "GET /v2.0/routers HTTP/1.1" status: 200 len: 1541 time: 0.3355989
2026-06-27 10:09:50.992 9 INFO neutron.db.ovn_revision_numbers_db [None req-e811a9ff-2b3e-4e67-9556-b35c447fd06a 66f44305bd3b45c6a88949eef14e3acf 36f3d3a35f264a3e968c1409f2bc01cc - - default default] Successfully bumped revision number for resource afe91f43-0a4a-4f79-ae28-03648a270876 (type: ports) to 1
2026-06-27 10:09:51.030 9 INFO neutron.wsgi [None req-e811a9ff-2b3e-4e67-9556-b35c447fd06a 66f44305bd3b45c6a88949eef14e3acf 36f3d3a35f264a3e968c1409f2bc01cc - - default default] 10.0.0.56 "POST /v2.0/networks HTTP/1.1" status: 201 len: 830 time: 1.1601853
2026-06-27 10:09:51.058 9 INFO neutron.db.ovn_revision_numbers_db [None req-6a3b5a95-751d-424e-a9a5-815e030d692a dfb440b915ca4f7bbbfb5006eca8a0ae 9a00310324314d5e918076dd2c3fd0e0 - - default default] Successfully bumped revision number for resource a4381584-a50d-47e6-b700-af47c974ce88 (type: router_ports) to 1
2026-06-27 10:09:51.061 9 INFO neutron.wsgi [None req-6a3b5a95-751d-424e-a9a5-815e030d692a dfb440b915ca4f7bbbfb5006eca8a0ae 9a00310324314d5e918076dd2c3fd0e0 - - default default] 10.0.0.56 "PUT /v2.0/routers/a5c36d94-68c9-462d-af8f-0269a330d845/add_router_interface HTTP/1.1" status: 200 len: 503 time: 2.8301737
2026-06-27 10:09:51.109 10 INFO neutron.db.ovn_revision_numbers_db [None req-eee4468b-8da6-4f02-957f-82083b5051aa - - - - - -] Successfully bumped revision number for resource e6e0cd3e-7083-4193-877b-887d7ee65c05 (type: router_ports) to 2
2026-06-27 10:09:51.149 10 INFO neutron.db.segments_db [None req-7409db9c-bbab-42a9-804e-84509447ac1f 66f44305bd3b45c6a88949eef14e3acf 36f3d3a35f264a3e968c1409f2bc01cc - - default default] Added segment 40c93864-6c8c-45b9-a1c3-a36daec2b08b of type geneve for network 10d2bf7a-5fc0-4344-b397-d659f213f2b8
2026-06-27 10:09:51.245 10 INFO neutron.db.ovn_revision_numbers_db [None req-27d111df-2c89-48d3-928f-1ef67978502f 659ee6a8212b4de498eb148c7be465be f0d6ab3d15d341f68933e3d9c02f5111 - - default default] Successfully bumped revision number for resource 12477ff0-91b1-499e-b678-0b0fa5b7a5b3 (type: security_groups) to 1
2026-06-27 10:09:51.270 10 INFO neutron.db.ovn_revision_numbers_db [None req-27d111df-2c89-48d3-928f-1ef67978502f 659ee6a8212b4de498eb148c7be465be f0d6ab3d15d341f68933e3d9c02f5111 - - default default] Successfully bumped revision number for resource 05b26860-7bb8-4c4b-a45e-4f8aa94186c9 (type: security_group_rules) to 0
2026-06-27 10:09:51.297 10 INFO neutron.db.ovn_revision_numbers_db [None req-27d111df-2c89-48d3-928f-1ef67978502f 659ee6a8212b4de498eb148c7be465be f0d6ab3d15d341f68933e3d9c02f5111 - - default default] Successfully bumped revision number for resource 54eddaa7-432c-4eaf-b13f-98a6ba72b223 (type: security_group_rules) to 0
2026-06-27 10:09:51.320 10 INFO neutron.wsgi [None req-27d111df-2c89-48d3-928f-1ef67978502f 659ee6a8212b4de498eb148c7be465be f0d6ab3d15d341f68933e3d9c02f5111 - - default default] 10.0.0.56 "POST /v2.0/security-groups HTTP/1.1" status: 201 len: 1811 time: 0.2560556
2026-06-27 10:09:51.333 10 INFO neutron.db.ovn_revision_numbers_db [None req-7409db9c-bbab-42a9-804e-84509447ac1f 66f44305bd3b45c6a88949eef14e3acf 36f3d3a35f264a3e968c1409f2bc01cc - - default default] Successfully bumped revision number for resource 10d2bf7a-5fc0-4344-b397-d659f213f2b8 (type: networks) to 1
2026-06-27 10:09:51.502 10 WARNING neutron.scheduler.dhcp_agent_scheduler [None req-7409db9c-bbab-42a9-804e-84509447ac1f 66f44305bd3b45c6a88949eef14e3acf 36f3d3a35f264a3e968c1409f2bc01cc - - default default] No more DHCP agents
2026-06-27 10:09:51.503 10 WARNING neutron.api.rpc.agentnotifiers.dhcp_rpc_agent_api [None req-7409db9c-bbab-42a9-804e-84509447ac1f 66f44305bd3b45c6a88949eef14e3acf 36f3d3a35f264a3e968c1409f2bc01cc - - default default] Unable to schedule network 10d2bf7a-5fc0-4344-b397-d659f213f2b8: no agents available; will retry on subsequent port and subnet creation events.
2026-06-27 10:09:51.554 9 INFO neutron.db.ovn_revision_numbers_db [None req-79d26b5f-52bd-435a-90a1-f1afb2038b75 659ee6a8212b4de498eb148c7be465be f0d6ab3d15d341f68933e3d9c02f5111 - - default default] Successfully bumped revision number for resource 438bf666-2ef8-4583-95eb-352cd3e53e15 (type: security_group_rules) to 0
2026-06-27 10:09:51.592 9 INFO neutron.wsgi [None req-79d26b5f-52bd-435a-90a1-f1afb2038b75 659ee6a8212b4de498eb148c7be465be f0d6ab3d15d341f68933e3d9c02f5111 - - default default] 10.0.0.56 "POST /v2.0/security-group-rules HTTP/1.1" status: 201 len: 764 time: 0.2663257
2026-06-27 10:09:51.593 10 INFO neutron.db.ovn_revision_numbers_db [None req-7409db9c-bbab-42a9-804e-84509447ac1f 66f44305bd3b45c6a88949eef14e3acf 36f3d3a35f264a3e968c1409f2bc01cc - - default default] Successfully bumped revision number for resource aacf04d0-5e3c-4d2d-b346-66bdd9c325c0 (type: ports) to 1
2026-06-27 10:09:51.626 10 INFO neutron.wsgi [None req-7409db9c-bbab-42a9-804e-84509447ac1f 66f44305bd3b45c6a88949eef14e3acf 36f3d3a35f264a3e968c1409f2bc01cc - - default default] 10.0.0.56 "POST /v2.0/networks HTTP/1.1" status: 201 len: 831 time: 0.5874350
2026-06-27 10:09:51.730 10 INFO neutron.db.segments_db [None req-70e1bc2f-055b-4ff6-9b8c-5377f665dcc4 66f44305bd3b45c6a88949eef14e3acf 36f3d3a35f264a3e968c1409f2bc01cc - - default default] Added segment cbc98cfd-edca-43a2-83af-30b68b9974dc of type geneve for network 6a07bd39-1bad-42ee-acee-dfed3bade564
2026-06-27 10:09:51.731 10 INFO neutron.db.ovn_revision_numbers_db [None req-20fff984-f175-4f40-91a3-9960c4505eeb 659ee6a8212b4de498eb148c7be465be f0d6ab3d15d341f68933e3d9c02f5111 - - default default] Successfully bumped revision number for resource 6e5b22de-4c31-4ebd-91fa-4e31aed2088a (type: security_group_rules) to 0
2026-06-27 10:09:51.736 9 WARNING neutron.scheduler.dhcp_agent_scheduler [None req-40b111f7-5a45-4c0d-ac6d-99c1a26729da dfb440b915ca4f7bbbfb5006eca8a0ae 9a00310324314d5e918076dd2c3fd0e0 - - default default] No more DHCP agents
2026-06-27 10:09:51.738 9 WARNING neutron.api.rpc.agentnotifiers.dhcp_rpc_agent_api [None req-40b111f7-5a45-4c0d-ac6d-99c1a26729da dfb440b915ca4f7bbbfb5006eca8a0ae 9a00310324314d5e918076dd2c3fd0e0 - - default default] Unable to schedule network 22ea5bc1-c64c-4db3-bcb1-385d312935cb: no agents available; will retry on subsequent port and subnet creation events.
2026-06-27 10:09:51.764 10 INFO neutron.wsgi [None req-20fff984-f175-4f40-91a3-9960c4505eeb 659ee6a8212b4de498eb148c7be465be f0d6ab3d15d341f68933e3d9c02f5111 - - default default] 10.0.0.56 "POST /v2.0/security-group-rules HTTP/1.1" status: 201 len: 763 time: 0.1661637
2026-06-27 10:09:51.904 10 INFO neutron.db.ovn_revision_numbers_db [None req-70e1bc2f-055b-4ff6-9b8c-5377f665dcc4 66f44305bd3b45c6a88949eef14e3acf 36f3d3a35f264a3e968c1409f2bc01cc - - default default] Successfully bumped revision number for resource 6a07bd39-1bad-42ee-acee-dfed3bade564 (type: networks) to 1
2026-06-27 10:09:51.944 9 INFO neutron.db.ovn_revision_numbers_db [None req-40b111f7-5a45-4c0d-ac6d-99c1a26729da dfb440b915ca4f7bbbfb5006eca8a0ae 9a00310324314d5e918076dd2c3fd0e0 - - default default] Successfully bumped revision number for resource 389555dd-af20-417f-be2b-85a2c4bdc7a1 (type: ports) to 1
2026-06-27 10:09:52.003 10 INFO neutron.db.ovn_revision_numbers_db [None req-8da6d8ac-a40a-4eca-8897-dbfd3be9e21f 659ee6a8212b4de498eb148c7be465be f0d6ab3d15d341f68933e3d9c02f5111 - - default default] Successfully bumped revision number for resource 7433f52d-6713-4d86-ae0f-b465868d7a7e (type: security_group_rules) to 0
2026-06-27 10:09:52.054 10 INFO neutron.wsgi [None req-8da6d8ac-a40a-4eca-8897-dbfd3be9e21f 659ee6a8212b4de498eb148c7be465be f0d6ab3d15d341f68933e3d9c02f5111 - - default default] 10.0.0.56 "POST /v2.0/security-group-rules HTTP/1.1" status: 201 len: 769 time: 0.2838786
2026-06-27 10:09:52.078 9 WARNING neutron.plugins.ml2.drivers.ovn.mech_driver.ovsdb.ovn_client [None req-52e93dfb-9160-4bd6-86b2-6619b950589b - - - - - -] No hosting information found for port b084a4a0-523b-4748-8cd5-d7fc651cc3f1: RuntimeError: No hosting information found for port b084a4a0-523b-4748-8cd5-d7fc651cc3f1
2026-06-27 10:09:52.078 9 INFO neutron.plugins.ml2.drivers.ovn.mech_driver.mech_driver [None req-52e93dfb-9160-4bd6-86b2-6619b950589b - - - - - -] OVN reports status up for port: a4381584-a50d-47e6-b700-af47c974ce88
2026-06-27 10:09:52.092 9 INFO neutron.plugins.ml2.plugin [None req-52e93dfb-9160-4bd6-86b2-6619b950589b - - - - - -] Attempt 1 to provision port a4381584-a50d-47e6-b700-af47c974ce88
2026-06-27 10:09:52.177 10 WARNING neutron.scheduler.dhcp_agent_scheduler [None req-70e1bc2f-055b-4ff6-9b8c-5377f665dcc4 66f44305bd3b45c6a88949eef14e3acf 36f3d3a35f264a3e968c1409f2bc01cc - - default default] No more DHCP agents
2026-06-27 10:09:52.184 10 WARNING neutron.api.rpc.agentnotifiers.dhcp_rpc_agent_api [None req-70e1bc2f-055b-4ff6-9b8c-5377f665dcc4 66f44305bd3b45c6a88949eef14e3acf 36f3d3a35f264a3e968c1409f2bc01cc - - default default] Unable to schedule network 6a07bd39-1bad-42ee-acee-dfed3bade564: no agents available; will retry on subsequent port and subnet creation events.
2026-06-27 10:09:52.311 10 INFO neutron.db.ovn_revision_numbers_db [None req-70e1bc2f-055b-4ff6-9b8c-5377f665dcc4 66f44305bd3b45c6a88949eef14e3acf 36f3d3a35f264a3e968c1409f2bc01cc - - default default] Successfully bumped revision number for resource 99143572-8dc6-4770-ac1a-4230191d386a (type: ports) to 1
2026-06-27 10:09:52.314 10 INFO neutron.db.ovn_revision_numbers_db [None req-23a47fb6-0f43-4106-b4f8-eb05121dfec8 659ee6a8212b4de498eb148c7be465be f0d6ab3d15d341f68933e3d9c02f5111 - - default default] Successfully bumped revision number for resource e3181228-5cec-408b-9f5b-f5bba061ac8a (type: security_group_rules) to 0
2026-06-27 10:09:52.366 10 INFO neutron.wsgi [None req-70e1bc2f-055b-4ff6-9b8c-5377f665dcc4 66f44305bd3b45c6a88949eef14e3acf 36f3d3a35f264a3e968c1409f2bc01cc - - default default] 10.0.0.56 "POST /v2.0/networks HTTP/1.1" status: 201 len: 831 time: 0.7325923
2026-06-27 10:09:52.370 10 INFO neutron.wsgi [None req-23a47fb6-0f43-4106-b4f8-eb05121dfec8 659ee6a8212b4de498eb148c7be465be f0d6ab3d15d341f68933e3d9c02f5111 - - default default] 10.0.0.56 "POST /v2.0/security-group-rules HTTP/1.1" status: 201 len: 768 time: 0.3018570
2026-06-27 10:09:52.442 10 INFO neutron.wsgi [None req-58d51b5a-f3a9-4332-a7ff-89b0b1442bf7 66f44305bd3b45c6a88949eef14e3acf 36f3d3a35f264a3e968c1409f2bc01cc - - default default] 10.0.0.56 "PUT /v2.0/networks/d1df9083-372f-492f-8225-13111f0e3ecc/tags HTTP/1.1" status: 200 len: 210 time: 0.0676835
2026-06-27 10:09:52.442 9 INFO neutron.db.securitygroups_db [None req-f310973d-b492-499a-abcf-8fa52db70c50 659ee6a8212b4de498eb148c7be465be f0d6ab3d15d341f68933e3d9c02f5111 - - default default] Project f0d6ab3d15d341f68933e3d9c02f5111 added a security group rule with legacy IPv6 ICMP protocol name icmp, ipv6-icmp should be used instead. It was automatically converted.
2026-06-27 10:09:52.510 10 INFO neutron.wsgi [None req-d46b6026-403d-4db7-b181-9404d436ec7b 66f44305bd3b45c6a88949eef14e3acf 36f3d3a35f264a3e968c1409f2bc01cc - - default default] 10.0.0.56 "PUT /v2.0/networks/aa510d90-2658-4000-90a2-cec1e6428232/tags HTTP/1.1" status: 200 len: 218 time: 0.0618129
2026-06-27 10:09:52.573 10 INFO neutron.wsgi [None req-929fd1b8-bf1a-4ac3-a6b8-80ad7add3cbd 66f44305bd3b45c6a88949eef14e3acf 36f3d3a35f264a3e968c1409f2bc01cc - - default default] 10.0.0.56 "PUT /v2.0/networks/ed3751a8-53cb-4602-b352-e00435878fe0/tags HTTP/1.1" status: 200 len: 227 time: 0.0580015
2026-06-27 10:09:52.597 9 INFO neutron.db.ovn_revision_numbers_db [None req-52e93dfb-9160-4bd6-86b2-6619b950589b - - - - - -] Successfully bumped revision number for resource a4381584-a50d-47e6-b700-af47c974ce88 (type: ports) to 2
2026-06-27 10:09:52.631 10 INFO neutron.wsgi [None req-66991152-ff57-4be3-a544-67f2598d84a6 66f44305bd3b45c6a88949eef14e3acf 36f3d3a35f264a3e968c1409f2bc01cc - - default default] 10.0.0.56 "PUT /v2.0/networks/10d2bf7a-5fc0-4344-b397-d659f213f2b8/tags HTTP/1.1" status: 200 len: 212 time: 0.0543783
2026-06-27 10:09:52.687 9 INFO neutron.db.ovn_revision_numbers_db [None req-f310973d-b492-499a-abcf-8fa52db70c50 659ee6a8212b4de498eb148c7be465be f0d6ab3d15d341f68933e3d9c02f5111 - - default default] Successfully bumped revision number for resource cb15afe1-712e-4ff8-84d9-145b692ea7c6 (type: security_group_rules) to 0
2026-06-27 10:09:52.727 10 INFO neutron.wsgi [None req-2c16294e-4dc3-41d0-b375-b6acaab1fe59 66f44305bd3b45c6a88949eef14e3acf 36f3d3a35f264a3e968c1409f2bc01cc - - default default] 10.0.0.56 "GET /v2.0/networks?tags=red HTTP/1.1" status: 200 len: 2068 time: 0.0923026
2026-06-27 10:09:52.753 9 INFO neutron.wsgi [None req-f310973d-b492-499a-abcf-8fa52db70c50 659ee6a8212b4de498eb148c7be465be f0d6ab3d15d341f68933e3d9c02f5111 - - default default] 10.0.0.56 "POST /v2.0/security-group-rules HTTP/1.1" status: 201 len: 774 time: 0.3719511
2026-06-27 10:09:52.803 9 INFO neutron.db.securitygroups_db [None req-2d36eda5-7d59-4c23-923a-403b45a7dd4c 659ee6a8212b4de498eb148c7be465be f0d6ab3d15d341f68933e3d9c02f5111 - - default default] Project f0d6ab3d15d341f68933e3d9c02f5111 added a security group rule with legacy IPv6 ICMP protocol name icmp, ipv6-icmp should be used instead. It was automatically converted.
2026-06-27 10:09:52.816 10 INFO neutron.wsgi [None req-b94c9c45-4d85-4500-b079-1a69eec6011b 66f44305bd3b45c6a88949eef14e3acf 36f3d3a35f264a3e968c1409f2bc01cc - - default default] 10.0.0.56 "GET /v2.0/networks?tags=red%2Cblue HTTP/1.1" status: 200 len: 1456 time: 0.0856719
2026-06-27 10:09:52.864 9 INFO neutron.db.ovn_revision_numbers_db [None req-52e93dfb-9160-4bd6-86b2-6619b950589b - - - - - -] Successfully bumped revision number for resource a4381584-a50d-47e6-b700-af47c974ce88 (type: router_ports) to 2
2026-06-27 10:09:52.921 10 INFO neutron.wsgi [None req-8663ee3c-8869-40e5-ad61-bc819931dac6 66f44305bd3b45c6a88949eef14e3acf 36f3d3a35f264a3e968c1409f2bc01cc - - default default] 10.0.0.56 "GET /v2.0/networks?tags-any=blue HTTP/1.1" status: 200 len: 1456 time: 0.0990517
2026-06-27 10:09:52.927 9 INFO neutron.db.ovn_revision_numbers_db [None req-40b111f7-5a45-4c0d-ac6d-99c1a26729da dfb440b915ca4f7bbbfb5006eca8a0ae 9a00310324314d5e918076dd2c3fd0e0 - - default default] Successfully bumped revision number for resource 389555dd-af20-417f-be2b-85a2c4bdc7a1 (type: router_ports) to 1
2026-06-27 10:09:52.985 10 INFO neutron.wsgi [None req-91de0695-401a-42a0-8fab-5e8be2cae837 66f44305bd3b45c6a88949eef14e3acf 36f3d3a35f264a3e968c1409f2bc01cc - - default default] 10.0.0.56 "GET /v2.0/networks?tags-any=red%2Cblue HTTP/1.1" status: 200 len: 2068 time: 0.0596750
2026-06-27 10:09:53.039 9 INFO neutron.db.ovn_revision_numbers_db [None req-2d36eda5-7d59-4c23-923a-403b45a7dd4c 659ee6a8212b4de498eb148c7be465be f0d6ab3d15d341f68933e3d9c02f5111 - - default default] Successfully bumped revision number for resource 73f30a54-3742-4ad3-89f9-034227047716 (type: security_group_rules) to 0
2026-06-27 10:09:53.072 9 INFO neutron.wsgi [None req-2d36eda5-7d59-4c23-923a-403b45a7dd4c 659ee6a8212b4de498eb148c7be465be f0d6ab3d15d341f68933e3d9c02f5111 - - default default] 10.0.0.56 "POST /v2.0/security-group-rules HTTP/1.1" status: 201 len: 773 time: 0.3119674
2026-06-27 10:09:53.105 10 INFO neutron.wsgi [None req-e68b91e0-8e56-4079-83bb-d1e543aebdc7 66f44305bd3b45c6a88949eef14e3acf 36f3d3a35f264a3e968c1409f2bc01cc - - default default] 10.0.0.56 "GET /v2.0/networks?not-tags=red HTTP/1.1" status: 200 len: 2069 time: 0.1165109
2026-06-27 10:09:53.150 9 INFO neutron.db.ovn_revision_numbers_db [None req-40b111f7-5a45-4c0d-ac6d-99c1a26729da dfb440b915ca4f7bbbfb5006eca8a0ae 9a00310324314d5e918076dd2c3fd0e0 - - default default] Successfully bumped revision number for resource 389555dd-af20-417f-be2b-85a2c4bdc7a1 (type: ports) to 1
2026-06-27 10:09:53.230 10 INFO neutron.wsgi [None req-cff9786d-0828-4bd9-b54e-39633e25d482 66f44305bd3b45c6a88949eef14e3acf 36f3d3a35f264a3e968c1409f2bc01cc - - default default] 10.0.0.56 "GET /v2.0/networks?not-tags=red%2Cblue HTTP/1.1" status: 200 len: 2681 time: 0.1216872
2026-06-27 10:09:53.255 9 WARNING neutron.scheduler.dhcp_agent_scheduler [None req-40b111f7-5a45-4c0d-ac6d-99c1a26729da dfb440b915ca4f7bbbfb5006eca8a0ae 9a00310324314d5e918076dd2c3fd0e0 - - default default] No more DHCP agents
2026-06-27 10:09:53.257 9 WARNING neutron.api.rpc.agentnotifiers.dhcp_rpc_agent_api [None req-40b111f7-5a45-4c0d-ac6d-99c1a26729da dfb440b915ca4f7bbbfb5006eca8a0ae 9a00310324314d5e918076dd2c3fd0e0 - - default default] Unable to schedule network 22ea5bc1-c64c-4db3-bcb1-385d312935cb: no agents available; will retry on subsequent port and subnet creation events.
2026-06-27 10:09:53.403 10 INFO neutron.wsgi [None req-3b8dd383-3a65-4fbb-a01a-6e946ff43753 66f44305bd3b45c6a88949eef14e3acf 36f3d3a35f264a3e968c1409f2bc01cc - - default default] 10.0.0.56 "GET /v2.0/networks?not-tags-any=blue HTTP/1.1" status: 200 len: 2681 time: 0.1686831
2026-06-27 10:09:53.514 10 INFO neutron.wsgi [None req-c0e5c0b3-fb3e-4a92-b531-5ee24e9e808a 66f44305bd3b45c6a88949eef14e3acf 36f3d3a35f264a3e968c1409f2bc01cc - - default default] 10.0.0.56 "GET /v2.0/networks?not-tags-any=red%2Cblue HTTP/1.1" status: 200 len: 2069 time: 0.1019561
2026-06-27 10:09:53.709 9 INFO neutron.db.ovn_revision_numbers_db [None req-40b111f7-5a45-4c0d-ac6d-99c1a26729da dfb440b915ca4f7bbbfb5006eca8a0ae 9a00310324314d5e918076dd2c3fd0e0 - - default default] Successfully bumped revision number for resource 389555dd-af20-417f-be2b-85a2c4bdc7a1 (type: router_ports) to 1
2026-06-27 10:09:53.712 9 INFO neutron.wsgi [None req-40b111f7-5a45-4c0d-ac6d-99c1a26729da dfb440b915ca4f7bbbfb5006eca8a0ae 9a00310324314d5e918076dd2c3fd0e0 - - default default] 10.0.0.56 "PUT /v2.0/routers/a5c36d94-68c9-462d-af8f-0269a330d845/add_router_interface HTTP/1.1" status: 200 len: 503 time: 2.6377325
2026-06-27 10:09:53.851 10 INFO neutron.wsgi [None req-5b9fd0e8-8e69-43d1-a94b-a1ef578b4dc9 659ee6a8212b4de498eb148c7be465be f0d6ab3d15d341f68933e3d9c02f5111 - - default default] 10.0.0.56 "GET /v2.0/networks HTTP/1.1" status: 200 len: 1492 time: 0.3611658
2026-06-27 10:09:53.918 9 INFO neutron.db.ovn_revision_numbers_db [None req-afaccba2-e381-4050-96da-44b073822b6f dfb440b915ca4f7bbbfb5006eca8a0ae 9a00310324314d5e918076dd2c3fd0e0 - - default default] Successfully bumped revision number for resource ae1d6027-47fc-4b41-83c8-29f84d42fdc2 (type: security_groups) to 1
2026-06-27 10:09:53.948 9 INFO neutron.db.ovn_revision_numbers_db [None req-afaccba2-e381-4050-96da-44b073822b6f dfb440b915ca4f7bbbfb5006eca8a0ae 9a00310324314d5e918076dd2c3fd0e0 - - default default] Successfully bumped revision number for resource 1b72c51f-5f9d-4e37-8a6a-f5796aef55c5 (type: security_group_rules) to 0
2026-06-27 10:09:53.969 9 INFO neutron.wsgi [req-3cb59480-541a-421d-b02d-90965cd969e2 req-4245c4ce-b2ea-4d95-93c6-0d3f00c0a79a 659ee6a8212b4de498eb148c7be465be f0d6ab3d15d341f68933e3d9c02f5111 - - default default] 10.0.0.87 "GET /v2.0/security-groups?name=tempest-secgroup-smoke-1596324882&fields=id&tenant_id=f0d6ab3d15d341f68933e3d9c02f5111 HTTP/1.1" status: 200 len: 267 time: 0.0415184
2026-06-27 10:09:53.969 9 INFO neutron.db.ovn_revision_numbers_db [None req-afaccba2-e381-4050-96da-44b073822b6f dfb440b915ca4f7bbbfb5006eca8a0ae 9a00310324314d5e918076dd2c3fd0e0 - - default default] Successfully bumped revision number for resource a76e7f68-e800-4578-a90e-11773ab25b37 (type: security_group_rules) to 0
2026-06-27 10:09:53.996 9 INFO neutron.wsgi [None req-afaccba2-e381-4050-96da-44b073822b6f dfb440b915ca4f7bbbfb5006eca8a0ae 9a00310324314d5e918076dd2c3fd0e0 - - default default] 10.0.0.56 "POST /v2.0/security-groups HTTP/1.1" status: 201 len: 1763 time: 0.2227190
2026-06-27 10:09:54.058 9 INFO neutron.wsgi [req-3cb59480-541a-421d-b02d-90965cd969e2 req-b6838b19-7386-432a-b419-57684f9a25c5 659ee6a8212b4de498eb148c7be465be f0d6ab3d15d341f68933e3d9c02f5111 - - default default] 10.0.0.87 "GET /v2.0/networks?id=4fff5397-4dd6-490b-8fc7-a0c05545dc50 HTTP/1.1" status: 200 len: 859 time: 0.0814502
2026-06-27 10:09:54.088 9 INFO neutron.wsgi [req-3cb59480-541a-421d-b02d-90965cd969e2 req-1edbfdf2-831f-4f38-addb-eb1e5bf63d5f 659ee6a8212b4de498eb148c7be465be f0d6ab3d15d341f68933e3d9c02f5111 - - default default] 10.0.0.87 "GET /v2.0/quotas/f0d6ab3d15d341f68933e3d9c02f5111 HTTP/1.1" status: 200 len: 386 time: 0.0213857
2026-06-27 10:09:54.198 9 INFO neutron.wsgi [req-3cb59480-541a-421d-b02d-90965cd969e2 req-94dd1c22-7479-4e29-80e8-5be4d06d4149 659ee6a8212b4de498eb148c7be465be f0d6ab3d15d341f68933e3d9c02f5111 - - default default] 10.0.0.87 "GET /v2.0/ports?tenant_id=f0d6ab3d15d341f68933e3d9c02f5111&fields=id HTTP/1.1" status: 200 len: 302 time: 0.1043050
2026-06-27 10:09:54.207 9 INFO neutron.db.ovn_revision_numbers_db [None req-da001b44-d3bf-4641-b9f7-a47bcbc7df52 dfb440b915ca4f7bbbfb5006eca8a0ae 9a00310324314d5e918076dd2c3fd0e0 - - default default] Successfully bumped revision number for resource 2d576e9a-b775-4046-8f71-b70617e3f401 (type: security_group_rules) to 0
2026-06-27 10:09:54.275 9 INFO neutron.wsgi [None req-da001b44-d3bf-4641-b9f7-a47bcbc7df52 dfb440b915ca4f7bbbfb5006eca8a0ae 9a00310324314d5e918076dd2c3fd0e0 - - default default] 10.0.0.56 "POST /v2.0/security-group-rules HTTP/1.1" status: 201 len: 764 time: 0.2735660
2026-06-27 10:09:54.302 9 INFO neutron.wsgi [req-3cb59480-541a-421d-b02d-90965cd969e2 req-9758bdcf-1687-483e-8092-0ddf54c31dca b06a8ef406b64a53b92cc7175f827a1d ee04220336ac416da3ce6298b8609a20 - - 37f3b442b15a4d2c802eb8f99e1e291c 37f3b442b15a4d2c802eb8f99e1e291c] 10.0.0.87 "GET /v2.0/networks/4fff5397-4dd6-490b-8fc7-a0c05545dc50?fields=segments HTTP/1.1" status: 200 len: 212 time: 0.0911944
2026-06-27 10:09:54.321 10 INFO neutron.services.segments.plugin [-] Segment 89aa6835-54a2-4c33-93e1-b25d19c5c39d resource provider aggregate not found
2026-06-27 10:09:54.332 10 INFO neutron.services.segments.plugin [-] Segment 89aa6835-54a2-4c33-93e1-b25d19c5c39d resource provider aggregate not found
2026-06-27 10:09:54.355 10 INFO neutron.services.segments.plugin [-] Segment 89aa6835-54a2-4c33-93e1-b25d19c5c39d resource provider not found; error: Placement Client Error (4xx): {"errors": [{"status": 404, "title": "Not Found", "detail": "The resource could not be found.\n\n No resource provider with uuid 89aa6835-54a2-4c33-93e1-b25d19c5c39d found for delete ", "request_id": "req-7fb3861a-5641-4729-be03-96eacb53fc20"}]}
2026-06-27 10:09:54.364 10 INFO neutron.services.segments.plugin [-] Segment 89aa6835-54a2-4c33-93e1-b25d19c5c39d resource provider not found; error: Placement Client Error (4xx): {"errors": [{"status": 404, "title": "Not Found", "detail": "The resource could not be found.\n\n No resource provider with uuid 89aa6835-54a2-4c33-93e1-b25d19c5c39d found for delete ", "request_id": "req-0e31108d-1669-4fe5-9323-08a7ff1fe198"}]}
2026-06-27 10:09:54.406 10 INFO neutron.wsgi [None req-aba5f24a-4360-45a5-9b45-09dc1282e888 66f44305bd3b45c6a88949eef14e3acf 36f3d3a35f264a3e968c1409f2bc01cc - - default default] 10.0.0.56 "DELETE /v2.0/networks/d1df9083-372f-492f-8225-13111f0e3ecc HTTP/1.1" status: 204 len: 168 time: 0.8844526
2026-06-27 10:09:54.407 9 INFO neutron.wsgi [req-3cb59480-541a-421d-b02d-90965cd969e2 req-d56240ab-a03e-4b77-bcc0-3682a4b9ec50 b06a8ef406b64a53b92cc7175f827a1d ee04220336ac416da3ce6298b8609a20 - - 37f3b442b15a4d2c802eb8f99e1e291c 37f3b442b15a4d2c802eb8f99e1e291c] 10.0.0.87 "GET /v2.0/networks/4fff5397-4dd6-490b-8fc7-a0c05545dc50?fields=provider%3Aphysical_network&fields=provider%3Anetwork_type HTTP/1.1" status: 200 len: 277 time: 0.0976896
2026-06-27 10:09:54.480 10 INFO neutron.db.ovn_revision_numbers_db [None req-b7e058eb-2d89-4579-8c98-031e5b102f31 dfb440b915ca4f7bbbfb5006eca8a0ae 9a00310324314d5e918076dd2c3fd0e0 - - default default] Successfully bumped revision number for resource 5feb4678-a713-4c99-8503-37f8fb51188b (type: security_group_rules) to 0
2026-06-27 10:09:54.508 10 INFO neutron.wsgi [None req-b7e058eb-2d89-4579-8c98-031e5b102f31 dfb440b915ca4f7bbbfb5006eca8a0ae 9a00310324314d5e918076dd2c3fd0e0 - - default default] 10.0.0.56 "POST /v2.0/security-group-rules HTTP/1.1" status: 201 len: 764 time: 0.2264528
2026-06-27 10:09:54.596 10 INFO neutron.wsgi [req-dbcafae0-4b0b-46c3-876d-687fdaf0e557 req-007d146f-494f-4d80-88dc-8bc04e148b2b 659ee6a8212b4de498eb148c7be465be f0d6ab3d15d341f68933e3d9c02f5111 - - default default] 10.0.0.87 "GET /v2.0/ports?device_id=f5b9e3c8-cd09-4350-8628-58969bb2a1f8 HTTP/1.1" status: 200 len: 210 time: 0.0312269
2026-06-27 10:09:54.667 10 INFO neutron.db.ovn_revision_numbers_db [None req-22f8df8f-19af-4e3d-acf6-e1d34ef9a825 dfb440b915ca4f7bbbfb5006eca8a0ae 9a00310324314d5e918076dd2c3fd0e0 - - default default] Successfully bumped revision number for resource 72de08c9-3c6d-4429-a58f-d1dc5d70e146 (type: security_group_rules) to 0
2026-06-27 10:09:54.692 10 INFO neutron.wsgi [None req-22f8df8f-19af-4e3d-acf6-e1d34ef9a825 dfb440b915ca4f7bbbfb5006eca8a0ae 9a00310324314d5e918076dd2c3fd0e0 - - default default] 10.0.0.56 "POST /v2.0/security-group-rules HTTP/1.1" status: 201 len: 766 time: 0.1757655
2026-06-27 10:09:54.815 10 INFO neutron.db.ovn_revision_numbers_db [None req-a5f5e092-ffa2-4f3e-be06-7c14fdfd1c16 dfb440b915ca4f7bbbfb5006eca8a0ae 9a00310324314d5e918076dd2c3fd0e0 - - default default] Successfully bumped revision number for resource a3db5b63-7628-428f-a55f-98d1753308d2 (type: security_group_rules) to 0
2026-06-27 10:09:54.845 10 INFO neutron.wsgi [None req-a5f5e092-ffa2-4f3e-be06-7c14fdfd1c16 dfb440b915ca4f7bbbfb5006eca8a0ae 9a00310324314d5e918076dd2c3fd0e0 - - default default] 10.0.0.56 "POST /v2.0/security-group-rules HTTP/1.1" status: 201 len: 768 time: 0.1455882
2026-06-27 10:09:54.852 9 INFO neutron.services.segments.plugin [-] Segment baf2d44f-1c45-4a2a-b029-813d7fe15e77 resource provider aggregate not found
2026-06-27 10:09:54.857 9 INFO neutron.services.segments.plugin [-] Segment baf2d44f-1c45-4a2a-b029-813d7fe15e77 resource provider aggregate not found
2026-06-27 10:09:54.874 9 INFO neutron.services.segments.plugin [-] Segment baf2d44f-1c45-4a2a-b029-813d7fe15e77 resource provider not found; error: Placement Client Error (4xx): {"errors": [{"status": 404, "title": "Not Found", "detail": "The resource could not be found.\n\n No resource provider with uuid baf2d44f-1c45-4a2a-b029-813d7fe15e77 found for delete ", "request_id": "req-3f63beb1-0614-477f-adad-fabe5e3577eb"}]}
2026-06-27 10:09:54.879 9 INFO neutron.services.segments.plugin [-] Segment baf2d44f-1c45-4a2a-b029-813d7fe15e77 resource provider not found; error: Placement Client Error (4xx): {"errors": [{"status": 404, "title": "Not Found", "detail": "The resource could not be found.\n\n No resource provider with uuid baf2d44f-1c45-4a2a-b029-813d7fe15e77 found for delete ", "request_id": "req-a7146499-8c4b-4aee-b2b9-ed9faed376c3"}]}
2026-06-27 10:09:54.905 9 INFO neutron.wsgi [None req-37e2e749-2b36-4c77-9ae5-f86b958541aa 66f44305bd3b45c6a88949eef14e3acf 36f3d3a35f264a3e968c1409f2bc01cc - - default default] 10.0.0.56 "DELETE /v2.0/networks/aa510d90-2658-4000-90a2-cec1e6428232 HTTP/1.1" status: 204 len: 168 time: 0.4904909
2026-06-27 10:09:55.036 10 INFO neutron.db.ovn_revision_numbers_db [None req-20cf04b2-6cac-422e-8e58-7efd8f3f1350 dfb440b915ca4f7bbbfb5006eca8a0ae 9a00310324314d5e918076dd2c3fd0e0 - - default default] Successfully bumped revision number for resource 08940292-fd6e-45b9-a59f-dbb19cbae8d5 (type: security_group_rules) to 0
2026-06-27 10:09:55.080 10 INFO neutron.wsgi [None req-20cf04b2-6cac-422e-8e58-7efd8f3f1350 dfb440b915ca4f7bbbfb5006eca8a0ae 9a00310324314d5e918076dd2c3fd0e0 - - default default] 10.0.0.56 "POST /v2.0/security-group-rules HTTP/1.1" status: 201 len: 768 time: 0.2286854
2026-06-27 10:09:55.253 9 INFO neutron.db.ovn_revision_numbers_db [None req-f5e3c373-032b-46e4-9b91-22f029396d02 dfb440b915ca4f7bbbfb5006eca8a0ae 9a00310324314d5e918076dd2c3fd0e0 - - default default] Successfully bumped revision number for resource a8ff7d96-42ae-4fa9-ad2c-ff0e5234c190 (type: security_group_rules) to 0
2026-06-27 10:09:55.282 9 INFO neutron.wsgi [None req-f5e3c373-032b-46e4-9b91-22f029396d02 dfb440b915ca4f7bbbfb5006eca8a0ae 9a00310324314d5e918076dd2c3fd0e0 - - default default] 10.0.0.56 "POST /v2.0/security-group-rules HTTP/1.1" status: 201 len: 764 time: 0.1952503
2026-06-27 10:09:55.388 10 INFO neutron.wsgi [None req-ce68dce7-2f78-400c-927e-4f48244089a9 66f44305bd3b45c6a88949eef14e3acf 36f3d3a35f264a3e968c1409f2bc01cc - - default default] 10.0.0.56 "DELETE /v2.0/networks/ed3751a8-53cb-4602-b352-e00435878fe0 HTTP/1.1" status: 204 len: 168 time: 0.4764447
