2026-06-27 10:11:08.101 10 INFO neutron.db.ovn_revision_numbers_db [None req-ba9670fc-3c1b-4778-9ada-fe3de6736427 - - - - - -] Successfully bumped revision number for resource 0fbd23ca-e18d-4e7b-ae86-8c27ec11d12e (type: ports) to 2
2026-06-27 10:11:08.138 10 INFO neutron.wsgi [None req-73124f6e-5397-441b-a435-39ee3bf50fe9 7f16964cecd04a9dacaac98d4bd6e528 e38f1e7eb2114b9183f20ce180dd5748 - - default default] 10.0.0.56 "GET /v2.0/security-groups?not-tags-any=red%2Cblue HTTP/1.1" status: 200 len: 6041 time: 0.0424008
2026-06-27 10:11:08.208 9 INFO neutron.db.ovn_revision_numbers_db [None req-a7a4e9a9-9dd5-4cd2-abc4-3d80229058f7 d7084b42becf4b599e8970dfec32f5a2 29cf855aa6fd4a9f9704eaa2a21cf674 - - default default] Successfully bumped revision number for resource 8031043d-2dd5-49b3-a180-b543f10e7447 (type: ports) to 1
2026-06-27 10:11:08.294 10 INFO neutron.wsgi [None req-e0208d38-b105-4737-b05b-929144b4de55 7f16964cecd04a9dacaac98d4bd6e528 e38f1e7eb2114b9183f20ce180dd5748 - - default default] 10.0.0.56 "DELETE /v2.0/security-groups/d86bc5eb-5e18-4a63-9c00-83be7465a2d0 HTTP/1.1" status: 204 len: 168 time: 0.1503458
2026-06-27 10:11:08.398 10 INFO neutron.db.ovn_revision_numbers_db [None req-ba9670fc-3c1b-4778-9ada-fe3de6736427 - - - - - -] Successfully bumped revision number for resource 0fbd23ca-e18d-4e7b-ae86-8c27ec11d12e (type: ports) to 4
2026-06-27 10:11:08.466 9 INFO neutron.wsgi [None req-c324b864-4bb7-4ad5-bd62-52ab402d6ac3 7f16964cecd04a9dacaac98d4bd6e528 e38f1e7eb2114b9183f20ce180dd5748 - - default default] 10.0.0.56 "DELETE /v2.0/security-groups/a20150e6-a4ae-4e34-8234-776be2e97697 HTTP/1.1" status: 204 len: 168 time: 0.1660821
2026-06-27 10:11:08.645 10 INFO neutron.wsgi [None req-b356cb86-465a-46c4-a37b-b3fb5f527606 7f16964cecd04a9dacaac98d4bd6e528 e38f1e7eb2114b9183f20ce180dd5748 - - default default] 10.0.0.56 "DELETE /v2.0/security-groups/46ff723e-7748-4c1b-abbe-13dcb357830f HTTP/1.1" status: 204 len: 168 time: 0.1714797
2026-06-27 10:11:08.698 9 INFO neutron.db.ovn_revision_numbers_db [None req-a7a4e9a9-9dd5-4cd2-abc4-3d80229058f7 d7084b42becf4b599e8970dfec32f5a2 29cf855aa6fd4a9f9704eaa2a21cf674 - - default default] Successfully bumped revision number for resource 8031043d-2dd5-49b3-a180-b543f10e7447 (type: router_ports) to 1
2026-06-27 10:11:08.714 10 INFO neutron.db.ovn_revision_numbers_db [None req-ba9670fc-3c1b-4778-9ada-fe3de6736427 - - - - - -] Successfully bumped revision number for resource 0fbd23ca-e18d-4e7b-ae86-8c27ec11d12e (type: router_ports) to 4
2026-06-27 10:11:08.804 10 INFO neutron.wsgi [None req-583df560-8568-4e90-94ee-986ca3eb741c 7f16964cecd04a9dacaac98d4bd6e528 e38f1e7eb2114b9183f20ce180dd5748 - - default default] 10.0.0.56 "DELETE /v2.0/security-groups/0a58f937-3225-4e9b-b2fd-45d00693e4e6 HTTP/1.1" status: 204 len: 168 time: 0.1450136
2026-06-27 10:11:08.828 9 INFO neutron.db.ovn_revision_numbers_db [None req-a7a4e9a9-9dd5-4cd2-abc4-3d80229058f7 d7084b42becf4b599e8970dfec32f5a2 29cf855aa6fd4a9f9704eaa2a21cf674 - - default default] Successfully bumped revision number for resource 8031043d-2dd5-49b3-a180-b543f10e7447 (type: ports) to 1
2026-06-27 10:11:08.884 9 WARNING neutron.scheduler.dhcp_agent_scheduler [None req-a7a4e9a9-9dd5-4cd2-abc4-3d80229058f7 d7084b42becf4b599e8970dfec32f5a2 29cf855aa6fd4a9f9704eaa2a21cf674 - - default default] No more DHCP agents
2026-06-27 10:11:08.885 9 WARNING neutron.api.rpc.agentnotifiers.dhcp_rpc_agent_api [None req-a7a4e9a9-9dd5-4cd2-abc4-3d80229058f7 d7084b42becf4b599e8970dfec32f5a2 29cf855aa6fd4a9f9704eaa2a21cf674 - - default default] Unable to schedule network a3b1adfd-f356-4fbd-b21a-473f4072bfbd: no agents available; will retry on subsequent port and subnet creation events.
2026-06-27 10:11:08.922 10 INFO neutron.wsgi [None req-39c323e6-b562-4fc0-a0c8-58c656fea2f8 7f16964cecd04a9dacaac98d4bd6e528 e38f1e7eb2114b9183f20ce180dd5748 - - default default] 10.0.0.56 "DELETE /v2.0/security-groups/d69c9159-6fba-42a5-97fb-062fb22bb2e5 HTTP/1.1" status: 204 len: 168 time: 0.1101654
2026-06-27 10:11:09.518 9 INFO neutron.db.ovn_revision_numbers_db [None req-a7a4e9a9-9dd5-4cd2-abc4-3d80229058f7 d7084b42becf4b599e8970dfec32f5a2 29cf855aa6fd4a9f9704eaa2a21cf674 - - default default] Successfully bumped revision number for resource 8031043d-2dd5-49b3-a180-b543f10e7447 (type: router_ports) to 1
2026-06-27 10:11:09.521 9 INFO neutron.wsgi [None req-a7a4e9a9-9dd5-4cd2-abc4-3d80229058f7 d7084b42becf4b599e8970dfec32f5a2 29cf855aa6fd4a9f9704eaa2a21cf674 - - default default] 10.0.0.56 "PUT /v2.0/routers/c8d5f315-6508-46b9-aedb-12b6ddea5517/add_router_interface HTTP/1.1" status: 200 len: 503 time: 2.4077971
2026-06-27 10:11:09.995 10 INFO neutron.db.ovn_revision_numbers_db [None req-e631babb-8e2a-4f03-95a7-a6c4e1a9bcd8 d7084b42becf4b599e8970dfec32f5a2 29cf855aa6fd4a9f9704eaa2a21cf674 - - default default] Successfully bumped revision number for resource 659abf8e-b55d-4c39-931a-0594669122cf (type: security_groups) to 1
2026-06-27 10:11:10.011 10 INFO neutron.db.ovn_revision_numbers_db [None req-e631babb-8e2a-4f03-95a7-a6c4e1a9bcd8 d7084b42becf4b599e8970dfec32f5a2 29cf855aa6fd4a9f9704eaa2a21cf674 - - default default] Successfully bumped revision number for resource 382ad449-3b64-4746-91ef-fe249516d576 (type: security_group_rules) to 0
2026-06-27 10:11:10.032 10 INFO neutron.db.ovn_revision_numbers_db [None req-e631babb-8e2a-4f03-95a7-a6c4e1a9bcd8 d7084b42becf4b599e8970dfec32f5a2 29cf855aa6fd4a9f9704eaa2a21cf674 - - default default] Successfully bumped revision number for resource 55a0301e-176f-4011-b099-d34da6895140 (type: security_group_rules) to 0
2026-06-27 10:11:10.049 10 INFO neutron.db.ovn_revision_numbers_db [None req-e631babb-8e2a-4f03-95a7-a6c4e1a9bcd8 d7084b42becf4b599e8970dfec32f5a2 29cf855aa6fd4a9f9704eaa2a21cf674 - - default default] Successfully bumped revision number for resource e6c3f66b-bded-45c3-905e-1d71aea462c1 (type: security_group_rules) to 0
2026-06-27 10:11:10.062 10 INFO neutron.db.ovn_revision_numbers_db [None req-e631babb-8e2a-4f03-95a7-a6c4e1a9bcd8 d7084b42becf4b599e8970dfec32f5a2 29cf855aa6fd4a9f9704eaa2a21cf674 - - default default] Successfully bumped revision number for resource f91fbd87-47b1-4f6e-b868-edf1f1554d18 (type: security_group_rules) to 0
2026-06-27 10:11:10.096 10 INFO neutron.wsgi [None req-e631babb-8e2a-4f03-95a7-a6c4e1a9bcd8 d7084b42becf4b599e8970dfec32f5a2 29cf855aa6fd4a9f9704eaa2a21cf674 - - default default] 10.0.0.56 "GET /v2.0/security-groups?tenant_id=7802b38293124c5aafec873cdf85a2ad&name=default HTTP/1.1" status: 200 len: 2996 time: 0.3315926
2026-06-27 10:11:10.104 10 INFO neutron.plugins.ml2.drivers.ovn.mech_driver.mech_driver [None req-eee4468b-8da6-4f02-957f-82083b5051aa - - - - - -] OVN reports status up for port: 8031043d-2dd5-49b3-a180-b543f10e7447
2026-06-27 10:11:10.110 10 INFO neutron.plugins.ml2.plugin [None req-eee4468b-8da6-4f02-957f-82083b5051aa - - - - - -] Attempt 1 to provision port 8031043d-2dd5-49b3-a180-b543f10e7447
2026-06-27 10:11:10.326 9 INFO neutron.wsgi [None req-1c056a42-2d09-4fc8-88de-a055583cc6b6 d7084b42becf4b599e8970dfec32f5a2 29cf855aa6fd4a9f9704eaa2a21cf674 - - default default] 10.0.0.56 "DELETE /v2.0/security-groups/659abf8e-b55d-4c39-931a-0594669122cf HTTP/1.1" status: 204 len: 168 time: 0.2250612
2026-06-27 10:11:10.332 10 INFO neutron.db.ovn_revision_numbers_db [None req-106fc2a8-35f4-431a-9440-95abfefc9b14 807996b0f49a409f84cd1d7979fc7b51 ed8e1eaa468e4af58b531cc50344b9ea - - default default] Successfully bumped revision number for resource b46f3cdf-05c3-43d9-9943-80e010431cbf (type: security_groups) to 1
2026-06-27 10:11:10.530 9 INFO neutron.db.ovn_revision_numbers_db [None req-2de6e5e9-6b13-4450-a15d-798b5c037d9d d7084b42becf4b599e8970dfec32f5a2 29cf855aa6fd4a9f9704eaa2a21cf674 - - default default] Successfully bumped revision number for resource 63abf817-3597-4071-8d18-c027b5a4cb59 (type: security_groups) to 1
2026-06-27 10:11:10.542 9 INFO neutron.db.ovn_revision_numbers_db [None req-2de6e5e9-6b13-4450-a15d-798b5c037d9d d7084b42becf4b599e8970dfec32f5a2 29cf855aa6fd4a9f9704eaa2a21cf674 - - default default] Successfully bumped revision number for resource 00cb16c0-23cc-4fa7-8fee-0024fdf49262 (type: security_group_rules) to 0
2026-06-27 10:11:10.554 9 INFO neutron.db.ovn_revision_numbers_db [None req-2de6e5e9-6b13-4450-a15d-798b5c037d9d d7084b42becf4b599e8970dfec32f5a2 29cf855aa6fd4a9f9704eaa2a21cf674 - - default default] Successfully bumped revision number for resource 35d7bfa9-aea2-498e-954d-4d790f47d739 (type: security_group_rules) to 0
2026-06-27 10:11:10.566 9 INFO neutron.db.ovn_revision_numbers_db [None req-2de6e5e9-6b13-4450-a15d-798b5c037d9d d7084b42becf4b599e8970dfec32f5a2 29cf855aa6fd4a9f9704eaa2a21cf674 - - default default] Successfully bumped revision number for resource 5f55273a-7fd4-4a5c-b663-5511c5b63119 (type: security_group_rules) to 0
2026-06-27 10:11:10.581 9 INFO neutron.db.ovn_revision_numbers_db [None req-2de6e5e9-6b13-4450-a15d-798b5c037d9d d7084b42becf4b599e8970dfec32f5a2 29cf855aa6fd4a9f9704eaa2a21cf674 - - default default] Successfully bumped revision number for resource 88cac351-9fa5-4422-97a3-5bdb461ebf58 (type: security_group_rules) to 0
2026-06-27 10:11:10.608 9 INFO neutron.wsgi [None req-2de6e5e9-6b13-4450-a15d-798b5c037d9d d7084b42becf4b599e8970dfec32f5a2 29cf855aa6fd4a9f9704eaa2a21cf674 - - default default] 10.0.0.56 "GET /v2.0/security-groups?tenant_id=72f0f378c2a04324bedcfd6fe9186e6e&name=default HTTP/1.1" status: 200 len: 2996 time: 0.1727982
2026-06-27 10:11:10.815 10 INFO neutron.db.ovn_revision_numbers_db [None req-106fc2a8-35f4-431a-9440-95abfefc9b14 807996b0f49a409f84cd1d7979fc7b51 ed8e1eaa468e4af58b531cc50344b9ea - - default default] Successfully bumped revision number for resource 2a7edc01-0a6a-4bf2-b80e-3be1e8ae850a (type: security_group_rules) to 0
2026-06-27 10:11:10.837 10 INFO neutron.db.ovn_revision_numbers_db [None req-106fc2a8-35f4-431a-9440-95abfefc9b14 807996b0f49a409f84cd1d7979fc7b51 ed8e1eaa468e4af58b531cc50344b9ea - - default default] Successfully bumped revision number for resource cacf3b91-3de4-4db2-86d5-5d0670f8a4b5 (type: security_group_rules) to 0
2026-06-27 10:11:10.859 9 INFO neutron.wsgi [None req-47d99f1b-a159-4b03-b52a-2f08d264f22f d7084b42becf4b599e8970dfec32f5a2 29cf855aa6fd4a9f9704eaa2a21cf674 - - default default] 10.0.0.56 "DELETE /v2.0/security-groups/63abf817-3597-4071-8d18-c027b5a4cb59 HTTP/1.1" status: 204 len: 168 time: 0.2422025
2026-06-27 10:11:10.874 10 INFO neutron.wsgi [None req-106fc2a8-35f4-431a-9440-95abfefc9b14 807996b0f49a409f84cd1d7979fc7b51 ed8e1eaa468e4af58b531cc50344b9ea - - default default] 10.0.0.56 "POST /v2.0/security-groups HTTP/1.1" status: 201 len: 1811 time: 0.7044103
2026-06-27 10:11:10.890 10 INFO neutron.db.ovn_revision_numbers_db [None req-eee4468b-8da6-4f02-957f-82083b5051aa - - - - - -] Successfully bumped revision number for resource 8031043d-2dd5-49b3-a180-b543f10e7447 (type: ports) to 2
2026-06-27 10:11:11.010 9 INFO neutron.db.ovn_revision_numbers_db [None req-b8a2e69f-e96c-4418-814c-48f515358e6e 807996b0f49a409f84cd1d7979fc7b51 ed8e1eaa468e4af58b531cc50344b9ea - - default default] Successfully bumped revision number for resource c6081a3f-fcc0-48b9-b10f-3894f737384e (type: security_group_rules) to 0
2026-06-27 10:11:11.027 10 INFO neutron.db.ovn_revision_numbers_db [None req-eee4468b-8da6-4f02-957f-82083b5051aa - - - - - -] Successfully bumped revision number for resource 8031043d-2dd5-49b3-a180-b543f10e7447 (type: router_ports) to 2
2026-06-27 10:11:11.038 9 INFO neutron.wsgi [None req-b8a2e69f-e96c-4418-814c-48f515358e6e 807996b0f49a409f84cd1d7979fc7b51 ed8e1eaa468e4af58b531cc50344b9ea - - default default] 10.0.0.56 "POST /v2.0/security-group-rules HTTP/1.1" status: 201 len: 764 time: 0.1559846
2026-06-27 10:11:11.112 9 INFO neutron.wsgi [None req-44a60af1-987d-496a-b86a-0a85e00dd1d6 d7084b42becf4b599e8970dfec32f5a2 29cf855aa6fd4a9f9704eaa2a21cf674 - - default default] 10.0.0.56 "GET /v2.0/security-groups?tenant_id=e38f1e7eb2114b9183f20ce180dd5748&name=default HTTP/1.1" status: 200 len: 2996 time: 0.0397489
2026-06-27 10:11:11.184 9 INFO neutron.db.ovn_revision_numbers_db [None req-38c7c841-2133-422b-8d61-95ad4fb2acdd 807996b0f49a409f84cd1d7979fc7b51 ed8e1eaa468e4af58b531cc50344b9ea - - default default] Successfully bumped revision number for resource dab18d7e-35b6-4a78-bc76-9dc36a54e403 (type: security_group_rules) to 0
2026-06-27 10:11:11.210 9 INFO neutron.wsgi [None req-38c7c841-2133-422b-8d61-95ad4fb2acdd 807996b0f49a409f84cd1d7979fc7b51 ed8e1eaa468e4af58b531cc50344b9ea - - default default] 10.0.0.56 "POST /v2.0/security-group-rules HTTP/1.1" status: 201 len: 763 time: 0.1652586
2026-06-27 10:11:11.327 10 INFO neutron.wsgi [None req-737256cc-654a-4443-adc2-c7e8f81b1b5c d7084b42becf4b599e8970dfec32f5a2 29cf855aa6fd4a9f9704eaa2a21cf674 - - default default] 10.0.0.56 "DELETE /v2.0/security-groups/1562576a-5e29-4e98-8cc4-3345b44c2ae0 HTTP/1.1" status: 204 len: 168 time: 0.2085021
2026-06-27 10:11:11.334 9 INFO neutron.db.ovn_revision_numbers_db [None req-d39ab76d-e619-45bd-a60a-43b0e870f279 807996b0f49a409f84cd1d7979fc7b51 ed8e1eaa468e4af58b531cc50344b9ea - - default default] Successfully bumped revision number for resource 2eefb0a4-3e6b-4cde-bff7-d31721c26f7f (type: security_group_rules) to 0
2026-06-27 10:11:11.361 9 INFO neutron.wsgi [None req-d39ab76d-e619-45bd-a60a-43b0e870f279 807996b0f49a409f84cd1d7979fc7b51 ed8e1eaa468e4af58b531cc50344b9ea - - default default] 10.0.0.56 "POST /v2.0/security-group-rules HTTP/1.1" status: 201 len: 769 time: 0.1461000
2026-06-27 10:11:11.486 9 INFO neutron.db.ovn_revision_numbers_db [None req-cc5b3abd-ca45-4e18-8cfb-8b04d213382a 807996b0f49a409f84cd1d7979fc7b51 ed8e1eaa468e4af58b531cc50344b9ea - - default default] Successfully bumped revision number for resource 59834582-697c-464b-9218-eab482899e71 (type: security_group_rules) to 0
2026-06-27 10:11:11.507 9 INFO neutron.wsgi [None req-cc5b3abd-ca45-4e18-8cfb-8b04d213382a 807996b0f49a409f84cd1d7979fc7b51 ed8e1eaa468e4af58b531cc50344b9ea - - default default] 10.0.0.56 "POST /v2.0/security-group-rules HTTP/1.1" status: 201 len: 768 time: 0.1406026
2026-06-27 10:11:11.537 9 INFO neutron.db.securitygroups_db [None req-964ca8cf-ff83-4f04-b999-d00803438c4c 807996b0f49a409f84cd1d7979fc7b51 ed8e1eaa468e4af58b531cc50344b9ea - - default default] Project ed8e1eaa468e4af58b531cc50344b9ea added a security group rule with legacy IPv6 ICMP protocol name icmp, ipv6-icmp should be used instead. It was automatically converted.
2026-06-27 10:11:11.619 9 INFO neutron.db.ovn_revision_numbers_db [None req-964ca8cf-ff83-4f04-b999-d00803438c4c 807996b0f49a409f84cd1d7979fc7b51 ed8e1eaa468e4af58b531cc50344b9ea - - default default] Successfully bumped revision number for resource dae68313-bca9-491a-b368-2a93e78a55be (type: security_group_rules) to 0
2026-06-27 10:11:11.638 9 INFO neutron.wsgi [None req-964ca8cf-ff83-4f04-b999-d00803438c4c 807996b0f49a409f84cd1d7979fc7b51 ed8e1eaa468e4af58b531cc50344b9ea - - default default] 10.0.0.56 "POST /v2.0/security-group-rules HTTP/1.1" status: 201 len: 774 time: 0.1190171
2026-06-27 10:11:11.661 9 INFO neutron.db.securitygroups_db [None req-f67f5767-f76b-4db5-b446-43180411c090 807996b0f49a409f84cd1d7979fc7b51 ed8e1eaa468e4af58b531cc50344b9ea - - default default] Project ed8e1eaa468e4af58b531cc50344b9ea added a security group rule with legacy IPv6 ICMP protocol name icmp, ipv6-icmp should be used instead. It was automatically converted.
2026-06-27 10:11:11.745 9 INFO neutron.db.ovn_revision_numbers_db [None req-f67f5767-f76b-4db5-b446-43180411c090 807996b0f49a409f84cd1d7979fc7b51 ed8e1eaa468e4af58b531cc50344b9ea - - default default] Successfully bumped revision number for resource 42e182e5-a8b8-44ea-95ec-9903bba6da80 (type: security_group_rules) to 0
2026-06-27 10:11:11.765 9 INFO neutron.wsgi [None req-f67f5767-f76b-4db5-b446-43180411c090 807996b0f49a409f84cd1d7979fc7b51 ed8e1eaa468e4af58b531cc50344b9ea - - default default] 10.0.0.56 "POST /v2.0/security-group-rules HTTP/1.1" status: 201 len: 773 time: 0.1224806
2026-06-27 10:11:12.066 10 INFO neutron.wsgi [req-1bbbe491-a554-4863-84a0-c073c4d47a22 req-95e19bdd-fde5-441d-b0e6-2830953ba33b b06a8ef406b64a53b92cc7175f827a1d ee04220336ac416da3ce6298b8609a20 - - 37f3b442b15a4d2c802eb8f99e1e291c 37f3b442b15a4d2c802eb8f99e1e291c] 199.204.45.57 "GET /v2.0/ports?device_id=0105fe1d-0916-49af-9bd4-d9a6a7321418&fields=binding%3Ahost_id&fields=binding%3Avif_type HTTP/1.1" status: 200 len: 265 time: 0.0359728
2026-06-27 10:11:12.124 10 INFO neutron.wsgi [req-1bbbe491-a554-4863-84a0-c073c4d47a22 req-94f8d2cf-68f0-4197-ab9e-caa3ed4f3a8e b06a8ef406b64a53b92cc7175f827a1d ee04220336ac416da3ce6298b8609a20 - - 37f3b442b15a4d2c802eb8f99e1e291c 37f3b442b15a4d2c802eb8f99e1e291c] 199.204.45.57 "GET /v2.0/ports?tenant_id=9a00310324314d5e918076dd2c3fd0e0&device_id=0105fe1d-0916-49af-9bd4-d9a6a7321418 HTTP/1.1" status: 200 len: 1638 time: 0.0319314
2026-06-27 10:11:12.353 10 INFO neutron.wsgi [req-1bbbe491-a554-4863-84a0-c073c4d47a22 req-902e4e5a-6e20-4cc1-84a5-47eb6a6897bf b06a8ef406b64a53b92cc7175f827a1d ee04220336ac416da3ce6298b8609a20 - - 37f3b442b15a4d2c802eb8f99e1e291c 37f3b442b15a4d2c802eb8f99e1e291c] 199.204.45.57 "GET /v2.0/networks?id=b654258a-be6e-4e54-a283-9689849aecd9 HTTP/1.1" status: 200 len: 1002 time: 0.2038953
2026-06-27 10:11:12.422 10 INFO neutron.wsgi [req-1bbbe491-a554-4863-84a0-c073c4d47a22 req-0e89e5a1-820e-48e3-a94d-d0322b488e2a b06a8ef406b64a53b92cc7175f827a1d ee04220336ac416da3ce6298b8609a20 - - 37f3b442b15a4d2c802eb8f99e1e291c 37f3b442b15a4d2c802eb8f99e1e291c] 199.204.45.57 "GET /v2.0/floatingips?fixed_ip_address=10.2.1.112&port_id=aa967560-95dd-49c3-9807-2708be6acc63 HTTP/1.1" status: 200 len: 1059 time: 0.0583014
2026-06-27 10:11:12.457 10 INFO neutron.wsgi [req-1bbbe491-a554-4863-84a0-c073c4d47a22 req-09d5847a-c3dc-4a61-bfe3-414855f9dd3d b06a8ef406b64a53b92cc7175f827a1d ee04220336ac416da3ce6298b8609a20 - - 37f3b442b15a4d2c802eb8f99e1e291c 37f3b442b15a4d2c802eb8f99e1e291c] 199.204.45.57 "GET /v2.0/floatingips?fixed_ip_address=fd7b%3Af9f7%3Afff%3A4eca%3A%3A17d&port_id=aa967560-95dd-49c3-9807-2708be6acc63 HTTP/1.1" status: 200 len: 217 time: 0.0287833
2026-06-27 10:11:12.511 10 INFO neutron.wsgi [req-1bbbe491-a554-4863-84a0-c073c4d47a22 req-906f32d4-e313-4153-84a9-15da28fb9855 b06a8ef406b64a53b92cc7175f827a1d ee04220336ac416da3ce6298b8609a20 - - 37f3b442b15a4d2c802eb8f99e1e291c 37f3b442b15a4d2c802eb8f99e1e291c] 199.204.45.57 "GET /v2.0/subnets?id=3c1ad910-3f05-4d32-803f-6ec96671ad58&id=cbc19315-d754-4351-9bc2-d9510297344c HTTP/1.1" status: 200 len: 1562 time: 0.0489366
2026-06-27 10:11:12.547 10 INFO neutron.wsgi [req-1bbbe491-a554-4863-84a0-c073c4d47a22 req-c29dcdfc-c614-45fe-851a-c0fdf7017af2 b06a8ef406b64a53b92cc7175f827a1d ee04220336ac416da3ce6298b8609a20 - - 37f3b442b15a4d2c802eb8f99e1e291c 37f3b442b15a4d2c802eb8f99e1e291c] 199.204.45.57 "GET /v2.0/ports?network_id=b654258a-be6e-4e54-a283-9689849aecd9&device_owner=network%3Adhcp HTTP/1.1" status: 200 len: 210 time: 0.0311167
2026-06-27 10:11:12.572 10 INFO neutron.wsgi [req-1bbbe491-a554-4863-84a0-c073c4d47a22 req-e44380d8-f7fb-4e08-90f3-7a6ebb0d5622 b06a8ef406b64a53b92cc7175f827a1d ee04220336ac416da3ce6298b8609a20 - - 37f3b442b15a4d2c802eb8f99e1e291c 37f3b442b15a4d2c802eb8f99e1e291c] 199.204.45.57 "GET /v2.0/ports?network_id=b654258a-be6e-4e54-a283-9689849aecd9&device_owner=network%3Adhcp HTTP/1.1" status: 200 len: 210 time: 0.0210772
2026-06-27 10:11:12.593 10 INFO neutron.db.ovn_revision_numbers_db [None req-49645201-91f4-4d86-924d-32c719acbbac 807996b0f49a409f84cd1d7979fc7b51 ed8e1eaa468e4af58b531cc50344b9ea - - default default] Successfully bumped revision number for resource 8eb1a1ba-778f-4585-bb95-ca718434431f (type: security_groups) to 1
2026-06-27 10:11:12.618 10 INFO neutron.db.ovn_revision_numbers_db [None req-49645201-91f4-4d86-924d-32c719acbbac 807996b0f49a409f84cd1d7979fc7b51 ed8e1eaa468e4af58b531cc50344b9ea - - default default] Successfully bumped revision number for resource 20a970ec-da01-469f-ac68-2ea0a7c10aca (type: security_group_rules) to 0
2026-06-27 10:11:12.643 10 INFO neutron.wsgi [req-1bbbe491-a554-4863-84a0-c073c4d47a22 req-d6f5c63a-619a-40c2-a80b-426d5246bea3 b06a8ef406b64a53b92cc7175f827a1d ee04220336ac416da3ce6298b8609a20 - - 37f3b442b15a4d2c802eb8f99e1e291c 37f3b442b15a4d2c802eb8f99e1e291c] 199.204.45.57 "GET /v2.0/networks/b654258a-be6e-4e54-a283-9689849aecd9?fields=segments HTTP/1.1" status: 200 len: 212 time: 0.0646601
2026-06-27 10:11:12.646 10 INFO neutron.db.ovn_revision_numbers_db [None req-49645201-91f4-4d86-924d-32c719acbbac 807996b0f49a409f84cd1d7979fc7b51 ed8e1eaa468e4af58b531cc50344b9ea - - default default] Successfully bumped revision number for resource 43800e41-5c27-4384-b5f9-575dbd039435 (type: security_group_rules) to 0
2026-06-27 10:11:12.670 10 INFO neutron.wsgi [None req-49645201-91f4-4d86-924d-32c719acbbac 807996b0f49a409f84cd1d7979fc7b51 ed8e1eaa468e4af58b531cc50344b9ea - - default default] 10.0.0.56 "POST /v2.0/security-groups HTTP/1.1" status: 201 len: 1796 time: 0.4103348
2026-06-27 10:11:12.718 10 INFO neutron.wsgi [req-1bbbe491-a554-4863-84a0-c073c4d47a22 req-1d84567a-a73f-4079-af73-5dac8ceca8ac b06a8ef406b64a53b92cc7175f827a1d ee04220336ac416da3ce6298b8609a20 - - 37f3b442b15a4d2c802eb8f99e1e291c 37f3b442b15a4d2c802eb8f99e1e291c] 199.204.45.57 "GET /v2.0/networks/b654258a-be6e-4e54-a283-9689849aecd9?fields=provider%3Aphysical_network&fields=provider%3Anetwork_type HTTP/1.1" status: 200 len: 277 time: 0.0690703
2026-06-27 10:11:12.827 10 INFO neutron.db.ovn_revision_numbers_db [None req-1ce6e4ba-92ad-49de-ad8b-fdaa5b449169 807996b0f49a409f84cd1d7979fc7b51 ed8e1eaa468e4af58b531cc50344b9ea - - default default] Successfully bumped revision number for resource 95f1cfc0-f1e0-4816-a9c2-8ef360a502f8 (type: security_group_rules) to 0
2026-06-27 10:11:12.855 10 INFO neutron.wsgi [None req-1ce6e4ba-92ad-49de-ad8b-fdaa5b449169 807996b0f49a409f84cd1d7979fc7b51 ed8e1eaa468e4af58b531cc50344b9ea - - default default] 10.0.0.56 "POST /v2.0/security-group-rules HTTP/1.1" status: 201 len: 764 time: 0.1696885
2026-06-27 10:11:13.012 10 INFO neutron.db.ovn_revision_numbers_db [None req-11d4274f-8eb5-437b-b0da-a569ae8cb1fa 807996b0f49a409f84cd1d7979fc7b51 ed8e1eaa468e4af58b531cc50344b9ea - - default default] Successfully bumped revision number for resource e0831613-c570-4938-98d1-4ece35261094 (type: security_group_rules) to 0
2026-06-27 10:11:13.039 10 INFO neutron.wsgi [None req-11d4274f-8eb5-437b-b0da-a569ae8cb1fa 807996b0f49a409f84cd1d7979fc7b51 ed8e1eaa468e4af58b531cc50344b9ea - - default default] 10.0.0.56 "POST /v2.0/security-group-rules HTTP/1.1" status: 201 len: 769 time: 0.1754210
2026-06-27 10:11:13.340 10 WARNING neutron.scheduler.dhcp_agent_scheduler [None req-19b529b7-cada-4076-80d4-a40f56f18146 807996b0f49a409f84cd1d7979fc7b51 ed8e1eaa468e4af58b531cc50344b9ea - - default default] No more DHCP agents
2026-06-27 10:11:13.344 10 WARNING neutron.api.rpc.agentnotifiers.dhcp_rpc_agent_api [None req-19b529b7-cada-4076-80d4-a40f56f18146 807996b0f49a409f84cd1d7979fc7b51 ed8e1eaa468e4af58b531cc50344b9ea - - default default] Unable to schedule network 1ddad0f5-ab54-474a-af7f-1e97fdf84420: no agents available; will retry on subsequent port and subnet creation events.
2026-06-27 10:11:13.702 10 INFO neutron.db.ovn_revision_numbers_db [None req-19b529b7-cada-4076-80d4-a40f56f18146 807996b0f49a409f84cd1d7979fc7b51 ed8e1eaa468e4af58b531cc50344b9ea - - default default] Successfully bumped revision number for resource 309ee320-6288-4067-9d9a-8eaef599515b (type: floatingips) to 0
2026-06-27 10:11:13.717 10 INFO neutron.wsgi [None req-19b529b7-cada-4076-80d4-a40f56f18146 807996b0f49a409f84cd1d7979fc7b51 ed8e1eaa468e4af58b531cc50344b9ea - - default default] 10.0.0.56 "POST /v2.0/floatingips HTTP/1.1" status: 201 len: 751 time: 0.6720476
2026-06-27 10:11:13.854 9 INFO neutron.wsgi [req-f234b888-7650-4f8c-81a9-9d0f98d4b09a req-9aa4ebc1-f22f-4886-b336-7fa3c53fa992 807996b0f49a409f84cd1d7979fc7b51 ed8e1eaa468e4af58b531cc50344b9ea - - default default] 10.0.0.87 "GET /v2.0/security-groups?name=tempest-securitygroup--1542299553&fields=id&tenant_id=ed8e1eaa468e4af58b531cc50344b9ea HTTP/1.1" status: 200 len: 267 time: 0.0519252
2026-06-27 10:11:13.897 9 INFO neutron.wsgi [-] 10.0.0.214 "GET / HTTP/1.1" status: 200 len: 246 time: 0.0031481
2026-06-27 10:11:13.898 10 INFO neutron.wsgi [-] 10.0.0.214 "GET / HTTP/1.1" status: 200 len: 246 time: 0.0031593
2026-06-27 10:11:13.926 9 INFO neutron.wsgi [req-f234b888-7650-4f8c-81a9-9d0f98d4b09a req-bb1b9623-865c-4523-a4ee-65e8266712de 807996b0f49a409f84cd1d7979fc7b51 ed8e1eaa468e4af58b531cc50344b9ea - - default default] 10.0.0.87 "GET /v2.0/security-groups?name=tempest-secgroup-smoke-2029051178&fields=id&tenant_id=ed8e1eaa468e4af58b531cc50344b9ea HTTP/1.1" status: 200 len: 267 time: 0.0593653
2026-06-27 10:11:14.036 9 INFO neutron.wsgi [req-f234b888-7650-4f8c-81a9-9d0f98d4b09a req-c0a21a7b-4c64-4272-a6f6-0dd262f5c301 807996b0f49a409f84cd1d7979fc7b51 ed8e1eaa468e4af58b531cc50344b9ea - - default default] 10.0.0.87 "GET /v2.0/networks?id=3abad73f-589e-4ae0-ab40-df5f52e9335a HTTP/1.1" status: 200 len: 872 time: 0.1026814
2026-06-27 10:11:14.059 9 INFO neutron.wsgi [req-f234b888-7650-4f8c-81a9-9d0f98d4b09a req-607f607d-e758-4b54-9b9a-c15ed4ef9e4b 807996b0f49a409f84cd1d7979fc7b51 ed8e1eaa468e4af58b531cc50344b9ea - - default default] 10.0.0.87 "GET /v2.0/quotas/ed8e1eaa468e4af58b531cc50344b9ea HTTP/1.1" status: 200 len: 386 time: 0.0137048
2026-06-27 10:11:14.165 9 INFO neutron.wsgi [req-f234b888-7650-4f8c-81a9-9d0f98d4b09a req-e3f7040c-e841-4e87-8276-6f010e991ec2 807996b0f49a409f84cd1d7979fc7b51 ed8e1eaa468e4af58b531cc50344b9ea - - default default] 10.0.0.87 "GET /v2.0/ports?tenant_id=ed8e1eaa468e4af58b531cc50344b9ea&fields=id HTTP/1.1" status: 200 len: 302 time: 0.0994191
2026-06-27 10:11:14.243 9 INFO neutron.wsgi [req-f234b888-7650-4f8c-81a9-9d0f98d4b09a req-262f6cc0-6e47-4468-ad7a-06e01a2ee5c9 b06a8ef406b64a53b92cc7175f827a1d ee04220336ac416da3ce6298b8609a20 - - 37f3b442b15a4d2c802eb8f99e1e291c 37f3b442b15a4d2c802eb8f99e1e291c] 10.0.0.87 "GET /v2.0/networks/3abad73f-589e-4ae0-ab40-df5f52e9335a?fields=segments HTTP/1.1" status: 200 len: 212 time: 0.0650845
2026-06-27 10:11:14.332 9 INFO neutron.wsgi [req-f234b888-7650-4f8c-81a9-9d0f98d4b09a req-949e8903-1a3a-416a-9805-96965f9bd901 b06a8ef406b64a53b92cc7175f827a1d ee04220336ac416da3ce6298b8609a20 - - 37f3b442b15a4d2c802eb8f99e1e291c 37f3b442b15a4d2c802eb8f99e1e291c] 10.0.0.87 "GET /v2.0/networks/3abad73f-589e-4ae0-ab40-df5f52e9335a?fields=provider%3Aphysical_network&fields=provider%3Anetwork_type HTTP/1.1" status: 200 len: 277 time: 0.0805390
2026-06-27 10:11:14.529 10 INFO neutron.wsgi [req-5afc0ac6-0b29-4f32-9c66-bbd91672e4d5 req-00834d85-5be3-4f2d-b5b7-400b912a1cff 807996b0f49a409f84cd1d7979fc7b51 ed8e1eaa468e4af58b531cc50344b9ea - - default default] 10.0.0.87 "GET /v2.0/ports?device_id=c239b610-7406-4f9f-9565-2b4036ec6333 HTTP/1.1" status: 200 len: 210 time: 0.0258756
2026-06-27 10:11:15.415 10 WARNING neutron.plugins.ml2.drivers.ovn.mech_driver.ovsdb.ovn_client [None req-eee4468b-8da6-4f02-957f-82083b5051aa - - - - - -] No hosting information found for port 8031043d-2dd5-49b3-a180-b543f10e7447: RuntimeError: No hosting information found for port 8031043d-2dd5-49b3-a180-b543f10e7447
2026-06-27 10:11:15.446 10 INFO neutron.wsgi [req-f234b888-7650-4f8c-81a9-9d0f98d4b09a req-24ba151c-4243-4f61-88bb-6ed67ac07ae3 807996b0f49a409f84cd1d7979fc7b51 ed8e1eaa468e4af58b531cc50344b9ea - - default default] 199.204.45.57 "GET /v2.0/networks?id=3abad73f-589e-4ae0-ab40-df5f52e9335a HTTP/1.1" status: 200 len: 872 time: 0.0991447
2026-06-27 10:11:15.504 10 INFO neutron.wsgi [req-f234b888-7650-4f8c-81a9-9d0f98d4b09a req-a4484f2f-e726-4d00-9e8e-e7e873d50295 807996b0f49a409f84cd1d7979fc7b51 ed8e1eaa468e4af58b531cc50344b9ea - - default default] 199.204.45.57 "GET /v2.0/security-groups?fields=id&fields=name&tenant_id=ed8e1eaa468e4af58b531cc50344b9ea HTTP/1.1" status: 200 len: 473 time: 0.0520115
2026-06-27 10:11:15.629 9 INFO neutron.wsgi [req-221790fc-6269-4c75-975b-cce2cecede4c req-42e4b3d8-d82a-4e09-978d-5bb937081361 807996b0f49a409f84cd1d7979fc7b51 ed8e1eaa468e4af58b531cc50344b9ea - - default default] 10.0.0.87 "GET /v2.0/ports?device_id=c239b610-7406-4f9f-9565-2b4036ec6333 HTTP/1.1" status: 200 len: 210 time: 0.0264049
2026-06-27 10:11:16.000 10 WARNING neutron.scheduler.dhcp_agent_scheduler [req-f234b888-7650-4f8c-81a9-9d0f98d4b09a req-90597d47-93cb-4d70-8347-8df08d35c8b6 807996b0f49a409f84cd1d7979fc7b51 ed8e1eaa468e4af58b531cc50344b9ea - - default default] No more DHCP agents
2026-06-27 10:11:16.002 10 WARNING neutron.api.rpc.agentnotifiers.dhcp_rpc_agent_api [req-f234b888-7650-4f8c-81a9-9d0f98d4b09a req-90597d47-93cb-4d70-8347-8df08d35c8b6 807996b0f49a409f84cd1d7979fc7b51 ed8e1eaa468e4af58b531cc50344b9ea - - default default] Unable to schedule network 3abad73f-589e-4ae0-ab40-df5f52e9335a: no agents available; will retry on subsequent port and subnet creation events.
2026-06-27 10:11:16.212 10 INFO neutron.db.ovn_revision_numbers_db [req-f234b888-7650-4f8c-81a9-9d0f98d4b09a req-90597d47-93cb-4d70-8347-8df08d35c8b6 807996b0f49a409f84cd1d7979fc7b51 ed8e1eaa468e4af58b531cc50344b9ea - - default default] Successfully bumped revision number for resource 3e12cd52-e915-456e-ae7a-0440baf19e03 (type: ports) to 1
2026-06-27 10:11:16.251 10 INFO neutron.wsgi [req-f234b888-7650-4f8c-81a9-9d0f98d4b09a req-90597d47-93cb-4d70-8347-8df08d35c8b6 807996b0f49a409f84cd1d7979fc7b51 ed8e1eaa468e4af58b531cc50344b9ea - - default default] 199.204.45.57 "POST /v2.0/ports HTTP/1.1" status: 201 len: 1201 time: 0.7360430 /var/lib/openstack/lib/python3.10/site-packages/pycadf/identifier.py:71: UserWarning: Invalid uuid: neutron. To ensure interoperability, identifiers should be a valid uuid. warnings.warn(('Invalid uuid: %s. To ensure interoperability, '
2026-06-27 10:11:16.382 9 INFO neutron.db.ovn_revision_numbers_db [None req-2cbeaf00-92c9-42f0-91cd-dbe8faf1e4cd 011c30b109874580a14a01a76d6ba67b 536d1932ddac4dbaaae8aabc0ddc15c8 - - default default] Successfully bumped revision number for resource dc87f4ef-4605-4183-85ed-7bff80c4a54b (type: security_groups) to 1
2026-06-27 10:11:16.405 9 INFO neutron.db.ovn_revision_numbers_db [None req-2cbeaf00-92c9-42f0-91cd-dbe8faf1e4cd 011c30b109874580a14a01a76d6ba67b 536d1932ddac4dbaaae8aabc0ddc15c8 - - default default] Successfully bumped revision number for resource 380cdd4b-b692-44b5-b16a-6401d1ebf917 (type: security_group_rules) to 0
2026-06-27 10:11:16.426 9 INFO neutron.db.ovn_revision_numbers_db [None req-2cbeaf00-92c9-42f0-91cd-dbe8faf1e4cd 011c30b109874580a14a01a76d6ba67b 536d1932ddac4dbaaae8aabc0ddc15c8 - - default default] Successfully bumped revision number for resource 9269bbaa-700b-4c77-aa5b-acf6d4ecaf06 (type: security_group_rules) to 0
2026-06-27 10:11:16.448 9 INFO neutron.db.ovn_revision_numbers_db [None req-2cbeaf00-92c9-42f0-91cd-dbe8faf1e4cd 011c30b109874580a14a01a76d6ba67b 536d1932ddac4dbaaae8aabc0ddc15c8 - - default default] Successfully bumped revision number for resource a03a83d7-a826-47d7-96a3-23c0697abff0 (type: security_group_rules) to 0
2026-06-27 10:11:16.470 9 INFO neutron.db.ovn_revision_numbers_db [None req-2cbeaf00-92c9-42f0-91cd-dbe8faf1e4cd 011c30b109874580a14a01a76d6ba67b 536d1932ddac4dbaaae8aabc0ddc15c8 - - default default] Successfully bumped revision number for resource b9c2c8e4-6ea8-4bc0-92a9-84d66918a219 (type: security_group_rules) to 0
2026-06-27 10:11:16.536 9 INFO neutron.db.segments_db [None req-2cbeaf00-92c9-42f0-91cd-dbe8faf1e4cd 011c30b109874580a14a01a76d6ba67b 536d1932ddac4dbaaae8aabc0ddc15c8 - - default default] Added segment e9faa7d5-7a45-4ac8-b146-49bd3c11622e of type geneve for network 2f422b20-1c32-478c-beac-e3494bceae0e
2026-06-27 10:11:16.716 9 INFO neutron.db.ovn_revision_numbers_db [None req-2cbeaf00-92c9-42f0-91cd-dbe8faf1e4cd 011c30b109874580a14a01a76d6ba67b 536d1932ddac4dbaaae8aabc0ddc15c8 - - default default] Successfully bumped revision number for resource 2f422b20-1c32-478c-beac-e3494bceae0e (type: networks) to 1 /var/lib/openstack/lib/python3.10/site-packages/pycadf/identifier.py:71: UserWarning: Invalid uuid: neutron. To ensure interoperability, identifiers should be a valid uuid. warnings.warn(('Invalid uuid: %s. To ensure interoperability, '
2026-06-27 10:11:16.798 10 INFO neutron.db.ovn_revision_numbers_db [req-f234b888-7650-4f8c-81a9-9d0f98d4b09a req-50f1d490-9cb8-4277-8ec8-40b11c1b1940 b06a8ef406b64a53b92cc7175f827a1d ee04220336ac416da3ce6298b8609a20 - - 37f3b442b15a4d2c802eb8f99e1e291c 37f3b442b15a4d2c802eb8f99e1e291c] Successfully bumped revision number for resource 3e12cd52-e915-456e-ae7a-0440baf19e03 (type: ports) to 2
2026-06-27 10:11:16.832 10 INFO neutron.wsgi [req-6601cd6b-1c37-4609-937e-7b09bda71fd0 req-e5ba9edd-66a6-4668-af74-d240e80f6e77 807996b0f49a409f84cd1d7979fc7b51 ed8e1eaa468e4af58b531cc50344b9ea - - default default] 10.0.0.87 "GET /v2.0/ports?device_id=c239b610-7406-4f9f-9565-2b4036ec6333 HTTP/1.1" status: 200 len: 1212 time: 0.1074152
2026-06-27 10:11:16.916 10 INFO neutron.wsgi [req-6601cd6b-1c37-4609-937e-7b09bda71fd0 req-ac735fe9-90f6-44d5-b0c5-bb3f2e34eef9 807996b0f49a409f84cd1d7979fc7b51 ed8e1eaa468e4af58b531cc50344b9ea - - default default] 10.0.0.87 "GET /v2.0/security-groups?id=8eb1a1ba-778f-4585-bb95-ca718434431f&id=b46f3cdf-05c3-43d9-9943-80e010431cbf&fields=id&fields=name HTTP/1.1" status: 200 len: 406 time: 0.0740247
2026-06-27 10:11:16.926 9 WARNING neutron.scheduler.dhcp_agent_scheduler [None req-2cbeaf00-92c9-42f0-91cd-dbe8faf1e4cd 011c30b109874580a14a01a76d6ba67b 536d1932ddac4dbaaae8aabc0ddc15c8 - - default default] No more DHCP agents
2026-06-27 10:11:16.928 9 WARNING neutron.api.rpc.agentnotifiers.dhcp_rpc_agent_api [None req-2cbeaf00-92c9-42f0-91cd-dbe8faf1e4cd 011c30b109874580a14a01a76d6ba67b 536d1932ddac4dbaaae8aabc0ddc15c8 - - default default] Unable to schedule network 2f422b20-1c32-478c-beac-e3494bceae0e: no agents available; will retry on subsequent port and subnet creation events.
2026-06-27 10:11:17.031 9 INFO neutron.db.ovn_revision_numbers_db [None req-2cbeaf00-92c9-42f0-91cd-dbe8faf1e4cd 011c30b109874580a14a01a76d6ba67b 536d1932ddac4dbaaae8aabc0ddc15c8 - - default default] Successfully bumped revision number for resource 5dddac71-6697-47a2-86c5-eed6868ebecc (type: ports) to 1
2026-06-27 10:11:17.055 9 INFO neutron.wsgi [None req-2cbeaf00-92c9-42f0-91cd-dbe8faf1e4cd 011c30b109874580a14a01a76d6ba67b 536d1932ddac4dbaaae8aabc0ddc15c8 - - default default] 10.0.0.56 "POST /v2.0/networks HTTP/1.1" status: 201 len: 830 time: 0.9834249
2026-06-27 10:11:17.075 10 INFO neutron.db.ovn_revision_numbers_db [req-f234b888-7650-4f8c-81a9-9d0f98d4b09a req-50f1d490-9cb8-4277-8ec8-40b11c1b1940 b06a8ef406b64a53b92cc7175f827a1d ee04220336ac416da3ce6298b8609a20 - - 37f3b442b15a4d2c802eb8f99e1e291c 37f3b442b15a4d2c802eb8f99e1e291c] Successfully bumped revision number for resource 3e12cd52-e915-456e-ae7a-0440baf19e03 (type: ports) to 2
2026-06-27 10:11:17.093 10 INFO neutron.wsgi [req-f234b888-7650-4f8c-81a9-9d0f98d4b09a req-50f1d490-9cb8-4277-8ec8-40b11c1b1940 b06a8ef406b64a53b92cc7175f827a1d ee04220336ac416da3ce6298b8609a20 - - 37f3b442b15a4d2c802eb8f99e1e291c 37f3b442b15a4d2c802eb8f99e1e291c] 199.204.45.57 "PUT /v2.0/ports/3e12cd52-e915-456e-ae7a-0440baf19e03 HTTP/1.1" status: 200 len: 1419 time: 0.8334100
2026-06-27 10:11:17.128 10 INFO neutron.notifiers.nova [-] Nova event matching ['req-c9099844-8909-4dd2-b97d-c1a5b005616b'] response: {'name': 'network-changed', 'server_uuid': 'c239b610-7406-4f9f-9565-2b4036ec6333', 'tag': '3e12cd52-e915-456e-ae7a-0440baf19e03', 'status': 'completed', 'code': 200} /var/lib/openstack/lib/python3.10/site-packages/pycadf/identifier.py:71: UserWarning: Invalid uuid: neutron. To ensure interoperability, identifiers should be a valid uuid. warnings.warn(('Invalid uuid: %s. To ensure interoperability, '
2026-06-27 10:11:17.167 10 INFO neutron.wsgi [req-f234b888-7650-4f8c-81a9-9d0f98d4b09a req-3e6118b7-057b-47c6-92ad-4f7dfd5b09dc b06a8ef406b64a53b92cc7175f827a1d ee04220336ac416da3ce6298b8609a20 - - 37f3b442b15a4d2c802eb8f99e1e291c 37f3b442b15a4d2c802eb8f99e1e291c] 199.204.45.57 "GET /v2.0/ports?tenant_id=ed8e1eaa468e4af58b531cc50344b9ea&device_id=c239b610-7406-4f9f-9565-2b4036ec6333 HTTP/1.1" status: 200 len: 1450 time: 0.0364053
2026-06-27 10:11:17.199 10 INFO neutron.wsgi [req-f234b888-7650-4f8c-81a9-9d0f98d4b09a req-1f1a71b3-c172-46e7-aee1-0ed4a20d19c9 b06a8ef406b64a53b92cc7175f827a1d ee04220336ac416da3ce6298b8609a20 - - 37f3b442b15a4d2c802eb8f99e1e291c 37f3b442b15a4d2c802eb8f99e1e291c] 199.204.45.57 "GET /v2.0/floatingips?fixed_ip_address=10.100.0.12&port_id=3e12cd52-e915-456e-ae7a-0440baf19e03 HTTP/1.1" status: 200 len: 217 time: 0.0255382
2026-06-27 10:11:17.238 10 INFO neutron.wsgi [req-f234b888-7650-4f8c-81a9-9d0f98d4b09a req-50ca9471-9cb2-4374-b8d7-93edae853396 b06a8ef406b64a53b92cc7175f827a1d ee04220336ac416da3ce6298b8609a20 - - 37f3b442b15a4d2c802eb8f99e1e291c 37f3b442b15a4d2c802eb8f99e1e291c] 199.204.45.57 "GET /v2.0/subnets?id=39611e6a-0477-4154-9757-b96bca225436 HTTP/1.1" status: 200 len: 866 time: 0.0322421
2026-06-27 10:11:17.269 10 INFO neutron.wsgi [req-f234b888-7650-4f8c-81a9-9d0f98d4b09a req-09512560-9a2c-4aa5-a852-8e95f792fcb3 b06a8ef406b64a53b92cc7175f827a1d ee04220336ac416da3ce6298b8609a20 - - 37f3b442b15a4d2c802eb8f99e1e291c 37f3b442b15a4d2c802eb8f99e1e291c] 199.204.45.57 "GET /v2.0/ports?network_id=3abad73f-589e-4ae0-ab40-df5f52e9335a&device_owner=network%3Adhcp HTTP/1.1" status: 200 len: 210 time: 0.0248141
2026-06-27 10:11:17.322 9 WARNING neutron.scheduler.dhcp_agent_scheduler [None req-6bfa7858-ddeb-4878-b880-667a9c45068a 011c30b109874580a14a01a76d6ba67b 536d1932ddac4dbaaae8aabc0ddc15c8 - - default default] No more DHCP agents
2026-06-27 10:11:17.325 9 WARNING neutron.api.rpc.agentnotifiers.dhcp_rpc_agent_api [None req-6bfa7858-ddeb-4878-b880-667a9c45068a 011c30b109874580a14a01a76d6ba67b 536d1932ddac4dbaaae8aabc0ddc15c8 - - default default] Unable to schedule network 2f422b20-1c32-478c-beac-e3494bceae0e: no agents available; will retry on subsequent port and subnet creation events.
2026-06-27 10:11:17.341 10 INFO neutron.wsgi [req-f234b888-7650-4f8c-81a9-9d0f98d4b09a req-b758d37b-a667-43a2-824e-707674109dee b06a8ef406b64a53b92cc7175f827a1d ee04220336ac416da3ce6298b8609a20 - - 37f3b442b15a4d2c802eb8f99e1e291c 37f3b442b15a4d2c802eb8f99e1e291c] 199.204.45.57 "GET /v2.0/networks/3abad73f-589e-4ae0-ab40-df5f52e9335a?fields=segments HTTP/1.1" status: 200 len: 212 time: 0.0653636
2026-06-27 10:11:17.434 9 INFO neutron.db.ovn_revision_numbers_db [None req-6bfa7858-ddeb-4878-b880-667a9c45068a 011c30b109874580a14a01a76d6ba67b 536d1932ddac4dbaaae8aabc0ddc15c8 - - default default] Successfully bumped revision number for resource 4092b2eb-8983-4c1c-aecf-a13c224da54b (type: ports) to 1
2026-06-27 10:11:17.439 10 INFO neutron.wsgi [req-f234b888-7650-4f8c-81a9-9d0f98d4b09a req-57918263-bbcb-473c-9a72-1347139b077e b06a8ef406b64a53b92cc7175f827a1d ee04220336ac416da3ce6298b8609a20 - - 37f3b442b15a4d2c802eb8f99e1e291c 37f3b442b15a4d2c802eb8f99e1e291c] 199.204.45.57 "GET /v2.0/networks/3abad73f-589e-4ae0-ab40-df5f52e9335a?fields=provider%3Aphysical_network&fields=provider%3Anetwork_type HTTP/1.1" status: 200 len: 277 time: 0.0768685
2026-06-27 10:11:17.464 9 INFO neutron.wsgi [None req-6bfa7858-ddeb-4878-b880-667a9c45068a 011c30b109874580a14a01a76d6ba67b 536d1932ddac4dbaaae8aabc0ddc15c8 - - default default] 10.0.0.56 "POST /v2.0/ports HTTP/1.1" status: 201 len: 942 time: 0.4033778 /var/lib/openstack/lib/python3.10/site-packages/pycadf/identifier.py:71: UserWarning: Invalid uuid: neutron. To ensure interoperability, identifiers should be a valid uuid. warnings.warn(('Invalid uuid: %s. To ensure interoperability, '
2026-06-27 10:11:17.530 10 INFO neutron.wsgi [req-518204fd-fc72-4270-8464-cec70c568c08 req-c060daa9-6303-497c-8fc3-8fa60989dc0e b06a8ef406b64a53b92cc7175f827a1d ee04220336ac416da3ce6298b8609a20 - - 37f3b442b15a4d2c802eb8f99e1e291c 37f3b442b15a4d2c802eb8f99e1e291c] 199.204.45.57 "GET /v2.0/ports?tenant_id=ed8e1eaa468e4af58b531cc50344b9ea&device_id=c239b610-7406-4f9f-9565-2b4036ec6333 HTTP/1.1" status: 200 len: 1450 time: 0.0431657
2026-06-27 10:11:17.604 10 INFO neutron.wsgi [req-518204fd-fc72-4270-8464-cec70c568c08 req-c9c70231-2e5f-435e-bc91-7ec4b1df4cf9 b06a8ef406b64a53b92cc7175f827a1d ee04220336ac416da3ce6298b8609a20 - - 37f3b442b15a4d2c802eb8f99e1e291c 37f3b442b15a4d2c802eb8f99e1e291c] 199.204.45.57 "GET /v2.0/networks?id=3abad73f-589e-4ae0-ab40-df5f52e9335a HTTP/1.1" status: 200 len: 970 time: 0.0661695
2026-06-27 10:11:17.656 10 INFO neutron.wsgi [req-518204fd-fc72-4270-8464-cec70c568c08 req-d5fa4966-3fe5-408b-b661-017fadf92a7b b06a8ef406b64a53b92cc7175f827a1d ee04220336ac416da3ce6298b8609a20 - - 37f3b442b15a4d2c802eb8f99e1e291c 37f3b442b15a4d2c802eb8f99e1e291c] 199.204.45.57 "GET /v2.0/floatingips?fixed_ip_address=10.100.0.12&port_id=3e12cd52-e915-456e-ae7a-0440baf19e03 HTTP/1.1" status: 200 len: 217 time: 0.0350201
2026-06-27 10:11:17.663 10 INFO neutron.wsgi [req-60df4c05-ce0c-4653-a98a-c30b2d9029ff req-529bf472-492d-4e05-83f9-f736bed3ad3a b06a8ef406b64a53b92cc7175f827a1d ee04220336ac416da3ce6298b8609a20 - - 37f3b442b15a4d2c802eb8f99e1e291c 37f3b442b15a4d2c802eb8f99e1e291c] 199.204.45.57 "GET /v2.0/ports?device_id=c239b610-7406-4f9f-9565-2b4036ec6333 HTTP/1.1" status: 200 len: 1450 time: 0.0430813
2026-06-27 10:11:17.699 10 INFO neutron.wsgi [req-518204fd-fc72-4270-8464-cec70c568c08 req-459b5ed1-53d4-4766-ba3f-11fc9a563b02 b06a8ef406b64a53b92cc7175f827a1d ee04220336ac416da3ce6298b8609a20 - - 37f3b442b15a4d2c802eb8f99e1e291c 37f3b442b15a4d2c802eb8f99e1e291c] 199.204.45.57 "GET /v2.0/subnets?id=39611e6a-0477-4154-9757-b96bca225436 HTTP/1.1" status: 200 len: 866 time: 0.0380347
2026-06-27 10:11:17.722 10 INFO neutron.wsgi [req-518204fd-fc72-4270-8464-cec70c568c08 req-0578caf5-7182-4f60-af31-eb212ffe49b2 b06a8ef406b64a53b92cc7175f827a1d ee04220336ac416da3ce6298b8609a20 - - 37f3b442b15a4d2c802eb8f99e1e291c 37f3b442b15a4d2c802eb8f99e1e291c] 199.204.45.57 "GET /v2.0/ports?network_id=3abad73f-589e-4ae0-ab40-df5f52e9335a&device_owner=network%3Adhcp HTTP/1.1" status: 200 len: 210 time: 0.0178132
2026-06-27 10:11:17.728 10 INFO neutron.wsgi [req-60df4c05-ce0c-4653-a98a-c30b2d9029ff req-b57e8c6a-02bd-4598-9efd-53973e2e1bd7 b06a8ef406b64a53b92cc7175f827a1d ee04220336ac416da3ce6298b8609a20 - - 37f3b442b15a4d2c802eb8f99e1e291c 37f3b442b15a4d2c802eb8f99e1e291c] 199.204.45.57 "GET /v2.0/security-groups?id=8eb1a1ba-778f-4585-bb95-ca718434431f&id=b46f3cdf-05c3-43d9-9943-80e010431cbf&fields=id&fields=name HTTP/1.1" status: 200 len: 406 time: 0.0586131
2026-06-27 10:11:17.753 9 INFO neutron.wsgi [None req-d2e24e4a-1913-41cd-8741-6e8632f029f0 011c30b109874580a14a01a76d6ba67b 536d1932ddac4dbaaae8aabc0ddc15c8 - - default default] 10.0.0.56 "POST /v2.0/trunks HTTP/1.1" status: 201 len: 608 time: 0.2820671
2026-06-27 10:11:17.823 10 INFO neutron.wsgi [req-518204fd-fc72-4270-8464-cec70c568c08 req-63252db8-3d2c-4732-a4a3-079688a6b761 b06a8ef406b64a53b92cc7175f827a1d ee04220336ac416da3ce6298b8609a20 - - 37f3b442b15a4d2c802eb8f99e1e291c 37f3b442b15a4d2c802eb8f99e1e291c] 199.204.45.57 "GET /v2.0/networks/3abad73f-589e-4ae0-ab40-df5f52e9335a?fields=segments HTTP/1.1" status: 200 len: 212 time: 0.0940073
2026-06-27 10:11:17.832 10 INFO neutron.plugins.ml2.drivers.ovn.mech_driver.mech_driver [None req-eee4468b-8da6-4f02-957f-82083b5051aa - - - - - -] OVN reports status up for port: 3e12cd52-e915-456e-ae7a-0440baf19e03
2026-06-27 10:11:17.870 10 INFO neutron.plugins.ml2.plugin [None req-eee4468b-8da6-4f02-957f-82083b5051aa - - - - - -] Attempt 1 to provision port 3e12cd52-e915-456e-ae7a-0440baf19e03
2026-06-27 10:11:17.898 10 INFO neutron.db.segments_db [None req-f4bd86de-0727-47e9-a928-b1c82e4138ec 011c30b109874580a14a01a76d6ba67b 536d1932ddac4dbaaae8aabc0ddc15c8 - - default default] Added segment 443c9c9c-2584-4408-a179-deb158d2f801 of type geneve for network 0132682c-0fc0-4308-ab3a-39dbb9c5a74e
2026-06-27 10:11:17.921 10 INFO neutron.wsgi [req-518204fd-fc72-4270-8464-cec70c568c08 req-38a3f777-36ac-4dd4-989c-1cfeed25208a b06a8ef406b64a53b92cc7175f827a1d ee04220336ac416da3ce6298b8609a20 - - 37f3b442b15a4d2c802eb8f99e1e291c 37f3b442b15a4d2c802eb8f99e1e291c] 199.204.45.57 "GET /v2.0/networks/3abad73f-589e-4ae0-ab40-df5f52e9335a?fields=provider%3Aphysical_network&fields=provider%3Anetwork_type HTTP/1.1" status: 200 len: 277 time: 0.0887821
2026-06-27 10:11:18.051 10 INFO neutron.wsgi [req-90e86596-2181-4e3d-9c08-45d1c2218552 req-89aeb097-2fe7-4f1d-8b69-e6db9d78ce5e 807996b0f49a409f84cd1d7979fc7b51 ed8e1eaa468e4af58b531cc50344b9ea - - default default] 10.0.0.87 "GET /v2.0/ports?device_id=c239b610-7406-4f9f-9565-2b4036ec6333 HTTP/1.1" status: 200 len: 1212 time: 0.0557446
2026-06-27 10:11:18.149 10 INFO neutron.db.ovn_revision_numbers_db [None req-f4bd86de-0727-47e9-a928-b1c82e4138ec 011c30b109874580a14a01a76d6ba67b 536d1932ddac4dbaaae8aabc0ddc15c8 - - default default] Successfully bumped revision number for resource 0132682c-0fc0-4308-ab3a-39dbb9c5a74e (type: networks) to 1
2026-06-27 10:11:18.173 10 INFO neutron.wsgi [req-90e86596-2181-4e3d-9c08-45d1c2218552 req-be2db2e1-07d8-4e7f-83c5-9a14d578ea85 807996b0f49a409f84cd1d7979fc7b51 ed8e1eaa468e4af58b531cc50344b9ea - - default default] 10.0.0.87 "GET /v2.0/security-groups?id=8eb1a1ba-778f-4585-bb95-ca718434431f&id=b46f3cdf-05c3-43d9-9943-80e010431cbf&fields=id&fields=name HTTP/1.1" status: 200 len: 406 time: 0.1130426
2026-06-27 10:11:18.357 10 INFO neutron.db.ovn_revision_numbers_db [None req-eee4468b-8da6-4f02-957f-82083b5051aa - - - - - -] Successfully bumped revision number for resource 3e12cd52-e915-456e-ae7a-0440baf19e03 (type: ports) to 4
2026-06-27 10:11:18.401 10 WARNING neutron.scheduler.dhcp_agent_scheduler [None req-f4bd86de-0727-47e9-a928-b1c82e4138ec 011c30b109874580a14a01a76d6ba67b 536d1932ddac4dbaaae8aabc0ddc15c8 - - default default] No more DHCP agents
2026-06-27 10:11:18.405 10 WARNING neutron.api.rpc.agentnotifiers.dhcp_rpc_agent_api [None req-f4bd86de-0727-47e9-a928-b1c82e4138ec 011c30b109874580a14a01a76d6ba67b 536d1932ddac4dbaaae8aabc0ddc15c8 - - default default] Unable to schedule network 0132682c-0fc0-4308-ab3a-39dbb9c5a74e: no agents available; will retry on subsequent port and subnet creation events.
2026-06-27 10:11:18.541 10 INFO neutron.db.ovn_revision_numbers_db [None req-f4bd86de-0727-47e9-a928-b1c82e4138ec 011c30b109874580a14a01a76d6ba67b 536d1932ddac4dbaaae8aabc0ddc15c8 - - default default] Successfully bumped revision number for resource 9aef7f8a-9d51-4653-b268-d4677a04b309 (type: ports) to 1
2026-06-27 10:11:18.569 10 INFO neutron.wsgi [None req-f4bd86de-0727-47e9-a928-b1c82e4138ec 011c30b109874580a14a01a76d6ba67b 536d1932ddac4dbaaae8aabc0ddc15c8 - - default default] 10.0.0.56 "POST /v2.0/networks HTTP/1.1" status: 201 len: 831 time: 0.8101542 /var/lib/openstack/lib/python3.10/site-packages/pycadf/identifier.py:71: UserWarning: Invalid uuid: neutron. To ensure interoperability, identifiers should be a valid uuid. warnings.warn(('Invalid uuid: %s. To ensure interoperability, '
2026-06-27 10:11:18.843 10 WARNING neutron.scheduler.dhcp_agent_scheduler [None req-bfe8b2f6-0fc8-4715-a7bd-ca5a06414932 011c30b109874580a14a01a76d6ba67b 536d1932ddac4dbaaae8aabc0ddc15c8 - - default default] No more DHCP agents
2026-06-27 10:11:18.845 10 WARNING neutron.api.rpc.agentnotifiers.dhcp_rpc_agent_api [None req-bfe8b2f6-0fc8-4715-a7bd-ca5a06414932 011c30b109874580a14a01a76d6ba67b 536d1932ddac4dbaaae8aabc0ddc15c8 - - default default] Unable to schedule network 0132682c-0fc0-4308-ab3a-39dbb9c5a74e: no agents available; will retry on subsequent port and subnet creation events.
2026-06-27 10:11:18.939 10 INFO neutron.db.ovn_revision_numbers_db [None req-bfe8b2f6-0fc8-4715-a7bd-ca5a06414932 011c30b109874580a14a01a76d6ba67b 536d1932ddac4dbaaae8aabc0ddc15c8 - - default default] Successfully bumped revision number for resource d4722476-af5e-43e2-9a72-e348f891c1e6 (type: ports) to 1
2026-06-27 10:11:18.979 10 INFO neutron.wsgi [None req-bfe8b2f6-0fc8-4715-a7bd-ca5a06414932 011c30b109874580a14a01a76d6ba67b 536d1932ddac4dbaaae8aabc0ddc15c8 - - default default] 10.0.0.56 "POST /v2.0/ports HTTP/1.1" status: 201 len: 942 time: 0.4052300 /var/lib/openstack/lib/python3.10/site-packages/pycadf/identifier.py:71: UserWarning: Invalid uuid: neutron. To ensure interoperability, identifiers should be a valid uuid. warnings.warn(('Invalid uuid: %s. To ensure interoperability, '
2026-06-27 10:11:19.190 10 INFO neutron.notifiers.nova [-] Nova event matching ['req-d4e20b9b-203c-4efd-93c9-f6fbfe958f76'] response: {'server_uuid': 'c239b610-7406-4f9f-9565-2b4036ec6333', 'name': 'network-vif-plugged', 'status': 'completed', 'tag': '3e12cd52-e915-456e-ae7a-0440baf19e03', 'code': 200}
2026-06-27 10:11:19.191 10 INFO neutron.notifiers.nova [-] Nova event matching ['req-d4e20b9b-203c-4efd-93c9-f6fbfe958f76'] response: {'server_uuid': 'c239b610-7406-4f9f-9565-2b4036ec6333', 'name': 'network-vif-plugged', 'status': 'completed', 'tag': '3e12cd52-e915-456e-ae7a-0440baf19e03', 'code': 200}
2026-06-27 10:11:19.263 10 INFO neutron.wsgi [None req-15c50c6a-1449-4bca-9dbf-24dc6491a2c9 011c30b109874580a14a01a76d6ba67b 536d1932ddac4dbaaae8aabc0ddc15c8 - - default default] 10.0.0.56 "POST /v2.0/trunks HTTP/1.1" status: 201 len: 608 time: 0.2699323
2026-06-27 10:11:19.638 10 INFO neutron.wsgi [req-ef1ba5b9-4aa7-4ccb-8518-c4f5dffad556 req-b0e03093-2512-46a9-9661-85087fbb0441 807996b0f49a409f84cd1d7979fc7b51 ed8e1eaa468e4af58b531cc50344b9ea - - default default] 10.0.0.87 "GET /v2.0/ports?device_id=c239b610-7406-4f9f-9565-2b4036ec6333 HTTP/1.1" status: 200 len: 1214 time: 0.3605146
