2026-06-27 10:10:27.107 10 INFO neutron.wsgi [req-48e2959e-5f68-433d-8063-7833175234a7 req-a9b65997-54fe-4997-b799-58a2ecb65249 b06a8ef406b64a53b92cc7175f827a1d ee04220336ac416da3ce6298b8609a20 - - 37f3b442b15a4d2c802eb8f99e1e291c 37f3b442b15a4d2c802eb8f99e1e291c] 199.204.45.57 "GET /v2.0/ports?network_id=4fff5397-4dd6-490b-8fc7-a0c05545dc50&device_owner=network%3Adhcp HTTP/1.1" status: 200 len: 210 time: 0.0199728
2026-06-27 10:10:27.163 9 WARNING neutron.scheduler.dhcp_agent_scheduler [None req-40f59061-b63e-486c-904a-25f18f241382 6be4fd6f6a0940c4b94356717693f4bb a0e420d9af844c3a9b59abc21c3012dd - - default default] No more DHCP agents
2026-06-27 10:10:27.166 9 WARNING neutron.api.rpc.agentnotifiers.dhcp_rpc_agent_api [None req-40f59061-b63e-486c-904a-25f18f241382 6be4fd6f6a0940c4b94356717693f4bb a0e420d9af844c3a9b59abc21c3012dd - - default default] Unable to schedule network 999d43d0-b903-49ec-8c80-96a3db580a41: no agents available; will retry on subsequent port and subnet creation events.
2026-06-27 10:10:27.184 10 INFO neutron.wsgi [req-48e2959e-5f68-433d-8063-7833175234a7 req-686145dd-2349-44ae-87c3-054770bcd792 b06a8ef406b64a53b92cc7175f827a1d ee04220336ac416da3ce6298b8609a20 - - 37f3b442b15a4d2c802eb8f99e1e291c 37f3b442b15a4d2c802eb8f99e1e291c] 199.204.45.57 "GET /v2.0/networks/4fff5397-4dd6-490b-8fc7-a0c05545dc50?fields=segments HTTP/1.1" status: 200 len: 212 time: 0.0711339
2026-06-27 10:10:27.223 9 INFO neutron.wsgi [req-08ab1aad-382e-43b7-99e7-f8f4f3ca2fd5 req-28b98b4d-1679-429b-bdec-41ef11c42ef6 659ee6a8212b4de498eb148c7be465be f0d6ab3d15d341f68933e3d9c02f5111 - - default default] 10.0.0.87 "GET /v2.0/ports?device_id=3c95ea3b-df41-4345-b2c8-3ede140f1b50 HTTP/1.1" status: 200 len: 1168 time: 0.0544536
2026-06-27 10:10:27.278 9 INFO neutron.wsgi [req-08ab1aad-382e-43b7-99e7-f8f4f3ca2fd5 req-e843fe0d-7e33-4353-aaff-50702bd218b2 659ee6a8212b4de498eb148c7be465be f0d6ab3d15d341f68933e3d9c02f5111 - - default default] 10.0.0.87 "GET /v2.0/security-groups?id=de6d0b68-9018-4b41-8483-6f7275a4e6dc&fields=id&fields=name HTTP/1.1" status: 200 len: 313 time: 0.0442567
2026-06-27 10:10:27.279 9 INFO neutron.db.ovn_revision_numbers_db [None req-40f59061-b63e-486c-904a-25f18f241382 6be4fd6f6a0940c4b94356717693f4bb a0e420d9af844c3a9b59abc21c3012dd - - default default] Successfully bumped revision number for resource 1aa446f3-a0c3-4a29-a73c-285e7b011dcc (type: ports) to 1
2026-06-27 10:10:27.290 10 INFO neutron.wsgi [req-48e2959e-5f68-433d-8063-7833175234a7 req-b1d1cf1c-bd6a-40d4-bea4-b57c295a38f8 b06a8ef406b64a53b92cc7175f827a1d ee04220336ac416da3ce6298b8609a20 - - 37f3b442b15a4d2c802eb8f99e1e291c 37f3b442b15a4d2c802eb8f99e1e291c] 199.204.45.57 "GET /v2.0/networks/4fff5397-4dd6-490b-8fc7-a0c05545dc50?fields=provider%3Aphysical_network&fields=provider%3Anetwork_type HTTP/1.1" status: 200 len: 277 time: 0.1008477
2026-06-27 10:10:27.302 9 INFO neutron.wsgi [None req-40f59061-b63e-486c-904a-25f18f241382 6be4fd6f6a0940c4b94356717693f4bb a0e420d9af844c3a9b59abc21c3012dd - - default default] 10.0.0.56 "POST /v2.0/networks HTTP/1.1" status: 201 len: 830 time: 0.5709679
2026-06-27 10:10:27.463 10 INFO neutron.db.ovn_revision_numbers_db [None req-eee4468b-8da6-4f02-957f-82083b5051aa - - - - - -] Successfully bumped revision number for resource 372b6611-d3c2-46f2-9e96-d6a71d81c53f (type: ports) to 4
2026-06-27 10:10:27.583 9 WARNING neutron.scheduler.dhcp_agent_scheduler [None req-68595de6-3f74-4bd1-bc01-86396de60bed 6be4fd6f6a0940c4b94356717693f4bb a0e420d9af844c3a9b59abc21c3012dd - - default default] No more DHCP agents
2026-06-27 10:10:27.585 9 WARNING neutron.api.rpc.agentnotifiers.dhcp_rpc_agent_api [None req-68595de6-3f74-4bd1-bc01-86396de60bed 6be4fd6f6a0940c4b94356717693f4bb a0e420d9af844c3a9b59abc21c3012dd - - default default] Unable to schedule network 999d43d0-b903-49ec-8c80-96a3db580a41: no agents available; will retry on subsequent port and subnet creation events.
2026-06-27 10:10:27.674 9 INFO neutron.db.ovn_revision_numbers_db [None req-68595de6-3f74-4bd1-bc01-86396de60bed 6be4fd6f6a0940c4b94356717693f4bb a0e420d9af844c3a9b59abc21c3012dd - - default default] Successfully bumped revision number for resource 49b74bd2-0e82-4201-8b22-1e1acf15ae95 (type: ports) to 1
2026-06-27 10:10:27.704 9 INFO neutron.wsgi [None req-68595de6-3f74-4bd1-bc01-86396de60bed 6be4fd6f6a0940c4b94356717693f4bb a0e420d9af844c3a9b59abc21c3012dd - - default default] 10.0.0.56 "POST /v2.0/ports HTTP/1.1" status: 201 len: 942 time: 0.3952198 /var/lib/openstack/lib/python3.10/site-packages/pycadf/identifier.py:71: UserWarning: Invalid uuid: neutron. To ensure interoperability, identifiers should be a valid uuid. warnings.warn(('Invalid uuid: %s. To ensure interoperability, '
2026-06-27 10:10:27.802 9 INFO neutron.db.segments_db [None req-1c3b52bd-6336-401d-82ab-58242a473596 6be4fd6f6a0940c4b94356717693f4bb a0e420d9af844c3a9b59abc21c3012dd - - default default] Added segment be3ba071-d9dc-427e-9070-7998e06f5541 of type geneve for network 4111caf0-0e17-4364-9b3d-783937011c61
2026-06-27 10:10:27.979 9 INFO neutron.db.ovn_revision_numbers_db [None req-1c3b52bd-6336-401d-82ab-58242a473596 6be4fd6f6a0940c4b94356717693f4bb a0e420d9af844c3a9b59abc21c3012dd - - default default] Successfully bumped revision number for resource 4111caf0-0e17-4364-9b3d-783937011c61 (type: networks) to 1
2026-06-27 10:10:28.174 9 WARNING neutron.scheduler.dhcp_agent_scheduler [None req-1c3b52bd-6336-401d-82ab-58242a473596 6be4fd6f6a0940c4b94356717693f4bb a0e420d9af844c3a9b59abc21c3012dd - - default default] No more DHCP agents
2026-06-27 10:10:28.176 9 WARNING neutron.api.rpc.agentnotifiers.dhcp_rpc_agent_api [None req-1c3b52bd-6336-401d-82ab-58242a473596 6be4fd6f6a0940c4b94356717693f4bb a0e420d9af844c3a9b59abc21c3012dd - - default default] Unable to schedule network 4111caf0-0e17-4364-9b3d-783937011c61: no agents available; will retry on subsequent port and subnet creation events.
2026-06-27 10:10:28.264 9 INFO neutron.db.ovn_revision_numbers_db [None req-1c3b52bd-6336-401d-82ab-58242a473596 6be4fd6f6a0940c4b94356717693f4bb a0e420d9af844c3a9b59abc21c3012dd - - default default] Successfully bumped revision number for resource 5541cee9-6ca6-48d0-abdf-5e2176c4c988 (type: ports) to 1
2026-06-27 10:10:28.287 9 INFO neutron.wsgi [None req-1c3b52bd-6336-401d-82ab-58242a473596 6be4fd6f6a0940c4b94356717693f4bb a0e420d9af844c3a9b59abc21c3012dd - - default default] 10.0.0.56 "POST /v2.0/networks HTTP/1.1" status: 201 len: 831 time: 0.5779853
2026-06-27 10:10:28.420 9 INFO neutron.wsgi [req-92444bcc-26bf-4d20-8766-27793e75e241 req-ab115a40-5b85-44ab-add6-efa5477ba135 659ee6a8212b4de498eb148c7be465be f0d6ab3d15d341f68933e3d9c02f5111 - - default default] 10.0.0.87 "GET /v2.0/ports?device_id=3c95ea3b-df41-4345-b2c8-3ede140f1b50 HTTP/1.1" status: 200 len: 1170 time: 0.0565243
2026-06-27 10:10:28.524 9 INFO neutron.wsgi [req-92444bcc-26bf-4d20-8766-27793e75e241 req-2163ae86-68ca-4d26-8a6c-e07f40b024ea 659ee6a8212b4de498eb148c7be465be f0d6ab3d15d341f68933e3d9c02f5111 - - default default] 10.0.0.87 "GET /v2.0/security-groups?id=de6d0b68-9018-4b41-8483-6f7275a4e6dc&fields=id&fields=name HTTP/1.1" status: 200 len: 313 time: 0.0948696
2026-06-27 10:10:28.569 10 INFO neutron.notifiers.nova [-] Nova event matching ['req-917ee12e-6985-420d-a628-0e149296b996'] response: {'server_uuid': '3c95ea3b-df41-4345-b2c8-3ede140f1b50', 'name': 'network-vif-plugged', 'status': 'completed', 'tag': '372b6611-d3c2-46f2-9e96-d6a71d81c53f', 'code': 200}
2026-06-27 10:10:28.569 10 INFO neutron.notifiers.nova [-] Nova event matching ['req-917ee12e-6985-420d-a628-0e149296b996'] response: {'server_uuid': '3c95ea3b-df41-4345-b2c8-3ede140f1b50', 'name': 'network-vif-plugged', 'status': 'completed', 'tag': '372b6611-d3c2-46f2-9e96-d6a71d81c53f', 'code': 200}
2026-06-27 10:10:28.630 9 WARNING neutron.scheduler.dhcp_agent_scheduler [None req-cc766252-19a0-4769-ab31-62da8bd0ec4a 6be4fd6f6a0940c4b94356717693f4bb a0e420d9af844c3a9b59abc21c3012dd - - default default] No more DHCP agents
2026-06-27 10:10:28.635 9 WARNING neutron.api.rpc.agentnotifiers.dhcp_rpc_agent_api [None req-cc766252-19a0-4769-ab31-62da8bd0ec4a 6be4fd6f6a0940c4b94356717693f4bb a0e420d9af844c3a9b59abc21c3012dd - - default default] Unable to schedule network 4111caf0-0e17-4364-9b3d-783937011c61: no agents available; will retry on subsequent port and subnet creation events.
2026-06-27 10:10:28.750 9 INFO neutron.db.ovn_revision_numbers_db [None req-cc766252-19a0-4769-ab31-62da8bd0ec4a 6be4fd6f6a0940c4b94356717693f4bb a0e420d9af844c3a9b59abc21c3012dd - - default default] Successfully bumped revision number for resource c2dc2d1e-0113-4b62-9ecc-d901fd65af99 (type: ports) to 1
2026-06-27 10:10:28.773 9 INFO neutron.wsgi [None req-cc766252-19a0-4769-ab31-62da8bd0ec4a 6be4fd6f6a0940c4b94356717693f4bb a0e420d9af844c3a9b59abc21c3012dd - - default default] 10.0.0.56 "POST /v2.0/ports HTTP/1.1" status: 201 len: 942 time: 0.4795527 /var/lib/openstack/lib/python3.10/site-packages/pycadf/identifier.py:71: UserWarning: Invalid uuid: neutron. To ensure interoperability, identifiers should be a valid uuid. warnings.warn(('Invalid uuid: %s. To ensure interoperability, '
2026-06-27 10:10:28.821 9 INFO neutron.wsgi [None req-aa645a55-f35a-40f6-a866-69bff48e2ffc 6be4fd6f6a0940c4b94356717693f4bb a0e420d9af844c3a9b59abc21c3012dd - - default default] 10.0.0.56 "PUT /v2.0/ports/6105a60a-33e2-48f8-b56c-61d75dadcac1/tags HTTP/1.1" status: 200 len: 210 time: 0.0443807 /var/lib/openstack/lib/python3.10/site-packages/pycadf/identifier.py:71: UserWarning: Invalid uuid: neutron. To ensure interoperability, identifiers should be a valid uuid. warnings.warn(('Invalid uuid: %s. To ensure interoperability, '
2026-06-27 10:10:28.870 10 INFO neutron.wsgi [None req-9a6ffe59-2749-4355-8f9f-b9db72bd4718 6be4fd6f6a0940c4b94356717693f4bb a0e420d9af844c3a9b59abc21c3012dd - - default default] 10.0.0.56 "PUT /v2.0/ports/7b6eb74c-1a4a-4d63-a79b-49e53270cc4c/tags HTTP/1.1" status: 200 len: 218 time: 0.0430095
2026-06-27 10:10:28.897 9 INFO neutron.wsgi [-] 10.0.0.214 "GET / HTTP/1.1" status: 200 len: 246 time: 0.0020587
2026-06-27 10:10:28.899 9 INFO neutron.wsgi [-] 10.0.0.214 "GET / HTTP/1.1" status: 200 len: 246 time: 0.0012782
2026-06-27 10:10:28.919 10 INFO neutron.wsgi [None req-5507b9c7-6a1c-4123-9247-017c40e3a2ee 6be4fd6f6a0940c4b94356717693f4bb a0e420d9af844c3a9b59abc21c3012dd - - default default] 10.0.0.56 "PUT /v2.0/ports/17951f4e-c05f-401b-b680-ac7f284c0387/tags HTTP/1.1" status: 200 len: 227 time: 0.0443389
2026-06-27 10:10:28.935 9 INFO neutron.db.ovn_revision_numbers_db [None req-25ee5117-7dd0-4438-9513-b1d6bd05c0bb d7084b42becf4b599e8970dfec32f5a2 29cf855aa6fd4a9f9704eaa2a21cf674 - - default default] Successfully bumped revision number for resource 84892d82-e2ac-433c-8943-89b9bcf34612 (type: security_groups) to 1
2026-06-27 10:10:28.949 9 INFO neutron.db.ovn_revision_numbers_db [None req-25ee5117-7dd0-4438-9513-b1d6bd05c0bb d7084b42becf4b599e8970dfec32f5a2 29cf855aa6fd4a9f9704eaa2a21cf674 - - default default] Successfully bumped revision number for resource 2363e271-9b7d-47e5-a960-aedc02a28c05 (type: security_group_rules) to 0
2026-06-27 10:10:28.965 9 INFO neutron.db.ovn_revision_numbers_db [None req-25ee5117-7dd0-4438-9513-b1d6bd05c0bb d7084b42becf4b599e8970dfec32f5a2 29cf855aa6fd4a9f9704eaa2a21cf674 - - default default] Successfully bumped revision number for resource 567c4830-c05a-45d9-a48c-58451197f9fb (type: security_group_rules) to 0
2026-06-27 10:10:28.977 10 INFO neutron.wsgi [None req-5edab4f5-34a5-4334-af4c-087c1180d62f 6be4fd6f6a0940c4b94356717693f4bb a0e420d9af844c3a9b59abc21c3012dd - - default default] 10.0.0.56 "PUT /v2.0/ports/49b74bd2-0e82-4201-8b22-1e1acf15ae95/tags HTTP/1.1" status: 200 len: 212 time: 0.0526922
2026-06-27 10:10:28.985 9 INFO neutron.db.ovn_revision_numbers_db [None req-25ee5117-7dd0-4438-9513-b1d6bd05c0bb d7084b42becf4b599e8970dfec32f5a2 29cf855aa6fd4a9f9704eaa2a21cf674 - - default default] Successfully bumped revision number for resource 7925bd3c-ec31-414a-b914-5d9d4edc5647 (type: security_group_rules) to 0
2026-06-27 10:10:28.999 9 INFO neutron.db.ovn_revision_numbers_db [None req-25ee5117-7dd0-4438-9513-b1d6bd05c0bb d7084b42becf4b599e8970dfec32f5a2 29cf855aa6fd4a9f9704eaa2a21cf674 - - default default] Successfully bumped revision number for resource 8042b77d-8f4a-43cd-aefd-cf57ec661588 (type: security_group_rules) to 0
2026-06-27 10:10:29.023 9 INFO neutron.wsgi [None req-25ee5117-7dd0-4438-9513-b1d6bd05c0bb d7084b42becf4b599e8970dfec32f5a2 29cf855aa6fd4a9f9704eaa2a21cf674 - - default default] 10.0.0.56 "GET /v2.0/security-groups?tenant_id=395e72b9f67f49cfa1d4f56af7c98bd6&name=default HTTP/1.1" status: 200 len: 2996 time: 0.4466145
2026-06-27 10:10:29.185 10 INFO neutron.wsgi [None req-9809a2d7-2733-44dd-9e9a-6559904a8083 6be4fd6f6a0940c4b94356717693f4bb a0e420d9af844c3a9b59abc21c3012dd - - default default] 10.0.0.56 "GET /v2.0/ports?tags=red HTTP/1.1" status: 200 len: 2448 time: 0.2013638
2026-06-27 10:10:29.217 9 INFO neutron.wsgi [None req-cfb298ae-1577-41ba-8802-366141b22c08 d7084b42becf4b599e8970dfec32f5a2 29cf855aa6fd4a9f9704eaa2a21cf674 - - default default] 10.0.0.56 "DELETE /v2.0/security-groups/84892d82-e2ac-433c-8943-89b9bcf34612 HTTP/1.1" status: 204 len: 168 time: 0.1882157
2026-06-27 10:10:29.261 10 INFO neutron.wsgi [None req-6e7758ed-587b-4e8c-8f1a-7603adb2620b 6be4fd6f6a0940c4b94356717693f4bb a0e420d9af844c3a9b59abc21c3012dd - - default default] 10.0.0.56 "GET /v2.0/ports?tags=red%2Cblue HTTP/1.1" status: 200 len: 1708 time: 0.0705187
2026-06-27 10:10:29.326 10 INFO neutron.wsgi [None req-efa378ec-4e32-40ed-8aeb-9bfb8e98aefe 6be4fd6f6a0940c4b94356717693f4bb a0e420d9af844c3a9b59abc21c3012dd - - default default] 10.0.0.56 "GET /v2.0/ports?tags-any=blue HTTP/1.1" status: 200 len: 1708 time: 0.0595391
2026-06-27 10:10:29.383 10 INFO neutron.wsgi [None req-90ba9438-d141-403c-a436-0474764e444a 6be4fd6f6a0940c4b94356717693f4bb a0e420d9af844c3a9b59abc21c3012dd - - default default] 10.0.0.56 "GET /v2.0/ports?tags-any=red%2Cblue HTTP/1.1" status: 200 len: 2448 time: 0.0519276
2026-06-27 10:10:29.563 10 INFO neutron.wsgi [None req-1bd9b4ef-6e21-4075-9ff9-05879b0e3149 6be4fd6f6a0940c4b94356717693f4bb a0e420d9af844c3a9b59abc21c3012dd - - default default] 10.0.0.56 "GET /v2.0/ports?not-tags=red HTTP/1.1" status: 200 len: 5463 time: 0.1739194
2026-06-27 10:10:29.627 9 INFO neutron.wsgi [req-944ac238-783a-4cf6-aadd-65691b7036c9 req-7563eda6-7534-4aea-8201-e701b3799ce3 659ee6a8212b4de498eb148c7be465be f0d6ab3d15d341f68933e3d9c02f5111 - - default default] 10.0.0.87 "GET /v2.0/ports?device_id=3c95ea3b-df41-4345-b2c8-3ede140f1b50 HTTP/1.1" status: 200 len: 1170 time: 0.0368986
2026-06-27 10:10:29.648 10 INFO neutron.wsgi [None req-370f4bb3-295a-46e4-81fe-1796ab9fd6bd 6be4fd6f6a0940c4b94356717693f4bb a0e420d9af844c3a9b59abc21c3012dd - - default default] 10.0.0.56 "GET /v2.0/ports?not-tags=red%2Cblue HTTP/1.1" status: 200 len: 6203 time: 0.0788887
2026-06-27 10:10:29.703 9 INFO neutron.wsgi [req-944ac238-783a-4cf6-aadd-65691b7036c9 req-86e609d7-9ba5-446e-8acd-b970fe055cca 659ee6a8212b4de498eb148c7be465be f0d6ab3d15d341f68933e3d9c02f5111 - - default default] 10.0.0.87 "GET /v2.0/security-groups?id=de6d0b68-9018-4b41-8483-6f7275a4e6dc&fields=id&fields=name HTTP/1.1" status: 200 len: 313 time: 0.0677979
2026-06-27 10:10:29.864 10 INFO neutron.wsgi [req-82136fd5-013c-49c6-8b75-a1349f92d39d req-d36a57a0-4d30-4934-8ca3-8e5c62c18f09 659ee6a8212b4de498eb148c7be465be f0d6ab3d15d341f68933e3d9c02f5111 - - default default] 10.0.0.87 "GET /v2.0/ports?device_id=3c95ea3b-df41-4345-b2c8-3ede140f1b50 HTTP/1.1" status: 200 len: 1170 time: 0.0931556
2026-06-27 10:10:29.913 10 INFO neutron.wsgi [req-82136fd5-013c-49c6-8b75-a1349f92d39d req-d86e69f4-6bd3-4b0c-9238-f3298a26ff15 659ee6a8212b4de498eb148c7be465be f0d6ab3d15d341f68933e3d9c02f5111 - - default default] 10.0.0.87 "GET /v2.0/security-groups?id=de6d0b68-9018-4b41-8483-6f7275a4e6dc&fields=id&fields=name HTTP/1.1" status: 200 len: 313 time: 0.0399842
2026-06-27 10:10:29.940 9 INFO neutron.wsgi [None req-58162465-62c9-45a4-a84d-62c493336c0a 6be4fd6f6a0940c4b94356717693f4bb a0e420d9af844c3a9b59abc21c3012dd - - default default] 10.0.0.56 "GET /v2.0/ports?not-tags-any=blue HTTP/1.1" status: 200 len: 6203 time: 0.2853348
2026-06-27 10:10:29.980 9 INFO neutron.wsgi [None req-7123ae2b-e36f-4e9c-b6b9-a3ad24aa36c3 f7d89717c1164a95a69f1f930f79e529 3b3936e8210544f3950a054774c672df - - default default] 10.0.0.56 "GET /v2.0/ports?device_id=3c95ea3b-df41-4345-b2c8-3ede140f1b50 HTTP/1.1" status: 200 len: 1404 time: 0.0372562
2026-06-27 10:10:30.033 10 INFO neutron.wsgi [None req-541c6389-babc-4fad-8deb-ed71d3c86a8f 6be4fd6f6a0940c4b94356717693f4bb a0e420d9af844c3a9b59abc21c3012dd - - default default] 10.0.0.56 "GET /v2.0/ports?not-tags-any=red%2Cblue HTTP/1.1" status: 200 len: 5463 time: 0.0865769
2026-06-27 10:10:30.197 9 INFO neutron.wsgi [req-0afc7466-9ed7-4986-8971-6a769738dd23 req-ca8ae904-ac15-4872-b614-498ba1bce6e8 b06a8ef406b64a53b92cc7175f827a1d ee04220336ac416da3ce6298b8609a20 - - 37f3b442b15a4d2c802eb8f99e1e291c 37f3b442b15a4d2c802eb8f99e1e291c] 10.0.0.236 "GET /v2.0/ports?device_id=d11f63f6-5e50-4270-bef3-5aa59b0eb5d9 HTTP/1.1" status: 200 len: 1638 time: 0.0490284
2026-06-27 10:10:30.262 9 INFO neutron.wsgi [req-0afc7466-9ed7-4986-8971-6a769738dd23 req-56b65e97-27c6-45fc-9e7f-ff5117046609 b06a8ef406b64a53b92cc7175f827a1d ee04220336ac416da3ce6298b8609a20 - - 37f3b442b15a4d2c802eb8f99e1e291c 37f3b442b15a4d2c802eb8f99e1e291c] 10.0.0.236 "GET /v2.0/security-groups?id=ae1d6027-47fc-4b41-83c8-29f84d42fdc2&fields=id&fields=name HTTP/1.1" status: 200 len: 310 time: 0.0516770
2026-06-27 10:10:30.263 9 INFO neutron.db.l3_db [None req-f73f3e00-520c-45c1-914f-4715133ed50a 659ee6a8212b4de498eb148c7be465be f0d6ab3d15d341f68933e3d9c02f5111 - - default default] Floating IP 2ea892e4-7cec-4e97-89d9-aad27d5fba6c associated. External IP: 10.96.250.214, port: 372b6611-d3c2-46f2-9e96-d6a71d81c53f.
2026-06-27 10:10:30.314 10 INFO neutron.db.ovn_revision_numbers_db [None req-85b4072f-c349-40e5-b25f-9a6d8cab66bb d7084b42becf4b599e8970dfec32f5a2 29cf855aa6fd4a9f9704eaa2a21cf674 - - default default] Successfully bumped revision number for resource dc7fc987-bef7-40e3-b249-0498c0197fc4 (type: security_groups) to 1
2026-06-27 10:10:30.330 10 INFO neutron.wsgi [None req-b1aafd51-9dcc-45e4-94fa-742000852e18 6be4fd6f6a0940c4b94356717693f4bb a0e420d9af844c3a9b59abc21c3012dd - - default default] 10.0.0.56 "DELETE /v2.0/ports/6105a60a-33e2-48f8-b56c-61d75dadcac1 HTTP/1.1" status: 204 len: 168 time: 0.2885928
2026-06-27 10:10:30.334 10 INFO neutron.db.ovn_revision_numbers_db [None req-85b4072f-c349-40e5-b25f-9a6d8cab66bb d7084b42becf4b599e8970dfec32f5a2 29cf855aa6fd4a9f9704eaa2a21cf674 - - default default] Successfully bumped revision number for resource 102a38a6-ebdd-49af-bfc0-bc04edd68a9f (type: security_group_rules) to 0
2026-06-27 10:10:30.381 10 INFO neutron.db.ovn_revision_numbers_db [None req-85b4072f-c349-40e5-b25f-9a6d8cab66bb d7084b42becf4b599e8970dfec32f5a2 29cf855aa6fd4a9f9704eaa2a21cf674 - - default default] Successfully bumped revision number for resource 1965bc2e-48e0-4b68-ab14-a01f48f5bd5b (type: security_group_rules) to 0
2026-06-27 10:10:30.435 10 INFO neutron.db.ovn_revision_numbers_db [None req-85b4072f-c349-40e5-b25f-9a6d8cab66bb d7084b42becf4b599e8970dfec32f5a2 29cf855aa6fd4a9f9704eaa2a21cf674 - - default default] Successfully bumped revision number for resource 6e980e4d-ee2c-41ef-a697-2062cccaa4a0 (type: security_group_rules) to 0
2026-06-27 10:10:30.473 10 INFO neutron.db.ovn_revision_numbers_db [None req-85b4072f-c349-40e5-b25f-9a6d8cab66bb d7084b42becf4b599e8970dfec32f5a2 29cf855aa6fd4a9f9704eaa2a21cf674 - - default default] Successfully bumped revision number for resource fb685d9b-8f39-4e82-aaa2-3b3a5e8caf2d (type: security_group_rules) to 0
2026-06-27 10:10:30.533 10 INFO neutron.wsgi [None req-85b4072f-c349-40e5-b25f-9a6d8cab66bb d7084b42becf4b599e8970dfec32f5a2 29cf855aa6fd4a9f9704eaa2a21cf674 - - default default] 10.0.0.56 "GET /v2.0/security-groups?tenant_id=b162cdde8c0245f58f68f154190c61d4&name=default HTTP/1.1" status: 200 len: 2996 time: 0.3919561
2026-06-27 10:10:30.669 10 INFO neutron.wsgi [None req-04560347-eb8d-4f56-b703-4083859da5a9 6be4fd6f6a0940c4b94356717693f4bb a0e420d9af844c3a9b59abc21c3012dd - - default default] 10.0.0.56 "DELETE /v2.0/ports/7b6eb74c-1a4a-4d63-a79b-49e53270cc4c HTTP/1.1" status: 204 len: 168 time: 0.3332207
2026-06-27 10:10:30.775 9 INFO neutron.db.ovn_revision_numbers_db [None req-f73f3e00-520c-45c1-914f-4715133ed50a 659ee6a8212b4de498eb148c7be465be f0d6ab3d15d341f68933e3d9c02f5111 - - default default] Successfully bumped revision number for resource 2ea892e4-7cec-4e97-89d9-aad27d5fba6c (type: floatingips) to 4
2026-06-27 10:10:30.863 10 INFO neutron.wsgi [None req-691a63fa-f2f3-45b8-a772-8e79481f36ed d7084b42becf4b599e8970dfec32f5a2 29cf855aa6fd4a9f9704eaa2a21cf674 - - default default] 10.0.0.56 "DELETE /v2.0/security-groups/dc7fc987-bef7-40e3-b249-0498c0197fc4 HTTP/1.1" status: 204 len: 168 time: 0.3241582
2026-06-27 10:10:30.888 9 INFO neutron.db.ovn_revision_numbers_db [None req-f73f3e00-520c-45c1-914f-4715133ed50a 659ee6a8212b4de498eb148c7be465be f0d6ab3d15d341f68933e3d9c02f5111 - - default default] Successfully bumped revision number for resource 2ea892e4-7cec-4e97-89d9-aad27d5fba6c (type: floatingips) to 5
2026-06-27 10:10:30.923 9 INFO neutron.wsgi [None req-f73f3e00-520c-45c1-914f-4715133ed50a 659ee6a8212b4de498eb148c7be465be f0d6ab3d15d341f68933e3d9c02f5111 - - default default] 10.0.0.56 "PUT /v2.0/floatingips/2ea892e4-7cec-4e97-89d9-aad27d5fba6c HTTP/1.1" status: 200 len: 1049 time: 0.9366844
2026-06-27 10:10:30.927 10 INFO neutron.wsgi [None req-4b58d78b-4e29-45e1-b9ab-7e236551b842 6be4fd6f6a0940c4b94356717693f4bb a0e420d9af844c3a9b59abc21c3012dd - - default default] 10.0.0.56 "DELETE /v2.0/ports/17951f4e-c05f-401b-b680-ac7f284c0387 HTTP/1.1" status: 204 len: 168 time: 0.2515376 /var/lib/openstack/lib/python3.10/site-packages/pycadf/identifier.py:71: UserWarning: Invalid uuid: neutron. To ensure interoperability, identifiers should be a valid uuid. warnings.warn(('Invalid uuid: %s. To ensure interoperability, '
2026-06-27 10:10:30.964 9 INFO neutron.notifiers.nova [-] Nova event matching ['req-5e76c95a-99d5-4ba7-8a3d-3dd78bafb0f2'] response: {'name': 'network-changed', 'server_uuid': '3c95ea3b-df41-4345-b2c8-3ede140f1b50', 'tag': '372b6611-d3c2-46f2-9e96-d6a71d81c53f', 'status': 'completed', 'code': 200}
2026-06-27 10:10:31.200 9 INFO neutron.wsgi [None req-ab9c2e52-a2a3-4d21-b5b3-f10cdf47fb9d 6be4fd6f6a0940c4b94356717693f4bb a0e420d9af844c3a9b59abc21c3012dd - - default default] 10.0.0.56 "DELETE /v2.0/ports/49b74bd2-0e82-4201-8b22-1e1acf15ae95 HTTP/1.1" status: 204 len: 168 time: 0.2617068
2026-06-27 10:10:31.283 10 INFO neutron.wsgi [None req-aa851cfe-1b8a-4af1-aa3e-58fa07d02769 659ee6a8212b4de498eb148c7be465be f0d6ab3d15d341f68933e3d9c02f5111 - - default default] 10.0.0.56 "GET /v2.0/floatingips/2ea892e4-7cec-4e97-89d9-aad27d5fba6c HTTP/1.1" status: 200 len: 1051 time: 0.3546398
2026-06-27 10:10:31.291 10 INFO neutron.wsgi [req-954a03a1-0132-4861-91fd-469cf663e8bb req-75d09150-5287-48f0-a319-ab647e2ef0b2 b06a8ef406b64a53b92cc7175f827a1d ee04220336ac416da3ce6298b8609a20 - - 37f3b442b15a4d2c802eb8f99e1e291c 37f3b442b15a4d2c802eb8f99e1e291c] 199.204.45.57 "GET /v2.0/ports?tenant_id=f0d6ab3d15d341f68933e3d9c02f5111&device_id=3c95ea3b-df41-4345-b2c8-3ede140f1b50 HTTP/1.1" status: 200 len: 1409 time: 0.3176687
2026-06-27 10:10:31.375 10 INFO neutron.wsgi [req-954a03a1-0132-4861-91fd-469cf663e8bb req-60f4b18c-2f89-4327-90b0-8658724cc480 b06a8ef406b64a53b92cc7175f827a1d ee04220336ac416da3ce6298b8609a20 - - 37f3b442b15a4d2c802eb8f99e1e291c 37f3b442b15a4d2c802eb8f99e1e291c] 199.204.45.57 "GET /v2.0/networks?id=4fff5397-4dd6-490b-8fc7-a0c05545dc50 HTTP/1.1" status: 200 len: 958 time: 0.0722466
2026-06-27 10:10:31.434 10 INFO neutron.wsgi [req-954a03a1-0132-4861-91fd-469cf663e8bb req-278a60b6-1e09-4e19-8c83-e61348110fc2 b06a8ef406b64a53b92cc7175f827a1d ee04220336ac416da3ce6298b8609a20 - - 37f3b442b15a4d2c802eb8f99e1e291c 37f3b442b15a4d2c802eb8f99e1e291c] 199.204.45.57 "GET /v2.0/floatingips?fixed_ip_address=10.100.0.3&port_id=372b6611-d3c2-46f2-9e96-d6a71d81c53f HTTP/1.1" status: 200 len: 1059 time: 0.0527949
2026-06-27 10:10:31.481 10 INFO neutron.wsgi [req-954a03a1-0132-4861-91fd-469cf663e8bb req-ac6fb940-d865-485c-af62-8f5fa851b353 b06a8ef406b64a53b92cc7175f827a1d ee04220336ac416da3ce6298b8609a20 - - 37f3b442b15a4d2c802eb8f99e1e291c 37f3b442b15a4d2c802eb8f99e1e291c] 199.204.45.57 "GET /v2.0/subnets?id=2ec80e3a-1d20-489e-bb7e-7ad5b1af8623 HTTP/1.1" status: 200 len: 852 time: 0.0360718
2026-06-27 10:10:31.507 9 INFO neutron.wsgi [None req-b4bbba34-394c-497c-bc91-003869b6a463 6be4fd6f6a0940c4b94356717693f4bb a0e420d9af844c3a9b59abc21c3012dd - - default default] 10.0.0.56 "DELETE /v2.0/ports/c2dc2d1e-0113-4b62-9ecc-d901fd65af99 HTTP/1.1" status: 204 len: 168 time: 0.2989006
2026-06-27 10:10:31.518 10 INFO neutron.wsgi [req-954a03a1-0132-4861-91fd-469cf663e8bb req-b4c184a1-668a-4b1e-a6d9-a0cab15ee093 b06a8ef406b64a53b92cc7175f827a1d ee04220336ac416da3ce6298b8609a20 - - 37f3b442b15a4d2c802eb8f99e1e291c 37f3b442b15a4d2c802eb8f99e1e291c] 199.204.45.57 "GET /v2.0/ports?network_id=4fff5397-4dd6-490b-8fc7-a0c05545dc50&device_owner=network%3Adhcp HTTP/1.1" status: 200 len: 210 time: 0.0239551
2026-06-27 10:10:31.613 10 INFO neutron.wsgi [req-954a03a1-0132-4861-91fd-469cf663e8bb req-fff4c830-9b07-4358-a43b-136254171158 b06a8ef406b64a53b92cc7175f827a1d ee04220336ac416da3ce6298b8609a20 - - 37f3b442b15a4d2c802eb8f99e1e291c 37f3b442b15a4d2c802eb8f99e1e291c] 199.204.45.57 "GET /v2.0/networks/4fff5397-4dd6-490b-8fc7-a0c05545dc50?fields=segments HTTP/1.1" status: 200 len: 212 time: 0.0876801
2026-06-27 10:10:31.680 10 INFO neutron.wsgi [req-954a03a1-0132-4861-91fd-469cf663e8bb req-ad8fba1f-d84d-4be3-9353-2665abd96e9d b06a8ef406b64a53b92cc7175f827a1d ee04220336ac416da3ce6298b8609a20 - - 37f3b442b15a4d2c802eb8f99e1e291c 37f3b442b15a4d2c802eb8f99e1e291c] 199.204.45.57 "GET /v2.0/networks/4fff5397-4dd6-490b-8fc7-a0c05545dc50?fields=provider%3Aphysical_network&fields=provider%3Anetwork_type HTTP/1.1" status: 200 len: 277 time: 0.0601556
2026-06-27 10:10:31.921 9 INFO neutron.services.segments.plugin [-] Segment 0adeaf30-addb-4182-be91-d3e0a398d63a resource provider aggregate not found
2026-06-27 10:10:31.926 9 INFO neutron.services.segments.plugin [-] Segment 0adeaf30-addb-4182-be91-d3e0a398d63a resource provider aggregate not found
2026-06-27 10:10:31.955 9 INFO neutron.services.segments.plugin [-] Segment 0adeaf30-addb-4182-be91-d3e0a398d63a resource provider not found; error: Placement Client Error (4xx): {"errors": [{"status": 404, "title": "Not Found", "detail": "The resource could not be found.\n\n No resource provider with uuid 0adeaf30-addb-4182-be91-d3e0a398d63a found for delete ", "request_id": "req-2e4533bd-0d48-4e6b-9876-bf7d59b1f883"}]}
2026-06-27 10:10:31.956 9 INFO neutron.services.segments.plugin [-] Segment 0adeaf30-addb-4182-be91-d3e0a398d63a resource provider not found; error: Placement Client Error (4xx): {"errors": [{"status": 404, "title": "Not Found", "detail": "The resource could not be found.\n\n No resource provider with uuid 0adeaf30-addb-4182-be91-d3e0a398d63a found for delete ", "request_id": "req-21df7b79-2d22-47ef-b197-34ead0f6d25f"}]}
2026-06-27 10:10:31.978 9 INFO neutron.wsgi [None req-97ae2699-8e5e-43ac-99c7-3d5a9df24bdd 6be4fd6f6a0940c4b94356717693f4bb a0e420d9af844c3a9b59abc21c3012dd - - default default] 10.0.0.56 "DELETE /v2.0/networks/b294031f-321f-460f-93b7-9b709ac299b8 HTTP/1.1" status: 204 len: 168 time: 0.4648232
2026-06-27 10:10:32.395 10 INFO neutron.services.segments.plugin [-] Segment 129264c0-5cb8-4d12-96dc-d7caeddd0d5b resource provider aggregate not found
2026-06-27 10:10:32.401 10 INFO neutron.services.segments.plugin [-] Segment 129264c0-5cb8-4d12-96dc-d7caeddd0d5b resource provider aggregate not found
2026-06-27 10:10:32.418 10 INFO neutron.services.segments.plugin [-] Segment 129264c0-5cb8-4d12-96dc-d7caeddd0d5b resource provider not found; error: Placement Client Error (4xx): {"errors": [{"status": 404, "title": "Not Found", "detail": "The resource could not be found.\n\n No resource provider with uuid 129264c0-5cb8-4d12-96dc-d7caeddd0d5b found for delete ", "request_id": "req-1b0b620d-557f-4362-bab3-6f99a1ec847a"}]}
2026-06-27 10:10:32.419 10 INFO neutron.services.segments.plugin [-] Segment 129264c0-5cb8-4d12-96dc-d7caeddd0d5b resource provider not found; error: Placement Client Error (4xx): {"errors": [{"status": 404, "title": "Not Found", "detail": "The resource could not be found.\n\n No resource provider with uuid 129264c0-5cb8-4d12-96dc-d7caeddd0d5b found for delete ", "request_id": "req-60830e0c-b3e6-46a9-b205-383ab9e580f9"}]}
2026-06-27 10:10:32.450 10 INFO neutron.wsgi [None req-e4cd3321-e9e6-4e7e-bc5a-c1fe2f6fe8b3 6be4fd6f6a0940c4b94356717693f4bb a0e420d9af844c3a9b59abc21c3012dd - - default default] 10.0.0.56 "DELETE /v2.0/networks/bde9f1eb-2aa3-4faa-b908-6d8a03349781 HTTP/1.1" status: 204 len: 168 time: 0.4640739
2026-06-27 10:10:32.886 10 INFO neutron.wsgi [None req-e17a4c60-cc81-4b98-b386-cdc7da60d549 6be4fd6f6a0940c4b94356717693f4bb a0e420d9af844c3a9b59abc21c3012dd - - default default] 10.0.0.56 "DELETE /v2.0/networks/9250dd6f-c688-47a7-b126-ec6ae35949f7 HTTP/1.1" status: 204 len: 168 time: 0.4240122
2026-06-27 10:10:33.272 9 INFO neutron.wsgi [None req-2ec071d5-e9d8-46b8-950b-4e0fe537e85b 6be4fd6f6a0940c4b94356717693f4bb a0e420d9af844c3a9b59abc21c3012dd - - default default] 10.0.0.56 "DELETE /v2.0/networks/999d43d0-b903-49ec-8c80-96a3db580a41 HTTP/1.1" status: 204 len: 168 time: 0.3806508
2026-06-27 10:10:33.750 10 INFO neutron.wsgi [None req-2f86e8fb-0846-4976-bbc7-ab3a768aa878 6be4fd6f6a0940c4b94356717693f4bb a0e420d9af844c3a9b59abc21c3012dd - - default default] 10.0.0.56 "DELETE /v2.0/networks/4111caf0-0e17-4364-9b3d-783937011c61 HTTP/1.1" status: 204 len: 168 time: 0.4705634
2026-06-27 10:10:33.981 9 INFO neutron.services.segments.plugin [-] Segment 28bbb5d4-e2bf-4428-9e2c-25288b6131c9 resource provider aggregate not found
2026-06-27 10:10:33.991 9 INFO neutron.services.segments.plugin [-] Segment 28bbb5d4-e2bf-4428-9e2c-25288b6131c9 resource provider aggregate not found
2026-06-27 10:10:34.006 9 INFO neutron.services.segments.plugin [-] Segment 28bbb5d4-e2bf-4428-9e2c-25288b6131c9 resource provider not found; error: Placement Client Error (4xx): {"errors": [{"status": 404, "title": "Not Found", "detail": "The resource could not be found.\n\n No resource provider with uuid 28bbb5d4-e2bf-4428-9e2c-25288b6131c9 found for delete ", "request_id": "req-1b913a1a-52d2-4d08-9514-159d242fb2b2"}]}
2026-06-27 10:10:34.013 9 INFO neutron.services.segments.plugin [-] Segment 28bbb5d4-e2bf-4428-9e2c-25288b6131c9 resource provider not found; error: Placement Client Error (4xx): {"errors": [{"status": 404, "title": "Not Found", "detail": "The resource could not be found.\n\n No resource provider with uuid 28bbb5d4-e2bf-4428-9e2c-25288b6131c9 found for delete ", "request_id": "req-cdc533eb-e293-4f42-a67a-163733ff9f29"}]}
2026-06-27 10:10:34.441 10 INFO neutron.services.segments.plugin [-] Segment 72278306-576f-453d-89de-2da0068640f7 resource provider aggregate not found
2026-06-27 10:10:34.448 10 INFO neutron.services.segments.plugin [-] Segment 72278306-576f-453d-89de-2da0068640f7 resource provider aggregate not found
2026-06-27 10:10:34.459 10 INFO neutron.services.segments.plugin [-] Segment 72278306-576f-453d-89de-2da0068640f7 resource provider not found; error: Placement Client Error (4xx): {"errors": [{"status": 404, "title": "Not Found", "detail": "The resource could not be found.\n\n No resource provider with uuid 72278306-576f-453d-89de-2da0068640f7 found for delete ", "request_id": "req-1ae58f09-6b10-4289-afcb-f75ca1106a41"}]}
2026-06-27 10:10:34.469 10 INFO neutron.services.segments.plugin [-] Segment 72278306-576f-453d-89de-2da0068640f7 resource provider not found; error: Placement Client Error (4xx): {"errors": [{"status": 404, "title": "Not Found", "detail": "The resource could not be found.\n\n No resource provider with uuid 72278306-576f-453d-89de-2da0068640f7 found for delete ", "request_id": "req-5f80a31b-6787-4544-8b69-fd3547f64f24"}]}
2026-06-27 10:10:34.479 10 INFO neutron.services.segments.plugin [-] Segment be3ba071-d9dc-427e-9070-7998e06f5541 resource provider aggregate not found
2026-06-27 10:10:34.488 10 INFO neutron.services.segments.plugin [-] Segment be3ba071-d9dc-427e-9070-7998e06f5541 resource provider aggregate not found
2026-06-27 10:10:34.510 10 INFO neutron.services.segments.plugin [-] Segment be3ba071-d9dc-427e-9070-7998e06f5541 resource provider not found; error: Placement Client Error (4xx): {"errors": [{"status": 404, "title": "Not Found", "detail": "The resource could not be found.\n\n No resource provider with uuid be3ba071-d9dc-427e-9070-7998e06f5541 found for delete ", "request_id": "req-a3111c37-b45b-4ddb-b56f-f2437325150f"}]}
2026-06-27 10:10:34.513 10 INFO neutron.services.segments.plugin [-] Segment be3ba071-d9dc-427e-9070-7998e06f5541 resource provider not found; error: Placement Client Error (4xx): {"errors": [{"status": 404, "title": "Not Found", "detail": "The resource could not be found.\n\n No resource provider with uuid be3ba071-d9dc-427e-9070-7998e06f5541 found for delete ", "request_id": "req-aaf5c0b1-6a93-42b6-bfdd-8c74395158f6"}]}
2026-06-27 10:10:34.936 10 INFO neutron.db.ovn_revision_numbers_db [None req-75afddfd-dcba-49fd-a1e7-06315680e4f9 d7084b42becf4b599e8970dfec32f5a2 29cf855aa6fd4a9f9704eaa2a21cf674 - - default default] Successfully bumped revision number for resource d698b9e2-641e-4d2b-973a-a0c4bf4af1b2 (type: security_groups) to 1
2026-06-27 10:10:34.953 10 INFO neutron.db.ovn_revision_numbers_db [None req-75afddfd-dcba-49fd-a1e7-06315680e4f9 d7084b42becf4b599e8970dfec32f5a2 29cf855aa6fd4a9f9704eaa2a21cf674 - - default default] Successfully bumped revision number for resource 730753d5-f0eb-4723-9b90-aefa75804d62 (type: security_group_rules) to 0
2026-06-27 10:10:34.968 10 INFO neutron.db.ovn_revision_numbers_db [None req-75afddfd-dcba-49fd-a1e7-06315680e4f9 d7084b42becf4b599e8970dfec32f5a2 29cf855aa6fd4a9f9704eaa2a21cf674 - - default default] Successfully bumped revision number for resource d06cd0cb-9895-4862-9e86-32f5093ed55c (type: security_group_rules) to 0
2026-06-27 10:10:34.988 10 INFO neutron.db.ovn_revision_numbers_db [None req-75afddfd-dcba-49fd-a1e7-06315680e4f9 d7084b42becf4b599e8970dfec32f5a2 29cf855aa6fd4a9f9704eaa2a21cf674 - - default default] Successfully bumped revision number for resource d0dcb3b9-282f-47a4-a3d8-92928bfd1e26 (type: security_group_rules) to 0
2026-06-27 10:10:35.014 10 INFO neutron.db.ovn_revision_numbers_db [None req-75afddfd-dcba-49fd-a1e7-06315680e4f9 d7084b42becf4b599e8970dfec32f5a2 29cf855aa6fd4a9f9704eaa2a21cf674 - - default default] Successfully bumped revision number for resource d4c481c9-6916-4e4c-8bc9-29afdc5a91f2 (type: security_group_rules) to 0
2026-06-27 10:10:35.036 10 INFO neutron.wsgi [None req-75afddfd-dcba-49fd-a1e7-06315680e4f9 d7084b42becf4b599e8970dfec32f5a2 29cf855aa6fd4a9f9704eaa2a21cf674 - - default default] 10.0.0.56 "GET /v2.0/security-groups?tenant_id=bf3a7121d5dd4c0d9b20e89a1b33de4d&name=default HTTP/1.1" status: 200 len: 2996 time: 0.4014337
2026-06-27 10:10:35.272 10 INFO neutron.wsgi [None req-1c4eed56-7436-47ba-93eb-c65c7bd1d60e d7084b42becf4b599e8970dfec32f5a2 29cf855aa6fd4a9f9704eaa2a21cf674 - - default default] 10.0.0.56 "DELETE /v2.0/security-groups/d698b9e2-641e-4d2b-973a-a0c4bf4af1b2 HTTP/1.1" status: 204 len: 168 time: 0.2295763
2026-06-27 10:10:35.520 10 INFO neutron.db.ovn_revision_numbers_db [None req-d402d141-d299-484e-b4b2-73ee91cb62f7 d7084b42becf4b599e8970dfec32f5a2 29cf855aa6fd4a9f9704eaa2a21cf674 - - default default] Successfully bumped revision number for resource 658b9f9b-07e1-4c4e-a87b-3750c1f4a2c3 (type: security_groups) to 1
2026-06-27 10:10:35.535 10 INFO neutron.db.ovn_revision_numbers_db [None req-d402d141-d299-484e-b4b2-73ee91cb62f7 d7084b42becf4b599e8970dfec32f5a2 29cf855aa6fd4a9f9704eaa2a21cf674 - - default default] Successfully bumped revision number for resource 8831b355-f5c5-4791-95d6-2b418dc0aa99 (type: security_group_rules) to 0
2026-06-27 10:10:35.548 10 INFO neutron.db.ovn_revision_numbers_db [None req-d402d141-d299-484e-b4b2-73ee91cb62f7 d7084b42becf4b599e8970dfec32f5a2 29cf855aa6fd4a9f9704eaa2a21cf674 - - default default] Successfully bumped revision number for resource 89988ac0-35a3-49e9-b82d-cedd66574e73 (type: security_group_rules) to 0
2026-06-27 10:10:35.554 9 INFO neutron.wsgi [None req-888450d3-1134-4e8b-bfda-1b44fd82920c a60b5303df73494594a505c6f4ffa037 322ff0f25bcf4d4fb0c8cfdf6282ee6c - - default default] 10.0.0.56 "GET /v2.0/subnets/76e80ed1-a5bb-47dd-a808-f2891b3321cb HTTP/1.1" status: 200 len: 845 time: 0.0470440
2026-06-27 10:10:35.570 10 INFO neutron.db.ovn_revision_numbers_db [None req-d402d141-d299-484e-b4b2-73ee91cb62f7 d7084b42becf4b599e8970dfec32f5a2 29cf855aa6fd4a9f9704eaa2a21cf674 - - default default] Successfully bumped revision number for resource ad36ab8e-e3f1-4511-9fe6-aa2de4002260 (type: security_group_rules) to 0
2026-06-27 10:10:35.587 10 INFO neutron.db.ovn_revision_numbers_db [None req-d402d141-d299-484e-b4b2-73ee91cb62f7 d7084b42becf4b599e8970dfec32f5a2 29cf855aa6fd4a9f9704eaa2a21cf674 - - default default] Successfully bumped revision number for resource e8b36eaa-1c8a-499b-8b90-28493baa3e5e (type: security_group_rules) to 0
2026-06-27 10:10:35.607 10 INFO neutron.wsgi [None req-d402d141-d299-484e-b4b2-73ee91cb62f7 d7084b42becf4b599e8970dfec32f5a2 29cf855aa6fd4a9f9704eaa2a21cf674 - - default default] 10.0.0.56 "GET /v2.0/security-groups?tenant_id=7433367a021049ec8d6020effd4d3815&name=default HTTP/1.1" status: 200 len: 2996 time: 0.2146249
2026-06-27 10:10:35.827 10 INFO neutron.wsgi [None req-708123fe-41ed-4fcb-bb6b-1d0756b7f888 d7084b42becf4b599e8970dfec32f5a2 29cf855aa6fd4a9f9704eaa2a21cf674 - - default default] 10.0.0.56 "DELETE /v2.0/security-groups/658b9f9b-07e1-4c4e-a87b-3750c1f4a2c3 HTTP/1.1" status: 204 len: 168 time: 0.2138457
2026-06-27 10:10:36.034 10 INFO neutron.wsgi [None req-3bd26d81-294a-493d-9f7c-1626539a6554 d7084b42becf4b599e8970dfec32f5a2 29cf855aa6fd4a9f9704eaa2a21cf674 - - default default] 10.0.0.56 "GET /v2.0/security-groups?tenant_id=a0e420d9af844c3a9b59abc21c3012dd&name=default HTTP/1.1" status: 200 len: 2996 time: 0.0398049
2026-06-27 10:10:36.270 10 INFO neutron.wsgi [None req-567145ca-717a-49b2-a589-a40bb790b3c2 d7084b42becf4b599e8970dfec32f5a2 29cf855aa6fd4a9f9704eaa2a21cf674 - - default default] 10.0.0.56 "DELETE /v2.0/security-groups/3b5b3947-9634-4b3f-b6c2-81ec98358b92 HTTP/1.1" status: 204 len: 168 time: 0.2316213
2026-06-27 10:10:36.306 9 INFO neutron.wsgi [None req-04447212-8b36-4ba6-a4e4-20a9049b55c5 d7084b42becf4b599e8970dfec32f5a2 29cf855aa6fd4a9f9704eaa2a21cf674 - - default default] 10.0.0.213 "GET /v2.0/extensions/security-group HTTP/1.1" status: 200 len: 369 time: 0.1892252
2026-06-27 10:10:36.324 9 INFO neutron.wsgi [None req-c34053d4-9457-477c-81e2-0aeca9210032 d7084b42becf4b599e8970dfec32f5a2 29cf855aa6fd4a9f9704eaa2a21cf674 - - default default] 10.0.0.213 "GET /v2.0/extensions/dns-integration HTTP/1.1" status: 200 len: 371 time: 0.0105741
2026-06-27 10:10:36.333 9 INFO neutron.wsgi [None req-07739d58-c45d-49a5-b602-b5becb6f2a19 d7084b42becf4b599e8970dfec32f5a2 29cf855aa6fd4a9f9704eaa2a21cf674 - - default default] 10.0.0.213 "GET /v2.0/extensions/qos HTTP/1.1" status: 200 len: 365 time: 0.0048404
2026-06-27 10:10:36.344 9 INFO neutron.wsgi [None req-77aadae3-90f7-4980-b8e5-403d387787b2 d7084b42becf4b599e8970dfec32f5a2 29cf855aa6fd4a9f9704eaa2a21cf674 - - default default] 10.0.0.213 "GET /v2.0/extensions/allowed-address-pairs HTTP/1.1" status: 200 len: 383 time: 0.0054302
2026-06-27 10:10:36.862 10 INFO neutron.wsgi [-] 10.0.0.213 "GET / HTTP/1.1" status: 200 len: 284 time: 0.0031598
2026-06-27 10:10:36.907 10 INFO neutron.wsgi [None req-97ba6fc2-76de-4ce1-90fa-812d5dc61210 dfb440b915ca4f7bbbfb5006eca8a0ae 9a00310324314d5e918076dd2c3fd0e0 - - default default] 10.0.0.213 "GET /v2.0/subnets/76e80ed1-a5bb-47dd-a808-f2891b3321cb HTTP/1.1" status: 200 len: 832 time: 0.0389326
2026-06-27 10:10:36.927 9 INFO neutron.wsgi [None req-3a76ef6a-5c0e-4be6-b00e-5aa6f6d3f1d7 d7084b42becf4b599e8970dfec32f5a2 29cf855aa6fd4a9f9704eaa2a21cf674 - - default default] 10.0.0.213 "GET /v2.0/extensions/security-group HTTP/1.1" status: 200 len: 369 time: 0.0086458
2026-06-27 10:10:36.944 9 INFO neutron.wsgi [None req-d18b026e-e989-48ce-8887-78918cd97325 d7084b42becf4b599e8970dfec32f5a2 29cf855aa6fd4a9f9704eaa2a21cf674 - - default default] 10.0.0.213 "GET /v2.0/extensions/dns-integration HTTP/1.1" status: 200 len: 371 time: 0.0058115
2026-06-27 10:10:36.951 9 INFO neutron.wsgi [None req-0fea59f0-dee0-4e18-a080-264c63107eb9 d7084b42becf4b599e8970dfec32f5a2 29cf855aa6fd4a9f9704eaa2a21cf674 - - default default] 10.0.0.213 "GET /v2.0/extensions/qos HTTP/1.1" status: 200 len: 365 time: 0.0039501
2026-06-27 10:10:36.964 9 INFO neutron.wsgi [None req-848d9595-36f7-43cc-bad2-2cf8fbe2f546 d7084b42becf4b599e8970dfec32f5a2 29cf855aa6fd4a9f9704eaa2a21cf674 - - default default] 10.0.0.213 "GET /v2.0/extensions/allowed-address-pairs HTTP/1.1" status: 200 len: 383 time: 0.0055144
2026-06-27 10:10:37.008 9 INFO neutron.wsgi [None req-44428485-998b-4dba-9424-b331385f101b d7084b42becf4b599e8970dfec32f5a2 29cf855aa6fd4a9f9704eaa2a21cf674 - - default default] 10.0.0.213 "GET /v2.0/subnets/76e80ed1-a5bb-47dd-a808-f2891b3321cb HTTP/1.1" status: 200 len: 850 time: 0.0366440
2026-06-27 10:10:37.234 9 INFO neutron.wsgi [None req-2a75d1f6-96c5-4991-aebf-ef7fe198e079 d7084b42becf4b599e8970dfec32f5a2 29cf855aa6fd4a9f9704eaa2a21cf674 - - default default] 10.0.0.213 "GET /v2.0/extensions/security-group HTTP/1.1" status: 200 len: 369 time: 0.0074592
2026-06-27 10:10:37.247 9 INFO neutron.wsgi [None req-4b6ff0dd-7fbe-4f2b-a348-b443cdad11ad d7084b42becf4b599e8970dfec32f5a2 29cf855aa6fd4a9f9704eaa2a21cf674 - - default default] 10.0.0.213 "GET /v2.0/extensions/dns-integration HTTP/1.1" status: 200 len: 371 time: 0.0062780
2026-06-27 10:10:37.257 9 INFO neutron.wsgi [None req-1fe03b74-040d-4205-8931-6ef4b946db50 d7084b42becf4b599e8970dfec32f5a2 29cf855aa6fd4a9f9704eaa2a21cf674 - - default default] 10.0.0.213 "GET /v2.0/extensions/qos HTTP/1.1" status: 200 len: 365 time: 0.0047057
2026-06-27 10:10:37.268 9 INFO neutron.wsgi [None req-89bab32d-911a-4758-9355-d43b1c167d89 d7084b42becf4b599e8970dfec32f5a2 29cf855aa6fd4a9f9704eaa2a21cf674 - - default default] 10.0.0.213 "GET /v2.0/extensions/allowed-address-pairs HTTP/1.1" status: 200 len: 383 time: 0.0052271
2026-06-27 10:10:37.337 9 INFO neutron.wsgi [None req-887d46e7-6866-41df-94a7-9e9772de1173 d7084b42becf4b599e8970dfec32f5a2 29cf855aa6fd4a9f9704eaa2a21cf674 - - default default] 10.0.0.213 "GET /v2.0/networks/c4b41547-6368-4b43-8f78-6022a18d0f4c HTTP/1.1" status: 200 len: 1001 time: 0.0617199
2026-06-27 10:10:37.352 9 INFO neutron.wsgi [None req-8a65f3b3-9e71-4f97-8372-16378850c38c d7084b42becf4b599e8970dfec32f5a2 29cf855aa6fd4a9f9704eaa2a21cf674 - - default default] 10.0.0.213 "GET /v2.0/extensions/project-id HTTP/1.1" status: 200 len: 403 time: 0.0049710
2026-06-27 10:10:37.704 9 WARNING neutron.scheduler.dhcp_agent_scheduler [None req-fd28de45-58b5-40e8-bdc1-513cc0792d43 d7084b42becf4b599e8970dfec32f5a2 29cf855aa6fd4a9f9704eaa2a21cf674 - - default default] No more DHCP agents
2026-06-27 10:10:37.707 9 WARNING neutron.api.rpc.agentnotifiers.dhcp_rpc_agent_api [None req-fd28de45-58b5-40e8-bdc1-513cc0792d43 d7084b42becf4b599e8970dfec32f5a2 29cf855aa6fd4a9f9704eaa2a21cf674 - - default default] Unable to schedule network c4b41547-6368-4b43-8f78-6022a18d0f4c: no agents available; will retry on subsequent port and subnet creation events.
2026-06-27 10:10:37.874 9 INFO neutron.db.ovn_revision_numbers_db [None req-fd28de45-58b5-40e8-bdc1-513cc0792d43 d7084b42becf4b599e8970dfec32f5a2 29cf855aa6fd4a9f9704eaa2a21cf674 - - default default] Successfully bumped revision number for resource a3f39a67-e896-4f11-ba17-81ec3ee1bd32 (type: ports) to 1
2026-06-27 10:10:37.894 9 INFO neutron.wsgi [None req-fd28de45-58b5-40e8-bdc1-513cc0792d43 d7084b42becf4b599e8970dfec32f5a2 29cf855aa6fd4a9f9704eaa2a21cf674 - - default default] 10.0.0.213 "POST /v2.0/ports HTTP/1.1" status: 201 len: 1333 time: 0.5361631 /var/lib/openstack/lib/python3.10/site-packages/pycadf/identifier.py:71: UserWarning: Invalid uuid: neutron. To ensure interoperability, identifiers should be a valid uuid. warnings.warn(('Invalid uuid: %s. To ensure interoperability, '
2026-06-27 10:10:39.492 9 INFO neutron.wsgi [None req-adab59b7-cdc8-4a77-82b9-1e5b6520e9bf d7084b42becf4b599e8970dfec32f5a2 29cf855aa6fd4a9f9704eaa2a21cf674 - - default default] 199.204.45.57 "GET /v2.0/extensions/security-group HTTP/1.1" status: 200 len: 369 time: 0.1342063
2026-06-27 10:10:39.503 9 INFO neutron.wsgi [None req-2178313e-d680-462a-85d2-9e39b25eace1 d7084b42becf4b599e8970dfec32f5a2 29cf855aa6fd4a9f9704eaa2a21cf674 - - default default] 199.204.45.57 "GET /v2.0/extensions/dns-integration HTTP/1.1" status: 200 len: 371 time: 0.0054762
2026-06-27 10:10:39.512 9 INFO neutron.wsgi [None req-66c0748f-a19b-4d21-8419-d2da699cba2a d7084b42becf4b599e8970dfec32f5a2 29cf855aa6fd4a9f9704eaa2a21cf674 - - default default] 199.204.45.57 "GET /v2.0/extensions/qos HTTP/1.1" status: 200 len: 365 time: 0.0051208
2026-06-27 10:10:39.524 9 INFO neutron.wsgi [None req-9b0caae2-2d5a-4b61-8f44-bee376210a6f d7084b42becf4b599e8970dfec32f5a2 29cf855aa6fd4a9f9704eaa2a21cf674 - - default default] 199.204.45.57 "GET /v2.0/extensions/allowed-address-pairs HTTP/1.1" status: 200 len: 383 time: 0.0048339
2026-06-27 10:10:39.564 9 INFO neutron.wsgi [None req-a34c63ad-724c-4660-b651-041dfc287ff2 d7084b42becf4b599e8970dfec32f5a2 29cf855aa6fd4a9f9704eaa2a21cf674 - - default default] 199.204.45.57 "GET /v2.0/ports/a3f39a67-e896-4f11-ba17-81ec3ee1bd32 HTTP/1.1" status: 200 len: 1328 time: 0.0347416
2026-06-27 10:10:39.673 9 INFO neutron.wsgi [None req-3d72812a-cca6-4a0e-9223-081b48156eda d7084b42becf4b599e8970dfec32f5a2 29cf855aa6fd4a9f9704eaa2a21cf674 - - default default] 199.204.45.57 "GET /v2.0/extensions/security-group HTTP/1.1" status: 200 len: 369 time: 0.0070488
2026-06-27 10:10:39.682 9 INFO neutron.wsgi [None req-d40f3cce-01cd-4f33-a935-81e2248deab5 d7084b42becf4b599e8970dfec32f5a2 29cf855aa6fd4a9f9704eaa2a21cf674 - - default default] 199.204.45.57 "GET /v2.0/extensions/dns-integration HTTP/1.1" status: 200 len: 371 time: 0.0045578
2026-06-27 10:10:39.691 9 INFO neutron.wsgi [None req-357ed85c-8bed-4e5b-acf0-d91b6c0b1aa8 d7084b42becf4b599e8970dfec32f5a2 29cf855aa6fd4a9f9704eaa2a21cf674 - - default default] 199.204.45.57 "GET /v2.0/extensions/qos HTTP/1.1" status: 200 len: 365 time: 0.0042763
2026-06-27 10:10:39.701 9 INFO neutron.wsgi [None req-a3f61b36-4381-4e54-81fa-d8aaf7054d0f d7084b42becf4b599e8970dfec32f5a2 29cf855aa6fd4a9f9704eaa2a21cf674 - - default default] 199.204.45.57 "GET /v2.0/extensions/allowed-address-pairs HTTP/1.1" status: 200 len: 383 time: 0.0044875
2026-06-27 10:10:39.732 9 INFO neutron.wsgi [None req-920e4788-ea9e-43a5-a9d8-6bd958a43875 d7084b42becf4b599e8970dfec32f5a2 29cf855aa6fd4a9f9704eaa2a21cf674 - - default default] 199.204.45.57 "GET /v2.0/security-groups?name=lb-d1207c78-c298-4a8d-af28-8f4e92acd158 HTTP/1.1" status: 200 len: 221 time: 0.0245917
2026-06-27 10:10:39.848 9 INFO neutron.db.ovn_revision_numbers_db [None req-6cdcc3be-8e1d-46bc-a6bd-e066b7b53477 d7084b42becf4b599e8970dfec32f5a2 29cf855aa6fd4a9f9704eaa2a21cf674 - - default default] Successfully bumped revision number for resource 718c8c08-b520-4dae-ab9b-c6f2ae0ee328 (type: security_groups) to 1
2026-06-27 10:10:39.865 9 INFO neutron.db.ovn_revision_numbers_db [None req-6cdcc3be-8e1d-46bc-a6bd-e066b7b53477 d7084b42becf4b599e8970dfec32f5a2 29cf855aa6fd4a9f9704eaa2a21cf674 - - default default] Successfully bumped revision number for resource d61f30fd-b3c2-4f28-a22f-8a56c317e737 (type: security_group_rules) to 0
2026-06-27 10:10:39.878 9 INFO neutron.db.ovn_revision_numbers_db [None req-6cdcc3be-8e1d-46bc-a6bd-e066b7b53477 d7084b42becf4b599e8970dfec32f5a2 29cf855aa6fd4a9f9704eaa2a21cf674 - - default default] Successfully bumped revision number for resource fa3aeec2-acfb-4162-826d-e7d10af8488f (type: security_group_rules) to 0
2026-06-27 10:10:39.895 9 INFO neutron.wsgi [None req-6cdcc3be-8e1d-46bc-a6bd-e066b7b53477 d7084b42becf4b599e8970dfec32f5a2 29cf855aa6fd4a9f9704eaa2a21cf674 - - default default] 199.204.45.57 "POST /v2.0/security-groups HTTP/1.1" status: 201 len: 1777 time: 0.1564283
2026-06-27 10:10:39.927 9 INFO neutron.wsgi [None req-bf85a4f1-3c40-4786-807c-faa664026627 d7084b42becf4b599e8970dfec32f5a2 29cf855aa6fd4a9f9704eaa2a21cf674 - - default default] 199.204.45.57 "GET /v2.0/security-group-rules?security_group_id=718c8c08-b520-4dae-ab9b-c6f2ae0ee328 HTTP/1.1" status: 200 len: 1318 time: 0.0268869
2026-06-27 10:10:40.358 9 INFO neutron.db.ovn_revision_numbers_db [None req-1f18ac9b-598d-48cd-96e3-9119adddfe81 d7084b42becf4b599e8970dfec32f5a2 29cf855aa6fd4a9f9704eaa2a21cf674 - - default default] Successfully bumped revision number for resource a3f39a67-e896-4f11-ba17-81ec3ee1bd32 (type: ports) to 2
