2026-06-27 10:08:03.737 10 WARNING neutron.plugins.ml2.drivers.ovn.mech_driver.ovsdb.ovn_client [None req-eee4468b-8da6-4f02-957f-82083b5051aa - - - - - -] No hosting information found for port ae6748f2-27f0-44c4-9554-a3b198773a59: RuntimeError: No hosting information found for port ae6748f2-27f0-44c4-9554-a3b198773a59
2026-06-27 10:08:03.855 9 INFO neutron.wsgi [None req-2bb9df3d-9325-4f3a-b4cf-a7b2d3790fae 5116d183304a4ad597cae2ec7a7b71db 20101ceb0312433584fac726b1249e41 - - default default] 10.0.0.56 "DELETE /v2.0/routers/d216d28b-67eb-4119-92b6-2e8547d4fdec HTTP/1.1" status: 204 len: 168 time: 0.2639735
2026-06-27 10:08:03.954 9 INFO neutron.wsgi [req-eab8f005-cf24-4759-9be9-8287889e21cb req-66845e8b-50ea-4a1c-ba45-5c90a2774d36 9d2e4d10054c4f21b70fa701d92274a9 42ea737b2a3045ef956fd90d080fac8f - - default default] 10.0.0.87 "GET /v2.0/ports?device_id=5b8f9b83-9fb6-4da5-b3f7-925bed9c05ae HTTP/1.1" status: 200 len: 210 time: 0.0248284
2026-06-27 10:08:04.093 9 INFO neutron.wsgi [None req-ba1c72a8-761e-4182-b302-38e6c6bf976a 5116d183304a4ad597cae2ec7a7b71db 20101ceb0312433584fac726b1249e41 - - default default] 10.0.0.56 "DELETE /v2.0/subnets/b6110645-be80-4164-b9d6-bc73594fffcc HTTP/1.1" status: 204 len: 168 time: 0.2314589
2026-06-27 10:08:04.279 9 INFO neutron.wsgi [None req-bfce87db-0d36-4ccf-8408-b109a89c8905 5116d183304a4ad597cae2ec7a7b71db 20101ceb0312433584fac726b1249e41 - - default default] 10.0.0.56 "DELETE /v2.0/subnets/67301e55-9d7f-4b77-8e0d-b38b19501576 HTTP/1.1" status: 204 len: 168 time: 0.1774993
2026-06-27 10:08:04.752 9 INFO neutron.wsgi [None req-49525fbe-8d6f-422c-8efb-66a50f165c15 5116d183304a4ad597cae2ec7a7b71db 20101ceb0312433584fac726b1249e41 - - default default] 10.0.0.56 "DELETE /v2.0/networks/69b296e0-da16-4ba0-808d-414f16f009c0 HTTP/1.1" status: 204 len: 168 time: 0.4662356
2026-06-27 10:08:04.781 9 INFO neutron.services.segments.plugin [-] Segment d01da795-5ac1-4946-bf14-ddb59138156b resource provider aggregate not found
2026-06-27 10:08:04.789 9 INFO neutron.services.segments.plugin [-] Segment d01da795-5ac1-4946-bf14-ddb59138156b resource provider aggregate not found
2026-06-27 10:08:04.802 9 INFO neutron.services.segments.plugin [-] Segment d01da795-5ac1-4946-bf14-ddb59138156b resource provider not found; error: Placement Client Error (4xx): {"errors": [{"status": 404, "title": "Not Found", "detail": "The resource could not be found.\n\n No resource provider with uuid d01da795-5ac1-4946-bf14-ddb59138156b found for delete ", "request_id": "req-a7e1c515-b4b3-484d-9a51-2667af0b854e"}]}
2026-06-27 10:08:04.820 9 INFO neutron.services.segments.plugin [-] Segment d01da795-5ac1-4946-bf14-ddb59138156b resource provider not found; error: Placement Client Error (4xx): {"errors": [{"status": 404, "title": "Not Found", "detail": "The resource could not be found.\n\n No resource provider with uuid d01da795-5ac1-4946-bf14-ddb59138156b found for delete ", "request_id": "req-871a24e0-39b9-4e46-a94b-2bc74aab06ed"}]}
2026-06-27 10:08:05.157 10 INFO neutron.wsgi [req-239e45ab-f54d-47c4-b303-afc17a55fe8d req-35ad3cb9-5854-4178-8835-13b43134aa96 9d2e4d10054c4f21b70fa701d92274a9 42ea737b2a3045ef956fd90d080fac8f - - default default] 10.0.0.87 "GET /v2.0/ports?device_id=5b8f9b83-9fb6-4da5-b3f7-925bed9c05ae HTTP/1.1" status: 200 len: 210 time: 0.0514522
2026-06-27 10:08:05.207 10 INFO neutron.wsgi [req-7c1d61f9-a9ca-4f7d-9757-079e688d6f2d req-9ba34a6c-d757-4d05-b0f3-eaa81a4d21fa 9d2e4d10054c4f21b70fa701d92274a9 42ea737b2a3045ef956fd90d080fac8f - - default default] 199.204.45.57 "GET /v2.0/networks?id=aa3de60d-05a6-4c47-a7f2-dbfded178749 HTTP/1.1" status: 200 len: 869 time: 0.4231148
2026-06-27 10:08:05.314 10 INFO neutron.wsgi [req-7c1d61f9-a9ca-4f7d-9757-079e688d6f2d req-af82d36b-0546-4529-a794-8faa5ff3902e 9d2e4d10054c4f21b70fa701d92274a9 42ea737b2a3045ef956fd90d080fac8f - - default default] 199.204.45.57 "GET /v2.0/security-groups?fields=id&fields=name&tenant_id=42ea737b2a3045ef956fd90d080fac8f HTTP/1.1" status: 200 len: 379 time: 0.0909219
2026-06-27 10:08:05.646 10 INFO neutron.services.segments.plugin [-] Segment 496dcb68-c7c8-4626-b35a-f7b0d62cd651 resource provider aggregate not found
2026-06-27 10:08:05.653 10 INFO neutron.services.segments.plugin [-] Segment 496dcb68-c7c8-4626-b35a-f7b0d62cd651 resource provider aggregate not found
2026-06-27 10:08:05.669 10 INFO neutron.services.segments.plugin [-] Segment 496dcb68-c7c8-4626-b35a-f7b0d62cd651 resource provider not found; error: Placement Client Error (4xx): {"errors": [{"status": 404, "title": "Not Found", "detail": "The resource could not be found.\n\n No resource provider with uuid 496dcb68-c7c8-4626-b35a-f7b0d62cd651 found for delete ", "request_id": "req-32fda2c8-0f47-4212-a703-de5cf106620d"}]}
2026-06-27 10:08:05.671 10 INFO neutron.services.segments.plugin [-] Segment 496dcb68-c7c8-4626-b35a-f7b0d62cd651 resource provider not found; error: Placement Client Error (4xx): {"errors": [{"status": 404, "title": "Not Found", "detail": "The resource could not be found.\n\n No resource provider with uuid 496dcb68-c7c8-4626-b35a-f7b0d62cd651 found for delete ", "request_id": "req-d5ca9fe2-99cf-40ce-ae50-15b681ebb73a"}]}
2026-06-27 10:08:05.723 10 INFO neutron.wsgi [None req-3fd61734-6d3e-4e76-9f50-b778c72e6d7f 5116d183304a4ad597cae2ec7a7b71db 20101ceb0312433584fac726b1249e41 - - default default] 10.0.0.56 "DELETE /v2.0/networks/fb238380-0f28-4cb8-afec-eea8019cfd04 HTTP/1.1" status: 204 len: 168 time: 0.9653878
2026-06-27 10:08:05.857 9 INFO neutron.db.segments_db [None req-cb2a1aba-bd25-44e5-b62c-b69c08e6b2e7 5116d183304a4ad597cae2ec7a7b71db 20101ceb0312433584fac726b1249e41 - - default default] Added segment 79b69e32-5509-4381-a419-4ebe7e374270 of type geneve for network 35f6339d-64d8-4932-8e59-aad3287bd5c8
2026-06-27 10:08:05.877 9 WARNING neutron.plugins.ml2.drivers.ovn.mech_driver.ovsdb.ovn_client [None req-52e93dfb-9160-4bd6-86b2-6619b950589b - - - - - -] No port found with ID ce9437ff-5e04-4e86-8cbe-4973641d1b4c: RuntimeError: No port found with ID ce9437ff-5e04-4e86-8cbe-4973641d1b4c
2026-06-27 10:08:05.902 10 WARNING neutron.scheduler.dhcp_agent_scheduler [req-7c1d61f9-a9ca-4f7d-9757-079e688d6f2d req-8f6bc1b2-1fed-404b-bdfd-88d09507b885 9d2e4d10054c4f21b70fa701d92274a9 42ea737b2a3045ef956fd90d080fac8f - - default default] No more DHCP agents
2026-06-27 10:08:05.903 10 WARNING neutron.api.rpc.agentnotifiers.dhcp_rpc_agent_api [req-7c1d61f9-a9ca-4f7d-9757-079e688d6f2d req-8f6bc1b2-1fed-404b-bdfd-88d09507b885 9d2e4d10054c4f21b70fa701d92274a9 42ea737b2a3045ef956fd90d080fac8f - - default default] Unable to schedule network aa3de60d-05a6-4c47-a7f2-dbfded178749: no agents available; will retry on subsequent port and subnet creation events.
2026-06-27 10:08:06.017 9 INFO neutron.db.ovn_revision_numbers_db [None req-cb2a1aba-bd25-44e5-b62c-b69c08e6b2e7 5116d183304a4ad597cae2ec7a7b71db 20101ceb0312433584fac726b1249e41 - - default default] Successfully bumped revision number for resource 35f6339d-64d8-4932-8e59-aad3287bd5c8 (type: networks) to 1
2026-06-27 10:08:06.124 10 INFO neutron.db.ovn_revision_numbers_db [req-7c1d61f9-a9ca-4f7d-9757-079e688d6f2d req-8f6bc1b2-1fed-404b-bdfd-88d09507b885 9d2e4d10054c4f21b70fa701d92274a9 42ea737b2a3045ef956fd90d080fac8f - - default default] Successfully bumped revision number for resource 740a23ba-ff41-464f-9ecf-6450fe9ded15 (type: ports) to 1
2026-06-27 10:08:06.150 10 INFO neutron.wsgi [req-7c1d61f9-a9ca-4f7d-9757-079e688d6f2d req-8f6bc1b2-1fed-404b-bdfd-88d09507b885 9d2e4d10054c4f21b70fa701d92274a9 42ea737b2a3045ef956fd90d080fac8f - - default default] 199.204.45.57 "POST /v2.0/ports HTTP/1.1" status: 201 len: 1158 time: 0.8328846 /var/lib/openstack/lib/python3.10/site-packages/pycadf/identifier.py:71: UserWarning: Invalid uuid: neutron. To ensure interoperability, identifiers should be a valid uuid. warnings.warn(('Invalid uuid: %s. To ensure interoperability, '
2026-06-27 10:08:06.235 9 WARNING neutron.scheduler.dhcp_agent_scheduler [None req-cb2a1aba-bd25-44e5-b62c-b69c08e6b2e7 5116d183304a4ad597cae2ec7a7b71db 20101ceb0312433584fac726b1249e41 - - default default] No more DHCP agents
2026-06-27 10:08:06.239 9 WARNING neutron.api.rpc.agentnotifiers.dhcp_rpc_agent_api [None req-cb2a1aba-bd25-44e5-b62c-b69c08e6b2e7 5116d183304a4ad597cae2ec7a7b71db 20101ceb0312433584fac726b1249e41 - - default default] Unable to schedule network 35f6339d-64d8-4932-8e59-aad3287bd5c8: no agents available; will retry on subsequent port and subnet creation events.
2026-06-27 10:08:06.408 9 INFO neutron.db.ovn_revision_numbers_db [None req-cb2a1aba-bd25-44e5-b62c-b69c08e6b2e7 5116d183304a4ad597cae2ec7a7b71db 20101ceb0312433584fac726b1249e41 - - default default] Successfully bumped revision number for resource 05edd3aa-89a8-49fb-85b8-a265d536837b (type: ports) to 1
2026-06-27 10:08:06.420 9 INFO neutron.wsgi [req-1778bb0a-659b-4829-84e2-cc2867a09a2f req-07969c20-e47b-40f4-af2b-ebd31633712b 9d2e4d10054c4f21b70fa701d92274a9 42ea737b2a3045ef956fd90d080fac8f - - default default] 10.0.0.87 "GET /v2.0/ports?device_id=5b8f9b83-9fb6-4da5-b3f7-925bed9c05ae HTTP/1.1" status: 200 len: 1156 time: 0.1846187
2026-06-27 10:08:06.462 9 INFO neutron.wsgi [None req-cb2a1aba-bd25-44e5-b62c-b69c08e6b2e7 5116d183304a4ad597cae2ec7a7b71db 20101ceb0312433584fac726b1249e41 - - default default] 10.0.0.56 "POST /v2.0/networks HTTP/1.1" status: 201 len: 832 time: 0.7123227
2026-06-27 10:08:06.477 10 INFO neutron.db.ovn_revision_numbers_db [None req-58f30489-bac9-4e66-a044-89ceec439626 d7084b42becf4b599e8970dfec32f5a2 29cf855aa6fd4a9f9704eaa2a21cf674 - - default default] Successfully bumped revision number for resource 903ba97e-3eae-4704-b878-840c70fb42ea (type: security_groups) to 1
2026-06-27 10:08:06.492 9 INFO neutron.wsgi [req-1778bb0a-659b-4829-84e2-cc2867a09a2f req-a35b18fb-9b80-4103-bc4b-3811d359fbc0 9d2e4d10054c4f21b70fa701d92274a9 42ea737b2a3045ef956fd90d080fac8f - - default default] 10.0.0.87 "GET /v2.0/security-groups?id=09221c46-6752-4298-9cc2-98942aa6f589&fields=id&fields=name HTTP/1.1" status: 200 len: 312 time: 0.0569282
2026-06-27 10:08:06.517 10 INFO neutron.db.ovn_revision_numbers_db [None req-58f30489-bac9-4e66-a044-89ceec439626 d7084b42becf4b599e8970dfec32f5a2 29cf855aa6fd4a9f9704eaa2a21cf674 - - default default] Successfully bumped revision number for resource 20f86d3c-24de-4b24-a230-d3e105861f69 (type: security_group_rules) to 0
2026-06-27 10:08:06.552 10 INFO neutron.db.ovn_revision_numbers_db [None req-58f30489-bac9-4e66-a044-89ceec439626 d7084b42becf4b599e8970dfec32f5a2 29cf855aa6fd4a9f9704eaa2a21cf674 - - default default] Successfully bumped revision number for resource 5f76baa3-4e69-487b-b024-ed43b54e344d (type: security_group_rules) to 0
2026-06-27 10:08:06.576 10 INFO neutron.db.ovn_revision_numbers_db [None req-58f30489-bac9-4e66-a044-89ceec439626 d7084b42becf4b599e8970dfec32f5a2 29cf855aa6fd4a9f9704eaa2a21cf674 - - default default] Successfully bumped revision number for resource b1888a07-979f-4569-8077-4ee8d583880e (type: security_group_rules) to 0
2026-06-27 10:08:06.611 10 INFO neutron.db.ovn_revision_numbers_db [None req-58f30489-bac9-4e66-a044-89ceec439626 d7084b42becf4b599e8970dfec32f5a2 29cf855aa6fd4a9f9704eaa2a21cf674 - - default default] Successfully bumped revision number for resource f3922877-4911-4791-85bc-48e4e306def8 (type: security_group_rules) to 0
2026-06-27 10:08:06.649 10 INFO neutron.wsgi [None req-58f30489-bac9-4e66-a044-89ceec439626 d7084b42becf4b599e8970dfec32f5a2 29cf855aa6fd4a9f9704eaa2a21cf674 - - default default] 10.0.0.56 "GET /v2.0/security-groups?tenant_id=e8de2b4805ba42bfaea0064ca1b7f5f9&name=default HTTP/1.1" status: 200 len: 2996 time: 0.5681641
2026-06-27 10:08:06.806 10 INFO neutron.db.ovn_revision_numbers_db [req-7c1d61f9-a9ca-4f7d-9757-079e688d6f2d req-11c381e8-6d46-477f-aabb-f4839b6f035a b06a8ef406b64a53b92cc7175f827a1d ee04220336ac416da3ce6298b8609a20 - - 37f3b442b15a4d2c802eb8f99e1e291c 37f3b442b15a4d2c802eb8f99e1e291c] Successfully bumped revision number for resource 740a23ba-ff41-464f-9ecf-6450fe9ded15 (type: ports) to 2
2026-06-27 10:08:06.836 10 WARNING neutron.scheduler.dhcp_agent_scheduler [None req-2b541e78-3408-4d00-952f-30c1ab999ec7 5116d183304a4ad597cae2ec7a7b71db 20101ceb0312433584fac726b1249e41 - - default default] No more DHCP agents
2026-06-27 10:08:06.843 10 WARNING neutron.api.rpc.agentnotifiers.dhcp_rpc_agent_api [None req-2b541e78-3408-4d00-952f-30c1ab999ec7 5116d183304a4ad597cae2ec7a7b71db 20101ceb0312433584fac726b1249e41 - - default default] Unable to schedule network 35f6339d-64d8-4932-8e59-aad3287bd5c8: no agents available; will retry on subsequent port and subnet creation events.
2026-06-27 10:08:06.873 9 INFO neutron.wsgi [None req-7150de22-cad7-480f-9db0-85f786ca5784 d7084b42becf4b599e8970dfec32f5a2 29cf855aa6fd4a9f9704eaa2a21cf674 - - default default] 10.0.0.56 "DELETE /v2.0/security-groups/903ba97e-3eae-4704-b878-840c70fb42ea HTTP/1.1" status: 204 len: 168 time: 0.2183552
2026-06-27 10:08:06.902 10 INFO neutron.db.ovn_revision_numbers_db [None req-2b541e78-3408-4d00-952f-30c1ab999ec7 5116d183304a4ad597cae2ec7a7b71db 20101ceb0312433584fac726b1249e41 - - default default] Successfully bumped revision number for resource 1bdda00e-19a4-408c-bedd-762c5f384c4d (type: subnets) to 0
2026-06-27 10:08:06.925 10 INFO neutron.wsgi [None req-2b541e78-3408-4d00-952f-30c1ab999ec7 5116d183304a4ad597cae2ec7a7b71db 20101ceb0312433584fac726b1249e41 - - default default] 10.0.0.56 "POST /v2.0/subnets HTTP/1.1" status: 201 len: 821 time: 0.4568784
2026-06-27 10:08:07.047 10 INFO neutron.db.ovn_revision_numbers_db [req-7c1d61f9-a9ca-4f7d-9757-079e688d6f2d req-11c381e8-6d46-477f-aabb-f4839b6f035a b06a8ef406b64a53b92cc7175f827a1d ee04220336ac416da3ce6298b8609a20 - - 37f3b442b15a4d2c802eb8f99e1e291c 37f3b442b15a4d2c802eb8f99e1e291c] Successfully bumped revision number for resource 740a23ba-ff41-464f-9ecf-6450fe9ded15 (type: ports) to 2
2026-06-27 10:08:07.067 10 INFO neutron.wsgi [req-7c1d61f9-a9ca-4f7d-9757-079e688d6f2d req-11c381e8-6d46-477f-aabb-f4839b6f035a b06a8ef406b64a53b92cc7175f827a1d ee04220336ac416da3ce6298b8609a20 - - 37f3b442b15a4d2c802eb8f99e1e291c 37f3b442b15a4d2c802eb8f99e1e291c] 199.204.45.57 "PUT /v2.0/ports/740a23ba-ff41-464f-9ecf-6450fe9ded15 HTTP/1.1" status: 200 len: 1376 time: 0.9077828
2026-06-27 10:08:07.109 10 INFO neutron.notifiers.nova [-] Nova event matching ['req-5d724657-4cbb-4dc1-b0c6-f34c102a047a'] response: {'name': 'network-changed', 'server_uuid': '5b8f9b83-9fb6-4da5-b3f7-925bed9c05ae', 'tag': '740a23ba-ff41-464f-9ecf-6450fe9ded15', 'status': 'completed', 'code': 200} /var/lib/openstack/lib/python3.10/site-packages/pycadf/identifier.py:71: UserWarning: Invalid uuid: neutron. To ensure interoperability, identifiers should be a valid uuid. warnings.warn(('Invalid uuid: %s. To ensure interoperability, '
2026-06-27 10:08:07.180 10 INFO neutron.wsgi [req-7c1d61f9-a9ca-4f7d-9757-079e688d6f2d req-33b0198e-a415-4df7-9551-13a5cad51b8f b06a8ef406b64a53b92cc7175f827a1d ee04220336ac416da3ce6298b8609a20 - - 37f3b442b15a4d2c802eb8f99e1e291c 37f3b442b15a4d2c802eb8f99e1e291c] 199.204.45.57 "GET /v2.0/ports?tenant_id=42ea737b2a3045ef956fd90d080fac8f&device_id=5b8f9b83-9fb6-4da5-b3f7-925bed9c05ae HTTP/1.1" status: 200 len: 1407 time: 0.0644531
2026-06-27 10:08:07.215 10 INFO neutron.wsgi [req-7c1d61f9-a9ca-4f7d-9757-079e688d6f2d req-6df9ed37-5fe7-4aa0-b543-4ffed6bee0ff b06a8ef406b64a53b92cc7175f827a1d ee04220336ac416da3ce6298b8609a20 - - 37f3b442b15a4d2c802eb8f99e1e291c 37f3b442b15a4d2c802eb8f99e1e291c] 199.204.45.57 "GET /v2.0/floatingips?fixed_ip_address=10.100.0.4&port_id=740a23ba-ff41-464f-9ecf-6450fe9ded15 HTTP/1.1" status: 200 len: 217 time: 0.0281823
2026-06-27 10:08:07.254 10 INFO neutron.wsgi [req-7c1d61f9-a9ca-4f7d-9757-079e688d6f2d req-a9a415ec-c11a-46cd-aead-89f723ee75cc b06a8ef406b64a53b92cc7175f827a1d ee04220336ac416da3ce6298b8609a20 - - 37f3b442b15a4d2c802eb8f99e1e291c 37f3b442b15a4d2c802eb8f99e1e291c] 199.204.45.57 "GET /v2.0/subnets?id=69d05b99-16da-4551-afb3-7e0c63fb1c54 HTTP/1.1" status: 200 len: 863 time: 0.0327611
2026-06-27 10:08:07.281 10 INFO neutron.wsgi [req-7c1d61f9-a9ca-4f7d-9757-079e688d6f2d req-909f521e-2c1b-4bee-808c-2405465be68e b06a8ef406b64a53b92cc7175f827a1d ee04220336ac416da3ce6298b8609a20 - - 37f3b442b15a4d2c802eb8f99e1e291c 37f3b442b15a4d2c802eb8f99e1e291c] 199.204.45.57 "GET /v2.0/ports?network_id=aa3de60d-05a6-4c47-a7f2-dbfded178749&device_owner=network%3Adhcp HTTP/1.1" status: 200 len: 210 time: 0.0192711
2026-06-27 10:08:07.357 10 INFO neutron.wsgi [req-7c1d61f9-a9ca-4f7d-9757-079e688d6f2d req-bf772f51-316d-4d39-b358-1312eb7baaae b06a8ef406b64a53b92cc7175f827a1d ee04220336ac416da3ce6298b8609a20 - - 37f3b442b15a4d2c802eb8f99e1e291c 37f3b442b15a4d2c802eb8f99e1e291c] 199.204.45.57 "GET /v2.0/networks/aa3de60d-05a6-4c47-a7f2-dbfded178749?fields=segments HTTP/1.1" status: 200 len: 212 time: 0.0680735
2026-06-27 10:08:07.447 10 INFO neutron.wsgi [req-7c1d61f9-a9ca-4f7d-9757-079e688d6f2d req-7220991b-7873-4bed-b391-fb8a730eda86 b06a8ef406b64a53b92cc7175f827a1d ee04220336ac416da3ce6298b8609a20 - - 37f3b442b15a4d2c802eb8f99e1e291c 37f3b442b15a4d2c802eb8f99e1e291c] 199.204.45.57 "GET /v2.0/networks/aa3de60d-05a6-4c47-a7f2-dbfded178749?fields=provider%3Aphysical_network&fields=provider%3Anetwork_type HTTP/1.1" status: 200 len: 277 time: 0.0817313
2026-06-27 10:08:07.455 9 INFO neutron.db.ovn_revision_numbers_db [None req-e2bee926-edde-4b3d-8b78-b2e47785bc42 5116d183304a4ad597cae2ec7a7b71db 20101ceb0312433584fac726b1249e41 - - default default] Successfully bumped revision number for resource fb2e41fa-f17b-483b-ad50-bc0f61b9fd58 (type: routers) to 1
2026-06-27 10:08:07.478 9 INFO neutron.wsgi [None req-e2bee926-edde-4b3d-8b78-b2e47785bc42 5116d183304a4ad597cae2ec7a7b71db 20101ceb0312433584fac726b1249e41 - - default default] 10.0.0.56 "POST /v2.0/routers HTTP/1.1" status: 201 len: 690 time: 0.5452361
2026-06-27 10:08:07.539 10 INFO neutron.wsgi [req-a78c715f-6ed7-4391-bc6c-564d828ccd13 req-b930ffea-60e0-4a60-a34a-4374012a447f b06a8ef406b64a53b92cc7175f827a1d ee04220336ac416da3ce6298b8609a20 - - 37f3b442b15a4d2c802eb8f99e1e291c 37f3b442b15a4d2c802eb8f99e1e291c] 199.204.45.57 "GET /v2.0/ports?tenant_id=42ea737b2a3045ef956fd90d080fac8f&device_id=5b8f9b83-9fb6-4da5-b3f7-925bed9c05ae HTTP/1.1" status: 200 len: 1407 time: 0.0382450
2026-06-27 10:08:07.606 9 INFO neutron.wsgi [req-05911dff-1fcc-40ce-bf36-727354238cd1 req-5e9d01e0-3965-4ed2-ad6e-5ff3eeb0edb0 9d2e4d10054c4f21b70fa701d92274a9 42ea737b2a3045ef956fd90d080fac8f - - default default] 10.0.0.87 "GET /v2.0/ports?device_id=5b8f9b83-9fb6-4da5-b3f7-925bed9c05ae HTTP/1.1" status: 200 len: 1168 time: 0.0431247
2026-06-27 10:08:07.627 10 INFO neutron.wsgi [req-a78c715f-6ed7-4391-bc6c-564d828ccd13 req-1fe83a3a-c41e-4839-b5b8-1cc6a70ba79f b06a8ef406b64a53b92cc7175f827a1d ee04220336ac416da3ce6298b8609a20 - - 37f3b442b15a4d2c802eb8f99e1e291c 37f3b442b15a4d2c802eb8f99e1e291c] 199.204.45.57 "GET /v2.0/networks?id=aa3de60d-05a6-4c47-a7f2-dbfded178749 HTTP/1.1" status: 200 len: 968 time: 0.0827074
2026-06-27 10:08:07.648 10 INFO neutron.plugins.ml2.drivers.ovn.mech_driver.mech_driver [None req-eee4468b-8da6-4f02-957f-82083b5051aa - - - - - -] OVN reports status up for port: 740a23ba-ff41-464f-9ecf-6450fe9ded15
2026-06-27 10:08:07.675 10 INFO neutron.wsgi [req-a78c715f-6ed7-4391-bc6c-564d828ccd13 req-29fd54b0-d5e5-4de8-83aa-0ecd712d8eee b06a8ef406b64a53b92cc7175f827a1d ee04220336ac416da3ce6298b8609a20 - - 37f3b442b15a4d2c802eb8f99e1e291c 37f3b442b15a4d2c802eb8f99e1e291c] 199.204.45.57 "GET /v2.0/floatingips?fixed_ip_address=10.100.0.4&port_id=740a23ba-ff41-464f-9ecf-6450fe9ded15 HTTP/1.1" status: 200 len: 217 time: 0.0384059
2026-06-27 10:08:07.686 9 INFO neutron.wsgi [req-05911dff-1fcc-40ce-bf36-727354238cd1 req-2925b638-1afe-4983-a374-b7b2b5d82211 9d2e4d10054c4f21b70fa701d92274a9 42ea737b2a3045ef956fd90d080fac8f - - default default] 10.0.0.87 "GET /v2.0/security-groups?id=09221c46-6752-4298-9cc2-98942aa6f589&fields=id&fields=name HTTP/1.1" status: 200 len: 312 time: 0.0728910
2026-06-27 10:08:07.692 10 INFO neutron.plugins.ml2.plugin [None req-eee4468b-8da6-4f02-957f-82083b5051aa - - - - - -] Attempt 1 to provision port 740a23ba-ff41-464f-9ecf-6450fe9ded15
2026-06-27 10:08:07.727 10 INFO neutron.wsgi [req-a78c715f-6ed7-4391-bc6c-564d828ccd13 req-66145219-a589-436e-8c40-bf2a04bd89f0 b06a8ef406b64a53b92cc7175f827a1d ee04220336ac416da3ce6298b8609a20 - - 37f3b442b15a4d2c802eb8f99e1e291c 37f3b442b15a4d2c802eb8f99e1e291c] 199.204.45.57 "GET /v2.0/subnets?id=69d05b99-16da-4551-afb3-7e0c63fb1c54 HTTP/1.1" status: 200 len: 863 time: 0.0452051
2026-06-27 10:08:07.759 10 INFO neutron.wsgi [req-a78c715f-6ed7-4391-bc6c-564d828ccd13 req-ab1681d2-f1cf-4fd0-951a-d327abcc25ec b06a8ef406b64a53b92cc7175f827a1d ee04220336ac416da3ce6298b8609a20 - - 37f3b442b15a4d2c802eb8f99e1e291c 37f3b442b15a4d2c802eb8f99e1e291c] 199.204.45.57 "GET /v2.0/ports?network_id=aa3de60d-05a6-4c47-a7f2-dbfded178749&device_owner=network%3Adhcp HTTP/1.1" status: 200 len: 210 time: 0.0215979
2026-06-27 10:08:07.839 10 INFO neutron.wsgi [req-a78c715f-6ed7-4391-bc6c-564d828ccd13 req-694510a1-d60a-4446-a81f-70d991e3262c b06a8ef406b64a53b92cc7175f827a1d ee04220336ac416da3ce6298b8609a20 - - 37f3b442b15a4d2c802eb8f99e1e291c 37f3b442b15a4d2c802eb8f99e1e291c] 199.204.45.57 "GET /v2.0/networks/aa3de60d-05a6-4c47-a7f2-dbfded178749?fields=segments HTTP/1.1" status: 200 len: 212 time: 0.0723655
2026-06-27 10:08:07.932 9 WARNING neutron.scheduler.dhcp_agent_scheduler [None req-7c9de125-56f0-4df1-8003-6c76ec96b551 5116d183304a4ad597cae2ec7a7b71db 20101ceb0312433584fac726b1249e41 - - default default] No more DHCP agents
2026-06-27 10:08:07.939 9 WARNING neutron.api.rpc.agentnotifiers.dhcp_rpc_agent_api [None req-7c9de125-56f0-4df1-8003-6c76ec96b551 5116d183304a4ad597cae2ec7a7b71db 20101ceb0312433584fac726b1249e41 - - default default] Unable to schedule network 35f6339d-64d8-4932-8e59-aad3287bd5c8: no agents available; will retry on subsequent port and subnet creation events.
2026-06-27 10:08:07.939 10 INFO neutron.wsgi [req-a78c715f-6ed7-4391-bc6c-564d828ccd13 req-25c645da-e460-4507-93ad-ef4099f4f27a b06a8ef406b64a53b92cc7175f827a1d ee04220336ac416da3ce6298b8609a20 - - 37f3b442b15a4d2c802eb8f99e1e291c 37f3b442b15a4d2c802eb8f99e1e291c] 199.204.45.57 "GET /v2.0/networks/aa3de60d-05a6-4c47-a7f2-dbfded178749?fields=provider%3Aphysical_network&fields=provider%3Anetwork_type HTTP/1.1" status: 200 len: 277 time: 0.0882447
2026-06-27 10:08:08.100 10 INFO neutron.db.ovn_revision_numbers_db [None req-eee4468b-8da6-4f02-957f-82083b5051aa - - - - - -] Successfully bumped revision number for resource 740a23ba-ff41-464f-9ecf-6450fe9ded15 (type: ports) to 4
2026-06-27 10:08:08.103 9 INFO neutron.db.ovn_revision_numbers_db [None req-7c9de125-56f0-4df1-8003-6c76ec96b551 5116d183304a4ad597cae2ec7a7b71db 20101ceb0312433584fac726b1249e41 - - default default] Successfully bumped revision number for resource b7e580ca-05c3-4bde-b375-093f436b48a7 (type: ports) to 1
2026-06-27 10:08:08.133 9 INFO neutron.wsgi [None req-7c9de125-56f0-4df1-8003-6c76ec96b551 5116d183304a4ad597cae2ec7a7b71db 20101ceb0312433584fac726b1249e41 - - default default] 10.0.0.56 "POST /v2.0/ports HTTP/1.1" status: 201 len: 1162 time: 0.6455734 /var/lib/openstack/lib/python3.10/site-packages/pycadf/identifier.py:71: UserWarning: Invalid uuid: neutron. To ensure interoperability, identifiers should be a valid uuid. warnings.warn(('Invalid uuid: %s. To ensure interoperability, '
2026-06-27 10:08:08.246 9 INFO neutron.db.ovn_revision_numbers_db [None req-354a00d4-c8c1-482d-8d9e-d0b42a1e0b50 d7084b42becf4b599e8970dfec32f5a2 29cf855aa6fd4a9f9704eaa2a21cf674 - - default default] Successfully bumped revision number for resource 247fcca1-1ece-44b0-832d-e1dfd80544b0 (type: security_groups) to 1
2026-06-27 10:08:08.259 9 INFO neutron.db.ovn_revision_numbers_db [None req-354a00d4-c8c1-482d-8d9e-d0b42a1e0b50 d7084b42becf4b599e8970dfec32f5a2 29cf855aa6fd4a9f9704eaa2a21cf674 - - default default] Successfully bumped revision number for resource 13e248d9-e638-4a9a-a96d-911a9ee598fa (type: security_group_rules) to 0
2026-06-27 10:08:08.274 9 INFO neutron.db.ovn_revision_numbers_db [None req-354a00d4-c8c1-482d-8d9e-d0b42a1e0b50 d7084b42becf4b599e8970dfec32f5a2 29cf855aa6fd4a9f9704eaa2a21cf674 - - default default] Successfully bumped revision number for resource 2340cf11-e419-4923-9b69-4a58d0ce5c28 (type: security_group_rules) to 0
2026-06-27 10:08:08.289 9 INFO neutron.db.ovn_revision_numbers_db [None req-354a00d4-c8c1-482d-8d9e-d0b42a1e0b50 d7084b42becf4b599e8970dfec32f5a2 29cf855aa6fd4a9f9704eaa2a21cf674 - - default default] Successfully bumped revision number for resource a50b6ef4-469b-40ee-8b93-d34bd613f9c2 (type: security_group_rules) to 0
2026-06-27 10:08:08.304 9 INFO neutron.db.ovn_revision_numbers_db [None req-354a00d4-c8c1-482d-8d9e-d0b42a1e0b50 d7084b42becf4b599e8970dfec32f5a2 29cf855aa6fd4a9f9704eaa2a21cf674 - - default default] Successfully bumped revision number for resource ea6d4842-13d0-466a-bf26-c98b71d8dac0 (type: security_group_rules) to 0
2026-06-27 10:08:08.326 9 INFO neutron.wsgi [None req-354a00d4-c8c1-482d-8d9e-d0b42a1e0b50 d7084b42becf4b599e8970dfec32f5a2 29cf855aa6fd4a9f9704eaa2a21cf674 - - default default] 10.0.0.56 "GET /v2.0/security-groups?tenant_id=20b2f68007c54247af295bfa3ce8dfda&name=default HTTP/1.1" status: 200 len: 2996 time: 0.3955011
2026-06-27 10:08:08.582 9 INFO neutron.wsgi [None req-e270ff42-7da7-4c42-8944-3fe48991bf0a d7084b42becf4b599e8970dfec32f5a2 29cf855aa6fd4a9f9704eaa2a21cf674 - - default default] 10.0.0.56 "DELETE /v2.0/security-groups/247fcca1-1ece-44b0-832d-e1dfd80544b0 HTTP/1.1" status: 204 len: 168 time: 0.2490358
2026-06-27 10:08:08.623 9 INFO neutron.plugins.ml2.drivers.ovn.mech_driver.mech_driver [None req-52e93dfb-9160-4bd6-86b2-6619b950589b - - - - - -] OVN reports status up for port: b7e580ca-05c3-4bde-b375-093f436b48a7
2026-06-27 10:08:08.631 9 INFO neutron.plugins.ml2.plugin [None req-52e93dfb-9160-4bd6-86b2-6619b950589b - - - - - -] Attempt 1 to provision port b7e580ca-05c3-4bde-b375-093f436b48a7
2026-06-27 10:08:08.644 10 INFO neutron.db.ovn_revision_numbers_db [None req-674a3f8e-1c01-408a-9ac0-6a939a2aadc9 5116d183304a4ad597cae2ec7a7b71db 20101ceb0312433584fac726b1249e41 - - default default] Successfully bumped revision number for resource b7e580ca-05c3-4bde-b375-093f436b48a7 (type: router_ports) to 2 /var/lib/openstack/lib/python3.10/site-packages/pycadf/identifier.py:71: UserWarning: Invalid uuid: neutron. To ensure interoperability, identifiers should be a valid uuid. warnings.warn(('Invalid uuid: %s. To ensure interoperability, '
2026-06-27 10:08:08.804 10 INFO neutron.db.ovn_revision_numbers_db [None req-674a3f8e-1c01-408a-9ac0-6a939a2aadc9 5116d183304a4ad597cae2ec7a7b71db 20101ceb0312433584fac726b1249e41 - - default default] Successfully bumped revision number for resource b7e580ca-05c3-4bde-b375-093f436b48a7 (type: ports) to 2
2026-06-27 10:08:08.867 9 INFO neutron.db.ovn_revision_numbers_db [None req-0f6bd876-3f1e-4cef-8596-2997b9c07207 d7084b42becf4b599e8970dfec32f5a2 29cf855aa6fd4a9f9704eaa2a21cf674 - - default default] Successfully bumped revision number for resource 328429fd-05a0-4ffa-9874-59543931f9b5 (type: security_groups) to 1
2026-06-27 10:08:08.874 10 INFO neutron.wsgi [req-f2190996-e96e-4120-a336-e8623e6698f5 req-20834322-f85c-4b77-8601-43c5765d01cc 9d2e4d10054c4f21b70fa701d92274a9 42ea737b2a3045ef956fd90d080fac8f - - default default] 10.0.0.87 "GET /v2.0/ports?device_id=5b8f9b83-9fb6-4da5-b3f7-925bed9c05ae HTTP/1.1" status: 200 len: 1170 time: 0.1167970
2026-06-27 10:08:08.893 9 INFO neutron.db.ovn_revision_numbers_db [None req-0f6bd876-3f1e-4cef-8596-2997b9c07207 d7084b42becf4b599e8970dfec32f5a2 29cf855aa6fd4a9f9704eaa2a21cf674 - - default default] Successfully bumped revision number for resource 85aa4ee6-d45b-4cbc-89c0-995f0bdf6d27 (type: security_group_rules) to 0
2026-06-27 10:08:08.914 9 INFO neutron.db.ovn_revision_numbers_db [None req-0f6bd876-3f1e-4cef-8596-2997b9c07207 d7084b42becf4b599e8970dfec32f5a2 29cf855aa6fd4a9f9704eaa2a21cf674 - - default default] Successfully bumped revision number for resource 92e100e1-d8a8-42ca-a131-91bf8c5e89f7 (type: security_group_rules) to 0
2026-06-27 10:08:08.930 9 INFO neutron.db.ovn_revision_numbers_db [None req-52e93dfb-9160-4bd6-86b2-6619b950589b - - - - - -] Successfully bumped revision number for resource b7e580ca-05c3-4bde-b375-093f436b48a7 (type: ports) to 3
2026-06-27 10:08:08.931 9 INFO neutron.db.ovn_revision_numbers_db [None req-0f6bd876-3f1e-4cef-8596-2997b9c07207 d7084b42becf4b599e8970dfec32f5a2 29cf855aa6fd4a9f9704eaa2a21cf674 - - default default] Successfully bumped revision number for resource ab0dadee-2b9e-4e01-8b93-220a8e3615ff (type: security_group_rules) to 0
2026-06-27 10:08:08.956 10 INFO neutron.wsgi [req-f2190996-e96e-4120-a336-e8623e6698f5 req-d720be4a-9cd7-4167-8855-829c9386490c 9d2e4d10054c4f21b70fa701d92274a9 42ea737b2a3045ef956fd90d080fac8f - - default default] 10.0.0.87 "GET /v2.0/security-groups?id=09221c46-6752-4298-9cc2-98942aa6f589&fields=id&fields=name HTTP/1.1" status: 200 len: 312 time: 0.0728180
2026-06-27 10:08:08.960 9 INFO neutron.db.ovn_revision_numbers_db [None req-0f6bd876-3f1e-4cef-8596-2997b9c07207 d7084b42becf4b599e8970dfec32f5a2 29cf855aa6fd4a9f9704eaa2a21cf674 - - default default] Successfully bumped revision number for resource c8742f6c-5a88-493f-b6fd-527bf6222c2a (type: security_group_rules) to 0
2026-06-27 10:08:09.004 9 INFO neutron.wsgi [None req-0f6bd876-3f1e-4cef-8596-2997b9c07207 d7084b42becf4b599e8970dfec32f5a2 29cf855aa6fd4a9f9704eaa2a21cf674 - - default default] 10.0.0.56 "GET /v2.0/security-groups?tenant_id=6134e7f528fb45b5bfe12fc7b9855788&name=default HTTP/1.1" status: 200 len: 2996 time: 0.2807531 /var/lib/openstack/lib/python3.10/site-packages/pycadf/identifier.py:71: UserWarning: Invalid uuid: neutron. To ensure interoperability, identifiers should be a valid uuid. warnings.warn(('Invalid uuid: %s. To ensure interoperability, '
2026-06-27 10:08:09.085 9 INFO neutron.db.ovn_revision_numbers_db [None req-52e93dfb-9160-4bd6-86b2-6619b950589b - - - - - -] Successfully bumped revision number for resource b7e580ca-05c3-4bde-b375-093f436b48a7 (type: router_ports) to 3
2026-06-27 10:08:09.159 10 INFO neutron.notifiers.nova [-] Nova event matching ['req-8f1b9587-6d4e-4b96-aff3-fe79d973ca69'] response: {'server_uuid': '5b8f9b83-9fb6-4da5-b3f7-925bed9c05ae', 'name': 'network-vif-plugged', 'status': 'completed', 'tag': '740a23ba-ff41-464f-9ecf-6450fe9ded15', 'code': 200}
2026-06-27 10:08:09.159 10 INFO neutron.notifiers.nova [-] Nova event matching ['req-8f1b9587-6d4e-4b96-aff3-fe79d973ca69'] response: {'server_uuid': '5b8f9b83-9fb6-4da5-b3f7-925bed9c05ae', 'name': 'network-vif-plugged', 'status': 'completed', 'tag': '740a23ba-ff41-464f-9ecf-6450fe9ded15', 'code': 200}
2026-06-27 10:08:09.198 9 INFO neutron.db.ovn_revision_numbers_db [None req-0d4ebf6b-6cdf-47f6-be2f-d6df06caebd7 50d7217aa45a48e499ae0b92ca4a68d5 e263f6b4dfb649938c1cc78501582411 - - default default] Successfully bumped revision number for resource 90712b9f-ac69-4055-8b84-c51fe8c6a6c9 (type: security_groups) to 1
2026-06-27 10:08:09.231 9 INFO neutron.db.ovn_revision_numbers_db [None req-0d4ebf6b-6cdf-47f6-be2f-d6df06caebd7 50d7217aa45a48e499ae0b92ca4a68d5 e263f6b4dfb649938c1cc78501582411 - - default default] Successfully bumped revision number for resource 590101d1-2e84-4bd2-8f65-bbfbddb2fd33 (type: security_group_rules) to 0
2026-06-27 10:08:09.247 9 INFO neutron.db.ovn_revision_numbers_db [None req-0d4ebf6b-6cdf-47f6-be2f-d6df06caebd7 50d7217aa45a48e499ae0b92ca4a68d5 e263f6b4dfb649938c1cc78501582411 - - default default] Successfully bumped revision number for resource 6f258988-47f8-43d7-b34f-1d1416af0b49 (type: security_group_rules) to 0
2026-06-27 10:08:09.263 9 INFO neutron.db.ovn_revision_numbers_db [None req-0d4ebf6b-6cdf-47f6-be2f-d6df06caebd7 50d7217aa45a48e499ae0b92ca4a68d5 e263f6b4dfb649938c1cc78501582411 - - default default] Successfully bumped revision number for resource 7dab509f-042f-46c1-8550-3f5b1a3c2f90 (type: security_group_rules) to 0
2026-06-27 10:08:09.279 9 INFO neutron.db.ovn_revision_numbers_db [None req-0d4ebf6b-6cdf-47f6-be2f-d6df06caebd7 50d7217aa45a48e499ae0b92ca4a68d5 e263f6b4dfb649938c1cc78501582411 - - default default] Successfully bumped revision number for resource 9b9677cb-7e03-4131-8568-a07667b7f790 (type: security_group_rules) to 0
2026-06-27 10:08:09.335 10 INFO neutron.wsgi [None req-dfa3508e-818b-4a48-a695-e908f08df99b d7084b42becf4b599e8970dfec32f5a2 29cf855aa6fd4a9f9704eaa2a21cf674 - - default default] 10.0.0.56 "DELETE /v2.0/security-groups/328429fd-05a0-4ffa-9874-59543931f9b5 HTTP/1.1" status: 204 len: 168 time: 0.3227420
2026-06-27 10:08:09.353 9 INFO neutron.db.segments_db [None req-0d4ebf6b-6cdf-47f6-be2f-d6df06caebd7 50d7217aa45a48e499ae0b92ca4a68d5 e263f6b4dfb649938c1cc78501582411 - - default default] Added segment f7e7de6c-a657-4d4c-bbcc-50d072ddf45e of type geneve for network 219edd57-4d7a-4c5e-9c99-4be502dbde98 /var/lib/openstack/lib/python3.10/site-packages/pycadf/identifier.py:71: UserWarning: Invalid uuid: neutron. To ensure interoperability, identifiers should be a valid uuid. warnings.warn(('Invalid uuid: %s. To ensure interoperability, '
2026-06-27 10:08:09.439 10 INFO neutron.wsgi [req-2aff7bd6-d0d5-4cdb-bc3e-60123f00f452 req-98c75587-ffd1-42ec-ac93-c84a1e2aad22 b06a8ef406b64a53b92cc7175f827a1d ee04220336ac416da3ce6298b8609a20 - - 37f3b442b15a4d2c802eb8f99e1e291c 37f3b442b15a4d2c802eb8f99e1e291c] 199.204.45.57 "GET /v2.0/ports?device_id=5b8f9b83-9fb6-4da5-b3f7-925bed9c05ae&fields=binding%3Ahost_id&fields=binding%3Avif_type HTTP/1.1" status: 200 len: 265 time: 0.0511796
2026-06-27 10:08:09.507 10 INFO neutron.db.ovn_revision_numbers_db [None req-674a3f8e-1c01-408a-9ac0-6a939a2aadc9 5116d183304a4ad597cae2ec7a7b71db 20101ceb0312433584fac726b1249e41 - - default default] Successfully bumped revision number for resource b7e580ca-05c3-4bde-b375-093f436b48a7 (type: ports) to 3
2026-06-27 10:08:09.520 9 INFO neutron.db.ovn_revision_numbers_db [None req-0d4ebf6b-6cdf-47f6-be2f-d6df06caebd7 50d7217aa45a48e499ae0b92ca4a68d5 e263f6b4dfb649938c1cc78501582411 - - default default] Successfully bumped revision number for resource 219edd57-4d7a-4c5e-9c99-4be502dbde98 (type: networks) to 1
2026-06-27 10:08:09.554 10 INFO neutron.wsgi [req-2aff7bd6-d0d5-4cdb-bc3e-60123f00f452 req-1f50c79c-a687-47b4-923e-fb377f6996ea b06a8ef406b64a53b92cc7175f827a1d ee04220336ac416da3ce6298b8609a20 - - 37f3b442b15a4d2c802eb8f99e1e291c 37f3b442b15a4d2c802eb8f99e1e291c] 199.204.45.57 "GET /v2.0/ports?tenant_id=42ea737b2a3045ef956fd90d080fac8f&device_id=5b8f9b83-9fb6-4da5-b3f7-925bed9c05ae HTTP/1.1" status: 200 len: 1409 time: 0.0491145
2026-06-27 10:08:09.635 10 INFO neutron.wsgi [req-2aff7bd6-d0d5-4cdb-bc3e-60123f00f452 req-bbae6fe2-1786-4022-8bbb-a5b05097abee b06a8ef406b64a53b92cc7175f827a1d ee04220336ac416da3ce6298b8609a20 - - 37f3b442b15a4d2c802eb8f99e1e291c 37f3b442b15a4d2c802eb8f99e1e291c] 199.204.45.57 "GET /v2.0/networks?id=aa3de60d-05a6-4c47-a7f2-dbfded178749 HTTP/1.1" status: 200 len: 968 time: 0.0588310
2026-06-27 10:08:09.642 10 WARNING neutron.scheduler.dhcp_agent_scheduler [None req-674a3f8e-1c01-408a-9ac0-6a939a2aadc9 5116d183304a4ad597cae2ec7a7b71db 20101ceb0312433584fac726b1249e41 - - default default] No more DHCP agents
2026-06-27 10:08:09.648 10 WARNING neutron.api.rpc.agentnotifiers.dhcp_rpc_agent_api [None req-674a3f8e-1c01-408a-9ac0-6a939a2aadc9 5116d183304a4ad597cae2ec7a7b71db 20101ceb0312433584fac726b1249e41 - - default default] Unable to schedule network 35f6339d-64d8-4932-8e59-aad3287bd5c8: no agents available; will retry on subsequent port and subnet creation events.
2026-06-27 10:08:09.718 9 WARNING neutron.scheduler.dhcp_agent_scheduler [None req-0d4ebf6b-6cdf-47f6-be2f-d6df06caebd7 50d7217aa45a48e499ae0b92ca4a68d5 e263f6b4dfb649938c1cc78501582411 - - default default] No more DHCP agents
2026-06-27 10:08:09.723 9 WARNING neutron.api.rpc.agentnotifiers.dhcp_rpc_agent_api [None req-0d4ebf6b-6cdf-47f6-be2f-d6df06caebd7 50d7217aa45a48e499ae0b92ca4a68d5 e263f6b4dfb649938c1cc78501582411 - - default default] Unable to schedule network 219edd57-4d7a-4c5e-9c99-4be502dbde98: no agents available; will retry on subsequent port and subnet creation events.
2026-06-27 10:08:09.830 9 INFO neutron.db.ovn_revision_numbers_db [None req-0d4ebf6b-6cdf-47f6-be2f-d6df06caebd7 50d7217aa45a48e499ae0b92ca4a68d5 e263f6b4dfb649938c1cc78501582411 - - default default] Successfully bumped revision number for resource 7eacc6d4-d30e-4d2a-b8d3-99a44c58376a (type: ports) to 1
2026-06-27 10:08:09.856 9 INFO neutron.wsgi [None req-0d4ebf6b-6cdf-47f6-be2f-d6df06caebd7 50d7217aa45a48e499ae0b92ca4a68d5 e263f6b4dfb649938c1cc78501582411 - - default default] 10.0.0.56 "POST /v2.0/networks HTTP/1.1" status: 201 len: 849 time: 0.9672403
2026-06-27 10:08:09.987 10 INFO neutron.wsgi [req-2aff7bd6-d0d5-4cdb-bc3e-60123f00f452 req-05523a0f-a8f6-4710-9dc1-4c89d1bbfd93 b06a8ef406b64a53b92cc7175f827a1d ee04220336ac416da3ce6298b8609a20 - - 37f3b442b15a4d2c802eb8f99e1e291c 37f3b442b15a4d2c802eb8f99e1e291c] 199.204.45.57 "GET /v2.0/floatingips?fixed_ip_address=10.100.0.4&port_id=740a23ba-ff41-464f-9ecf-6450fe9ded15 HTTP/1.1" status: 200 len: 217 time: 0.3459122
2026-06-27 10:08:10.091 10 INFO neutron.wsgi [req-2aff7bd6-d0d5-4cdb-bc3e-60123f00f452 req-31136de5-1206-4749-9735-c43dc832773d b06a8ef406b64a53b92cc7175f827a1d ee04220336ac416da3ce6298b8609a20 - - 37f3b442b15a4d2c802eb8f99e1e291c 37f3b442b15a4d2c802eb8f99e1e291c] 199.204.45.57 "GET /v2.0/subnets?id=69d05b99-16da-4551-afb3-7e0c63fb1c54 HTTP/1.1" status: 200 len: 863 time: 0.0968902
2026-06-27 10:08:10.123 10 INFO neutron.wsgi [req-08f41b19-4e9c-4555-b3d8-36f7d68fc14b req-fa581a96-b6ba-4108-a736-8e6a992b0681 9d2e4d10054c4f21b70fa701d92274a9 42ea737b2a3045ef956fd90d080fac8f - - default default] 10.0.0.87 "GET /v2.0/ports?device_id=5b8f9b83-9fb6-4da5-b3f7-925bed9c05ae HTTP/1.1" status: 200 len: 1170 time: 0.0804930
2026-06-27 10:08:10.139 10 INFO neutron.wsgi [req-2aff7bd6-d0d5-4cdb-bc3e-60123f00f452 req-6914fd1b-e2d1-4489-b4af-7051d22f043f b06a8ef406b64a53b92cc7175f827a1d ee04220336ac416da3ce6298b8609a20 - - 37f3b442b15a4d2c802eb8f99e1e291c 37f3b442b15a4d2c802eb8f99e1e291c] 199.204.45.57 "GET /v2.0/ports?network_id=aa3de60d-05a6-4c47-a7f2-dbfded178749&device_owner=network%3Adhcp HTTP/1.1" status: 200 len: 210 time: 0.0406117
2026-06-27 10:08:10.148 9 WARNING neutron.scheduler.dhcp_agent_scheduler [None req-427b69d1-7811-443c-ac10-465087e97afc 50d7217aa45a48e499ae0b92ca4a68d5 e263f6b4dfb649938c1cc78501582411 - - default default] No more DHCP agents
2026-06-27 10:08:10.153 9 WARNING neutron.api.rpc.agentnotifiers.dhcp_rpc_agent_api [None req-427b69d1-7811-443c-ac10-465087e97afc 50d7217aa45a48e499ae0b92ca4a68d5 e263f6b4dfb649938c1cc78501582411 - - default default] Unable to schedule network 219edd57-4d7a-4c5e-9c99-4be502dbde98: no agents available; will retry on subsequent port and subnet creation events.
2026-06-27 10:08:10.184 9 INFO neutron.db.ovn_revision_numbers_db [None req-427b69d1-7811-443c-ac10-465087e97afc 50d7217aa45a48e499ae0b92ca4a68d5 e263f6b4dfb649938c1cc78501582411 - - default default] Successfully bumped revision number for resource c0c428e7-4fcf-4bc7-9254-bae65c0c19a4 (type: subnets) to 0
2026-06-27 10:08:10.201 9 INFO neutron.wsgi [None req-427b69d1-7811-443c-ac10-465087e97afc 50d7217aa45a48e499ae0b92ca4a68d5 e263f6b4dfb649938c1cc78501582411 - - default default] 10.0.0.56 "POST /v2.0/subnets HTTP/1.1" status: 201 len: 802 time: 0.3380306
2026-06-27 10:08:10.215 10 INFO neutron.wsgi [req-08f41b19-4e9c-4555-b3d8-36f7d68fc14b req-280229a0-1c49-4c75-ba68-2fe1113238e7 9d2e4d10054c4f21b70fa701d92274a9 42ea737b2a3045ef956fd90d080fac8f - - default default] 10.0.0.87 "GET /v2.0/security-groups?id=09221c46-6752-4298-9cc2-98942aa6f589&fields=id&fields=name HTTP/1.1" status: 200 len: 312 time: 0.0800574
2026-06-27 10:08:10.245 10 INFO neutron.wsgi [req-2aff7bd6-d0d5-4cdb-bc3e-60123f00f452 req-1951e186-8d5c-4bca-ae94-c26af870dd02 b06a8ef406b64a53b92cc7175f827a1d ee04220336ac416da3ce6298b8609a20 - - 37f3b442b15a4d2c802eb8f99e1e291c 37f3b442b15a4d2c802eb8f99e1e291c] 199.204.45.57 "GET /v2.0/networks/aa3de60d-05a6-4c47-a7f2-dbfded178749?fields=segments HTTP/1.1" status: 200 len: 212 time: 0.0992711
2026-06-27 10:08:10.309 10 INFO neutron.db.ovn_revision_numbers_db [None req-674a3f8e-1c01-408a-9ac0-6a939a2aadc9 5116d183304a4ad597cae2ec7a7b71db 20101ceb0312433584fac726b1249e41 - - default default] Successfully bumped revision number for resource b7e580ca-05c3-4bde-b375-093f436b48a7 (type: router_ports) to 3
2026-06-27 10:08:10.312 10 INFO neutron.wsgi [None req-674a3f8e-1c01-408a-9ac0-6a939a2aadc9 5116d183304a4ad597cae2ec7a7b71db 20101ceb0312433584fac726b1249e41 - - default default] 10.0.0.56 "PUT /v2.0/routers/fb2e41fa-f17b-483b-ad50-bc0f61b9fd58/add_router_interface HTTP/1.1" status: 200 len: 503 time: 2.1728728
2026-06-27 10:08:10.317 10 INFO neutron.wsgi [req-2aff7bd6-d0d5-4cdb-bc3e-60123f00f452 req-04745fac-e4bf-419b-b6d6-2f78ea814fbc b06a8ef406b64a53b92cc7175f827a1d ee04220336ac416da3ce6298b8609a20 - - 37f3b442b15a4d2c802eb8f99e1e291c 37f3b442b15a4d2c802eb8f99e1e291c] 199.204.45.57 "GET /v2.0/networks/aa3de60d-05a6-4c47-a7f2-dbfded178749?fields=provider%3Aphysical_network&fields=provider%3Anetwork_type HTTP/1.1" status: 200 len: 277 time: 0.0624816
2026-06-27 10:08:10.350 9 INFO neutron.wsgi [req-0ff04394-c3e5-44f9-b0a9-a7d5892b8827 req-95c3a7c5-e3d1-46ee-aba7-68fcbe8f787d 9d2e4d10054c4f21b70fa701d92274a9 42ea737b2a3045ef956fd90d080fac8f - - default default] 10.0.0.87 "GET /v2.0/ports?device_id=5b8f9b83-9fb6-4da5-b3f7-925bed9c05ae HTTP/1.1" status: 200 len: 1170 time: 0.0602243
2026-06-27 10:08:10.351 10 INFO neutron.wsgi [None req-f1bb1fcc-6d8c-495a-a10d-8eec9adabc5b 5116d183304a4ad597cae2ec7a7b71db 20101ceb0312433584fac726b1249e41 - - default default] 10.0.0.56 "GET /v2.0/ports/b7e580ca-05c3-4bde-b375-093f436b48a7 HTTP/1.1" status: 200 len: 1220 time: 0.0325429
2026-06-27 10:08:10.695 10 INFO neutron.db.l3_db [None req-189ca60c-2875-4c8b-a7df-08adc80ca92b 9d2e4d10054c4f21b70fa701d92274a9 42ea737b2a3045ef956fd90d080fac8f - - default default] Floating IP dc331077-cdcf-4712-a4de-ec73db259d71 associated. External IP: 10.96.250.206, port: 740a23ba-ff41-464f-9ecf-6450fe9ded15.
2026-06-27 10:08:10.731 9 WARNING neutron.scheduler.dhcp_agent_scheduler [None req-8fd89f37-df22-48df-8a09-ce23c00a9b57 50d7217aa45a48e499ae0b92ca4a68d5 e263f6b4dfb649938c1cc78501582411 - - default default] No more DHCP agents
2026-06-27 10:08:10.734 9 WARNING neutron.api.rpc.agentnotifiers.dhcp_rpc_agent_api [None req-8fd89f37-df22-48df-8a09-ce23c00a9b57 50d7217aa45a48e499ae0b92ca4a68d5 e263f6b4dfb649938c1cc78501582411 - - default default] Unable to schedule network 1ddad0f5-ab54-474a-af7f-1e97fdf84420: no agents available; will retry on subsequent port and subnet creation events.
2026-06-27 10:08:10.931 9 INFO neutron.db.ovn_revision_numbers_db [None req-8fd89f37-df22-48df-8a09-ce23c00a9b57 50d7217aa45a48e499ae0b92ca4a68d5 e263f6b4dfb649938c1cc78501582411 - - default default] Successfully bumped revision number for resource f88e9ec4-7593-462b-9d57-83137526bf48 (type: ports) to 1
2026-06-27 10:08:10.985 10 INFO neutron.db.ovn_revision_numbers_db [None req-189ca60c-2875-4c8b-a7df-08adc80ca92b 9d2e4d10054c4f21b70fa701d92274a9 42ea737b2a3045ef956fd90d080fac8f - - default default] Successfully bumped revision number for resource dc331077-cdcf-4712-a4de-ec73db259d71 (type: floatingips) to 1
2026-06-27 10:08:11.159 10 INFO neutron.db.ovn_revision_numbers_db [None req-189ca60c-2875-4c8b-a7df-08adc80ca92b 9d2e4d10054c4f21b70fa701d92274a9 42ea737b2a3045ef956fd90d080fac8f - - default default] Successfully bumped revision number for resource dc331077-cdcf-4712-a4de-ec73db259d71 (type: floatingips) to 2
2026-06-27 10:08:11.219 10 INFO neutron.wsgi [None req-189ca60c-2875-4c8b-a7df-08adc80ca92b 9d2e4d10054c4f21b70fa701d92274a9 42ea737b2a3045ef956fd90d080fac8f - - default default] 10.0.0.56 "PUT /v2.0/floatingips/dc331077-cdcf-4712-a4de-ec73db259d71 HTTP/1.1" status: 200 len: 1049 time: 0.8517435
2026-06-27 10:08:11.236 10 INFO neutron.wsgi [None req-2bc3a22b-95b8-4894-98a8-f31a9e0cb582 5116d183304a4ad597cae2ec7a7b71db 20101ceb0312433584fac726b1249e41 - - default default] 10.0.0.56 "PUT /v2.0/routers/fb2e41fa-f17b-483b-ad50-bc0f61b9fd58/remove_router_interface HTTP/1.1" status: 200 len: 503 time: 0.8776243 /var/lib/openstack/lib/python3.10/site-packages/pycadf/identifier.py:71: UserWarning: Invalid uuid: neutron. To ensure interoperability, identifiers should be a valid uuid. warnings.warn(('Invalid uuid: %s. To ensure interoperability, '
2026-06-27 10:08:11.275 10 INFO neutron.notifiers.nova [-] Nova event matching ['req-1f0fefa3-e730-46f3-88ac-e0788de9829f'] response: {'name': 'network-changed', 'server_uuid': '5b8f9b83-9fb6-4da5-b3f7-925bed9c05ae', 'tag': '740a23ba-ff41-464f-9ecf-6450fe9ded15', 'status': 'completed', 'code': 200}
2026-06-27 10:08:11.358 10 INFO neutron.api.v2.resource [None req-71e94db9-bd57-4b0c-b6d9-a9cbb86762ae 5116d183304a4ad597cae2ec7a7b71db 20101ceb0312433584fac726b1249e41 - - default default] remove_router_interface failed (client error): The resource could not be found.
2026-06-27 10:08:11.360 10 INFO neutron.wsgi [None req-71e94db9-bd57-4b0c-b6d9-a9cbb86762ae 5116d183304a4ad597cae2ec7a7b71db 20101ceb0312433584fac726b1249e41 - - default default] 10.0.0.56 "PUT /v2.0/routers/fb2e41fa-f17b-483b-ad50-bc0f61b9fd58/remove_router_interface HTTP/1.1" status: 404 len: 398 time: 0.1174071
2026-06-27 10:08:11.366 10 INFO neutron.wsgi [req-0246de72-8a99-4df1-8c48-d96953ccc086 req-ad50fcf9-2a98-4284-bf8a-c6d0a1354a78 b06a8ef406b64a53b92cc7175f827a1d ee04220336ac416da3ce6298b8609a20 - - 37f3b442b15a4d2c802eb8f99e1e291c 37f3b442b15a4d2c802eb8f99e1e291c] 199.204.45.57 "GET /v2.0/ports?tenant_id=42ea737b2a3045ef956fd90d080fac8f&device_id=5b8f9b83-9fb6-4da5-b3f7-925bed9c05ae HTTP/1.1" status: 200 len: 1409 time: 0.0713000
2026-06-27 10:08:11.374 10 INFO neutron.wsgi [req-35f33acf-1582-4aeb-84e8-f648c06cbb32 req-20e3fcd2-9545-4124-98fc-8097d7876aec 9d2e4d10054c4f21b70fa701d92274a9 42ea737b2a3045ef956fd90d080fac8f - - default default] 10.0.0.87 "GET /v2.0/ports?device_id=5b8f9b83-9fb6-4da5-b3f7-925bed9c05ae HTTP/1.1" status: 200 len: 1170 time: 0.0807238
2026-06-27 10:08:11.408 9 INFO neutron.wsgi [None req-b6ff4df4-bc4f-4513-80a8-f34daf4e92fb 5116d183304a4ad597cae2ec7a7b71db 20101ceb0312433584fac726b1249e41 - - default default] 10.0.0.56 "GET /v2.0/ports?device_id=fb2e41fa-f17b-483b-ad50-bc0f61b9fd58 HTTP/1.1" status: 200 len: 205 time: 0.0328369
2026-06-27 10:08:11.520 10 INFO neutron.wsgi [req-35f33acf-1582-4aeb-84e8-f648c06cbb32 req-87af51e5-8407-4ac3-8361-46328070e85f 9d2e4d10054c4f21b70fa701d92274a9 42ea737b2a3045ef956fd90d080fac8f - - default default] 10.0.0.87 "GET /v2.0/security-groups?id=09221c46-6752-4298-9cc2-98942aa6f589&fields=id&fields=name HTTP/1.1" status: 200 len: 312 time: 0.1387730
2026-06-27 10:08:11.719 9 INFO neutron.db.ovn_revision_numbers_db [None req-8fd89f37-df22-48df-8a09-ce23c00a9b57 50d7217aa45a48e499ae0b92ca4a68d5 e263f6b4dfb649938c1cc78501582411 - - default default] Successfully bumped revision number for resource f88e9ec4-7593-462b-9d57-83137526bf48 (type: router_ports) to 1
2026-06-27 10:08:11.782 9 INFO neutron.db.ovn_revision_numbers_db [None req-8fd89f37-df22-48df-8a09-ce23c00a9b57 50d7217aa45a48e499ae0b92ca4a68d5 e263f6b4dfb649938c1cc78501582411 - - default default] Successfully bumped revision number for resource 5732a072-d94e-4384-823d-7aa9e97202d6 (type: routers) to 2
2026-06-27 10:08:11.812 9 INFO neutron.wsgi [None req-8fd89f37-df22-48df-8a09-ce23c00a9b57 50d7217aa45a48e499ae0b92ca4a68d5 e263f6b4dfb649938c1cc78501582411 - - default default] 10.0.0.56 "POST /v2.0/routers HTTP/1.1" status: 201 len: 875 time: 1.6041794
2026-06-27 10:08:11.840 10 INFO neutron.wsgi [req-0246de72-8a99-4df1-8c48-d96953ccc086 req-0cec1359-468c-47d7-9e29-afbef0e10eef b06a8ef406b64a53b92cc7175f827a1d ee04220336ac416da3ce6298b8609a20 - - 37f3b442b15a4d2c802eb8f99e1e291c 37f3b442b15a4d2c802eb8f99e1e291c] 199.204.45.57 "GET /v2.0/networks?id=aa3de60d-05a6-4c47-a7f2-dbfded178749 HTTP/1.1" status: 200 len: 968 time: 0.4654255
2026-06-27 10:08:11.896 10 INFO neutron.plugins.ml2.drivers.ovn.mech_driver.mech_driver [None req-eee4468b-8da6-4f02-957f-82083b5051aa - - - - - -] OVN reports status down for port: 740a23ba-ff41-464f-9ecf-6450fe9ded15
2026-06-27 10:08:11.961 10 INFO neutron.wsgi [req-0246de72-8a99-4df1-8c48-d96953ccc086 req-936024ae-1073-42d7-be8d-a48cef494fbe b06a8ef406b64a53b92cc7175f827a1d ee04220336ac416da3ce6298b8609a20 - - 37f3b442b15a4d2c802eb8f99e1e291c 37f3b442b15a4d2c802eb8f99e1e291c] 199.204.45.57 "GET /v2.0/floatingips?fixed_ip_address=10.100.0.4&port_id=740a23ba-ff41-464f-9ecf-6450fe9ded15 HTTP/1.1" status: 200 len: 1059 time: 0.1029844
2026-06-27 10:08:12.039 10 INFO neutron.wsgi [None req-1ba39918-1e41-4c49-a9e6-45f0b0bb1493 5116d183304a4ad597cae2ec7a7b71db 20101ceb0312433584fac726b1249e41 - - default default] 10.0.0.56 "DELETE /v2.0/routers/fb2e41fa-f17b-483b-ad50-bc0f61b9fd58 HTTP/1.1" status: 204 len: 168 time: 0.6077383
2026-06-27 10:08:12.043 10 INFO neutron.wsgi [req-0246de72-8a99-4df1-8c48-d96953ccc086 req-cfff0490-fbc7-4f81-82c5-7d8d7a7cf262 b06a8ef406b64a53b92cc7175f827a1d ee04220336ac416da3ce6298b8609a20 - - 37f3b442b15a4d2c802eb8f99e1e291c 37f3b442b15a4d2c802eb8f99e1e291c] 199.204.45.57 "GET /v2.0/subnets?id=69d05b99-16da-4551-afb3-7e0c63fb1c54 HTTP/1.1" status: 200 len: 863 time: 0.0606537
