2026-06-27 09:49:28.897 9 INFO neutron.wsgi [-] 10.0.0.214 "GET / HTTP/1.1" status: 200 len: 246 time: 0.0025003
2026-06-27 09:49:28.898 10 INFO neutron.wsgi [-] 10.0.0.214 "GET / HTTP/1.1" status: 200 len: 246 time: 0.0027027
2026-06-27 09:49:43.897 10 INFO neutron.wsgi [-] 10.0.0.214 "GET / HTTP/1.1" status: 200 len: 246 time: 0.0024796
2026-06-27 09:49:43.897 9 INFO neutron.wsgi [-] 10.0.0.214 "GET / HTTP/1.1" status: 200 len: 246 time: 0.0026374
2026-06-27 09:49:58.897 10 INFO neutron.wsgi [-] 10.0.0.214 "GET / HTTP/1.1" status: 200 len: 246 time: 0.0023193
2026-06-27 09:49:58.899 10 INFO neutron.wsgi [-] 10.0.0.214 "GET / HTTP/1.1" status: 200 len: 246 time: 0.0012057
2026-06-27 09:50:13.896 10 INFO neutron.wsgi [-] 10.0.0.214 "GET / HTTP/1.1" status: 200 len: 246 time: 0.0018604
2026-06-27 09:50:13.898 9 INFO neutron.wsgi [-] 10.0.0.214 "GET / HTTP/1.1" status: 200 len: 246 time: 0.0029867
2026-06-27 09:50:28.897 10 INFO neutron.wsgi [-] 10.0.0.214 "GET / HTTP/1.1" status: 200 len: 246 time: 0.0024350
2026-06-27 09:50:28.900 10 INFO neutron.wsgi [-] 10.0.0.214 "GET / HTTP/1.1" status: 200 len: 246 time: 0.0016747
2026-06-27 09:50:43.592 15 INFO neutron.db.ovn_revision_numbers_db [None req-5814fcb7-9558-441e-8f35-6a8dee84bed7 - - - - - -] Successfully bumped revision number for resource 9d06d362-3bcc-4d19-9199-b685983de60b (type: security_groups) to 5
2026-06-27 09:50:43.593 15 INFO neutron.plugins.ml2.drivers.ovn.mech_driver.ovsdb.maintenance [None req-5814fcb7-9558-441e-8f35-6a8dee84bed7 - - - - - -] Maintenance task: Synchronization finished (took 0.04 seconds)
2026-06-27 09:50:43.896 10 INFO neutron.wsgi [-] 10.0.0.214 "GET / HTTP/1.1" status: 200 len: 246 time: 0.0024507
2026-06-27 09:50:43.897 9 INFO neutron.wsgi [-] 10.0.0.214 "GET / HTTP/1.1" status: 200 len: 246 time: 0.0024891
2026-06-27 09:50:58.897 9 INFO neutron.wsgi [-] 10.0.0.214 "GET / HTTP/1.1" status: 200 len: 246 time: 0.0027199
2026-06-27 09:50:58.898 10 INFO neutron.wsgi [-] 10.0.0.214 "GET / HTTP/1.1" status: 200 len: 246 time: 0.0034850
2026-06-27 09:51:00.569 10 INFO neutron.wsgi [None req-668059a5-1261-418f-988a-7a8724af5d72 703508c3ea9b4cae8322083220c28854 ee04220336ac416da3ce6298b8609a20 - - 37f3b442b15a4d2c802eb8f99e1e291c 37f3b442b15a4d2c802eb8f99e1e291c] 199.204.45.57 "GET /v2.0/networks?tenant_id=ee04220336ac416da3ce6298b8609a20&shared=False HTTP/1.1" status: 200 len: 213 time: 0.1423879
2026-06-27 09:51:00.678 10 INFO neutron.db.segments_db [None req-f1992d50-f379-4a33-bc46-9f1bed9c09d8 703508c3ea9b4cae8322083220c28854 ee04220336ac416da3ce6298b8609a20 - - 37f3b442b15a4d2c802eb8f99e1e291c 37f3b442b15a4d2c802eb8f99e1e291c] Added segment 3830ee98-8e7a-4d83-826e-e6259bd7e53d of type geneve for network 96aa0c36-c59d-4ab7-bb3d-83c56ceff0f5
2026-06-27 09:51:00.871 10 INFO neutron.db.ovn_revision_numbers_db [None req-f1992d50-f379-4a33-bc46-9f1bed9c09d8 703508c3ea9b4cae8322083220c28854 ee04220336ac416da3ce6298b8609a20 - - 37f3b442b15a4d2c802eb8f99e1e291c 37f3b442b15a4d2c802eb8f99e1e291c] Successfully bumped revision number for resource 96aa0c36-c59d-4ab7-bb3d-83c56ceff0f5 (type: networks) to 1
2026-06-27 09:51:01.017 10 WARNING neutron.scheduler.dhcp_agent_scheduler [None req-f1992d50-f379-4a33-bc46-9f1bed9c09d8 703508c3ea9b4cae8322083220c28854 ee04220336ac416da3ce6298b8609a20 - - 37f3b442b15a4d2c802eb8f99e1e291c 37f3b442b15a4d2c802eb8f99e1e291c] No more DHCP agents
2026-06-27 09:51:01.019 10 WARNING neutron.api.rpc.agentnotifiers.dhcp_rpc_agent_api [None req-f1992d50-f379-4a33-bc46-9f1bed9c09d8 703508c3ea9b4cae8322083220c28854 ee04220336ac416da3ce6298b8609a20 - - 37f3b442b15a4d2c802eb8f99e1e291c 37f3b442b15a4d2c802eb8f99e1e291c] Unable to schedule network 96aa0c36-c59d-4ab7-bb3d-83c56ceff0f5: no agents available; will retry on subsequent port and subnet creation events.
2026-06-27 09:51:01.091 10 INFO neutron.db.ovn_revision_numbers_db [None req-f1992d50-f379-4a33-bc46-9f1bed9c09d8 703508c3ea9b4cae8322083220c28854 ee04220336ac416da3ce6298b8609a20 - - 37f3b442b15a4d2c802eb8f99e1e291c 37f3b442b15a4d2c802eb8f99e1e291c] Successfully bumped revision number for resource c0c74702-eb44-4bb1-9be6-25f47a189c52 (type: ports) to 1
2026-06-27 09:51:01.108 10 INFO neutron.wsgi [None req-f1992d50-f379-4a33-bc46-9f1bed9c09d8 703508c3ea9b4cae8322083220c28854 ee04220336ac416da3ce6298b8609a20 - - 37f3b442b15a4d2c802eb8f99e1e291c 37f3b442b15a4d2c802eb8f99e1e291c] 199.204.45.57 "POST /v2.0/networks HTTP/1.1" status: 201 len: 925 time: 0.5299838
2026-06-27 09:51:01.138 10 INFO neutron.wsgi [None req-b8fa7e5f-fcc7-4a49-8aba-7e8b55042f07 703508c3ea9b4cae8322083220c28854 ee04220336ac416da3ce6298b8609a20 - - 37f3b442b15a4d2c802eb8f99e1e291c 37f3b442b15a4d2c802eb8f99e1e291c] 199.204.45.57 "GET /v2.0/ports?device_id=manila-share&binding%3Ahost_id=instance HTTP/1.1" status: 200 len: 210 time: 0.0237052
2026-06-27 09:51:01.150 10 INFO neutron.wsgi [None req-adf0820d-2a80-4f68-bc3a-7b9627e51e72 703508c3ea9b4cae8322083220c28854 ee04220336ac416da3ce6298b8609a20 - - 37f3b442b15a4d2c802eb8f99e1e291c 37f3b442b15a4d2c802eb8f99e1e291c] 199.204.45.57 "GET /v2.0/extensions HTTP/1.1" status: 200 len: 16525 time: 0.0043638
2026-06-27 09:51:01.340 10 WARNING neutron.scheduler.dhcp_agent_scheduler [None req-8501da19-a095-4a0f-aadc-f1b385ce7687 703508c3ea9b4cae8322083220c28854 ee04220336ac416da3ce6298b8609a20 - - 37f3b442b15a4d2c802eb8f99e1e291c 37f3b442b15a4d2c802eb8f99e1e291c] No more DHCP agents
2026-06-27 09:51:01.342 10 WARNING neutron.api.rpc.agentnotifiers.dhcp_rpc_agent_api [None req-8501da19-a095-4a0f-aadc-f1b385ce7687 703508c3ea9b4cae8322083220c28854 ee04220336ac416da3ce6298b8609a20 - - 37f3b442b15a4d2c802eb8f99e1e291c 37f3b442b15a4d2c802eb8f99e1e291c] Unable to schedule network 96aa0c36-c59d-4ab7-bb3d-83c56ceff0f5: no agents available; will retry on subsequent port and subnet creation events.
2026-06-27 09:51:01.459 10 INFO neutron.db.ovn_revision_numbers_db [None req-8501da19-a095-4a0f-aadc-f1b385ce7687 703508c3ea9b4cae8322083220c28854 ee04220336ac416da3ce6298b8609a20 - - 37f3b442b15a4d2c802eb8f99e1e291c 37f3b442b15a4d2c802eb8f99e1e291c] Successfully bumped revision number for resource 7fdb9a06-4d0b-46e9-b1e6-e841c389a7c4 (type: ports) to 1
2026-06-27 09:51:01.602 10 INFO neutron.db.ovn_revision_numbers_db [None req-8501da19-a095-4a0f-aadc-f1b385ce7687 703508c3ea9b4cae8322083220c28854 ee04220336ac416da3ce6298b8609a20 - - 37f3b442b15a4d2c802eb8f99e1e291c 37f3b442b15a4d2c802eb8f99e1e291c] Successfully bumped revision number for resource 7fdb9a06-4d0b-46e9-b1e6-e841c389a7c4 (type: ports) to 1
2026-06-27 09:51:01.622 10 INFO neutron.wsgi [None req-8501da19-a095-4a0f-aadc-f1b385ce7687 703508c3ea9b4cae8322083220c28854 ee04220336ac416da3ce6298b8609a20 - - 37f3b442b15a4d2c802eb8f99e1e291c 37f3b442b15a4d2c802eb8f99e1e291c] 199.204.45.57 "POST /v2.0/ports HTTP/1.1" status: 201 len: 1144 time: 0.4674032
2026-06-27 09:51:01.661 10 INFO neutron.wsgi [None req-210cdcc1-352f-4b3b-a757-a11b1ce0c4cb 703508c3ea9b4cae8322083220c28854 ee04220336ac416da3ce6298b8609a20 - - 37f3b442b15a4d2c802eb8f99e1e291c 37f3b442b15a4d2c802eb8f99e1e291c] 199.204.45.57 "GET /v2.0/networks/96aa0c36-c59d-4ab7-bb3d-83c56ceff0f5 HTTP/1.1" status: 200 len: 907 time: 0.0341899
2026-06-27 09:51:02.451 9 INFO neutron.plugins.ml2.drivers.ovn.mech_driver.mech_driver [None req-52e93dfb-9160-4bd6-86b2-6619b950589b - - - - - -] OVN reports status up for port: 7fdb9a06-4d0b-46e9-b1e6-e841c389a7c4
2026-06-27 09:51:02.465 9 INFO neutron.plugins.ml2.plugin [None req-52e93dfb-9160-4bd6-86b2-6619b950589b - - - - - -] Attempt 1 to provision port 7fdb9a06-4d0b-46e9-b1e6-e841c389a7c4
2026-06-27 09:51:02.664 9 INFO neutron.db.ovn_revision_numbers_db [None req-52e93dfb-9160-4bd6-86b2-6619b950589b - - - - - -] Successfully bumped revision number for resource 7fdb9a06-4d0b-46e9-b1e6-e841c389a7c4 (type: ports) to 3
2026-06-27 09:51:04.118 10 INFO neutron.wsgi [None req-2efc285f-78b2-45fc-a300-f819c86996c2 703508c3ea9b4cae8322083220c28854 ee04220336ac416da3ce6298b8609a20 - - 37f3b442b15a4d2c802eb8f99e1e291c 37f3b442b15a4d2c802eb8f99e1e291c] 199.204.45.57 "GET /v2.0/ports?device_id=manila-share&binding%3Ahost_id=instance HTTP/1.1" status: 200 len: 1172 time: 0.0423100
2026-06-27 09:51:04.168 10 INFO neutron.wsgi [None req-1cdac108-dbc1-479f-ac6a-aa3942bd82ac 703508c3ea9b4cae8322083220c28854 ee04220336ac416da3ce6298b8609a20 - - 37f3b442b15a4d2c802eb8f99e1e291c 37f3b442b15a4d2c802eb8f99e1e291c] 199.204.45.57 "GET /v2.0/networks/96aa0c36-c59d-4ab7-bb3d-83c56ceff0f5 HTTP/1.1" status: 200 len: 907 time: 0.0438848
2026-06-27 09:51:13.897 10 INFO neutron.wsgi [-] 10.0.0.214 "GET / HTTP/1.1" status: 200 len: 246 time: 0.0025580
2026-06-27 09:51:13.897 9 INFO neutron.wsgi [-] 10.0.0.214 "GET / HTTP/1.1" status: 200 len: 246 time: 0.0025237
2026-06-27 09:51:19.342 10 INFO neutron.wsgi [None req-e1764e90-8cbe-47f2-adb6-3330e19ecdeb d7084b42becf4b599e8970dfec32f5a2 29cf855aa6fd4a9f9704eaa2a21cf674 - - default default] 199.204.45.57,10.0.0.214 "GET /v2.0/quotas/ee04220336ac416da3ce6298b8609a20 HTTP/1.1" status: 200 len: 362 time: 0.0137401
2026-06-27 09:51:19.772 10 INFO neutron.wsgi [None req-ed38d43f-1194-4638-8b8f-89532674a2f0 d7084b42becf4b599e8970dfec32f5a2 29cf855aa6fd4a9f9704eaa2a21cf674 - - default default] 199.204.45.57,10.0.0.214 "PUT /v2.0/quotas/ee04220336ac416da3ce6298b8609a20 HTTP/1.1" status: 200 len: 361 time: 0.0352278
2026-06-27 09:51:20.086 10 INFO neutron.wsgi [None req-5a1eb796-b161-4036-98d5-c07f82ed63ca d7084b42becf4b599e8970dfec32f5a2 29cf855aa6fd4a9f9704eaa2a21cf674 - - default default] 199.204.45.57,10.0.0.214 "GET /v2.0/quotas/ee04220336ac416da3ce6298b8609a20 HTTP/1.1" status: 200 len: 361 time: 0.0116591
2026-06-27 09:51:28.898 10 INFO neutron.wsgi [-] 10.0.0.214 "GET / HTTP/1.1" status: 200 len: 246 time: 0.0027616
2026-06-27 09:51:28.902 10 INFO neutron.wsgi [-] 10.0.0.214 "GET / HTTP/1.1" status: 200 len: 246 time: 0.0025380
2026-06-27 09:51:43.897 9 INFO neutron.wsgi [-] 10.0.0.214 "GET / HTTP/1.1" status: 200 len: 246 time: 0.0018094
2026-06-27 09:51:43.897 10 INFO neutron.wsgi [-] 10.0.0.214 "GET / HTTP/1.1" status: 200 len: 246 time: 0.0027430
2026-06-27 09:51:58.897 10 INFO neutron.wsgi [-] 10.0.0.214 "GET / HTTP/1.1" status: 200 len: 246 time: 0.0021636
2026-06-27 09:51:58.900 9 INFO neutron.wsgi [-] 10.0.0.214 "GET / HTTP/1.1" status: 200 len: 246 time: 0.0032103
2026-06-27 09:52:13.898 9 INFO neutron.wsgi [-] 10.0.0.214 "GET / HTTP/1.1" status: 200 len: 246 time: 0.0031369
2026-06-27 09:52:13.901 9 INFO neutron.wsgi [-] 10.0.0.214 "GET / HTTP/1.1" status: 200 len: 246 time: 0.0019794
2026-06-27 09:52:23.794 10 INFO neutron.wsgi [None req-df1791d5-5304-4f6d-81e4-22f0348ff566 d7084b42becf4b599e8970dfec32f5a2 29cf855aa6fd4a9f9704eaa2a21cf674 - - default default] 10.0.0.6 "GET /v2.0/routers HTTP/1.1" status: 200 len: 189 time: 0.0918841
2026-06-27 09:52:23.832 10 INFO neutron.wsgi [None req-9b8c1f42-b70d-4318-ab8a-b437cabcad35 d7084b42becf4b599e8970dfec32f5a2 29cf855aa6fd4a9f9704eaa2a21cf674 - - default default] 10.0.0.6 "GET /v2.0/agents?binary=ovn-controller HTTP/1.1" status: 200 len: 591 time: 0.0371943
2026-06-27 09:52:23.845 10 INFO neutron.wsgi [None req-332cda68-3ede-404f-b996-51740caca967 d7084b42becf4b599e8970dfec32f5a2 29cf855aa6fd4a9f9704eaa2a21cf674 - - default default] 10.0.0.6 "GET /v2.0/agents HTTP/1.1" status: 200 len: 997 time: 0.0118110
2026-06-27 09:52:23.884 10 INFO neutron.wsgi [None req-702f5233-a1b3-4f63-a829-a2999ac68956 d7084b42becf4b599e8970dfec32f5a2 29cf855aa6fd4a9f9704eaa2a21cf674 - - default default] 10.0.0.6 "GET /v2.0/floatingips HTTP/1.1" status: 200 len: 193 time: 0.0370977
2026-06-27 09:52:23.920 10 INFO neutron.wsgi [None req-dd1dd03a-5e35-499e-ae9b-822e26eb3c08 d7084b42becf4b599e8970dfec32f5a2 29cf855aa6fd4a9f9704eaa2a21cf674 - - default default] 10.0.0.6 "GET /v2.0/network-ip-availabilities HTTP/1.1" status: 200 len: 1280 time: 0.0352032
2026-06-27 09:52:23.955 10 INFO neutron.wsgi [None req-0db6aa52-8e63-4388-8029-97c9e38228c4 d7084b42becf4b599e8970dfec32f5a2 29cf855aa6fd4a9f9704eaa2a21cf674 - - default default] 10.0.0.6 "GET /v2.0/subnets HTTP/1.1" status: 200 len: 1437 time: 0.0340900
2026-06-27 09:52:23.968 10 INFO neutron.wsgi [None req-574ec4f6-70d9-4dfd-8f6f-3b517d0036d4 d7084b42becf4b599e8970dfec32f5a2 29cf855aa6fd4a9f9704eaa2a21cf674 - - default default] 10.0.0.6 "GET /v2.0/subnetpools HTTP/1.1" status: 200 len: 193 time: 0.0111172
2026-06-27 09:52:24.056 10 INFO neutron.wsgi [None req-746ce3ba-30fc-492b-b220-ee591ef5f6c8 d7084b42becf4b599e8970dfec32f5a2 29cf855aa6fd4a9f9704eaa2a21cf674 - - default default] 10.0.0.6 "GET /v2.0/networks HTTP/1.1" status: 200 len: 2350 time: 0.0875630
2026-06-27 09:52:24.109 10 INFO neutron.wsgi [None req-5659e43a-20d9-44a4-9779-3627cb2382c1 d7084b42becf4b599e8970dfec32f5a2 29cf855aa6fd4a9f9704eaa2a21cf674 - - default default] 10.0.0.6 "GET /v2.0/security-groups HTTP/1.1" status: 200 len: 16803 time: 0.0498569
2026-06-27 09:52:24.152 10 INFO neutron.wsgi [None req-8de2dace-24df-48fe-b948-855f0c1adaa0 d7084b42becf4b599e8970dfec32f5a2 29cf855aa6fd4a9f9704eaa2a21cf674 - - default default] 10.0.0.6 "GET /v2.0/subnets HTTP/1.1" status: 200 len: 1437 time: 0.0337710
2026-06-27 09:52:24.241 10 INFO neutron.wsgi [None req-79d80599-a861-4467-bf9a-dc65456c8863 d7084b42becf4b599e8970dfec32f5a2 29cf855aa6fd4a9f9704eaa2a21cf674 - - default default] 10.0.0.6 "GET /v2.0/ports HTTP/1.1" status: 200 len: 5351 time: 0.0883446
2026-06-27 09:52:28.896 9 INFO neutron.wsgi [-] 10.0.0.214 "GET / HTTP/1.1" status: 200 len: 246 time: 0.0018382
2026-06-27 09:52:28.898 9 INFO neutron.wsgi [-] 10.0.0.214 "GET / HTTP/1.1" status: 200 len: 246 time: 0.0014949
2026-06-27 09:52:43.897 9 INFO neutron.wsgi [-] 10.0.0.214 "GET / HTTP/1.1" status: 200 len: 246 time: 0.0024323
2026-06-27 09:52:43.897 10 INFO neutron.wsgi [-] 10.0.0.214 "GET / HTTP/1.1" status: 200 len: 246 time: 0.0024705
2026-06-27 09:52:58.898 9 INFO neutron.wsgi [-] 10.0.0.214 "GET / HTTP/1.1" status: 200 len: 246 time: 0.0018189
2026-06-27 09:52:58.900 9 INFO neutron.wsgi [-] 10.0.0.214 "GET / HTTP/1.1" status: 200 len: 246 time: 0.0012987
2026-06-27 09:53:13.896 9 INFO neutron.wsgi [-] 10.0.0.214 "GET / HTTP/1.1" status: 200 len: 246 time: 0.0015228
2026-06-27 09:53:13.898 9 INFO neutron.wsgi [-] 10.0.0.214 "GET / HTTP/1.1" status: 200 len: 246 time: 0.0013254
2026-06-27 09:53:23.818 10 INFO neutron.wsgi [None req-4fabc2b1-ee58-49ed-90fa-fa8e4578607c d7084b42becf4b599e8970dfec32f5a2 29cf855aa6fd4a9f9704eaa2a21cf674 - - default default] 10.0.0.6 "GET /v2.0/routers HTTP/1.1" status: 200 len: 189 time: 0.1018584
2026-06-27 09:53:23.854 10 INFO neutron.wsgi [None req-d372b509-aeee-4594-9bea-96862fb6c842 d7084b42becf4b599e8970dfec32f5a2 29cf855aa6fd4a9f9704eaa2a21cf674 - - default default] 10.0.0.6 "GET /v2.0/agents?binary=ovn-controller HTTP/1.1" status: 200 len: 591 time: 0.0356739
2026-06-27 09:53:23.865 10 INFO neutron.wsgi [None req-bb2c981f-800f-4075-8134-8077375e969c d7084b42becf4b599e8970dfec32f5a2 29cf855aa6fd4a9f9704eaa2a21cf674 - - default default] 10.0.0.6 "GET /v2.0/agents HTTP/1.1" status: 200 len: 997 time: 0.0097017
2026-06-27 09:53:23.897 10 INFO neutron.wsgi [None req-99963c55-b0b4-4065-b908-b3632bdbc856 d7084b42becf4b599e8970dfec32f5a2 29cf855aa6fd4a9f9704eaa2a21cf674 - - default default] 10.0.0.6 "GET /v2.0/subnets HTTP/1.1" status: 200 len: 1437 time: 0.0307908
2026-06-27 09:53:23.905 10 INFO neutron.wsgi [None req-48098788-0b74-4750-8178-f900d2de099a d7084b42becf4b599e8970dfec32f5a2 29cf855aa6fd4a9f9704eaa2a21cf674 - - default default] 10.0.0.6 "GET /v2.0/subnetpools HTTP/1.1" status: 200 len: 193 time: 0.0075781
2026-06-27 09:53:23.935 10 INFO neutron.wsgi [None req-2819670c-02e7-4d83-80d9-de6c081b22e3 d7084b42becf4b599e8970dfec32f5a2 29cf855aa6fd4a9f9704eaa2a21cf674 - - default default] 10.0.0.6 "GET /v2.0/ports HTTP/1.1" status: 200 len: 5351 time: 0.0293055
2026-06-27 09:53:23.958 10 INFO neutron.wsgi [None req-2f6c46f3-5020-4165-8253-61c1286c7330 d7084b42becf4b599e8970dfec32f5a2 29cf855aa6fd4a9f9704eaa2a21cf674 - - default default] 10.0.0.6 "GET /v2.0/floatingips HTTP/1.1" status: 200 len: 193 time: 0.0192006
2026-06-27 09:53:24.012 10 INFO neutron.wsgi [None req-dde588a0-bae5-4abc-b593-66205015f4ee d7084b42becf4b599e8970dfec32f5a2 29cf855aa6fd4a9f9704eaa2a21cf674 - - default default] 10.0.0.6 "GET /v2.0/networks HTTP/1.1" status: 200 len: 2350 time: 0.0521507
2026-06-27 09:53:24.043 10 INFO neutron.wsgi [None req-a3cd20be-1572-4e90-b645-e6da17a81543 d7084b42becf4b599e8970dfec32f5a2 29cf855aa6fd4a9f9704eaa2a21cf674 - - default default] 10.0.0.6 "GET /v2.0/subnets HTTP/1.1" status: 200 len: 1437 time: 0.0296280
2026-06-27 09:53:24.087 10 INFO neutron.wsgi [None req-4f233f96-ae1d-4710-ac0b-5db75c29eb17 d7084b42becf4b599e8970dfec32f5a2 29cf855aa6fd4a9f9704eaa2a21cf674 - - default default] 10.0.0.6 "GET /v2.0/security-groups HTTP/1.1" status: 200 len: 16803 time: 0.0423334
2026-06-27 09:53:24.102 10 INFO neutron.wsgi [None req-75b3b90d-b4a6-4843-a2a6-fc75bf80e65b d7084b42becf4b599e8970dfec32f5a2 29cf855aa6fd4a9f9704eaa2a21cf674 - - default default] 10.0.0.6 "GET /v2.0/network-ip-availabilities HTTP/1.1" status: 200 len: 1280 time: 0.0103595
2026-06-27 09:53:28.897 9 INFO neutron.wsgi [-] 10.0.0.214 "GET / HTTP/1.1" status: 200 len: 246 time: 0.0025733
2026-06-27 09:53:28.900 10 INFO neutron.wsgi [-] 10.0.0.214 "GET / HTTP/1.1" status: 200 len: 246 time: 0.0065103
2026-06-27 09:53:43.896 10 INFO neutron.wsgi [-] 10.0.0.214 "GET / HTTP/1.1" status: 200 len: 246 time: 0.0017948
2026-06-27 09:53:43.897 9 INFO neutron.wsgi [-] 10.0.0.214 "GET / HTTP/1.1" status: 200 len: 246 time: 0.0025268
2026-06-27 09:53:58.899 9 INFO neutron.wsgi [-] 10.0.0.214 "GET / HTTP/1.1" status: 200 len: 246 time: 0.0035396
2026-06-27 09:53:58.901 9 INFO neutron.wsgi [-] 10.0.0.214 "GET / HTTP/1.1" status: 200 len: 246 time: 0.0013003
2026-06-27 09:54:13.897 9 INFO neutron.wsgi [-] 10.0.0.214 "GET / HTTP/1.1" status: 200 len: 246 time: 0.0027225
2026-06-27 09:54:13.899 10 INFO neutron.wsgi [-] 10.0.0.214 "GET / HTTP/1.1" status: 200 len: 246 time: 0.0043762
2026-06-27 09:54:23.798 10 INFO neutron.wsgi [None req-d8526743-ec13-402d-905b-2392b31787e2 d7084b42becf4b599e8970dfec32f5a2 29cf855aa6fd4a9f9704eaa2a21cf674 - - default default] 10.0.0.6 "GET /v2.0/networks HTTP/1.1" status: 200 len: 2350 time: 0.1024740
2026-06-27 09:54:23.820 10 INFO neutron.wsgi [None req-ac3afb7f-4081-4ddd-b0d6-dab79b7ce72e d7084b42becf4b599e8970dfec32f5a2 29cf855aa6fd4a9f9704eaa2a21cf674 - - default default] 10.0.0.6 "GET /v2.0/floatingips HTTP/1.1" status: 200 len: 193 time: 0.0195866
2026-06-27 09:54:23.854 10 INFO neutron.wsgi [None req-227e5fb4-697e-4443-956d-70f6fb32c62b d7084b42becf4b599e8970dfec32f5a2 29cf855aa6fd4a9f9704eaa2a21cf674 - - default default] 10.0.0.6 "GET /v2.0/ports HTTP/1.1" status: 200 len: 5351 time: 0.0340843
2026-06-27 09:54:23.884 10 INFO neutron.wsgi [None req-3bdc88c5-9689-4fb2-ab27-7df3ba2f584e d7084b42becf4b599e8970dfec32f5a2 29cf855aa6fd4a9f9704eaa2a21cf674 - - default default] 10.0.0.6 "GET /v2.0/routers HTTP/1.1" status: 200 len: 189 time: 0.0225039
2026-06-27 09:54:23.927 10 INFO neutron.wsgi [None req-3ff57a16-f038-49d0-8c8a-b7833a6e7fd1 d7084b42becf4b599e8970dfec32f5a2 29cf855aa6fd4a9f9704eaa2a21cf674 - - default default] 10.0.0.6 "GET /v2.0/agents?binary=ovn-controller HTTP/1.1" status: 200 len: 591 time: 0.0422847
2026-06-27 09:54:23.938 10 INFO neutron.wsgi [None req-e14bce91-85a4-4468-95e1-8f0bf1d677ba d7084b42becf4b599e8970dfec32f5a2 29cf855aa6fd4a9f9704eaa2a21cf674 - - default default] 10.0.0.6 "GET /v2.0/network-ip-availabilities HTTP/1.1" status: 200 len: 1280 time: 0.0103593
2026-06-27 09:54:23.972 10 INFO neutron.wsgi [None req-9db79b69-c093-4dd1-b1b0-cc3f0682564f d7084b42becf4b599e8970dfec32f5a2 29cf855aa6fd4a9f9704eaa2a21cf674 - - default default] 10.0.0.6 "GET /v2.0/subnets HTTP/1.1" status: 200 len: 1437 time: 0.0322444
2026-06-27 09:54:23.980 10 INFO neutron.wsgi [None req-ea6b9393-f1ff-4d58-9be6-4d9f4e772ea0 d7084b42becf4b599e8970dfec32f5a2 29cf855aa6fd4a9f9704eaa2a21cf674 - - default default] 10.0.0.6 "GET /v2.0/subnetpools HTTP/1.1" status: 200 len: 193 time: 0.0076523
2026-06-27 09:54:24.009 10 INFO neutron.wsgi [None req-ae76b43b-a9ee-464d-96c6-a1dd24eb912f d7084b42becf4b599e8970dfec32f5a2 29cf855aa6fd4a9f9704eaa2a21cf674 - - default default] 10.0.0.6 "GET /v2.0/subnets HTTP/1.1" status: 200 len: 1437 time: 0.0282135
2026-06-27 09:54:24.059 10 INFO neutron.wsgi [None req-45a31360-f7e0-4e19-b9ab-9ce9da02989c d7084b42becf4b599e8970dfec32f5a2 29cf855aa6fd4a9f9704eaa2a21cf674 - - default default] 10.0.0.6 "GET /v2.0/security-groups HTTP/1.1" status: 200 len: 16803 time: 0.0483649
2026-06-27 09:54:24.077 10 INFO neutron.wsgi [None req-c015ff33-3f29-4d0a-a276-32e18cb69c6a d7084b42becf4b599e8970dfec32f5a2 29cf855aa6fd4a9f9704eaa2a21cf674 - - default default] 10.0.0.6 "GET /v2.0/agents HTTP/1.1" status: 200 len: 997 time: 0.0123334
2026-06-27 09:54:28.897 10 INFO neutron.wsgi [-] 10.0.0.214 "GET / HTTP/1.1" status: 200 len: 246 time: 0.0018148
2026-06-27 09:54:28.897 9 INFO neutron.wsgi [-] 10.0.0.214 "GET / HTTP/1.1" status: 200 len: 246 time: 0.0017471
2026-06-27 09:54:43.897 10 INFO neutron.wsgi [-] 10.0.0.214 "GET / HTTP/1.1" status: 200 len: 246 time: 0.0023160
2026-06-27 09:54:43.898 9 INFO neutron.wsgi [-] 10.0.0.214 "GET / HTTP/1.1" status: 200 len: 246 time: 0.0028527
2026-06-27 09:54:58.899 9 INFO neutron.wsgi [-] 10.0.0.214 "GET / HTTP/1.1" status: 200 len: 246 time: 0.0039122
2026-06-27 09:54:58.902 9 INFO neutron.wsgi [-] 10.0.0.214 "GET / HTTP/1.1" status: 200 len: 246 time: 0.0008636
2026-06-27 09:55:13.900 10 INFO neutron.wsgi [-] 10.0.0.214 "GET / HTTP/1.1" status: 200 len: 246 time: 0.0051470
2026-06-27 09:55:13.901 9 INFO neutron.wsgi [-] 10.0.0.214 "GET / HTTP/1.1" status: 200 len: 246 time: 0.0057063
2026-06-27 09:55:23.719 10 INFO neutron.wsgi [None req-1b79497b-f1eb-4a31-b595-a777399aeb1e d7084b42becf4b599e8970dfec32f5a2 29cf855aa6fd4a9f9704eaa2a21cf674 - - default default] 10.0.0.6 "GET /v2.0/routers HTTP/1.1" status: 200 len: 189 time: 0.0655880
2026-06-27 09:55:23.750 10 INFO neutron.wsgi [None req-2cb315ab-54f9-44a7-a0ca-ac45ebf4b1b7 d7084b42becf4b599e8970dfec32f5a2 29cf855aa6fd4a9f9704eaa2a21cf674 - - default default] 10.0.0.6 "GET /v2.0/agents?binary=ovn-controller HTTP/1.1" status: 200 len: 591 time: 0.0303180
2026-06-27 09:55:23.760 10 INFO neutron.wsgi [None req-d4b4c7de-ec5d-49f9-86b6-cacb32b6f165 d7084b42becf4b599e8970dfec32f5a2 29cf855aa6fd4a9f9704eaa2a21cf674 - - default default] 10.0.0.6 "GET /v2.0/agents HTTP/1.1" status: 200 len: 997 time: 0.0084908
2026-06-27 09:55:23.812 10 INFO neutron.wsgi [None req-4fe606d5-7814-4832-b07b-d11918496a12 d7084b42becf4b599e8970dfec32f5a2 29cf855aa6fd4a9f9704eaa2a21cf674 - - default default] 10.0.0.6 "GET /v2.0/networks HTTP/1.1" status: 200 len: 2350 time: 0.0513937
2026-06-27 09:55:23.842 10 INFO neutron.wsgi [None req-3cae971d-4cca-451b-90d9-149bd8743846 d7084b42becf4b599e8970dfec32f5a2 29cf855aa6fd4a9f9704eaa2a21cf674 - - default default] 10.0.0.6 "GET /v2.0/ports HTTP/1.1" status: 200 len: 5351 time: 0.0270267
2026-06-27 09:55:23.871 10 INFO neutron.wsgi [None req-b00cc538-8e02-47a9-87f1-50ff309a5837 d7084b42becf4b599e8970dfec32f5a2 29cf855aa6fd4a9f9704eaa2a21cf674 - - default default] 10.0.0.6 "GET /v2.0/subnets HTTP/1.1" status: 200 len: 1437 time: 0.0257134
2026-06-27 09:55:23.880 10 INFO neutron.wsgi [None req-aaf09fab-74c0-4bb3-ad9e-14c5b6fa9fd2 d7084b42becf4b599e8970dfec32f5a2 29cf855aa6fd4a9f9704eaa2a21cf674 - - default default] 10.0.0.6 "GET /v2.0/subnetpools HTTP/1.1" status: 200 len: 193 time: 0.0072310
2026-06-27 09:55:23.888 10 INFO neutron.wsgi [None req-0dc63e3e-cf01-4f2f-b489-0f46d03372d7 d7084b42becf4b599e8970dfec32f5a2 29cf855aa6fd4a9f9704eaa2a21cf674 - - default default] 10.0.0.6 "GET /v2.0/network-ip-availabilities HTTP/1.1" status: 200 len: 1280 time: 0.0076432
2026-06-27 09:55:23.907 10 INFO neutron.wsgi [None req-8e7b575a-1546-4aa4-8367-679b6cbb1d05 d7084b42becf4b599e8970dfec32f5a2 29cf855aa6fd4a9f9704eaa2a21cf674 - - default default] 10.0.0.6 "GET /v2.0/floatingips HTTP/1.1" status: 200 len: 193 time: 0.0180776
2026-06-27 09:55:23.933 10 INFO neutron.wsgi [None req-67ff4e58-7297-4b95-a9b8-162140eedfcb d7084b42becf4b599e8970dfec32f5a2 29cf855aa6fd4a9f9704eaa2a21cf674 - - default default] 10.0.0.6 "GET /v2.0/subnets HTTP/1.1" status: 200 len: 1437 time: 0.0253572
2026-06-27 09:55:23.980 10 INFO neutron.wsgi [None req-5fee1827-435a-4534-ac95-9cb7ffed6733 d7084b42becf4b599e8970dfec32f5a2 29cf855aa6fd4a9f9704eaa2a21cf674 - - default default] 10.0.0.6 "GET /v2.0/security-groups HTTP/1.1" status: 200 len: 16803 time: 0.0462003
2026-06-27 09:55:28.898 9 INFO neutron.wsgi [-] 10.0.0.214 "GET / HTTP/1.1" status: 200 len: 246 time: 0.0024679
2026-06-27 09:55:28.898 10 INFO neutron.wsgi [-] 10.0.0.214 "GET / HTTP/1.1" status: 200 len: 246 time: 0.0029156
2026-06-27 09:55:43.897 10 INFO neutron.wsgi [-] 10.0.0.214 "GET / HTTP/1.1" status: 200 len: 246 time: 0.0025277
2026-06-27 09:55:43.897 9 INFO neutron.wsgi [-] 10.0.0.214 "GET / HTTP/1.1" status: 200 len: 246 time: 0.0024605
2026-06-27 09:55:58.897 9 INFO neutron.wsgi [-] 10.0.0.214 "GET / HTTP/1.1" status: 200 len: 246 time: 0.0022783
2026-06-27 09:55:58.899 9 INFO neutron.wsgi [-] 10.0.0.214 "GET / HTTP/1.1" status: 200 len: 246 time: 0.0012920
2026-06-27 09:56:13.896 9 INFO neutron.wsgi [-] 10.0.0.214 "GET / HTTP/1.1" status: 200 len: 246 time: 0.0018106
2026-06-27 09:56:13.897 10 INFO neutron.wsgi [-] 10.0.0.214 "GET / HTTP/1.1" status: 200 len: 246 time: 0.0027359
2026-06-27 09:56:23.822 10 INFO neutron.wsgi [None req-3953ddf8-fd01-49dc-9fd3-5a3623504085 d7084b42becf4b599e8970dfec32f5a2 29cf855aa6fd4a9f9704eaa2a21cf674 - - default default] 10.0.0.6 "GET /v2.0/networks HTTP/1.1" status: 200 len: 2350 time: 0.1083610
2026-06-27 09:56:23.838 10 INFO neutron.wsgi [None req-08a0246c-e0ec-4e26-9425-a13abd0eb103 d7084b42becf4b599e8970dfec32f5a2 29cf855aa6fd4a9f9704eaa2a21cf674 - - default default] 10.0.0.6 "GET /v2.0/network-ip-availabilities HTTP/1.1" status: 200 len: 1280 time: 0.0135200
2026-06-27 09:56:23.888 10 INFO neutron.wsgi [None req-8f359331-cc97-4842-98d1-3d49286b500f d7084b42becf4b599e8970dfec32f5a2 29cf855aa6fd4a9f9704eaa2a21cf674 - - default default] 10.0.0.6 "GET /v2.0/security-groups HTTP/1.1" status: 200 len: 16803 time: 0.0462661
2026-06-27 09:56:23.955 10 INFO neutron.wsgi [None req-4c38e9ad-50b6-4223-a0e5-f7b6839a725f d7084b42becf4b599e8970dfec32f5a2 29cf855aa6fd4a9f9704eaa2a21cf674 - - default default] 10.0.0.6 "GET /v2.0/agents HTTP/1.1" status: 200 len: 997 time: 0.0599229
2026-06-27 09:56:23.990 10 INFO neutron.wsgi [None req-f7d39e08-5536-4c63-b128-7f794f391be6 d7084b42becf4b599e8970dfec32f5a2 29cf855aa6fd4a9f9704eaa2a21cf674 - - default default] 10.0.0.6 "GET /v2.0/subnets HTTP/1.1" status: 200 len: 1437 time: 0.0334771
2026-06-27 09:56:24.005 10 INFO neutron.wsgi [None req-028b8b06-65cc-45f2-a5b4-0d7d19093ab3 d7084b42becf4b599e8970dfec32f5a2 29cf855aa6fd4a9f9704eaa2a21cf674 - - default default] 10.0.0.6 "GET /v2.0/subnetpools HTTP/1.1" status: 200 len: 193 time: 0.0102756
2026-06-27 09:56:24.024 10 INFO neutron.wsgi [None req-d2f814bf-b2af-4ca3-a627-1cb3ae10d4ba d7084b42becf4b599e8970dfec32f5a2 29cf855aa6fd4a9f9704eaa2a21cf674 - - default default] 10.0.0.6 "GET /v2.0/floatingips HTTP/1.1" status: 200 len: 193 time: 0.0185065
2026-06-27 09:56:24.056 10 INFO neutron.wsgi [None req-66f31385-2752-41b5-88d9-aa51bdfee33d d7084b42becf4b599e8970dfec32f5a2 29cf855aa6fd4a9f9704eaa2a21cf674 - - default default] 10.0.0.6 "GET /v2.0/subnets HTTP/1.1" status: 200 len: 1437 time: 0.0308163
2026-06-27 09:56:24.088 10 INFO neutron.wsgi [None req-60a9db78-6675-4e63-b3bf-e87759fa636b d7084b42becf4b599e8970dfec32f5a2 29cf855aa6fd4a9f9704eaa2a21cf674 - - default default] 10.0.0.6 "GET /v2.0/ports HTTP/1.1" status: 200 len: 5351 time: 0.0312371
2026-06-27 09:56:24.111 10 INFO neutron.wsgi [None req-0ad33771-233c-4070-8759-1f0b15ef126d d7084b42becf4b599e8970dfec32f5a2 29cf855aa6fd4a9f9704eaa2a21cf674 - - default default] 10.0.0.6 "GET /v2.0/routers HTTP/1.1" status: 200 len: 189 time: 0.0178361
2026-06-27 09:56:24.119 10 INFO neutron.wsgi [None req-92d59291-dbb6-430b-a918-92b772666675 d7084b42becf4b599e8970dfec32f5a2 29cf855aa6fd4a9f9704eaa2a21cf674 - - default default] 10.0.0.6 "GET /v2.0/agents?binary=ovn-controller HTTP/1.1" status: 200 len: 591 time: 0.0073113
2026-06-27 09:56:28.899 9 INFO neutron.wsgi [-] 10.0.0.214 "GET / HTTP/1.1" status: 200 len: 246 time: 0.0031250
2026-06-27 09:56:28.905 10 INFO neutron.wsgi [-] 10.0.0.214 "GET / HTTP/1.1" status: 200 len: 246 time: 0.0062304
2026-06-27 09:56:43.895 9 INFO neutron.wsgi [-] 10.0.0.214 "GET / HTTP/1.1" status: 200 len: 246 time: 0.0012491
2026-06-27 09:56:43.897 10 INFO neutron.wsgi [-] 10.0.0.214 "GET / HTTP/1.1" status: 200 len: 246 time: 0.0027480
2026-06-27 09:56:58.898 9 INFO neutron.wsgi [-] 10.0.0.214 "GET / HTTP/1.1" status: 200 len: 246 time: 0.0036447
2026-06-27 09:56:58.903 10 INFO neutron.wsgi [-] 10.0.0.214 "GET / HTTP/1.1" status: 200 len: 246 time: 0.0081394
2026-06-27 09:57:13.897 10 INFO neutron.wsgi [-] 10.0.0.214 "GET / HTTP/1.1" status: 200 len: 246 time: 0.0019875
2026-06-27 09:57:13.898 9 INFO neutron.wsgi [-] 10.0.0.214 "GET / HTTP/1.1" status: 200 len: 246 time: 0.0029705
2026-06-27 09:57:23.798 10 INFO neutron.wsgi [None req-e2369614-f525-474c-a771-c3fc578b4a0a d7084b42becf4b599e8970dfec32f5a2 29cf855aa6fd4a9f9704eaa2a21cf674 - - default default] 10.0.0.6 "GET /v2.0/floatingips HTTP/1.1" status: 200 len: 193 time: 0.0784583
2026-06-27 09:57:23.844 10 INFO neutron.wsgi [None req-061b7c24-020f-45d3-8b9e-f6e61503e4e7 d7084b42becf4b599e8970dfec32f5a2 29cf855aa6fd4a9f9704eaa2a21cf674 - - default default] 10.0.0.6 "GET /v2.0/security-groups HTTP/1.1" status: 200 len: 16803 time: 0.0450084
2026-06-27 09:57:23.886 10 INFO neutron.wsgi [None req-8f173845-bb54-4bb8-bd17-274770c59dd6 d7084b42becf4b599e8970dfec32f5a2 29cf855aa6fd4a9f9704eaa2a21cf674 - - default default] 10.0.0.6 "GET /v2.0/ports HTTP/1.1" status: 200 len: 5351 time: 0.0374055
2026-06-27 09:57:23.908 10 INFO neutron.wsgi [None req-9aafddaa-9390-4bce-98a8-3a48594dd181 d7084b42becf4b599e8970dfec32f5a2 29cf855aa6fd4a9f9704eaa2a21cf674 - - default default] 10.0.0.6 "GET /v2.0/routers HTTP/1.1" status: 200 len: 189 time: 0.0186634
2026-06-27 09:57:23.941 10 INFO neutron.wsgi [None req-9c4f3ea9-98e1-46a5-9045-934bd9124e35 d7084b42becf4b599e8970dfec32f5a2 29cf855aa6fd4a9f9704eaa2a21cf674 - - default default] 10.0.0.6 "GET /v2.0/agents?binary=ovn-controller HTTP/1.1" status: 200 len: 591 time: 0.0324867
2026-06-27 09:57:23.956 10 INFO neutron.wsgi [None req-a565ccac-f62a-484b-b1c6-5eff94719a4d d7084b42becf4b599e8970dfec32f5a2 29cf855aa6fd4a9f9704eaa2a21cf674 - - default default] 10.0.0.6 "GET /v2.0/agents HTTP/1.1" status: 200 len: 997 time: 0.0114884
2026-06-27 09:57:23.965 10 INFO neutron.wsgi [None req-32a22f52-8559-4e73-977e-ea86639dacde d7084b42becf4b599e8970dfec32f5a2 29cf855aa6fd4a9f9704eaa2a21cf674 - - default default] 10.0.0.6 "GET /v2.0/network-ip-availabilities HTTP/1.1" status: 200 len: 1280 time: 0.0087092
2026-06-27 09:57:24.002 10 INFO neutron.wsgi [None req-30b07b8a-1afd-4bc4-bb73-f9b635d3b4b1 d7084b42becf4b599e8970dfec32f5a2 29cf855aa6fd4a9f9704eaa2a21cf674 - - default default] 10.0.0.6 "GET /v2.0/subnets HTTP/1.1" status: 200 len: 1437 time: 0.0342495
2026-06-27 09:57:24.012 10 INFO neutron.wsgi [None req-6a564542-006a-4286-b80a-c519b5c40d3d d7084b42becf4b599e8970dfec32f5a2 29cf855aa6fd4a9f9704eaa2a21cf674 - - default default] 10.0.0.6 "GET /v2.0/subnetpools HTTP/1.1" status: 200 len: 193 time: 0.0091059
2026-06-27 09:57:24.080 10 INFO neutron.wsgi [None req-b26e0cd1-0580-4b2e-82b2-7551da3d7a5f d7084b42becf4b599e8970dfec32f5a2 29cf855aa6fd4a9f9704eaa2a21cf674 - - default default] 10.0.0.6 "GET /v2.0/networks HTTP/1.1" status: 200 len: 2350 time: 0.0670834
2026-06-27 09:57:24.166 10 INFO neutron.wsgi [None req-eaa87c44-0131-4514-9269-24937eec1d8a d7084b42becf4b599e8970dfec32f5a2 29cf855aa6fd4a9f9704eaa2a21cf674 - - default default] 10.0.0.6 "GET /v2.0/subnets HTTP/1.1" status: 200 len: 1437 time: 0.0832658
2026-06-27 09:57:28.897 9 INFO neutron.wsgi [-] 10.0.0.214 "GET / HTTP/1.1" status: 200 len: 246 time: 0.0024762
2026-06-27 09:57:28.900 9 INFO neutron.wsgi [-] 10.0.0.214 "GET / HTTP/1.1" status: 200 len: 246 time: 0.0020003
2026-06-27 09:57:43.897 10 INFO neutron.wsgi [-] 10.0.0.214 "GET / HTTP/1.1" status: 200 len: 246 time: 0.0025086
2026-06-27 09:57:43.897 9 INFO neutron.wsgi [-] 10.0.0.214 "GET / HTTP/1.1" status: 200 len: 246 time: 0.0026042
2026-06-27 09:57:58.898 9 INFO neutron.wsgi [-] 10.0.0.214 "GET / HTTP/1.1" status: 200 len: 246 time: 0.0023811
2026-06-27 09:57:58.898 10 INFO neutron.wsgi [-] 10.0.0.214 "GET / HTTP/1.1" status: 200 len: 246 time: 0.0032477
2026-06-27 09:58:13.898 10 INFO neutron.wsgi [-] 10.0.0.214 "GET / HTTP/1.1" status: 200 len: 246 time: 0.0031993
2026-06-27 09:58:13.898 9 INFO neutron.wsgi [-] 10.0.0.214 "GET / HTTP/1.1" status: 200 len: 246 time: 0.0031643
2026-06-27 09:58:23.837 10 INFO neutron.wsgi [None req-c63960a7-8240-4c7c-be82-d7f627511500 d7084b42becf4b599e8970dfec32f5a2 29cf855aa6fd4a9f9704eaa2a21cf674 - - default default] 10.0.0.6 "GET /v2.0/agents HTTP/1.1" status: 200 len: 997 time: 0.0935035
2026-06-27 09:58:23.886 10 INFO neutron.wsgi [None req-444bb36a-f527-4d26-b5dd-7a9e305aae79 d7084b42becf4b599e8970dfec32f5a2 29cf855aa6fd4a9f9704eaa2a21cf674 - - default default] 10.0.0.6 "GET /v2.0/subnets HTTP/1.1" status: 200 len: 1437 time: 0.0401876
2026-06-27 09:58:23.899 10 INFO neutron.wsgi [None req-a4b17f86-ae5e-408a-8c10-174edcd847f0 d7084b42becf4b599e8970dfec32f5a2 29cf855aa6fd4a9f9704eaa2a21cf674 - - default default] 10.0.0.6 "GET /v2.0/network-ip-availabilities HTTP/1.1" status: 200 len: 1280 time: 0.0120485
2026-06-27 09:58:23.932 10 INFO neutron.wsgi [None req-a64e7c9c-b024-45a7-ac6b-dc29614762fa d7084b42becf4b599e8970dfec32f5a2 29cf855aa6fd4a9f9704eaa2a21cf674 - - default default] 10.0.0.6 "GET /v2.0/ports HTTP/1.1" status: 200 len: 5351 time: 0.0315068
2026-06-27 09:58:23.955 10 INFO neutron.wsgi [None req-bef5c1e7-4a00-49d4-b36c-56061dc96a43 d7084b42becf4b599e8970dfec32f5a2 29cf855aa6fd4a9f9704eaa2a21cf674 - - default default] 10.0.0.6 "GET /v2.0/routers HTTP/1.1" status: 200 len: 189 time: 0.0194037
2026-06-27 09:58:23.965 10 INFO neutron.wsgi [None req-0a1d0f53-9e42-4343-bf1f-b3a71e891437 d7084b42becf4b599e8970dfec32f5a2 29cf855aa6fd4a9f9704eaa2a21cf674 - - default default] 10.0.0.6 "GET /v2.0/agents?binary=ovn-controller HTTP/1.1" status: 200 len: 591 time: 0.0093880
2026-06-27 09:58:23.994 10 INFO neutron.wsgi [None req-05cccbfa-7d6d-4d7d-bae7-a62302edb2fd d7084b42becf4b599e8970dfec32f5a2 29cf855aa6fd4a9f9704eaa2a21cf674 - - default default] 10.0.0.6 "GET /v2.0/subnets HTTP/1.1" status: 200 len: 1437 time: 0.0278842
2026-06-27 09:58:24.006 10 INFO neutron.wsgi [None req-5ed36029-974e-4b24-aa85-b51ec3ad1b7d d7084b42becf4b599e8970dfec32f5a2 29cf855aa6fd4a9f9704eaa2a21cf674 - - default default] 10.0.0.6 "GET /v2.0/subnetpools HTTP/1.1" status: 200 len: 193 time: 0.0102706
2026-06-27 09:58:24.067 10 INFO neutron.wsgi [None req-60083e66-d641-451e-b0ad-4f44935d37d7 d7084b42becf4b599e8970dfec32f5a2 29cf855aa6fd4a9f9704eaa2a21cf674 - - default default] 10.0.0.6 "GET /v2.0/networks HTTP/1.1" status: 200 len: 2350 time: 0.0578413
2026-06-27 09:58:24.133 10 INFO neutron.wsgi [None req-b5ee50a5-2c84-4e7b-8f95-5020479e32df d7084b42becf4b599e8970dfec32f5a2 29cf855aa6fd4a9f9704eaa2a21cf674 - - default default] 10.0.0.6 "GET /v2.0/security-groups HTTP/1.1" status: 200 len: 16803 time: 0.0634546
2026-06-27 09:58:24.170 10 INFO neutron.wsgi [None req-afabca2d-bf0c-48fa-8a21-38ac1d6f1499 d7084b42becf4b599e8970dfec32f5a2 29cf855aa6fd4a9f9704eaa2a21cf674 - - default default] 10.0.0.6 "GET /v2.0/floatingips HTTP/1.1" status: 200 len: 193 time: 0.0321319
2026-06-27 09:58:28.898 9 INFO neutron.wsgi [-] 10.0.0.214 "GET / HTTP/1.1" status: 200 len: 246 time: 0.0027683
2026-06-27 09:58:28.901 9 INFO neutron.wsgi [-] 10.0.0.214 "GET / HTTP/1.1" status: 200 len: 246 time: 0.0016201
2026-06-27 09:58:43.898 10 INFO neutron.wsgi [-] 10.0.0.214 "GET / HTTP/1.1" status: 200 len: 246 time: 0.0034280
2026-06-27 09:58:43.898 9 INFO neutron.wsgi [-] 10.0.0.214 "GET / HTTP/1.1" status: 200 len: 246 time: 0.0035491
2026-06-27 09:58:58.898 9 INFO neutron.wsgi [-] 10.0.0.214 "GET / HTTP/1.1" status: 200 len: 246 time: 0.0018764
2026-06-27 09:58:58.898 10 INFO neutron.wsgi [-] 10.0.0.214 "GET / HTTP/1.1" status: 200 len: 246 time: 0.0024929
2026-06-27 09:59:13.897 9 INFO neutron.wsgi [-] 10.0.0.214 "GET / HTTP/1.1" status: 200 len: 246 time: 0.0024199
2026-06-27 09:59:13.898 10 INFO neutron.wsgi [-] 10.0.0.214 "GET / HTTP/1.1" status: 200 len: 246 time: 0.0028937
2026-06-27 09:59:23.766 10 INFO neutron.wsgi [None req-ec87e5c5-f8fc-4261-86a6-3b1062b7bffd d7084b42becf4b599e8970dfec32f5a2 29cf855aa6fd4a9f9704eaa2a21cf674 - - default default] 10.0.0.6 "GET /v2.0/ports HTTP/1.1" status: 200 len: 5351 time: 0.0984912
2026-06-27 09:59:23.799 10 INFO neutron.wsgi [None req-11c361b7-3f05-4966-9992-eb1ed0ddc5d8 d7084b42becf4b599e8970dfec32f5a2 29cf855aa6fd4a9f9704eaa2a21cf674 - - default default] 10.0.0.6 "GET /v2.0/subnets HTTP/1.1" status: 200 len: 1437 time: 0.0291805
2026-06-27 09:59:23.816 10 INFO neutron.wsgi [None req-f0e0cc45-c015-4d33-8362-ee710334ab77 d7084b42becf4b599e8970dfec32f5a2 29cf855aa6fd4a9f9704eaa2a21cf674 - - default default] 10.0.0.6 "GET /v2.0/subnetpools HTTP/1.1" status: 200 len: 193 time: 0.0165527
2026-06-27 09:59:23.859 10 INFO neutron.wsgi [None req-cdd24ef9-4cc0-4e31-bb21-8b75abf4d6d6 d7084b42becf4b599e8970dfec32f5a2 29cf855aa6fd4a9f9704eaa2a21cf674 - - default default] 10.0.0.6 "GET /v2.0/security-groups HTTP/1.1" status: 200 len: 16803 time: 0.0414388
2026-06-27 09:59:23.879 10 INFO neutron.wsgi [None req-081b0762-6b0d-444d-bede-08bd0d47f6b4 d7084b42becf4b599e8970dfec32f5a2 29cf855aa6fd4a9f9704eaa2a21cf674 - - default default] 10.0.0.6 "GET /v2.0/network-ip-availabilities HTTP/1.1" status: 200 len: 1280 time: 0.0130007
2026-06-27 09:59:23.942 10 INFO neutron.wsgi [None req-6b0ea91a-5688-4213-8838-63be3621cad7 d7084b42becf4b599e8970dfec32f5a2 29cf855aa6fd4a9f9704eaa2a21cf674 - - default default] 10.0.0.6 "GET /v2.0/networks HTTP/1.1" status: 200 len: 2350 time: 0.0617518
2026-06-27 09:59:23.979 10 INFO neutron.wsgi [None req-4f46ae81-4259-48b7-8a60-a665f15655af d7084b42becf4b599e8970dfec32f5a2 29cf855aa6fd4a9f9704eaa2a21cf674 - - default default] 10.0.0.6 "GET /v2.0/subnets HTTP/1.1" status: 200 len: 1437 time: 0.0346515
2026-06-27 09:59:24.011 10 INFO neutron.wsgi [None req-5a991910-db0e-4350-82dc-2298ae8ad492 d7084b42becf4b599e8970dfec32f5a2 29cf855aa6fd4a9f9704eaa2a21cf674 - - default default] 10.0.0.6 "GET /v2.0/agents HTTP/1.1" status: 200 len: 997 time: 0.0308833
2026-06-27 09:59:24.033 10 INFO neutron.wsgi [None req-0fdabc73-fbbf-47e6-92b2-ffc1f81b9031 d7084b42becf4b599e8970dfec32f5a2 29cf855aa6fd4a9f9704eaa2a21cf674 - - default default] 10.0.0.6 "GET /v2.0/floatingips HTTP/1.1" status: 200 len: 193 time: 0.0209012
2026-06-27 09:59:24.055 10 INFO neutron.wsgi [None req-8712b77b-86fb-44af-a505-0543cbeea9a8 d7084b42becf4b599e8970dfec32f5a2 29cf855aa6fd4a9f9704eaa2a21cf674 - - default default] 10.0.0.6 "GET /v2.0/routers HTTP/1.1" status: 200 len: 189 time: 0.0208154
2026-06-27 09:59:24.064 10 INFO neutron.wsgi [None req-57aefaf6-8cbd-4b6a-a60f-1363f0d691ac d7084b42becf4b599e8970dfec32f5a2 29cf855aa6fd4a9f9704eaa2a21cf674 - - default default] 10.0.0.6 "GET /v2.0/agents?binary=ovn-controller HTTP/1.1" status: 200 len: 591 time: 0.0092599
2026-06-27 09:59:28.897 9 INFO neutron.wsgi [-] 10.0.0.214 "GET / HTTP/1.1" status: 200 len: 246 time: 0.0025299
2026-06-27 09:59:28.897 10 INFO neutron.wsgi [-] 10.0.0.214 "GET / HTTP/1.1" status: 200 len: 246 time: 0.0025473
2026-06-27 09:59:43.897 10 INFO neutron.wsgi [-] 10.0.0.214 "GET / HTTP/1.1" status: 200 len: 246 time: 0.0025423
2026-06-27 09:59:43.903 10 INFO neutron.wsgi [-] 10.0.0.214 "GET / HTTP/1.1" status: 200 len: 246 time: 0.0047548
2026-06-27 09:59:58.897 9 INFO neutron.wsgi [-] 10.0.0.214 "GET / HTTP/1.1" status: 200 len: 246 time: 0.0026700
2026-06-27 09:59:58.897 10 INFO neutron.wsgi [-] 10.0.0.214 "GET / HTTP/1.1" status: 200 len: 246 time: 0.0030496
2026-06-27 10:00:13.897 10 INFO neutron.wsgi [-] 10.0.0.214 "GET / HTTP/1.1" status: 200 len: 246 time: 0.0019236
2026-06-27 10:00:13.899 10 INFO neutron.wsgi [-] 10.0.0.214 "GET / HTTP/1.1" status: 200 len: 246 time: 0.0009367
2026-06-27 10:00:23.886 10 INFO neutron.wsgi [None req-595029cd-7e8b-4482-a3cc-a42f460b3a5c d7084b42becf4b599e8970dfec32f5a2 29cf855aa6fd4a9f9704eaa2a21cf674 - - default default] 10.0.0.6 "GET /v2.0/subnets HTTP/1.1" status: 200 len: 1437 time: 0.0876753
2026-06-27 10:00:23.899 10 INFO neutron.wsgi [None req-49be58df-e5bd-4067-afca-5c0d79435067 d7084b42becf4b599e8970dfec32f5a2 29cf855aa6fd4a9f9704eaa2a21cf674 - - default default] 10.0.0.6 "GET /v2.0/subnetpools HTTP/1.1" status: 200 len: 193 time: 0.0113611
2026-06-27 10:00:23.993 10 INFO neutron.wsgi [None req-0e9e7806-3bf9-47f4-a043-56fbd8885fc2 d7084b42becf4b599e8970dfec32f5a2 29cf855aa6fd4a9f9704eaa2a21cf674 - - default default] 10.0.0.6 "GET /v2.0/security-groups HTTP/1.1" status: 200 len: 16803 time: 0.0934749
2026-06-27 10:00:24.024 10 INFO neutron.wsgi [None req-ed98b919-3c5a-4deb-bbbc-fb507dd569ab d7084b42becf4b599e8970dfec32f5a2 29cf855aa6fd4a9f9704eaa2a21cf674 - - default default] 10.0.0.6 "GET /v2.0/network-ip-availabilities HTTP/1.1" status: 200 len: 1280 time: 0.0243723
2026-06-27 10:00:24.054 10 INFO neutron.wsgi [None req-1416b3e5-6fc9-4bf8-9635-bf1781828e05 d7084b42becf4b599e8970dfec32f5a2 29cf855aa6fd4a9f9704eaa2a21cf674 - - default default] 10.0.0.6 "GET /v2.0/routers HTTP/1.1" status: 200 len: 189 time: 0.0288687
2026-06-27 10:00:24.098 10 INFO neutron.wsgi [None req-f9e09d2e-0949-44ab-a813-f061251686a6 d7084b42becf4b599e8970dfec32f5a2 29cf855aa6fd4a9f9704eaa2a21cf674 - - default default] 10.0.0.6 "GET /v2.0/agents?binary=ovn-controller HTTP/1.1" status: 200 len: 591 time: 0.0417967
2026-06-27 10:00:24.127 10 INFO neutron.wsgi [None req-196ba40f-c3f3-45f4-93d3-39baaa2fb3a3 d7084b42becf4b599e8970dfec32f5a2 29cf855aa6fd4a9f9704eaa2a21cf674 - - default default] 10.0.0.6 "GET /v2.0/floatingips HTTP/1.1" status: 200 len: 193 time: 0.0274377
2026-06-27 10:00:24.212 10 INFO neutron.wsgi [None req-8dd56f20-b9f4-41a3-9a2a-23a846e620c4 d7084b42becf4b599e8970dfec32f5a2 29cf855aa6fd4a9f9704eaa2a21cf674 - - default default] 10.0.0.6 "GET /v2.0/networks HTTP/1.1" status: 200 len: 2350 time: 0.0798161
2026-06-27 10:00:24.243 10 INFO neutron.wsgi [None req-2523ca1a-3931-4991-be8d-ae5c204af207 d7084b42becf4b599e8970dfec32f5a2 29cf855aa6fd4a9f9704eaa2a21cf674 - - default default] 10.0.0.6 "GET /v2.0/subnets HTTP/1.1" status: 200 len: 1437 time: 0.0295041
2026-06-27 10:00:24.275 10 INFO neutron.wsgi [None req-acdd2998-4297-4ab5-826a-868e6ca1a11c d7084b42becf4b599e8970dfec32f5a2 29cf855aa6fd4a9f9704eaa2a21cf674 - - default default] 10.0.0.6 "GET /v2.0/ports HTTP/1.1" status: 200 len: 5351 time: 0.0295291
2026-06-27 10:00:24.291 10 INFO neutron.wsgi [None req-eaa4d302-a0de-4649-b894-25013fe20fcb d7084b42becf4b599e8970dfec32f5a2 29cf855aa6fd4a9f9704eaa2a21cf674 - - default default] 10.0.0.6 "GET /v2.0/agents HTTP/1.1" status: 200 len: 997 time: 0.0116727
2026-06-27 10:00:28.898 10 INFO neutron.wsgi [-] 10.0.0.214 "GET / HTTP/1.1" status: 200 len: 246 time: 0.0026720
2026-06-27 10:00:28.898 9 INFO neutron.wsgi [-] 10.0.0.214 "GET / HTTP/1.1" status: 200 len: 246 time: 0.0032251
2026-06-27 10:00:43.897 9 INFO neutron.wsgi [-] 10.0.0.214 "GET / HTTP/1.1" status: 200 len: 246 time: 0.0022581
2026-06-27 10:00:43.897 10 INFO neutron.wsgi [-] 10.0.0.214 "GET / HTTP/1.1" status: 200 len: 246 time: 0.0025685
2026-06-27 10:00:58.904 9 INFO neutron.wsgi [-] 10.0.0.214 "GET / HTTP/1.1" status: 200 len: 246 time: 0.0023365
2026-06-27 10:00:58.904 10 INFO neutron.wsgi [-] 10.0.0.214 "GET / HTTP/1.1" status: 200 len: 246 time: 0.0024030
2026-06-27 10:01:13.897 10 INFO neutron.wsgi [-] 10.0.0.214 "GET / HTTP/1.1" status: 200 len: 246 time: 0.0019288
2026-06-27 10:01:13.899 10 INFO neutron.wsgi [-] 10.0.0.214 "GET / HTTP/1.1" status: 200 len: 246 time: 0.0014529
2026-06-27 10:01:23.825 10 INFO neutron.wsgi [None req-20682771-9a0c-41f3-9b7c-193aa133211f d7084b42becf4b599e8970dfec32f5a2 29cf855aa6fd4a9f9704eaa2a21cf674 - - default default] 10.0.0.6 "GET /v2.0/routers HTTP/1.1" status: 200 len: 189 time: 0.1386385
2026-06-27 10:01:23.900 10 INFO neutron.wsgi [None req-97234188-3aca-4429-907f-511b81f7cfde d7084b42becf4b599e8970dfec32f5a2 29cf855aa6fd4a9f9704eaa2a21cf674 - - default default] 10.0.0.6 "GET /v2.0/agents?binary=ovn-controller HTTP/1.1" status: 200 len: 591 time: 0.0737960
2026-06-27 10:01:23.958 10 INFO neutron.wsgi [None req-31c9680d-80b2-4d30-9d80-92318a89d492 d7084b42becf4b599e8970dfec32f5a2 29cf855aa6fd4a9f9704eaa2a21cf674 - - default default] 10.0.0.6 "GET /v2.0/networks HTTP/1.1" status: 200 len: 2350 time: 0.0572019
2026-06-27 10:01:23.997 10 INFO neutron.wsgi [None req-917ad01d-ab20-4042-ba16-56e95274e4cd d7084b42becf4b599e8970dfec32f5a2 29cf855aa6fd4a9f9704eaa2a21cf674 - - default default] 10.0.0.6 "GET /v2.0/ports HTTP/1.1" status: 200 len: 5351 time: 0.0363576
2026-06-27 10:01:24.015 10 INFO neutron.wsgi [None req-3874691e-358b-46e1-82a8-9a2cbb801df7 d7084b42becf4b599e8970dfec32f5a2 29cf855aa6fd4a9f9704eaa2a21cf674 - - default default] 10.0.0.6 "GET /v2.0/agents HTTP/1.1" status: 200 len: 997 time: 0.0132327
2026-06-27 10:01:24.048 10 INFO neutron.wsgi [None req-327c55f7-3303-44c8-b318-a5e0771ec2a2 d7084b42becf4b599e8970dfec32f5a2 29cf855aa6fd4a9f9704eaa2a21cf674 - - default default] 10.0.0.6 "GET /v2.0/subnets HTTP/1.1" status: 200 len: 1437 time: 0.0317411
2026-06-27 10:01:24.059 10 INFO neutron.wsgi [None req-1c8ae90c-93fb-4eb9-9673-2996a774bebd d7084b42becf4b599e8970dfec32f5a2 29cf855aa6fd4a9f9704eaa2a21cf674 - - default default] 10.0.0.6 "GET /v2.0/subnetpools HTTP/1.1" status: 200 len: 193 time: 0.0099967
2026-06-27 10:01:24.081 10 INFO neutron.wsgi [None req-f10d078f-7e58-4faf-a17c-ce9cd8aa3813 d7084b42becf4b599e8970dfec32f5a2 29cf855aa6fd4a9f9704eaa2a21cf674 - - default default] 10.0.0.6 "GET /v2.0/floatingips HTTP/1.1" status: 200 len: 193 time: 0.0207684
2026-06-27 10:01:24.129 10 INFO neutron.wsgi [None req-47fa0b5e-b7ab-4822-a585-64d4c16dc9ad d7084b42becf4b599e8970dfec32f5a2 29cf855aa6fd4a9f9704eaa2a21cf674 - - default default] 10.0.0.6 "GET /v2.0/security-groups HTTP/1.1" status: 200 len: 16803 time: 0.0479629
2026-06-27 10:01:24.178 10 INFO neutron.wsgi [None req-f7ad722d-66f1-41e7-b676-7c95f30e5f62 d7084b42becf4b599e8970dfec32f5a2 29cf855aa6fd4a9f9704eaa2a21cf674 - - default default] 10.0.0.6 "GET /v2.0/subnets HTTP/1.1" status: 200 len: 1437 time: 0.0433676
2026-06-27 10:01:24.189 10 INFO neutron.wsgi [None req-63b2d732-9b76-4a8a-b23c-261da722cdd5 d7084b42becf4b599e8970dfec32f5a2 29cf855aa6fd4a9f9704eaa2a21cf674 - - default default] 10.0.0.6 "GET /v2.0/network-ip-availabilities HTTP/1.1" status: 200 len: 1280 time: 0.0097826
2026-06-27 10:01:28.895 9 INFO neutron.wsgi [-] 10.0.0.214 "GET / HTTP/1.1" status: 200 len: 246 time: 0.0012708
2026-06-27 10:01:28.896 10 INFO neutron.wsgi [-] 10.0.0.214 "GET / HTTP/1.1" status: 200 len: 246 time: 0.0024176
2026-06-27 10:01:43.898 9 INFO neutron.wsgi [-] 10.0.0.214 "GET / HTTP/1.1" status: 200 len: 246 time: 0.0035481
2026-06-27 10:01:43.902 9 INFO neutron.wsgi [-] 10.0.0.214 "GET / HTTP/1.1" status: 200 len: 246 time: 0.0022740
2026-06-27 10:01:58.898 9 INFO neutron.wsgi [-] 10.0.0.214 "GET / HTTP/1.1" status: 200 len: 246 time: 0.0034137
2026-06-27 10:01:58.901 9 INFO neutron.wsgi [-] 10.0.0.214 "GET / HTTP/1.1" status: 200 len: 246 time: 0.0014570
2026-06-27 10:02:13.896 9 INFO neutron.wsgi [-] 10.0.0.214 "GET / HTTP/1.1" status: 200 len: 246 time: 0.0017500
2026-06-27 10:02:13.898 10 INFO neutron.wsgi [-] 10.0.0.214 "GET / HTTP/1.1" status: 200 len: 246 time: 0.0035133
2026-06-27 10:02:23.789 10 INFO neutron.wsgi [None req-71518dc3-424b-400b-b74d-991c272557c3 d7084b42becf4b599e8970dfec32f5a2 29cf855aa6fd4a9f9704eaa2a21cf674 - - default default] 10.0.0.6 "GET /v2.0/ports HTTP/1.1" status: 200 len: 5351 time: 0.0958087
2026-06-27 10:02:23.805 10 INFO neutron.wsgi [None req-1ddcb37c-d757-498b-af17-639dfaee3911 d7084b42becf4b599e8970dfec32f5a2 29cf855aa6fd4a9f9704eaa2a21cf674 - - default default] 10.0.0.6 "GET /v2.0/network-ip-availabilities HTTP/1.1" status: 200 len: 1280 time: 0.0115924
2026-06-27 10:02:23.848 10 INFO neutron.wsgi [None req-1681a685-5351-4cd7-a022-e8d353fe211f d7084b42becf4b599e8970dfec32f5a2 29cf855aa6fd4a9f9704eaa2a21cf674 - - default default] 10.0.0.6 "GET /v2.0/subnets HTTP/1.1" status: 200 len: 1437 time: 0.0412788
2026-06-27 10:02:23.881 10 INFO neutron.wsgi [None req-68453962-5dbe-4a9e-ae44-cb964db29a96 d7084b42becf4b599e8970dfec32f5a2 29cf855aa6fd4a9f9704eaa2a21cf674 - - default default] 10.0.0.6 "GET /v2.0/subnets HTTP/1.1" status: 200 len: 1437 time: 0.0314617
2026-06-27 10:02:23.891 10 INFO neutron.wsgi [None req-2e8c491e-49e4-4e9d-b9a4-47d6b5857d24 d7084b42becf4b599e8970dfec32f5a2 29cf855aa6fd4a9f9704eaa2a21cf674 - - default default] 10.0.0.6 "GET /v2.0/subnetpools HTTP/1.1" status: 200 len: 193 time: 0.0089340
2026-06-27 10:02:23.958 10 INFO neutron.wsgi [None req-57d49faa-6e48-4ddd-9fa4-059160dd414d d7084b42becf4b599e8970dfec32f5a2 29cf855aa6fd4a9f9704eaa2a21cf674 - - default default] 10.0.0.6 "GET /v2.0/agents HTTP/1.1" status: 200 len: 997 time: 0.0659177
