2026-06-27 10:11:31.860 10 INFO neutron.wsgi [req-de5dac85-2d04-464b-9a9b-81ec7302f3db req-f464ab15-fb96-4495-b4bc-aaeb87ab4927 b06a8ef406b64a53b92cc7175f827a1d ee04220336ac416da3ce6298b8609a20 - - 37f3b442b15a4d2c802eb8f99e1e291c 37f3b442b15a4d2c802eb8f99e1e291c] 199.204.45.57 "GET /v2.0/ports?network_id=01d0553d-6ae1-41bd-a9c2-f3f43a205fec&device_owner=network%3Adhcp HTTP/1.1" status: 200 len: 210 time: 0.0197864
2026-06-27 10:11:31.933 10 INFO neutron.wsgi [req-de5dac85-2d04-464b-9a9b-81ec7302f3db req-2c15b01a-4777-46dd-9e06-1f7b6245934f b06a8ef406b64a53b92cc7175f827a1d ee04220336ac416da3ce6298b8609a20 - - 37f3b442b15a4d2c802eb8f99e1e291c 37f3b442b15a4d2c802eb8f99e1e291c] 199.204.45.57 "GET /v2.0/networks/01d0553d-6ae1-41bd-a9c2-f3f43a205fec?fields=segments HTTP/1.1" status: 200 len: 212 time: 0.0673411
2026-06-27 10:11:32.007 10 INFO neutron.wsgi [req-de5dac85-2d04-464b-9a9b-81ec7302f3db req-cba6870e-5e36-423e-8dfa-b0bb7e977e0f b06a8ef406b64a53b92cc7175f827a1d ee04220336ac416da3ce6298b8609a20 - - 37f3b442b15a4d2c802eb8f99e1e291c 37f3b442b15a4d2c802eb8f99e1e291c] 199.204.45.57 "GET /v2.0/networks/01d0553d-6ae1-41bd-a9c2-f3f43a205fec?fields=provider%3Aphysical_network&fields=provider%3Anetwork_type HTTP/1.1" status: 200 len: 277 time: 0.0638742
2026-06-27 10:11:32.035 10 INFO neutron.wsgi [req-de5dac85-2d04-464b-9a9b-81ec7302f3db req-7bc4e2dc-c004-457c-b6f8-4738fad2772f b06a8ef406b64a53b92cc7175f827a1d ee04220336ac416da3ce6298b8609a20 - - 37f3b442b15a4d2c802eb8f99e1e291c 37f3b442b15a4d2c802eb8f99e1e291c] 199.204.45.57 "GET /v2.0/floatingips?fixed_ip_address=10.1.1.47&port_id=f4e26c7b-1652-429c-9323-796b77d807aa HTTP/1.1" status: 200 len: 217 time: 0.0215847
2026-06-27 10:11:32.081 10 INFO neutron.wsgi [req-de5dac85-2d04-464b-9a9b-81ec7302f3db req-2a2ca9a9-1343-44d1-9cd0-ce5a137661bf b06a8ef406b64a53b92cc7175f827a1d ee04220336ac416da3ce6298b8609a20 - - 37f3b442b15a4d2c802eb8f99e1e291c 37f3b442b15a4d2c802eb8f99e1e291c] 199.204.45.57 "GET /v2.0/subnets?id=76e80ed1-a5bb-47dd-a808-f2891b3321cb HTTP/1.1" status: 200 len: 853 time: 0.0384088
2026-06-27 10:11:32.110 10 INFO neutron.wsgi [req-de5dac85-2d04-464b-9a9b-81ec7302f3db req-96155c3f-2aff-46d6-bfeb-676f0de654b1 b06a8ef406b64a53b92cc7175f827a1d ee04220336ac416da3ce6298b8609a20 - - 37f3b442b15a4d2c802eb8f99e1e291c 37f3b442b15a4d2c802eb8f99e1e291c] 199.204.45.57 "GET /v2.0/ports?network_id=c4b41547-6368-4b43-8f78-6022a18d0f4c&device_owner=network%3Adhcp HTTP/1.1" status: 200 len: 210 time: 0.0208972
2026-06-27 10:11:32.173 10 INFO neutron.wsgi [req-de5dac85-2d04-464b-9a9b-81ec7302f3db req-a5eca3cc-1fa5-435a-9e21-f350d7873e98 b06a8ef406b64a53b92cc7175f827a1d ee04220336ac416da3ce6298b8609a20 - - 37f3b442b15a4d2c802eb8f99e1e291c 37f3b442b15a4d2c802eb8f99e1e291c] 199.204.45.57 "GET /v2.0/networks/c4b41547-6368-4b43-8f78-6022a18d0f4c?fields=segments HTTP/1.1" status: 200 len: 212 time: 0.0565941
2026-06-27 10:11:32.243 10 INFO neutron.wsgi [req-de5dac85-2d04-464b-9a9b-81ec7302f3db req-93808801-e086-41e8-a565-7e22747e6d93 b06a8ef406b64a53b92cc7175f827a1d ee04220336ac416da3ce6298b8609a20 - - 37f3b442b15a4d2c802eb8f99e1e291c 37f3b442b15a4d2c802eb8f99e1e291c] 199.204.45.57 "GET /v2.0/networks/c4b41547-6368-4b43-8f78-6022a18d0f4c?fields=provider%3Aphysical_network&fields=provider%3Anetwork_type HTTP/1.1" status: 200 len: 277 time: 0.0627685
2026-06-27 10:11:32.333 10 INFO neutron.wsgi [req-fb4642e9-6cfc-4099-a33e-efc92df58aef req-11c06be6-8191-40d4-b7de-1313932ce08c b06a8ef406b64a53b92cc7175f827a1d ee04220336ac416da3ce6298b8609a20 - - 37f3b442b15a4d2c802eb8f99e1e291c 37f3b442b15a4d2c802eb8f99e1e291c] 199.204.45.57 "GET /v2.0/ports?tenant_id=29cf855aa6fd4a9f9704eaa2a21cf674&device_id=2e0714d2-e80f-44f3-b411-4010acb5e0ed HTTP/1.1" status: 200 len: 2657 time: 0.0473917
2026-06-27 10:11:32.349 9 INFO neutron.plugins.ml2.drivers.ovn.mech_driver.mech_driver [None req-52e93dfb-9160-4bd6-86b2-6619b950589b - - - - - -] OVN reports status up for port: f4e26c7b-1652-429c-9323-796b77d807aa
2026-06-27 10:11:32.380 9 INFO neutron.plugins.ml2.plugin [None req-52e93dfb-9160-4bd6-86b2-6619b950589b - - - - - -] Attempt 1 to provision port f4e26c7b-1652-429c-9323-796b77d807aa
2026-06-27 10:11:32.464 10 INFO neutron.wsgi [req-fb4642e9-6cfc-4099-a33e-efc92df58aef req-7a30706a-912e-4b8f-a59f-a2289ad2f532 b06a8ef406b64a53b92cc7175f827a1d ee04220336ac416da3ce6298b8609a20 - - 37f3b442b15a4d2c802eb8f99e1e291c 37f3b442b15a4d2c802eb8f99e1e291c] 199.204.45.57 "GET /v2.0/networks?id=c4b41547-6368-4b43-8f78-6022a18d0f4c HTTP/1.1" status: 200 len: 1004 time: 0.1190236
2026-06-27 10:11:32.495 10 INFO neutron.wsgi [req-fb4642e9-6cfc-4099-a33e-efc92df58aef req-d060cd56-a3d6-4927-ae65-585004d38aa4 b06a8ef406b64a53b92cc7175f827a1d ee04220336ac416da3ce6298b8609a20 - - 37f3b442b15a4d2c802eb8f99e1e291c 37f3b442b15a4d2c802eb8f99e1e291c] 199.204.45.57 "GET /v2.0/floatingips?fixed_ip_address=10.1.1.47&port_id=f4e26c7b-1652-429c-9323-796b77d807aa HTTP/1.1" status: 200 len: 217 time: 0.0231102
2026-06-27 10:11:32.536 10 INFO neutron.wsgi [req-fb4642e9-6cfc-4099-a33e-efc92df58aef req-ad985309-8c17-48f8-a89b-2e47678cca97 b06a8ef406b64a53b92cc7175f827a1d ee04220336ac416da3ce6298b8609a20 - - 37f3b442b15a4d2c802eb8f99e1e291c 37f3b442b15a4d2c802eb8f99e1e291c] 199.204.45.57 "GET /v2.0/subnets?id=76e80ed1-a5bb-47dd-a808-f2891b3321cb HTTP/1.1" status: 200 len: 853 time: 0.0361030
2026-06-27 10:11:32.560 10 INFO neutron.wsgi [req-fb4642e9-6cfc-4099-a33e-efc92df58aef req-a808c613-552d-4956-9939-5f9ae781d035 b06a8ef406b64a53b92cc7175f827a1d ee04220336ac416da3ce6298b8609a20 - - 37f3b442b15a4d2c802eb8f99e1e291c 37f3b442b15a4d2c802eb8f99e1e291c] 199.204.45.57 "GET /v2.0/ports?network_id=c4b41547-6368-4b43-8f78-6022a18d0f4c&device_owner=network%3Adhcp HTTP/1.1" status: 200 len: 210 time: 0.0192528
2026-06-27 10:11:32.574 9 INFO neutron.notifiers.nova [-] Nova event matching ['req-9faa77d3-3fe0-40dd-918c-5ef819295f09'] response: {'server_uuid': '2e0714d2-e80f-44f3-b411-4010acb5e0ed', 'name': 'network-vif-plugged', 'status': 'completed', 'tag': 'f4e26c7b-1652-429c-9323-796b77d807aa', 'code': 200}
2026-06-27 10:11:32.595 9 INFO neutron.wsgi [req-de5dac85-2d04-464b-9a9b-81ec7302f3db req-c796741d-3f0e-408b-a4e0-3f4f0a6b312f d7084b42becf4b599e8970dfec32f5a2 29cf855aa6fd4a9f9704eaa2a21cf674 - - default default] 10.0.0.87 "GET /v2.0/ports/f4e26c7b-1652-429c-9323-796b77d807aa HTTP/1.1" status: 200 len: 1454 time: 0.0622742
2026-06-27 10:11:32.622 10 INFO neutron.wsgi [req-fb4642e9-6cfc-4099-a33e-efc92df58aef req-71ab21f1-d4e3-4212-b0b0-68efc7aa26f7 b06a8ef406b64a53b92cc7175f827a1d ee04220336ac416da3ce6298b8609a20 - - 37f3b442b15a4d2c802eb8f99e1e291c 37f3b442b15a4d2c802eb8f99e1e291c] 199.204.45.57 "GET /v2.0/networks/c4b41547-6368-4b43-8f78-6022a18d0f4c?fields=segments HTTP/1.1" status: 200 len: 212 time: 0.0561316
2026-06-27 10:11:32.692 10 INFO neutron.wsgi [req-fb4642e9-6cfc-4099-a33e-efc92df58aef req-57d5238d-d7cf-47ab-a76b-b8ee5baa4be4 b06a8ef406b64a53b92cc7175f827a1d ee04220336ac416da3ce6298b8609a20 - - 37f3b442b15a4d2c802eb8f99e1e291c 37f3b442b15a4d2c802eb8f99e1e291c] 199.204.45.57 "GET /v2.0/networks/c4b41547-6368-4b43-8f78-6022a18d0f4c?fields=provider%3Aphysical_network&fields=provider%3Anetwork_type HTTP/1.1" status: 200 len: 277 time: 0.0606658
2026-06-27 10:11:32.821 9 INFO neutron.db.ovn_revision_numbers_db [None req-52e93dfb-9160-4bd6-86b2-6619b950589b - - - - - -] Successfully bumped revision number for resource f4e26c7b-1652-429c-9323-796b77d807aa (type: ports) to 4
2026-06-27 10:11:33.088 9 INFO neutron.db.ovn_revision_numbers_db [None req-fd985dba-6259-41a7-b1cd-67b1e9aa1254 d7084b42becf4b599e8970dfec32f5a2 29cf855aa6fd4a9f9704eaa2a21cf674 - - default default] Successfully bumped revision number for resource f4e26c7b-1652-429c-9323-796b77d807aa (type: ports) to 5
2026-06-27 10:11:33.100 9 INFO neutron.wsgi [None req-fd985dba-6259-41a7-b1cd-67b1e9aa1254 d7084b42becf4b599e8970dfec32f5a2 29cf855aa6fd4a9f9704eaa2a21cf674 - - default default] 199.204.45.57 "PUT /v2.0/ports/f4e26c7b-1652-429c-9323-796b77d807aa HTTP/1.1" status: 200 len: 1486 time: 0.4921360 /var/lib/openstack/lib/python3.10/site-packages/pycadf/identifier.py:71: UserWarning: Invalid uuid: neutron. To ensure interoperability, identifiers should be a valid uuid. warnings.warn(('Invalid uuid: %s. To ensure interoperability, '
2026-06-27 10:11:33.152 9 INFO neutron.wsgi [None req-74eb8cf5-0f46-4d88-8e86-3a22c765bd69 d7084b42becf4b599e8970dfec32f5a2 29cf855aa6fd4a9f9704eaa2a21cf674 - - default default] 199.204.45.57 "GET /v2.0/security-groups?name=lb-d1207c78-c298-4a8d-af28-8f4e92acd158 HTTP/1.1" status: 200 len: 1775 time: 0.0424192
2026-06-27 10:11:33.594 9 INFO neutron.db.ovn_revision_numbers_db [None req-615f0a32-6794-4103-94e7-e9b80532b560 d7084b42becf4b599e8970dfec32f5a2 29cf855aa6fd4a9f9704eaa2a21cf674 - - default default] Successfully bumped revision number for resource f4e26c7b-1652-429c-9323-796b77d807aa (type: ports) to 6
2026-06-27 10:11:33.605 9 INFO neutron.wsgi [None req-615f0a32-6794-4103-94e7-e9b80532b560 d7084b42becf4b599e8970dfec32f5a2 29cf855aa6fd4a9f9704eaa2a21cf674 - - default default] 199.204.45.57 "PUT /v2.0/ports/f4e26c7b-1652-429c-9323-796b77d807aa HTTP/1.1" status: 200 len: 1486 time: 0.4468582 /var/lib/openstack/lib/python3.10/site-packages/pycadf/identifier.py:71: UserWarning: Invalid uuid: neutron. To ensure interoperability, identifiers should be a valid uuid. warnings.warn(('Invalid uuid: %s. To ensure interoperability, '
2026-06-27 10:11:33.692 9 INFO neutron.wsgi [None req-8f54fe89-de12-4192-8279-d601fb73af50 d7084b42becf4b599e8970dfec32f5a2 29cf855aa6fd4a9f9704eaa2a21cf674 - - default default] 199.204.45.57 "GET /v2.0/extensions/security-group HTTP/1.1" status: 200 len: 369 time: 0.0074599
2026-06-27 10:11:33.701 9 INFO neutron.wsgi [None req-95cc662f-633c-46c9-965f-151768d58a13 d7084b42becf4b599e8970dfec32f5a2 29cf855aa6fd4a9f9704eaa2a21cf674 - - default default] 199.204.45.57 "GET /v2.0/extensions/dns-integration HTTP/1.1" status: 200 len: 371 time: 0.0050030
2026-06-27 10:11:33.711 9 INFO neutron.wsgi [None req-cc7d2747-dee2-446c-841b-8c102b241073 d7084b42becf4b599e8970dfec32f5a2 29cf855aa6fd4a9f9704eaa2a21cf674 - - default default] 199.204.45.57 "GET /v2.0/extensions/qos HTTP/1.1" status: 200 len: 365 time: 0.0045044
2026-06-27 10:11:33.724 9 INFO neutron.wsgi [None req-bf6583f5-14ad-4ad2-87e6-fca378f24ada d7084b42becf4b599e8970dfec32f5a2 29cf855aa6fd4a9f9704eaa2a21cf674 - - default default] 199.204.45.57 "GET /v2.0/extensions/allowed-address-pairs HTTP/1.1" status: 200 len: 383 time: 0.0094507
2026-06-27 10:11:33.775 9 INFO neutron.wsgi [None req-7d32c59f-edfa-47f5-9e1c-e882dfb72ffc d7084b42becf4b599e8970dfec32f5a2 29cf855aa6fd4a9f9704eaa2a21cf674 - - default default] 199.204.45.57 "GET /v2.0/subnets/76e80ed1-a5bb-47dd-a808-f2891b3321cb HTTP/1.1" status: 200 len: 850 time: 0.0450506
2026-06-27 10:11:33.810 9 INFO neutron.wsgi [None req-97b94eb5-9ac2-4cf6-8d1e-7d8cd25fe5bd d7084b42becf4b599e8970dfec32f5a2 29cf855aa6fd4a9f9704eaa2a21cf674 - - default default] 199.204.45.57 "GET /v2.0/ports/a3f39a67-e896-4f11-ba17-81ec3ee1bd32 HTTP/1.1" status: 200 len: 1328 time: 0.0298758
2026-06-27 10:11:33.851 9 INFO neutron.wsgi [None req-6e398710-9d9b-48c1-b150-9a32a167a581 d7084b42becf4b599e8970dfec32f5a2 29cf855aa6fd4a9f9704eaa2a21cf674 - - default default] 199.204.45.57 "GET /v2.0/ports/f4e26c7b-1652-429c-9323-796b77d807aa HTTP/1.1" status: 200 len: 1514 time: 0.0329528
2026-06-27 10:11:33.892 9 INFO neutron.wsgi [None req-d1f8512c-dc97-4376-9c1d-6e15ec964cbe d7084b42becf4b599e8970dfec32f5a2 29cf855aa6fd4a9f9704eaa2a21cf674 - - default default] 199.204.45.57 "GET /v2.0/subnets/76e80ed1-a5bb-47dd-a808-f2891b3321cb HTTP/1.1" status: 200 len: 850 time: 0.0354474
2026-06-27 10:11:33.966 9 INFO neutron.wsgi [None req-64d3cc62-983a-4cc2-badc-253fa2ada056 d7084b42becf4b599e8970dfec32f5a2 29cf855aa6fd4a9f9704eaa2a21cf674 - - default default] 199.204.45.57 "GET /v2.0/networks/c4b41547-6368-4b43-8f78-6022a18d0f4c HTTP/1.1" status: 200 len: 1001 time: 0.0683384
2026-06-27 10:11:34.001 9 INFO neutron.wsgi [None req-94bccad7-3cba-4554-aebc-4bff0753b657 d7084b42becf4b599e8970dfec32f5a2 29cf855aa6fd4a9f9704eaa2a21cf674 - - default default] 199.204.45.57 "GET /v2.0/ports/a3f39a67-e896-4f11-ba17-81ec3ee1bd32 HTTP/1.1" status: 200 len: 1328 time: 0.0279450
2026-06-27 10:11:34.037 9 INFO neutron.wsgi [None req-baa22306-31a6-4ceb-a773-5b97afa8dc76 d7084b42becf4b599e8970dfec32f5a2 29cf855aa6fd4a9f9704eaa2a21cf674 - - default default] 199.204.45.57 "GET /v2.0/subnets/76e80ed1-a5bb-47dd-a808-f2891b3321cb HTTP/1.1" status: 200 len: 850 time: 0.0301826
2026-06-27 10:11:34.621 9 INFO neutron.notifiers.nova [-] Nova event matching ['req-325a0ef5-3467-4e73-a34d-12146ac713a0'] response: {'server_uuid': '2e0714d2-e80f-44f3-b411-4010acb5e0ed', 'name': 'network-vif-plugged', 'status': 'completed', 'tag': 'f4e26c7b-1652-429c-9323-796b77d807aa', 'code': 200}
2026-06-27 10:11:34.622 9 INFO neutron.notifiers.nova [-] Nova event matching ['req-325a0ef5-3467-4e73-a34d-12146ac713a0'] response: {'name': 'network-changed', 'server_uuid': '2e0714d2-e80f-44f3-b411-4010acb5e0ed', 'tag': 'f4e26c7b-1652-429c-9323-796b77d807aa', 'status': 'completed', 'code': 200}
2026-06-27 10:11:34.625 9 INFO neutron.notifiers.nova [-] Nova event matching ['req-325a0ef5-3467-4e73-a34d-12146ac713a0'] response: {'name': 'network-changed', 'server_uuid': '2e0714d2-e80f-44f3-b411-4010acb5e0ed', 'tag': 'f4e26c7b-1652-429c-9323-796b77d807aa', 'status': 'completed', 'code': 200}
2026-06-27 10:11:34.703 10 INFO neutron.wsgi [req-a73f57ae-3b38-4549-92f7-b606148914f8 req-a5543743-505a-4d10-872b-e96f7f257569 b06a8ef406b64a53b92cc7175f827a1d ee04220336ac416da3ce6298b8609a20 - - 37f3b442b15a4d2c802eb8f99e1e291c 37f3b442b15a4d2c802eb8f99e1e291c] 199.204.45.57 "GET /v2.0/ports?tenant_id=29cf855aa6fd4a9f9704eaa2a21cf674&device_id=2e0714d2-e80f-44f3-b411-4010acb5e0ed HTTP/1.1" status: 200 len: 2719 time: 0.0495803
2026-06-27 10:11:34.765 10 INFO neutron.wsgi [req-a73f57ae-3b38-4549-92f7-b606148914f8 req-f03508fc-e3f2-48be-b44b-c992dc4bca9b b06a8ef406b64a53b92cc7175f827a1d ee04220336ac416da3ce6298b8609a20 - - 37f3b442b15a4d2c802eb8f99e1e291c 37f3b442b15a4d2c802eb8f99e1e291c] 199.204.45.57 "GET /v2.0/networks?id=c4b41547-6368-4b43-8f78-6022a18d0f4c HTTP/1.1" status: 200 len: 1004 time: 0.0566134
2026-06-27 10:11:34.801 10 INFO neutron.wsgi [req-a73f57ae-3b38-4549-92f7-b606148914f8 req-69214cf3-668b-4a43-ada9-80bfcd476244 b06a8ef406b64a53b92cc7175f827a1d ee04220336ac416da3ce6298b8609a20 - - 37f3b442b15a4d2c802eb8f99e1e291c 37f3b442b15a4d2c802eb8f99e1e291c] 199.204.45.57 "GET /v2.0/floatingips?fixed_ip_address=10.1.1.47&port_id=f4e26c7b-1652-429c-9323-796b77d807aa HTTP/1.1" status: 200 len: 217 time: 0.0283911
2026-06-27 10:11:34.857 10 INFO neutron.wsgi [req-a73f57ae-3b38-4549-92f7-b606148914f8 req-c9307175-8782-4ae3-a15e-c813ba6e95a6 b06a8ef406b64a53b92cc7175f827a1d ee04220336ac416da3ce6298b8609a20 - - 37f3b442b15a4d2c802eb8f99e1e291c 37f3b442b15a4d2c802eb8f99e1e291c] 199.204.45.57 "GET /v2.0/subnets?id=76e80ed1-a5bb-47dd-a808-f2891b3321cb HTTP/1.1" status: 200 len: 853 time: 0.0491776
2026-06-27 10:11:34.887 10 INFO neutron.wsgi [req-a73f57ae-3b38-4549-92f7-b606148914f8 req-04d435ba-ec47-4474-9d9c-f33e6faffbf9 b06a8ef406b64a53b92cc7175f827a1d ee04220336ac416da3ce6298b8609a20 - - 37f3b442b15a4d2c802eb8f99e1e291c 37f3b442b15a4d2c802eb8f99e1e291c] 199.204.45.57 "GET /v2.0/ports?network_id=c4b41547-6368-4b43-8f78-6022a18d0f4c&device_owner=network%3Adhcp HTTP/1.1" status: 200 len: 210 time: 0.0234523
2026-06-27 10:11:34.966 10 INFO neutron.wsgi [req-a73f57ae-3b38-4549-92f7-b606148914f8 req-b8dbab39-3def-456d-b8d9-5dbc2337a1a4 b06a8ef406b64a53b92cc7175f827a1d ee04220336ac416da3ce6298b8609a20 - - 37f3b442b15a4d2c802eb8f99e1e291c 37f3b442b15a4d2c802eb8f99e1e291c] 199.204.45.57 "GET /v2.0/networks/c4b41547-6368-4b43-8f78-6022a18d0f4c?fields=segments HTTP/1.1" status: 200 len: 212 time: 0.0723610
2026-06-27 10:11:35.038 10 INFO neutron.wsgi [req-a73f57ae-3b38-4549-92f7-b606148914f8 req-5c33ae38-195b-454b-8e53-1401b7276905 b06a8ef406b64a53b92cc7175f827a1d ee04220336ac416da3ce6298b8609a20 - - 37f3b442b15a4d2c802eb8f99e1e291c 37f3b442b15a4d2c802eb8f99e1e291c] 199.204.45.57 "GET /v2.0/networks/c4b41547-6368-4b43-8f78-6022a18d0f4c?fields=provider%3Aphysical_network&fields=provider%3Anetwork_type HTTP/1.1" status: 200 len: 277 time: 0.0663023
2026-06-27 10:11:35.124 10 INFO neutron.wsgi [req-a73f57ae-3b38-4549-92f7-b606148914f8 req-1feb622b-373e-462c-8b06-d8397e77fe2f b06a8ef406b64a53b92cc7175f827a1d ee04220336ac416da3ce6298b8609a20 - - 37f3b442b15a4d2c802eb8f99e1e291c 37f3b442b15a4d2c802eb8f99e1e291c] 199.204.45.57 "GET /v2.0/ports?tenant_id=29cf855aa6fd4a9f9704eaa2a21cf674&device_id=2e0714d2-e80f-44f3-b411-4010acb5e0ed HTTP/1.1" status: 200 len: 2719 time: 0.0390773
2026-06-27 10:11:35.196 10 INFO neutron.wsgi [req-a73f57ae-3b38-4549-92f7-b606148914f8 req-341b18f2-a318-4fe3-b799-f35a433331f9 b06a8ef406b64a53b92cc7175f827a1d ee04220336ac416da3ce6298b8609a20 - - 37f3b442b15a4d2c802eb8f99e1e291c 37f3b442b15a4d2c802eb8f99e1e291c] 199.204.45.57 "GET /v2.0/networks?id=c4b41547-6368-4b43-8f78-6022a18d0f4c HTTP/1.1" status: 200 len: 1004 time: 0.0649054
2026-06-27 10:11:35.228 10 INFO neutron.wsgi [req-a73f57ae-3b38-4549-92f7-b606148914f8 req-1d42141a-3900-4306-8eab-b07c3e0f564a b06a8ef406b64a53b92cc7175f827a1d ee04220336ac416da3ce6298b8609a20 - - 37f3b442b15a4d2c802eb8f99e1e291c 37f3b442b15a4d2c802eb8f99e1e291c] 199.204.45.57 "GET /v2.0/floatingips?fixed_ip_address=10.1.1.47&port_id=f4e26c7b-1652-429c-9323-796b77d807aa HTTP/1.1" status: 200 len: 217 time: 0.0244989
2026-06-27 10:11:35.270 10 INFO neutron.wsgi [req-a73f57ae-3b38-4549-92f7-b606148914f8 req-e10599cc-4161-4a2a-960f-cebb951693f2 b06a8ef406b64a53b92cc7175f827a1d ee04220336ac416da3ce6298b8609a20 - - 37f3b442b15a4d2c802eb8f99e1e291c 37f3b442b15a4d2c802eb8f99e1e291c] 199.204.45.57 "GET /v2.0/subnets?id=76e80ed1-a5bb-47dd-a808-f2891b3321cb HTTP/1.1" status: 200 len: 853 time: 0.0345399
2026-06-27 10:11:35.293 10 INFO neutron.wsgi [req-a73f57ae-3b38-4549-92f7-b606148914f8 req-50036e5d-460b-418a-a1a4-118f426c5995 b06a8ef406b64a53b92cc7175f827a1d ee04220336ac416da3ce6298b8609a20 - - 37f3b442b15a4d2c802eb8f99e1e291c 37f3b442b15a4d2c802eb8f99e1e291c] 199.204.45.57 "GET /v2.0/ports?network_id=c4b41547-6368-4b43-8f78-6022a18d0f4c&device_owner=network%3Adhcp HTTP/1.1" status: 200 len: 210 time: 0.0161507
2026-06-27 10:11:35.393 10 INFO neutron.wsgi [req-a73f57ae-3b38-4549-92f7-b606148914f8 req-a9073a31-561a-4b30-9efa-4749412cb068 b06a8ef406b64a53b92cc7175f827a1d ee04220336ac416da3ce6298b8609a20 - - 37f3b442b15a4d2c802eb8f99e1e291c 37f3b442b15a4d2c802eb8f99e1e291c] 199.204.45.57 "GET /v2.0/networks/c4b41547-6368-4b43-8f78-6022a18d0f4c?fields=segments HTTP/1.1" status: 200 len: 212 time: 0.0913484
2026-06-27 10:11:35.467 10 INFO neutron.wsgi [req-a73f57ae-3b38-4549-92f7-b606148914f8 req-48e73379-d224-4cc1-9614-031bb6fad197 b06a8ef406b64a53b92cc7175f827a1d ee04220336ac416da3ce6298b8609a20 - - 37f3b442b15a4d2c802eb8f99e1e291c 37f3b442b15a4d2c802eb8f99e1e291c] 199.204.45.57 "GET /v2.0/networks/c4b41547-6368-4b43-8f78-6022a18d0f4c?fields=provider%3Aphysical_network&fields=provider%3Anetwork_type HTTP/1.1" status: 200 len: 277 time: 0.0665104
2026-06-27 10:11:35.624 10 INFO neutron.db.ovn_revision_numbers_db [None req-3088edc3-09a3-43a2-aa28-026a859d3fc8 de51356bf67e4b09b79e782f1c59377f 507b5165b88246cbbb322df802b2b32f - - default default] Successfully bumped revision number for resource 89492e25-e67c-4788-b5b1-9512f94b017c (type: security_groups) to 1
2026-06-27 10:11:35.637 10 INFO neutron.db.ovn_revision_numbers_db [None req-3088edc3-09a3-43a2-aa28-026a859d3fc8 de51356bf67e4b09b79e782f1c59377f 507b5165b88246cbbb322df802b2b32f - - default default] Successfully bumped revision number for resource 355c9ce4-7a04-4b35-a68c-19b85636bcb9 (type: security_group_rules) to 0
2026-06-27 10:11:35.651 10 INFO neutron.db.ovn_revision_numbers_db [None req-3088edc3-09a3-43a2-aa28-026a859d3fc8 de51356bf67e4b09b79e782f1c59377f 507b5165b88246cbbb322df802b2b32f - - default default] Successfully bumped revision number for resource a74aa3ff-9f31-4c59-bc8f-d15c30fd6178 (type: security_group_rules) to 0
2026-06-27 10:11:35.669 10 INFO neutron.db.ovn_revision_numbers_db [None req-3088edc3-09a3-43a2-aa28-026a859d3fc8 de51356bf67e4b09b79e782f1c59377f 507b5165b88246cbbb322df802b2b32f - - default default] Successfully bumped revision number for resource b2884b09-cc30-4f25-9cf6-0a18e072ca7e (type: security_group_rules) to 0
2026-06-27 10:11:35.690 10 INFO neutron.db.ovn_revision_numbers_db [None req-3088edc3-09a3-43a2-aa28-026a859d3fc8 de51356bf67e4b09b79e782f1c59377f 507b5165b88246cbbb322df802b2b32f - - default default] Successfully bumped revision number for resource e6cdc745-a6f5-43f7-a57b-e33dff6d764b (type: security_group_rules) to 0
2026-06-27 10:11:35.766 10 INFO neutron.db.ovn_revision_numbers_db [None req-3088edc3-09a3-43a2-aa28-026a859d3fc8 de51356bf67e4b09b79e782f1c59377f 507b5165b88246cbbb322df802b2b32f - - default default] Successfully bumped revision number for resource 3e72c54f-5ab9-4831-8b6e-b05b0a3f293f (type: security_groups) to 1
2026-06-27 10:11:35.781 10 INFO neutron.db.ovn_revision_numbers_db [None req-3088edc3-09a3-43a2-aa28-026a859d3fc8 de51356bf67e4b09b79e782f1c59377f 507b5165b88246cbbb322df802b2b32f - - default default] Successfully bumped revision number for resource 3ea1db35-c41e-4417-81b9-f864c5c2e191 (type: security_group_rules) to 0
2026-06-27 10:11:35.794 10 INFO neutron.db.ovn_revision_numbers_db [None req-3088edc3-09a3-43a2-aa28-026a859d3fc8 de51356bf67e4b09b79e782f1c59377f 507b5165b88246cbbb322df802b2b32f - - default default] Successfully bumped revision number for resource b708f540-75d4-40bb-a23b-53b66b34d0f1 (type: security_group_rules) to 0
2026-06-27 10:11:35.816 10 INFO neutron.wsgi [None req-3088edc3-09a3-43a2-aa28-026a859d3fc8 de51356bf67e4b09b79e782f1c59377f 507b5165b88246cbbb322df802b2b32f - - default default] 10.0.0.56 "POST /v2.0/security-groups HTTP/1.1" status: 201 len: 1737 time: 0.5443978
2026-06-27 10:11:35.860 10 INFO neutron.wsgi [None req-b5f05654-2f74-4a9b-91f4-70e9d5446aad de51356bf67e4b09b79e782f1c59377f 507b5165b88246cbbb322df802b2b32f - - default default] 10.0.0.56 "PUT /v2.0/security-groups/3e72c54f-5ab9-4831-8b6e-b05b0a3f293f/tags HTTP/1.1" status: 200 len: 218 time: 0.0346777
2026-06-27 10:11:35.888 10 INFO neutron.wsgi [None req-81fa72c6-03d1-4e5d-9a66-00b4e3c9a170 de51356bf67e4b09b79e782f1c59377f 507b5165b88246cbbb322df802b2b32f - - default default] 10.0.0.56 "GET /v2.0/security-groups/3e72c54f-5ab9-4831-8b6e-b05b0a3f293f/tags HTTP/1.1" status: 200 len: 218 time: 0.0225804
2026-06-27 10:11:35.928 10 INFO neutron.wsgi [None req-6f1daf77-adc8-459c-a38c-aa62ddf55b8f de51356bf67e4b09b79e782f1c59377f 507b5165b88246cbbb322df802b2b32f - - default default] 10.0.0.56 "PUT /v2.0/security-groups/3e72c54f-5ab9-4831-8b6e-b05b0a3f293f/tags/green HTTP/1.1" status: 201 len: 201 time: 0.0352843
2026-06-27 10:11:35.958 10 INFO neutron.wsgi [None req-35f85c0d-98eb-49e9-a433-512cbd045201 de51356bf67e4b09b79e782f1c59377f 507b5165b88246cbbb322df802b2b32f - - default default] 10.0.0.56 "GET /v2.0/security-groups/3e72c54f-5ab9-4831-8b6e-b05b0a3f293f/tags HTTP/1.1" status: 200 len: 227 time: 0.0257509
2026-06-27 10:11:35.986 10 INFO neutron.wsgi [None req-66126ad0-2d47-4ea6-a2c3-77b533836898 de51356bf67e4b09b79e782f1c59377f 507b5165b88246cbbb322df802b2b32f - - default default] 10.0.0.56 "PUT /v2.0/security-groups/3e72c54f-5ab9-4831-8b6e-b05b0a3f293f/tags/red HTTP/1.1" status: 201 len: 201 time: 0.0244913
2026-06-27 10:11:36.010 10 INFO neutron.wsgi [None req-726a6562-bcf0-4b2e-b075-2b042374a059 de51356bf67e4b09b79e782f1c59377f 507b5165b88246cbbb322df802b2b32f - - default default] 10.0.0.56 "GET /v2.0/security-groups/3e72c54f-5ab9-4831-8b6e-b05b0a3f293f/tags HTTP/1.1" status: 200 len: 227 time: 0.0195203
2026-06-27 10:11:36.046 10 INFO neutron.wsgi [None req-3dc02e01-470d-42f3-b9b9-5ded0455cd3b de51356bf67e4b09b79e782f1c59377f 507b5165b88246cbbb322df802b2b32f - - default default] 10.0.0.56 "PUT /v2.0/security-groups/3e72c54f-5ab9-4831-8b6e-b05b0a3f293f/tags/black.or.white HTTP/1.1" status: 201 len: 201 time: 0.0323999
2026-06-27 10:11:36.075 9 INFO neutron.wsgi [None req-7c498e88-bd69-4e8b-bd07-add3b2e861a9 de51356bf67e4b09b79e782f1c59377f 507b5165b88246cbbb322df802b2b32f - - default default] 10.0.0.56 "GET /v2.0/security-groups/3e72c54f-5ab9-4831-8b6e-b05b0a3f293f/tags HTTP/1.1" status: 200 len: 245 time: 0.0235720
2026-06-27 10:11:36.115 9 INFO neutron.wsgi [None req-1e5881fd-2622-42d4-8378-8d508253e48f de51356bf67e4b09b79e782f1c59377f 507b5165b88246cbbb322df802b2b32f - - default default] 10.0.0.56 "PUT /v2.0/security-groups/3e72c54f-5ab9-4831-8b6e-b05b0a3f293f/tags HTTP/1.1" status: 200 len: 230 time: 0.0350149
2026-06-27 10:11:36.138 9 INFO neutron.wsgi [None req-57c55b94-e28e-4a36-bfde-ae7f49bc3d1a de51356bf67e4b09b79e782f1c59377f 507b5165b88246cbbb322df802b2b32f - - default default] 10.0.0.56 "GET /v2.0/security-groups/3e72c54f-5ab9-4831-8b6e-b05b0a3f293f/tags HTTP/1.1" status: 200 len: 230 time: 0.0192845
2026-06-27 10:11:36.161 9 INFO neutron.wsgi [None req-e22fda39-764a-41ed-a8d3-17b191d99189 de51356bf67e4b09b79e782f1c59377f 507b5165b88246cbbb322df802b2b32f - - default default] 10.0.0.56 "GET /v2.0/security-groups/3e72c54f-5ab9-4831-8b6e-b05b0a3f293f/tags/red HTTP/1.1" status: 204 len: 168 time: 0.0193737
2026-06-27 10:11:36.194 9 INFO neutron.api.v2.resource [None req-e4551e8c-2a49-417c-b3bf-302b5881eaa0 de51356bf67e4b09b79e782f1c59377f 507b5165b88246cbbb322df802b2b32f - - default default] show failed (client error): The resource could not be found.
2026-06-27 10:11:36.196 9 INFO neutron.wsgi [None req-e4551e8c-2a49-417c-b3bf-302b5881eaa0 de51356bf67e4b09b79e782f1c59377f 507b5165b88246cbbb322df802b2b32f - - default default] 10.0.0.56 "GET /v2.0/security-groups/3e72c54f-5ab9-4831-8b6e-b05b0a3f293f/tags/green HTTP/1.1" status: 404 len: 299 time: 0.0261323
2026-06-27 10:11:36.296 10 INFO neutron.wsgi [None req-846f0f3a-9ccf-44b3-b174-e8635538045b de51356bf67e4b09b79e782f1c59377f 507b5165b88246cbbb322df802b2b32f - - default default] 10.0.0.56 "DELETE /v2.0/security-groups/3e72c54f-5ab9-4831-8b6e-b05b0a3f293f/tags/red HTTP/1.1" status: 204 len: 168 time: 0.0933034
2026-06-27 10:11:36.336 9 INFO neutron.wsgi [None req-0e35ff7f-cd7e-4c81-9aee-f05b60fe4788 de51356bf67e4b09b79e782f1c59377f 507b5165b88246cbbb322df802b2b32f - - default default] 10.0.0.56 "GET /v2.0/security-groups/3e72c54f-5ab9-4831-8b6e-b05b0a3f293f/tags HTTP/1.1" status: 200 len: 223 time: 0.0333891
2026-06-27 10:11:36.391 9 INFO neutron.api.v2.resource [None req-207dba68-4610-4e9c-b978-ecc3435fec12 de51356bf67e4b09b79e782f1c59377f 507b5165b88246cbbb322df802b2b32f - - default default] delete failed (client error): The resource could not be found.
2026-06-27 10:11:36.394 9 INFO neutron.wsgi [None req-207dba68-4610-4e9c-b978-ecc3435fec12 de51356bf67e4b09b79e782f1c59377f 507b5165b88246cbbb322df802b2b32f - - default default] 10.0.0.56 "DELETE /v2.0/security-groups/3e72c54f-5ab9-4831-8b6e-b05b0a3f293f/tags/green HTTP/1.1" status: 404 len: 299 time: 0.0528455
2026-06-27 10:11:36.437 9 INFO neutron.wsgi [None req-df531535-bb5e-4ef2-9557-e450d89f1d98 de51356bf67e4b09b79e782f1c59377f 507b5165b88246cbbb322df802b2b32f - - default default] 10.0.0.56 "DELETE /v2.0/security-groups/3e72c54f-5ab9-4831-8b6e-b05b0a3f293f/tags HTTP/1.1" status: 204 len: 168 time: 0.0382795
2026-06-27 10:11:36.473 9 INFO neutron.wsgi [None req-507cac8c-1713-4f66-a604-029c8cbdbd0f de51356bf67e4b09b79e782f1c59377f 507b5165b88246cbbb322df802b2b32f - - default default] 10.0.0.56 "GET /v2.0/security-groups/3e72c54f-5ab9-4831-8b6e-b05b0a3f293f/tags HTTP/1.1" status: 200 len: 205 time: 0.0314481
2026-06-27 10:11:36.615 9 INFO neutron.wsgi [None req-493876d8-e373-445a-9805-d588f51f7fa7 de51356bf67e4b09b79e782f1c59377f 507b5165b88246cbbb322df802b2b32f - - default default] 10.0.0.56 "DELETE /v2.0/security-groups/3e72c54f-5ab9-4831-8b6e-b05b0a3f293f HTTP/1.1" status: 204 len: 168 time: 0.1362638
2026-06-27 10:11:37.504 9 INFO neutron.wsgi [None req-79ebcaec-6995-49ff-91ea-9e124709db33 d7084b42becf4b599e8970dfec32f5a2 29cf855aa6fd4a9f9704eaa2a21cf674 - - default default] 10.0.0.56 "GET /v2.0/security-groups?tenant_id=507b5165b88246cbbb322df802b2b32f&name=default HTTP/1.1" status: 200 len: 2996 time: 0.1985843
2026-06-27 10:11:37.599 9 INFO neutron.wsgi [req-39f7dc46-9532-4701-93dd-d8231ccf02b8 req-da910425-6ff4-47d1-a005-f7e7d292aa4e 807996b0f49a409f84cd1d7979fc7b51 ed8e1eaa468e4af58b531cc50344b9ea - - default default] 10.0.0.87 "GET /v2.0/ports?device_id=c239b610-7406-4f9f-9565-2b4036ec6333 HTTP/1.1" status: 200 len: 1214 time: 0.1152704
2026-06-27 10:11:37.657 9 INFO neutron.wsgi [req-39f7dc46-9532-4701-93dd-d8231ccf02b8 req-bf0eef12-0c33-4ade-b4f9-0e08c58a609a 807996b0f49a409f84cd1d7979fc7b51 ed8e1eaa468e4af58b531cc50344b9ea - - default default] 10.0.0.87 "GET /v2.0/security-groups?id=8eb1a1ba-778f-4585-bb95-ca718434431f&id=b46f3cdf-05c3-43d9-9943-80e010431cbf&fields=id&fields=name HTTP/1.1" status: 200 len: 406 time: 0.0490055
2026-06-27 10:11:37.721 10 INFO neutron.wsgi [None req-3296b082-538a-4c1e-8c68-703bee65efea d7084b42becf4b599e8970dfec32f5a2 29cf855aa6fd4a9f9704eaa2a21cf674 - - default default] 10.0.0.56 "DELETE /v2.0/security-groups/89492e25-e67c-4788-b5b1-9512f94b017c HTTP/1.1" status: 204 len: 168 time: 0.2082810
2026-06-27 10:11:37.875 10 INFO neutron.wsgi [None req-b9a08426-2453-4dd0-bfd2-6a86d2b3e483 c66def7b113a4069959abf3b17cc3917 26f73f0283f4431bbfa5e942e2333e82 - - default default] 10.0.0.56 "GET /v2.0/ports?device_id=c239b610-7406-4f9f-9565-2b4036ec6333 HTTP/1.1" status: 200 len: 1447 time: 0.1878572
2026-06-27 10:11:37.939 9 INFO neutron.wsgi [None req-80276e01-6fc9-46e1-bd00-0ae960f5b5d0 807996b0f49a409f84cd1d7979fc7b51 ed8e1eaa468e4af58b531cc50344b9ea - - default default] 10.0.0.56 "GET /v2.0/floatingips?floating_network_id=1ddad0f5-ab54-474a-af7f-1e97fdf84420&port_id=3e12cd52-e915-456e-ae7a-0440baf19e03 HTTP/1.1" status: 200 len: 1055 time: 0.0584185
2026-06-27 10:11:37.943 10 INFO neutron.db.ovn_revision_numbers_db [None req-b925b749-34c0-47b0-abad-bf0172147e89 d7084b42becf4b599e8970dfec32f5a2 29cf855aa6fd4a9f9704eaa2a21cf674 - - default default] Successfully bumped revision number for resource 8c86e7e6-f66a-415b-8679-6f302978c68b (type: security_groups) to 1
2026-06-27 10:11:37.957 10 INFO neutron.db.ovn_revision_numbers_db [None req-b925b749-34c0-47b0-abad-bf0172147e89 d7084b42becf4b599e8970dfec32f5a2 29cf855aa6fd4a9f9704eaa2a21cf674 - - default default] Successfully bumped revision number for resource 47282b2c-9b93-4d00-a81b-8697716c5d34 (type: security_group_rules) to 0
2026-06-27 10:11:37.972 10 INFO neutron.db.ovn_revision_numbers_db [None req-b925b749-34c0-47b0-abad-bf0172147e89 d7084b42becf4b599e8970dfec32f5a2 29cf855aa6fd4a9f9704eaa2a21cf674 - - default default] Successfully bumped revision number for resource c2e7811f-bd9a-4cae-865f-77d3c28c2858 (type: security_group_rules) to 0
2026-06-27 10:11:37.986 10 INFO neutron.db.ovn_revision_numbers_db [None req-b925b749-34c0-47b0-abad-bf0172147e89 d7084b42becf4b599e8970dfec32f5a2 29cf855aa6fd4a9f9704eaa2a21cf674 - - default default] Successfully bumped revision number for resource d2418f96-ae47-41e7-881f-8f6b19143e61 (type: security_group_rules) to 0
2026-06-27 10:11:38.001 10 INFO neutron.db.ovn_revision_numbers_db [None req-b925b749-34c0-47b0-abad-bf0172147e89 d7084b42becf4b599e8970dfec32f5a2 29cf855aa6fd4a9f9704eaa2a21cf674 - - default default] Successfully bumped revision number for resource f735370d-aa54-4e0c-9e6d-4ae285d9874e (type: security_group_rules) to 0
2026-06-27 10:11:38.023 10 INFO neutron.wsgi [None req-b925b749-34c0-47b0-abad-bf0172147e89 d7084b42becf4b599e8970dfec32f5a2 29cf855aa6fd4a9f9704eaa2a21cf674 - - default default] 10.0.0.56 "GET /v2.0/security-groups?tenant_id=d9cba1d1561544658a34f6038af6f6b2&name=default HTTP/1.1" status: 200 len: 2999 time: 0.2114651
2026-06-27 10:11:38.217 9 INFO neutron.wsgi [req-40482de3-c396-4d55-a912-1a62cf76727f req-f8539145-6b07-45f7-bb41-47e8c889c47a b06a8ef406b64a53b92cc7175f827a1d ee04220336ac416da3ce6298b8609a20 - - 37f3b442b15a4d2c802eb8f99e1e291c 37f3b442b15a4d2c802eb8f99e1e291c] 10.0.0.236 "GET /v2.0/ports?device_id=c239b610-7406-4f9f-9565-2b4036ec6333 HTTP/1.1" status: 200 len: 1452 time: 0.0420718
2026-06-27 10:11:38.273 10 INFO neutron.wsgi [None req-33f12e1a-0f7c-4dab-bece-3e7e3cd7f059 d7084b42becf4b599e8970dfec32f5a2 29cf855aa6fd4a9f9704eaa2a21cf674 - - default default] 10.0.0.56 "DELETE /v2.0/security-groups/8c86e7e6-f66a-415b-8679-6f302978c68b HTTP/1.1" status: 204 len: 168 time: 0.2434115
2026-06-27 10:11:38.539 9 INFO neutron.wsgi [req-40482de3-c396-4d55-a912-1a62cf76727f req-bec9897c-6579-462b-b338-ee48ac7eb627 b06a8ef406b64a53b92cc7175f827a1d ee04220336ac416da3ce6298b8609a20 - - 37f3b442b15a4d2c802eb8f99e1e291c 37f3b442b15a4d2c802eb8f99e1e291c] 10.0.0.236 "GET /v2.0/security-groups?id=8eb1a1ba-778f-4585-bb95-ca718434431f&id=b46f3cdf-05c3-43d9-9943-80e010431cbf&fields=id&fields=name HTTP/1.1" status: 200 len: 406 time: 0.3129780
2026-06-27 10:11:38.792 10 WARNING neutron.scheduler.dhcp_agent_scheduler [None req-40c4908b-0dee-481f-a34e-8eedeadbacd0 dfb440b915ca4f7bbbfb5006eca8a0ae 9a00310324314d5e918076dd2c3fd0e0 - - default default] No more DHCP agents
2026-06-27 10:11:38.796 10 WARNING neutron.api.rpc.agentnotifiers.dhcp_rpc_agent_api [None req-40c4908b-0dee-481f-a34e-8eedeadbacd0 dfb440b915ca4f7bbbfb5006eca8a0ae 9a00310324314d5e918076dd2c3fd0e0 - - default default] Unable to schedule network 1ddad0f5-ab54-474a-af7f-1e97fdf84420: no agents available; will retry on subsequent port and subnet creation events.
2026-06-27 10:11:39.242 10 INFO neutron.db.l3_db [None req-40c4908b-0dee-481f-a34e-8eedeadbacd0 dfb440b915ca4f7bbbfb5006eca8a0ae 9a00310324314d5e918076dd2c3fd0e0 - - default default] Floating IP 463fa047-cd6b-45e2-8c82-b6ea643627dc associated. External IP: 10.96.250.207, port: a3f39a67-e896-4f11-ba17-81ec3ee1bd32.
2026-06-27 10:11:39.455 10 INFO neutron.db.ovn_revision_numbers_db [None req-40c4908b-0dee-481f-a34e-8eedeadbacd0 dfb440b915ca4f7bbbfb5006eca8a0ae 9a00310324314d5e918076dd2c3fd0e0 - - default default] Successfully bumped revision number for resource 463fa047-cd6b-45e2-8c82-b6ea643627dc (type: floatingips) to 0
2026-06-27 10:11:39.584 10 INFO neutron.db.ovn_revision_numbers_db [None req-40c4908b-0dee-481f-a34e-8eedeadbacd0 dfb440b915ca4f7bbbfb5006eca8a0ae 9a00310324314d5e918076dd2c3fd0e0 - - default default] Successfully bumped revision number for resource 463fa047-cd6b-45e2-8c82-b6ea643627dc (type: floatingips) to 1
2026-06-27 10:11:39.621 10 INFO neutron.wsgi [None req-40c4908b-0dee-481f-a34e-8eedeadbacd0 dfb440b915ca4f7bbbfb5006eca8a0ae 9a00310324314d5e918076dd2c3fd0e0 - - default default] 10.0.0.56 "POST /v2.0/floatingips HTTP/1.1" status: 201 len: 1097 time: 1.1167550
2026-06-27 10:11:40.729 10 INFO neutron.plugins.ml2.drivers.ovn.mech_driver.mech_driver [None req-eee4468b-8da6-4f02-957f-82083b5051aa - - - - - -] OVN reports status down for port: 3e12cd52-e915-456e-ae7a-0440baf19e03
2026-06-27 10:11:40.785 10 INFO neutron.wsgi [req-cd7d39f9-4845-4b0f-92d1-b765332b857a req-3a43fe29-5d69-42c0-a779-3fab1b52c00e 807996b0f49a409f84cd1d7979fc7b51 ed8e1eaa468e4af58b531cc50344b9ea - - default default] 10.0.0.87 "GET /v2.0/ports?device_id=c239b610-7406-4f9f-9565-2b4036ec6333 HTTP/1.1" status: 200 len: 1214 time: 0.1261978
2026-06-27 10:11:40.875 10 INFO neutron.wsgi [req-cd7d39f9-4845-4b0f-92d1-b765332b857a req-3f702790-2da5-4079-a2e0-06a5e0054619 807996b0f49a409f84cd1d7979fc7b51 ed8e1eaa468e4af58b531cc50344b9ea - - default default] 10.0.0.87 "GET /v2.0/security-groups?id=8eb1a1ba-778f-4585-bb95-ca718434431f&id=b46f3cdf-05c3-43d9-9943-80e010431cbf&fields=id&fields=name HTTP/1.1" status: 200 len: 406 time: 0.0730705
2026-06-27 10:11:40.910 10 INFO neutron.notifiers.nova [-] Nova event matching ['req-da34cc99-b5af-4548-af94-9657ae73619e'] response: {'server_uuid': 'c239b610-7406-4f9f-9565-2b4036ec6333', 'name': 'network-vif-unplugged', 'status': 'completed', 'tag': '3e12cd52-e915-456e-ae7a-0440baf19e03', 'code': 200}
2026-06-27 10:11:41.077 10 INFO neutron.wsgi [req-1c4ad9f1-23e4-45a5-a5a1-6ee8d763aa91 req-a4fb5e72-bbea-4b77-818c-a1fac7436de4 807996b0f49a409f84cd1d7979fc7b51 ed8e1eaa468e4af58b531cc50344b9ea - - default default] 199.204.45.57 "GET /v2.0/ports?device_id=c239b610-7406-4f9f-9565-2b4036ec6333 HTTP/1.1" status: 200 len: 1212 time: 0.0613036
2026-06-27 10:11:41.167 10 INFO neutron.db.ovn_revision_numbers_db [None req-eee4468b-8da6-4f02-957f-82083b5051aa - - - - - -] Successfully bumped revision number for resource 3e12cd52-e915-456e-ae7a-0440baf19e03 (type: ports) to 5
2026-06-27 10:11:41.475 10 INFO neutron.db.l3_db [req-1c4ad9f1-23e4-45a5-a5a1-6ee8d763aa91 req-8089a37a-fbfd-4707-8b78-4f89d2ecd944 807996b0f49a409f84cd1d7979fc7b51 ed8e1eaa468e4af58b531cc50344b9ea - - default default] Floating IP 309ee320-6288-4067-9d9a-8eaef599515b disassociated. External IP: 10.96.250.206, port: 3e12cd52-e915-456e-ae7a-0440baf19e03.
2026-06-27 10:11:41.714 10 INFO neutron.wsgi [req-1c4ad9f1-23e4-45a5-a5a1-6ee8d763aa91 req-8089a37a-fbfd-4707-8b78-4f89d2ecd944 807996b0f49a409f84cd1d7979fc7b51 ed8e1eaa468e4af58b531cc50344b9ea - - default default] 199.204.45.57 "DELETE /v2.0/ports/3e12cd52-e915-456e-ae7a-0440baf19e03 HTTP/1.1" status: 204 len: 173 time: 0.6303871 /var/lib/openstack/lib/python3.10/site-packages/pycadf/identifier.py:71: UserWarning: Invalid uuid: neutron. To ensure interoperability, identifiers should be a valid uuid. warnings.warn(('Invalid uuid: %s. To ensure interoperability, '
2026-06-27 10:11:41.853 10 INFO neutron.db.ovn_revision_numbers_db [None req-12464fa4-f167-4a30-a4d5-cca93c708869 4c1ba6f4f3b54a36bfc0c29da2db1ab9 d7608483b1054f18acc7e470b13a797e - - default default] Successfully bumped revision number for resource be09fa64-ee42-49aa-a008-6c0a2a7c7e0b (type: security_groups) to 1
2026-06-27 10:11:41.868 10 INFO neutron.db.ovn_revision_numbers_db [None req-12464fa4-f167-4a30-a4d5-cca93c708869 4c1ba6f4f3b54a36bfc0c29da2db1ab9 d7608483b1054f18acc7e470b13a797e - - default default] Successfully bumped revision number for resource 3482c8f9-c837-468c-842c-4cedd25965f5 (type: security_group_rules) to 0
2026-06-27 10:11:41.886 10 INFO neutron.db.ovn_revision_numbers_db [None req-12464fa4-f167-4a30-a4d5-cca93c708869 4c1ba6f4f3b54a36bfc0c29da2db1ab9 d7608483b1054f18acc7e470b13a797e - - default default] Successfully bumped revision number for resource 7e4f8551-0459-4120-8ed1-b6f16b027f3e (type: security_group_rules) to 0
2026-06-27 10:11:41.901 10 INFO neutron.db.ovn_revision_numbers_db [None req-12464fa4-f167-4a30-a4d5-cca93c708869 4c1ba6f4f3b54a36bfc0c29da2db1ab9 d7608483b1054f18acc7e470b13a797e - - default default] Successfully bumped revision number for resource 929ae563-f7b2-4998-8252-d4ab273e9d63 (type: security_group_rules) to 0
2026-06-27 10:11:41.916 10 INFO neutron.db.ovn_revision_numbers_db [None req-12464fa4-f167-4a30-a4d5-cca93c708869 4c1ba6f4f3b54a36bfc0c29da2db1ab9 d7608483b1054f18acc7e470b13a797e - - default default] Successfully bumped revision number for resource efe8a40c-e2d0-4fc9-bc36-7471111a8709 (type: security_group_rules) to 0
2026-06-27 10:11:41.983 10 INFO neutron.db.segments_db [None req-12464fa4-f167-4a30-a4d5-cca93c708869 4c1ba6f4f3b54a36bfc0c29da2db1ab9 d7608483b1054f18acc7e470b13a797e - - default default] Added segment 5bfdff81-007d-464f-8de2-bfa445db1833 of type geneve for network 6da329f2-3577-49b4-b0af-14afe684f419
2026-06-27 10:11:41.997 10 INFO neutron.wsgi [req-217cf1a7-dd1f-46e4-918d-d4ab9ddb0750 req-ec4b966b-97dd-4f24-9780-9af6b6181ee8 807996b0f49a409f84cd1d7979fc7b51 ed8e1eaa468e4af58b531cc50344b9ea - - default default] 10.0.0.87 "GET /v2.0/ports?device_id=c239b610-7406-4f9f-9565-2b4036ec6333 HTTP/1.1" status: 200 len: 210 time: 0.0254700
2026-06-27 10:11:42.151 10 INFO neutron.db.ovn_revision_numbers_db [None req-12464fa4-f167-4a30-a4d5-cca93c708869 4c1ba6f4f3b54a36bfc0c29da2db1ab9 d7608483b1054f18acc7e470b13a797e - - default default] Successfully bumped revision number for resource 6da329f2-3577-49b4-b0af-14afe684f419 (type: networks) to 1
2026-06-27 10:11:42.332 10 WARNING neutron.scheduler.dhcp_agent_scheduler [None req-12464fa4-f167-4a30-a4d5-cca93c708869 4c1ba6f4f3b54a36bfc0c29da2db1ab9 d7608483b1054f18acc7e470b13a797e - - default default] No more DHCP agents
2026-06-27 10:11:42.335 10 WARNING neutron.api.rpc.agentnotifiers.dhcp_rpc_agent_api [None req-12464fa4-f167-4a30-a4d5-cca93c708869 4c1ba6f4f3b54a36bfc0c29da2db1ab9 d7608483b1054f18acc7e470b13a797e - - default default] Unable to schedule network 6da329f2-3577-49b4-b0af-14afe684f419: no agents available; will retry on subsequent port and subnet creation events.
2026-06-27 10:11:42.427 10 INFO neutron.db.ovn_revision_numbers_db [None req-12464fa4-f167-4a30-a4d5-cca93c708869 4c1ba6f4f3b54a36bfc0c29da2db1ab9 d7608483b1054f18acc7e470b13a797e - - default default] Successfully bumped revision number for resource 5531e432-c112-458c-bd69-2ce37cc57858 (type: ports) to 1
2026-06-27 10:11:42.460 10 INFO neutron.wsgi [None req-12464fa4-f167-4a30-a4d5-cca93c708869 4c1ba6f4f3b54a36bfc0c29da2db1ab9 d7608483b1054f18acc7e470b13a797e - - default default] 10.0.0.56 "POST /v2.0/networks HTTP/1.1" status: 201 len: 831 time: 0.8990433 /var/lib/openstack/lib/python3.10/site-packages/pycadf/identifier.py:71: UserWarning: Invalid uuid: neutron. To ensure interoperability, identifiers should be a valid uuid. warnings.warn(('Invalid uuid: %s. To ensure interoperability, '
2026-06-27 10:11:42.725 9 WARNING neutron.scheduler.dhcp_agent_scheduler [None req-8e07b896-4104-4d6e-b9aa-7e551c50cc03 4c1ba6f4f3b54a36bfc0c29da2db1ab9 d7608483b1054f18acc7e470b13a797e - - default default] No more DHCP agents
2026-06-27 10:11:42.727 9 WARNING neutron.api.rpc.agentnotifiers.dhcp_rpc_agent_api [None req-8e07b896-4104-4d6e-b9aa-7e551c50cc03 4c1ba6f4f3b54a36bfc0c29da2db1ab9 d7608483b1054f18acc7e470b13a797e - - default default] Unable to schedule network 6da329f2-3577-49b4-b0af-14afe684f419: no agents available; will retry on subsequent port and subnet creation events.
2026-06-27 10:11:42.964 10 INFO neutron.notifiers.nova [-] Nova event matching ['req-5407ebc1-af38-4911-bc40-2c57928bee8b'] response: {'server_uuid': 'c239b610-7406-4f9f-9565-2b4036ec6333', 'name': 'network-vif-plugged', 'status': 'completed', 'tag': '3e12cd52-e915-456e-ae7a-0440baf19e03', 'code': 200}
2026-06-27 10:11:42.965 10 INFO neutron.notifiers.nova [-] Nova event matching ['req-5407ebc1-af38-4911-bc40-2c57928bee8b'] response: {'server_uuid': 'c239b610-7406-4f9f-9565-2b4036ec6333', 'name': 'network-vif-deleted', 'tag': '3e12cd52-e915-456e-ae7a-0440baf19e03', 'status': 'completed', 'code': 200}
2026-06-27 10:11:43.115 10 INFO neutron.db.ovn_revision_numbers_db [None req-ba9670fc-3c1b-4778-9ada-fe3de6736427 - - - - - -] Successfully bumped revision number for resource a3f39a67-e896-4f11-ba17-81ec3ee1bd32 (type: ports) to 4
2026-06-27 10:11:43.219 9 INFO neutron.db.ovn_revision_numbers_db [None req-8e07b896-4104-4d6e-b9aa-7e551c50cc03 4c1ba6f4f3b54a36bfc0c29da2db1ab9 d7608483b1054f18acc7e470b13a797e - - default default] Successfully bumped revision number for resource 5531e432-c112-458c-bd69-2ce37cc57858 (type: ports) to 2
2026-06-27 10:11:43.261 9 INFO neutron.db.ovn_revision_numbers_db [None req-8e07b896-4104-4d6e-b9aa-7e551c50cc03 4c1ba6f4f3b54a36bfc0c29da2db1ab9 d7608483b1054f18acc7e470b13a797e - - default default] Successfully bumped revision number for resource 1939204b-09ee-4421-944a-2687448aed1d (type: subnets) to 0
2026-06-27 10:11:43.282 9 INFO neutron.wsgi [None req-8e07b896-4104-4d6e-b9aa-7e551c50cc03 4c1ba6f4f3b54a36bfc0c29da2db1ab9 d7608483b1054f18acc7e470b13a797e - - default default] 10.0.0.56 "POST /v2.0/subnets HTTP/1.1" status: 201 len: 801 time: 0.8142028
2026-06-27 10:11:43.335 9 INFO neutron.wsgi [None req-90e47208-bd7a-43c9-a6e8-b0fc331a39a8 4c1ba6f4f3b54a36bfc0c29da2db1ab9 d7608483b1054f18acc7e470b13a797e - - default default] 10.0.0.56 "PUT /v2.0/subnets/1939204b-09ee-4421-944a-2687448aed1d/tags HTTP/1.1" status: 200 len: 218 time: 0.0473545
2026-06-27 10:11:43.355 9 INFO neutron.wsgi [None req-2f790af6-3a19-4ae0-8aa5-6896eb7153e0 807996b0f49a409f84cd1d7979fc7b51 ed8e1eaa468e4af58b531cc50344b9ea - - default default] 10.0.0.56 "DELETE /v2.0/security-groups/8eb1a1ba-778f-4585-bb95-ca718434431f HTTP/1.1" status: 204 len: 168 time: 0.1544216
2026-06-27 10:11:43.384 9 INFO neutron.api.v2.resource [None req-5ad2ca47-786f-4212-a825-504b748adf50 807996b0f49a409f84cd1d7979fc7b51 ed8e1eaa468e4af58b531cc50344b9ea - - default default] show failed (client error): The resource could not be found.
2026-06-27 10:11:43.386 9 INFO neutron.wsgi [None req-5ad2ca47-786f-4212-a825-504b748adf50 807996b0f49a409f84cd1d7979fc7b51 ed8e1eaa468e4af58b531cc50344b9ea - - default default] 10.0.0.56 "GET /v2.0/security-groups/8eb1a1ba-778f-4585-bb95-ca718434431f HTTP/1.1" status: 404 len: 347 time: 0.0218344
2026-06-27 10:11:43.526 9 INFO neutron.wsgi [None req-73c7a51e-d80f-4668-a237-2f95675ff616 d7084b42becf4b599e8970dfec32f5a2 29cf855aa6fd4a9f9704eaa2a21cf674 - - default default] 199.204.45.57 "GET /v2.0/extensions/security-group HTTP/1.1" status: 200 len: 369 time: 0.0572836
2026-06-27 10:11:43.540 9 INFO neutron.wsgi [None req-04eca263-1304-4f91-bddc-7903836b3297 d7084b42becf4b599e8970dfec32f5a2 29cf855aa6fd4a9f9704eaa2a21cf674 - - default default] 199.204.45.57 "GET /v2.0/extensions/dns-integration HTTP/1.1" status: 200 len: 371 time: 0.0075326
2026-06-27 10:11:43.549 9 INFO neutron.wsgi [None req-cb3f3f84-f49d-438f-9ec3-0a0aec87c018 d7084b42becf4b599e8970dfec32f5a2 29cf855aa6fd4a9f9704eaa2a21cf674 - - default default] 199.204.45.57 "GET /v2.0/extensions/qos HTTP/1.1" status: 200 len: 365 time: 0.0031345
2026-06-27 10:11:43.562 9 INFO neutron.wsgi [None req-c72506ce-3ec9-48cf-86db-974c72fe5c27 d7084b42becf4b599e8970dfec32f5a2 29cf855aa6fd4a9f9704eaa2a21cf674 - - default default] 199.204.45.57 "GET /v2.0/extensions/allowed-address-pairs HTTP/1.1" status: 200 len: 383 time: 0.0040221
2026-06-27 10:11:43.715 9 INFO neutron.wsgi [None req-533023d9-776b-426b-a9b6-018b1ecc0ae2 d7084b42becf4b599e8970dfec32f5a2 29cf855aa6fd4a9f9704eaa2a21cf674 - - default default] 199.204.45.57 "GET /v2.0/security-groups?name=lb-d1207c78-c298-4a8d-af28-8f4e92acd158 HTTP/1.1" status: 200 len: 1775 time: 0.0314534
2026-06-27 10:11:43.729 9 INFO neutron.wsgi [None req-d66d8f6b-31cc-4dee-9e07-933c27d72b16 807996b0f49a409f84cd1d7979fc7b51 ed8e1eaa468e4af58b531cc50344b9ea - - default default] 10.0.0.56 "DELETE /v2.0/floatingips/309ee320-6288-4067-9d9a-8eaef599515b HTTP/1.1" status: 204 len: 168 time: 0.3369119
2026-06-27 10:11:43.756 9 INFO neutron.wsgi [None req-75c102e4-403a-4250-be40-6cab8713e8ca d7084b42becf4b599e8970dfec32f5a2 29cf855aa6fd4a9f9704eaa2a21cf674 - - default default] 199.204.45.57 "GET /v2.0/security-group-rules?security_group_id=718c8c08-b520-4dae-ab9b-c6f2ae0ee328 HTTP/1.1" status: 200 len: 1318 time: 0.0348375
2026-06-27 10:11:43.873 10 INFO neutron.wsgi [None req-74c424b7-787a-4307-be55-68bd2b8a0132 4c1ba6f4f3b54a36bfc0c29da2db1ab9 d7608483b1054f18acc7e470b13a797e - - default default] 10.0.0.56 "GET /v2.0/subnets/1939204b-09ee-4421-944a-2687448aed1d/tags HTTP/1.1" status: 200 len: 218 time: 0.5326228
2026-06-27 10:11:43.881 9 INFO neutron.wsgi [None req-fb037e9f-b9e5-47df-a52a-78fd3578a0da 807996b0f49a409f84cd1d7979fc7b51 ed8e1eaa468e4af58b531cc50344b9ea - - default default] 10.0.0.56 "DELETE /v2.0/security-groups/b46f3cdf-05c3-43d9-9943-80e010431cbf HTTP/1.1" status: 204 len: 168 time: 0.1457803
2026-06-27 10:11:43.896 9 INFO neutron.wsgi [-] 10.0.0.214 "GET / HTTP/1.1" status: 200 len: 246 time: 0.0016258
2026-06-27 10:11:43.898 9 INFO neutron.wsgi [-] 10.0.0.214 "GET / HTTP/1.1" status: 200 len: 246 time: 0.0012927
2026-06-27 10:11:43.899 9 INFO neutron.db.ovn_revision_numbers_db [None req-0ca50d29-51c6-4b24-951b-4feb2b94e22b d7084b42becf4b599e8970dfec32f5a2 29cf855aa6fd4a9f9704eaa2a21cf674 - - default default] Successfully bumped revision number for resource abcd42ec-d99a-4070-8eb7-df4ec790d85c (type: security_group_rules) to 0
2026-06-27 10:11:43.919 9 INFO neutron.wsgi [None req-0ca50d29-51c6-4b24-951b-4feb2b94e22b d7084b42becf4b599e8970dfec32f5a2 29cf855aa6fd4a9f9704eaa2a21cf674 - - default default] 199.204.45.57 "POST /v2.0/security-group-rules HTTP/1.1" status: 201 len: 773 time: 0.1557589
2026-06-27 10:11:43.934 10 INFO neutron.wsgi [None req-cb831cad-79d2-49f5-9c9a-bdf07fb78129 4c1ba6f4f3b54a36bfc0c29da2db1ab9 d7608483b1054f18acc7e470b13a797e - - default default] 10.0.0.56 "PUT /v2.0/subnets/1939204b-09ee-4421-944a-2687448aed1d/tags/green HTTP/1.1" status: 201 len: 201 time: 0.0572643
2026-06-27 10:11:43.972 9 INFO neutron.wsgi [None req-5aed300f-9b8c-4e2d-ad88-37765fdf4efa 4c1ba6f4f3b54a36bfc0c29da2db1ab9 d7608483b1054f18acc7e470b13a797e - - default default] 10.0.0.56 "GET /v2.0/subnets/1939204b-09ee-4421-944a-2687448aed1d/tags HTTP/1.1" status: 200 len: 227 time: 0.0330689
2026-06-27 10:11:44.017 10 INFO neutron.wsgi [None req-4ba72410-b1f8-4c42-97e6-5b8cfbe4824f 4c1ba6f4f3b54a36bfc0c29da2db1ab9 d7608483b1054f18acc7e470b13a797e - - default default] 10.0.0.56 "PUT /v2.0/subnets/1939204b-09ee-4421-944a-2687448aed1d/tags/red HTTP/1.1" status: 201 len: 201 time: 0.0359921
2026-06-27 10:11:44.037 9 INFO neutron.db.ovn_revision_numbers_db [None req-6f64a45c-fec2-43e9-84d1-a9fab6250854 d7084b42becf4b599e8970dfec32f5a2 29cf855aa6fd4a9f9704eaa2a21cf674 - - default default] Successfully bumped revision number for resource 79fd2f60-a4e0-482b-86f0-cd3348877f80 (type: security_group_rules) to 0
