2026-06-27 10:10:02.833 9 INFO neutron.db.ovn_revision_numbers_db [None req-6629172b-ce57-4a90-aa51-b0282667365e 7b37ca0b84b345a2bb876478fb9f1083 5906aff05e9045fb8180fdb258c97f3a - - default default] Successfully bumped revision number for resource 2aeb3fb7-b216-4680-8176-8efdea979c81 (type: security_group_rules) to 0
2026-06-27 10:10:02.848 9 INFO neutron.db.ovn_revision_numbers_db [None req-6629172b-ce57-4a90-aa51-b0282667365e 7b37ca0b84b345a2bb876478fb9f1083 5906aff05e9045fb8180fdb258c97f3a - - default default] Successfully bumped revision number for resource 50b48f36-0ff3-4060-9d77-790098c29b0f (type: security_group_rules) to 0
2026-06-27 10:10:02.862 9 INFO neutron.db.ovn_revision_numbers_db [None req-6629172b-ce57-4a90-aa51-b0282667365e 7b37ca0b84b345a2bb876478fb9f1083 5906aff05e9045fb8180fdb258c97f3a - - default default] Successfully bumped revision number for resource fbb2774b-c0a9-463f-ae4f-679a281ee6ef (type: security_group_rules) to 0
2026-06-27 10:10:02.916 9 INFO neutron.db.segments_db [None req-6629172b-ce57-4a90-aa51-b0282667365e 7b37ca0b84b345a2bb876478fb9f1083 5906aff05e9045fb8180fdb258c97f3a - - default default] Added segment c6fe90f8-bfc2-44bc-8a5f-3556f21de927 of type geneve for network cfda2fc3-391f-46b6-b133-2c5dd7ca99df
2026-06-27 10:10:02.920 10 INFO neutron.notifiers.nova [-] Nova event matching ['req-404e1b24-48bc-4ea0-887d-663ede909347'] response: {'server_uuid': 'f5b9e3c8-cd09-4350-8628-58969bb2a1f8', 'name': 'network-vif-plugged', 'status': 'completed', 'tag': '924484ae-87cd-42c4-86c9-7e39c4fdfddb', 'code': 200}
2026-06-27 10:10:02.921 10 INFO neutron.notifiers.nova [-] Nova event matching ['req-404e1b24-48bc-4ea0-887d-663ede909347'] response: {'server_uuid': 'f5b9e3c8-cd09-4350-8628-58969bb2a1f8', 'name': 'network-vif-plugged', 'status': 'completed', 'tag': '924484ae-87cd-42c4-86c9-7e39c4fdfddb', 'code': 200}
2026-06-27 10:10:02.921 10 INFO neutron.notifiers.nova [-] Nova event matching ['req-404e1b24-48bc-4ea0-887d-663ede909347'] response: {'server_uuid': '0105fe1d-0916-49af-9bd4-d9a6a7321418', 'name': 'network-vif-plugged', 'status': 'completed', 'tag': 'aa967560-95dd-49c3-9807-2708be6acc63', 'code': 200}
2026-06-27 10:10:02.921 10 INFO neutron.notifiers.nova [-] Nova event matching ['req-404e1b24-48bc-4ea0-887d-663ede909347'] response: {'server_uuid': '0105fe1d-0916-49af-9bd4-d9a6a7321418', 'name': 'network-vif-plugged', 'status': 'completed', 'tag': 'aa967560-95dd-49c3-9807-2708be6acc63', 'code': 200}
2026-06-27 10:10:03.205 9 INFO neutron.db.ovn_revision_numbers_db [None req-6629172b-ce57-4a90-aa51-b0282667365e 7b37ca0b84b345a2bb876478fb9f1083 5906aff05e9045fb8180fdb258c97f3a - - default default] Successfully bumped revision number for resource cfda2fc3-391f-46b6-b133-2c5dd7ca99df (type: networks) to 1
2026-06-27 10:10:03.251 9 INFO neutron.wsgi [req-10457ca1-a9bc-4521-ba72-0475d2486043 req-2dd6b51d-f897-481d-8e55-2ac94756d5ee dfb440b915ca4f7bbbfb5006eca8a0ae 9a00310324314d5e918076dd2c3fd0e0 - - default default] 10.0.0.87 "GET /v2.0/ports?device_id=0105fe1d-0916-49af-9bd4-d9a6a7321418 HTTP/1.1" status: 200 len: 1400 time: 0.1935506
2026-06-27 10:10:03.346 9 INFO neutron.wsgi [req-10457ca1-a9bc-4521-ba72-0475d2486043 req-f82cda8f-b211-4ea6-979c-bfa952e4073e dfb440b915ca4f7bbbfb5006eca8a0ae 9a00310324314d5e918076dd2c3fd0e0 - - default default] 10.0.0.87 "GET /v2.0/security-groups?id=ae1d6027-47fc-4b41-83c8-29f84d42fdc2&fields=id&fields=name HTTP/1.1" status: 200 len: 310 time: 0.0897152
2026-06-27 10:10:03.481 9 WARNING neutron.scheduler.dhcp_agent_scheduler [None req-6629172b-ce57-4a90-aa51-b0282667365e 7b37ca0b84b345a2bb876478fb9f1083 5906aff05e9045fb8180fdb258c97f3a - - default default] No more DHCP agents
2026-06-27 10:10:03.486 9 WARNING neutron.api.rpc.agentnotifiers.dhcp_rpc_agent_api [None req-6629172b-ce57-4a90-aa51-b0282667365e 7b37ca0b84b345a2bb876478fb9f1083 5906aff05e9045fb8180fdb258c97f3a - - default default] Unable to schedule network cfda2fc3-391f-46b6-b133-2c5dd7ca99df: no agents available; will retry on subsequent port and subnet creation events.
2026-06-27 10:10:03.595 9 INFO neutron.db.ovn_revision_numbers_db [None req-6629172b-ce57-4a90-aa51-b0282667365e 7b37ca0b84b345a2bb876478fb9f1083 5906aff05e9045fb8180fdb258c97f3a - - default default] Successfully bumped revision number for resource a42caa5d-4620-4546-be5f-28b8f93c5ea4 (type: ports) to 1 /var/lib/openstack/lib/python3.10/site-packages/pycadf/identifier.py:71: UserWarning: Invalid uuid: neutron. To ensure interoperability, identifiers should be a valid uuid. warnings.warn(('Invalid uuid: %s. To ensure interoperability, '
2026-06-27 10:10:03.619 9 INFO neutron.wsgi [None req-6629172b-ce57-4a90-aa51-b0282667365e 7b37ca0b84b345a2bb876478fb9f1083 5906aff05e9045fb8180fdb258c97f3a - - default default] 10.0.0.56 "POST /v2.0/networks HTTP/1.1" status: 201 len: 842 time: 1.2016366
2026-06-27 10:10:03.726 10 INFO neutron.wsgi [req-5a3d6c13-e417-4685-a968-5d45074120c9 req-23914692-0c8a-4455-ab94-1b8be11b3383 659ee6a8212b4de498eb148c7be465be f0d6ab3d15d341f68933e3d9c02f5111 - - default default] 10.0.0.87 "GET /v2.0/ports?device_id=f5b9e3c8-cd09-4350-8628-58969bb2a1f8 HTTP/1.1" status: 200 len: 1170 time: 0.1336758
2026-06-27 10:10:03.774 10 INFO neutron.wsgi [req-5a3d6c13-e417-4685-a968-5d45074120c9 req-0f016745-9744-48d0-89a6-a3850687bfd3 659ee6a8212b4de498eb148c7be465be f0d6ab3d15d341f68933e3d9c02f5111 - - default default] 10.0.0.87 "GET /v2.0/security-groups?id=12477ff0-91b1-499e-b678-0b0fa5b7a5b3&fields=id&fields=name HTTP/1.1" status: 200 len: 313 time: 0.0384355
2026-06-27 10:10:03.927 9 INFO neutron.wsgi [req-9b4efc91-49c1-435e-bd4b-8852eb7323b7 req-732f1548-22c3-401f-8421-1d6be10e93f7 659ee6a8212b4de498eb148c7be465be f0d6ab3d15d341f68933e3d9c02f5111 - - default default] 10.0.0.87 "GET /v2.0/ports?device_id=f5b9e3c8-cd09-4350-8628-58969bb2a1f8 HTTP/1.1" status: 200 len: 1170 time: 0.0633073
2026-06-27 10:10:04.012 9 INFO neutron.wsgi [req-9b4efc91-49c1-435e-bd4b-8852eb7323b7 req-2d802244-df3f-402c-8712-01b060837162 659ee6a8212b4de498eb148c7be465be f0d6ab3d15d341f68933e3d9c02f5111 - - default default] 10.0.0.87 "GET /v2.0/security-groups?id=12477ff0-91b1-499e-b678-0b0fa5b7a5b3&fields=id&fields=name HTTP/1.1" status: 200 len: 313 time: 0.0768979
2026-06-27 10:10:04.069 9 WARNING neutron.scheduler.dhcp_agent_scheduler [None req-c6da1613-918e-4dd9-9309-e1c64b183932 7b37ca0b84b345a2bb876478fb9f1083 5906aff05e9045fb8180fdb258c97f3a - - default default] No more DHCP agents
2026-06-27 10:10:04.073 9 WARNING neutron.api.rpc.agentnotifiers.dhcp_rpc_agent_api [None req-c6da1613-918e-4dd9-9309-e1c64b183932 7b37ca0b84b345a2bb876478fb9f1083 5906aff05e9045fb8180fdb258c97f3a - - default default] Unable to schedule network cfda2fc3-391f-46b6-b133-2c5dd7ca99df: no agents available; will retry on subsequent port and subnet creation events.
2026-06-27 10:10:04.086 10 INFO neutron.wsgi [None req-d7a394b0-0347-41ca-976b-1984c5a23fb7 f7d89717c1164a95a69f1f930f79e529 3b3936e8210544f3950a054774c672df - - default default] 10.0.0.56 "GET /v2.0/ports?device_id=f5b9e3c8-cd09-4350-8628-58969bb2a1f8 HTTP/1.1" status: 200 len: 1404 time: 0.0371072
2026-06-27 10:10:04.433 10 WARNING neutron.scheduler.dhcp_agent_scheduler [None req-04c47872-4584-4ff9-ab7a-96dced5d5f97 659ee6a8212b4de498eb148c7be465be f0d6ab3d15d341f68933e3d9c02f5111 - - default default] No more DHCP agents
2026-06-27 10:10:04.435 10 WARNING neutron.api.rpc.agentnotifiers.dhcp_rpc_agent_api [None req-04c47872-4584-4ff9-ab7a-96dced5d5f97 659ee6a8212b4de498eb148c7be465be f0d6ab3d15d341f68933e3d9c02f5111 - - default default] Unable to schedule network 1ddad0f5-ab54-474a-af7f-1e97fdf84420: no agents available; will retry on subsequent port and subnet creation events.
2026-06-27 10:10:04.718 9 INFO neutron.db.ovn_revision_numbers_db [None req-c6da1613-918e-4dd9-9309-e1c64b183932 7b37ca0b84b345a2bb876478fb9f1083 5906aff05e9045fb8180fdb258c97f3a - - default default] Successfully bumped revision number for resource a42caa5d-4620-4546-be5f-28b8f93c5ea4 (type: ports) to 2
2026-06-27 10:10:04.734 9 INFO neutron.wsgi [None req-73011766-cdff-4a23-9ced-9e67fa1e3316 2202195837494b4b805c4176e9cac7bb d825eb1c82bd483892cc17ff5b9a0ad4 - - default default] 10.0.0.56 "POST /v2.0/subnetpools HTTP/1.1" status: 201 len: 715 time: 0.3041978
2026-06-27 10:10:04.761 9 INFO neutron.db.ovn_revision_numbers_db [None req-c6da1613-918e-4dd9-9309-e1c64b183932 7b37ca0b84b345a2bb876478fb9f1083 5906aff05e9045fb8180fdb258c97f3a - - default default] Successfully bumped revision number for resource cbc025d4-657d-4900-b4bf-c5445892fe42 (type: subnets) to 0
2026-06-27 10:10:04.776 9 INFO neutron.wsgi [None req-c6da1613-918e-4dd9-9309-e1c64b183932 7b37ca0b84b345a2bb876478fb9f1083 5906aff05e9045fb8180fdb258c97f3a - - default default] 10.0.0.56 "POST /v2.0/subnets HTTP/1.1" status: 201 len: 816 time: 1.1177006
2026-06-27 10:10:04.806 9 INFO neutron.wsgi [None req-94274494-32f4-4dbc-8255-888842f01707 2202195837494b4b805c4176e9cac7bb d825eb1c82bd483892cc17ff5b9a0ad4 - - default default] 10.0.0.56 "POST /v2.0/subnetpools HTTP/1.1" status: 201 len: 715 time: 0.0655973
2026-06-27 10:10:04.888 9 INFO neutron.db.segments_db [None req-31e02783-98fd-47a8-af8b-ae8c7f0c2cac 7b37ca0b84b345a2bb876478fb9f1083 5906aff05e9045fb8180fdb258c97f3a - - default default] Added segment 73dc34d6-2369-403e-9308-853f20f85c3f of type geneve for network f9b3235c-d0f0-48c8-8846-1c4c992561ba
2026-06-27 10:10:04.930 9 INFO neutron.wsgi [None req-7b09383e-d589-4851-8ab9-13880665d2cf 2202195837494b4b805c4176e9cac7bb d825eb1c82bd483892cc17ff5b9a0ad4 - - default default] 10.0.0.56 "POST /v2.0/subnetpools HTTP/1.1" status: 201 len: 715 time: 0.1064885
2026-06-27 10:10:04.996 10 INFO neutron.db.l3_db [None req-04c47872-4584-4ff9-ab7a-96dced5d5f97 659ee6a8212b4de498eb148c7be465be f0d6ab3d15d341f68933e3d9c02f5111 - - default default] Floating IP 2ea892e4-7cec-4e97-89d9-aad27d5fba6c associated. External IP: 10.96.250.214, port: 924484ae-87cd-42c4-86c9-7e39c4fdfddb.
2026-06-27 10:10:05.077 9 INFO neutron.wsgi [None req-677965d9-00ea-4183-af21-dfbae7afdd38 2202195837494b4b805c4176e9cac7bb d825eb1c82bd483892cc17ff5b9a0ad4 - - default default] 10.0.0.56 "POST /v2.0/subnetpools HTTP/1.1" status: 201 len: 715 time: 0.1266620
2026-06-27 10:10:05.105 9 INFO neutron.db.ovn_revision_numbers_db [None req-31e02783-98fd-47a8-af8b-ae8c7f0c2cac 7b37ca0b84b345a2bb876478fb9f1083 5906aff05e9045fb8180fdb258c97f3a - - default default] Successfully bumped revision number for resource f9b3235c-d0f0-48c8-8846-1c4c992561ba (type: networks) to 1
2026-06-27 10:10:05.163 9 INFO neutron.wsgi [None req-5122cc5e-86ea-40ff-af9f-6281b4d50aba 2202195837494b4b805c4176e9cac7bb d825eb1c82bd483892cc17ff5b9a0ad4 - - default default] 10.0.0.56 "POST /v2.0/subnetpools HTTP/1.1" status: 201 len: 715 time: 0.0792747
2026-06-27 10:10:05.215 9 INFO neutron.wsgi [None req-f2adf95a-7238-4bfa-8fe5-f8842aa7ebf4 2202195837494b4b805c4176e9cac7bb d825eb1c82bd483892cc17ff5b9a0ad4 - - default default] 10.0.0.56 "PUT /v2.0/subnetpools/3af54b9e-2cce-4a86-93d6-c65b5078a49a/tags HTTP/1.1" status: 200 len: 210 time: 0.0456381
2026-06-27 10:10:05.296 10 INFO neutron.db.ovn_revision_numbers_db [None req-04c47872-4584-4ff9-ab7a-96dced5d5f97 659ee6a8212b4de498eb148c7be465be f0d6ab3d15d341f68933e3d9c02f5111 - - default default] Successfully bumped revision number for resource 2ea892e4-7cec-4e97-89d9-aad27d5fba6c (type: floatingips) to 0
2026-06-27 10:10:05.303 9 INFO neutron.wsgi [None req-a481c6fb-7d8b-48dd-b20b-2aff965607e6 2202195837494b4b805c4176e9cac7bb d825eb1c82bd483892cc17ff5b9a0ad4 - - default default] 10.0.0.56 "PUT /v2.0/subnetpools/2bf43626-2ac9-447f-971b-afceb1f9377f/tags HTTP/1.1" status: 200 len: 218 time: 0.0778332 /var/lib/openstack/lib/python3.10/site-packages/pycadf/identifier.py:71: UserWarning: Invalid uuid: neutron. To ensure interoperability, identifiers should be a valid uuid. warnings.warn(('Invalid uuid: %s. To ensure interoperability, '
2026-06-27 10:10:05.353 9 WARNING neutron.scheduler.dhcp_agent_scheduler [None req-31e02783-98fd-47a8-af8b-ae8c7f0c2cac 7b37ca0b84b345a2bb876478fb9f1083 5906aff05e9045fb8180fdb258c97f3a - - default default] No more DHCP agents
2026-06-27 10:10:05.359 9 INFO neutron.wsgi [None req-838850f5-a4ae-457c-b692-0393acf4cbae 2202195837494b4b805c4176e9cac7bb d825eb1c82bd483892cc17ff5b9a0ad4 - - default default] 10.0.0.56 "PUT /v2.0/subnetpools/5974653b-24d5-4cb0-b4e4-48bfde3e65e9/tags HTTP/1.1" status: 200 len: 227 time: 0.0507100
2026-06-27 10:10:05.360 9 WARNING neutron.api.rpc.agentnotifiers.dhcp_rpc_agent_api [None req-31e02783-98fd-47a8-af8b-ae8c7f0c2cac 7b37ca0b84b345a2bb876478fb9f1083 5906aff05e9045fb8180fdb258c97f3a - - default default] Unable to schedule network f9b3235c-d0f0-48c8-8846-1c4c992561ba: no agents available; will retry on subsequent port and subnet creation events.
2026-06-27 10:10:05.425 9 INFO neutron.wsgi [None req-5e138c52-ced6-4757-8193-52f11044582a 2202195837494b4b805c4176e9cac7bb d825eb1c82bd483892cc17ff5b9a0ad4 - - default default] 10.0.0.56 "PUT /v2.0/subnetpools/8f7d6cfb-7a2c-4dd6-8be5-40c28991b799/tags HTTP/1.1" status: 200 len: 212 time: 0.0611708
2026-06-27 10:10:05.448 10 INFO neutron.db.ovn_revision_numbers_db [None req-04c47872-4584-4ff9-ab7a-96dced5d5f97 659ee6a8212b4de498eb148c7be465be f0d6ab3d15d341f68933e3d9c02f5111 - - default default] Successfully bumped revision number for resource 2ea892e4-7cec-4e97-89d9-aad27d5fba6c (type: floatingips) to 1
2026-06-27 10:10:05.474 10 INFO neutron.wsgi [None req-8cfec9e7-653d-4bb3-a95f-61ae4caefb87 2202195837494b4b805c4176e9cac7bb d825eb1c82bd483892cc17ff5b9a0ad4 - - default default] 10.0.0.56 "GET /v2.0/subnetpools?tags=red HTTP/1.1" status: 200 len: 1758 time: 0.0400519
2026-06-27 10:10:05.479 9 INFO neutron.db.ovn_revision_numbers_db [None req-31e02783-98fd-47a8-af8b-ae8c7f0c2cac 7b37ca0b84b345a2bb876478fb9f1083 5906aff05e9045fb8180fdb258c97f3a - - default default] Successfully bumped revision number for resource 1bef17b5-6bab-41fe-94ff-f2aac3341e3b (type: ports) to 1
2026-06-27 10:10:05.503 9 INFO neutron.wsgi [None req-31e02783-98fd-47a8-af8b-ae8c7f0c2cac 7b37ca0b84b345a2bb876478fb9f1083 5906aff05e9045fb8180fdb258c97f3a - - default default] 10.0.0.56 "POST /v2.0/networks HTTP/1.1" status: 201 len: 842 time: 0.7188506
2026-06-27 10:10:05.513 10 INFO neutron.wsgi [None req-24483613-54d6-4f66-8ee3-d81d013632b5 2202195837494b4b805c4176e9cac7bb d825eb1c82bd483892cc17ff5b9a0ad4 - - default default] 10.0.0.56 "GET /v2.0/subnetpools?tags=red%2Cblue HTTP/1.1" status: 200 len: 1251 time: 0.0304942
2026-06-27 10:10:05.517 10 INFO neutron.wsgi [None req-04c47872-4584-4ff9-ab7a-96dced5d5f97 659ee6a8212b4de498eb148c7be465be f0d6ab3d15d341f68933e3d9c02f5111 - - default default] 10.0.0.56 "POST /v2.0/floatingips HTTP/1.1" status: 201 len: 1054 time: 1.4209216
2026-06-27 10:10:05.551 10 INFO neutron.wsgi [None req-be8067b3-f1e0-4543-b7b0-8702e6c567bd 2202195837494b4b805c4176e9cac7bb d825eb1c82bd483892cc17ff5b9a0ad4 - - default default] 10.0.0.56 "GET /v2.0/subnetpools?tags-any=blue HTTP/1.1" status: 200 len: 1251 time: 0.0244560
2026-06-27 10:10:05.564 10 INFO neutron.notifiers.nova [-] Nova event matching ['req-b2ae6392-d014-44b3-b01e-f19aec9e447f'] response: {'name': 'network-changed', 'server_uuid': 'f5b9e3c8-cd09-4350-8628-58969bb2a1f8', 'tag': '924484ae-87cd-42c4-86c9-7e39c4fdfddb', 'status': 'completed', 'code': 200}
2026-06-27 10:10:05.577 9 INFO neutron.wsgi [None req-572616d2-6e67-494a-8454-c4dac0f8accd 659ee6a8212b4de498eb148c7be465be f0d6ab3d15d341f68933e3d9c02f5111 - - default default] 10.0.0.56 "GET /v2.0/floatingips/2ea892e4-7cec-4e97-89d9-aad27d5fba6c HTTP/1.1" status: 200 len: 1051 time: 0.0495069
2026-06-27 10:10:05.583 10 INFO neutron.wsgi [None req-4c85c9b2-f5b7-476d-a142-96bfc678d878 2202195837494b4b805c4176e9cac7bb d825eb1c82bd483892cc17ff5b9a0ad4 - - default default] 10.0.0.56 "GET /v2.0/subnetpools?tags-any=red%2Cblue HTTP/1.1" status: 200 len: 1758 time: 0.0264289
2026-06-27 10:10:05.615 10 INFO neutron.wsgi [req-2769b226-46b3-4b51-8801-9d986346045e req-f824500b-4f60-4d4b-a107-82cbfcfa0b56 b06a8ef406b64a53b92cc7175f827a1d ee04220336ac416da3ce6298b8609a20 - - 37f3b442b15a4d2c802eb8f99e1e291c 37f3b442b15a4d2c802eb8f99e1e291c] 199.204.45.57 "GET /v2.0/ports?tenant_id=f0d6ab3d15d341f68933e3d9c02f5111&device_id=f5b9e3c8-cd09-4350-8628-58969bb2a1f8 HTTP/1.1" status: 200 len: 1409 time: 0.0306797
2026-06-27 10:10:05.621 9 INFO neutron.wsgi [None req-d1f41b21-5806-492d-9524-24725ec2695c 2202195837494b4b805c4176e9cac7bb d825eb1c82bd483892cc17ff5b9a0ad4 - - default default] 10.0.0.56 "GET /v2.0/subnetpools?not-tags=red HTTP/1.1" status: 200 len: 1223 time: 0.0313323
2026-06-27 10:10:05.666 9 INFO neutron.wsgi [None req-58df161b-09d4-4b7d-ae13-caa789d2bb08 2202195837494b4b805c4176e9cac7bb d825eb1c82bd483892cc17ff5b9a0ad4 - - default default] 10.0.0.56 "GET /v2.0/subnetpools?not-tags=red%2Cblue HTTP/1.1" status: 200 len: 1730 time: 0.0370312
2026-06-27 10:10:05.678 10 INFO neutron.wsgi [req-2769b226-46b3-4b51-8801-9d986346045e req-6eb83bef-fcd5-4c96-a586-fbfe8ee270d4 b06a8ef406b64a53b92cc7175f827a1d ee04220336ac416da3ce6298b8609a20 - - 37f3b442b15a4d2c802eb8f99e1e291c 37f3b442b15a4d2c802eb8f99e1e291c] 199.204.45.57 "GET /v2.0/networks?id=4fff5397-4dd6-490b-8fc7-a0c05545dc50 HTTP/1.1" status: 200 len: 958 time: 0.0556221
2026-06-27 10:10:05.704 9 INFO neutron.wsgi [None req-2de94ee2-92ee-4ef9-804e-13b8f333d958 2202195837494b4b805c4176e9cac7bb d825eb1c82bd483892cc17ff5b9a0ad4 - - default default] 10.0.0.56 "GET /v2.0/subnetpools?not-tags-any=blue HTTP/1.1" status: 200 len: 1730 time: 0.0321534
2026-06-27 10:10:05.734 10 INFO neutron.wsgi [req-2769b226-46b3-4b51-8801-9d986346045e req-0a329bb0-8bdb-4ba8-93f5-24d2e70da27b b06a8ef406b64a53b92cc7175f827a1d ee04220336ac416da3ce6298b8609a20 - - 37f3b442b15a4d2c802eb8f99e1e291c 37f3b442b15a4d2c802eb8f99e1e291c] 199.204.45.57 "GET /v2.0/floatingips?fixed_ip_address=10.100.0.8&port_id=924484ae-87cd-42c4-86c9-7e39c4fdfddb HTTP/1.1" status: 200 len: 1059 time: 0.0489373
2026-06-27 10:10:05.765 9 INFO neutron.wsgi [None req-82f3a39a-e5b5-4046-994c-4b2a677f01d5 2202195837494b4b805c4176e9cac7bb d825eb1c82bd483892cc17ff5b9a0ad4 - - default default] 10.0.0.56 "GET /v2.0/subnetpools?not-tags-any=red%2Cblue HTTP/1.1" status: 200 len: 1223 time: 0.0540118
2026-06-27 10:10:05.767 10 INFO neutron.wsgi [req-2769b226-46b3-4b51-8801-9d986346045e req-de17ef14-4372-4d41-bea1-580e952f3790 b06a8ef406b64a53b92cc7175f827a1d ee04220336ac416da3ce6298b8609a20 - - 37f3b442b15a4d2c802eb8f99e1e291c 37f3b442b15a4d2c802eb8f99e1e291c] 199.204.45.57 "GET /v2.0/subnets?id=2ec80e3a-1d20-489e-bb7e-7ad5b1af8623 HTTP/1.1" status: 200 len: 852 time: 0.0291688
2026-06-27 10:10:05.782 9 INFO neutron.db.ovn_revision_numbers_db [None req-35f13286-47d9-4373-a0e7-952fcdf7bb21 7b37ca0b84b345a2bb876478fb9f1083 5906aff05e9045fb8180fdb258c97f3a - - default default] Successfully bumped revision number for resource f9b3235c-d0f0-48c8-8846-1c4c992561ba (type: networks) to 2
2026-06-27 10:10:05.786 9 INFO neutron.wsgi [None req-35f13286-47d9-4373-a0e7-952fcdf7bb21 7b37ca0b84b345a2bb876478fb9f1083 5906aff05e9045fb8180fdb258c97f3a - - default default] 10.0.0.56 "PUT /v2.0/networks/f9b3235c-d0f0-48c8-8846-1c4c992561ba HTTP/1.1" status: 200 len: 792 time: 0.2783794
2026-06-27 10:10:05.791 10 INFO neutron.wsgi [req-2769b226-46b3-4b51-8801-9d986346045e req-c2cfeed2-1ece-4faf-97f0-d78ffc43cabc b06a8ef406b64a53b92cc7175f827a1d ee04220336ac416da3ce6298b8609a20 - - 37f3b442b15a4d2c802eb8f99e1e291c 37f3b442b15a4d2c802eb8f99e1e291c] 199.204.45.57 "GET /v2.0/ports?network_id=4fff5397-4dd6-490b-8fc7-a0c05545dc50&device_owner=network%3Adhcp HTTP/1.1" status: 200 len: 210 time: 0.0171692
2026-06-27 10:10:05.847 9 INFO neutron.wsgi [None req-e8019d0e-aac1-4c70-8185-44ce2a0f04fc 2202195837494b4b805c4176e9cac7bb d825eb1c82bd483892cc17ff5b9a0ad4 - - default default] 10.0.0.56 "DELETE /v2.0/subnetpools/3af54b9e-2cce-4a86-93d6-c65b5078a49a HTTP/1.1" status: 204 len: 168 time: 0.0710540
2026-06-27 10:10:05.949 9 INFO neutron.wsgi [None req-071b3cf0-66c3-4eca-ab85-1507d9ca9552 2202195837494b4b805c4176e9cac7bb d825eb1c82bd483892cc17ff5b9a0ad4 - - default default] 10.0.0.56 "DELETE /v2.0/subnetpools/2bf43626-2ac9-447f-971b-afceb1f9377f HTTP/1.1" status: 204 len: 168 time: 0.0986998
2026-06-27 10:10:06.037 9 INFO neutron.wsgi [None req-0c95c099-9eeb-45da-ab35-550fa75c0222 2202195837494b4b805c4176e9cac7bb d825eb1c82bd483892cc17ff5b9a0ad4 - - default default] 10.0.0.56 "DELETE /v2.0/subnetpools/5974653b-24d5-4cb0-b4e4-48bfde3e65e9 HTTP/1.1" status: 204 len: 168 time: 0.0831211
2026-06-27 10:10:06.106 9 INFO neutron.wsgi [None req-af0fe97f-f487-415e-bbec-44aa3252099a 2202195837494b4b805c4176e9cac7bb d825eb1c82bd483892cc17ff5b9a0ad4 - - default default] 10.0.0.56 "DELETE /v2.0/subnetpools/8f7d6cfb-7a2c-4dd6-8be5-40c28991b799 HTTP/1.1" status: 204 len: 168 time: 0.0642908
2026-06-27 10:10:06.168 9 INFO neutron.wsgi [None req-bb4b7904-aecf-4b26-bcf8-1a8acb796fc5 2202195837494b4b805c4176e9cac7bb d825eb1c82bd483892cc17ff5b9a0ad4 - - default default] 10.0.0.56 "DELETE /v2.0/subnetpools/8e161d1d-f9dc-4074-b6e2-6f8196716fc8 HTTP/1.1" status: 204 len: 168 time: 0.0551879
2026-06-27 10:10:06.231 10 INFO neutron.wsgi [req-2769b226-46b3-4b51-8801-9d986346045e req-e76404f5-2a57-477e-8d71-369a8d299339 b06a8ef406b64a53b92cc7175f827a1d ee04220336ac416da3ce6298b8609a20 - - 37f3b442b15a4d2c802eb8f99e1e291c 37f3b442b15a4d2c802eb8f99e1e291c] 199.204.45.57 "GET /v2.0/networks/4fff5397-4dd6-490b-8fc7-a0c05545dc50?fields=segments HTTP/1.1" status: 200 len: 212 time: 0.4315219
2026-06-27 10:10:06.327 10 INFO neutron.wsgi [req-2769b226-46b3-4b51-8801-9d986346045e req-e66b8bbd-baec-492b-b784-a0a425481d1a b06a8ef406b64a53b92cc7175f827a1d ee04220336ac416da3ce6298b8609a20 - - 37f3b442b15a4d2c802eb8f99e1e291c 37f3b442b15a4d2c802eb8f99e1e291c] 199.204.45.57 "GET /v2.0/networks/4fff5397-4dd6-490b-8fc7-a0c05545dc50?fields=provider%3Aphysical_network&fields=provider%3Anetwork_type HTTP/1.1" status: 200 len: 277 time: 0.0904872
2026-06-27 10:10:06.481 10 WARNING neutron.scheduler.dhcp_agent_scheduler [None req-73241d38-d06a-4326-b02f-8e9234fc29bd 7b37ca0b84b345a2bb876478fb9f1083 5906aff05e9045fb8180fdb258c97f3a - - default default] No more DHCP agents
2026-06-27 10:10:06.484 10 WARNING neutron.api.rpc.agentnotifiers.dhcp_rpc_agent_api [None req-73241d38-d06a-4326-b02f-8e9234fc29bd 7b37ca0b84b345a2bb876478fb9f1083 5906aff05e9045fb8180fdb258c97f3a - - default default] Unable to schedule network f9b3235c-d0f0-48c8-8846-1c4c992561ba: no agents available; will retry on subsequent port and subnet creation events.
2026-06-27 10:10:07.017 10 INFO neutron.db.ovn_revision_numbers_db [None req-73241d38-d06a-4326-b02f-8e9234fc29bd 7b37ca0b84b345a2bb876478fb9f1083 5906aff05e9045fb8180fdb258c97f3a - - default default] Successfully bumped revision number for resource 1bef17b5-6bab-41fe-94ff-f2aac3341e3b (type: ports) to 2
2026-06-27 10:10:07.052 10 INFO neutron.db.ovn_revision_numbers_db [None req-73241d38-d06a-4326-b02f-8e9234fc29bd 7b37ca0b84b345a2bb876478fb9f1083 5906aff05e9045fb8180fdb258c97f3a - - default default] Successfully bumped revision number for resource f25a5f37-0a79-4af4-ac98-f9981da0e8b9 (type: subnets) to 0
2026-06-27 10:10:07.070 10 INFO neutron.wsgi [None req-73241d38-d06a-4326-b02f-8e9234fc29bd 7b37ca0b84b345a2bb876478fb9f1083 5906aff05e9045fb8180fdb258c97f3a - - default default] 10.0.0.56 "POST /v2.0/subnets HTTP/1.1" status: 201 len: 801 time: 1.2776072
2026-06-27 10:10:07.401 10 INFO neutron.db.ovn_revision_numbers_db [None req-23bc32df-6745-475b-b3b7-87b1157633a7 7b37ca0b84b345a2bb876478fb9f1083 5906aff05e9045fb8180fdb258c97f3a - - default default] Successfully bumped revision number for resource f25a5f37-0a79-4af4-ac98-f9981da0e8b9 (type: subnets) to 1
2026-06-27 10:10:07.406 10 INFO neutron.wsgi [None req-23bc32df-6745-475b-b3b7-87b1157633a7 7b37ca0b84b345a2bb876478fb9f1083 5906aff05e9045fb8180fdb258c97f3a - - default default] 10.0.0.56 "PUT /v2.0/subnets/f25a5f37-0a79-4af4-ac98-f9981da0e8b9 HTTP/1.1" status: 200 len: 806 time: 0.3278713
2026-06-27 10:10:07.495 9 INFO neutron.db.ovn_revision_numbers_db [None req-104dc539-cc20-438e-b81c-33c90a3c029b d7084b42becf4b599e8970dfec32f5a2 29cf855aa6fd4a9f9704eaa2a21cf674 - - default default] Successfully bumped revision number for resource 3d84ba28-811d-47f1-ab21-868bbb4d7cf7 (type: security_groups) to 1
2026-06-27 10:10:07.516 9 INFO neutron.db.ovn_revision_numbers_db [None req-104dc539-cc20-438e-b81c-33c90a3c029b d7084b42becf4b599e8970dfec32f5a2 29cf855aa6fd4a9f9704eaa2a21cf674 - - default default] Successfully bumped revision number for resource 2cc503e6-12e4-4b50-812b-54162fc57d09 (type: security_group_rules) to 0
2026-06-27 10:10:07.539 9 INFO neutron.db.ovn_revision_numbers_db [None req-104dc539-cc20-438e-b81c-33c90a3c029b d7084b42becf4b599e8970dfec32f5a2 29cf855aa6fd4a9f9704eaa2a21cf674 - - default default] Successfully bumped revision number for resource 6da8900d-9373-4e67-ab94-4b4d6d999aeb (type: security_group_rules) to 0
2026-06-27 10:10:07.556 9 INFO neutron.db.ovn_revision_numbers_db [None req-104dc539-cc20-438e-b81c-33c90a3c029b d7084b42becf4b599e8970dfec32f5a2 29cf855aa6fd4a9f9704eaa2a21cf674 - - default default] Successfully bumped revision number for resource 72defde3-2031-4996-8e9d-5c1e7a8c0d1d (type: security_group_rules) to 0
2026-06-27 10:10:07.575 9 INFO neutron.db.ovn_revision_numbers_db [None req-104dc539-cc20-438e-b81c-33c90a3c029b d7084b42becf4b599e8970dfec32f5a2 29cf855aa6fd4a9f9704eaa2a21cf674 - - default default] Successfully bumped revision number for resource f2a45224-b539-4f84-aec4-713709fff25d (type: security_group_rules) to 0
2026-06-27 10:10:07.605 9 INFO neutron.wsgi [None req-104dc539-cc20-438e-b81c-33c90a3c029b d7084b42becf4b599e8970dfec32f5a2 29cf855aa6fd4a9f9704eaa2a21cf674 - - default default] 10.0.0.56 "GET /v2.0/security-groups?tenant_id=f9650b3e905a414f8c168f1afa735c64&name=default HTTP/1.1" status: 200 len: 2996 time: 0.4470322
2026-06-27 10:10:07.818 9 INFO neutron.wsgi [None req-11519145-75eb-4e94-afb8-dc9257ab92b4 d7084b42becf4b599e8970dfec32f5a2 29cf855aa6fd4a9f9704eaa2a21cf674 - - default default] 10.0.0.56 "DELETE /v2.0/security-groups/3d84ba28-811d-47f1-ab21-868bbb4d7cf7 HTTP/1.1" status: 204 len: 168 time: 0.2084119
2026-06-27 10:10:08.028 10 INFO neutron.services.segments.plugin [-] Segment 73dc34d6-2369-403e-9308-853f20f85c3f resource provider aggregate not found
2026-06-27 10:10:08.033 10 INFO neutron.services.segments.plugin [-] Segment 73dc34d6-2369-403e-9308-853f20f85c3f resource provider aggregate not found
2026-06-27 10:10:08.046 10 INFO neutron.services.segments.plugin [-] Segment 73dc34d6-2369-403e-9308-853f20f85c3f resource provider not found; error: Placement Client Error (4xx): {"errors": [{"status": 404, "title": "Not Found", "detail": "The resource could not be found.\n\n No resource provider with uuid 73dc34d6-2369-403e-9308-853f20f85c3f found for delete ", "request_id": "req-69072955-ab53-4e09-bf3c-f360094457c0"}]}
2026-06-27 10:10:08.060 10 INFO neutron.services.segments.plugin [-] Segment 73dc34d6-2369-403e-9308-853f20f85c3f resource provider not found; error: Placement Client Error (4xx): {"errors": [{"status": 404, "title": "Not Found", "detail": "The resource could not be found.\n\n No resource provider with uuid 73dc34d6-2369-403e-9308-853f20f85c3f found for delete ", "request_id": "req-d9ffd64e-96d3-42f6-8bff-ba8639452e67"}]}
2026-06-27 10:10:08.062 9 INFO neutron.db.ovn_revision_numbers_db [None req-bbf1e835-a98d-4615-bdb3-c8afe021d04c d7084b42becf4b599e8970dfec32f5a2 29cf855aa6fd4a9f9704eaa2a21cf674 - - default default] Successfully bumped revision number for resource 2ec72d25-8536-4358-a669-484dd927b1c1 (type: security_groups) to 1
2026-06-27 10:10:08.077 9 INFO neutron.db.ovn_revision_numbers_db [None req-bbf1e835-a98d-4615-bdb3-c8afe021d04c d7084b42becf4b599e8970dfec32f5a2 29cf855aa6fd4a9f9704eaa2a21cf674 - - default default] Successfully bumped revision number for resource 07779c7d-df50-4c30-a2c9-4e26e3408c4c (type: security_group_rules) to 0
2026-06-27 10:10:08.084 10 INFO neutron.wsgi [None req-987e1d80-5b60-48a3-bf57-80893df8b1ad 7b37ca0b84b345a2bb876478fb9f1083 5906aff05e9045fb8180fdb258c97f3a - - default default] 10.0.0.56 "DELETE /v2.0/networks/f9b3235c-d0f0-48c8-8846-1c4c992561ba HTTP/1.1" status: 204 len: 168 time: 0.6714890
2026-06-27 10:10:08.089 9 INFO neutron.db.ovn_revision_numbers_db [None req-bbf1e835-a98d-4615-bdb3-c8afe021d04c d7084b42becf4b599e8970dfec32f5a2 29cf855aa6fd4a9f9704eaa2a21cf674 - - default default] Successfully bumped revision number for resource 2c9f9afe-8f5e-4581-b6d4-3743324325f6 (type: security_group_rules) to 0
2026-06-27 10:10:08.103 9 INFO neutron.db.ovn_revision_numbers_db [None req-bbf1e835-a98d-4615-bdb3-c8afe021d04c d7084b42becf4b599e8970dfec32f5a2 29cf855aa6fd4a9f9704eaa2a21cf674 - - default default] Successfully bumped revision number for resource 424871f8-5bcb-4ee2-8e6a-380e3a8dc8aa (type: security_group_rules) to 0
2026-06-27 10:10:08.112 10 INFO neutron.pecan_wsgi.hooks.translation [None req-58e2c41b-e66c-44da-89a5-3b8d43f2b96d 7b37ca0b84b345a2bb876478fb9f1083 5906aff05e9045fb8180fdb258c97f3a - - default default] DELETE failed (client error): The resource could not be found.
2026-06-27 10:10:08.114 10 INFO neutron.wsgi [None req-58e2c41b-e66c-44da-89a5-3b8d43f2b96d 7b37ca0b84b345a2bb876478fb9f1083 5906aff05e9045fb8180fdb258c97f3a - - default default] 10.0.0.56 "DELETE /v2.0/networks/f9b3235c-d0f0-48c8-8846-1c4c992561ba HTTP/1.1" status: 404 len: 339 time: 0.0237749
2026-06-27 10:10:08.120 9 INFO neutron.db.ovn_revision_numbers_db [None req-bbf1e835-a98d-4615-bdb3-c8afe021d04c d7084b42becf4b599e8970dfec32f5a2 29cf855aa6fd4a9f9704eaa2a21cf674 - - default default] Successfully bumped revision number for resource b52d95a7-332c-47e5-bbd5-92d681b8f601 (type: security_group_rules) to 0
2026-06-27 10:10:08.142 9 INFO neutron.wsgi [None req-bbf1e835-a98d-4615-bdb3-c8afe021d04c d7084b42becf4b599e8970dfec32f5a2 29cf855aa6fd4a9f9704eaa2a21cf674 - - default default] 10.0.0.56 "GET /v2.0/security-groups?tenant_id=d825eb1c82bd483892cc17ff5b9a0ad4&name=default HTTP/1.1" status: 200 len: 2996 time: 0.1997797
2026-06-27 10:10:08.234 10 INFO neutron.wsgi [None req-29783822-1b5d-4268-9c38-4917059ebc30 7b37ca0b84b345a2bb876478fb9f1083 5906aff05e9045fb8180fdb258c97f3a - - default default] 10.0.0.56 "GET /v2.0/networks?router%3Aexternal=True HTTP/1.1" status: 200 len: 845 time: 0.1110704
2026-06-27 10:10:08.285 9 INFO neutron.wsgi [None req-3a0c3ba4-4e30-427e-a270-3176f2ed2dda 7b37ca0b84b345a2bb876478fb9f1083 5906aff05e9045fb8180fdb258c97f3a - - default default] 10.0.0.56 "GET /v2.0/subnets?network_id=1ddad0f5-ab54-474a-af7f-1e97fdf84420 HTTP/1.1" status: 200 len: 820 time: 0.0425427
2026-06-27 10:10:08.296 9 INFO neutron.wsgi [None req-d780a675-2fb0-4032-bd7f-dfca9ac3b1a9 7b37ca0b84b345a2bb876478fb9f1083 5906aff05e9045fb8180fdb258c97f3a - - default default] 10.0.0.56 "GET /v2.0/extensions HTTP/1.1" status: 200 len: 16520 time: 0.0050724
2026-06-27 10:10:08.690 9 INFO neutron.wsgi [None req-d223c1a5-cecc-4b32-9e0c-1b4aa25eafcd 7b37ca0b84b345a2bb876478fb9f1083 5906aff05e9045fb8180fdb258c97f3a - - default default] 10.0.0.56 "GET /v2.0/networks HTTP/1.1" status: 200 len: 1503 time: 0.3858256
2026-06-27 10:10:08.724 9 INFO neutron.wsgi [None req-91156e90-7ad8-425f-851a-663e71efdb3e d7084b42becf4b599e8970dfec32f5a2 29cf855aa6fd4a9f9704eaa2a21cf674 - - default default] 10.0.0.56 "DELETE /v2.0/security-groups/2ec72d25-8536-4358-a669-484dd927b1c1 HTTP/1.1" status: 204 len: 168 time: 0.5778112
2026-06-27 10:10:08.746 9 INFO neutron.wsgi [req-14feaced-f2ab-4b00-82a5-ba4a5e144cf7 req-bef439be-376a-420e-b848-52e1508c1737 dfb440b915ca4f7bbbfb5006eca8a0ae 9a00310324314d5e918076dd2c3fd0e0 - - default default] 10.0.0.87 "GET /v2.0/ports?device_id=0105fe1d-0916-49af-9bd4-d9a6a7321418 HTTP/1.1" status: 200 len: 1400 time: 0.1045628
2026-06-27 10:10:08.766 10 INFO neutron.wsgi [None req-c5dcca55-c1bf-4b5b-b47f-a80cdc905308 7b37ca0b84b345a2bb876478fb9f1083 5906aff05e9045fb8180fdb258c97f3a - - default default] 10.0.0.56 "GET /v2.0/subnets HTTP/1.1" status: 200 len: 1428 time: 0.0630739
2026-06-27 10:10:08.802 9 INFO neutron.wsgi [req-14feaced-f2ab-4b00-82a5-ba4a5e144cf7 req-7e0d1b17-34ae-4fa4-95c7-1b89f6a6ac1c dfb440b915ca4f7bbbfb5006eca8a0ae 9a00310324314d5e918076dd2c3fd0e0 - - default default] 10.0.0.87 "GET /v2.0/security-groups?id=ae1d6027-47fc-4b41-83c8-29f84d42fdc2&fields=id&fields=name HTTP/1.1" status: 200 len: 310 time: 0.0504789
2026-06-27 10:10:08.842 9 INFO neutron.wsgi [None req-263e5999-7a9b-4513-819b-bab3cd5e2833 7b37ca0b84b345a2bb876478fb9f1083 5906aff05e9045fb8180fdb258c97f3a - - default default] 10.0.0.56 "GET /v2.0/networks/cfda2fc3-391f-46b6-b133-2c5dd7ca99df HTTP/1.1" status: 200 len: 862 time: 0.0677147
2026-06-27 10:10:08.885 9 INFO neutron.wsgi [None req-03153939-f20c-4205-8b1e-81ee3b9fc168 7b37ca0b84b345a2bb876478fb9f1083 5906aff05e9045fb8180fdb258c97f3a - - default default] 10.0.0.56 "GET /v2.0/subnets/cbc025d4-657d-4900-b4bf-c5445892fe42 HTTP/1.1" status: 200 len: 811 time: 0.0367198
2026-06-27 10:10:08.906 9 INFO neutron.pecan_wsgi.hooks.translation [None req-46ee54a3-6bda-4090-9cd8-e6c2382913f7 7b37ca0b84b345a2bb876478fb9f1083 5906aff05e9045fb8180fdb258c97f3a - - default default] DELETE failed (client error): The resource could not be found.
2026-06-27 10:10:08.908 9 INFO neutron.wsgi [None req-46ee54a3-6bda-4090-9cd8-e6c2382913f7 7b37ca0b84b345a2bb876478fb9f1083 5906aff05e9045fb8180fdb258c97f3a - - default default] 10.0.0.56 "DELETE /v2.0/subnets/f25a5f37-0a79-4af4-ac98-f9981da0e8b9 HTTP/1.1" status: 404 len: 337 time: 0.0180771
2026-06-27 10:10:08.928 9 INFO neutron.pecan_wsgi.hooks.translation [None req-4efec008-bbbb-4753-aa7f-60036ae84403 7b37ca0b84b345a2bb876478fb9f1083 5906aff05e9045fb8180fdb258c97f3a - - default default] DELETE failed (client error): The resource could not be found.
2026-06-27 10:10:08.930 9 INFO neutron.wsgi [None req-4efec008-bbbb-4753-aa7f-60036ae84403 7b37ca0b84b345a2bb876478fb9f1083 5906aff05e9045fb8180fdb258c97f3a - - default default] 10.0.0.56 "DELETE /v2.0/networks/f9b3235c-d0f0-48c8-8846-1c4c992561ba HTTP/1.1" status: 404 len: 339 time: 0.0169952
2026-06-27 10:10:08.932 10 INFO neutron.wsgi [None req-67b0e8f7-dabd-4a8b-b254-4453e3decbd5 dfb440b915ca4f7bbbfb5006eca8a0ae 9a00310324314d5e918076dd2c3fd0e0 - - default default] 10.0.0.56 "GET /v2.0/ports?network_id=b654258a-be6e-4e54-a283-9689849aecd9&mac_address=fa%3A16%3A3e%3Aad%3A92%3A3d HTTP/1.1" status: 200 len: 1395 time: 0.0999224
2026-06-27 10:10:09.095 9 INFO neutron.db.ovn_revision_numbers_db [None req-691bee54-618c-410f-9661-b6cfd5cc1ac7 d7084b42becf4b599e8970dfec32f5a2 29cf855aa6fd4a9f9704eaa2a21cf674 - - default default] Successfully bumped revision number for resource e24df61d-f5b2-4d76-b83e-15bc438661ea (type: security_groups) to 1
2026-06-27 10:10:09.124 9 INFO neutron.db.ovn_revision_numbers_db [None req-691bee54-618c-410f-9661-b6cfd5cc1ac7 d7084b42becf4b599e8970dfec32f5a2 29cf855aa6fd4a9f9704eaa2a21cf674 - - default default] Successfully bumped revision number for resource 25cf7890-38be-4ca0-bb0d-78c1b7bdea17 (type: security_group_rules) to 0
2026-06-27 10:10:09.151 9 INFO neutron.db.ovn_revision_numbers_db [None req-691bee54-618c-410f-9661-b6cfd5cc1ac7 d7084b42becf4b599e8970dfec32f5a2 29cf855aa6fd4a9f9704eaa2a21cf674 - - default default] Successfully bumped revision number for resource 889ec486-9f17-4618-b9cb-cbaa7bc9ad45 (type: security_group_rules) to 0
2026-06-27 10:10:09.177 10 INFO neutron.wsgi [None req-2acf721a-42f3-4ab1-82ff-f36865249d23 7b37ca0b84b345a2bb876478fb9f1083 5906aff05e9045fb8180fdb258c97f3a - - default default] 10.0.0.56 "DELETE /v2.0/subnets/cbc025d4-657d-4900-b4bf-c5445892fe42 HTTP/1.1" status: 204 len: 168 time: 0.2422326
2026-06-27 10:10:09.181 9 INFO neutron.db.ovn_revision_numbers_db [None req-691bee54-618c-410f-9661-b6cfd5cc1ac7 d7084b42becf4b599e8970dfec32f5a2 29cf855aa6fd4a9f9704eaa2a21cf674 - - default default] Successfully bumped revision number for resource cecc517b-7eaa-4b8c-b0cc-9b2e5e88eca6 (type: security_group_rules) to 0
2026-06-27 10:10:09.208 9 INFO neutron.db.ovn_revision_numbers_db [None req-691bee54-618c-410f-9661-b6cfd5cc1ac7 d7084b42becf4b599e8970dfec32f5a2 29cf855aa6fd4a9f9704eaa2a21cf674 - - default default] Successfully bumped revision number for resource e1ca643b-363c-4bf6-90aa-0503548ca9d8 (type: security_group_rules) to 0
2026-06-27 10:10:09.244 9 INFO neutron.wsgi [None req-691bee54-618c-410f-9661-b6cfd5cc1ac7 d7084b42becf4b599e8970dfec32f5a2 29cf855aa6fd4a9f9704eaa2a21cf674 - - default default] 10.0.0.56 "GET /v2.0/security-groups?tenant_id=77798b43debb44e98393e16764ba2d70&name=default HTTP/1.1" status: 200 len: 2996 time: 0.3263385
2026-06-27 10:10:09.292 9 WARNING neutron.scheduler.dhcp_agent_scheduler [None req-bf5227cf-53f2-47b0-91a0-4ffa66d294b4 dfb440b915ca4f7bbbfb5006eca8a0ae 9a00310324314d5e918076dd2c3fd0e0 - - default default] No more DHCP agents
2026-06-27 10:10:09.301 9 WARNING neutron.api.rpc.agentnotifiers.dhcp_rpc_agent_api [None req-bf5227cf-53f2-47b0-91a0-4ffa66d294b4 dfb440b915ca4f7bbbfb5006eca8a0ae 9a00310324314d5e918076dd2c3fd0e0 - - default default] Unable to schedule network 1ddad0f5-ab54-474a-af7f-1e97fdf84420: no agents available; will retry on subsequent port and subnet creation events.
2026-06-27 10:10:09.623 10 INFO neutron.wsgi [None req-12a332c8-cc48-4357-a2db-0b0d55e06214 d7084b42becf4b599e8970dfec32f5a2 29cf855aa6fd4a9f9704eaa2a21cf674 - - default default] 10.0.0.56 "DELETE /v2.0/security-groups/e24df61d-f5b2-4d76-b83e-15bc438661ea HTTP/1.1" status: 204 len: 168 time: 0.3714705
2026-06-27 10:10:09.701 10 INFO neutron.wsgi [None req-45eed466-46b6-4f1a-a06f-0a06b5c05af4 7b37ca0b84b345a2bb876478fb9f1083 5906aff05e9045fb8180fdb258c97f3a - - default default] 10.0.0.56 "DELETE /v2.0/networks/cfda2fc3-391f-46b6-b133-2c5dd7ca99df HTTP/1.1" status: 204 len: 168 time: 0.5189309
2026-06-27 10:10:09.822 9 INFO neutron.db.l3_db [None req-bf5227cf-53f2-47b0-91a0-4ffa66d294b4 dfb440b915ca4f7bbbfb5006eca8a0ae 9a00310324314d5e918076dd2c3fd0e0 - - default default] Floating IP 87b91968-6103-42ee-8bd4-fdb90f6ea024 associated. External IP: 10.96.250.216, port: aa967560-95dd-49c3-9807-2708be6acc63.
2026-06-27 10:10:10.072 10 INFO neutron.services.segments.plugin [-] Segment c6fe90f8-bfc2-44bc-8a5f-3556f21de927 resource provider aggregate not found
2026-06-27 10:10:10.077 9 INFO neutron.db.ovn_revision_numbers_db [None req-bf5227cf-53f2-47b0-91a0-4ffa66d294b4 dfb440b915ca4f7bbbfb5006eca8a0ae 9a00310324314d5e918076dd2c3fd0e0 - - default default] Successfully bumped revision number for resource 87b91968-6103-42ee-8bd4-fdb90f6ea024 (type: floatingips) to 0
2026-06-27 10:10:10.090 10 INFO neutron.services.segments.plugin [-] Segment c6fe90f8-bfc2-44bc-8a5f-3556f21de927 resource provider not found; error: Placement Client Error (4xx): {"errors": [{"status": 404, "title": "Not Found", "detail": "The resource could not be found.\n\n No resource provider with uuid c6fe90f8-bfc2-44bc-8a5f-3556f21de927 found for delete ", "request_id": "req-8ba47e60-b551-4807-acf3-db2d9641be20"}]}
2026-06-27 10:10:10.195 10 INFO neutron.services.segments.plugin [-] Segment c6fe90f8-bfc2-44bc-8a5f-3556f21de927 resource provider aggregate not found
2026-06-27 10:10:10.200 9 INFO neutron.db.ovn_revision_numbers_db [None req-bf5227cf-53f2-47b0-91a0-4ffa66d294b4 dfb440b915ca4f7bbbfb5006eca8a0ae 9a00310324314d5e918076dd2c3fd0e0 - - default default] Successfully bumped revision number for resource 87b91968-6103-42ee-8bd4-fdb90f6ea024 (type: floatingips) to 1
2026-06-27 10:10:10.225 10 INFO neutron.services.segments.plugin [-] Segment c6fe90f8-bfc2-44bc-8a5f-3556f21de927 resource provider not found; error: Placement Client Error (4xx): {"errors": [{"status": 404, "title": "Not Found", "detail": "The resource could not be found.\n\n No resource provider with uuid c6fe90f8-bfc2-44bc-8a5f-3556f21de927 found for delete ", "request_id": "req-32e61db9-6161-4d04-b908-1ed4493ea5a1"}]}
2026-06-27 10:10:10.236 9 INFO neutron.wsgi [None req-bf5227cf-53f2-47b0-91a0-4ffa66d294b4 dfb440b915ca4f7bbbfb5006eca8a0ae 9a00310324314d5e918076dd2c3fd0e0 - - default default] 10.0.0.56 "POST /v2.0/floatingips HTTP/1.1" status: 201 len: 1054 time: 1.3007190
2026-06-27 10:10:10.277 9 INFO neutron.notifiers.nova [-] Nova event matching ['req-d9cab4bc-a60c-4a94-ba46-addb3ae84bbc'] response: {'name': 'network-changed', 'server_uuid': '0105fe1d-0916-49af-9bd4-d9a6a7321418', 'tag': 'aa967560-95dd-49c3-9807-2708be6acc63', 'status': 'completed', 'code': 200}
2026-06-27 10:10:10.360 10 INFO neutron.wsgi [req-4a395193-40c8-4bc2-97f0-ba626e200a0d req-b145de18-0a76-4abc-bfcd-591755f7b0e2 b06a8ef406b64a53b92cc7175f827a1d ee04220336ac416da3ce6298b8609a20 - - 37f3b442b15a4d2c802eb8f99e1e291c 37f3b442b15a4d2c802eb8f99e1e291c] 199.204.45.57 "GET /v2.0/ports?tenant_id=9a00310324314d5e918076dd2c3fd0e0&device_id=0105fe1d-0916-49af-9bd4-d9a6a7321418 HTTP/1.1" status: 200 len: 1638 time: 0.0617137
2026-06-27 10:10:10.428 10 INFO neutron.wsgi [req-b8c9d133-c598-4c42-8a97-15a3ff91537d req-8f3dddfa-5916-4fb7-aab4-701245aeefc0 dfb440b915ca4f7bbbfb5006eca8a0ae 9a00310324314d5e918076dd2c3fd0e0 - - default default] 10.0.0.87 "GET /v2.0/security-groups?name=tempest-lb_member_SG-628204503&fields=id&tenant_id=9a00310324314d5e918076dd2c3fd0e0 HTTP/1.1" status: 200 len: 267 time: 0.1011932
2026-06-27 10:10:10.512 10 INFO neutron.wsgi [None req-0ebf293e-558b-40e8-958b-e735febf3284 d7084b42becf4b599e8970dfec32f5a2 29cf855aa6fd4a9f9704eaa2a21cf674 - - default default] 10.0.0.56 "GET /v2.0/security-groups?tenant_id=5906aff05e9045fb8180fdb258c97f3a&name=default HTTP/1.1" status: 200 len: 2996 time: 0.2446594 /var/lib/openstack/lib/python3.10/site-packages/pycadf/identifier.py:71: UserWarning: Invalid uuid: neutron. To ensure interoperability, identifiers should be a valid uuid. warnings.warn(('Invalid uuid: %s. To ensure interoperability, '
2026-06-27 10:10:10.542 10 INFO neutron.wsgi [req-4a395193-40c8-4bc2-97f0-ba626e200a0d req-2bb4cf50-2e11-4500-9a97-65f499429b00 b06a8ef406b64a53b92cc7175f827a1d ee04220336ac416da3ce6298b8609a20 - - 37f3b442b15a4d2c802eb8f99e1e291c 37f3b442b15a4d2c802eb8f99e1e291c] 199.204.45.57 "GET /v2.0/networks?id=b654258a-be6e-4e54-a283-9689849aecd9 HTTP/1.1" status: 200 len: 1002 time: 0.1739318
2026-06-27 10:10:10.564 10 INFO neutron.wsgi [req-b8c9d133-c598-4c42-8a97-15a3ff91537d req-64f92608-e47e-45df-825c-770969ea5620 dfb440b915ca4f7bbbfb5006eca8a0ae 9a00310324314d5e918076dd2c3fd0e0 - - default default] 10.0.0.87 "GET /v2.0/networks?id=22ea5bc1-c64c-4db3-bcb1-385d312935cb HTTP/1.1" status: 200 len: 902 time: 0.1188672
2026-06-27 10:10:10.592 10 INFO neutron.wsgi [req-b8c9d133-c598-4c42-8a97-15a3ff91537d req-c02d13f7-01c1-4788-9174-28c267ba5b30 dfb440b915ca4f7bbbfb5006eca8a0ae 9a00310324314d5e918076dd2c3fd0e0 - - default default] 10.0.0.87 "GET /v2.0/quotas/9a00310324314d5e918076dd2c3fd0e0 HTTP/1.1" status: 200 len: 386 time: 0.0171809
2026-06-27 10:10:10.600 10 INFO neutron.wsgi [req-4a395193-40c8-4bc2-97f0-ba626e200a0d req-d49496db-7224-453b-a803-ef510a5cdff2 b06a8ef406b64a53b92cc7175f827a1d ee04220336ac416da3ce6298b8609a20 - - 37f3b442b15a4d2c802eb8f99e1e291c 37f3b442b15a4d2c802eb8f99e1e291c] 199.204.45.57 "GET /v2.0/floatingips?fixed_ip_address=10.2.1.112&port_id=aa967560-95dd-49c3-9807-2708be6acc63 HTTP/1.1" status: 200 len: 1059 time: 0.0496097
2026-06-27 10:10:10.678 10 INFO neutron.wsgi [req-4a395193-40c8-4bc2-97f0-ba626e200a0d req-012d593a-6b07-4037-a0b7-3a51bfeaa47a b06a8ef406b64a53b92cc7175f827a1d ee04220336ac416da3ce6298b8609a20 - - 37f3b442b15a4d2c802eb8f99e1e291c 37f3b442b15a4d2c802eb8f99e1e291c] 199.204.45.57 "GET /v2.0/floatingips?fixed_ip_address=fd7b%3Af9f7%3Afff%3A4eca%3A%3A17d&port_id=aa967560-95dd-49c3-9807-2708be6acc63 HTTP/1.1" status: 200 len: 217 time: 0.0651686
2026-06-27 10:10:10.739 9 INFO neutron.wsgi [None req-eee66089-0dd9-4d65-aa95-08200e030771 d7084b42becf4b599e8970dfec32f5a2 29cf855aa6fd4a9f9704eaa2a21cf674 - - default default] 10.0.0.56 "DELETE /v2.0/security-groups/6c1faa40-e088-48d4-a2a7-10baada62eac HTTP/1.1" status: 204 len: 168 time: 0.2186780
2026-06-27 10:10:10.739 10 INFO neutron.wsgi [req-4a395193-40c8-4bc2-97f0-ba626e200a0d req-42179d5e-54c0-401c-96bd-4aec5794b9cb b06a8ef406b64a53b92cc7175f827a1d ee04220336ac416da3ce6298b8609a20 - - 37f3b442b15a4d2c802eb8f99e1e291c 37f3b442b15a4d2c802eb8f99e1e291c] 199.204.45.57 "GET /v2.0/subnets?id=3c1ad910-3f05-4d32-803f-6ec96671ad58&id=cbc19315-d754-4351-9bc2-d9510297344c HTTP/1.1" status: 200 len: 1562 time: 0.0533991
2026-06-27 10:10:10.787 10 INFO neutron.wsgi [req-4a395193-40c8-4bc2-97f0-ba626e200a0d req-3fafcdcf-825f-4e72-a37a-1ba11a9a176e b06a8ef406b64a53b92cc7175f827a1d ee04220336ac416da3ce6298b8609a20 - - 37f3b442b15a4d2c802eb8f99e1e291c 37f3b442b15a4d2c802eb8f99e1e291c] 199.204.45.57 "GET /v2.0/ports?network_id=b654258a-be6e-4e54-a283-9689849aecd9&device_owner=network%3Adhcp HTTP/1.1" status: 200 len: 210 time: 0.0304022
2026-06-27 10:10:10.822 10 INFO neutron.wsgi [req-4a395193-40c8-4bc2-97f0-ba626e200a0d req-f500836f-7c0d-409f-8432-d1b829e2b7c4 b06a8ef406b64a53b92cc7175f827a1d ee04220336ac416da3ce6298b8609a20 - - 37f3b442b15a4d2c802eb8f99e1e291c 37f3b442b15a4d2c802eb8f99e1e291c] 199.204.45.57 "GET /v2.0/ports?network_id=b654258a-be6e-4e54-a283-9689849aecd9&device_owner=network%3Adhcp HTTP/1.1" status: 200 len: 210 time: 0.0279477
2026-06-27 10:10:10.902 10 INFO neutron.wsgi [req-b8c9d133-c598-4c42-8a97-15a3ff91537d req-2a9e9755-3ce8-4ac8-baba-d01ef4b1d2ba dfb440b915ca4f7bbbfb5006eca8a0ae 9a00310324314d5e918076dd2c3fd0e0 - - default default] 10.0.0.87 "GET /v2.0/ports?tenant_id=9a00310324314d5e918076dd2c3fd0e0&fields=id HTTP/1.1" status: 200 len: 532 time: 0.3017213
2026-06-27 10:10:10.909 10 INFO neutron.wsgi [req-4a395193-40c8-4bc2-97f0-ba626e200a0d req-a194548c-851c-4875-ae9e-659e7cc91438 b06a8ef406b64a53b92cc7175f827a1d ee04220336ac416da3ce6298b8609a20 - - 37f3b442b15a4d2c802eb8f99e1e291c 37f3b442b15a4d2c802eb8f99e1e291c] 199.204.45.57 "GET /v2.0/networks/b654258a-be6e-4e54-a283-9689849aecd9?fields=segments HTTP/1.1" status: 200 len: 212 time: 0.0784562
2026-06-27 10:10:11.015 10 INFO neutron.wsgi [req-4a395193-40c8-4bc2-97f0-ba626e200a0d req-24af9833-82fe-4dcf-998e-a93a2467cf8d b06a8ef406b64a53b92cc7175f827a1d ee04220336ac416da3ce6298b8609a20 - - 37f3b442b15a4d2c802eb8f99e1e291c 37f3b442b15a4d2c802eb8f99e1e291c] 199.204.45.57 "GET /v2.0/networks/b654258a-be6e-4e54-a283-9689849aecd9?fields=provider%3Aphysical_network&fields=provider%3Anetwork_type HTTP/1.1" status: 200 len: 277 time: 0.0994565
2026-06-27 10:10:11.023 10 INFO neutron.wsgi [req-b8c9d133-c598-4c42-8a97-15a3ff91537d req-eaeccda4-5617-48db-929d-a922cb387da5 b06a8ef406b64a53b92cc7175f827a1d ee04220336ac416da3ce6298b8609a20 - - 37f3b442b15a4d2c802eb8f99e1e291c 37f3b442b15a4d2c802eb8f99e1e291c] 10.0.0.87 "GET /v2.0/networks/22ea5bc1-c64c-4db3-bcb1-385d312935cb?fields=segments HTTP/1.1" status: 200 len: 212 time: 0.0985284
2026-06-27 10:10:11.128 10 INFO neutron.wsgi [req-b8c9d133-c598-4c42-8a97-15a3ff91537d req-5a309b36-ae36-4af9-b1cf-ace94a47e708 b06a8ef406b64a53b92cc7175f827a1d ee04220336ac416da3ce6298b8609a20 - - 37f3b442b15a4d2c802eb8f99e1e291c 37f3b442b15a4d2c802eb8f99e1e291c] 10.0.0.87 "GET /v2.0/networks/22ea5bc1-c64c-4db3-bcb1-385d312935cb?fields=provider%3Aphysical_network&fields=provider%3Anetwork_type HTTP/1.1" status: 200 len: 277 time: 0.0946107
2026-06-27 10:10:11.239 10 INFO neutron.wsgi [req-6c9d65d6-1422-40cf-ad15-fffbdb76dd53 req-6eaa6e3f-f619-4d64-9032-cd26b6519ea0 b06a8ef406b64a53b92cc7175f827a1d ee04220336ac416da3ce6298b8609a20 - - 37f3b442b15a4d2c802eb8f99e1e291c 37f3b442b15a4d2c802eb8f99e1e291c] 199.204.45.57 "GET /v2.0/ports?device_id=f5b9e3c8-cd09-4350-8628-58969bb2a1f8&fields=binding%3Ahost_id&fields=binding%3Avif_type HTTP/1.1" status: 200 len: 265 time: 0.0528820
2026-06-27 10:10:11.322 10 INFO neutron.wsgi [req-6c9d65d6-1422-40cf-ad15-fffbdb76dd53 req-88e89734-b3c5-409a-b2f8-6d6262c9ecc5 b06a8ef406b64a53b92cc7175f827a1d ee04220336ac416da3ce6298b8609a20 - - 37f3b442b15a4d2c802eb8f99e1e291c 37f3b442b15a4d2c802eb8f99e1e291c] 199.204.45.57 "GET /v2.0/ports?tenant_id=f0d6ab3d15d341f68933e3d9c02f5111&device_id=f5b9e3c8-cd09-4350-8628-58969bb2a1f8 HTTP/1.1" status: 200 len: 1409 time: 0.0410895
2026-06-27 10:10:11.324 9 INFO neutron.wsgi [req-0f4c0436-330c-4358-9252-049c6a4452eb req-f3711dc6-3fec-40c9-b7d5-6e86b3840d83 dfb440b915ca4f7bbbfb5006eca8a0ae 9a00310324314d5e918076dd2c3fd0e0 - - default default] 10.0.0.87 "GET /v2.0/ports?device_id=d11f63f6-5e50-4270-bef3-5aa59b0eb5d9 HTTP/1.1" status: 200 len: 210 time: 0.0277436
2026-06-27 10:10:11.432 10 INFO neutron.wsgi [req-6c9d65d6-1422-40cf-ad15-fffbdb76dd53 req-1bb53038-dbe8-4f3b-9982-14360061bed5 b06a8ef406b64a53b92cc7175f827a1d ee04220336ac416da3ce6298b8609a20 - - 37f3b442b15a4d2c802eb8f99e1e291c 37f3b442b15a4d2c802eb8f99e1e291c] 199.204.45.57 "GET /v2.0/networks?id=4fff5397-4dd6-490b-8fc7-a0c05545dc50 HTTP/1.1" status: 200 len: 958 time: 0.0741150
2026-06-27 10:10:11.486 10 INFO neutron.wsgi [req-6c9d65d6-1422-40cf-ad15-fffbdb76dd53 req-7e6c6a20-64d4-4f60-a536-6107b792d492 b06a8ef406b64a53b92cc7175f827a1d ee04220336ac416da3ce6298b8609a20 - - 37f3b442b15a4d2c802eb8f99e1e291c 37f3b442b15a4d2c802eb8f99e1e291c] 199.204.45.57 "GET /v2.0/floatingips?fixed_ip_address=10.100.0.8&port_id=924484ae-87cd-42c4-86c9-7e39c4fdfddb HTTP/1.1" status: 200 len: 1059 time: 0.0468159
