2026-06-27 10:12:04.323 10 INFO neutron.wsgi [req-05e06837-8378-4aa3-9691-c64c3ce5e9c1 req-6d4618e3-d0a8-49e9-9afa-4e4aaa0d7370 b06a8ef406b64a53b92cc7175f827a1d ee04220336ac416da3ce6298b8609a20 - - 37f3b442b15a4d2c802eb8f99e1e291c 37f3b442b15a4d2c802eb8f99e1e291c] 199.204.45.57 "GET /v2.0/networks/22ea5bc1-c64c-4db3-bcb1-385d312935cb?fields=segments HTTP/1.1" status: 200 len: 212 time: 0.0864742
2026-06-27 10:12:04.387 9 INFO neutron.wsgi [None req-67902a09-416b-4677-adc3-7fa6e9a6dfe3 79f9cd975ce54037a12c01319a616ecd 4705f91bbe564d42b12ca67dafcf4e85 - - default default] 10.0.0.56 "GET /v2.0/subnets?not-tags=red%2Cblue HTTP/1.1" status: 200 len: 2615 time: 0.0821192
2026-06-27 10:12:04.400 10 INFO neutron.wsgi [req-05e06837-8378-4aa3-9691-c64c3ce5e9c1 req-89674b03-ec72-4708-8b07-ed7b24fedf08 b06a8ef406b64a53b92cc7175f827a1d ee04220336ac416da3ce6298b8609a20 - - 37f3b442b15a4d2c802eb8f99e1e291c 37f3b442b15a4d2c802eb8f99e1e291c] 199.204.45.57 "GET /v2.0/networks/22ea5bc1-c64c-4db3-bcb1-385d312935cb?fields=provider%3Aphysical_network&fields=provider%3Anetwork_type HTTP/1.1" status: 200 len: 277 time: 0.0675852
2026-06-27 10:12:04.486 9 INFO neutron.wsgi [None req-0392d075-66fc-485b-9416-1040e6641a41 79f9cd975ce54037a12c01319a616ecd 4705f91bbe564d42b12ca67dafcf4e85 - - default default] 10.0.0.56 "GET /v2.0/subnets?not-tags-any=blue HTTP/1.1" status: 200 len: 2615 time: 0.0930715
2026-06-27 10:12:04.499 10 INFO neutron.wsgi [req-05e06837-8378-4aa3-9691-c64c3ce5e9c1 req-cafd054f-777d-4513-b0c3-499183cc3d2b d7084b42becf4b599e8970dfec32f5a2 29cf855aa6fd4a9f9704eaa2a21cf674 - - default default] 199.204.45.57 "GET /v2.0/networks?id=22ea5bc1-c64c-4db3-bcb1-385d312935cb HTTP/1.1" status: 200 len: 1001 time: 0.0807285
2026-06-27 10:12:04.544 9 INFO neutron.wsgi [None req-a4077087-5c60-4be1-81b6-fe124a1dcdca 79f9cd975ce54037a12c01319a616ecd 4705f91bbe564d42b12ca67dafcf4e85 - - default default] 10.0.0.56 "GET /v2.0/subnets?not-tags-any=red%2Cblue HTTP/1.1" status: 200 len: 2018 time: 0.0511632
2026-06-27 10:12:04.782 9 INFO neutron.wsgi [None req-4385673d-372a-49d4-ba96-14dacc3e177d 79f9cd975ce54037a12c01319a616ecd 4705f91bbe564d42b12ca67dafcf4e85 - - default default] 10.0.0.56 "DELETE /v2.0/subnets/9293a2d4-54ab-4b6d-98c5-fe2d02158c16 HTTP/1.1" status: 204 len: 168 time: 0.2315996
2026-06-27 10:12:04.858 10 WARNING neutron.scheduler.dhcp_agent_scheduler [req-05e06837-8378-4aa3-9691-c64c3ce5e9c1 req-9c5a7cb3-7684-489a-9b78-577bfacd6da1 d7084b42becf4b599e8970dfec32f5a2 29cf855aa6fd4a9f9704eaa2a21cf674 - - default default] No more DHCP agents
2026-06-27 10:12:04.860 10 WARNING neutron.api.rpc.agentnotifiers.dhcp_rpc_agent_api [req-05e06837-8378-4aa3-9691-c64c3ce5e9c1 req-9c5a7cb3-7684-489a-9b78-577bfacd6da1 d7084b42becf4b599e8970dfec32f5a2 29cf855aa6fd4a9f9704eaa2a21cf674 - - default default] Unable to schedule network 22ea5bc1-c64c-4db3-bcb1-385d312935cb: no agents available; will retry on subsequent port and subnet creation events.
2026-06-27 10:12:05.016 9 INFO neutron.wsgi [None req-08607f0c-b1dd-4492-87cc-6b773267a912 79f9cd975ce54037a12c01319a616ecd 4705f91bbe564d42b12ca67dafcf4e85 - - default default] 10.0.0.56 "DELETE /v2.0/subnets/77f33f9a-1854-4f2f-87f5-58138913c6a6 HTTP/1.1" status: 204 len: 168 time: 0.2275231
2026-06-27 10:12:05.091 10 INFO neutron.db.ovn_revision_numbers_db [req-05e06837-8378-4aa3-9691-c64c3ce5e9c1 req-9c5a7cb3-7684-489a-9b78-577bfacd6da1 d7084b42becf4b599e8970dfec32f5a2 29cf855aa6fd4a9f9704eaa2a21cf674 - - default default] Successfully bumped revision number for resource 84671697-fec7-4818-8e8c-febfe4e9a71e (type: ports) to 1
2026-06-27 10:12:05.114 10 INFO neutron.wsgi [req-05e06837-8378-4aa3-9691-c64c3ce5e9c1 req-9c5a7cb3-7684-489a-9b78-577bfacd6da1 d7084b42becf4b599e8970dfec32f5a2 29cf855aa6fd4a9f9704eaa2a21cf674 - - default default] 199.204.45.57 "POST /v2.0/ports HTTP/1.1" status: 201 len: 1512 time: 0.6018605 /var/lib/openstack/lib/python3.10/site-packages/pycadf/identifier.py:71: UserWarning: Invalid uuid: neutron. To ensure interoperability, identifiers should be a valid uuid. warnings.warn(('Invalid uuid: %s. To ensure interoperability, '
2026-06-27 10:12:05.230 9 INFO neutron.wsgi [None req-7741edaf-8280-4515-bdf3-e0c4790736f3 79f9cd975ce54037a12c01319a616ecd 4705f91bbe564d42b12ca67dafcf4e85 - - default default] 10.0.0.56 "DELETE /v2.0/subnets/01a7b890-fd4a-45c2-8f3b-d44cbd7c21fa HTTP/1.1" status: 204 len: 168 time: 0.2060547
2026-06-27 10:12:05.436 9 INFO neutron.wsgi [None req-4e7502b2-eb46-4d85-97ff-62b50d4807f0 79f9cd975ce54037a12c01319a616ecd 4705f91bbe564d42b12ca67dafcf4e85 - - default default] 10.0.0.56 "DELETE /v2.0/subnets/f74e586c-719d-4c88-b728-6828f16a4223 HTTP/1.1" status: 204 len: 168 time: 0.2011654
2026-06-27 10:12:05.688 10 INFO neutron.db.ovn_revision_numbers_db [req-05e06837-8378-4aa3-9691-c64c3ce5e9c1 req-7e2c96c9-2b70-4e39-bee6-99c4d0b609f0 b06a8ef406b64a53b92cc7175f827a1d ee04220336ac416da3ce6298b8609a20 - - 37f3b442b15a4d2c802eb8f99e1e291c 37f3b442b15a4d2c802eb8f99e1e291c] Successfully bumped revision number for resource 84671697-fec7-4818-8e8c-febfe4e9a71e (type: ports) to 2
2026-06-27 10:12:05.743 10 INFO neutron.wsgi [None req-54ab3671-21c4-42a5-88ef-afe2635e2423 79f9cd975ce54037a12c01319a616ecd 4705f91bbe564d42b12ca67dafcf4e85 - - default default] 10.0.0.56 "DELETE /v2.0/subnets/5f599bd5-4091-4ac9-8251-b0caeae6d8c1 HTTP/1.1" status: 204 len: 168 time: 0.3001804 /var/lib/openstack/lib/python3.10/site-packages/pycadf/identifier.py:71: UserWarning: Invalid uuid: neutron. To ensure interoperability, identifiers should be a valid uuid. warnings.warn(('Invalid uuid: %s. To ensure interoperability, '
2026-06-27 10:12:05.998 10 INFO neutron.db.ovn_revision_numbers_db [req-05e06837-8378-4aa3-9691-c64c3ce5e9c1 req-7e2c96c9-2b70-4e39-bee6-99c4d0b609f0 b06a8ef406b64a53b92cc7175f827a1d ee04220336ac416da3ce6298b8609a20 - - 37f3b442b15a4d2c802eb8f99e1e291c 37f3b442b15a4d2c802eb8f99e1e291c] Successfully bumped revision number for resource 84671697-fec7-4818-8e8c-febfe4e9a71e (type: ports) to 2
2026-06-27 10:12:06.019 10 INFO neutron.wsgi [req-05e06837-8378-4aa3-9691-c64c3ce5e9c1 req-7e2c96c9-2b70-4e39-bee6-99c4d0b609f0 b06a8ef406b64a53b92cc7175f827a1d ee04220336ac416da3ce6298b8609a20 - - 37f3b442b15a4d2c802eb8f99e1e291c 37f3b442b15a4d2c802eb8f99e1e291c] 199.204.45.57 "PUT /v2.0/ports/84671697-fec7-4818-8e8c-febfe4e9a71e HTTP/1.1" status: 200 len: 1609 time: 0.8960750
2026-06-27 10:12:06.067 10 INFO neutron.notifiers.nova [-] Nova event matching ['req-95de0244-31bf-4967-99fc-c077a8e39973'] response: {'name': 'network-changed', 'server_uuid': '2e0714d2-e80f-44f3-b411-4010acb5e0ed', 'tag': '84671697-fec7-4818-8e8c-febfe4e9a71e', 'status': 'completed', 'code': 200} /var/lib/openstack/lib/python3.10/site-packages/pycadf/identifier.py:71: UserWarning: Invalid uuid: neutron. To ensure interoperability, identifiers should be a valid uuid. warnings.warn(('Invalid uuid: %s. To ensure interoperability, '
2026-06-27 10:12:06.122 10 INFO neutron.wsgi [req-05e06837-8378-4aa3-9691-c64c3ce5e9c1 req-a406f5a1-5d0a-4a5c-87c2-509efe1017eb b06a8ef406b64a53b92cc7175f827a1d ee04220336ac416da3ce6298b8609a20 - - 37f3b442b15a4d2c802eb8f99e1e291c 37f3b442b15a4d2c802eb8f99e1e291c] 199.204.45.57 "GET /v2.0/ports?tenant_id=29cf855aa6fd4a9f9704eaa2a21cf674&device_id=2e0714d2-e80f-44f3-b411-4010acb5e0ed HTTP/1.1" status: 200 len: 5342 time: 0.0516419
2026-06-27 10:12:06.150 10 INFO neutron.wsgi [req-05e06837-8378-4aa3-9691-c64c3ce5e9c1 req-d59dcb98-3cb8-4ff5-84ef-4fd8e0cce16a b06a8ef406b64a53b92cc7175f827a1d ee04220336ac416da3ce6298b8609a20 - - 37f3b442b15a4d2c802eb8f99e1e291c 37f3b442b15a4d2c802eb8f99e1e291c] 199.204.45.57 "GET /v2.0/floatingips?fixed_ip_address=172.24.2.95&port_id=84c55d63-3a20-4cd6-9a40-b586e11ffb6e HTTP/1.1" status: 200 len: 217 time: 0.0198972
2026-06-27 10:12:06.200 10 INFO neutron.services.segments.plugin [-] Segment 843f63a8-36c0-4c38-a921-b2809d9c6999 resource provider aggregate not found
2026-06-27 10:12:06.205 10 INFO neutron.services.segments.plugin [-] Segment 843f63a8-36c0-4c38-a921-b2809d9c6999 resource provider aggregate not found
2026-06-27 10:12:06.218 10 INFO neutron.services.segments.plugin [-] Segment 843f63a8-36c0-4c38-a921-b2809d9c6999 resource provider not found; error: Placement Client Error (4xx): {"errors": [{"status": 404, "title": "Not Found", "detail": "The resource could not be found.\n\n No resource provider with uuid 843f63a8-36c0-4c38-a921-b2809d9c6999 found for delete ", "request_id": "req-c8afb9db-8c19-4728-b7d3-799a685b812e"}]}
2026-06-27 10:12:06.220 10 INFO neutron.wsgi [req-05e06837-8378-4aa3-9691-c64c3ce5e9c1 req-c0e260d6-0111-41b5-b907-04b8cfbe865f b06a8ef406b64a53b92cc7175f827a1d ee04220336ac416da3ce6298b8609a20 - - 37f3b442b15a4d2c802eb8f99e1e291c 37f3b442b15a4d2c802eb8f99e1e291c] 199.204.45.57 "GET /v2.0/subnets?id=5bee225a-3966-45ad-a8cc-1f4e3d02a8ef HTTP/1.1" status: 200 len: 829 time: 0.0630660
2026-06-27 10:12:06.223 10 INFO neutron.services.segments.plugin [-] Segment 843f63a8-36c0-4c38-a921-b2809d9c6999 resource provider not found; error: Placement Client Error (4xx): {"errors": [{"status": 404, "title": "Not Found", "detail": "The resource could not be found.\n\n No resource provider with uuid 843f63a8-36c0-4c38-a921-b2809d9c6999 found for delete ", "request_id": "req-d9597201-9987-4249-aa34-641a7bf6e6b7"}]}
2026-06-27 10:12:06.248 10 INFO neutron.wsgi [req-05e06837-8378-4aa3-9691-c64c3ce5e9c1 req-379e81c9-4a39-4cb4-99bd-5abb59e82d3e b06a8ef406b64a53b92cc7175f827a1d ee04220336ac416da3ce6298b8609a20 - - 37f3b442b15a4d2c802eb8f99e1e291c 37f3b442b15a4d2c802eb8f99e1e291c] 199.204.45.57 "GET /v2.0/ports?network_id=01d0553d-6ae1-41bd-a9c2-f3f43a205fec&device_owner=network%3Adhcp HTTP/1.1" status: 200 len: 210 time: 0.0214663
2026-06-27 10:12:06.254 10 INFO neutron.wsgi [None req-49fb379c-1dfd-4201-a1ea-d7d8da875cec 79f9cd975ce54037a12c01319a616ecd 4705f91bbe564d42b12ca67dafcf4e85 - - default default] 10.0.0.56 "DELETE /v2.0/networks/9ef71f7f-c149-49a0-a1f0-0272c976aa7e HTTP/1.1" status: 204 len: 168 time: 0.5058808
2026-06-27 10:12:06.313 10 INFO neutron.wsgi [req-05e06837-8378-4aa3-9691-c64c3ce5e9c1 req-783b5a20-300e-4231-9fcd-a9bdb029d147 b06a8ef406b64a53b92cc7175f827a1d ee04220336ac416da3ce6298b8609a20 - - 37f3b442b15a4d2c802eb8f99e1e291c 37f3b442b15a4d2c802eb8f99e1e291c] 199.204.45.57 "GET /v2.0/networks/01d0553d-6ae1-41bd-a9c2-f3f43a205fec?fields=segments HTTP/1.1" status: 200 len: 212 time: 0.0571775
2026-06-27 10:12:06.391 10 INFO neutron.wsgi [req-05e06837-8378-4aa3-9691-c64c3ce5e9c1 req-f26b344a-a56d-4f13-bb62-57708634debb b06a8ef406b64a53b92cc7175f827a1d ee04220336ac416da3ce6298b8609a20 - - 37f3b442b15a4d2c802eb8f99e1e291c 37f3b442b15a4d2c802eb8f99e1e291c] 199.204.45.57 "GET /v2.0/networks/01d0553d-6ae1-41bd-a9c2-f3f43a205fec?fields=provider%3Aphysical_network&fields=provider%3Anetwork_type HTTP/1.1" status: 200 len: 277 time: 0.0693827
2026-06-27 10:12:06.427 10 INFO neutron.wsgi [req-05e06837-8378-4aa3-9691-c64c3ce5e9c1 req-6e4028af-602d-475f-a505-5c35394ff51c b06a8ef406b64a53b92cc7175f827a1d ee04220336ac416da3ce6298b8609a20 - - 37f3b442b15a4d2c802eb8f99e1e291c 37f3b442b15a4d2c802eb8f99e1e291c] 199.204.45.57 "GET /v2.0/floatingips?fixed_ip_address=10.1.1.47&port_id=f4e26c7b-1652-429c-9323-796b77d807aa HTTP/1.1" status: 200 len: 217 time: 0.0307157
2026-06-27 10:12:06.477 10 INFO neutron.wsgi [req-05e06837-8378-4aa3-9691-c64c3ce5e9c1 req-b1327c10-bc75-4c85-85df-1a0b563242b8 b06a8ef406b64a53b92cc7175f827a1d ee04220336ac416da3ce6298b8609a20 - - 37f3b442b15a4d2c802eb8f99e1e291c 37f3b442b15a4d2c802eb8f99e1e291c] 199.204.45.57 "GET /v2.0/subnets?id=76e80ed1-a5bb-47dd-a808-f2891b3321cb HTTP/1.1" status: 200 len: 853 time: 0.0430558
2026-06-27 10:12:06.516 10 INFO neutron.wsgi [req-05e06837-8378-4aa3-9691-c64c3ce5e9c1 req-e3e5c9eb-b3e9-4a14-906b-fbb4d51bda00 b06a8ef406b64a53b92cc7175f827a1d ee04220336ac416da3ce6298b8609a20 - - 37f3b442b15a4d2c802eb8f99e1e291c 37f3b442b15a4d2c802eb8f99e1e291c] 199.204.45.57 "GET /v2.0/ports?network_id=c4b41547-6368-4b43-8f78-6022a18d0f4c&device_owner=network%3Adhcp HTTP/1.1" status: 200 len: 210 time: 0.0282426
2026-06-27 10:12:06.574 10 INFO neutron.wsgi [req-05e06837-8378-4aa3-9691-c64c3ce5e9c1 req-69f7ba30-79cb-4732-b8f9-12aa9eee6758 b06a8ef406b64a53b92cc7175f827a1d ee04220336ac416da3ce6298b8609a20 - - 37f3b442b15a4d2c802eb8f99e1e291c 37f3b442b15a4d2c802eb8f99e1e291c] 199.204.45.57 "GET /v2.0/networks/c4b41547-6368-4b43-8f78-6022a18d0f4c?fields=segments HTTP/1.1" status: 200 len: 212 time: 0.0521607
2026-06-27 10:12:06.625 9 INFO neutron.services.segments.plugin [-] Segment 96c84e92-02a4-4bd4-b61a-285970115493 resource provider aggregate not found
2026-06-27 10:12:06.630 9 INFO neutron.services.segments.plugin [-] Segment 96c84e92-02a4-4bd4-b61a-285970115493 resource provider aggregate not found
2026-06-27 10:12:06.645 10 INFO neutron.wsgi [req-05e06837-8378-4aa3-9691-c64c3ce5e9c1 req-731a0616-fa31-457e-b4cb-efe39b0f4c99 b06a8ef406b64a53b92cc7175f827a1d ee04220336ac416da3ce6298b8609a20 - - 37f3b442b15a4d2c802eb8f99e1e291c 37f3b442b15a4d2c802eb8f99e1e291c] 199.204.45.57 "GET /v2.0/networks/c4b41547-6368-4b43-8f78-6022a18d0f4c?fields=provider%3Aphysical_network&fields=provider%3Anetwork_type HTTP/1.1" status: 200 len: 277 time: 0.0644803
2026-06-27 10:12:06.648 9 INFO neutron.services.segments.plugin [-] Segment 96c84e92-02a4-4bd4-b61a-285970115493 resource provider not found; error: Placement Client Error (4xx): {"errors": [{"status": 404, "title": "Not Found", "detail": "The resource could not be found.\n\n No resource provider with uuid 96c84e92-02a4-4bd4-b61a-285970115493 found for delete ", "request_id": "req-b6145bf5-f3b4-4afa-9d69-480ff19bc94f"}]}
2026-06-27 10:12:06.649 9 INFO neutron.services.segments.plugin [-] Segment 96c84e92-02a4-4bd4-b61a-285970115493 resource provider not found; error: Placement Client Error (4xx): {"errors": [{"status": 404, "title": "Not Found", "detail": "The resource could not be found.\n\n No resource provider with uuid 96c84e92-02a4-4bd4-b61a-285970115493 found for delete ", "request_id": "req-62d105d0-9a4d-4939-83c1-636a7ec7abf9"}]}
2026-06-27 10:12:06.681 10 INFO neutron.wsgi [req-05e06837-8378-4aa3-9691-c64c3ce5e9c1 req-65c2bb5e-ffde-42be-a4fe-7b7b838f56cc b06a8ef406b64a53b92cc7175f827a1d ee04220336ac416da3ce6298b8609a20 - - 37f3b442b15a4d2c802eb8f99e1e291c 37f3b442b15a4d2c802eb8f99e1e291c] 199.204.45.57 "GET /v2.0/floatingips?fixed_ip_address=10.2.1.37&port_id=5f0aa2eb-6fad-4929-8a8d-2375b62a8268 HTTP/1.1" status: 200 len: 217 time: 0.0266187
2026-06-27 10:12:06.682 9 INFO neutron.wsgi [None req-c2138c5f-9b92-42fb-bcb3-1dca65a5478f 79f9cd975ce54037a12c01319a616ecd 4705f91bbe564d42b12ca67dafcf4e85 - - default default] 10.0.0.56 "DELETE /v2.0/networks/2e9f3e03-b1d0-4dcf-8c15-f5b6181ebcfa HTTP/1.1" status: 204 len: 168 time: 0.4210684
2026-06-27 10:12:06.744 10 INFO neutron.wsgi [req-05e06837-8378-4aa3-9691-c64c3ce5e9c1 req-736e43eb-736e-42e6-96c2-e16c4d784cbc b06a8ef406b64a53b92cc7175f827a1d ee04220336ac416da3ce6298b8609a20 - - 37f3b442b15a4d2c802eb8f99e1e291c 37f3b442b15a4d2c802eb8f99e1e291c] 199.204.45.57 "GET /v2.0/subnets?id=3c1ad910-3f05-4d32-803f-6ec96671ad58 HTTP/1.1" status: 200 len: 852 time: 0.0549965
2026-06-27 10:12:06.767 10 INFO neutron.wsgi [req-05e06837-8378-4aa3-9691-c64c3ce5e9c1 req-a294f9cd-2d17-4b7f-90e6-be35d2f5faf5 b06a8ef406b64a53b92cc7175f827a1d ee04220336ac416da3ce6298b8609a20 - - 37f3b442b15a4d2c802eb8f99e1e291c 37f3b442b15a4d2c802eb8f99e1e291c] 199.204.45.57 "GET /v2.0/ports?network_id=b654258a-be6e-4e54-a283-9689849aecd9&device_owner=network%3Adhcp HTTP/1.1" status: 200 len: 210 time: 0.0170939
2026-06-27 10:12:06.848 10 INFO neutron.wsgi [req-05e06837-8378-4aa3-9691-c64c3ce5e9c1 req-7e0adc6f-5b3a-4290-adc6-4e985ac8aa55 b06a8ef406b64a53b92cc7175f827a1d ee04220336ac416da3ce6298b8609a20 - - 37f3b442b15a4d2c802eb8f99e1e291c 37f3b442b15a4d2c802eb8f99e1e291c] 199.204.45.57 "GET /v2.0/networks/b654258a-be6e-4e54-a283-9689849aecd9?fields=segments HTTP/1.1" status: 200 len: 212 time: 0.0711403
2026-06-27 10:12:06.924 10 INFO neutron.wsgi [req-05e06837-8378-4aa3-9691-c64c3ce5e9c1 req-6252c8cc-4aa3-4b2c-8838-8226d21e12e0 b06a8ef406b64a53b92cc7175f827a1d ee04220336ac416da3ce6298b8609a20 - - 37f3b442b15a4d2c802eb8f99e1e291c 37f3b442b15a4d2c802eb8f99e1e291c] 199.204.45.57 "GET /v2.0/networks/b654258a-be6e-4e54-a283-9689849aecd9?fields=provider%3Aphysical_network&fields=provider%3Anetwork_type HTTP/1.1" status: 200 len: 277 time: 0.0712326
2026-06-27 10:12:06.953 10 INFO neutron.wsgi [req-05e06837-8378-4aa3-9691-c64c3ce5e9c1 req-05752dc9-e247-4614-bcac-8ea050989e84 b06a8ef406b64a53b92cc7175f827a1d ee04220336ac416da3ce6298b8609a20 - - 37f3b442b15a4d2c802eb8f99e1e291c 37f3b442b15a4d2c802eb8f99e1e291c] 199.204.45.57 "GET /v2.0/floatingips?fixed_ip_address=10.2.2.187&port_id=84671697-fec7-4818-8e8c-febfe4e9a71e HTTP/1.1" status: 200 len: 217 time: 0.0221920
2026-06-27 10:12:06.984 10 INFO neutron.wsgi [req-05e06837-8378-4aa3-9691-c64c3ce5e9c1 req-b8dfb8c5-be3d-48c1-88fd-5f9e55e83096 b06a8ef406b64a53b92cc7175f827a1d ee04220336ac416da3ce6298b8609a20 - - 37f3b442b15a4d2c802eb8f99e1e291c 37f3b442b15a4d2c802eb8f99e1e291c] 199.204.45.57 "GET /v2.0/floatingips?fixed_ip_address=fd77%3A1457%3A4cf0%3A26a8%3A%3A157&port_id=84671697-fec7-4818-8e8c-febfe4e9a71e HTTP/1.1" status: 200 len: 217 time: 0.0207107
2026-06-27 10:12:07.045 10 INFO neutron.wsgi [req-05e06837-8378-4aa3-9691-c64c3ce5e9c1 req-4036bc9d-4bd5-49eb-89c2-c161ee423f00 b06a8ef406b64a53b92cc7175f827a1d ee04220336ac416da3ce6298b8609a20 - - 37f3b442b15a4d2c802eb8f99e1e291c 37f3b442b15a4d2c802eb8f99e1e291c] 199.204.45.57 "GET /v2.0/subnets?id=205d5d6b-e819-42fa-bc61-83bd9e431501&id=7fc034b8-0107-4f4f-a9c2-13a4e4c2f3fb HTTP/1.1" status: 200 len: 1564 time: 0.0547190
2026-06-27 10:12:07.075 10 INFO neutron.wsgi [req-05e06837-8378-4aa3-9691-c64c3ce5e9c1 req-8e65abfe-5a46-4fac-b18f-867e12289af8 b06a8ef406b64a53b92cc7175f827a1d ee04220336ac416da3ce6298b8609a20 - - 37f3b442b15a4d2c802eb8f99e1e291c 37f3b442b15a4d2c802eb8f99e1e291c] 199.204.45.57 "GET /v2.0/ports?network_id=22ea5bc1-c64c-4db3-bcb1-385d312935cb&device_owner=network%3Adhcp HTTP/1.1" status: 200 len: 210 time: 0.0237727
2026-06-27 10:12:07.116 10 INFO neutron.wsgi [req-05e06837-8378-4aa3-9691-c64c3ce5e9c1 req-b39b7c86-8025-4120-890c-72c5f7f7665f b06a8ef406b64a53b92cc7175f827a1d ee04220336ac416da3ce6298b8609a20 - - 37f3b442b15a4d2c802eb8f99e1e291c 37f3b442b15a4d2c802eb8f99e1e291c] 199.204.45.57 "GET /v2.0/ports?network_id=22ea5bc1-c64c-4db3-bcb1-385d312935cb&device_owner=network%3Adhcp HTTP/1.1" status: 200 len: 210 time: 0.0325985
2026-06-27 10:12:07.205 10 INFO neutron.wsgi [None req-99bc7718-4a3c-45a5-8d26-8474de2ab98a 79f9cd975ce54037a12c01319a616ecd 4705f91bbe564d42b12ca67dafcf4e85 - - default default] 10.0.0.56 "DELETE /v2.0/networks/75ba59d1-277a-44ec-a7fa-e07941682afb HTTP/1.1" status: 204 len: 168 time: 0.5164902
2026-06-27 10:12:07.209 10 INFO neutron.wsgi [req-05e06837-8378-4aa3-9691-c64c3ce5e9c1 req-ec5466e0-7c1d-47f9-8cb4-9088b103b602 b06a8ef406b64a53b92cc7175f827a1d ee04220336ac416da3ce6298b8609a20 - - 37f3b442b15a4d2c802eb8f99e1e291c 37f3b442b15a4d2c802eb8f99e1e291c] 199.204.45.57 "GET /v2.0/networks/22ea5bc1-c64c-4db3-bcb1-385d312935cb?fields=segments HTTP/1.1" status: 200 len: 212 time: 0.0844238
2026-06-27 10:12:07.278 10 INFO neutron.wsgi [req-05e06837-8378-4aa3-9691-c64c3ce5e9c1 req-f4781da4-4cf8-40ac-bda3-b639184dc072 b06a8ef406b64a53b92cc7175f827a1d ee04220336ac416da3ce6298b8609a20 - - 37f3b442b15a4d2c802eb8f99e1e291c 37f3b442b15a4d2c802eb8f99e1e291c] 199.204.45.57 "GET /v2.0/networks/22ea5bc1-c64c-4db3-bcb1-385d312935cb?fields=provider%3Aphysical_network&fields=provider%3Anetwork_type HTTP/1.1" status: 200 len: 277 time: 0.0558524
2026-06-27 10:12:07.377 10 INFO neutron.wsgi [req-9e04f7d4-2cdb-4111-91d9-2f1dfc1b8126 req-34b126a0-a71c-48d2-bea5-d16b54d533f2 b06a8ef406b64a53b92cc7175f827a1d ee04220336ac416da3ce6298b8609a20 - - 37f3b442b15a4d2c802eb8f99e1e291c 37f3b442b15a4d2c802eb8f99e1e291c] 199.204.45.57 "GET /v2.0/ports?tenant_id=29cf855aa6fd4a9f9704eaa2a21cf674&device_id=2e0714d2-e80f-44f3-b411-4010acb5e0ed HTTP/1.1" status: 200 len: 5342 time: 0.0495896
2026-06-27 10:12:07.402 10 INFO neutron.plugins.ml2.drivers.ovn.mech_driver.mech_driver [None req-eee4468b-8da6-4f02-957f-82083b5051aa - - - - - -] OVN reports status up for port: 84671697-fec7-4818-8e8c-febfe4e9a71e
2026-06-27 10:12:07.421 10 INFO neutron.plugins.ml2.plugin [None req-eee4468b-8da6-4f02-957f-82083b5051aa - - - - - -] Attempt 1 to provision port 84671697-fec7-4818-8e8c-febfe4e9a71e
2026-06-27 10:12:07.504 10 INFO neutron.wsgi [req-9e04f7d4-2cdb-4111-91d9-2f1dfc1b8126 req-3e37d1c0-9dbf-414e-8cba-02a436d86530 b06a8ef406b64a53b92cc7175f827a1d ee04220336ac416da3ce6298b8609a20 - - 37f3b442b15a4d2c802eb8f99e1e291c 37f3b442b15a4d2c802eb8f99e1e291c] 199.204.45.57 "GET /v2.0/networks?id=22ea5bc1-c64c-4db3-bcb1-385d312935cb HTTP/1.1" status: 200 len: 1001 time: 0.1203439
2026-06-27 10:12:07.540 10 INFO neutron.wsgi [req-9e04f7d4-2cdb-4111-91d9-2f1dfc1b8126 req-f3d95d65-9d95-4d29-b3de-30fdb53763e2 b06a8ef406b64a53b92cc7175f827a1d ee04220336ac416da3ce6298b8609a20 - - 37f3b442b15a4d2c802eb8f99e1e291c 37f3b442b15a4d2c802eb8f99e1e291c] 199.204.45.57 "GET /v2.0/floatingips?fixed_ip_address=10.2.2.187&port_id=84671697-fec7-4818-8e8c-febfe4e9a71e HTTP/1.1" status: 200 len: 217 time: 0.0253415
2026-06-27 10:12:07.580 10 INFO neutron.wsgi [req-9e04f7d4-2cdb-4111-91d9-2f1dfc1b8126 req-da259fa6-348f-4d97-b8ec-caba2fbe8a9b b06a8ef406b64a53b92cc7175f827a1d ee04220336ac416da3ce6298b8609a20 - - 37f3b442b15a4d2c802eb8f99e1e291c 37f3b442b15a4d2c802eb8f99e1e291c] 199.204.45.57 "GET /v2.0/floatingips?fixed_ip_address=fd77%3A1457%3A4cf0%3A26a8%3A%3A157&port_id=84671697-fec7-4818-8e8c-febfe4e9a71e HTTP/1.1" status: 200 len: 217 time: 0.0296543
2026-06-27 10:12:07.622 10 INFO neutron.wsgi [req-05e06837-8378-4aa3-9691-c64c3ce5e9c1 req-9934fce9-e6de-4780-be25-8430e559adec d7084b42becf4b599e8970dfec32f5a2 29cf855aa6fd4a9f9704eaa2a21cf674 - - default default] 10.0.0.87 "GET /v2.0/ports/84671697-fec7-4818-8e8c-febfe4e9a71e HTTP/1.1" status: 200 len: 1637 time: 0.0449834
2026-06-27 10:12:07.631 10 INFO neutron.wsgi [req-9e04f7d4-2cdb-4111-91d9-2f1dfc1b8126 req-115f0371-502b-43f9-a30f-60b851dbd6f7 b06a8ef406b64a53b92cc7175f827a1d ee04220336ac416da3ce6298b8609a20 - - 37f3b442b15a4d2c802eb8f99e1e291c 37f3b442b15a4d2c802eb8f99e1e291c] 199.204.45.57 "GET /v2.0/subnets?id=205d5d6b-e819-42fa-bc61-83bd9e431501&id=7fc034b8-0107-4f4f-a9c2-13a4e4c2f3fb HTTP/1.1" status: 200 len: 1564 time: 0.0435896
2026-06-27 10:12:07.681 9 INFO neutron.wsgi [None req-7c963d62-d3ed-45e3-a98e-41e1b79e6fad d7084b42becf4b599e8970dfec32f5a2 29cf855aa6fd4a9f9704eaa2a21cf674 - - default default] 199.204.45.57 "GET /v2.0/ports/84671697-fec7-4818-8e8c-febfe4e9a71e HTTP/1.1" status: 200 len: 1639 time: 0.0487123
2026-06-27 10:12:07.719 9 INFO neutron.wsgi [None req-ad358c11-c060-48d9-a8ac-a551e0c3b318 d7084b42becf4b599e8970dfec32f5a2 29cf855aa6fd4a9f9704eaa2a21cf674 - - default default] 199.204.45.57 "GET /v2.0/ports/84671697-fec7-4818-8e8c-febfe4e9a71e HTTP/1.1" status: 200 len: 1639 time: 0.0309517
2026-06-27 10:12:07.723 9 INFO neutron.wsgi [None req-73ea6817-6978-4df8-8af2-6db404f51ad8 79f9cd975ce54037a12c01319a616ecd 4705f91bbe564d42b12ca67dafcf4e85 - - default default] 10.0.0.56 "DELETE /v2.0/networks/d4c35a78-82d0-4459-9f11-87fb4751b2df HTTP/1.1" status: 204 len: 168 time: 0.5026534
2026-06-27 10:12:07.951 10 INFO neutron.wsgi [req-9e04f7d4-2cdb-4111-91d9-2f1dfc1b8126 req-ec3b5061-e067-48ef-8219-278a7dc4f26d b06a8ef406b64a53b92cc7175f827a1d ee04220336ac416da3ce6298b8609a20 - - 37f3b442b15a4d2c802eb8f99e1e291c 37f3b442b15a4d2c802eb8f99e1e291c] 199.204.45.57 "GET /v2.0/ports?network_id=22ea5bc1-c64c-4db3-bcb1-385d312935cb&device_owner=network%3Adhcp HTTP/1.1" status: 200 len: 210 time: 0.3080564
2026-06-27 10:12:07.982 10 INFO neutron.wsgi [req-9e04f7d4-2cdb-4111-91d9-2f1dfc1b8126 req-5a4c7e50-871a-4c26-b453-309ded6be8d1 b06a8ef406b64a53b92cc7175f827a1d ee04220336ac416da3ce6298b8609a20 - - 37f3b442b15a4d2c802eb8f99e1e291c 37f3b442b15a4d2c802eb8f99e1e291c] 199.204.45.57 "GET /v2.0/ports?network_id=22ea5bc1-c64c-4db3-bcb1-385d312935cb&device_owner=network%3Adhcp HTTP/1.1" status: 200 len: 210 time: 0.0216951
2026-06-27 10:12:08.080 10 INFO neutron.wsgi [req-9e04f7d4-2cdb-4111-91d9-2f1dfc1b8126 req-31447d78-1ec1-42e1-8024-563536889524 b06a8ef406b64a53b92cc7175f827a1d ee04220336ac416da3ce6298b8609a20 - - 37f3b442b15a4d2c802eb8f99e1e291c 37f3b442b15a4d2c802eb8f99e1e291c] 199.204.45.57 "GET /v2.0/networks/22ea5bc1-c64c-4db3-bcb1-385d312935cb?fields=segments HTTP/1.1" status: 200 len: 212 time: 0.0857935
2026-06-27 10:12:08.105 10 INFO neutron.notifiers.nova [-] Nova event matching ['req-aebd3b51-cbde-48f9-bcc6-161a5efadac7'] response: {'server_uuid': '2e0714d2-e80f-44f3-b411-4010acb5e0ed', 'name': 'network-vif-plugged', 'status': 'completed', 'tag': '84671697-fec7-4818-8e8c-febfe4e9a71e', 'code': 200}
2026-06-27 10:12:08.136 10 INFO neutron.db.ovn_revision_numbers_db [None req-eee4468b-8da6-4f02-957f-82083b5051aa - - - - - -] Successfully bumped revision number for resource 84671697-fec7-4818-8e8c-febfe4e9a71e (type: ports) to 4
2026-06-27 10:12:08.164 10 INFO neutron.wsgi [req-9e04f7d4-2cdb-4111-91d9-2f1dfc1b8126 req-e7fe4ed5-3940-4b1e-ba78-3e344b4e2ce0 b06a8ef406b64a53b92cc7175f827a1d ee04220336ac416da3ce6298b8609a20 - - 37f3b442b15a4d2c802eb8f99e1e291c 37f3b442b15a4d2c802eb8f99e1e291c] 199.204.45.57 "GET /v2.0/networks/22ea5bc1-c64c-4db3-bcb1-385d312935cb?fields=provider%3Aphysical_network&fields=provider%3Anetwork_type HTTP/1.1" status: 200 len: 277 time: 0.0769334
2026-06-27 10:12:08.241 10 INFO neutron.services.segments.plugin [-] Segment 4f1ba523-b058-4fe4-bd22-31518d9943d7 resource provider aggregate not found
2026-06-27 10:12:08.248 10 INFO neutron.services.segments.plugin [-] Segment 4f1ba523-b058-4fe4-bd22-31518d9943d7 resource provider aggregate not found
2026-06-27 10:12:08.256 10 INFO neutron.services.segments.plugin [-] Segment 4f1ba523-b058-4fe4-bd22-31518d9943d7 resource provider not found; error: Placement Client Error (4xx): {"errors": [{"status": 404, "title": "Not Found", "detail": "The resource could not be found.\n\n No resource provider with uuid 4f1ba523-b058-4fe4-bd22-31518d9943d7 found for delete ", "request_id": "req-4682bb3e-1ea6-41b2-ace0-904d2ca2e5ff"}]}
2026-06-27 10:12:08.266 10 INFO neutron.services.segments.plugin [-] Segment 4f1ba523-b058-4fe4-bd22-31518d9943d7 resource provider not found; error: Placement Client Error (4xx): {"errors": [{"status": 404, "title": "Not Found", "detail": "The resource could not be found.\n\n No resource provider with uuid 4f1ba523-b058-4fe4-bd22-31518d9943d7 found for delete ", "request_id": "req-364539c7-4674-400f-9551-814d6e0d91f9"}]}
2026-06-27 10:12:08.489 9 INFO neutron.db.ovn_revision_numbers_db [None req-9fe606a6-6a2a-4e37-98cb-85bcc3059730 d7084b42becf4b599e8970dfec32f5a2 29cf855aa6fd4a9f9704eaa2a21cf674 - - default default] Successfully bumped revision number for resource 84671697-fec7-4818-8e8c-febfe4e9a71e (type: ports) to 5
2026-06-27 10:12:08.505 9 INFO neutron.wsgi [None req-9fe606a6-6a2a-4e37-98cb-85bcc3059730 d7084b42becf4b599e8970dfec32f5a2 29cf855aa6fd4a9f9704eaa2a21cf674 - - default default] 199.204.45.57 "PUT /v2.0/ports/84671697-fec7-4818-8e8c-febfe4e9a71e HTTP/1.1" status: 200 len: 1378 time: 0.7772255 /var/lib/openstack/lib/python3.10/site-packages/pycadf/identifier.py:71: UserWarning: Invalid uuid: neutron. To ensure interoperability, identifiers should be a valid uuid. warnings.warn(('Invalid uuid: %s. To ensure interoperability, '
2026-06-27 10:12:08.532 9 INFO neutron.wsgi [None req-d0deb8b6-ede5-4255-99a6-c57672d736a6 79f9cd975ce54037a12c01319a616ecd 4705f91bbe564d42b12ca67dafcf4e85 - - default default] 10.0.0.56 "DELETE /v2.0/networks/9f94a706-6b74-4332-ba9a-2fbe5cb6c3df HTTP/1.1" status: 204 len: 168 time: 0.7973645
2026-06-27 10:12:08.562 9 INFO neutron.notifiers.nova [-] Nova event matching ['req-1a57a53f-31a1-4029-9e40-212e232aca17'] response: {'name': 'network-changed', 'server_uuid': '2e0714d2-e80f-44f3-b411-4010acb5e0ed', 'tag': '84671697-fec7-4818-8e8c-febfe4e9a71e', 'status': 'completed', 'code': 200} /var/lib/openstack/lib/python3.10/site-packages/pycadf/identifier.py:71: UserWarning: Invalid uuid: neutron. To ensure interoperability, identifiers should be a valid uuid. warnings.warn(('Invalid uuid: %s. To ensure interoperability, '
2026-06-27 10:12:08.592 9 INFO neutron.wsgi [None req-8d83576e-b73c-480c-970f-6d6c8a6aa9c0 d7084b42becf4b599e8970dfec32f5a2 29cf855aa6fd4a9f9704eaa2a21cf674 - - default default] 199.204.45.57 "GET /v2.0/networks/22ea5bc1-c64c-4db3-bcb1-385d312935cb HTTP/1.1" status: 200 len: 998 time: 0.0779121
2026-06-27 10:12:08.614 10 INFO neutron.wsgi [req-d5052c00-bcec-4bf8-b151-8e0f41f6cdb8 req-8bf822db-304d-4652-912f-cf6d4842f980 b06a8ef406b64a53b92cc7175f827a1d ee04220336ac416da3ce6298b8609a20 - - 37f3b442b15a4d2c802eb8f99e1e291c 37f3b442b15a4d2c802eb8f99e1e291c] 199.204.45.57 "GET /v2.0/ports?tenant_id=29cf855aa6fd4a9f9704eaa2a21cf674&device_id=2e0714d2-e80f-44f3-b411-4010acb5e0ed HTTP/1.1" status: 200 len: 5111 time: 0.0359607
2026-06-27 10:12:08.633 9 INFO neutron.wsgi [None req-7da31f45-afa4-4d66-9888-f9414acb973a d7084b42becf4b599e8970dfec32f5a2 29cf855aa6fd4a9f9704eaa2a21cf674 - - default default] 199.204.45.57 "GET /v2.0/subnets/7fc034b8-0107-4f4f-a9c2-13a4e4c2f3fb HTTP/1.1" status: 200 len: 848 time: 0.0334368
2026-06-27 10:12:08.669 9 INFO neutron.services.segments.plugin [-] Segment 642a8651-c55d-4169-a8b8-cb921b9f6f70 resource provider aggregate not found
2026-06-27 10:12:08.677 9 INFO neutron.services.segments.plugin [-] Segment 642a8651-c55d-4169-a8b8-cb921b9f6f70 resource provider aggregate not found
2026-06-27 10:12:08.691 9 INFO neutron.services.segments.plugin [-] Segment 642a8651-c55d-4169-a8b8-cb921b9f6f70 resource provider not found; error: Placement Client Error (4xx): {"errors": [{"status": 404, "title": "Not Found", "detail": "The resource could not be found.\n\n No resource provider with uuid 642a8651-c55d-4169-a8b8-cb921b9f6f70 found for delete ", "request_id": "req-34b7c382-45c3-47fb-b1a4-6ec96314b8ea"}]}
2026-06-27 10:12:08.693 10 INFO neutron.wsgi [req-d5052c00-bcec-4bf8-b151-8e0f41f6cdb8 req-470d03e7-1029-43ee-a56c-c4c033d0bb4e b06a8ef406b64a53b92cc7175f827a1d ee04220336ac416da3ce6298b8609a20 - - 37f3b442b15a4d2c802eb8f99e1e291c 37f3b442b15a4d2c802eb8f99e1e291c] 199.204.45.57 "GET /v2.0/networks?id=22ea5bc1-c64c-4db3-bcb1-385d312935cb HTTP/1.1" status: 200 len: 1001 time: 0.0729449
2026-06-27 10:12:08.701 9 INFO neutron.services.segments.plugin [-] Segment 642a8651-c55d-4169-a8b8-cb921b9f6f70 resource provider not found; error: Placement Client Error (4xx): {"errors": [{"status": 404, "title": "Not Found", "detail": "The resource could not be found.\n\n No resource provider with uuid 642a8651-c55d-4169-a8b8-cb921b9f6f70 found for delete ", "request_id": "req-43c7cc60-9978-41f8-a348-abccfb1933fa"}]}
2026-06-27 10:12:08.715 9 INFO neutron.services.segments.plugin [-] Segment 943120aa-5740-48e9-8f8a-2a6154440ed8 resource provider aggregate not found
2026-06-27 10:12:08.721 9 INFO neutron.services.segments.plugin [-] Segment 943120aa-5740-48e9-8f8a-2a6154440ed8 resource provider aggregate not found
2026-06-27 10:12:08.723 10 INFO neutron.wsgi [req-d5052c00-bcec-4bf8-b151-8e0f41f6cdb8 req-269ed37d-146a-4ccd-9fb0-97480d7c7042 b06a8ef406b64a53b92cc7175f827a1d ee04220336ac416da3ce6298b8609a20 - - 37f3b442b15a4d2c802eb8f99e1e291c 37f3b442b15a4d2c802eb8f99e1e291c] 199.204.45.57 "GET /v2.0/floatingips?fixed_ip_address=10.2.2.187&port_id=84671697-fec7-4818-8e8c-febfe4e9a71e HTTP/1.1" status: 200 len: 217 time: 0.0229273
2026-06-27 10:12:08.732 9 INFO neutron.wsgi [None req-8785adec-257b-4b97-956a-5430a29e01cc d7084b42becf4b599e8970dfec32f5a2 29cf855aa6fd4a9f9704eaa2a21cf674 - - default default] 199.204.45.57 "GET /v2.0/extensions/security-group HTTP/1.1" status: 200 len: 369 time: 0.0055339
2026-06-27 10:12:08.740 9 INFO neutron.wsgi [None req-21ca1ff0-217e-4cfc-8b9f-ef2cf8cbc6b4 d7084b42becf4b599e8970dfec32f5a2 29cf855aa6fd4a9f9704eaa2a21cf674 - - default default] 199.204.45.57 "GET /v2.0/extensions/dns-integration HTTP/1.1" status: 200 len: 371 time: 0.0042219
2026-06-27 10:12:08.741 9 INFO neutron.services.segments.plugin [-] Segment 943120aa-5740-48e9-8f8a-2a6154440ed8 resource provider not found; error: Placement Client Error (4xx): {"errors": [{"status": 404, "title": "Not Found", "detail": "The resource could not be found.\n\n No resource provider with uuid 943120aa-5740-48e9-8f8a-2a6154440ed8 found for delete ", "request_id": "req-4cfc3a90-142d-4d1d-8137-66751b26a234"}]}
2026-06-27 10:12:08.741 9 INFO neutron.services.segments.plugin [-] Segment 943120aa-5740-48e9-8f8a-2a6154440ed8 resource provider not found; error: Placement Client Error (4xx): {"errors": [{"status": 404, "title": "Not Found", "detail": "The resource could not be found.\n\n No resource provider with uuid 943120aa-5740-48e9-8f8a-2a6154440ed8 found for delete ", "request_id": "req-704e0197-3a94-45e5-9828-0ee51e2ece29"}]}
2026-06-27 10:12:08.752 9 INFO neutron.wsgi [None req-d6e321fb-fc67-4837-a0be-c7f0578d4fd9 d7084b42becf4b599e8970dfec32f5a2 29cf855aa6fd4a9f9704eaa2a21cf674 - - default default] 199.204.45.57 "GET /v2.0/extensions/qos HTTP/1.1" status: 200 len: 365 time: 0.0077336
2026-06-27 10:12:08.766 9 INFO neutron.wsgi [None req-4ec1f324-97a7-4181-add2-5631581e826c d7084b42becf4b599e8970dfec32f5a2 29cf855aa6fd4a9f9704eaa2a21cf674 - - default default] 199.204.45.57 "GET /v2.0/extensions/allowed-address-pairs HTTP/1.1" status: 200 len: 383 time: 0.0061834
2026-06-27 10:12:08.766 10 INFO neutron.wsgi [req-d5052c00-bcec-4bf8-b151-8e0f41f6cdb8 req-9181a2d0-6b33-4685-999c-affcf1a6ade8 b06a8ef406b64a53b92cc7175f827a1d ee04220336ac416da3ce6298b8609a20 - - 37f3b442b15a4d2c802eb8f99e1e291c 37f3b442b15a4d2c802eb8f99e1e291c] 199.204.45.57 "GET /v2.0/subnets?id=7fc034b8-0107-4f4f-a9c2-13a4e4c2f3fb HTTP/1.1" status: 200 len: 851 time: 0.0376210
2026-06-27 10:12:08.801 10 INFO neutron.wsgi [req-d5052c00-bcec-4bf8-b151-8e0f41f6cdb8 req-7e817ccb-6a85-41e9-bd77-55b65e9140ff b06a8ef406b64a53b92cc7175f827a1d ee04220336ac416da3ce6298b8609a20 - - 37f3b442b15a4d2c802eb8f99e1e291c 37f3b442b15a4d2c802eb8f99e1e291c] 199.204.45.57 "GET /v2.0/ports?network_id=22ea5bc1-c64c-4db3-bcb1-385d312935cb&device_owner=network%3Adhcp HTTP/1.1" status: 200 len: 210 time: 0.0291822
2026-06-27 10:12:08.809 9 INFO neutron.wsgi [None req-3f1eeb05-5844-4c1f-9311-4ca266714d5f d7084b42becf4b599e8970dfec32f5a2 29cf855aa6fd4a9f9704eaa2a21cf674 - - default default] 199.204.45.57 "GET /v2.0/subnets/76e80ed1-a5bb-47dd-a808-f2891b3321cb HTTP/1.1" status: 200 len: 850 time: 0.0357318
2026-06-27 10:12:08.846 9 INFO neutron.wsgi [None req-2ca397a4-c9cb-47d0-a9a9-fde34e1ebbcc d7084b42becf4b599e8970dfec32f5a2 29cf855aa6fd4a9f9704eaa2a21cf674 - - default default] 199.204.45.57 "GET /v2.0/ports/a3f39a67-e896-4f11-ba17-81ec3ee1bd32 HTTP/1.1" status: 200 len: 1336 time: 0.0288782
2026-06-27 10:12:08.882 10 INFO neutron.wsgi [req-d5052c00-bcec-4bf8-b151-8e0f41f6cdb8 req-cffe7459-5820-49c6-a017-4dbf6cdf6a4f b06a8ef406b64a53b92cc7175f827a1d ee04220336ac416da3ce6298b8609a20 - - 37f3b442b15a4d2c802eb8f99e1e291c 37f3b442b15a4d2c802eb8f99e1e291c] 199.204.45.57 "GET /v2.0/networks/22ea5bc1-c64c-4db3-bcb1-385d312935cb?fields=segments HTTP/1.1" status: 200 len: 212 time: 0.0762787
2026-06-27 10:12:08.889 9 INFO neutron.wsgi [None req-a427f0c3-168e-4c4b-8270-3ac71d807c36 d7084b42becf4b599e8970dfec32f5a2 29cf855aa6fd4a9f9704eaa2a21cf674 - - default default] 199.204.45.57 "GET /v2.0/ports/f4e26c7b-1652-429c-9323-796b77d807aa HTTP/1.1" status: 200 len: 1514 time: 0.0366902
2026-06-27 10:12:08.955 9 INFO neutron.wsgi [None req-bf509ae6-b470-4f66-bb52-44a547a6d0bd d7084b42becf4b599e8970dfec32f5a2 29cf855aa6fd4a9f9704eaa2a21cf674 - - default default] 199.204.45.57 "GET /v2.0/subnets/76e80ed1-a5bb-47dd-a808-f2891b3321cb HTTP/1.1" status: 200 len: 850 time: 0.0599401
2026-06-27 10:12:08.958 10 INFO neutron.wsgi [req-d5052c00-bcec-4bf8-b151-8e0f41f6cdb8 req-53e7e362-d516-4e25-9506-c8719aa3f354 b06a8ef406b64a53b92cc7175f827a1d ee04220336ac416da3ce6298b8609a20 - - 37f3b442b15a4d2c802eb8f99e1e291c 37f3b442b15a4d2c802eb8f99e1e291c] 199.204.45.57 "GET /v2.0/networks/22ea5bc1-c64c-4db3-bcb1-385d312935cb?fields=provider%3Aphysical_network&fields=provider%3Anetwork_type HTTP/1.1" status: 200 len: 277 time: 0.0655398
2026-06-27 10:12:09.020 9 INFO neutron.wsgi [None req-b71842b8-6e14-4292-88c0-aa7705297407 d7084b42becf4b599e8970dfec32f5a2 29cf855aa6fd4a9f9704eaa2a21cf674 - - default default] 199.204.45.57 "GET /v2.0/networks/c4b41547-6368-4b43-8f78-6022a18d0f4c HTTP/1.1" status: 200 len: 1001 time: 0.0589044
2026-06-27 10:12:09.063 9 INFO neutron.wsgi [None req-2b4a2c00-095f-4121-af3c-8f3a198032b0 d7084b42becf4b599e8970dfec32f5a2 29cf855aa6fd4a9f9704eaa2a21cf674 - - default default] 199.204.45.57 "GET /v2.0/ports/a3f39a67-e896-4f11-ba17-81ec3ee1bd32 HTTP/1.1" status: 200 len: 1336 time: 0.0354035
2026-06-27 10:12:09.104 9 INFO neutron.wsgi [None req-9c28f5ec-9357-4f61-8ade-cb658f1944df d7084b42becf4b599e8970dfec32f5a2 29cf855aa6fd4a9f9704eaa2a21cf674 - - default default] 199.204.45.57 "GET /v2.0/subnets/76e80ed1-a5bb-47dd-a808-f2891b3321cb HTTP/1.1" status: 200 len: 850 time: 0.0337300
2026-06-27 10:12:09.779 10 INFO neutron.db.ovn_revision_numbers_db [None req-c57e8f37-8ad4-42ac-9b18-51f05e5867f3 d7084b42becf4b599e8970dfec32f5a2 29cf855aa6fd4a9f9704eaa2a21cf674 - - default default] Successfully bumped revision number for resource 277e4517-ddcf-45eb-bcb2-ceb51097630c (type: security_groups) to 1
2026-06-27 10:12:09.793 10 INFO neutron.db.ovn_revision_numbers_db [None req-c57e8f37-8ad4-42ac-9b18-51f05e5867f3 d7084b42becf4b599e8970dfec32f5a2 29cf855aa6fd4a9f9704eaa2a21cf674 - - default default] Successfully bumped revision number for resource 24c20e74-425d-4926-aa87-70c61813314b (type: security_group_rules) to 0
2026-06-27 10:12:09.809 10 INFO neutron.db.ovn_revision_numbers_db [None req-c57e8f37-8ad4-42ac-9b18-51f05e5867f3 d7084b42becf4b599e8970dfec32f5a2 29cf855aa6fd4a9f9704eaa2a21cf674 - - default default] Successfully bumped revision number for resource 2593244a-bc13-4f17-bf03-16054e2513ad (type: security_group_rules) to 0
2026-06-27 10:12:09.824 10 INFO neutron.db.ovn_revision_numbers_db [None req-c57e8f37-8ad4-42ac-9b18-51f05e5867f3 d7084b42becf4b599e8970dfec32f5a2 29cf855aa6fd4a9f9704eaa2a21cf674 - - default default] Successfully bumped revision number for resource 81706971-136d-445c-8c76-fa0afe53d9f6 (type: security_group_rules) to 0
2026-06-27 10:12:09.839 10 INFO neutron.db.ovn_revision_numbers_db [None req-c57e8f37-8ad4-42ac-9b18-51f05e5867f3 d7084b42becf4b599e8970dfec32f5a2 29cf855aa6fd4a9f9704eaa2a21cf674 - - default default] Successfully bumped revision number for resource caa1d07e-c700-4ab7-9a6c-33d02a9fa22c (type: security_group_rules) to 0
2026-06-27 10:12:09.860 10 INFO neutron.wsgi [None req-c57e8f37-8ad4-42ac-9b18-51f05e5867f3 d7084b42becf4b599e8970dfec32f5a2 29cf855aa6fd4a9f9704eaa2a21cf674 - - default default] 10.0.0.56 "GET /v2.0/security-groups?tenant_id=8c768d3fa99f4b22a4fca40c73d267bf&name=default HTTP/1.1" status: 200 len: 3000 time: 0.3407893
2026-06-27 10:12:10.064 10 INFO neutron.wsgi [None req-50c31507-16dd-4a23-bf43-0cd13afbb159 d7084b42becf4b599e8970dfec32f5a2 29cf855aa6fd4a9f9704eaa2a21cf674 - - default default] 10.0.0.56 "DELETE /v2.0/security-groups/277e4517-ddcf-45eb-bcb2-ceb51097630c HTTP/1.1" status: 204 len: 168 time: 0.1975489
2026-06-27 10:12:10.144 10 INFO neutron.notifiers.nova [-] Nova event matching ['req-ae2b53f0-6edd-4564-b0a3-3fb4de5a09d5'] response: {'server_uuid': '2e0714d2-e80f-44f3-b411-4010acb5e0ed', 'name': 'network-vif-plugged', 'status': 'completed', 'tag': '84671697-fec7-4818-8e8c-febfe4e9a71e', 'code': 200}
2026-06-27 10:12:10.203 10 INFO neutron.wsgi [None req-5ca6945c-968d-43d0-8cf1-accb3df1781e d7084b42becf4b599e8970dfec32f5a2 29cf855aa6fd4a9f9704eaa2a21cf674 - - default default] 10.0.0.56 "GET /v2.0/security-groups?tenant_id=4705f91bbe564d42b12ca67dafcf4e85&name=default HTTP/1.1" status: 200 len: 3000 time: 0.0470665
2026-06-27 10:12:10.404 10 INFO neutron.wsgi [None req-9b6c7f51-69bc-4413-afb8-dca9e358a327 d7084b42becf4b599e8970dfec32f5a2 29cf855aa6fd4a9f9704eaa2a21cf674 - - default default] 10.0.0.56 "DELETE /v2.0/security-groups/8b348026-3cf2-4435-b39b-f0ec75dc86d4 HTTP/1.1" status: 204 len: 168 time: 0.1966038
2026-06-27 10:12:10.725 10 INFO neutron.db.ovn_revision_numbers_db [None req-f841564a-ea62-4dec-a3f0-2345f47c452e d7084b42becf4b599e8970dfec32f5a2 29cf855aa6fd4a9f9704eaa2a21cf674 - - default default] Successfully bumped revision number for resource 9d701538-6929-499c-8812-a8d37cc7bc56 (type: security_groups) to 1
2026-06-27 10:12:10.741 10 INFO neutron.db.ovn_revision_numbers_db [None req-f841564a-ea62-4dec-a3f0-2345f47c452e d7084b42becf4b599e8970dfec32f5a2 29cf855aa6fd4a9f9704eaa2a21cf674 - - default default] Successfully bumped revision number for resource 583aa64c-49cd-45c5-9ead-32634dbf7186 (type: security_group_rules) to 0
2026-06-27 10:12:10.757 10 INFO neutron.db.ovn_revision_numbers_db [None req-f841564a-ea62-4dec-a3f0-2345f47c452e d7084b42becf4b599e8970dfec32f5a2 29cf855aa6fd4a9f9704eaa2a21cf674 - - default default] Successfully bumped revision number for resource 81273628-6c49-4a93-bc09-a7859efe4e23 (type: security_group_rules) to 0
2026-06-27 10:12:10.774 10 INFO neutron.db.ovn_revision_numbers_db [None req-f841564a-ea62-4dec-a3f0-2345f47c452e d7084b42becf4b599e8970dfec32f5a2 29cf855aa6fd4a9f9704eaa2a21cf674 - - default default] Successfully bumped revision number for resource ca562989-360b-462b-aef8-c58050ef2a0a (type: security_group_rules) to 0
2026-06-27 10:12:10.788 10 INFO neutron.db.ovn_revision_numbers_db [None req-f841564a-ea62-4dec-a3f0-2345f47c452e d7084b42becf4b599e8970dfec32f5a2 29cf855aa6fd4a9f9704eaa2a21cf674 - - default default] Successfully bumped revision number for resource e428f011-4554-4581-8fa5-496fd5fa70b0 (type: security_group_rules) to 0
2026-06-27 10:12:10.817 10 INFO neutron.wsgi [None req-f841564a-ea62-4dec-a3f0-2345f47c452e d7084b42becf4b599e8970dfec32f5a2 29cf855aa6fd4a9f9704eaa2a21cf674 - - default default] 10.0.0.56 "GET /v2.0/security-groups?tenant_id=46364803094241e9b01294acbddd4ee7&name=default HTTP/1.1" status: 200 len: 3000 time: 0.2245343
2026-06-27 10:12:11.008 10 INFO neutron.wsgi [None req-3a090995-7bb1-4390-a0aa-9103c434cda2 d7084b42becf4b599e8970dfec32f5a2 29cf855aa6fd4a9f9704eaa2a21cf674 - - default default] 10.0.0.56 "DELETE /v2.0/security-groups/9d701538-6929-499c-8812-a8d37cc7bc56 HTTP/1.1" status: 204 len: 168 time: 0.1852918
2026-06-27 10:12:13.898 10 INFO neutron.wsgi [-] 10.0.0.214 "GET / HTTP/1.1" status: 200 len: 246 time: 0.0034456
2026-06-27 10:12:13.899 9 INFO neutron.wsgi [-] 10.0.0.214 "GET / HTTP/1.1" status: 200 len: 246 time: 0.0034990
2026-06-27 10:12:13.955 10 INFO neutron.wsgi [req-9e78fe2f-a2a0-4dcd-a8b7-611375591643 req-a5ef3886-f52f-4f41-920f-ff7b87fffd48 b06a8ef406b64a53b92cc7175f827a1d ee04220336ac416da3ce6298b8609a20 - - 37f3b442b15a4d2c802eb8f99e1e291c 37f3b442b15a4d2c802eb8f99e1e291c] 199.204.45.57 "GET /v2.0/ports?device_id=0105fe1d-0916-49af-9bd4-d9a6a7321418&fields=binding%3Ahost_id&fields=binding%3Avif_type HTTP/1.1" status: 200 len: 265 time: 0.0330899
2026-06-27 10:12:14.030 10 INFO neutron.wsgi [req-9e78fe2f-a2a0-4dcd-a8b7-611375591643 req-1d1487db-4dde-4661-9ca5-014e657d3ae7 b06a8ef406b64a53b92cc7175f827a1d ee04220336ac416da3ce6298b8609a20 - - 37f3b442b15a4d2c802eb8f99e1e291c 37f3b442b15a4d2c802eb8f99e1e291c] 199.204.45.57 "GET /v2.0/ports?tenant_id=9a00310324314d5e918076dd2c3fd0e0&device_id=0105fe1d-0916-49af-9bd4-d9a6a7321418 HTTP/1.1" status: 200 len: 1638 time: 0.0347104
2026-06-27 10:12:14.111 10 INFO neutron.wsgi [req-9e78fe2f-a2a0-4dcd-a8b7-611375591643 req-1bc0f689-d159-4d0a-8cb6-725b7b0be2eb b06a8ef406b64a53b92cc7175f827a1d ee04220336ac416da3ce6298b8609a20 - - 37f3b442b15a4d2c802eb8f99e1e291c 37f3b442b15a4d2c802eb8f99e1e291c] 199.204.45.57 "GET /v2.0/networks?id=b654258a-be6e-4e54-a283-9689849aecd9 HTTP/1.1" status: 200 len: 1002 time: 0.0638118
2026-06-27 10:12:14.168 10 INFO neutron.wsgi [req-9e78fe2f-a2a0-4dcd-a8b7-611375591643 req-a7d1f906-5085-43b4-88a7-c052003037a4 b06a8ef406b64a53b92cc7175f827a1d ee04220336ac416da3ce6298b8609a20 - - 37f3b442b15a4d2c802eb8f99e1e291c 37f3b442b15a4d2c802eb8f99e1e291c] 199.204.45.57 "GET /v2.0/floatingips?fixed_ip_address=10.2.1.112&port_id=aa967560-95dd-49c3-9807-2708be6acc63 HTTP/1.1" status: 200 len: 1059 time: 0.0474012
2026-06-27 10:12:14.197 10 INFO neutron.wsgi [req-9e78fe2f-a2a0-4dcd-a8b7-611375591643 req-45c39a7d-5126-4a3f-a853-893e62fcb81e b06a8ef406b64a53b92cc7175f827a1d ee04220336ac416da3ce6298b8609a20 - - 37f3b442b15a4d2c802eb8f99e1e291c 37f3b442b15a4d2c802eb8f99e1e291c] 199.204.45.57 "GET /v2.0/floatingips?fixed_ip_address=fd7b%3Af9f7%3Afff%3A4eca%3A%3A17d&port_id=aa967560-95dd-49c3-9807-2708be6acc63 HTTP/1.1" status: 200 len: 217 time: 0.0212572
2026-06-27 10:12:14.236 10 INFO neutron.wsgi [req-9e78fe2f-a2a0-4dcd-a8b7-611375591643 req-480376f2-cbdb-471d-b86a-5d775463487f b06a8ef406b64a53b92cc7175f827a1d ee04220336ac416da3ce6298b8609a20 - - 37f3b442b15a4d2c802eb8f99e1e291c 37f3b442b15a4d2c802eb8f99e1e291c] 199.204.45.57 "GET /v2.0/subnets?id=3c1ad910-3f05-4d32-803f-6ec96671ad58&id=cbc19315-d754-4351-9bc2-d9510297344c HTTP/1.1" status: 200 len: 1562 time: 0.0344193
2026-06-27 10:12:14.264 10 INFO neutron.wsgi [req-9e78fe2f-a2a0-4dcd-a8b7-611375591643 req-e08dd7b7-bc2b-46fa-96ba-f8c0bce7f083 b06a8ef406b64a53b92cc7175f827a1d ee04220336ac416da3ce6298b8609a20 - - 37f3b442b15a4d2c802eb8f99e1e291c 37f3b442b15a4d2c802eb8f99e1e291c] 199.204.45.57 "GET /v2.0/ports?network_id=b654258a-be6e-4e54-a283-9689849aecd9&device_owner=network%3Adhcp HTTP/1.1" status: 200 len: 210 time: 0.0213346
2026-06-27 10:12:14.286 10 INFO neutron.wsgi [req-9e78fe2f-a2a0-4dcd-a8b7-611375591643 req-f4e30222-010d-4be7-915e-0f45bf1faaaa b06a8ef406b64a53b92cc7175f827a1d ee04220336ac416da3ce6298b8609a20 - - 37f3b442b15a4d2c802eb8f99e1e291c 37f3b442b15a4d2c802eb8f99e1e291c] 199.204.45.57 "GET /v2.0/ports?network_id=b654258a-be6e-4e54-a283-9689849aecd9&device_owner=network%3Adhcp HTTP/1.1" status: 200 len: 210 time: 0.0174253
2026-06-27 10:12:14.351 10 INFO neutron.wsgi [req-9e78fe2f-a2a0-4dcd-a8b7-611375591643 req-ae604357-e7d4-4dcf-93ea-ab0239aa2a4c b06a8ef406b64a53b92cc7175f827a1d ee04220336ac416da3ce6298b8609a20 - - 37f3b442b15a4d2c802eb8f99e1e291c 37f3b442b15a4d2c802eb8f99e1e291c] 199.204.45.57 "GET /v2.0/networks/b654258a-be6e-4e54-a283-9689849aecd9?fields=segments HTTP/1.1" status: 200 len: 212 time: 0.0549860
2026-06-27 10:12:14.439 10 INFO neutron.wsgi [req-9e78fe2f-a2a0-4dcd-a8b7-611375591643 req-81a3080b-f506-43a8-9b29-7be4404eef6d b06a8ef406b64a53b92cc7175f827a1d ee04220336ac416da3ce6298b8609a20 - - 37f3b442b15a4d2c802eb8f99e1e291c 37f3b442b15a4d2c802eb8f99e1e291c] 199.204.45.57 "GET /v2.0/networks/b654258a-be6e-4e54-a283-9689849aecd9?fields=provider%3Aphysical_network&fields=provider%3Anetwork_type HTTP/1.1" status: 200 len: 277 time: 0.0807741
2026-06-27 10:12:14.640 9 INFO neutron.db.ovn_revision_numbers_db [None req-8e973c98-097b-4ca4-8c42-8597156a367e 75c68da1f3ec455abb2643f8aa2fc020 6eb908e1e50b4bc7bd288da3b94887f5 - - default default] Successfully bumped revision number for resource 833487fa-50fa-47d4-b888-6ad86e48d20a (type: routers) to 1
2026-06-27 10:12:14.657 9 INFO neutron.wsgi [None req-8e973c98-097b-4ca4-8c42-8597156a367e 75c68da1f3ec455abb2643f8aa2fc020 6eb908e1e50b4bc7bd288da3b94887f5 - - default default] 10.0.0.56 "POST /v2.0/routers HTTP/1.1" status: 201 len: 654 time: 0.4108443
2026-06-27 10:12:14.732 9 INFO neutron.wsgi [None req-2e79866b-516d-4b65-a21b-2757470f0500 75c68da1f3ec455abb2643f8aa2fc020 6eb908e1e50b4bc7bd288da3b94887f5 - - default default] 10.0.0.56 "PUT /v2.0/routers/833487fa-50fa-47d4-b888-6ad86e48d20a/tags HTTP/1.1" status: 200 len: 218 time: 0.0671008
2026-06-27 10:12:14.788 9 INFO neutron.wsgi [None req-0d847905-e15f-41b7-94f5-7cc137457b98 75c68da1f3ec455abb2643f8aa2fc020 6eb908e1e50b4bc7bd288da3b94887f5 - - default default] 10.0.0.56 "GET /v2.0/routers/833487fa-50fa-47d4-b888-6ad86e48d20a/tags HTTP/1.1" status: 200 len: 218 time: 0.0498056
2026-06-27 10:12:14.849 9 INFO neutron.wsgi [None req-64fdcd57-f750-4fe7-93c5-782414b482ba 75c68da1f3ec455abb2643f8aa2fc020 6eb908e1e50b4bc7bd288da3b94887f5 - - default default] 10.0.0.56 "PUT /v2.0/routers/833487fa-50fa-47d4-b888-6ad86e48d20a/tags/green HTTP/1.1" status: 201 len: 201 time: 0.0574665
2026-06-27 10:12:14.905 9 INFO neutron.wsgi [None req-55e2f51e-fe25-413e-96fd-b98b54227c11 75c68da1f3ec455abb2643f8aa2fc020 6eb908e1e50b4bc7bd288da3b94887f5 - - default default] 10.0.0.56 "GET /v2.0/routers/833487fa-50fa-47d4-b888-6ad86e48d20a/tags HTTP/1.1" status: 200 len: 227 time: 0.0503657
2026-06-27 10:12:14.955 9 INFO neutron.wsgi [None req-9e63d483-c233-47c2-a09b-b2355ffba129 75c68da1f3ec455abb2643f8aa2fc020 6eb908e1e50b4bc7bd288da3b94887f5 - - default default] 10.0.0.56 "PUT /v2.0/routers/833487fa-50fa-47d4-b888-6ad86e48d20a/tags/red HTTP/1.1" status: 201 len: 201 time: 0.0469661
2026-06-27 10:12:15.005 9 INFO neutron.wsgi [None req-9ae78479-f9ec-47b0-b2ff-3013384f8ae7 75c68da1f3ec455abb2643f8aa2fc020 6eb908e1e50b4bc7bd288da3b94887f5 - - default default] 10.0.0.56 "GET /v2.0/routers/833487fa-50fa-47d4-b888-6ad86e48d20a/tags HTTP/1.1" status: 200 len: 227 time: 0.0452843
