2026-06-27 10:08:12.104 10 INFO neutron.wsgi [req-0246de72-8a99-4df1-8c48-d96953ccc086 req-ea1ffc24-47ac-4c3e-b2d0-958f3e4ed614 b06a8ef406b64a53b92cc7175f827a1d ee04220336ac416da3ce6298b8609a20 - - 37f3b442b15a4d2c802eb8f99e1e291c 37f3b442b15a4d2c802eb8f99e1e291c] 199.204.45.57 "GET /v2.0/ports?network_id=aa3de60d-05a6-4c47-a7f2-dbfded178749&device_owner=network%3Adhcp HTTP/1.1" status: 200 len: 210 time: 0.0536008
2026-06-27 10:08:12.259 10 INFO neutron.wsgi [req-0246de72-8a99-4df1-8c48-d96953ccc086 req-bf0786ba-8eb1-4c04-a549-d9cc348fc34e b06a8ef406b64a53b92cc7175f827a1d ee04220336ac416da3ce6298b8609a20 - - 37f3b442b15a4d2c802eb8f99e1e291c 37f3b442b15a4d2c802eb8f99e1e291c] 199.204.45.57 "GET /v2.0/networks/aa3de60d-05a6-4c47-a7f2-dbfded178749?fields=segments HTTP/1.1" status: 200 len: 212 time: 0.1448174
2026-06-27 10:08:12.268 9 INFO neutron.wsgi [req-f3787f69-eea5-40fc-9e69-69652fb7e02d req-69003ece-aa19-4f23-a040-dbbe013f31a6 9d2e4d10054c4f21b70fa701d92274a9 42ea737b2a3045ef956fd90d080fac8f - - default default] 10.0.0.87 "GET /v2.0/ports?device_id=5b8f9b83-9fb6-4da5-b3f7-925bed9c05ae HTTP/1.1" status: 200 len: 1170 time: 0.3770366
2026-06-27 10:08:12.285 10 INFO neutron.wsgi [req-146db71a-b04c-471a-8d93-76b8cbb5b833 req-164794e6-9d07-4b6a-b3a9-9ffabc852c74 9d2e4d10054c4f21b70fa701d92274a9 42ea737b2a3045ef956fd90d080fac8f - - default default] 199.204.45.57 "GET /v2.0/ports?device_id=5b8f9b83-9fb6-4da5-b3f7-925bed9c05ae HTTP/1.1" status: 200 len: 1168 time: 0.0888712
2026-06-27 10:08:12.337 9 INFO neutron.wsgi [req-f3787f69-eea5-40fc-9e69-69652fb7e02d req-ee499603-a937-4b6f-bb09-4e01728012ad 9d2e4d10054c4f21b70fa701d92274a9 42ea737b2a3045ef956fd90d080fac8f - - default default] 10.0.0.87 "GET /v2.0/security-groups?id=09221c46-6752-4298-9cc2-98942aa6f589&fields=id&fields=name HTTP/1.1" status: 200 len: 312 time: 0.0625379
2026-06-27 10:08:12.476 10 INFO neutron.wsgi [req-0246de72-8a99-4df1-8c48-d96953ccc086 req-063bde68-8f86-42d4-bef3-847629e0cc87 b06a8ef406b64a53b92cc7175f827a1d ee04220336ac416da3ce6298b8609a20 - - 37f3b442b15a4d2c802eb8f99e1e291c 37f3b442b15a4d2c802eb8f99e1e291c] 199.204.45.57 "GET /v2.0/networks/aa3de60d-05a6-4c47-a7f2-dbfded178749?fields=provider%3Aphysical_network&fields=provider%3Anetwork_type HTTP/1.1" status: 200 len: 277 time: 0.2044954
2026-06-27 10:08:12.554 10 INFO neutron.wsgi [None req-72720cb8-2989-48d6-bbb7-972c505236a9 5116d183304a4ad597cae2ec7a7b71db 20101ceb0312433584fac726b1249e41 - - default default] 10.0.0.56 "DELETE /v2.0/subnets/1bdda00e-19a4-408c-bedd-762c5f384c4d HTTP/1.1" status: 204 len: 168 time: 0.5001738
2026-06-27 10:08:12.633 10 INFO neutron.db.ovn_revision_numbers_db [None req-eee4468b-8da6-4f02-957f-82083b5051aa - - - - - -] Successfully bumped revision number for resource 740a23ba-ff41-464f-9ecf-6450fe9ded15 (type: ports) to 5
2026-06-27 10:08:12.785 10 INFO neutron.db.l3_db [req-146db71a-b04c-471a-8d93-76b8cbb5b833 req-9e73c8e3-cf11-44f7-a658-510a808d0d55 9d2e4d10054c4f21b70fa701d92274a9 42ea737b2a3045ef956fd90d080fac8f - - default default] Floating IP dc331077-cdcf-4712-a4de-ec73db259d71 disassociated. External IP: 10.96.250.206, port: 740a23ba-ff41-464f-9ecf-6450fe9ded15.
2026-06-27 10:08:12.903 9 WARNING neutron.scheduler.dhcp_agent_scheduler [None req-acf886c1-21e2-4998-816e-37e7edea1d88 50d7217aa45a48e499ae0b92ca4a68d5 e263f6b4dfb649938c1cc78501582411 - - default default] No more DHCP agents
2026-06-27 10:08:12.906 9 WARNING neutron.api.rpc.agentnotifiers.dhcp_rpc_agent_api [None req-acf886c1-21e2-4998-816e-37e7edea1d88 50d7217aa45a48e499ae0b92ca4a68d5 e263f6b4dfb649938c1cc78501582411 - - default default] Unable to schedule network 219edd57-4d7a-4c5e-9c99-4be502dbde98: no agents available; will retry on subsequent port and subnet creation events.
2026-06-27 10:08:12.968 10 INFO neutron.wsgi [req-146db71a-b04c-471a-8d93-76b8cbb5b833 req-9e73c8e3-cf11-44f7-a658-510a808d0d55 9d2e4d10054c4f21b70fa701d92274a9 42ea737b2a3045ef956fd90d080fac8f - - default default] 199.204.45.57 "DELETE /v2.0/ports/740a23ba-ff41-464f-9ecf-6450fe9ded15 HTTP/1.1" status: 204 len: 173 time: 0.6701026
2026-06-27 10:08:13.098 9 INFO neutron.services.segments.plugin [-] Segment 79b69e32-5509-4381-a419-4ebe7e374270 resource provider aggregate not found
2026-06-27 10:08:13.103 9 INFO neutron.services.segments.plugin [-] Segment 79b69e32-5509-4381-a419-4ebe7e374270 resource provider aggregate not found
2026-06-27 10:08:13.118 9 INFO neutron.services.segments.plugin [-] Segment 79b69e32-5509-4381-a419-4ebe7e374270 resource provider not found; error: Placement Client Error (4xx): {"errors": [{"status": 404, "title": "Not Found", "detail": "The resource could not be found.\n\n No resource provider with uuid 79b69e32-5509-4381-a419-4ebe7e374270 found for delete ", "request_id": "req-ef537e4c-b852-4cfd-933f-f7800e7a8ff6"}]}
2026-06-27 10:08:13.126 9 INFO neutron.services.segments.plugin [-] Segment 79b69e32-5509-4381-a419-4ebe7e374270 resource provider not found; error: Placement Client Error (4xx): {"errors": [{"status": 404, "title": "Not Found", "detail": "The resource could not be found.\n\n No resource provider with uuid 79b69e32-5509-4381-a419-4ebe7e374270 found for delete ", "request_id": "req-e6d1af8c-c8c6-4c34-8bb3-c93b7f711157"}]}
2026-06-27 10:08:13.159 9 INFO neutron.wsgi [None req-a922bfaa-670c-4c9b-b407-76121d480628 5116d183304a4ad597cae2ec7a7b71db 20101ceb0312433584fac726b1249e41 - - default default] 10.0.0.56 "DELETE /v2.0/networks/35f6339d-64d8-4932-8e59-aad3287bd5c8 HTTP/1.1" status: 204 len: 168 time: 0.5975933
2026-06-27 10:08:13.170 9 INFO neutron.db.ovn_revision_numbers_db [None req-acf886c1-21e2-4998-816e-37e7edea1d88 50d7217aa45a48e499ae0b92ca4a68d5 e263f6b4dfb649938c1cc78501582411 - - default default] Successfully bumped revision number for resource fd69c74f-91a8-42f0-a592-dd46822120ad (type: ports) to 1 /var/lib/openstack/lib/python3.10/site-packages/pycadf/identifier.py:71: UserWarning: Invalid uuid: neutron. To ensure interoperability, identifiers should be a valid uuid. warnings.warn(('Invalid uuid: %s. To ensure interoperability, '
2026-06-27 10:08:13.262 10 INFO neutron.db.segments_db [None req-c34e6c3b-bd95-4087-9623-cb3a9756fc0a 5116d183304a4ad597cae2ec7a7b71db 20101ceb0312433584fac726b1249e41 - - default default] Added segment 10fc3a06-4ba5-4aae-affb-a596ec56fa86 of type geneve for network eb4d2f18-f358-4f86-bb94-68046131dcaa
2026-06-27 10:08:13.332 10 INFO neutron.notifiers.nova [-] Nova event matching ['req-ad47a5b6-ce6c-4d82-b31f-154d76db0630'] response: {'server_uuid': '5b8f9b83-9fb6-4da5-b3f7-925bed9c05ae', 'name': 'network-vif-unplugged', 'status': 'completed', 'tag': '740a23ba-ff41-464f-9ecf-6450fe9ded15', 'code': 200}
2026-06-27 10:08:13.332 10 INFO neutron.notifiers.nova [-] Nova event matching ['req-ad47a5b6-ce6c-4d82-b31f-154d76db0630'] response: {'server_uuid': '5b8f9b83-9fb6-4da5-b3f7-925bed9c05ae', 'name': 'network-vif-plugged', 'status': 'completed', 'tag': '740a23ba-ff41-464f-9ecf-6450fe9ded15', 'code': 200}
2026-06-27 10:08:13.332 10 INFO neutron.notifiers.nova [-] Nova event matching ['req-ad47a5b6-ce6c-4d82-b31f-154d76db0630'] response: {'server_uuid': '5b8f9b83-9fb6-4da5-b3f7-925bed9c05ae', 'name': 'network-vif-deleted', 'tag': '740a23ba-ff41-464f-9ecf-6450fe9ded15', 'status': 'completed', 'code': 200}
2026-06-27 10:08:13.457 10 INFO neutron.db.ovn_revision_numbers_db [None req-c34e6c3b-bd95-4087-9623-cb3a9756fc0a 5116d183304a4ad597cae2ec7a7b71db 20101ceb0312433584fac726b1249e41 - - default default] Successfully bumped revision number for resource eb4d2f18-f358-4f86-bb94-68046131dcaa (type: networks) to 1
2026-06-27 10:08:13.675 10 INFO neutron.wsgi [None req-da6527c9-43a0-4da7-bcbe-5c5a7da2e4c9 9d2e4d10054c4f21b70fa701d92274a9 42ea737b2a3045ef956fd90d080fac8f - - default default] 10.0.0.56 "DELETE /v2.0/security-groups/09221c46-6752-4298-9cc2-98942aa6f589 HTTP/1.1" status: 204 len: 168 time: 0.2060959
2026-06-27 10:08:13.686 10 WARNING neutron.scheduler.dhcp_agent_scheduler [None req-c34e6c3b-bd95-4087-9623-cb3a9756fc0a 5116d183304a4ad597cae2ec7a7b71db 20101ceb0312433584fac726b1249e41 - - default default] No more DHCP agents
2026-06-27 10:08:13.694 10 WARNING neutron.api.rpc.agentnotifiers.dhcp_rpc_agent_api [None req-c34e6c3b-bd95-4087-9623-cb3a9756fc0a 5116d183304a4ad597cae2ec7a7b71db 20101ceb0312433584fac726b1249e41 - - default default] Unable to schedule network eb4d2f18-f358-4f86-bb94-68046131dcaa: no agents available; will retry on subsequent port and subnet creation events.
2026-06-27 10:08:13.704 10 INFO neutron.api.v2.resource [None req-1425ae60-c26b-4989-9f05-ca83bcca614a 9d2e4d10054c4f21b70fa701d92274a9 42ea737b2a3045ef956fd90d080fac8f - - default default] show failed (client error): The resource could not be found.
2026-06-27 10:08:13.705 10 INFO neutron.wsgi [None req-1425ae60-c26b-4989-9f05-ca83bcca614a 9d2e4d10054c4f21b70fa701d92274a9 42ea737b2a3045ef956fd90d080fac8f - - default default] 10.0.0.56 "GET /v2.0/security-groups/09221c46-6752-4298-9cc2-98942aa6f589 HTTP/1.1" status: 404 len: 347 time: 0.0216868
2026-06-27 10:08:13.781 9 INFO neutron.db.ovn_revision_numbers_db [None req-acf886c1-21e2-4998-816e-37e7edea1d88 50d7217aa45a48e499ae0b92ca4a68d5 e263f6b4dfb649938c1cc78501582411 - - default default] Successfully bumped revision number for resource fd69c74f-91a8-42f0-a592-dd46822120ad (type: router_ports) to 1
2026-06-27 10:08:13.781 10 INFO neutron.db.ovn_revision_numbers_db [None req-c34e6c3b-bd95-4087-9623-cb3a9756fc0a 5116d183304a4ad597cae2ec7a7b71db 20101ceb0312433584fac726b1249e41 - - default default] Successfully bumped revision number for resource 9e5deaa7-80fd-44eb-87de-aeb2314c921b (type: ports) to 1
2026-06-27 10:08:13.809 10 INFO neutron.wsgi [None req-c34e6c3b-bd95-4087-9623-cb3a9756fc0a 5116d183304a4ad597cae2ec7a7b71db 20101ceb0312433584fac726b1249e41 - - default default] 10.0.0.56 "POST /v2.0/networks HTTP/1.1" status: 201 len: 832 time: 0.6370814
2026-06-27 10:08:13.898 10 INFO neutron.wsgi [-] 10.0.0.214 "GET / HTTP/1.1" status: 200 len: 246 time: 0.0014582
2026-06-27 10:08:13.900 10 INFO neutron.wsgi [-] 10.0.0.214 "GET / HTTP/1.1" status: 200 len: 246 time: 0.0009143
2026-06-27 10:08:13.974 9 INFO neutron.db.ovn_revision_numbers_db [None req-acf886c1-21e2-4998-816e-37e7edea1d88 50d7217aa45a48e499ae0b92ca4a68d5 e263f6b4dfb649938c1cc78501582411 - - default default] Successfully bumped revision number for resource fd69c74f-91a8-42f0-a592-dd46822120ad (type: ports) to 1
2026-06-27 10:08:14.080 10 WARNING neutron.scheduler.dhcp_agent_scheduler [None req-c55c61b3-ef65-4f9d-aaff-a99d3c743c9b 5116d183304a4ad597cae2ec7a7b71db 20101ceb0312433584fac726b1249e41 - - default default] No more DHCP agents
2026-06-27 10:08:14.082 10 WARNING neutron.api.rpc.agentnotifiers.dhcp_rpc_agent_api [None req-c55c61b3-ef65-4f9d-aaff-a99d3c743c9b 5116d183304a4ad597cae2ec7a7b71db 20101ceb0312433584fac726b1249e41 - - default default] Unable to schedule network eb4d2f18-f358-4f86-bb94-68046131dcaa: no agents available; will retry on subsequent port and subnet creation events.
2026-06-27 10:08:14.084 9 WARNING neutron.scheduler.dhcp_agent_scheduler [None req-acf886c1-21e2-4998-816e-37e7edea1d88 50d7217aa45a48e499ae0b92ca4a68d5 e263f6b4dfb649938c1cc78501582411 - - default default] No more DHCP agents
2026-06-27 10:08:14.087 9 WARNING neutron.api.rpc.agentnotifiers.dhcp_rpc_agent_api [None req-acf886c1-21e2-4998-816e-37e7edea1d88 50d7217aa45a48e499ae0b92ca4a68d5 e263f6b4dfb649938c1cc78501582411 - - default default] Unable to schedule network 219edd57-4d7a-4c5e-9c99-4be502dbde98: no agents available; will retry on subsequent port and subnet creation events.
2026-06-27 10:08:14.117 10 INFO neutron.db.ovn_revision_numbers_db [None req-c55c61b3-ef65-4f9d-aaff-a99d3c743c9b 5116d183304a4ad597cae2ec7a7b71db 20101ceb0312433584fac726b1249e41 - - default default] Successfully bumped revision number for resource 37793a4a-f16a-4c1d-8d75-1a676916afc8 (type: subnets) to 0
2026-06-27 10:08:14.137 9 INFO neutron.wsgi [None req-45885b34-3be5-401e-95fc-aa46d660c397 9d2e4d10054c4f21b70fa701d92274a9 42ea737b2a3045ef956fd90d080fac8f - - default default] 10.0.0.56 "DELETE /v2.0/floatingips/dc331077-cdcf-4712-a4de-ec73db259d71 HTTP/1.1" status: 204 len: 168 time: 0.4250162
2026-06-27 10:08:14.146 10 INFO neutron.wsgi [None req-c55c61b3-ef65-4f9d-aaff-a99d3c743c9b 5116d183304a4ad597cae2ec7a7b71db 20101ceb0312433584fac726b1249e41 - - default default] 10.0.0.56 "POST /v2.0/subnets HTTP/1.1" status: 201 len: 821 time: 0.3279011
2026-06-27 10:08:14.357 10 INFO neutron.db.ovn_revision_numbers_db [None req-63dd6102-a7e2-4cc2-ae00-2c37dc761419 5116d183304a4ad597cae2ec7a7b71db 20101ceb0312433584fac726b1249e41 - - default default] Successfully bumped revision number for resource ce8dadc9-8b43-40e7-8cd9-612c4752587f (type: routers) to 1
2026-06-27 10:08:14.378 10 INFO neutron.wsgi [None req-63dd6102-a7e2-4cc2-ae00-2c37dc761419 5116d183304a4ad597cae2ec7a7b71db 20101ceb0312433584fac726b1249e41 - - default default] 10.0.0.56 "POST /v2.0/routers HTTP/1.1" status: 201 len: 691 time: 0.2258282
2026-06-27 10:08:14.538 9 INFO neutron.db.ovn_revision_numbers_db [None req-acf886c1-21e2-4998-816e-37e7edea1d88 50d7217aa45a48e499ae0b92ca4a68d5 e263f6b4dfb649938c1cc78501582411 - - default default] Successfully bumped revision number for resource fd69c74f-91a8-42f0-a592-dd46822120ad (type: router_ports) to 1
2026-06-27 10:08:14.540 9 INFO neutron.wsgi [None req-acf886c1-21e2-4998-816e-37e7edea1d88 50d7217aa45a48e499ae0b92ca4a68d5 e263f6b4dfb649938c1cc78501582411 - - default default] 10.0.0.56 "PUT /v2.0/routers/5732a072-d94e-4384-823d-7aa9e97202d6/add_router_interface HTTP/1.1" status: 200 len: 503 time: 2.7190914
2026-06-27 10:08:15.199 9 WARNING neutron.plugins.ml2.drivers.ovn.mech_driver.ovsdb.ovn_client [None req-52e93dfb-9160-4bd6-86b2-6619b950589b - - - - - -] No port found with ID b7e580ca-05c3-4bde-b375-093f436b48a7: RuntimeError: No port found with ID b7e580ca-05c3-4bde-b375-093f436b48a7
2026-06-27 10:08:15.236 9 INFO neutron.plugins.ml2.drivers.ovn.mech_driver.mech_driver [None req-52e93dfb-9160-4bd6-86b2-6619b950589b - - - - - -] OVN reports status up for port: f88e9ec4-7593-462b-9d57-83137526bf48
2026-06-27 10:08:15.252 9 INFO neutron.plugins.ml2.plugin [None req-52e93dfb-9160-4bd6-86b2-6619b950589b - - - - - -] Attempt 1 to provision port f88e9ec4-7593-462b-9d57-83137526bf48
2026-06-27 10:08:15.275 10 WARNING neutron.scheduler.dhcp_agent_scheduler [None req-855fd083-526b-43aa-90ba-5097c6ff7a87 5116d183304a4ad597cae2ec7a7b71db 20101ceb0312433584fac726b1249e41 - - default default] No more DHCP agents
2026-06-27 10:08:15.278 10 WARNING neutron.api.rpc.agentnotifiers.dhcp_rpc_agent_api [None req-855fd083-526b-43aa-90ba-5097c6ff7a87 5116d183304a4ad597cae2ec7a7b71db 20101ceb0312433584fac726b1249e41 - - default default] Unable to schedule network eb4d2f18-f358-4f86-bb94-68046131dcaa: no agents available; will retry on subsequent port and subnet creation events.
2026-06-27 10:08:15.406 10 WARNING neutron.scheduler.dhcp_agent_scheduler [None req-85ac8464-41d7-44ef-bfc8-eeff885d7459 50d7217aa45a48e499ae0b92ca4a68d5 e263f6b4dfb649938c1cc78501582411 - - default default] No more DHCP agents
2026-06-27 10:08:15.410 10 WARNING neutron.api.rpc.agentnotifiers.dhcp_rpc_agent_api [None req-85ac8464-41d7-44ef-bfc8-eeff885d7459 50d7217aa45a48e499ae0b92ca4a68d5 e263f6b4dfb649938c1cc78501582411 - - default default] Unable to schedule network 219edd57-4d7a-4c5e-9c99-4be502dbde98: no agents available; will retry on subsequent port and subnet creation events.
2026-06-27 10:08:15.439 10 INFO neutron.db.ovn_revision_numbers_db [None req-855fd083-526b-43aa-90ba-5097c6ff7a87 5116d183304a4ad597cae2ec7a7b71db 20101ceb0312433584fac726b1249e41 - - default default] Successfully bumped revision number for resource 8d66207e-921d-466d-812f-6c01db400208 (type: ports) to 1
2026-06-27 10:08:15.643 9 INFO neutron.wsgi [None req-5cb06dfb-1454-4d00-be25-bc6ff7f4c3e0 d7084b42becf4b599e8970dfec32f5a2 29cf855aa6fd4a9f9704eaa2a21cf674 - - default default] 10.0.0.56 "PUT /v2.0/routers/8d61d0b6-fb5c-47ac-a2e5-6a4e909c56b8/remove_router_interface HTTP/1.1" status: 200 len: 503 time: 1.4975569 /var/lib/openstack/lib/python3.10/site-packages/pycadf/identifier.py:71: UserWarning: Invalid uuid: neutron. To ensure interoperability, identifiers should be a valid uuid. warnings.warn(('Invalid uuid: %s. To ensure interoperability, '
2026-06-27 10:08:15.678 10 INFO neutron.db.ovn_revision_numbers_db [None req-85ac8464-41d7-44ef-bfc8-eeff885d7459 50d7217aa45a48e499ae0b92ca4a68d5 e263f6b4dfb649938c1cc78501582411 - - default default] Successfully bumped revision number for resource fc1eba42-3f5b-46db-8191-f5edb21207eb (type: ports) to 1
2026-06-27 10:08:15.718 10 INFO neutron.wsgi [None req-85ac8464-41d7-44ef-bfc8-eeff885d7459 50d7217aa45a48e499ae0b92ca4a68d5 e263f6b4dfb649938c1cc78501582411 - - default default] 10.0.0.56 "POST /v2.0/ports HTTP/1.1" status: 201 len: 1158 time: 1.1706140 /var/lib/openstack/lib/python3.10/site-packages/pycadf/identifier.py:71: UserWarning: Invalid uuid: neutron. To ensure interoperability, identifiers should be a valid uuid. warnings.warn(('Invalid uuid: %s. To ensure interoperability, '
2026-06-27 10:08:15.984 10 INFO neutron.db.ovn_revision_numbers_db [None req-855fd083-526b-43aa-90ba-5097c6ff7a87 5116d183304a4ad597cae2ec7a7b71db 20101ceb0312433584fac726b1249e41 - - default default] Successfully bumped revision number for resource 8d66207e-921d-466d-812f-6c01db400208 (type: router_ports) to 1
2026-06-27 10:08:16.145 10 INFO neutron.db.ovn_revision_numbers_db [None req-855fd083-526b-43aa-90ba-5097c6ff7a87 5116d183304a4ad597cae2ec7a7b71db 20101ceb0312433584fac726b1249e41 - - default default] Successfully bumped revision number for resource 8d66207e-921d-466d-812f-6c01db400208 (type: ports) to 1
2026-06-27 10:08:16.213 10 WARNING neutron.scheduler.dhcp_agent_scheduler [None req-bb7d9f31-5af1-4451-ba8b-b102c942e97f 50d7217aa45a48e499ae0b92ca4a68d5 e263f6b4dfb649938c1cc78501582411 - - default default] No more DHCP agents
2026-06-27 10:08:16.219 10 WARNING neutron.api.rpc.agentnotifiers.dhcp_rpc_agent_api [None req-bb7d9f31-5af1-4451-ba8b-b102c942e97f 50d7217aa45a48e499ae0b92ca4a68d5 e263f6b4dfb649938c1cc78501582411 - - default default] Unable to schedule network 219edd57-4d7a-4c5e-9c99-4be502dbde98: no agents available; will retry on subsequent port and subnet creation events.
2026-06-27 10:08:16.268 9 INFO neutron.wsgi [None req-df2788ee-fea4-449f-ab23-873a68efdb06 d7084b42becf4b599e8970dfec32f5a2 29cf855aa6fd4a9f9704eaa2a21cf674 - - default default] 10.0.0.56 "DELETE /v2.0/routers/8d61d0b6-fb5c-47ac-a2e5-6a4e909c56b8 HTTP/1.1" status: 204 len: 168 time: 0.6187973
2026-06-27 10:08:16.273 10 INFO neutron.db.ovn_revision_numbers_db [None req-d8d64d67-3138-40b4-b974-e7c3d8db0267 d7084b42becf4b599e8970dfec32f5a2 29cf855aa6fd4a9f9704eaa2a21cf674 - - default default] Successfully bumped revision number for resource 5edfa750-7ec4-4ae1-861b-4be625568432 (type: security_groups) to 1
2026-06-27 10:08:16.290 10 WARNING neutron.scheduler.dhcp_agent_scheduler [None req-855fd083-526b-43aa-90ba-5097c6ff7a87 5116d183304a4ad597cae2ec7a7b71db 20101ceb0312433584fac726b1249e41 - - default default] No more DHCP agents
2026-06-27 10:08:16.294 10 WARNING neutron.api.rpc.agentnotifiers.dhcp_rpc_agent_api [None req-855fd083-526b-43aa-90ba-5097c6ff7a87 5116d183304a4ad597cae2ec7a7b71db 20101ceb0312433584fac726b1249e41 - - default default] Unable to schedule network eb4d2f18-f358-4f86-bb94-68046131dcaa: no agents available; will retry on subsequent port and subnet creation events.
2026-06-27 10:08:16.307 10 INFO neutron.db.ovn_revision_numbers_db [None req-d8d64d67-3138-40b4-b974-e7c3d8db0267 d7084b42becf4b599e8970dfec32f5a2 29cf855aa6fd4a9f9704eaa2a21cf674 - - default default] Successfully bumped revision number for resource 056d5024-ac1e-413e-9b4a-a36d17f9df4c (type: security_group_rules) to 0
2026-06-27 10:08:16.342 10 INFO neutron.db.ovn_revision_numbers_db [None req-d8d64d67-3138-40b4-b974-e7c3d8db0267 d7084b42becf4b599e8970dfec32f5a2 29cf855aa6fd4a9f9704eaa2a21cf674 - - default default] Successfully bumped revision number for resource 0a114c2d-fd6a-48ef-bf49-6e1350fddf4e (type: security_group_rules) to 0
2026-06-27 10:08:16.397 10 INFO neutron.db.ovn_revision_numbers_db [None req-d8d64d67-3138-40b4-b974-e7c3d8db0267 d7084b42becf4b599e8970dfec32f5a2 29cf855aa6fd4a9f9704eaa2a21cf674 - - default default] Successfully bumped revision number for resource 6fb20313-d7e6-4474-b1cf-60982ddbe2dc (type: security_group_rules) to 0
2026-06-27 10:08:16.432 10 INFO neutron.db.ovn_revision_numbers_db [None req-d8d64d67-3138-40b4-b974-e7c3d8db0267 d7084b42becf4b599e8970dfec32f5a2 29cf855aa6fd4a9f9704eaa2a21cf674 - - default default] Successfully bumped revision number for resource fd04887b-3534-4173-8136-9fafc30f5e53 (type: security_group_rules) to 0
2026-06-27 10:08:16.465 10 INFO neutron.wsgi [None req-d8d64d67-3138-40b4-b974-e7c3d8db0267 d7084b42becf4b599e8970dfec32f5a2 29cf855aa6fd4a9f9704eaa2a21cf674 - - default default] 10.0.0.56 "GET /v2.0/security-groups?tenant_id=5492f4d0fb454efe9949ce7156995a48&name=default HTTP/1.1" status: 200 len: 2996 time: 0.5503252 /var/lib/openstack/lib/python3.10/site-packages/pycadf/identifier.py:71: UserWarning: Invalid uuid: neutron. To ensure interoperability, identifiers should be a valid uuid. warnings.warn(('Invalid uuid: %s. To ensure interoperability, '
2026-06-27 10:08:16.528 9 INFO neutron.wsgi [None req-3603c5ec-fbf8-4aac-afe9-8bf020c271d0 d7084b42becf4b599e8970dfec32f5a2 29cf855aa6fd4a9f9704eaa2a21cf674 - - default default] 10.0.0.56 "DELETE /v2.0/subnets/69d05b99-16da-4551-afb3-7e0c63fb1c54 HTTP/1.1" status: 204 len: 168 time: 0.2540259
2026-06-27 10:08:16.544 10 INFO neutron.db.ovn_revision_numbers_db [None req-bb7d9f31-5af1-4451-ba8b-b102c942e97f 50d7217aa45a48e499ae0b92ca4a68d5 e263f6b4dfb649938c1cc78501582411 - - default default] Successfully bumped revision number for resource 5e0856b8-8531-4972-b065-9e282ff439d6 (type: ports) to 1
2026-06-27 10:08:16.584 10 INFO neutron.wsgi [None req-bb7d9f31-5af1-4451-ba8b-b102c942e97f 50d7217aa45a48e499ae0b92ca4a68d5 e263f6b4dfb649938c1cc78501582411 - - default default] 10.0.0.56 "POST /v2.0/ports HTTP/1.1" status: 201 len: 1154 time: 0.8599181
2026-06-27 10:08:16.609 10 INFO neutron.db.ovn_revision_numbers_db [None req-855fd083-526b-43aa-90ba-5097c6ff7a87 5116d183304a4ad597cae2ec7a7b71db 20101ceb0312433584fac726b1249e41 - - default default] Successfully bumped revision number for resource 8d66207e-921d-466d-812f-6c01db400208 (type: router_ports) to 1
2026-06-27 10:08:16.612 10 INFO neutron.wsgi [None req-855fd083-526b-43aa-90ba-5097c6ff7a87 5116d183304a4ad597cae2ec7a7b71db 20101ceb0312433584fac726b1249e41 - - default default] 10.0.0.56 "PUT /v2.0/routers/ce8dadc9-8b43-40e7-8cd9-612c4752587f/add_router_interface HTTP/1.1" status: 200 len: 503 time: 2.2282441
2026-06-27 10:08:16.648 10 INFO neutron.wsgi [None req-4d278f2a-df91-4a67-9694-c8ac4d516d52 5116d183304a4ad597cae2ec7a7b71db 20101ceb0312433584fac726b1249e41 - - default default] 10.0.0.56 "GET /v2.0/ports/8d66207e-921d-466d-812f-6c01db400208 HTTP/1.1" status: 200 len: 1139 time: 0.0307317
2026-06-27 10:08:16.751 10 INFO neutron.wsgi [None req-645ba0db-addc-4160-bf20-52ef2b704c14 d7084b42becf4b599e8970dfec32f5a2 29cf855aa6fd4a9f9704eaa2a21cf674 - - default default] 10.0.0.56 "DELETE /v2.0/security-groups/5edfa750-7ec4-4ae1-861b-4be625568432 HTTP/1.1" status: 204 len: 168 time: 0.2787399
2026-06-27 10:08:16.879 9 INFO neutron.wsgi [None req-5d8c907f-8e3b-4e5d-bab3-c6f5a1e9a079 5116d183304a4ad597cae2ec7a7b71db 20101ceb0312433584fac726b1249e41 - - default default] 10.0.0.56 "GET /v2.0/ports/8d66207e-921d-466d-812f-6c01db400208 HTTP/1.1" status: 200 len: 1139 time: 0.2227378
2026-06-27 10:08:16.976 10 INFO neutron.db.ovn_revision_numbers_db [None req-4fc7a3b4-25e6-4c12-860e-25950174c7d3 d7084b42becf4b599e8970dfec32f5a2 29cf855aa6fd4a9f9704eaa2a21cf674 - - default default] Successfully bumped revision number for resource f36c8d51-9a5e-4abb-9cb8-06ede22f97e5 (type: security_groups) to 1
2026-06-27 10:08:16.992 10 INFO neutron.db.ovn_revision_numbers_db [None req-4fc7a3b4-25e6-4c12-860e-25950174c7d3 d7084b42becf4b599e8970dfec32f5a2 29cf855aa6fd4a9f9704eaa2a21cf674 - - default default] Successfully bumped revision number for resource 7c10bcb4-c5fb-4767-98e4-29c9ba1f2c14 (type: security_group_rules) to 0
2026-06-27 10:08:17.004 10 INFO neutron.db.ovn_revision_numbers_db [None req-4fc7a3b4-25e6-4c12-860e-25950174c7d3 d7084b42becf4b599e8970dfec32f5a2 29cf855aa6fd4a9f9704eaa2a21cf674 - - default default] Successfully bumped revision number for resource a7ad1356-8d4e-4983-bd46-a0afc688248f (type: security_group_rules) to 0
2026-06-27 10:08:17.018 10 INFO neutron.db.ovn_revision_numbers_db [None req-4fc7a3b4-25e6-4c12-860e-25950174c7d3 d7084b42becf4b599e8970dfec32f5a2 29cf855aa6fd4a9f9704eaa2a21cf674 - - default default] Successfully bumped revision number for resource ccf7090d-3b4a-4641-bcb3-0228c0118b6d (type: security_group_rules) to 0
2026-06-27 10:08:17.031 10 INFO neutron.db.ovn_revision_numbers_db [None req-4fc7a3b4-25e6-4c12-860e-25950174c7d3 d7084b42becf4b599e8970dfec32f5a2 29cf855aa6fd4a9f9704eaa2a21cf674 - - default default] Successfully bumped revision number for resource fa1ee3f6-a91f-42ac-a13b-b414b60cb924 (type: security_group_rules) to 0
2026-06-27 10:08:17.054 10 INFO neutron.wsgi [None req-4fc7a3b4-25e6-4c12-860e-25950174c7d3 d7084b42becf4b599e8970dfec32f5a2 29cf855aa6fd4a9f9704eaa2a21cf674 - - default default] 10.0.0.56 "GET /v2.0/security-groups?tenant_id=0aeb976f268a4f9198c0272a0c3dffd7&name=default HTTP/1.1" status: 200 len: 2996 time: 0.1967359
2026-06-27 10:08:17.058 9 WARNING neutron.scheduler.dhcp_agent_scheduler [None req-a2bb0098-f8a6-4116-9726-052c5df813e5 50d7217aa45a48e499ae0b92ca4a68d5 e263f6b4dfb649938c1cc78501582411 - - default default] No more DHCP agents
2026-06-27 10:08:17.063 9 WARNING neutron.api.rpc.agentnotifiers.dhcp_rpc_agent_api [None req-a2bb0098-f8a6-4116-9726-052c5df813e5 50d7217aa45a48e499ae0b92ca4a68d5 e263f6b4dfb649938c1cc78501582411 - - default default] Unable to schedule network 1ddad0f5-ab54-474a-af7f-1e97fdf84420: no agents available; will retry on subsequent port and subnet creation events.
2026-06-27 10:08:17.132 9 INFO neutron.services.segments.plugin [-] Segment ecae90a0-f1ca-43bf-b7c0-fa4b7cbd9fce resource provider aggregate not found
2026-06-27 10:08:17.139 9 INFO neutron.services.segments.plugin [-] Segment ecae90a0-f1ca-43bf-b7c0-fa4b7cbd9fce resource provider aggregate not found
2026-06-27 10:08:17.159 9 INFO neutron.services.segments.plugin [-] Segment ecae90a0-f1ca-43bf-b7c0-fa4b7cbd9fce resource provider not found; error: Placement Client Error (4xx): {"errors": [{"status": 404, "title": "Not Found", "detail": "The resource could not be found.\n\n No resource provider with uuid ecae90a0-f1ca-43bf-b7c0-fa4b7cbd9fce found for delete ", "request_id": "req-925aa24b-b5b7-47e1-827d-6f507d2884c1"}]}
2026-06-27 10:08:17.160 9 INFO neutron.services.segments.plugin [-] Segment ecae90a0-f1ca-43bf-b7c0-fa4b7cbd9fce resource provider not found; error: Placement Client Error (4xx): {"errors": [{"status": 404, "title": "Not Found", "detail": "The resource could not be found.\n\n No resource provider with uuid ecae90a0-f1ca-43bf-b7c0-fa4b7cbd9fce found for delete ", "request_id": "req-534d4df6-28e2-49bb-9eb0-2f92fe217614"}]}
2026-06-27 10:08:17.189 9 INFO neutron.wsgi [None req-7eff3abb-56ac-4088-9be1-09aba6a15bed d7084b42becf4b599e8970dfec32f5a2 29cf855aa6fd4a9f9704eaa2a21cf674 - - default default] 10.0.0.56 "DELETE /v2.0/networks/aa3de60d-05a6-4c47-a7f2-dbfded178749 HTTP/1.1" status: 204 len: 168 time: 0.6549902
2026-06-27 10:08:17.241 10 INFO neutron.wsgi [None req-0f662efd-6e0b-43b8-bd85-e175d85e3138 d7084b42becf4b599e8970dfec32f5a2 29cf855aa6fd4a9f9704eaa2a21cf674 - - default default] 10.0.0.56 "DELETE /v2.0/security-groups/f36c8d51-9a5e-4abb-9cb8-06ede22f97e5 HTTP/1.1" status: 204 len: 168 time: 0.1807418
2026-06-27 10:08:17.449 10 INFO neutron.wsgi [None req-566b51a8-8ccd-483f-843a-3e56794f6b40 d7084b42becf4b599e8970dfec32f5a2 29cf855aa6fd4a9f9704eaa2a21cf674 - - default default] 10.0.0.56 "GET /v2.0/security-groups?tenant_id=42ea737b2a3045ef956fd90d080fac8f&name=default HTTP/1.1" status: 200 len: 2996 time: 0.0405998
2026-06-27 10:08:17.560 9 INFO neutron.db.l3_db [None req-a2bb0098-f8a6-4116-9726-052c5df813e5 50d7217aa45a48e499ae0b92ca4a68d5 e263f6b4dfb649938c1cc78501582411 - - default default] Floating IP e79e8116-a6ce-4027-8be6-270bb1b9c0a5 associated. External IP: 10.96.250.219, port: 5e0856b8-8531-4972-b065-9e282ff439d6.
2026-06-27 10:08:17.659 10 INFO neutron.wsgi [None req-17b0bd46-3225-43c7-90cd-c876ee216005 d7084b42becf4b599e8970dfec32f5a2 29cf855aa6fd4a9f9704eaa2a21cf674 - - default default] 10.0.0.56 "DELETE /v2.0/security-groups/9239f869-a1e6-4f06-9cd6-ac5a0431e6c6 HTTP/1.1" status: 204 len: 168 time: 0.2027798
2026-06-27 10:08:17.730 9 INFO neutron.db.ovn_revision_numbers_db [None req-a2bb0098-f8a6-4116-9726-052c5df813e5 50d7217aa45a48e499ae0b92ca4a68d5 e263f6b4dfb649938c1cc78501582411 - - default default] Successfully bumped revision number for resource e79e8116-a6ce-4027-8be6-270bb1b9c0a5 (type: floatingips) to 0
2026-06-27 10:08:17.835 9 INFO neutron.db.ovn_revision_numbers_db [None req-a2bb0098-f8a6-4116-9726-052c5df813e5 50d7217aa45a48e499ae0b92ca4a68d5 e263f6b4dfb649938c1cc78501582411 - - default default] Successfully bumped revision number for resource e79e8116-a6ce-4027-8be6-270bb1b9c0a5 (type: floatingips) to 1
2026-06-27 10:08:17.876 9 INFO neutron.wsgi [None req-a2bb0098-f8a6-4116-9726-052c5df813e5 50d7217aa45a48e499ae0b92ca4a68d5 e263f6b4dfb649938c1cc78501582411 - - default default] 10.0.0.56 "POST /v2.0/floatingips HTTP/1.1" status: 201 len: 1041 time: 1.2873528 /var/lib/openstack/lib/python3.10/site-packages/pycadf/identifier.py:71: UserWarning: Invalid uuid: neutron. To ensure interoperability, identifiers should be a valid uuid. warnings.warn(('Invalid uuid: %s. To ensure interoperability, '
2026-06-27 10:08:17.932 10 INFO neutron.wsgi [None req-03034870-774a-4994-b00b-5c6fe7a4b313 5116d183304a4ad597cae2ec7a7b71db 20101ceb0312433584fac726b1249e41 - - default default] 10.0.0.56 "GET /v2.0/ports/8d66207e-921d-466d-812f-6c01db400208 HTTP/1.1" status: 200 len: 1139 time: 0.0448520
2026-06-27 10:08:18.032 9 INFO neutron.db.l3_db [None req-71c239ab-b3de-4f20-9364-76369dc4bdde 50d7217aa45a48e499ae0b92ca4a68d5 e263f6b4dfb649938c1cc78501582411 - - default default] Floating IP e79e8116-a6ce-4027-8be6-270bb1b9c0a5 disassociated. External IP: 10.96.250.219, port: 5e0856b8-8531-4972-b065-9e282ff439d6.
2026-06-27 10:08:18.069 9 INFO neutron.db.ovn_revision_numbers_db [None req-71c239ab-b3de-4f20-9364-76369dc4bdde 50d7217aa45a48e499ae0b92ca4a68d5 e263f6b4dfb649938c1cc78501582411 - - default default] Successfully bumped revision number for resource e79e8116-a6ce-4027-8be6-270bb1b9c0a5 (type: floatingips) to 2
2026-06-27 10:08:18.138 9 INFO neutron.wsgi [None req-71c239ab-b3de-4f20-9364-76369dc4bdde 50d7217aa45a48e499ae0b92ca4a68d5 e263f6b4dfb649938c1cc78501582411 - - default default] 10.0.0.56 "PUT /v2.0/floatingips/e79e8116-a6ce-4027-8be6-270bb1b9c0a5 HTTP/1.1" status: 200 len: 748 time: 0.2556942
2026-06-27 10:08:18.502 9 INFO neutron.wsgi [None req-c2085a6a-c693-4626-8de8-be4f9d453605 50d7217aa45a48e499ae0b92ca4a68d5 e263f6b4dfb649938c1cc78501582411 - - default default] 10.0.0.56 "DELETE /v2.0/floatingips/e79e8116-a6ce-4027-8be6-270bb1b9c0a5 HTTP/1.1" status: 204 len: 168 time: 0.3581016 /var/lib/openstack/lib/python3.10/site-packages/pycadf/identifier.py:71: UserWarning: Invalid uuid: neutron. To ensure interoperability, identifiers should be a valid uuid. warnings.warn(('Invalid uuid: %s. To ensure interoperability, '
2026-06-27 10:08:19.078 10 INFO neutron.wsgi [None req-54eddbee-bb66-4463-9b84-ad379f9041e1 5116d183304a4ad597cae2ec7a7b71db 20101ceb0312433584fac726b1249e41 - - default default] 10.0.0.56 "GET /v2.0/ports/8d66207e-921d-466d-812f-6c01db400208 HTTP/1.1" status: 200 len: 1139 time: 0.1380091
2026-06-27 10:08:19.095 9 WARNING neutron.scheduler.dhcp_agent_scheduler [None req-01ad3aa4-9af5-4c57-b0d2-5f2cc8c3f2d4 50d7217aa45a48e499ae0b92ca4a68d5 e263f6b4dfb649938c1cc78501582411 - - default default] No more DHCP agents
2026-06-27 10:08:19.097 9 WARNING neutron.api.rpc.agentnotifiers.dhcp_rpc_agent_api [None req-01ad3aa4-9af5-4c57-b0d2-5f2cc8c3f2d4 50d7217aa45a48e499ae0b92ca4a68d5 e263f6b4dfb649938c1cc78501582411 - - default default] Unable to schedule network 1ddad0f5-ab54-474a-af7f-1e97fdf84420: no agents available; will retry on subsequent port and subnet creation events.
2026-06-27 10:08:19.568 9 INFO neutron.db.l3_db [None req-01ad3aa4-9af5-4c57-b0d2-5f2cc8c3f2d4 50d7217aa45a48e499ae0b92ca4a68d5 e263f6b4dfb649938c1cc78501582411 - - default default] Floating IP aef82fb6-0076-49f0-9725-b74ec0622435 associated. External IP: 10.96.250.201, port: fc1eba42-3f5b-46db-8191-f5edb21207eb.
2026-06-27 10:08:19.585 10 INFO neutron.db.ovn_revision_numbers_db [None req-50714718-6f81-4b47-9ce6-14d4e648db57 f84df9a5b28040fd9d83fc9e8d20d5d3 f3c421dad35a430cbbfd72a902e41ad1 - - default default] Successfully bumped revision number for resource 05a83580-a495-451d-aa4c-d7e8f83abbe1 (type: security_groups) to 1
2026-06-27 10:08:19.601 10 INFO neutron.db.ovn_revision_numbers_db [None req-50714718-6f81-4b47-9ce6-14d4e648db57 f84df9a5b28040fd9d83fc9e8d20d5d3 f3c421dad35a430cbbfd72a902e41ad1 - - default default] Successfully bumped revision number for resource 6af00bdb-b603-4596-b649-76e6fc755bb9 (type: security_group_rules) to 0
2026-06-27 10:08:19.617 10 INFO neutron.db.ovn_revision_numbers_db [None req-50714718-6f81-4b47-9ce6-14d4e648db57 f84df9a5b28040fd9d83fc9e8d20d5d3 f3c421dad35a430cbbfd72a902e41ad1 - - default default] Successfully bumped revision number for resource 88a13293-67a8-4817-ad25-961e9cfb4981 (type: security_group_rules) to 0
2026-06-27 10:08:19.632 10 INFO neutron.db.ovn_revision_numbers_db [None req-50714718-6f81-4b47-9ce6-14d4e648db57 f84df9a5b28040fd9d83fc9e8d20d5d3 f3c421dad35a430cbbfd72a902e41ad1 - - default default] Successfully bumped revision number for resource a7f2925b-3fd0-4852-99be-ba2a7e112871 (type: security_group_rules) to 0
2026-06-27 10:08:19.648 10 INFO neutron.db.ovn_revision_numbers_db [None req-50714718-6f81-4b47-9ce6-14d4e648db57 f84df9a5b28040fd9d83fc9e8d20d5d3 f3c421dad35a430cbbfd72a902e41ad1 - - default default] Successfully bumped revision number for resource f7505975-8c85-4a27-b4f8-559c87e35968 (type: security_group_rules) to 0
2026-06-27 10:08:19.716 10 INFO neutron.db.segments_db [None req-50714718-6f81-4b47-9ce6-14d4e648db57 f84df9a5b28040fd9d83fc9e8d20d5d3 f3c421dad35a430cbbfd72a902e41ad1 - - default default] Added segment cd01f9a7-506f-4990-9126-8aebc8f768ac of type geneve for network 8247057a-35b1-4030-9187-1721241c3840
2026-06-27 10:08:19.822 9 INFO neutron.db.ovn_revision_numbers_db [None req-749521dd-b481-48a5-a636-784525155adc d7084b42becf4b599e8970dfec32f5a2 29cf855aa6fd4a9f9704eaa2a21cf674 - - default default] Successfully bumped revision number for resource 302e3569-01dc-433d-8a08-3de3f9fa3963 (type: security_groups) to 1
2026-06-27 10:08:19.824 9 INFO neutron.db.ovn_revision_numbers_db [None req-01ad3aa4-9af5-4c57-b0d2-5f2cc8c3f2d4 50d7217aa45a48e499ae0b92ca4a68d5 e263f6b4dfb649938c1cc78501582411 - - default default] Successfully bumped revision number for resource aef82fb6-0076-49f0-9725-b74ec0622435 (type: floatingips) to 0
2026-06-27 10:08:19.846 9 INFO neutron.db.ovn_revision_numbers_db [None req-749521dd-b481-48a5-a636-784525155adc d7084b42becf4b599e8970dfec32f5a2 29cf855aa6fd4a9f9704eaa2a21cf674 - - default default] Successfully bumped revision number for resource 0c13b7d4-742f-49b0-a9dc-2d4e10567941 (type: security_group_rules) to 0
2026-06-27 10:08:19.861 9 INFO neutron.db.ovn_revision_numbers_db [None req-749521dd-b481-48a5-a636-784525155adc d7084b42becf4b599e8970dfec32f5a2 29cf855aa6fd4a9f9704eaa2a21cf674 - - default default] Successfully bumped revision number for resource 4e890000-a98e-4cca-8ad2-cbd60d0cf148 (type: security_group_rules) to 0
2026-06-27 10:08:19.890 9 INFO neutron.db.ovn_revision_numbers_db [None req-749521dd-b481-48a5-a636-784525155adc d7084b42becf4b599e8970dfec32f5a2 29cf855aa6fd4a9f9704eaa2a21cf674 - - default default] Successfully bumped revision number for resource b99e7cf3-3e8f-4c73-b9ae-579cb47e6436 (type: security_group_rules) to 0
2026-06-27 10:08:19.907 9 INFO neutron.db.ovn_revision_numbers_db [None req-749521dd-b481-48a5-a636-784525155adc d7084b42becf4b599e8970dfec32f5a2 29cf855aa6fd4a9f9704eaa2a21cf674 - - default default] Successfully bumped revision number for resource dcf7af88-687a-4c4d-b2ac-d927bce2d478 (type: security_group_rules) to 0
2026-06-27 10:08:19.931 10 INFO neutron.db.segments_db [None req-50714718-6f81-4b47-9ce6-14d4e648db57 f84df9a5b28040fd9d83fc9e8d20d5d3 f3c421dad35a430cbbfd72a902e41ad1 - - default default] Added segment c029357d-7492-46ef-afea-7e6ff79a8522 of type geneve for network cdab3962-33cd-40c7-8f57-c00d9ddaaeff
2026-06-27 10:08:19.954 9 INFO neutron.db.ovn_revision_numbers_db [None req-01ad3aa4-9af5-4c57-b0d2-5f2cc8c3f2d4 50d7217aa45a48e499ae0b92ca4a68d5 e263f6b4dfb649938c1cc78501582411 - - default default] Successfully bumped revision number for resource aef82fb6-0076-49f0-9725-b74ec0622435 (type: floatingips) to 1
2026-06-27 10:08:19.969 9 INFO neutron.db.segments_db [None req-749521dd-b481-48a5-a636-784525155adc d7084b42becf4b599e8970dfec32f5a2 29cf855aa6fd4a9f9704eaa2a21cf674 - - default default] Added segment 5a8aa0fd-1921-44dc-b7a8-e3591d8f67b4 of type geneve for network 22d38dea-a853-4a97-b107-bd87b146681a
2026-06-27 10:08:20.008 9 INFO neutron.wsgi [None req-01ad3aa4-9af5-4c57-b0d2-5f2cc8c3f2d4 50d7217aa45a48e499ae0b92ca4a68d5 e263f6b4dfb649938c1cc78501582411 - - default default] 10.0.0.56 "POST /v2.0/floatingips HTTP/1.1" status: 201 len: 1042 time: 1.4968493
2026-06-27 10:08:20.078 9 INFO neutron.wsgi [None req-60081385-c780-4947-8046-f88a8e0c08e7 50d7217aa45a48e499ae0b92ca4a68d5 e263f6b4dfb649938c1cc78501582411 - - default default] 10.0.0.56 "GET /v2.0/floatingips/aef82fb6-0076-49f0-9725-b74ec0622435 HTTP/1.1" status: 200 len: 1039 time: 0.0617654
2026-06-27 10:08:20.130 10 INFO neutron.db.ovn_revision_numbers_db [None req-50714718-6f81-4b47-9ce6-14d4e648db57 f84df9a5b28040fd9d83fc9e8d20d5d3 f3c421dad35a430cbbfd72a902e41ad1 - - default default] Successfully bumped revision number for resource 8247057a-35b1-4030-9187-1721241c3840 (type: networks) to 1
2026-06-27 10:08:20.199 9 INFO neutron.wsgi [None req-0e550900-3694-48bd-b0fb-0cfef1af2614 5116d183304a4ad597cae2ec7a7b71db 20101ceb0312433584fac726b1249e41 - - default default] 10.0.0.56 "GET /v2.0/ports/8d66207e-921d-466d-812f-6c01db400208 HTTP/1.1" status: 200 len: 1139 time: 0.1111217
2026-06-27 10:08:20.211 9 INFO neutron.wsgi [None req-e2882556-a070-479c-ab41-455906ddaf88 50d7217aa45a48e499ae0b92ca4a68d5 e263f6b4dfb649938c1cc78501582411 - - default default] 10.0.0.56 "GET /v2.0/floatingips HTTP/1.1" status: 200 len: 1042 time: 0.1174157 /var/lib/openstack/lib/python3.10/site-packages/pycadf/identifier.py:71: UserWarning: Invalid uuid: neutron. To ensure interoperability, identifiers should be a valid uuid. warnings.warn(('Invalid uuid: %s. To ensure interoperability, '
2026-06-27 10:08:20.231 9 INFO neutron.db.ovn_revision_numbers_db [None req-749521dd-b481-48a5-a636-784525155adc d7084b42becf4b599e8970dfec32f5a2 29cf855aa6fd4a9f9704eaa2a21cf674 - - default default] Successfully bumped revision number for resource 22d38dea-a853-4a97-b107-bd87b146681a (type: networks) to 1
2026-06-27 10:08:20.366 10 WARNING neutron.scheduler.dhcp_agent_scheduler [None req-50714718-6f81-4b47-9ce6-14d4e648db57 f84df9a5b28040fd9d83fc9e8d20d5d3 f3c421dad35a430cbbfd72a902e41ad1 - - default default] No more DHCP agents
2026-06-27 10:08:20.373 10 WARNING neutron.api.rpc.agentnotifiers.dhcp_rpc_agent_api [None req-50714718-6f81-4b47-9ce6-14d4e648db57 f84df9a5b28040fd9d83fc9e8d20d5d3 f3c421dad35a430cbbfd72a902e41ad1 - - default default] Unable to schedule network 8247057a-35b1-4030-9187-1721241c3840: no agents available; will retry on subsequent port and subnet creation events.
2026-06-27 10:08:20.418 9 WARNING neutron.scheduler.dhcp_agent_scheduler [None req-749521dd-b481-48a5-a636-784525155adc d7084b42becf4b599e8970dfec32f5a2 29cf855aa6fd4a9f9704eaa2a21cf674 - - default default] No more DHCP agents
2026-06-27 10:08:20.420 9 WARNING neutron.api.rpc.agentnotifiers.dhcp_rpc_agent_api [None req-749521dd-b481-48a5-a636-784525155adc d7084b42becf4b599e8970dfec32f5a2 29cf855aa6fd4a9f9704eaa2a21cf674 - - default default] Unable to schedule network 22d38dea-a853-4a97-b107-bd87b146681a: no agents available; will retry on subsequent port and subnet creation events.
2026-06-27 10:08:20.521 9 INFO neutron.db.ovn_revision_numbers_db [None req-749521dd-b481-48a5-a636-784525155adc d7084b42becf4b599e8970dfec32f5a2 29cf855aa6fd4a9f9704eaa2a21cf674 - - default default] Successfully bumped revision number for resource ddf30716-1e6f-47db-8f93-eeecbb46ddf7 (type: ports) to 1
2026-06-27 10:08:20.536 10 INFO neutron.db.ovn_revision_numbers_db [None req-50714718-6f81-4b47-9ce6-14d4e648db57 f84df9a5b28040fd9d83fc9e8d20d5d3 f3c421dad35a430cbbfd72a902e41ad1 - - default default] Successfully bumped revision number for resource fe592ce0-d43b-41ee-985e-e6f04eb2e875 (type: ports) to 1
2026-06-27 10:08:20.536 9 WARNING neutron.plugins.ml2.drivers.ovn.mech_driver.ovsdb.ovn_client [None req-52e93dfb-9160-4bd6-86b2-6619b950589b - - - - - -] No hosting information found for port f88e9ec4-7593-462b-9d57-83137526bf48: RuntimeError: No hosting information found for port f88e9ec4-7593-462b-9d57-83137526bf48
2026-06-27 10:08:20.570 9 INFO neutron.plugins.ml2.drivers.ovn.mech_driver.mech_driver [None req-52e93dfb-9160-4bd6-86b2-6619b950589b - - - - - -] OVN reports status up for port: fd69c74f-91a8-42f0-a592-dd46822120ad
2026-06-27 10:08:20.580 9 INFO neutron.wsgi [None req-749521dd-b481-48a5-a636-784525155adc d7084b42becf4b599e8970dfec32f5a2 29cf855aa6fd4a9f9704eaa2a21cf674 - - default default] 10.0.0.56 "POST /v2.0/networks HTTP/1.1" status: 201 len: 946 time: 1.0522609 /var/lib/openstack/lib/python3.10/site-packages/pycadf/identifier.py:71: UserWarning: Invalid uuid: neutron. To ensure interoperability, identifiers should be a valid uuid. warnings.warn(('Invalid uuid: %s. To ensure interoperability, '
2026-06-27 10:08:20.618 10 INFO neutron.db.l3_db [None req-324342b8-9ebf-4777-bf53-a62285321f57 50d7217aa45a48e499ae0b92ca4a68d5 e263f6b4dfb649938c1cc78501582411 - - default default] Floating IP aef82fb6-0076-49f0-9725-b74ec0622435 associated. External IP: 10.96.250.201, port: fc1eba42-3f5b-46db-8191-f5edb21207eb.
2026-06-27 10:08:20.621 9 INFO neutron.plugins.ml2.plugin [None req-52e93dfb-9160-4bd6-86b2-6619b950589b - - - - - -] Attempt 1 to provision port fd69c74f-91a8-42f0-a592-dd46822120ad
2026-06-27 10:08:20.655 10 INFO neutron.db.ovn_revision_numbers_db [None req-50714718-6f81-4b47-9ce6-14d4e648db57 f84df9a5b28040fd9d83fc9e8d20d5d3 f3c421dad35a430cbbfd72a902e41ad1 - - default default] Successfully bumped revision number for resource cdab3962-33cd-40c7-8f57-c00d9ddaaeff (type: networks) to 1
2026-06-27 10:08:20.813 9 WARNING neutron.scheduler.dhcp_agent_scheduler [None req-473413c2-915a-4a47-a0a0-a6ace1e8f4d9 d7084b42becf4b599e8970dfec32f5a2 29cf855aa6fd4a9f9704eaa2a21cf674 - - default default] No more DHCP agents
2026-06-27 10:08:20.818 9 WARNING neutron.api.rpc.agentnotifiers.dhcp_rpc_agent_api [None req-473413c2-915a-4a47-a0a0-a6ace1e8f4d9 d7084b42becf4b599e8970dfec32f5a2 29cf855aa6fd4a9f9704eaa2a21cf674 - - default default] Unable to schedule network 22d38dea-a853-4a97-b107-bd87b146681a: no agents available; will retry on subsequent port and subnet creation events.
2026-06-27 10:08:21.003 9 INFO neutron.db.ovn_revision_numbers_db [None req-52e93dfb-9160-4bd6-86b2-6619b950589b - - - - - -] Successfully bumped revision number for resource fd69c74f-91a8-42f0-a592-dd46822120ad (type: ports) to 2
2026-06-27 10:08:21.202 9 INFO neutron.db.ovn_revision_numbers_db [None req-52e93dfb-9160-4bd6-86b2-6619b950589b - - - - - -] Successfully bumped revision number for resource fd69c74f-91a8-42f0-a592-dd46822120ad (type: router_ports) to 2 /var/lib/openstack/lib/python3.10/site-packages/pycadf/identifier.py:71: UserWarning: Invalid uuid: neutron. To ensure interoperability, identifiers should be a valid uuid. warnings.warn(('Invalid uuid: %s. To ensure interoperability, '
2026-06-27 10:08:21.246 10 WARNING neutron.scheduler.dhcp_agent_scheduler [None req-50714718-6f81-4b47-9ce6-14d4e648db57 f84df9a5b28040fd9d83fc9e8d20d5d3 f3c421dad35a430cbbfd72a902e41ad1 - - default default] No more DHCP agents
2026-06-27 10:08:21.267 10 WARNING neutron.api.rpc.agentnotifiers.dhcp_rpc_agent_api [None req-50714718-6f81-4b47-9ce6-14d4e648db57 f84df9a5b28040fd9d83fc9e8d20d5d3 f3c421dad35a430cbbfd72a902e41ad1 - - default default] Unable to schedule network cdab3962-33cd-40c7-8f57-c00d9ddaaeff: no agents available; will retry on subsequent port and subnet creation events.
2026-06-27 10:08:21.283 10 INFO neutron.wsgi [None req-ec692212-1ca1-4110-9700-6499148325d6 5116d183304a4ad597cae2ec7a7b71db 20101ceb0312433584fac726b1249e41 - - default default] 10.0.0.56 "GET /v2.0/ports/8d66207e-921d-466d-812f-6c01db400208 HTTP/1.1" status: 200 len: 1139 time: 0.0688069
2026-06-27 10:08:21.291 10 INFO neutron.db.ovn_revision_numbers_db [None req-324342b8-9ebf-4777-bf53-a62285321f57 50d7217aa45a48e499ae0b92ca4a68d5 e263f6b4dfb649938c1cc78501582411 - - default default] Successfully bumped revision number for resource aef82fb6-0076-49f0-9725-b74ec0622435 (type: floatingips) to 2
2026-06-27 10:08:21.418 10 INFO neutron.db.ovn_revision_numbers_db [None req-50714718-6f81-4b47-9ce6-14d4e648db57 f84df9a5b28040fd9d83fc9e8d20d5d3 f3c421dad35a430cbbfd72a902e41ad1 - - default default] Successfully bumped revision number for resource 605a521f-33b4-45b1-bffe-8b6b779fe08d (type: ports) to 1
2026-06-27 10:08:21.463 10 INFO neutron.wsgi [None req-50714718-6f81-4b47-9ce6-14d4e648db57 f84df9a5b28040fd9d83fc9e8d20d5d3 f3c421dad35a430cbbfd72a902e41ad1 - - default default] 10.0.0.56 "POST /v2.0/networks HTTP/1.1" status: 201 len: 1444 time: 2.2885973
2026-06-27 10:08:21.468 10 INFO neutron.db.ovn_revision_numbers_db [None req-324342b8-9ebf-4777-bf53-a62285321f57 50d7217aa45a48e499ae0b92ca4a68d5 e263f6b4dfb649938c1cc78501582411 - - default default] Successfully bumped revision number for resource aef82fb6-0076-49f0-9725-b74ec0622435 (type: floatingips) to 2
2026-06-27 10:08:21.527 10 INFO neutron.wsgi [None req-324342b8-9ebf-4777-bf53-a62285321f57 50d7217aa45a48e499ae0b92ca4a68d5 e263f6b4dfb649938c1cc78501582411 - - default default] 10.0.0.56 "PUT /v2.0/floatingips/aef82fb6-0076-49f0-9725-b74ec0622435 HTTP/1.1" status: 200 len: 1038 time: 1.3081353
2026-06-27 10:08:21.533 9 INFO neutron.db.ovn_revision_numbers_db [None req-473413c2-915a-4a47-a0a0-a6ace1e8f4d9 d7084b42becf4b599e8970dfec32f5a2 29cf855aa6fd4a9f9704eaa2a21cf674 - - default default] Successfully bumped revision number for resource ddf30716-1e6f-47db-8f93-eeecbb46ddf7 (type: ports) to 2
2026-06-27 10:08:21.567 9 INFO neutron.wsgi [None req-974de470-e0e3-4c2d-bfc9-7fd567a4fcfa f84df9a5b28040fd9d83fc9e8d20d5d3 f3c421dad35a430cbbfd72a902e41ad1 - - default default] 10.0.0.56 "GET /v2.0/networks HTTP/1.1" status: 200 len: 2050 time: 0.0956967
2026-06-27 10:08:21.591 9 INFO neutron.db.ovn_revision_numbers_db [None req-473413c2-915a-4a47-a0a0-a6ace1e8f4d9 d7084b42becf4b599e8970dfec32f5a2 29cf855aa6fd4a9f9704eaa2a21cf674 - - default default] Successfully bumped revision number for resource aecb0b59-b3b8-48c6-82db-bf2c0412a907 (type: subnets) to 0
2026-06-27 10:08:21.621 9 INFO neutron.wsgi [None req-473413c2-915a-4a47-a0a0-a6ace1e8f4d9 d7084b42becf4b599e8970dfec32f5a2 29cf855aa6fd4a9f9704eaa2a21cf674 - - default default] 10.0.0.56 "POST /v2.0/subnets HTTP/1.1" status: 201 len: 866 time: 1.0176790
2026-06-27 10:08:21.657 10 INFO neutron.db.l3_db [None req-ea960cba-543a-4145-a4ea-32a37a13a68e 50d7217aa45a48e499ae0b92ca4a68d5 e263f6b4dfb649938c1cc78501582411 - - default default] Floating IP aef82fb6-0076-49f0-9725-b74ec0622435 disassociated. External IP: 10.96.250.201, port: 5e0856b8-8531-4972-b065-9e282ff439d6.
2026-06-27 10:08:21.750 10 INFO neutron.db.ovn_revision_numbers_db [None req-ea960cba-543a-4145-a4ea-32a37a13a68e 50d7217aa45a48e499ae0b92ca4a68d5 e263f6b4dfb649938c1cc78501582411 - - default default] Successfully bumped revision number for resource aef82fb6-0076-49f0-9725-b74ec0622435 (type: floatingips) to 3
2026-06-27 10:08:21.862 10 INFO neutron.wsgi [None req-ea960cba-543a-4145-a4ea-32a37a13a68e 50d7217aa45a48e499ae0b92ca4a68d5 e263f6b4dfb649938c1cc78501582411 - - default default] 10.0.0.56 "PUT /v2.0/floatingips/aef82fb6-0076-49f0-9725-b74ec0622435 HTTP/1.1" status: 200 len: 748 time: 0.3284972 /var/lib/openstack/lib/python3.10/site-packages/pycadf/identifier.py:71: UserWarning: Invalid uuid: neutron. To ensure interoperability, identifiers should be a valid uuid. warnings.warn(('Invalid uuid: %s. To ensure interoperability, '
2026-06-27 10:08:21.956 9 INFO neutron.services.segments.plugin [-] Segment cd01f9a7-506f-4990-9126-8aebc8f768ac resource provider aggregate not found
2026-06-27 10:08:21.961 9 INFO neutron.services.segments.plugin [-] Segment cd01f9a7-506f-4990-9126-8aebc8f768ac resource provider aggregate not found
