2026-06-27 10:07:05.514 10 INFO neutron.db.ovn_revision_numbers_db [None req-1a1e1861-cefa-4696-b978-b5cca36f9eb1 d7084b42becf4b599e8970dfec32f5a2 29cf855aa6fd4a9f9704eaa2a21cf674 - - default default] Successfully bumped revision number for resource 7b3ef0e6-dde9-4a48-8729-4ba406379789 (type: ports) to 1
2026-06-27 10:07:05.701 10 INFO neutron.wsgi [None req-1a1e1861-cefa-4696-b978-b5cca36f9eb1 d7084b42becf4b599e8970dfec32f5a2 29cf855aa6fd4a9f9704eaa2a21cf674 - - default default] 10.0.0.56 "POST /v2.0/networks HTTP/1.1" status: 201 len: 954 time: 1.3986909
2026-06-27 10:07:05.896 9 INFO neutron.db.ovn_revision_numbers_db [None req-b0dbab2d-b106-4be2-a68d-39d748f0cca7 - - - - - -] Successfully bumped revision number for resource 6978b4df-6b35-4efd-8444-f4db462756de (type: ports) to 1
2026-06-27 10:07:05.958 10 WARNING neutron.scheduler.dhcp_agent_scheduler [None req-c0b2b711-18b5-4113-86d0-bb4c97bef065 d7084b42becf4b599e8970dfec32f5a2 29cf855aa6fd4a9f9704eaa2a21cf674 - - default default] No more DHCP agents
2026-06-27 10:07:05.968 10 WARNING neutron.api.rpc.agentnotifiers.dhcp_rpc_agent_api [None req-c0b2b711-18b5-4113-86d0-bb4c97bef065 d7084b42becf4b599e8970dfec32f5a2 29cf855aa6fd4a9f9704eaa2a21cf674 - - default default] Unable to schedule network 6d5470ec-d9f3-4b44-94c2-89da50f2311f: no agents available; will retry on subsequent port and subnet creation events.
2026-06-27 10:07:05.972 10 WARNING neutron.scheduler.dhcp_agent_scheduler [None req-78d67aad-9eef-4e0c-8f3b-dfc3d6ef9e21 d7084b42becf4b599e8970dfec32f5a2 29cf855aa6fd4a9f9704eaa2a21cf674 - - default default] No more DHCP agents
2026-06-27 10:07:05.982 10 WARNING neutron.api.rpc.agentnotifiers.dhcp_rpc_agent_api [None req-78d67aad-9eef-4e0c-8f3b-dfc3d6ef9e21 d7084b42becf4b599e8970dfec32f5a2 29cf855aa6fd4a9f9704eaa2a21cf674 - - default default] Unable to schedule network fb2d25c3-6087-40c4-a9b0-1ff8615090be: no agents available; will retry on subsequent port and subnet creation events.
2026-06-27 10:07:06.008 9 WARNING neutron.scheduler.dhcp_agent_scheduler [None req-2bc24b7c-5066-4f1a-912d-d9fe304e3b87 d7084b42becf4b599e8970dfec32f5a2 29cf855aa6fd4a9f9704eaa2a21cf674 - - default default] No more DHCP agents
2026-06-27 10:07:06.011 9 WARNING neutron.api.rpc.agentnotifiers.dhcp_rpc_agent_api [None req-2bc24b7c-5066-4f1a-912d-d9fe304e3b87 d7084b42becf4b599e8970dfec32f5a2 29cf855aa6fd4a9f9704eaa2a21cf674 - - default default] Unable to schedule network 8fcf2f06-3f25-40c6-84b0-eaf2032898e9: no agents available; will retry on subsequent port and subnet creation events.
2026-06-27 10:07:06.200 10 INFO neutron.db.ovn_revision_numbers_db [None req-78d67aad-9eef-4e0c-8f3b-dfc3d6ef9e21 d7084b42becf4b599e8970dfec32f5a2 29cf855aa6fd4a9f9704eaa2a21cf674 - - default default] Successfully bumped revision number for resource a8815dba-d440-4db4-8594-2d273ba385d1 (type: ports) to 1
2026-06-27 10:07:06.227 9 INFO neutron.db.ovn_revision_numbers_db [None req-2bc24b7c-5066-4f1a-912d-d9fe304e3b87 d7084b42becf4b599e8970dfec32f5a2 29cf855aa6fd4a9f9704eaa2a21cf674 - - default default] Successfully bumped revision number for resource 66333955-d8ec-4f54-8009-49deec3ad5ba (type: ports) to 1
2026-06-27 10:07:06.312 9 INFO neutron.db.ovn_revision_numbers_db [None req-b0dbab2d-b106-4be2-a68d-39d748f0cca7 - - - - - -] Successfully bumped revision number for resource 6978b4df-6b35-4efd-8444-f4db462756de (type: router_ports) to 3
2026-06-27 10:07:06.543 9 INFO neutron.db.ovn_revision_numbers_db [None req-b0dbab2d-b106-4be2-a68d-39d748f0cca7 - - - - - -] Successfully bumped revision number for resource 6978b4df-6b35-4efd-8444-f4db462756de (type: ports) to 2
2026-06-27 10:07:06.757 10 INFO neutron.plugins.ml2.drivers.ovn.mech_driver.ovsdb.extensions.qos [None req-78d67aad-9eef-4e0c-8f3b-dfc3d6ef9e21 d7084b42becf4b599e8970dfec32f5a2 29cf855aa6fd4a9f9704eaa2a21cf674 - - default default] Starting OVNClientQosExtension
2026-06-27 10:07:06.893 10 INFO neutron.db.ovn_revision_numbers_db [None req-c0b2b711-18b5-4113-86d0-bb4c97bef065 d7084b42becf4b599e8970dfec32f5a2 29cf855aa6fd4a9f9704eaa2a21cf674 - - default default] Successfully bumped revision number for resource 7b3ef0e6-dde9-4a48-8729-4ba406379789 (type: ports) to 2
2026-06-27 10:07:06.941 10 INFO neutron.db.ovn_revision_numbers_db [None req-c0b2b711-18b5-4113-86d0-bb4c97bef065 d7084b42becf4b599e8970dfec32f5a2 29cf855aa6fd4a9f9704eaa2a21cf674 - - default default] Successfully bumped revision number for resource 3f74bbe7-6fa6-465e-a736-9377e9270955 (type: subnets) to 0
2026-06-27 10:07:06.958 10 INFO neutron.wsgi [None req-c0b2b711-18b5-4113-86d0-bb4c97bef065 d7084b42becf4b599e8970dfec32f5a2 29cf855aa6fd4a9f9704eaa2a21cf674 - - default default] 10.0.0.56 "POST /v2.0/subnets HTTP/1.1" status: 201 len: 874 time: 1.2516775
2026-06-27 10:07:07.003 9 INFO neutron.db.ovn_revision_numbers_db [None req-b0dbab2d-b106-4be2-a68d-39d748f0cca7 - - - - - -] Successfully bumped revision number for resource 6978b4df-6b35-4efd-8444-f4db462756de (type: ports) to 4
2026-06-27 10:07:07.005 9 INFO neutron.db.ovn_revision_numbers_db [None req-2bc24b7c-5066-4f1a-912d-d9fe304e3b87 d7084b42becf4b599e8970dfec32f5a2 29cf855aa6fd4a9f9704eaa2a21cf674 - - default default] Successfully bumped revision number for resource 66333955-d8ec-4f54-8009-49deec3ad5ba (type: router_ports) to 1
2026-06-27 10:07:07.032 10 INFO neutron.db.ovn_revision_numbers_db [None req-78d67aad-9eef-4e0c-8f3b-dfc3d6ef9e21 d7084b42becf4b599e8970dfec32f5a2 29cf855aa6fd4a9f9704eaa2a21cf674 - - default default] Successfully bumped revision number for resource a8815dba-d440-4db4-8594-2d273ba385d1 (type: router_ports) to 1
2026-06-27 10:07:07.186 9 INFO neutron.db.ovn_revision_numbers_db [None req-2bc24b7c-5066-4f1a-912d-d9fe304e3b87 d7084b42becf4b599e8970dfec32f5a2 29cf855aa6fd4a9f9704eaa2a21cf674 - - default default] Successfully bumped revision number for resource 66333955-d8ec-4f54-8009-49deec3ad5ba (type: ports) to 1
2026-06-27 10:07:07.244 10 INFO neutron.db.ovn_revision_numbers_db [None req-78d67aad-9eef-4e0c-8f3b-dfc3d6ef9e21 d7084b42becf4b599e8970dfec32f5a2 29cf855aa6fd4a9f9704eaa2a21cf674 - - default default] Successfully bumped revision number for resource a8815dba-d440-4db4-8594-2d273ba385d1 (type: ports) to 1
2026-06-27 10:07:07.287 9 WARNING neutron.scheduler.dhcp_agent_scheduler [None req-2bc24b7c-5066-4f1a-912d-d9fe304e3b87 d7084b42becf4b599e8970dfec32f5a2 29cf855aa6fd4a9f9704eaa2a21cf674 - - default default] No more DHCP agents
2026-06-27 10:07:07.291 9 WARNING neutron.api.rpc.agentnotifiers.dhcp_rpc_agent_api [None req-2bc24b7c-5066-4f1a-912d-d9fe304e3b87 d7084b42becf4b599e8970dfec32f5a2 29cf855aa6fd4a9f9704eaa2a21cf674 - - default default] Unable to schedule network 8fcf2f06-3f25-40c6-84b0-eaf2032898e9: no agents available; will retry on subsequent port and subnet creation events.
2026-06-27 10:07:07.334 10 WARNING neutron.scheduler.dhcp_agent_scheduler [None req-78d67aad-9eef-4e0c-8f3b-dfc3d6ef9e21 d7084b42becf4b599e8970dfec32f5a2 29cf855aa6fd4a9f9704eaa2a21cf674 - - default default] No more DHCP agents
2026-06-27 10:07:07.335 10 WARNING neutron.api.rpc.agentnotifiers.dhcp_rpc_agent_api [None req-78d67aad-9eef-4e0c-8f3b-dfc3d6ef9e21 d7084b42becf4b599e8970dfec32f5a2 29cf855aa6fd4a9f9704eaa2a21cf674 - - default default] Unable to schedule network fb2d25c3-6087-40c4-a9b0-1ff8615090be: no agents available; will retry on subsequent port and subnet creation events.
2026-06-27 10:07:07.360 9 INFO neutron.db.ovn_revision_numbers_db [None req-b0dbab2d-b106-4be2-a68d-39d748f0cca7 - - - - - -] Successfully bumped revision number for resource 6978b4df-6b35-4efd-8444-f4db462756de (type: router_ports) to 4
2026-06-27 10:07:07.387 9 INFO neutron.plugins.ml2.drivers.ovn.mech_driver.ovsdb.ovsdb_monitor [None req-b0dbab2d-b106-4be2-a68d-39d748f0cca7 - - - - - -] Router b9c88834-b80d-4a56-9a47-8f68c9832b55 is bound to host instance
2026-06-27 10:07:07.537 10 WARNING neutron.scheduler.dhcp_agent_scheduler [None req-d28cb45b-3b3d-4356-a4a0-6db0f533eccd d7084b42becf4b599e8970dfec32f5a2 29cf855aa6fd4a9f9704eaa2a21cf674 - - default default] No more DHCP agents
2026-06-27 10:07:07.541 10 WARNING neutron.api.rpc.agentnotifiers.dhcp_rpc_agent_api [None req-d28cb45b-3b3d-4356-a4a0-6db0f533eccd d7084b42becf4b599e8970dfec32f5a2 29cf855aa6fd4a9f9704eaa2a21cf674 - - default default] Unable to schedule network 1ddad0f5-ab54-474a-af7f-1e97fdf84420: no agents available; will retry on subsequent port and subnet creation events.
2026-06-27 10:07:07.847 10 INFO neutron.db.ovn_revision_numbers_db [None req-d28cb45b-3b3d-4356-a4a0-6db0f533eccd d7084b42becf4b599e8970dfec32f5a2 29cf855aa6fd4a9f9704eaa2a21cf674 - - default default] Successfully bumped revision number for resource 0e219370-2200-4eb9-91a2-66f3fe1b4cee (type: ports) to 1
2026-06-27 10:07:07.970 9 INFO neutron.plugins.ml2.drivers.ovn.mech_driver.mech_driver [None req-52e93dfb-9160-4bd6-86b2-6619b950589b - - - - - -] OVN reports status up for port: 66333955-d8ec-4f54-8009-49deec3ad5ba
2026-06-27 10:07:07.997 9 INFO neutron.plugins.ml2.plugin [None req-52e93dfb-9160-4bd6-86b2-6619b950589b - - - - - -] Attempt 1 to provision port 66333955-d8ec-4f54-8009-49deec3ad5ba
2026-06-27 10:07:08.297 9 INFO neutron.db.ovn_revision_numbers_db [None req-2bc24b7c-5066-4f1a-912d-d9fe304e3b87 d7084b42becf4b599e8970dfec32f5a2 29cf855aa6fd4a9f9704eaa2a21cf674 - - default default] Successfully bumped revision number for resource 66333955-d8ec-4f54-8009-49deec3ad5ba (type: router_ports) to 1
2026-06-27 10:07:08.300 9 INFO neutron.wsgi [None req-2bc24b7c-5066-4f1a-912d-d9fe304e3b87 d7084b42becf4b599e8970dfec32f5a2 29cf855aa6fd4a9f9704eaa2a21cf674 - - default default] 10.0.0.56 "PUT /v2.0/routers/b9c88834-b80d-4a56-9a47-8f68c9832b55/add_router_interface HTTP/1.1" status: 200 len: 503 time: 3.1167321
2026-06-27 10:07:08.314 10 INFO neutron.db.ovn_revision_numbers_db [None req-78d67aad-9eef-4e0c-8f3b-dfc3d6ef9e21 d7084b42becf4b599e8970dfec32f5a2 29cf855aa6fd4a9f9704eaa2a21cf674 - - default default] Successfully bumped revision number for resource a8815dba-d440-4db4-8594-2d273ba385d1 (type: router_ports) to 1
2026-06-27 10:07:08.316 10 INFO neutron.wsgi [None req-78d67aad-9eef-4e0c-8f3b-dfc3d6ef9e21 d7084b42becf4b599e8970dfec32f5a2 29cf855aa6fd4a9f9704eaa2a21cf674 - - default default] 10.0.0.56 "PUT /v2.0/routers/af4f66ab-dbeb-4d55-87cf-2e99345d8698/add_router_interface HTTP/1.1" status: 200 len: 503 time: 3.2563217
2026-06-27 10:07:08.367 9 INFO neutron.db.ovn_revision_numbers_db [None req-b0dbab2d-b106-4be2-a68d-39d748f0cca7 - - - - - -] Successfully bumped revision number for resource a7a9357e-48c7-4bbf-bc12-f078fb596157 (type: ports) to 1
2026-06-27 10:07:08.449 9 INFO neutron.db.ovn_revision_numbers_db [None req-52e93dfb-9160-4bd6-86b2-6619b950589b - - - - - -] Successfully bumped revision number for resource 66333955-d8ec-4f54-8009-49deec3ad5ba (type: ports) to 2
2026-06-27 10:07:08.621 10 INFO neutron.plugins.ml2.drivers.ovn.mech_driver.ovsdb.ovsdb_monitor [-] Router 6e1912e6-8356-42ac-a54d-14bf77cd915a is bound to host instance
2026-06-27 10:07:08.661 9 INFO neutron.db.ovn_revision_numbers_db [None req-52e93dfb-9160-4bd6-86b2-6619b950589b - - - - - -] Successfully bumped revision number for resource 66333955-d8ec-4f54-8009-49deec3ad5ba (type: router_ports) to 2
2026-06-27 10:07:08.665 10 INFO neutron.db.ovn_revision_numbers_db [None req-d28cb45b-3b3d-4356-a4a0-6db0f533eccd d7084b42becf4b599e8970dfec32f5a2 29cf855aa6fd4a9f9704eaa2a21cf674 - - default default] Successfully bumped revision number for resource 0e219370-2200-4eb9-91a2-66f3fe1b4cee (type: router_ports) to 1
2026-06-27 10:07:08.775 9 INFO neutron.db.ovn_revision_numbers_db [None req-b0dbab2d-b106-4be2-a68d-39d748f0cca7 - - - - - -] Successfully bumped revision number for resource a7a9357e-48c7-4bbf-bc12-f078fb596157 (type: router_ports) to 3
2026-06-27 10:07:08.911 10 INFO neutron.db.ovn_revision_numbers_db [None req-66b26fea-653c-423f-82ad-83a8399b287c d7084b42becf4b599e8970dfec32f5a2 29cf855aa6fd4a9f9704eaa2a21cf674 - - default default] Successfully bumped revision number for resource e1c76322-8be0-49ad-a5d0-0e749d64ec67 (type: security_groups) to 1
2026-06-27 10:07:08.922 10 INFO neutron.db.ovn_revision_numbers_db [None req-d28cb45b-3b3d-4356-a4a0-6db0f533eccd d7084b42becf4b599e8970dfec32f5a2 29cf855aa6fd4a9f9704eaa2a21cf674 - - default default] Successfully bumped revision number for resource 6e1912e6-8356-42ac-a54d-14bf77cd915a (type: routers) to 2
2026-06-27 10:07:08.941 10 INFO neutron.wsgi [None req-d28cb45b-3b3d-4356-a4a0-6db0f533eccd d7084b42becf4b599e8970dfec32f5a2 29cf855aa6fd4a9f9704eaa2a21cf674 - - default default] 10.0.0.56 "POST /v2.0/routers HTTP/1.1" status: 201 len: 885 time: 1.9729545
2026-06-27 10:07:08.943 10 INFO neutron.db.ovn_revision_numbers_db [None req-66b26fea-653c-423f-82ad-83a8399b287c d7084b42becf4b599e8970dfec32f5a2 29cf855aa6fd4a9f9704eaa2a21cf674 - - default default] Successfully bumped revision number for resource 262fb005-4c23-4512-a6fd-e0bad8c6aa09 (type: security_group_rules) to 0
2026-06-27 10:07:08.982 10 INFO neutron.db.ovn_revision_numbers_db [None req-66b26fea-653c-423f-82ad-83a8399b287c d7084b42becf4b599e8970dfec32f5a2 29cf855aa6fd4a9f9704eaa2a21cf674 - - default default] Successfully bumped revision number for resource a9f28e13-a46c-41e4-8b19-1c90cc6408dd (type: security_group_rules) to 0
2026-06-27 10:07:09.044 10 INFO neutron.db.ovn_revision_numbers_db [None req-66b26fea-653c-423f-82ad-83a8399b287c d7084b42becf4b599e8970dfec32f5a2 29cf855aa6fd4a9f9704eaa2a21cf674 - - default default] Successfully bumped revision number for resource b886a571-bf6c-45f6-8fc6-3b9695a471fd (type: security_group_rules) to 0
2026-06-27 10:07:09.062 9 INFO neutron.db.ovn_revision_numbers_db [None req-b0dbab2d-b106-4be2-a68d-39d748f0cca7 - - - - - -] Successfully bumped revision number for resource a7a9357e-48c7-4bbf-bc12-f078fb596157 (type: ports) to 2
2026-06-27 10:07:09.091 10 INFO neutron.db.ovn_revision_numbers_db [None req-66b26fea-653c-423f-82ad-83a8399b287c d7084b42becf4b599e8970dfec32f5a2 29cf855aa6fd4a9f9704eaa2a21cf674 - - default default] Successfully bumped revision number for resource dac15086-219a-41bc-8c20-d2dd6d5a3bd0 (type: security_group_rules) to 0
2026-06-27 10:07:09.137 10 INFO neutron.wsgi [None req-66b26fea-653c-423f-82ad-83a8399b287c d7084b42becf4b599e8970dfec32f5a2 29cf855aa6fd4a9f9704eaa2a21cf674 - - default default] 10.0.0.56 "GET /v2.0/security-groups?tenant_id=d9f5cc98c62d4764bdcbc2897584d148&name=default HTTP/1.1" status: 200 len: 2992 time: 0.7643619
2026-06-27 10:07:09.525 9 INFO neutron.db.ovn_revision_numbers_db [None req-b0dbab2d-b106-4be2-a68d-39d748f0cca7 - - - - - -] Successfully bumped revision number for resource a7a9357e-48c7-4bbf-bc12-f078fb596157 (type: ports) to 4
2026-06-27 10:07:09.556 9 INFO neutron.wsgi [None req-d24c0849-db37-4ee2-87ac-f2866462ccd6 d7084b42becf4b599e8970dfec32f5a2 29cf855aa6fd4a9f9704eaa2a21cf674 - - default default] 10.0.0.56 "DELETE /v2.0/security-groups/e1c76322-8be0-49ad-a5d0-0e749d64ec67 HTTP/1.1" status: 204 len: 168 time: 0.4100323
2026-06-27 10:07:09.559 10 INFO neutron.db.ovn_revision_numbers_db [req-ed586c90-75c1-429c-b9ee-4f1aed545b1b req-8e8e9981-404e-4f7e-89c2-07a1dbe6d08d d5703636887a4c0f81c3e613255ec40b b19feb729cbb4eb293504157aebda280 - - default default] Successfully bumped revision number for resource f9fa60e5-2795-4768-96d7-24050accdbec (type: security_groups) to 1
2026-06-27 10:07:09.599 10 INFO neutron.db.ovn_revision_numbers_db [req-ed586c90-75c1-429c-b9ee-4f1aed545b1b req-8e8e9981-404e-4f7e-89c2-07a1dbe6d08d d5703636887a4c0f81c3e613255ec40b b19feb729cbb4eb293504157aebda280 - - default default] Successfully bumped revision number for resource 01cbe4c0-a699-4c26-a2a7-fb99d9c5982a (type: security_group_rules) to 0
2026-06-27 10:07:09.620 10 INFO neutron.db.ovn_revision_numbers_db [req-ed586c90-75c1-429c-b9ee-4f1aed545b1b req-8e8e9981-404e-4f7e-89c2-07a1dbe6d08d d5703636887a4c0f81c3e613255ec40b b19feb729cbb4eb293504157aebda280 - - default default] Successfully bumped revision number for resource bd8987da-85e4-4796-a656-df91adc863bf (type: security_group_rules) to 0
2026-06-27 10:07:09.623 10 INFO neutron.db.ovn_revision_numbers_db [None req-ba9670fc-3c1b-4778-9ada-fe3de6736427 - - - - - -] Successfully bumped revision number for resource 0e219370-2200-4eb9-91a2-66f3fe1b4cee (type: ports) to 1
2026-06-27 10:07:09.633 9 INFO neutron.db.ovn_revision_numbers_db [req-b9062af9-0779-4159-91c7-7357116fa0aa req-f82f118d-431a-4a04-88e3-5b7f5d623429 39ce331871e7490aa30f25486cb56912 d70a3238a5f444598fd34f322b695890 - - default default] Successfully bumped revision number for resource 70e48e40-c519-4a16-867a-898847f55e0e (type: security_groups) to 1
2026-06-27 10:07:09.656 10 INFO neutron.wsgi [req-ed586c90-75c1-429c-b9ee-4f1aed545b1b req-8e8e9981-404e-4f7e-89c2-07a1dbe6d08d d5703636887a4c0f81c3e613255ec40b b19feb729cbb4eb293504157aebda280 - - default default] 10.0.0.87 "POST /v2.0/security-groups HTTP/1.1" status: 201 len: 1820 time: 0.4410112
2026-06-27 10:07:09.657 9 INFO neutron.db.ovn_revision_numbers_db [req-b9062af9-0779-4159-91c7-7357116fa0aa req-f82f118d-431a-4a04-88e3-5b7f5d623429 39ce331871e7490aa30f25486cb56912 d70a3238a5f444598fd34f322b695890 - - default default] Successfully bumped revision number for resource 373ce09f-0252-4f47-9833-c8db0b19a037 (type: security_group_rules) to 0
2026-06-27 10:07:09.659 10 WARNING neutron.scheduler.dhcp_agent_scheduler [None req-aed3d583-42e0-418c-b328-60d214e4a1dd d7084b42becf4b599e8970dfec32f5a2 29cf855aa6fd4a9f9704eaa2a21cf674 - - default default] No more DHCP agents
2026-06-27 10:07:09.665 10 WARNING neutron.api.rpc.agentnotifiers.dhcp_rpc_agent_api [None req-aed3d583-42e0-418c-b328-60d214e4a1dd d7084b42becf4b599e8970dfec32f5a2 29cf855aa6fd4a9f9704eaa2a21cf674 - - default default] Unable to schedule network 6d5470ec-d9f3-4b44-94c2-89da50f2311f: no agents available; will retry on subsequent port and subnet creation events.
2026-06-27 10:07:09.685 9 INFO neutron.db.ovn_revision_numbers_db [req-b9062af9-0779-4159-91c7-7357116fa0aa req-f82f118d-431a-4a04-88e3-5b7f5d623429 39ce331871e7490aa30f25486cb56912 d70a3238a5f444598fd34f322b695890 - - default default] Successfully bumped revision number for resource 7bea592c-6a8b-41fd-8527-5f7417524658 (type: security_group_rules) to 0
2026-06-27 10:07:09.731 9 INFO neutron.wsgi [req-b9062af9-0779-4159-91c7-7357116fa0aa req-f82f118d-431a-4a04-88e3-5b7f5d623429 39ce331871e7490aa30f25486cb56912 d70a3238a5f444598fd34f322b695890 - - default default] 10.0.0.87 "POST /v2.0/security-groups HTTP/1.1" status: 201 len: 1826 time: 0.4375618
2026-06-27 10:07:09.810 9 INFO neutron.wsgi [req-b7bf6d18-a48f-4181-8ae1-829874a46772 req-d3581dbf-efb7-4f43-98e9-5178fae8185e 39ce331871e7490aa30f25486cb56912 d70a3238a5f444598fd34f322b695890 - - default default] 10.0.0.87 "GET /v2.0/security-groups/70e48e40-c519-4a16-867a-898847f55e0e HTTP/1.1" status: 200 len: 1821 time: 0.0524426
2026-06-27 10:07:09.854 9 INFO neutron.db.ovn_revision_numbers_db [None req-b0dbab2d-b106-4be2-a68d-39d748f0cca7 - - - - - -] Successfully bumped revision number for resource a7a9357e-48c7-4bbf-bc12-f078fb596157 (type: router_ports) to 4
2026-06-27 10:07:09.960 9 INFO neutron.db.ovn_revision_numbers_db [req-b7bf6d18-a48f-4181-8ae1-829874a46772 req-ed0d3919-b593-4c7a-8d23-5a96a899b612 39ce331871e7490aa30f25486cb56912 d70a3238a5f444598fd34f322b695890 - - default default] Successfully bumped revision number for resource 863a22a6-bd5d-43c8-ba00-6da895fe0298 (type: security_group_rules) to 0
2026-06-27 10:07:09.989 9 INFO neutron.wsgi [req-b7bf6d18-a48f-4181-8ae1-829874a46772 req-ed0d3919-b593-4c7a-8d23-5a96a899b612 39ce331871e7490aa30f25486cb56912 d70a3238a5f444598fd34f322b695890 - - default default] 10.0.0.87 "POST /v2.0/security-group-rules HTTP/1.1" status: 201 len: 786 time: 0.1707323
2026-06-27 10:07:10.089 10 INFO neutron.plugins.ml2.drivers.ovn.mech_driver.mech_driver [None req-eee4468b-8da6-4f02-957f-82083b5051aa - - - - - -] OVN reports status up for port: a8815dba-d440-4db4-8594-2d273ba385d1
2026-06-27 10:07:10.111 10 INFO neutron.plugins.ml2.plugin [None req-eee4468b-8da6-4f02-957f-82083b5051aa - - - - - -] Attempt 1 to provision port a8815dba-d440-4db4-8594-2d273ba385d1
2026-06-27 10:07:10.118 10 INFO neutron.db.ovn_revision_numbers_db [None req-aed3d583-42e0-418c-b328-60d214e4a1dd d7084b42becf4b599e8970dfec32f5a2 29cf855aa6fd4a9f9704eaa2a21cf674 - - default default] Successfully bumped revision number for resource 9c08406f-6dd2-4849-bf20-a7fdeeee3656 (type: ports) to 1
2026-06-27 10:07:10.134 10 INFO neutron.db.ovn_revision_numbers_db [req-11004310-a8fb-4ce7-8a79-52ad3228e6d4 req-30b77ac9-1591-4e5b-a516-7b7ff3ad7844 d5703636887a4c0f81c3e613255ec40b b19feb729cbb4eb293504157aebda280 - - default default] Successfully bumped revision number for resource 6c629d90-0fd7-4fa4-8be9-50ea9a93fcb3 (type: security_groups) to 1
2026-06-27 10:07:10.137 9 INFO neutron.db.ovn_revision_numbers_db [req-9482ba3f-ca86-4d6c-b7b5-e88044ec8454 req-956e24a3-8fbf-43f4-b918-43d86c464d15 39ce331871e7490aa30f25486cb56912 d70a3238a5f444598fd34f322b695890 - - default default] Successfully bumped revision number for resource ce7bbdfb-7579-4a42-9be6-3977915d134b (type: security_groups) to 1
2026-06-27 10:07:10.155 9 INFO neutron.db.ovn_revision_numbers_db [req-9482ba3f-ca86-4d6c-b7b5-e88044ec8454 req-956e24a3-8fbf-43f4-b918-43d86c464d15 39ce331871e7490aa30f25486cb56912 d70a3238a5f444598fd34f322b695890 - - default default] Successfully bumped revision number for resource 205634fd-9477-4b64-92c6-41db26e253cc (type: security_group_rules) to 0
2026-06-27 10:07:10.155 10 INFO neutron.db.ovn_revision_numbers_db [None req-dc920e98-ff9b-48e0-99cc-ec99c988a915 d7084b42becf4b599e8970dfec32f5a2 29cf855aa6fd4a9f9704eaa2a21cf674 - - default default] Successfully bumped revision number for resource 011ef294-708d-4238-8c32-8ce16039fe2f (type: security_groups) to 1
2026-06-27 10:07:10.173 9 INFO neutron.db.ovn_revision_numbers_db [req-9482ba3f-ca86-4d6c-b7b5-e88044ec8454 req-956e24a3-8fbf-43f4-b918-43d86c464d15 39ce331871e7490aa30f25486cb56912 d70a3238a5f444598fd34f322b695890 - - default default] Successfully bumped revision number for resource 55c061c5-eea9-4b99-acbc-f3bf4806e170 (type: security_group_rules) to 0
2026-06-27 10:07:10.187 10 INFO neutron.db.ovn_revision_numbers_db [req-11004310-a8fb-4ce7-8a79-52ad3228e6d4 req-30b77ac9-1591-4e5b-a516-7b7ff3ad7844 d5703636887a4c0f81c3e613255ec40b b19feb729cbb4eb293504157aebda280 - - default default] Successfully bumped revision number for resource 39017396-0e93-4c74-9b2d-bc6a5dace662 (type: security_group_rules) to 0
2026-06-27 10:07:10.195 9 INFO neutron.wsgi [req-9482ba3f-ca86-4d6c-b7b5-e88044ec8454 req-956e24a3-8fbf-43f4-b918-43d86c464d15 39ce331871e7490aa30f25486cb56912 d70a3238a5f444598fd34f322b695890 - - default default] 10.0.0.87 "POST /v2.0/security-groups HTTP/1.1" status: 201 len: 1826 time: 0.1709754
2026-06-27 10:07:10.216 10 INFO neutron.db.ovn_revision_numbers_db [None req-dc920e98-ff9b-48e0-99cc-ec99c988a915 d7084b42becf4b599e8970dfec32f5a2 29cf855aa6fd4a9f9704eaa2a21cf674 - - default default] Successfully bumped revision number for resource 57d5f865-7208-423d-96bc-c4b71698d2c4 (type: security_group_rules) to 0
2026-06-27 10:07:10.223 10 INFO neutron.db.ovn_revision_numbers_db [req-11004310-a8fb-4ce7-8a79-52ad3228e6d4 req-30b77ac9-1591-4e5b-a516-7b7ff3ad7844 d5703636887a4c0f81c3e613255ec40b b19feb729cbb4eb293504157aebda280 - - default default] Successfully bumped revision number for resource 6db6a3c0-2203-43a3-8478-52ca04ade0ec (type: security_group_rules) to 0
2026-06-27 10:07:10.267 9 INFO neutron.wsgi [req-94338fce-ed44-4442-a68a-f73530e5af35 req-83390346-e3cc-4b28-bd19-329c6d35e340 39ce331871e7490aa30f25486cb56912 d70a3238a5f444598fd34f322b695890 - - default default] 10.0.0.87 "GET /v2.0/security-groups/ce7bbdfb-7579-4a42-9be6-3977915d134b HTTP/1.1" status: 200 len: 1821 time: 0.0437813
2026-06-27 10:07:10.268 10 INFO neutron.db.ovn_revision_numbers_db [None req-dc920e98-ff9b-48e0-99cc-ec99c988a915 d7084b42becf4b599e8970dfec32f5a2 29cf855aa6fd4a9f9704eaa2a21cf674 - - default default] Successfully bumped revision number for resource 9538e412-301e-46f5-b521-0faa85a83ef1 (type: security_group_rules) to 0
2026-06-27 10:07:10.272 10 INFO neutron.wsgi [req-11004310-a8fb-4ce7-8a79-52ad3228e6d4 req-30b77ac9-1591-4e5b-a516-7b7ff3ad7844 d5703636887a4c0f81c3e613255ec40b b19feb729cbb4eb293504157aebda280 - - default default] 10.0.0.87 "POST /v2.0/security-groups HTTP/1.1" status: 201 len: 1822 time: 0.5873885
2026-06-27 10:07:10.317 10 INFO neutron.db.ovn_revision_numbers_db [None req-dc920e98-ff9b-48e0-99cc-ec99c988a915 d7084b42becf4b599e8970dfec32f5a2 29cf855aa6fd4a9f9704eaa2a21cf674 - - default default] Successfully bumped revision number for resource abe83268-00e3-4678-b2f8-e4082925a579 (type: security_group_rules) to 0
2026-06-27 10:07:10.375 10 INFO neutron.db.ovn_revision_numbers_db [None req-dc920e98-ff9b-48e0-99cc-ec99c988a915 d7084b42becf4b599e8970dfec32f5a2 29cf855aa6fd4a9f9704eaa2a21cf674 - - default default] Successfully bumped revision number for resource b7938bcb-ccb3-45b3-aeb6-3c4b37722ec3 (type: security_group_rules) to 0
2026-06-27 10:07:10.389 9 INFO neutron.db.ovn_revision_numbers_db [req-94338fce-ed44-4442-a68a-f73530e5af35 req-4bda8bef-a406-48a9-8723-1ed237c8b9c3 39ce331871e7490aa30f25486cb56912 d70a3238a5f444598fd34f322b695890 - - default default] Successfully bumped revision number for resource e5178248-af75-4d32-acb4-20098ac346b6 (type: security_group_rules) to 0
2026-06-27 10:07:10.394 10 INFO neutron.db.ovn_revision_numbers_db [None req-ba9670fc-3c1b-4778-9ada-fe3de6736427 - - - - - -] Successfully bumped revision number for resource 0e219370-2200-4eb9-91a2-66f3fe1b4cee (type: router_ports) to 3
2026-06-27 10:07:10.413 9 INFO neutron.wsgi [req-94338fce-ed44-4442-a68a-f73530e5af35 req-4bda8bef-a406-48a9-8723-1ed237c8b9c3 39ce331871e7490aa30f25486cb56912 d70a3238a5f444598fd34f322b695890 - - default default] 10.0.0.87 "POST /v2.0/security-group-rules HTTP/1.1" status: 201 len: 786 time: 0.1379383
2026-06-27 10:07:10.442 10 INFO neutron.wsgi [None req-dc920e98-ff9b-48e0-99cc-ec99c988a915 d7084b42becf4b599e8970dfec32f5a2 29cf855aa6fd4a9f9704eaa2a21cf674 - - default default] 10.0.0.56 "GET /v2.0/security-groups?tenant_id=8878889d941646d082fdd14f2f91b684&name=default HTTP/1.1" status: 200 len: 2996 time: 0.7640114
2026-06-27 10:07:10.486 9 INFO neutron.wsgi [req-71a0e9e7-b22f-4806-8006-62c4fbaca6a6 req-f2bf1987-89ea-4a65-8482-84806a9dda68 39ce331871e7490aa30f25486cb56912 d70a3238a5f444598fd34f322b695890 - - default default] 10.0.0.87 "GET /v2.0/security-groups/ce7bbdfb-7579-4a42-9be6-3977915d134b HTTP/1.1" status: 200 len: 2414 time: 0.0472248
2026-06-27 10:07:10.614 10 INFO neutron.db.ovn_revision_numbers_db [req-89483032-3667-4d5b-aa1e-5861af469efd req-9ad35fe5-09e1-41dd-9340-83e0d546812a d5703636887a4c0f81c3e613255ec40b b19feb729cbb4eb293504157aebda280 - - default default] Successfully bumped revision number for resource 88245439-a420-4971-a962-3dbff6373b6e (type: security_groups) to 1
2026-06-27 10:07:10.627 9 INFO neutron.db.ovn_revision_numbers_db [req-71a0e9e7-b22f-4806-8006-62c4fbaca6a6 req-0ee11d9e-9bb2-43dd-86d9-1cd80c6b1de0 39ce331871e7490aa30f25486cb56912 d70a3238a5f444598fd34f322b695890 - - default default] Successfully bumped revision number for resource a4bff3fa-499b-44c8-80d4-ba96995402a4 (type: security_group_rules) to 0
2026-06-27 10:07:10.655 9 INFO neutron.wsgi [req-71a0e9e7-b22f-4806-8006-62c4fbaca6a6 req-0ee11d9e-9bb2-43dd-86d9-1cd80c6b1de0 39ce331871e7490aa30f25486cb56912 d70a3238a5f444598fd34f322b695890 - - default default] 10.0.0.87 "POST /v2.0/security-group-rules HTTP/1.1" status: 201 len: 791 time: 0.1581304
2026-06-27 10:07:10.658 10 INFO neutron.db.ovn_revision_numbers_db [req-89483032-3667-4d5b-aa1e-5861af469efd req-9ad35fe5-09e1-41dd-9340-83e0d546812a d5703636887a4c0f81c3e613255ec40b b19feb729cbb4eb293504157aebda280 - - default default] Successfully bumped revision number for resource 62450705-88eb-4e24-8ac3-28b973af26fa (type: security_group_rules) to 0
2026-06-27 10:07:10.677 9 INFO neutron.wsgi [None req-6820c29f-2a84-443e-8ed8-6f258fd11e6b d7084b42becf4b599e8970dfec32f5a2 29cf855aa6fd4a9f9704eaa2a21cf674 - - default default] 10.0.0.56 "DELETE /v2.0/security-groups/011ef294-708d-4238-8c32-8ce16039fe2f HTTP/1.1" status: 204 len: 168 time: 0.2293983
2026-06-27 10:07:10.696 10 INFO neutron.db.ovn_revision_numbers_db [req-89483032-3667-4d5b-aa1e-5861af469efd req-9ad35fe5-09e1-41dd-9340-83e0d546812a d5703636887a4c0f81c3e613255ec40b b19feb729cbb4eb293504157aebda280 - - default default] Successfully bumped revision number for resource a86b89a7-95c9-4965-882a-eeab7aac90f1 (type: security_group_rules) to 0
2026-06-27 10:07:10.704 10 INFO neutron.db.ovn_revision_numbers_db [None req-ba9670fc-3c1b-4778-9ada-fe3de6736427 - - - - - -] Successfully bumped revision number for resource 0e219370-2200-4eb9-91a2-66f3fe1b4cee (type: ports) to 2
2026-06-27 10:07:10.718 9 INFO neutron.wsgi [req-0605c333-c083-41b0-820a-b3fa1edeb8ac req-0faa09de-15b6-4ab1-bbff-5ffa84ac747a 39ce331871e7490aa30f25486cb56912 d70a3238a5f444598fd34f322b695890 - - default default] 10.0.0.87 "GET /v2.0/security-groups/ce7bbdfb-7579-4a42-9be6-3977915d134b HTTP/1.1" status: 200 len: 3012 time: 0.0362010
2026-06-27 10:07:10.728 10 INFO neutron.wsgi [req-89483032-3667-4d5b-aa1e-5861af469efd req-9ad35fe5-09e1-41dd-9340-83e0d546812a d5703636887a4c0f81c3e613255ec40b b19feb729cbb4eb293504157aebda280 - - default default] 10.0.0.87 "POST /v2.0/security-groups HTTP/1.1" status: 201 len: 1823 time: 0.4248593
2026-06-27 10:07:10.765 9 INFO neutron.wsgi [req-5b968dbb-dcb3-4693-bb24-4a0f9992c63d req-883b8d5e-1729-4492-9fe1-b38953a6a174 39ce331871e7490aa30f25486cb56912 d70a3238a5f444598fd34f322b695890 - - default default] 10.0.0.87 "GET /v2.0/security-group-rules/a4bff3fa-499b-44c8-80d4-ba96995402a4 HTTP/1.1" status: 200 len: 783 time: 0.0234814
2026-06-27 10:07:10.788 10 INFO neutron.db.ovn_revision_numbers_db [None req-eee4468b-8da6-4f02-957f-82083b5051aa - - - - - -] Successfully bumped revision number for resource a8815dba-d440-4db4-8594-2d273ba385d1 (type: ports) to 2
2026-06-27 10:07:10.806 9 INFO neutron.wsgi [req-5b968dbb-dcb3-4693-bb24-4a0f9992c63d req-6e5c962e-b7d5-4dae-a024-b2a925130057 39ce331871e7490aa30f25486cb56912 d70a3238a5f444598fd34f322b695890 - - default default] 10.0.0.87 "GET /v2.0/security-groups/ce7bbdfb-7579-4a42-9be6-3977915d134b HTTP/1.1" status: 200 len: 3012 time: 0.0356362
2026-06-27 10:07:10.876 10 INFO neutron.wsgi [req-578d2439-0546-4c1c-9c3e-f8ff90741656 req-cb120736-e971-483b-8bbc-b807dea30b34 d5703636887a4c0f81c3e613255ec40b b19feb729cbb4eb293504157aebda280 - - default default] 10.0.0.87 "GET /v2.0/security-groups?tenant_id=b19feb729cbb4eb293504157aebda280 HTTP/1.1" status: 200 len: 7793 time: 0.1136661
2026-06-27 10:07:10.945 9 INFO neutron.wsgi [req-5b968dbb-dcb3-4693-bb24-4a0f9992c63d req-867e322d-a220-49b4-9faf-873d9073c8dc 39ce331871e7490aa30f25486cb56912 d70a3238a5f444598fd34f322b695890 - - default default] 10.0.0.87 "DELETE /v2.0/security-group-rules/a4bff3fa-499b-44c8-80d4-ba96995402a4 HTTP/1.1" status: 204 len: 173 time: 0.1302323
2026-06-27 10:07:11.002 9 INFO neutron.wsgi [req-9bacb05d-53ea-47dc-9138-2b0af9b3d85f req-2c151f68-e3d0-48d9-b0e0-282d946d2fa2 39ce331871e7490aa30f25486cb56912 d70a3238a5f444598fd34f322b695890 - - default default] 10.0.0.87 "GET /v2.0/security-groups/ce7bbdfb-7579-4a42-9be6-3977915d134b HTTP/1.1" status: 200 len: 2414 time: 0.0329919
2026-06-27 10:07:11.010 10 INFO neutron.wsgi [req-578d2439-0546-4c1c-9c3e-f8ff90741656 req-5e17346d-ac41-4d3c-b149-c45eacf84cfc d5703636887a4c0f81c3e613255ec40b b19feb729cbb4eb293504157aebda280 - - default default] 10.0.0.87 "GET /v2.0/security-groups/b5571a43-85f1-4cbb-b1aa-24dc1a6b06aa HTTP/1.1" status: 200 len: 2994 time: 0.1254795
2026-06-27 10:07:11.135 9 INFO neutron.wsgi [req-9bacb05d-53ea-47dc-9138-2b0af9b3d85f req-7a1d2825-b076-4c59-8953-00ead4478007 39ce331871e7490aa30f25486cb56912 d70a3238a5f444598fd34f322b695890 - - default default] 10.0.0.87 "DELETE /v2.0/security-groups/ce7bbdfb-7579-4a42-9be6-3977915d134b HTTP/1.1" status: 204 len: 173 time: 0.1240201
2026-06-27 10:07:11.195 9 INFO neutron.wsgi [req-7d7bf3a5-08e8-4bc1-a52a-3c11b6dbd7da req-00a59f76-716e-4098-82c9-9036d692ef23 39ce331871e7490aa30f25486cb56912 d70a3238a5f444598fd34f322b695890 - - default default] 10.0.0.87 "GET /v2.0/security-groups/70e48e40-c519-4a16-867a-898847f55e0e HTTP/1.1" status: 200 len: 2414 time: 0.0366232
2026-06-27 10:07:11.252 10 INFO neutron.wsgi [req-578d2439-0546-4c1c-9c3e-f8ff90741656 req-3d5c06ab-2d8d-422f-9688-14dda11cff5a d5703636887a4c0f81c3e613255ec40b b19feb729cbb4eb293504157aebda280 - - default default] 10.0.0.87 "GET /v2.0/security-groups/b5571a43-85f1-4cbb-b1aa-24dc1a6b06aa HTTP/1.1" status: 200 len: 2994 time: 0.2205234
2026-06-27 10:07:11.262 10 INFO neutron.db.ovn_revision_numbers_db [None req-eee4468b-8da6-4f02-957f-82083b5051aa - - - - - -] Successfully bumped revision number for resource a8815dba-d440-4db4-8594-2d273ba385d1 (type: router_ports) to 2
2026-06-27 10:07:11.321 10 INFO neutron.db.ovn_revision_numbers_db [None req-aed3d583-42e0-418c-b328-60d214e4a1dd d7084b42becf4b599e8970dfec32f5a2 29cf855aa6fd4a9f9704eaa2a21cf674 - - default default] Successfully bumped revision number for resource 9c08406f-6dd2-4849-bf20-a7fdeeee3656 (type: router_ports) to 1
2026-06-27 10:07:11.360 10 INFO neutron.wsgi [req-8eeb41ed-fa02-4490-a7de-4fda704b4d93 req-af70f794-54d4-42c9-9997-1fe1bdca4ed1 d5703636887a4c0f81c3e613255ec40b b19feb729cbb4eb293504157aebda280 - - default default] 10.0.0.87 "GET /v2.0/security-groups/f9fa60e5-2795-4768-96d7-24050accdbec HTTP/1.1" status: 200 len: 1815 time: 0.0806859
2026-06-27 10:07:11.395 9 INFO neutron.wsgi [req-7d7bf3a5-08e8-4bc1-a52a-3c11b6dbd7da req-07087686-9c89-4119-ab88-c75463817d50 39ce331871e7490aa30f25486cb56912 d70a3238a5f444598fd34f322b695890 - - default default] 10.0.0.87 "DELETE /v2.0/security-groups/70e48e40-c519-4a16-867a-898847f55e0e HTTP/1.1" status: 204 len: 173 time: 0.1914222
2026-06-27 10:07:11.470 10 INFO neutron.db.ovn_revision_numbers_db [None req-ba9670fc-3c1b-4778-9ada-fe3de6736427 - - - - - -] Successfully bumped revision number for resource 0e219370-2200-4eb9-91a2-66f3fe1b4cee (type: ports) to 4
2026-06-27 10:07:11.586 10 INFO neutron.db.ovn_revision_numbers_db [None req-aed3d583-42e0-418c-b328-60d214e4a1dd d7084b42becf4b599e8970dfec32f5a2 29cf855aa6fd4a9f9704eaa2a21cf674 - - default default] Successfully bumped revision number for resource 9c08406f-6dd2-4849-bf20-a7fdeeee3656 (type: ports) to 1
2026-06-27 10:07:11.608 10 INFO neutron.wsgi [req-8eeb41ed-fa02-4490-a7de-4fda704b4d93 req-4ba5aa18-b73d-48fa-a2bf-33bc4e580991 d5703636887a4c0f81c3e613255ec40b b19feb729cbb4eb293504157aebda280 - - default default] 10.0.0.87 "DELETE /v2.0/security-groups/f9fa60e5-2795-4768-96d7-24050accdbec HTTP/1.1" status: 204 len: 173 time: 0.2335708
2026-06-27 10:07:11.649 9 INFO neutron.api.v2.resource [req-0e1a1798-d475-481a-8c27-68b624e59650 req-8f9015a5-0d50-4305-ac49-e13156831653 d5703636887a4c0f81c3e613255ec40b b19feb729cbb4eb293504157aebda280 - - default default] show failed (client error): The resource could not be found.
2026-06-27 10:07:11.650 9 INFO neutron.wsgi [req-0e1a1798-d475-481a-8c27-68b624e59650 req-8f9015a5-0d50-4305-ac49-e13156831653 d5703636887a4c0f81c3e613255ec40b b19feb729cbb4eb293504157aebda280 - - default default] 10.0.0.87 "GET /v2.0/security-groups/f9fa60e5-2795-4768-96d7-24050accdbec HTTP/1.1" status: 404 len: 352 time: 0.0219147
2026-06-27 10:07:11.703 10 WARNING neutron.scheduler.dhcp_agent_scheduler [None req-aed3d583-42e0-418c-b328-60d214e4a1dd d7084b42becf4b599e8970dfec32f5a2 29cf855aa6fd4a9f9704eaa2a21cf674 - - default default] No more DHCP agents
2026-06-27 10:07:11.706 10 WARNING neutron.api.rpc.agentnotifiers.dhcp_rpc_agent_api [None req-aed3d583-42e0-418c-b328-60d214e4a1dd d7084b42becf4b599e8970dfec32f5a2 29cf855aa6fd4a9f9704eaa2a21cf674 - - default default] Unable to schedule network 6d5470ec-d9f3-4b44-94c2-89da50f2311f: no agents available; will retry on subsequent port and subnet creation events.
2026-06-27 10:07:11.737 10 INFO neutron.wsgi [req-18f9c338-fbaa-4b43-a278-c4971bc58c03 req-6fa67609-38b3-4f3a-ba12-abf42a1d78f5 d5703636887a4c0f81c3e613255ec40b b19feb729cbb4eb293504157aebda280 - - default default] 10.0.0.87 "GET /v2.0/security-groups/6c629d90-0fd7-4fa4-8be9-50ea9a93fcb3 HTTP/1.1" status: 200 len: 1817 time: 0.0616968
2026-06-27 10:07:11.862 10 INFO neutron.db.ovn_revision_numbers_db [None req-ba9670fc-3c1b-4778-9ada-fe3de6736427 - - - - - -] Successfully bumped revision number for resource 0e219370-2200-4eb9-91a2-66f3fe1b4cee (type: router_ports) to 4
2026-06-27 10:07:11.938 10 INFO neutron.wsgi [req-18f9c338-fbaa-4b43-a278-c4971bc58c03 req-01392c8f-28f4-4ef6-933c-4e5bf5d96027 d5703636887a4c0f81c3e613255ec40b b19feb729cbb4eb293504157aebda280 - - default default] 10.0.0.87 "DELETE /v2.0/security-groups/6c629d90-0fd7-4fa4-8be9-50ea9a93fcb3 HTTP/1.1" status: 204 len: 173 time: 0.1934793
2026-06-27 10:07:11.990 9 INFO neutron.api.v2.resource [req-3b0374f2-1f61-49c6-ab41-280c6a0405c9 req-6f207ce4-a362-4363-8c4b-b66dadd8b637 d5703636887a4c0f81c3e613255ec40b b19feb729cbb4eb293504157aebda280 - - default default] show failed (client error): The resource could not be found.
2026-06-27 10:07:11.991 9 INFO neutron.wsgi [req-3b0374f2-1f61-49c6-ab41-280c6a0405c9 req-6f207ce4-a362-4363-8c4b-b66dadd8b637 d5703636887a4c0f81c3e613255ec40b b19feb729cbb4eb293504157aebda280 - - default default] 10.0.0.87 "GET /v2.0/security-groups/6c629d90-0fd7-4fa4-8be9-50ea9a93fcb3 HTTP/1.1" status: 404 len: 352 time: 0.0130754
2026-06-27 10:07:12.063 10 INFO neutron.wsgi [req-6c93171d-c2b8-49d2-a63b-1044a798fb6e req-2852bf7a-8139-4bda-b549-f01672b9be8a d5703636887a4c0f81c3e613255ec40b b19feb729cbb4eb293504157aebda280 - - default default] 10.0.0.87 "GET /v2.0/security-groups/88245439-a420-4971-a962-3dbff6373b6e HTTP/1.1" status: 200 len: 1818 time: 0.0509093
2026-06-27 10:07:12.486 10 INFO neutron.wsgi [req-6c93171d-c2b8-49d2-a63b-1044a798fb6e req-2b14026b-9743-4885-93dc-2d181ae2a46a d5703636887a4c0f81c3e613255ec40b b19feb729cbb4eb293504157aebda280 - - default default] 10.0.0.87 "DELETE /v2.0/security-groups/88245439-a420-4971-a962-3dbff6373b6e HTTP/1.1" status: 204 len: 173 time: 0.4105494
2026-06-27 10:07:12.536 9 INFO neutron.api.v2.resource [req-267f384c-8112-4e8f-9b66-60f9dd49d659 req-6f777f0c-94fc-4586-8920-f0388a8821fa d5703636887a4c0f81c3e613255ec40b b19feb729cbb4eb293504157aebda280 - - default default] show failed (client error): The resource could not be found.
2026-06-27 10:07:12.537 9 INFO neutron.wsgi [req-267f384c-8112-4e8f-9b66-60f9dd49d659 req-6f777f0c-94fc-4586-8920-f0388a8821fa d5703636887a4c0f81c3e613255ec40b b19feb729cbb4eb293504157aebda280 - - default default] 10.0.0.87 "GET /v2.0/security-groups/88245439-a420-4971-a962-3dbff6373b6e HTTP/1.1" status: 404 len: 352 time: 0.0233617
2026-06-27 10:07:12.642 10 INFO neutron.wsgi [req-3dc733e5-9fff-4e0b-bdac-c14af075136e req-76a8be78-9b81-4efb-8a02-df10bb3a72a1 d5703636887a4c0f81c3e613255ec40b b19feb729cbb4eb293504157aebda280 - - default default] 10.0.0.87 "GET /v2.0/security-groups?tenant_id=b19feb729cbb4eb293504157aebda280 HTTP/1.1" status: 200 len: 2997 time: 0.0862434
2026-06-27 10:07:12.711 10 INFO neutron.wsgi [req-3dc733e5-9fff-4e0b-bdac-c14af075136e req-f456389e-d5e1-41e3-ba81-7c1004c9927b d5703636887a4c0f81c3e613255ec40b b19feb729cbb4eb293504157aebda280 - - default default] 10.0.0.87 "GET /v2.0/security-groups/b5571a43-85f1-4cbb-b1aa-24dc1a6b06aa HTTP/1.1" status: 200 len: 2994 time: 0.0553925
2026-06-27 10:07:12.714 10 INFO neutron.db.ovn_revision_numbers_db [None req-aed3d583-42e0-418c-b328-60d214e4a1dd d7084b42becf4b599e8970dfec32f5a2 29cf855aa6fd4a9f9704eaa2a21cf674 - - default default] Successfully bumped revision number for resource 9c08406f-6dd2-4849-bf20-a7fdeeee3656 (type: router_ports) to 1
2026-06-27 10:07:12.716 10 INFO neutron.wsgi [None req-aed3d583-42e0-418c-b328-60d214e4a1dd d7084b42becf4b599e8970dfec32f5a2 29cf855aa6fd4a9f9704eaa2a21cf674 - - default default] 10.0.0.56 "PUT /v2.0/routers/6e1912e6-8356-42ac-a54d-14bf77cd915a/add_router_interface HTTP/1.1" status: 200 len: 503 time: 3.7570674
2026-06-27 10:07:12.760 10 INFO neutron.wsgi [req-3dc733e5-9fff-4e0b-bdac-c14af075136e req-8bbcd0ff-d214-4ab4-9d8c-fb29426a9aa1 d5703636887a4c0f81c3e613255ec40b b19feb729cbb4eb293504157aebda280 - - default default] 10.0.0.87 "GET /v2.0/security-groups/b5571a43-85f1-4cbb-b1aa-24dc1a6b06aa HTTP/1.1" status: 200 len: 2994 time: 0.0385566
2026-06-27 10:07:12.849 9 INFO neutron.api.v2.resource [req-36b718db-b644-4672-aa77-b05865a5eb60 req-b529511e-bd93-40b8-8656-9671f5a3431c d5703636887a4c0f81c3e613255ec40b b19feb729cbb4eb293504157aebda280 - - default default] show failed (client error): The resource could not be found.
2026-06-27 10:07:12.850 9 INFO neutron.wsgi [req-36b718db-b644-4672-aa77-b05865a5eb60 req-b529511e-bd93-40b8-8656-9671f5a3431c d5703636887a4c0f81c3e613255ec40b b19feb729cbb4eb293504157aebda280 - - default default] 10.0.0.87 "GET /v2.0/security-groups/88245439-a420-4971-a962-3dbff6373b6e HTTP/1.1" status: 404 len: 352 time: 0.0309620
2026-06-27 10:07:12.885 10 INFO neutron.api.v2.resource [req-733742e8-9bff-43be-89b9-ef2986670199 req-b2e8a5b0-283f-4e15-b3f8-91f7a79e01d4 d5703636887a4c0f81c3e613255ec40b b19feb729cbb4eb293504157aebda280 - - default default] show failed (client error): The resource could not be found.
2026-06-27 10:07:12.886 10 INFO neutron.wsgi [req-733742e8-9bff-43be-89b9-ef2986670199 req-b2e8a5b0-283f-4e15-b3f8-91f7a79e01d4 d5703636887a4c0f81c3e613255ec40b b19feb729cbb4eb293504157aebda280 - - default default] 10.0.0.87 "GET /v2.0/security-groups/6c629d90-0fd7-4fa4-8be9-50ea9a93fcb3 HTTP/1.1" status: 404 len: 352 time: 0.0122368
2026-06-27 10:07:12.920 9 INFO neutron.api.v2.resource [req-91233c25-eeec-4ef2-ba3f-cd44ea54f8e0 req-1a45da55-8b45-45ad-938e-9c31fb10d802 d5703636887a4c0f81c3e613255ec40b b19feb729cbb4eb293504157aebda280 - - default default] show failed (client error): The resource could not be found.
2026-06-27 10:07:12.921 9 INFO neutron.wsgi [req-91233c25-eeec-4ef2-ba3f-cd44ea54f8e0 req-1a45da55-8b45-45ad-938e-9c31fb10d802 d5703636887a4c0f81c3e613255ec40b b19feb729cbb4eb293504157aebda280 - - default default] 10.0.0.87 "GET /v2.0/security-groups/f9fa60e5-2795-4768-96d7-24050accdbec HTTP/1.1" status: 404 len: 352 time: 0.0115459
2026-06-27 10:07:12.963 9 INFO neutron.wsgi [None req-6ea880e5-9b82-4875-8dfa-5f7be818fe70 d7084b42becf4b599e8970dfec32f5a2 29cf855aa6fd4a9f9704eaa2a21cf674 - - default default] 10.0.0.56 "PUT /v2.0/routers/af4f66ab-dbeb-4d55-87cf-2e99345d8698/remove_router_interface HTTP/1.1" status: 200 len: 503 time: 1.5556192 /var/lib/openstack/lib/python3.10/site-packages/pycadf/identifier.py:71: UserWarning: Invalid uuid: neutron. To ensure interoperability, identifiers should be a valid uuid. warnings.warn(('Invalid uuid: %s. To ensure interoperability, '
2026-06-27 10:07:13.599 10 INFO neutron.db.ovn_revision_numbers_db [None req-4a9bdd9e-8db7-40de-8b27-3f319bd6d07d 4a0bff2c7c6048e5973f9ba5e435fbab db8f51293ffc4c248505a4d2543a4291 - - default default] Successfully bumped revision number for resource 7f36038c-0bc9-4aa1-8f69-9667e43f75dc (type: security_groups) to 1
2026-06-27 10:07:13.634 9 INFO neutron.wsgi [None req-5ac25aeb-0bba-4843-a86e-449bec22e3b9 d7084b42becf4b599e8970dfec32f5a2 29cf855aa6fd4a9f9704eaa2a21cf674 - - default default] 10.0.0.56 "DELETE /v2.0/routers/af4f66ab-dbeb-4d55-87cf-2e99345d8698 HTTP/1.1" status: 204 len: 168 time: 0.6658471
2026-06-27 10:07:13.638 10 INFO neutron.db.ovn_revision_numbers_db [None req-4a9bdd9e-8db7-40de-8b27-3f319bd6d07d 4a0bff2c7c6048e5973f9ba5e435fbab db8f51293ffc4c248505a4d2543a4291 - - default default] Successfully bumped revision number for resource 5bbb883a-8cb5-4ab6-bdcc-9927ba26225e (type: security_group_rules) to 0
2026-06-27 10:07:13.673 10 INFO neutron.db.ovn_revision_numbers_db [None req-4a9bdd9e-8db7-40de-8b27-3f319bd6d07d 4a0bff2c7c6048e5973f9ba5e435fbab db8f51293ffc4c248505a4d2543a4291 - - default default] Successfully bumped revision number for resource e99cb24e-890e-491a-a26c-167698d616d8 (type: security_group_rules) to 0
2026-06-27 10:07:13.702 10 INFO neutron.wsgi [None req-4a9bdd9e-8db7-40de-8b27-3f319bd6d07d 4a0bff2c7c6048e5973f9ba5e435fbab db8f51293ffc4c248505a4d2543a4291 - - default default] 10.0.0.56 "POST /v2.0/security-groups HTTP/1.1" status: 201 len: 1797 time: 0.2460892
2026-06-27 10:07:13.902 10 INFO neutron.wsgi [-] 10.0.0.214 "GET / HTTP/1.1" status: 200 len: 246 time: 0.0013757
2026-06-27 10:07:13.904 10 INFO neutron.wsgi [-] 10.0.0.214 "GET / HTTP/1.1" status: 200 len: 246 time: 0.0009935
2026-06-27 10:07:14.015 9 INFO neutron.wsgi [None req-e4b2e657-6c93-4184-bad4-0fe5e29563cd d7084b42becf4b599e8970dfec32f5a2 29cf855aa6fd4a9f9704eaa2a21cf674 - - default default] 10.0.0.56 "DELETE /v2.0/subnets/e1c7464b-75cd-42d7-acec-0fbfe166ac25 HTTP/1.1" status: 204 len: 168 time: 0.3731823
2026-06-27 10:07:14.037 10 INFO neutron.db.ovn_revision_numbers_db [None req-c21024bf-11b9-4868-ac55-4d96557d7af6 4a0bff2c7c6048e5973f9ba5e435fbab db8f51293ffc4c248505a4d2543a4291 - - default default] Successfully bumped revision number for resource db45e2d3-c2a7-4a6e-b85f-fa10e21d5710 (type: security_group_rules) to 0
2026-06-27 10:07:14.078 10 INFO neutron.wsgi [None req-c21024bf-11b9-4868-ac55-4d96557d7af6 4a0bff2c7c6048e5973f9ba5e435fbab db8f51293ffc4c248505a4d2543a4291 - - default default] 10.0.0.56 "POST /v2.0/security-group-rules HTTP/1.1" status: 201 len: 764 time: 0.3716123
2026-06-27 10:07:14.235 10 INFO neutron.wsgi [None req-0635550e-b057-4a7d-91f8-655c0bebc58b d7084b42becf4b599e8970dfec32f5a2 29cf855aa6fd4a9f9704eaa2a21cf674 - - default default] 10.0.0.56 "PUT /v2.0/routers/b9c88834-b80d-4a56-9a47-8f68c9832b55/remove_router_interface HTTP/1.1" status: 200 len: 503 time: 1.3027334 /var/lib/openstack/lib/python3.10/site-packages/pycadf/identifier.py:71: UserWarning: Invalid uuid: neutron. To ensure interoperability, identifiers should be a valid uuid. warnings.warn(('Invalid uuid: %s. To ensure interoperability, '
2026-06-27 10:07:14.265 9 INFO neutron.db.ovn_revision_numbers_db [None req-2c3bdfb9-6b4f-4bd9-8ec4-d7e9f5872700 4a0bff2c7c6048e5973f9ba5e435fbab db8f51293ffc4c248505a4d2543a4291 - - default default] Successfully bumped revision number for resource cf789d2b-6597-4622-9b44-3084ba61d77f (type: security_group_rules) to 0
2026-06-27 10:07:14.298 9 INFO neutron.wsgi [None req-2c3bdfb9-6b4f-4bd9-8ec4-d7e9f5872700 4a0bff2c7c6048e5973f9ba5e435fbab db8f51293ffc4c248505a4d2543a4291 - - default default] 10.0.0.56 "POST /v2.0/security-group-rules HTTP/1.1" status: 201 len: 769 time: 0.2086267
2026-06-27 10:07:14.390 9 WARNING neutron.plugins.ml2.drivers.ovn.mech_driver.ovsdb.ovn_client [None req-52e93dfb-9160-4bd6-86b2-6619b950589b - - - - - -] No port found with ID 66333955-d8ec-4f54-8009-49deec3ad5ba: RuntimeError: No port found with ID 66333955-d8ec-4f54-8009-49deec3ad5ba
2026-06-27 10:07:14.390 9 INFO neutron.plugins.ml2.drivers.ovn.mech_driver.mech_driver [None req-52e93dfb-9160-4bd6-86b2-6619b950589b - - - - - -] OVN reports status up for port: 0e219370-2200-4eb9-91a2-66f3fe1b4cee
2026-06-27 10:07:14.431 9 INFO neutron.plugins.ml2.plugin [None req-52e93dfb-9160-4bd6-86b2-6619b950589b - - - - - -] Attempt 1 to provision port 0e219370-2200-4eb9-91a2-66f3fe1b4cee
2026-06-27 10:07:14.552 9 INFO neutron.wsgi [None req-d1db80f4-192d-463b-8a65-196774c5416e d7084b42becf4b599e8970dfec32f5a2 29cf855aa6fd4a9f9704eaa2a21cf674 - - default default] 10.0.0.56 "DELETE /v2.0/networks/fb2d25c3-6087-40c4-a9b0-1ff8615090be HTTP/1.1" status: 204 len: 168 time: 0.5267601
2026-06-27 10:07:14.832 9 INFO neutron.wsgi [None req-1e820673-0469-409e-97ee-6c099d6f1683 d7084b42becf4b599e8970dfec32f5a2 29cf855aa6fd4a9f9704eaa2a21cf674 - - default default] 10.0.0.56 "GET /v2.0/security-groups?tenant_id=d70a3238a5f444598fd34f322b695890&name=default HTTP/1.1" status: 200 len: 2992 time: 0.0385861
2026-06-27 10:07:14.848 10 WARNING neutron.scheduler.dhcp_agent_scheduler [None req-a9796549-d6aa-4840-b425-7756af3267ba 4a0bff2c7c6048e5973f9ba5e435fbab db8f51293ffc4c248505a4d2543a4291 - - default default] No more DHCP agents
2026-06-27 10:07:14.853 10 WARNING neutron.api.rpc.agentnotifiers.dhcp_rpc_agent_api [None req-a9796549-d6aa-4840-b425-7756af3267ba 4a0bff2c7c6048e5973f9ba5e435fbab db8f51293ffc4c248505a4d2543a4291 - - default default] Unable to schedule network 1ddad0f5-ab54-474a-af7f-1e97fdf84420: no agents available; will retry on subsequent port and subnet creation events.
2026-06-27 10:07:15.104 9 INFO neutron.wsgi [None req-465866bd-a0f8-413a-93c5-3d5a97611be8 d7084b42becf4b599e8970dfec32f5a2 29cf855aa6fd4a9f9704eaa2a21cf674 - - default default] 10.0.0.56 "DELETE /v2.0/security-groups/d7c88a62-7cb5-4d5d-ab70-4ab952cd11bd HTTP/1.1" status: 204 len: 168 time: 0.2660253
2026-06-27 10:07:15.110 9 INFO neutron.services.segments.plugin [-] Segment dbfceaa6-e62d-4a8e-afff-ee207f4d82a2 resource provider aggregate not found
2026-06-27 10:07:15.128 9 INFO neutron.services.segments.plugin [-] Segment dbfceaa6-e62d-4a8e-afff-ee207f4d82a2 resource provider not found; error: Placement Client Error (4xx): {"errors": [{"status": 404, "title": "Not Found", "detail": "The resource could not be found.\n\n No resource provider with uuid dbfceaa6-e62d-4a8e-afff-ee207f4d82a2 found for delete ", "request_id": "req-75c0b06f-7d32-44a9-afbc-482cb361b280"}]}
2026-06-27 10:07:15.149 9 INFO neutron.services.segments.plugin [-] Segment dbfceaa6-e62d-4a8e-afff-ee207f4d82a2 resource provider aggregate not found
