2026-06-27 10:07:15.173 9 INFO neutron.services.segments.plugin [-] Segment dbfceaa6-e62d-4a8e-afff-ee207f4d82a2 resource provider not found; error: Placement Client Error (4xx): {"errors": [{"status": 404, "title": "Not Found", "detail": "The resource could not be found.\n\n No resource provider with uuid dbfceaa6-e62d-4a8e-afff-ee207f4d82a2 found for delete ", "request_id": "req-c06f19a2-5e9d-482b-863f-71286020887d"}]}
2026-06-27 10:07:15.395 10 INFO neutron.wsgi [None req-bb18f1af-3cfb-4b71-830d-73aff8eef1ee d7084b42becf4b599e8970dfec32f5a2 29cf855aa6fd4a9f9704eaa2a21cf674 - - default default] 10.0.0.56 "DELETE /v2.0/routers/b9c88834-b80d-4a56-9a47-8f68c9832b55 HTTP/1.1" status: 204 len: 168 time: 1.1529508
2026-06-27 10:07:15.453 10 INFO neutron.db.ovn_revision_numbers_db [None req-a9796549-d6aa-4840-b425-7756af3267ba 4a0bff2c7c6048e5973f9ba5e435fbab db8f51293ffc4c248505a4d2543a4291 - - default default] Successfully bumped revision number for resource 18994296-4a0b-45ef-b98d-80e701b11102 (type: floatingips) to 0
2026-06-27 10:07:15.469 10 INFO neutron.wsgi [None req-a9796549-d6aa-4840-b425-7756af3267ba 4a0bff2c7c6048e5973f9ba5e435fbab db8f51293ffc4c248505a4d2543a4291 - - default default] 10.0.0.56 "POST /v2.0/floatingips HTTP/1.1" status: 201 len: 751 time: 1.1635087
2026-06-27 10:07:15.620 9 INFO neutron.wsgi [None req-bc1fbf99-bbab-45c6-b9cb-5e6b24b698f2 d7084b42becf4b599e8970dfec32f5a2 29cf855aa6fd4a9f9704eaa2a21cf674 - - default default] 10.0.0.56 "DELETE /v2.0/subnets/083ea22c-a80c-4343-9767-6d2b5ec74faf HTTP/1.1" status: 204 len: 168 time: 0.2116833
2026-06-27 10:07:16.001 9 INFO neutron.wsgi [None req-69af4086-7cf1-4e61-9ea4-c841c3a6ac53 d7084b42becf4b599e8970dfec32f5a2 29cf855aa6fd4a9f9704eaa2a21cf674 - - default default] 10.0.0.56 "DELETE /v2.0/networks/8fcf2f06-3f25-40c6-84b0-eaf2032898e9 HTTP/1.1" status: 204 len: 168 time: 0.3728800
2026-06-27 10:07:16.016 9 INFO neutron.wsgi [req-e0a79377-917a-45f1-8bbc-032409412338 req-288adfd9-87e4-41a9-b177-abf6d2c1830c 4a0bff2c7c6048e5973f9ba5e435fbab db8f51293ffc4c248505a4d2543a4291 - - default default] 10.0.0.87 "GET /v2.0/security-groups?name=tempest-securitygroup--1120445289&fields=id&tenant_id=db8f51293ffc4c248505a4d2543a4291 HTTP/1.1" status: 200 len: 267 time: 0.0532553
2026-06-27 10:07:16.074 10 WARNING neutron.plugins.ml2.drivers.ovn.mech_driver.ovsdb.ovn_client [None req-eee4468b-8da6-4f02-957f-82083b5051aa - - - - - -] No port found with ID a8815dba-d440-4db4-8594-2d273ba385d1: RuntimeError: No port found with ID a8815dba-d440-4db4-8594-2d273ba385d1
2026-06-27 10:07:16.075 10 INFO neutron.plugins.ml2.drivers.ovn.mech_driver.mech_driver [None req-eee4468b-8da6-4f02-957f-82083b5051aa - - - - - -] OVN reports status up for port: 9c08406f-6dd2-4849-bf20-a7fdeeee3656
2026-06-27 10:07:16.081 10 INFO neutron.plugins.ml2.plugin [None req-eee4468b-8da6-4f02-957f-82083b5051aa - - - - - -] Attempt 1 to provision port 9c08406f-6dd2-4849-bf20-a7fdeeee3656
2026-06-27 10:07:16.121 9 INFO neutron.wsgi [req-e0a79377-917a-45f1-8bbc-032409412338 req-63220955-222f-46d5-b9cb-257c3390e77a 4a0bff2c7c6048e5973f9ba5e435fbab db8f51293ffc4c248505a4d2543a4291 - - default default] 10.0.0.87 "GET /v2.0/networks?id=6d5470ec-d9f3-4b44-94c2-89da50f2311f HTTP/1.1" status: 200 len: 883 time: 0.0974185
2026-06-27 10:07:16.140 9 INFO neutron.wsgi [req-e0a79377-917a-45f1-8bbc-032409412338 req-7b6d43ef-0d63-4a8d-aff8-b35f86cef101 4a0bff2c7c6048e5973f9ba5e435fbab db8f51293ffc4c248505a4d2543a4291 - - default default] 10.0.0.87 "GET /v2.0/quotas/db8f51293ffc4c248505a4d2543a4291 HTTP/1.1" status: 200 len: 386 time: 0.0118456
2026-06-27 10:07:16.250 9 INFO neutron.wsgi [None req-0fb50cdc-870b-4246-8f4c-1087847fbeb9 d7084b42becf4b599e8970dfec32f5a2 29cf855aa6fd4a9f9704eaa2a21cf674 - - default default] 10.0.0.56 "GET /v2.0/security-groups?tenant_id=b19feb729cbb4eb293504157aebda280&name=default HTTP/1.1" status: 200 len: 2992 time: 0.0534968
2026-06-27 10:07:16.264 9 INFO neutron.wsgi [req-e0a79377-917a-45f1-8bbc-032409412338 req-e99e3c44-5e9d-4b5b-8b3b-15a7afafc900 4a0bff2c7c6048e5973f9ba5e435fbab db8f51293ffc4c248505a4d2543a4291 - - default default] 10.0.0.87 "GET /v2.0/ports?tenant_id=db8f51293ffc4c248505a4d2543a4291&fields=id HTTP/1.1" status: 200 len: 302 time: 0.1189468
2026-06-27 10:07:16.421 10 INFO neutron.db.ovn_revision_numbers_db [None req-eee4468b-8da6-4f02-957f-82083b5051aa - - - - - -] Successfully bumped revision number for resource 9c08406f-6dd2-4849-bf20-a7fdeeee3656 (type: ports) to 2
2026-06-27 10:07:16.518 9 INFO neutron.wsgi [None req-86579b97-c2a8-4e4a-9798-f846934fbd24 d7084b42becf4b599e8970dfec32f5a2 29cf855aa6fd4a9f9704eaa2a21cf674 - - default default] 10.0.0.56 "DELETE /v2.0/security-groups/b5571a43-85f1-4cbb-b1aa-24dc1a6b06aa HTTP/1.1" status: 204 len: 168 time: 0.2626228
2026-06-27 10:07:16.614 10 INFO neutron.db.ovn_revision_numbers_db [None req-eee4468b-8da6-4f02-957f-82083b5051aa - - - - - -] Successfully bumped revision number for resource 9c08406f-6dd2-4849-bf20-a7fdeeee3656 (type: router_ports) to 2
2026-06-27 10:07:16.803 9 INFO neutron.wsgi [req-e0a79377-917a-45f1-8bbc-032409412338 req-3795e778-dfe8-49ba-8f22-df63f5147394 b06a8ef406b64a53b92cc7175f827a1d ee04220336ac416da3ce6298b8609a20 - - 37f3b442b15a4d2c802eb8f99e1e291c 37f3b442b15a4d2c802eb8f99e1e291c] 10.0.0.87 "GET /v2.0/extensions HTTP/1.1" status: 200 len: 16525 time: 0.1130099
2026-06-27 10:07:16.900 9 INFO neutron.wsgi [req-e0a79377-917a-45f1-8bbc-032409412338 req-727b2516-32b7-4be0-af14-fce71fee9c4d b06a8ef406b64a53b92cc7175f827a1d ee04220336ac416da3ce6298b8609a20 - - 37f3b442b15a4d2c802eb8f99e1e291c 37f3b442b15a4d2c802eb8f99e1e291c] 10.0.0.87 "GET /v2.0/networks/6d5470ec-d9f3-4b44-94c2-89da50f2311f?fields=segments HTTP/1.1" status: 200 len: 212 time: 0.0871139
2026-06-27 10:07:16.966 9 INFO neutron.wsgi [req-e0a79377-917a-45f1-8bbc-032409412338 req-229e4000-f859-4c0f-bd9b-76d80342ce84 b06a8ef406b64a53b92cc7175f827a1d ee04220336ac416da3ce6298b8609a20 - - 37f3b442b15a4d2c802eb8f99e1e291c 37f3b442b15a4d2c802eb8f99e1e291c] 10.0.0.87 "GET /v2.0/networks/6d5470ec-d9f3-4b44-94c2-89da50f2311f?fields=provider%3Aphysical_network&fields=provider%3Anetwork_type HTTP/1.1" status: 200 len: 277 time: 0.0586960
2026-06-27 10:07:17.153 9 INFO neutron.services.segments.plugin [-] Segment 541776ef-b484-4f92-8640-7a0fdce09ee4 resource provider aggregate not found
2026-06-27 10:07:17.207 9 INFO neutron.services.segments.plugin [-] Segment 541776ef-b484-4f92-8640-7a0fdce09ee4 resource provider not found; error: Placement Client Error (4xx): {"errors": [{"status": 404, "title": "Not Found", "detail": "The resource could not be found.\n\n No resource provider with uuid 541776ef-b484-4f92-8640-7a0fdce09ee4 found for delete ", "request_id": "req-1c858594-a356-47d3-a42d-930211c9389d"}]}
2026-06-27 10:07:17.216 10 INFO neutron.wsgi [req-513dc27d-0824-41a4-9bf0-18602cdd620e req-66a59665-4587-4446-ad92-91c292b0a8b1 4a0bff2c7c6048e5973f9ba5e435fbab db8f51293ffc4c248505a4d2543a4291 - - default default] 10.0.0.87 "GET /v2.0/ports?device_id=71e71fd8-58d2-4f75-8b6a-6f287ca10d63 HTTP/1.1" status: 200 len: 210 time: 0.0514114
2026-06-27 10:07:17.218 9 INFO neutron.services.segments.plugin [-] Segment 541776ef-b484-4f92-8640-7a0fdce09ee4 resource provider aggregate not found
2026-06-27 10:07:17.235 9 INFO neutron.services.segments.plugin [-] Segment 541776ef-b484-4f92-8640-7a0fdce09ee4 resource provider not found; error: Placement Client Error (4xx): {"errors": [{"status": 404, "title": "Not Found", "detail": "The resource could not be found.\n\n No resource provider with uuid 541776ef-b484-4f92-8640-7a0fdce09ee4 found for delete ", "request_id": "req-070552d5-17eb-49f5-8c03-8095d8eaa45f"}]}
2026-06-27 10:07:17.667 9 INFO neutron.db.ovn_revision_numbers_db [None req-ac7c30c8-8de4-4d5b-a7be-64949b1751ad d7084b42becf4b599e8970dfec32f5a2 29cf855aa6fd4a9f9704eaa2a21cf674 - - default default] Successfully bumped revision number for resource 5e6542e2-5a3b-4802-abbb-6639c3021aad (type: security_groups) to 1
2026-06-27 10:07:17.682 9 INFO neutron.db.ovn_revision_numbers_db [None req-ac7c30c8-8de4-4d5b-a7be-64949b1751ad d7084b42becf4b599e8970dfec32f5a2 29cf855aa6fd4a9f9704eaa2a21cf674 - - default default] Successfully bumped revision number for resource 26f85bd4-ac87-4ef7-b04c-00f918130877 (type: security_group_rules) to 0
2026-06-27 10:07:17.695 9 INFO neutron.db.ovn_revision_numbers_db [None req-ac7c30c8-8de4-4d5b-a7be-64949b1751ad d7084b42becf4b599e8970dfec32f5a2 29cf855aa6fd4a9f9704eaa2a21cf674 - - default default] Successfully bumped revision number for resource 5efa6ac7-d40a-4b74-88ce-fa9d044dc320 (type: security_group_rules) to 0
2026-06-27 10:07:17.709 9 INFO neutron.db.ovn_revision_numbers_db [None req-ac7c30c8-8de4-4d5b-a7be-64949b1751ad d7084b42becf4b599e8970dfec32f5a2 29cf855aa6fd4a9f9704eaa2a21cf674 - - default default] Successfully bumped revision number for resource b43eb049-0f8e-4931-b600-5f99d34466ee (type: security_group_rules) to 0
2026-06-27 10:07:17.722 9 INFO neutron.db.ovn_revision_numbers_db [None req-ac7c30c8-8de4-4d5b-a7be-64949b1751ad d7084b42becf4b599e8970dfec32f5a2 29cf855aa6fd4a9f9704eaa2a21cf674 - - default default] Successfully bumped revision number for resource c119dc0d-5ea5-4c82-b634-43c04f64bc16 (type: security_group_rules) to 0
2026-06-27 10:07:17.777 9 INFO neutron.db.segments_db [None req-ac7c30c8-8de4-4d5b-a7be-64949b1751ad d7084b42becf4b599e8970dfec32f5a2 29cf855aa6fd4a9f9704eaa2a21cf674 - - default default] Added segment 9cdc85a7-0dbf-4a3d-9609-9461d0c98fcc of type geneve for network d2d0186f-1aa5-47cc-8f36-02f790fd74c0
2026-06-27 10:07:17.939 9 INFO neutron.db.ovn_revision_numbers_db [None req-ac7c30c8-8de4-4d5b-a7be-64949b1751ad d7084b42becf4b599e8970dfec32f5a2 29cf855aa6fd4a9f9704eaa2a21cf674 - - default default] Successfully bumped revision number for resource d2d0186f-1aa5-47cc-8f36-02f790fd74c0 (type: networks) to 1
2026-06-27 10:07:18.141 9 WARNING neutron.scheduler.dhcp_agent_scheduler [None req-ac7c30c8-8de4-4d5b-a7be-64949b1751ad d7084b42becf4b599e8970dfec32f5a2 29cf855aa6fd4a9f9704eaa2a21cf674 - - default default] No more DHCP agents
2026-06-27 10:07:18.146 9 WARNING neutron.api.rpc.agentnotifiers.dhcp_rpc_agent_api [None req-ac7c30c8-8de4-4d5b-a7be-64949b1751ad d7084b42becf4b599e8970dfec32f5a2 29cf855aa6fd4a9f9704eaa2a21cf674 - - default default] Unable to schedule network d2d0186f-1aa5-47cc-8f36-02f790fd74c0: no agents available; will retry on subsequent port and subnet creation events.
2026-06-27 10:07:18.229 9 INFO neutron.db.ovn_revision_numbers_db [None req-ac7c30c8-8de4-4d5b-a7be-64949b1751ad d7084b42becf4b599e8970dfec32f5a2 29cf855aa6fd4a9f9704eaa2a21cf674 - - default default] Successfully bumped revision number for resource 6bb036ba-3998-43c8-91d9-a581815d9263 (type: ports) to 1
2026-06-27 10:07:18.253 9 INFO neutron.wsgi [None req-ac7c30c8-8de4-4d5b-a7be-64949b1751ad d7084b42becf4b599e8970dfec32f5a2 29cf855aa6fd4a9f9704eaa2a21cf674 - - default default] 10.0.0.56 "POST /v2.0/networks HTTP/1.1" status: 201 len: 946 time: 0.9542294
2026-06-27 10:07:18.568 9 WARNING neutron.scheduler.dhcp_agent_scheduler [None req-0c705062-5432-4913-ad21-84a861b38cb6 d7084b42becf4b599e8970dfec32f5a2 29cf855aa6fd4a9f9704eaa2a21cf674 - - default default] No more DHCP agents
2026-06-27 10:07:18.572 9 WARNING neutron.api.rpc.agentnotifiers.dhcp_rpc_agent_api [None req-0c705062-5432-4913-ad21-84a861b38cb6 d7084b42becf4b599e8970dfec32f5a2 29cf855aa6fd4a9f9704eaa2a21cf674 - - default default] Unable to schedule network d2d0186f-1aa5-47cc-8f36-02f790fd74c0: no agents available; will retry on subsequent port and subnet creation events.
2026-06-27 10:07:18.576 10 INFO neutron.db.ovn_revision_numbers_db [None req-4ff11977-df27-4a13-bfab-0bb66e70c379 d7084b42becf4b599e8970dfec32f5a2 29cf855aa6fd4a9f9704eaa2a21cf674 - - default default] Successfully bumped revision number for resource 8e54537d-c7e3-48ce-a494-e5a80e0f8c2b (type: security_groups) to 1
2026-06-27 10:07:18.605 10 INFO neutron.db.ovn_revision_numbers_db [None req-4ff11977-df27-4a13-bfab-0bb66e70c379 d7084b42becf4b599e8970dfec32f5a2 29cf855aa6fd4a9f9704eaa2a21cf674 - - default default] Successfully bumped revision number for resource a53b5f21-6bb9-4dcf-9ff6-0432ed895839 (type: security_group_rules) to 0
2026-06-27 10:07:18.608 9 INFO neutron.wsgi [req-76c1aeb0-9f0f-4479-8f5a-083e54ee33d2 req-b1317491-edc5-47a9-be0d-8cf9f7762412 4a0bff2c7c6048e5973f9ba5e435fbab db8f51293ffc4c248505a4d2543a4291 - - default default] 10.0.0.87 "GET /v2.0/ports?device_id=71e71fd8-58d2-4f75-8b6a-6f287ca10d63 HTTP/1.1" status: 200 len: 210 time: 0.0347672
2026-06-27 10:07:18.637 10 INFO neutron.db.ovn_revision_numbers_db [None req-4ff11977-df27-4a13-bfab-0bb66e70c379 d7084b42becf4b599e8970dfec32f5a2 29cf855aa6fd4a9f9704eaa2a21cf674 - - default default] Successfully bumped revision number for resource ae39d0e6-e370-4f98-b3c6-3195ffabcff7 (type: security_group_rules) to 0
2026-06-27 10:07:18.659 10 INFO neutron.db.ovn_revision_numbers_db [None req-4ff11977-df27-4a13-bfab-0bb66e70c379 d7084b42becf4b599e8970dfec32f5a2 29cf855aa6fd4a9f9704eaa2a21cf674 - - default default] Successfully bumped revision number for resource b20da181-85f0-4d76-a5e2-31f0b947df5b (type: security_group_rules) to 0
2026-06-27 10:07:18.677 10 INFO neutron.db.ovn_revision_numbers_db [None req-4ff11977-df27-4a13-bfab-0bb66e70c379 d7084b42becf4b599e8970dfec32f5a2 29cf855aa6fd4a9f9704eaa2a21cf674 - - default default] Successfully bumped revision number for resource fc09e357-2ea4-467e-be6c-e121dc9f84a3 (type: security_group_rules) to 0
2026-06-27 10:07:18.711 10 INFO neutron.wsgi [None req-4ff11977-df27-4a13-bfab-0bb66e70c379 d7084b42becf4b599e8970dfec32f5a2 29cf855aa6fd4a9f9704eaa2a21cf674 - - default default] 10.0.0.56 "GET /v2.0/security-groups?tenant_id=0231862968fc457094abe7cc61b91235&name=default HTTP/1.1" status: 200 len: 2996 time: 0.6027818
2026-06-27 10:07:18.729 10 INFO neutron.db.ovn_revision_numbers_db [None req-913d2103-846e-4955-ae80-3f6ed87da044 d7084b42becf4b599e8970dfec32f5a2 29cf855aa6fd4a9f9704eaa2a21cf674 - - default default] Successfully bumped revision number for resource 18c128c0-2da0-499e-b688-653d30acdbad (type: security_groups) to 1
2026-06-27 10:07:18.748 10 INFO neutron.db.ovn_revision_numbers_db [None req-913d2103-846e-4955-ae80-3f6ed87da044 d7084b42becf4b599e8970dfec32f5a2 29cf855aa6fd4a9f9704eaa2a21cf674 - - default default] Successfully bumped revision number for resource 395a03e9-6c3d-41a4-b228-f471c35088e3 (type: security_group_rules) to 0
2026-06-27 10:07:18.766 10 INFO neutron.db.ovn_revision_numbers_db [None req-913d2103-846e-4955-ae80-3f6ed87da044 d7084b42becf4b599e8970dfec32f5a2 29cf855aa6fd4a9f9704eaa2a21cf674 - - default default] Successfully bumped revision number for resource 59560175-e409-4aeb-98c7-e7c9c3ab2339 (type: security_group_rules) to 0
2026-06-27 10:07:18.786 10 INFO neutron.db.ovn_revision_numbers_db [None req-913d2103-846e-4955-ae80-3f6ed87da044 d7084b42becf4b599e8970dfec32f5a2 29cf855aa6fd4a9f9704eaa2a21cf674 - - default default] Successfully bumped revision number for resource b504984c-6dfa-489c-b81c-8f4c32df7e72 (type: security_group_rules) to 0
2026-06-27 10:07:18.804 10 INFO neutron.db.ovn_revision_numbers_db [None req-913d2103-846e-4955-ae80-3f6ed87da044 d7084b42becf4b599e8970dfec32f5a2 29cf855aa6fd4a9f9704eaa2a21cf674 - - default default] Successfully bumped revision number for resource d1eb4b67-4582-403a-a850-3751d989de2a (type: security_group_rules) to 0
2026-06-27 10:07:18.863 10 INFO neutron.db.segments_db [None req-913d2103-846e-4955-ae80-3f6ed87da044 d7084b42becf4b599e8970dfec32f5a2 29cf855aa6fd4a9f9704eaa2a21cf674 - - default default] Added segment 47fb8fd5-4efd-40ed-901e-c80f2662ba2d of type geneve for network e477ee1d-0fbc-4d85-93b6-d9f37cd3c7f4
2026-06-27 10:07:19.049 10 INFO neutron.wsgi [req-e0a79377-917a-45f1-8bbc-032409412338 req-a09c2692-c6d6-4f6e-a43c-e138bb897161 4a0bff2c7c6048e5973f9ba5e435fbab db8f51293ffc4c248505a4d2543a4291 - - default default] 199.204.45.57 "GET /v2.0/networks?id=6d5470ec-d9f3-4b44-94c2-89da50f2311f HTTP/1.1" status: 200 len: 883 time: 0.2032719
2026-06-27 10:07:19.087 10 INFO neutron.wsgi [None req-29136e68-897b-4eed-a7e9-cfb711721f33 d7084b42becf4b599e8970dfec32f5a2 29cf855aa6fd4a9f9704eaa2a21cf674 - - default default] 10.0.0.56 "DELETE /v2.0/security-groups/8e54537d-c7e3-48ce-a494-e5a80e0f8c2b HTTP/1.1" status: 204 len: 168 time: 0.3687508
2026-06-27 10:07:19.103 9 INFO neutron.db.ovn_revision_numbers_db [None req-0c705062-5432-4913-ad21-84a861b38cb6 d7084b42becf4b599e8970dfec32f5a2 29cf855aa6fd4a9f9704eaa2a21cf674 - - default default] Successfully bumped revision number for resource 6bb036ba-3998-43c8-91d9-a581815d9263 (type: ports) to 2
2026-06-27 10:07:19.140 9 INFO neutron.db.ovn_revision_numbers_db [None req-0c705062-5432-4913-ad21-84a861b38cb6 d7084b42becf4b599e8970dfec32f5a2 29cf855aa6fd4a9f9704eaa2a21cf674 - - default default] Successfully bumped revision number for resource a8974759-4f05-4695-bf18-90f7a72b1e9b (type: subnets) to 0
2026-06-27 10:07:19.150 10 INFO neutron.db.ovn_revision_numbers_db [None req-913d2103-846e-4955-ae80-3f6ed87da044 d7084b42becf4b599e8970dfec32f5a2 29cf855aa6fd4a9f9704eaa2a21cf674 - - default default] Successfully bumped revision number for resource e477ee1d-0fbc-4d85-93b6-d9f37cd3c7f4 (type: networks) to 1
2026-06-27 10:07:19.158 9 INFO neutron.wsgi [None req-0c705062-5432-4913-ad21-84a861b38cb6 d7084b42becf4b599e8970dfec32f5a2 29cf855aa6fd4a9f9704eaa2a21cf674 - - default default] 10.0.0.56 "POST /v2.0/subnets HTTP/1.1" status: 201 len: 867 time: 0.8947785
2026-06-27 10:07:19.168 10 INFO neutron.wsgi [req-e0a79377-917a-45f1-8bbc-032409412338 req-c3daef86-089a-448f-b84e-7ff776461083 4a0bff2c7c6048e5973f9ba5e435fbab db8f51293ffc4c248505a4d2543a4291 - - default default] 199.204.45.57 "GET /v2.0/security-groups?fields=id&fields=name&tenant_id=db8f51293ffc4c248505a4d2543a4291 HTTP/1.1" status: 200 len: 380 time: 0.0859647
2026-06-27 10:07:19.345 9 INFO neutron.db.ovn_revision_numbers_db [None req-2b408435-8124-4757-b979-2a1ae603b0b1 d7084b42becf4b599e8970dfec32f5a2 29cf855aa6fd4a9f9704eaa2a21cf674 - - default default] Successfully bumped revision number for resource 509304e0-5be5-4623-9da7-1a254d8bbd1d (type: security_groups) to 1
2026-06-27 10:07:19.362 9 INFO neutron.db.ovn_revision_numbers_db [None req-2b408435-8124-4757-b979-2a1ae603b0b1 d7084b42becf4b599e8970dfec32f5a2 29cf855aa6fd4a9f9704eaa2a21cf674 - - default default] Successfully bumped revision number for resource 0abb0fea-ee09-4ee0-83ee-2b13ce1379f2 (type: security_group_rules) to 0
2026-06-27 10:07:19.384 9 INFO neutron.db.ovn_revision_numbers_db [None req-2b408435-8124-4757-b979-2a1ae603b0b1 d7084b42becf4b599e8970dfec32f5a2 29cf855aa6fd4a9f9704eaa2a21cf674 - - default default] Successfully bumped revision number for resource 3b92eabc-e30e-4a87-bc61-f77dfa25e073 (type: security_group_rules) to 0
2026-06-27 10:07:19.406 9 INFO neutron.db.ovn_revision_numbers_db [None req-2b408435-8124-4757-b979-2a1ae603b0b1 d7084b42becf4b599e8970dfec32f5a2 29cf855aa6fd4a9f9704eaa2a21cf674 - - default default] Successfully bumped revision number for resource 8a59c3b4-bd3a-41a8-8817-69dec517caff (type: security_group_rules) to 0
2026-06-27 10:07:19.437 9 INFO neutron.db.ovn_revision_numbers_db [None req-2b408435-8124-4757-b979-2a1ae603b0b1 d7084b42becf4b599e8970dfec32f5a2 29cf855aa6fd4a9f9704eaa2a21cf674 - - default default] Successfully bumped revision number for resource a8c89b73-2395-4fe7-8c3c-8b63244fee83 (type: security_group_rules) to 0
2026-06-27 10:07:19.483 9 INFO neutron.wsgi [None req-2b408435-8124-4757-b979-2a1ae603b0b1 d7084b42becf4b599e8970dfec32f5a2 29cf855aa6fd4a9f9704eaa2a21cf674 - - default default] 10.0.0.56 "GET /v2.0/security-groups?tenant_id=c7da1f8a6d6e416b86e0504157bbbe77&name=default HTTP/1.1" status: 200 len: 2996 time: 0.2668314
2026-06-27 10:07:19.783 9 INFO neutron.wsgi [None req-d2d800f5-2051-47e2-9766-80b59f8fdfa0 d7084b42becf4b599e8970dfec32f5a2 29cf855aa6fd4a9f9704eaa2a21cf674 - - default default] 10.0.0.56 "DELETE /v2.0/security-groups/509304e0-5be5-4623-9da7-1a254d8bbd1d HTTP/1.1" status: 204 len: 168 time: 0.2924716
2026-06-27 10:07:19.841 10 WARNING neutron.scheduler.dhcp_agent_scheduler [None req-913d2103-846e-4955-ae80-3f6ed87da044 d7084b42becf4b599e8970dfec32f5a2 29cf855aa6fd4a9f9704eaa2a21cf674 - - default default] No more DHCP agents
2026-06-27 10:07:19.853 10 WARNING neutron.api.rpc.agentnotifiers.dhcp_rpc_agent_api [None req-913d2103-846e-4955-ae80-3f6ed87da044 d7084b42becf4b599e8970dfec32f5a2 29cf855aa6fd4a9f9704eaa2a21cf674 - - default default] Unable to schedule network e477ee1d-0fbc-4d85-93b6-d9f37cd3c7f4: no agents available; will retry on subsequent port and subnet creation events.
2026-06-27 10:07:19.890 10 INFO neutron.wsgi [req-a5eab085-4598-428f-be77-dca0a423a443 req-5b49767e-5fe8-4f4d-b36d-0d6d7823cab5 4a0bff2c7c6048e5973f9ba5e435fbab db8f51293ffc4c248505a4d2543a4291 - - default default] 10.0.0.87 "GET /v2.0/ports?device_id=71e71fd8-58d2-4f75-8b6a-6f287ca10d63 HTTP/1.1" status: 200 len: 210 time: 0.0423648
2026-06-27 10:07:20.073 10 INFO neutron.db.ovn_revision_numbers_db [None req-913d2103-846e-4955-ae80-3f6ed87da044 d7084b42becf4b599e8970dfec32f5a2 29cf855aa6fd4a9f9704eaa2a21cf674 - - default default] Successfully bumped revision number for resource 78f1afeb-cef3-44c1-963c-2c2806005165 (type: ports) to 1
2026-06-27 10:07:20.128 10 INFO neutron.wsgi [None req-913d2103-846e-4955-ae80-3f6ed87da044 d7084b42becf4b599e8970dfec32f5a2 29cf855aa6fd4a9f9704eaa2a21cf674 - - default default] 10.0.0.56 "POST /v2.0/networks HTTP/1.1" status: 201 len: 950 time: 1.6749697
2026-06-27 10:07:20.187 10 WARNING neutron.scheduler.dhcp_agent_scheduler [req-e0a79377-917a-45f1-8bbc-032409412338 req-5177c1ab-7e4c-439d-861f-7bbb40ba1895 4a0bff2c7c6048e5973f9ba5e435fbab db8f51293ffc4c248505a4d2543a4291 - - default default] No more DHCP agents
2026-06-27 10:07:20.197 10 WARNING neutron.api.rpc.agentnotifiers.dhcp_rpc_agent_api [req-e0a79377-917a-45f1-8bbc-032409412338 req-5177c1ab-7e4c-439d-861f-7bbb40ba1895 4a0bff2c7c6048e5973f9ba5e435fbab db8f51293ffc4c248505a4d2543a4291 - - default default] Unable to schedule network 6d5470ec-d9f3-4b44-94c2-89da50f2311f: no agents available; will retry on subsequent port and subnet creation events.
2026-06-27 10:07:20.294 9 WARNING neutron.scheduler.dhcp_agent_scheduler [None req-6b7dc8a4-20b2-42ea-88d8-dfec6dca2f7f d7084b42becf4b599e8970dfec32f5a2 29cf855aa6fd4a9f9704eaa2a21cf674 - - default default] No more DHCP agents
2026-06-27 10:07:20.295 9 WARNING neutron.api.rpc.agentnotifiers.dhcp_rpc_agent_api [None req-6b7dc8a4-20b2-42ea-88d8-dfec6dca2f7f d7084b42becf4b599e8970dfec32f5a2 29cf855aa6fd4a9f9704eaa2a21cf674 - - default default] Unable to schedule network e477ee1d-0fbc-4d85-93b6-d9f37cd3c7f4: no agents available; will retry on subsequent port and subnet creation events.
2026-06-27 10:07:20.327 10 WARNING neutron.scheduler.dhcp_agent_scheduler [None req-64a840cf-2257-4320-b4db-c7d3a841eb9e d7084b42becf4b599e8970dfec32f5a2 29cf855aa6fd4a9f9704eaa2a21cf674 - - default default] No more DHCP agents
2026-06-27 10:07:20.331 10 WARNING neutron.api.rpc.agentnotifiers.dhcp_rpc_agent_api [None req-64a840cf-2257-4320-b4db-c7d3a841eb9e d7084b42becf4b599e8970dfec32f5a2 29cf855aa6fd4a9f9704eaa2a21cf674 - - default default] Unable to schedule network 1ddad0f5-ab54-474a-af7f-1e97fdf84420: no agents available; will retry on subsequent port and subnet creation events.
2026-06-27 10:07:20.403 10 INFO neutron.db.ovn_revision_numbers_db [req-e0a79377-917a-45f1-8bbc-032409412338 req-5177c1ab-7e4c-439d-861f-7bbb40ba1895 4a0bff2c7c6048e5973f9ba5e435fbab db8f51293ffc4c248505a4d2543a4291 - - default default] Successfully bumped revision number for resource 633fd409-cde8-4a02-8ee0-74356cda2679 (type: ports) to 1
2026-06-27 10:07:20.451 10 INFO neutron.wsgi [req-e0a79377-917a-45f1-8bbc-032409412338 req-5177c1ab-7e4c-439d-861f-7bbb40ba1895 4a0bff2c7c6048e5973f9ba5e435fbab db8f51293ffc4c248505a4d2543a4291 - - default default] 199.204.45.57 "POST /v2.0/ports HTTP/1.1" status: 201 len: 1162 time: 1.2756605 /var/lib/openstack/lib/python3.10/site-packages/pycadf/identifier.py:71: UserWarning: Invalid uuid: neutron. To ensure interoperability, identifiers should be a valid uuid. warnings.warn(('Invalid uuid: %s. To ensure interoperability, '
2026-06-27 10:07:20.470 10 INFO neutron.wsgi [req-e0a79377-917a-45f1-8bbc-032409412338 req-8c0c4c9b-dd38-4b78-b297-b80b7ea8f41c 4a0bff2c7c6048e5973f9ba5e435fbab db8f51293ffc4c248505a4d2543a4291 - - default default] 199.204.45.57 "GET /v2.0/extensions HTTP/1.1" status: 200 len: 16525 time: 0.0096843
2026-06-27 10:07:20.562 10 INFO neutron.db.ovn_revision_numbers_db [None req-64a840cf-2257-4320-b4db-c7d3a841eb9e d7084b42becf4b599e8970dfec32f5a2 29cf855aa6fd4a9f9704eaa2a21cf674 - - default default] Successfully bumped revision number for resource 1294ea07-7c61-4ab9-9d50-34c4ed204a06 (type: ports) to 1
2026-06-27 10:07:20.788 9 INFO neutron.db.ovn_revision_numbers_db [None req-6b7dc8a4-20b2-42ea-88d8-dfec6dca2f7f d7084b42becf4b599e8970dfec32f5a2 29cf855aa6fd4a9f9704eaa2a21cf674 - - default default] Successfully bumped revision number for resource 78f1afeb-cef3-44c1-963c-2c2806005165 (type: ports) to 2
2026-06-27 10:07:20.827 9 INFO neutron.db.ovn_revision_numbers_db [None req-6b7dc8a4-20b2-42ea-88d8-dfec6dca2f7f d7084b42becf4b599e8970dfec32f5a2 29cf855aa6fd4a9f9704eaa2a21cf674 - - default default] Successfully bumped revision number for resource ce31c478-1c4c-4ba0-b153-df552ba3cce5 (type: subnets) to 0
2026-06-27 10:07:20.844 9 INFO neutron.wsgi [None req-6b7dc8a4-20b2-42ea-88d8-dfec6dca2f7f d7084b42becf4b599e8970dfec32f5a2 29cf855aa6fd4a9f9704eaa2a21cf674 - - default default] 10.0.0.56 "POST /v2.0/subnets HTTP/1.1" status: 201 len: 870 time: 0.7079389
2026-06-27 10:07:21.062 9 INFO neutron.wsgi [req-215d251d-0506-42b8-ae9e-ed4a4fd5c471 req-9a1a0cd1-6c78-4725-b91c-69f032480a6c 4a0bff2c7c6048e5973f9ba5e435fbab db8f51293ffc4c248505a4d2543a4291 - - default default] 10.0.0.87 "GET /v2.0/ports?device_id=71e71fd8-58d2-4f75-8b6a-6f287ca10d63 HTTP/1.1" status: 200 len: 1160 time: 0.0532384
2026-06-27 10:07:21.130 9 INFO neutron.wsgi [req-215d251d-0506-42b8-ae9e-ed4a4fd5c471 req-31cb1a71-9903-4b67-857f-c1b4a1e382d9 4a0bff2c7c6048e5973f9ba5e435fbab db8f51293ffc4c248505a4d2543a4291 - - default default] 10.0.0.87 "GET /v2.0/security-groups?id=7f36038c-0bc9-4aa1-8f69-9667e43f75dc&fields=id&fields=name HTTP/1.1" status: 200 len: 313 time: 0.0589044
2026-06-27 10:07:21.356 9 WARNING neutron.scheduler.dhcp_agent_scheduler [None req-13baa479-3f7b-4001-8042-f3d7b5abfa20 d7084b42becf4b599e8970dfec32f5a2 29cf855aa6fd4a9f9704eaa2a21cf674 - - default default] No more DHCP agents
2026-06-27 10:07:21.358 9 WARNING neutron.api.rpc.agentnotifiers.dhcp_rpc_agent_api [None req-13baa479-3f7b-4001-8042-f3d7b5abfa20 d7084b42becf4b599e8970dfec32f5a2 29cf855aa6fd4a9f9704eaa2a21cf674 - - default default] Unable to schedule network 1ddad0f5-ab54-474a-af7f-1e97fdf84420: no agents available; will retry on subsequent port and subnet creation events.
2026-06-27 10:07:21.528 9 INFO neutron.db.ovn_revision_numbers_db [None req-13baa479-3f7b-4001-8042-f3d7b5abfa20 d7084b42becf4b599e8970dfec32f5a2 29cf855aa6fd4a9f9704eaa2a21cf674 - - default default] Successfully bumped revision number for resource b3336d3d-9fcf-4fe6-b7d7-60c4280509bd (type: ports) to 1
2026-06-27 10:07:21.538 10 INFO neutron.plugins.ml2.drivers.ovn.mech_driver.ovsdb.ovsdb_monitor [None req-ba9670fc-3c1b-4778-9ada-fe3de6736427 - - - - - -] Router 64a39e65-9324-4d1b-bf15-7bde218561fa is bound to host instance
2026-06-27 10:07:21.590 10 INFO neutron.db.ovn_revision_numbers_db [None req-64a840cf-2257-4320-b4db-c7d3a841eb9e d7084b42becf4b599e8970dfec32f5a2 29cf855aa6fd4a9f9704eaa2a21cf674 - - default default] Successfully bumped revision number for resource 1294ea07-7c61-4ab9-9d50-34c4ed204a06 (type: router_ports) to 1
2026-06-27 10:07:21.616 10 WARNING neutron.plugins.ml2.drivers.ovn.mech_driver.ovsdb.ovn_client [None req-eee4468b-8da6-4f02-957f-82083b5051aa - - - - - -] No hosting information found for port 9c08406f-6dd2-4849-bf20-a7fdeeee3656: RuntimeError: No hosting information found for port 9c08406f-6dd2-4849-bf20-a7fdeeee3656
2026-06-27 10:07:21.616 10 INFO neutron.plugins.ml2.drivers.ovn.mech_driver.mech_driver [None req-eee4468b-8da6-4f02-957f-82083b5051aa - - - - - -] OVN reports status up for port: 1294ea07-7c61-4ab9-9d50-34c4ed204a06
2026-06-27 10:07:21.628 10 INFO neutron.db.ovn_revision_numbers_db [req-e0a79377-917a-45f1-8bbc-032409412338 req-a9e9874b-7ca5-4a6f-93f3-9b24e1263b16 b06a8ef406b64a53b92cc7175f827a1d ee04220336ac416da3ce6298b8609a20 - - 37f3b442b15a4d2c802eb8f99e1e291c 37f3b442b15a4d2c802eb8f99e1e291c] Successfully bumped revision number for resource 633fd409-cde8-4a02-8ee0-74356cda2679 (type: ports) to 2
2026-06-27 10:07:21.648 10 INFO neutron.plugins.ml2.plugin [None req-eee4468b-8da6-4f02-957f-82083b5051aa - - - - - -] Attempt 1 to provision port 1294ea07-7c61-4ab9-9d50-34c4ed204a06
2026-06-27 10:07:21.729 10 INFO neutron.db.ovn_revision_numbers_db [None req-64a840cf-2257-4320-b4db-c7d3a841eb9e d7084b42becf4b599e8970dfec32f5a2 29cf855aa6fd4a9f9704eaa2a21cf674 - - default default] Successfully bumped revision number for resource 64a39e65-9324-4d1b-bf15-7bde218561fa (type: routers) to 2
2026-06-27 10:07:21.762 10 INFO neutron.wsgi [None req-64a840cf-2257-4320-b4db-c7d3a841eb9e d7084b42becf4b599e8970dfec32f5a2 29cf855aa6fd4a9f9704eaa2a21cf674 - - default default] 10.0.0.56 "POST /v2.0/routers HTTP/1.1" status: 201 len: 878 time: 2.5928516 /var/lib/openstack/lib/python3.10/site-packages/pycadf/identifier.py:71: UserWarning: Invalid uuid: neutron. To ensure interoperability, identifiers should be a valid uuid. warnings.warn(('Invalid uuid: %s. To ensure interoperability, '
2026-06-27 10:07:22.194 9 INFO neutron.plugins.ml2.drivers.ovn.mech_driver.mech_driver [None req-52e93dfb-9160-4bd6-86b2-6619b950589b - - - - - -] OVN reports status up for port: b3336d3d-9fcf-4fe6-b7d7-60c4280509bd
2026-06-27 10:07:22.207 9 INFO neutron.plugins.ml2.plugin [None req-52e93dfb-9160-4bd6-86b2-6619b950589b - - - - - -] Attempt 1 to provision port b3336d3d-9fcf-4fe6-b7d7-60c4280509bd
2026-06-27 10:07:22.211 9 INFO neutron.plugins.ml2.drivers.ovn.mech_driver.ovsdb.ovsdb_monitor [None req-b0dbab2d-b106-4be2-a68d-39d748f0cca7 - - - - - -] Router 5ad63fac-3e24-410b-97c6-a6ed463259dc is bound to host instance /var/lib/openstack/lib/python3.10/site-packages/pycadf/identifier.py:71: UserWarning: Invalid uuid: neutron. To ensure interoperability, identifiers should be a valid uuid. warnings.warn(('Invalid uuid: %s. To ensure interoperability, '
2026-06-27 10:07:22.252 9 INFO neutron.db.ovn_revision_numbers_db [None req-13baa479-3f7b-4001-8042-f3d7b5abfa20 d7084b42becf4b599e8970dfec32f5a2 29cf855aa6fd4a9f9704eaa2a21cf674 - - default default] Successfully bumped revision number for resource b3336d3d-9fcf-4fe6-b7d7-60c4280509bd (type: router_ports) to 1
2026-06-27 10:07:22.313 10 INFO neutron.db.ovn_revision_numbers_db [req-e0a79377-917a-45f1-8bbc-032409412338 req-a9e9874b-7ca5-4a6f-93f3-9b24e1263b16 b06a8ef406b64a53b92cc7175f827a1d ee04220336ac416da3ce6298b8609a20 - - 37f3b442b15a4d2c802eb8f99e1e291c 37f3b442b15a4d2c802eb8f99e1e291c] Successfully bumped revision number for resource 633fd409-cde8-4a02-8ee0-74356cda2679 (type: ports) to 2
2026-06-27 10:07:22.354 9 INFO neutron.db.ovn_revision_numbers_db [None req-13baa479-3f7b-4001-8042-f3d7b5abfa20 d7084b42becf4b599e8970dfec32f5a2 29cf855aa6fd4a9f9704eaa2a21cf674 - - default default] Successfully bumped revision number for resource 5ad63fac-3e24-410b-97c6-a6ed463259dc (type: routers) to 2
2026-06-27 10:07:22.372 10 INFO neutron.wsgi [req-e0a79377-917a-45f1-8bbc-032409412338 req-a9e9874b-7ca5-4a6f-93f3-9b24e1263b16 b06a8ef406b64a53b92cc7175f827a1d ee04220336ac416da3ce6298b8609a20 - - 37f3b442b15a4d2c802eb8f99e1e291c 37f3b442b15a4d2c802eb8f99e1e291c] 199.204.45.57 "PUT /v2.0/ports/633fd409-cde8-4a02-8ee0-74356cda2679 HTTP/1.1" status: 200 len: 1380 time: 1.4617262
2026-06-27 10:07:22.377 9 INFO neutron.wsgi [None req-13baa479-3f7b-4001-8042-f3d7b5abfa20 d7084b42becf4b599e8970dfec32f5a2 29cf855aa6fd4a9f9704eaa2a21cf674 - - default default] 10.0.0.56 "POST /v2.0/routers HTTP/1.1" status: 201 len: 881 time: 1.5271807
2026-06-27 10:07:22.446 10 INFO neutron.wsgi [req-7cc14b37-133b-423b-90b2-6f901135e63e req-d8e924a4-a5aa-4cd7-b489-7ff70be661f2 4a0bff2c7c6048e5973f9ba5e435fbab db8f51293ffc4c248505a4d2543a4291 - - default default] 10.0.0.87 "GET /v2.0/ports?device_id=71e71fd8-58d2-4f75-8b6a-6f287ca10d63 HTTP/1.1" status: 200 len: 1172 time: 0.2181258
2026-06-27 10:07:22.525 10 INFO neutron.wsgi [req-e0a79377-917a-45f1-8bbc-032409412338 req-5174ab18-e7b0-48cf-8259-079dfcfec45a b06a8ef406b64a53b92cc7175f827a1d ee04220336ac416da3ce6298b8609a20 - - 37f3b442b15a4d2c802eb8f99e1e291c 37f3b442b15a4d2c802eb8f99e1e291c] 199.204.45.57 "GET /v2.0/ports?tenant_id=db8f51293ffc4c248505a4d2543a4291&device_id=71e71fd8-58d2-4f75-8b6a-6f287ca10d63 HTTP/1.1" status: 200 len: 1411 time: 0.0843019
2026-06-27 10:07:22.581 10 INFO neutron.wsgi [req-7cc14b37-133b-423b-90b2-6f901135e63e req-d3e497c3-5d25-460e-87d5-bc03946360b6 4a0bff2c7c6048e5973f9ba5e435fbab db8f51293ffc4c248505a4d2543a4291 - - default default] 10.0.0.87 "GET /v2.0/security-groups?id=7f36038c-0bc9-4aa1-8f69-9667e43f75dc&fields=id&fields=name HTTP/1.1" status: 200 len: 313 time: 0.1249146
2026-06-27 10:07:22.582 10 INFO neutron.wsgi [req-e0a79377-917a-45f1-8bbc-032409412338 req-a5d9f155-d40a-42fc-9d0c-719aa90945d6 b06a8ef406b64a53b92cc7175f827a1d ee04220336ac416da3ce6298b8609a20 - - 37f3b442b15a4d2c802eb8f99e1e291c 37f3b442b15a4d2c802eb8f99e1e291c] 199.204.45.57 "GET /v2.0/floatingips?fixed_ip_address=10.100.0.12&port_id=633fd409-cde8-4a02-8ee0-74356cda2679 HTTP/1.1" status: 200 len: 217 time: 0.0494797
2026-06-27 10:07:22.656 10 INFO neutron.wsgi [req-e0a79377-917a-45f1-8bbc-032409412338 req-c700cf77-c3a8-44ab-bdd8-fc2470a365b0 b06a8ef406b64a53b92cc7175f827a1d ee04220336ac416da3ce6298b8609a20 - - 37f3b442b15a4d2c802eb8f99e1e291c 37f3b442b15a4d2c802eb8f99e1e291c] 199.204.45.57 "GET /v2.0/subnets?id=3f74bbe7-6fa6-465e-a736-9377e9270955 HTTP/1.1" status: 200 len: 877 time: 0.0663400
2026-06-27 10:07:22.709 10 INFO neutron.wsgi [req-e0a79377-917a-45f1-8bbc-032409412338 req-16a07596-1ff9-481a-80f3-b32f31abb0c4 b06a8ef406b64a53b92cc7175f827a1d ee04220336ac416da3ce6298b8609a20 - - 37f3b442b15a4d2c802eb8f99e1e291c 37f3b442b15a4d2c802eb8f99e1e291c] 199.204.45.57 "GET /v2.0/ports?network_id=6d5470ec-d9f3-4b44-94c2-89da50f2311f&device_owner=network%3Adhcp HTTP/1.1" status: 200 len: 210 time: 0.0426791
2026-06-27 10:07:22.861 10 INFO neutron.wsgi [req-e0a79377-917a-45f1-8bbc-032409412338 req-cf23f99c-887d-4967-972a-7ee37559993b b06a8ef406b64a53b92cc7175f827a1d ee04220336ac416da3ce6298b8609a20 - - 37f3b442b15a4d2c802eb8f99e1e291c 37f3b442b15a4d2c802eb8f99e1e291c] 199.204.45.57 "GET /v2.0/networks/6d5470ec-d9f3-4b44-94c2-89da50f2311f?fields=segments HTTP/1.1" status: 200 len: 212 time: 0.1397791
2026-06-27 10:07:22.908 10 INFO neutron.db.ovn_revision_numbers_db [None req-ba9670fc-3c1b-4778-9ada-fe3de6736427 - - - - - -] Successfully bumped revision number for resource 1294ea07-7c61-4ab9-9d50-34c4ed204a06 (type: ports) to 1
2026-06-27 10:07:23.030 9 WARNING neutron.scheduler.dhcp_agent_scheduler [None req-f95f744c-e41d-4e9b-9109-be63c66dabe3 d7084b42becf4b599e8970dfec32f5a2 29cf855aa6fd4a9f9704eaa2a21cf674 - - default default] No more DHCP agents
2026-06-27 10:07:23.030 9 INFO neutron.db.ovn_revision_numbers_db [None req-b0dbab2d-b106-4be2-a68d-39d748f0cca7 - - - - - -] Successfully bumped revision number for resource b3336d3d-9fcf-4fe6-b7d7-60c4280509bd (type: ports) to 1
2026-06-27 10:07:23.031 9 WARNING neutron.api.rpc.agentnotifiers.dhcp_rpc_agent_api [None req-f95f744c-e41d-4e9b-9109-be63c66dabe3 d7084b42becf4b599e8970dfec32f5a2 29cf855aa6fd4a9f9704eaa2a21cf674 - - default default] Unable to schedule network e477ee1d-0fbc-4d85-93b6-d9f37cd3c7f4: no agents available; will retry on subsequent port and subnet creation events.
2026-06-27 10:07:23.084 10 INFO neutron.notifiers.nova [-] Nova event matching ['req-19ef494b-b0cc-4fe9-8f84-144fa500540b'] response: {'name': 'network-changed', 'server_uuid': '71e71fd8-58d2-4f75-8b6a-6f287ca10d63', 'tag': '633fd409-cde8-4a02-8ee0-74356cda2679', 'status': 'completed', 'code': 200}
2026-06-27 10:07:23.097 10 WARNING neutron.scheduler.dhcp_agent_scheduler [None req-dd32e49d-a8f5-4047-a838-f289da6cffd2 d7084b42becf4b599e8970dfec32f5a2 29cf855aa6fd4a9f9704eaa2a21cf674 - - default default] No more DHCP agents
2026-06-27 10:07:23.111 10 WARNING neutron.api.rpc.agentnotifiers.dhcp_rpc_agent_api [None req-dd32e49d-a8f5-4047-a838-f289da6cffd2 d7084b42becf4b599e8970dfec32f5a2 29cf855aa6fd4a9f9704eaa2a21cf674 - - default default] Unable to schedule network d2d0186f-1aa5-47cc-8f36-02f790fd74c0: no agents available; will retry on subsequent port and subnet creation events.
2026-06-27 10:07:23.159 10 INFO neutron.wsgi [req-e0a79377-917a-45f1-8bbc-032409412338 req-07f9b04c-60d1-4b0f-8ce5-d6aedf970e6f b06a8ef406b64a53b92cc7175f827a1d ee04220336ac416da3ce6298b8609a20 - - 37f3b442b15a4d2c802eb8f99e1e291c 37f3b442b15a4d2c802eb8f99e1e291c] 199.204.45.57 "GET /v2.0/networks/6d5470ec-d9f3-4b44-94c2-89da50f2311f?fields=provider%3Aphysical_network&fields=provider%3Anetwork_type HTTP/1.1" status: 200 len: 277 time: 0.2869568
2026-06-27 10:07:23.281 10 INFO neutron.wsgi [req-23e4c492-a6ae-4fb1-88ff-00fa4624989d req-309237ab-d74a-4e74-bdac-eb5947ee534d b06a8ef406b64a53b92cc7175f827a1d ee04220336ac416da3ce6298b8609a20 - - 37f3b442b15a4d2c802eb8f99e1e291c 37f3b442b15a4d2c802eb8f99e1e291c] 199.204.45.57 "GET /v2.0/ports?tenant_id=db8f51293ffc4c248505a4d2543a4291&device_id=71e71fd8-58d2-4f75-8b6a-6f287ca10d63 HTTP/1.1" status: 200 len: 1411 time: 0.0657384
2026-06-27 10:07:23.321 10 INFO neutron.db.ovn_revision_numbers_db [None req-dd32e49d-a8f5-4047-a838-f289da6cffd2 d7084b42becf4b599e8970dfec32f5a2 29cf855aa6fd4a9f9704eaa2a21cf674 - - default default] Successfully bumped revision number for resource f635fb42-e30f-4861-8b99-b45b378ad961 (type: ports) to 1
2026-06-27 10:07:23.509 9 INFO neutron.db.ovn_revision_numbers_db [None req-f95f744c-e41d-4e9b-9109-be63c66dabe3 d7084b42becf4b599e8970dfec32f5a2 29cf855aa6fd4a9f9704eaa2a21cf674 - - default default] Successfully bumped revision number for resource 540a46df-a8ac-4d04-a642-c105777595de (type: ports) to 1
2026-06-27 10:07:23.592 9 INFO neutron.db.ovn_revision_numbers_db [None req-b0dbab2d-b106-4be2-a68d-39d748f0cca7 - - - - - -] Successfully bumped revision number for resource b3336d3d-9fcf-4fe6-b7d7-60c4280509bd (type: router_ports) to 3
2026-06-27 10:07:23.604 10 INFO neutron.wsgi [req-23e4c492-a6ae-4fb1-88ff-00fa4624989d req-9641bd32-e5e8-48ab-b4a6-9aad885aa2b6 b06a8ef406b64a53b92cc7175f827a1d ee04220336ac416da3ce6298b8609a20 - - 37f3b442b15a4d2c802eb8f99e1e291c 37f3b442b15a4d2c802eb8f99e1e291c] 199.204.45.57 "GET /v2.0/networks?id=6d5470ec-d9f3-4b44-94c2-89da50f2311f HTTP/1.1" status: 200 len: 982 time: 0.2251413
2026-06-27 10:07:23.648 10 INFO neutron.wsgi [req-23e4c492-a6ae-4fb1-88ff-00fa4624989d req-35fde742-0ffe-421c-b5f9-5f4ef55a2ada b06a8ef406b64a53b92cc7175f827a1d ee04220336ac416da3ce6298b8609a20 - - 37f3b442b15a4d2c802eb8f99e1e291c 37f3b442b15a4d2c802eb8f99e1e291c] 199.204.45.57 "GET /v2.0/floatingips?fixed_ip_address=10.100.0.12&port_id=633fd409-cde8-4a02-8ee0-74356cda2679 HTTP/1.1" status: 200 len: 217 time: 0.0335279
2026-06-27 10:07:23.730 10 INFO neutron.wsgi [req-23e4c492-a6ae-4fb1-88ff-00fa4624989d req-eeaefdc0-926d-4d65-9f08-4b4191159ca6 b06a8ef406b64a53b92cc7175f827a1d ee04220336ac416da3ce6298b8609a20 - - 37f3b442b15a4d2c802eb8f99e1e291c 37f3b442b15a4d2c802eb8f99e1e291c] 199.204.45.57 "GET /v2.0/subnets?id=3f74bbe7-6fa6-465e-a736-9377e9270955 HTTP/1.1" status: 200 len: 877 time: 0.0748954
2026-06-27 10:07:23.735 10 INFO neutron.wsgi [req-7d054fae-f8d8-4e7d-9205-a22395ca0b4b req-7fba9588-6918-46ed-a060-3a8a39f2025f 4a0bff2c7c6048e5973f9ba5e435fbab db8f51293ffc4c248505a4d2543a4291 - - default default] 10.0.0.87 "GET /v2.0/ports?device_id=71e71fd8-58d2-4f75-8b6a-6f287ca10d63 HTTP/1.1" status: 200 len: 1172 time: 0.0732815
2026-06-27 10:07:23.774 10 INFO neutron.wsgi [req-23e4c492-a6ae-4fb1-88ff-00fa4624989d req-faa29d8c-5fa8-4d1a-9bc5-3a467d976c6e b06a8ef406b64a53b92cc7175f827a1d ee04220336ac416da3ce6298b8609a20 - - 37f3b442b15a4d2c802eb8f99e1e291c 37f3b442b15a4d2c802eb8f99e1e291c] 199.204.45.57 "GET /v2.0/ports?network_id=6d5470ec-d9f3-4b44-94c2-89da50f2311f&device_owner=network%3Adhcp HTTP/1.1" status: 200 len: 210 time: 0.0360844
2026-06-27 10:07:23.812 10 INFO neutron.db.ovn_revision_numbers_db [None req-ba9670fc-3c1b-4778-9ada-fe3de6736427 - - - - - -] Successfully bumped revision number for resource 1294ea07-7c61-4ab9-9d50-34c4ed204a06 (type: router_ports) to 3
2026-06-27 10:07:23.817 9 INFO neutron.db.ovn_revision_numbers_db [None req-b0dbab2d-b106-4be2-a68d-39d748f0cca7 - - - - - -] Successfully bumped revision number for resource b3336d3d-9fcf-4fe6-b7d7-60c4280509bd (type: ports) to 2
2026-06-27 10:07:23.848 10 INFO neutron.wsgi [req-7d054fae-f8d8-4e7d-9205-a22395ca0b4b req-7aef0a31-2151-4d2b-8353-fdb18efe2f44 4a0bff2c7c6048e5973f9ba5e435fbab db8f51293ffc4c248505a4d2543a4291 - - default default] 10.0.0.87 "GET /v2.0/security-groups?id=7f36038c-0bc9-4aa1-8f69-9667e43f75dc&fields=id&fields=name HTTP/1.1" status: 200 len: 313 time: 0.0974364
2026-06-27 10:07:23.905 10 INFO neutron.wsgi [req-23e4c492-a6ae-4fb1-88ff-00fa4624989d req-25772a2e-eaef-42d4-9ce4-aabdee8a7d4f b06a8ef406b64a53b92cc7175f827a1d ee04220336ac416da3ce6298b8609a20 - - 37f3b442b15a4d2c802eb8f99e1e291c 37f3b442b15a4d2c802eb8f99e1e291c] 199.204.45.57 "GET /v2.0/networks/6d5470ec-d9f3-4b44-94c2-89da50f2311f?fields=segments HTTP/1.1" status: 200 len: 212 time: 0.1230650
2026-06-27 10:07:24.029 10 INFO neutron.wsgi [req-23e4c492-a6ae-4fb1-88ff-00fa4624989d req-625a2f34-3eaa-4662-b5d6-e2b6d36203f8 b06a8ef406b64a53b92cc7175f827a1d ee04220336ac416da3ce6298b8609a20 - - 37f3b442b15a4d2c802eb8f99e1e291c 37f3b442b15a4d2c802eb8f99e1e291c] 199.204.45.57 "GET /v2.0/networks/6d5470ec-d9f3-4b44-94c2-89da50f2311f?fields=provider%3Aphysical_network&fields=provider%3Anetwork_type HTTP/1.1" status: 200 len: 277 time: 0.1188531
2026-06-27 10:07:24.087 9 INFO neutron.db.ovn_revision_numbers_db [None req-f95f744c-e41d-4e9b-9109-be63c66dabe3 d7084b42becf4b599e8970dfec32f5a2 29cf855aa6fd4a9f9704eaa2a21cf674 - - default default] Successfully bumped revision number for resource 540a46df-a8ac-4d04-a642-c105777595de (type: router_ports) to 1
2026-06-27 10:07:24.087 10 INFO neutron.db.ovn_revision_numbers_db [None req-ba9670fc-3c1b-4778-9ada-fe3de6736427 - - - - - -] Successfully bumped revision number for resource 1294ea07-7c61-4ab9-9d50-34c4ed204a06 (type: ports) to 2
2026-06-27 10:07:24.205 10 INFO neutron.wsgi [None req-49288bfd-f43d-4d6b-82f6-8889c6dc183e d7084b42becf4b599e8970dfec32f5a2 29cf855aa6fd4a9f9704eaa2a21cf674 - - default default] 10.0.0.6 "GET /v2.0/agents HTTP/1.1" status: 200 len: 997 time: 0.2834780
2026-06-27 10:07:24.210 9 INFO neutron.db.ovn_revision_numbers_db [None req-b0dbab2d-b106-4be2-a68d-39d748f0cca7 - - - - - -] Successfully bumped revision number for resource b3336d3d-9fcf-4fe6-b7d7-60c4280509bd (type: ports) to 4
2026-06-27 10:07:24.238 10 INFO neutron.wsgi [None req-c6b015b4-1202-42de-a90e-a348ca3bf1e4 d7084b42becf4b599e8970dfec32f5a2 29cf855aa6fd4a9f9704eaa2a21cf674 - - default default] 10.0.0.6 "GET /v2.0/network-ip-availabilities HTTP/1.1" status: 200 len: 2740 time: 0.0279620
2026-06-27 10:07:24.281 10 INFO neutron.plugins.ml2.drivers.ovn.mech_driver.mech_driver [None req-eee4468b-8da6-4f02-957f-82083b5051aa - - - - - -] OVN reports status up for port: f635fb42-e30f-4861-8b99-b45b378ad961
2026-06-27 10:07:24.298 10 INFO neutron.wsgi [None req-2230fb69-764e-4a35-95d7-4fd3cddb8482 d7084b42becf4b599e8970dfec32f5a2 29cf855aa6fd4a9f9704eaa2a21cf674 - - default default] 10.0.0.6 "GET /v2.0/floatingips HTTP/1.1" status: 200 len: 730 time: 0.0573599
2026-06-27 10:07:24.324 10 INFO neutron.plugins.ml2.plugin [None req-eee4468b-8da6-4f02-957f-82083b5051aa - - - - - -] Attempt 1 to provision port f635fb42-e30f-4861-8b99-b45b378ad961
2026-06-27 10:07:24.354 10 INFO neutron.db.ovn_revision_numbers_db [None req-dd32e49d-a8f5-4047-a838-f289da6cffd2 d7084b42becf4b599e8970dfec32f5a2 29cf855aa6fd4a9f9704eaa2a21cf674 - - default default] Successfully bumped revision number for resource f635fb42-e30f-4861-8b99-b45b378ad961 (type: router_ports) to 1
2026-06-27 10:07:24.363 9 INFO neutron.db.ovn_revision_numbers_db [None req-f95f744c-e41d-4e9b-9109-be63c66dabe3 d7084b42becf4b599e8970dfec32f5a2 29cf855aa6fd4a9f9704eaa2a21cf674 - - default default] Successfully bumped revision number for resource 540a46df-a8ac-4d04-a642-c105777595de (type: ports) to 1
2026-06-27 10:07:24.633 10 INFO neutron.wsgi [None req-6f523ea0-b7d3-4dca-ac6e-a760a0f319b0 d7084b42becf4b599e8970dfec32f5a2 29cf855aa6fd4a9f9704eaa2a21cf674 - - default default] 10.0.0.6 "GET /v2.0/security-groups HTTP/1.1" status: 200 len: 27881 time: 0.3298647
2026-06-27 10:07:24.657 9 WARNING neutron.scheduler.dhcp_agent_scheduler [None req-f95f744c-e41d-4e9b-9109-be63c66dabe3 d7084b42becf4b599e8970dfec32f5a2 29cf855aa6fd4a9f9704eaa2a21cf674 - - default default] No more DHCP agents
2026-06-27 10:07:24.665 9 WARNING neutron.api.rpc.agentnotifiers.dhcp_rpc_agent_api [None req-f95f744c-e41d-4e9b-9109-be63c66dabe3 d7084b42becf4b599e8970dfec32f5a2 29cf855aa6fd4a9f9704eaa2a21cf674 - - default default] Unable to schedule network e477ee1d-0fbc-4d85-93b6-d9f37cd3c7f4: no agents available; will retry on subsequent port and subnet creation events.
2026-06-27 10:07:24.689 9 INFO neutron.plugins.ml2.drivers.ovn.mech_driver.mech_driver [None req-52e93dfb-9160-4bd6-86b2-6619b950589b - - - - - -] OVN reports status up for port: 540a46df-a8ac-4d04-a642-c105777595de
2026-06-27 10:07:24.696 9 INFO neutron.db.ovn_revision_numbers_db [None req-be664208-766b-440a-9468-5a75c6c6a003 d7084b42becf4b599e8970dfec32f5a2 29cf855aa6fd4a9f9704eaa2a21cf674 - - default default] Successfully bumped revision number for resource 69ca61d5-d93d-4194-9c7e-53b5105b84b6 (type: security_groups) to 1
2026-06-27 10:07:24.708 9 INFO neutron.plugins.ml2.plugin [None req-52e93dfb-9160-4bd6-86b2-6619b950589b - - - - - -] Attempt 1 to provision port 540a46df-a8ac-4d04-a642-c105777595de
2026-06-27 10:07:24.756 9 INFO neutron.db.ovn_revision_numbers_db [None req-be664208-766b-440a-9468-5a75c6c6a003 d7084b42becf4b599e8970dfec32f5a2 29cf855aa6fd4a9f9704eaa2a21cf674 - - default default] Successfully bumped revision number for resource 2191be05-bac1-40b3-9460-7fba451bf380 (type: security_group_rules) to 0
2026-06-27 10:07:24.794 9 INFO neutron.db.ovn_revision_numbers_db [None req-be664208-766b-440a-9468-5a75c6c6a003 d7084b42becf4b599e8970dfec32f5a2 29cf855aa6fd4a9f9704eaa2a21cf674 - - default default] Successfully bumped revision number for resource 369b15ee-bde9-44db-9fd0-fe546c41b7a0 (type: security_group_rules) to 0
2026-06-27 10:07:24.816 9 INFO neutron.db.ovn_revision_numbers_db [None req-b0dbab2d-b106-4be2-a68d-39d748f0cca7 - - - - - -] Successfully bumped revision number for resource b3336d3d-9fcf-4fe6-b7d7-60c4280509bd (type: router_ports) to 4
2026-06-27 10:07:24.821 10 INFO neutron.wsgi [None req-9b5a30f2-6775-47d9-b19b-cda00523a86b d7084b42becf4b599e8970dfec32f5a2 29cf855aa6fd4a9f9704eaa2a21cf674 - - default default] 10.0.0.6 "GET /v2.0/routers HTTP/1.1" status: 200 len: 2224 time: 0.1803322
2026-06-27 10:07:24.826 9 INFO neutron.db.ovn_revision_numbers_db [None req-be664208-766b-440a-9468-5a75c6c6a003 d7084b42becf4b599e8970dfec32f5a2 29cf855aa6fd4a9f9704eaa2a21cf674 - - default default] Successfully bumped revision number for resource 3d85e25f-e56e-4394-9e3e-f4b2d657087d (type: security_group_rules) to 0
2026-06-27 10:07:24.848 10 INFO neutron.wsgi [None req-3d7f02aa-f6bd-48e5-a27a-70e4e9e3a996 d7084b42becf4b599e8970dfec32f5a2 29cf855aa6fd4a9f9704eaa2a21cf674 - - default default] 10.0.0.6 "GET /v2.0/agents?binary=ovn-controller HTTP/1.1" status: 200 len: 591 time: 0.0249505
2026-06-27 10:07:24.866 9 INFO neutron.db.ovn_revision_numbers_db [None req-be664208-766b-440a-9468-5a75c6c6a003 d7084b42becf4b599e8970dfec32f5a2 29cf855aa6fd4a9f9704eaa2a21cf674 - - default default] Successfully bumped revision number for resource 6dde5525-a76b-4983-bfdc-06e31ee1678f (type: security_group_rules) to 0
2026-06-27 10:07:24.900 10 INFO neutron.db.ovn_revision_numbers_db [None req-dd32e49d-a8f5-4047-a838-f289da6cffd2 d7084b42becf4b599e8970dfec32f5a2 29cf855aa6fd4a9f9704eaa2a21cf674 - - default default] Successfully bumped revision number for resource f635fb42-e30f-4861-8b99-b45b378ad961 (type: ports) to 1
2026-06-27 10:07:24.914 10 INFO neutron.db.ovn_revision_numbers_db [None req-ba9670fc-3c1b-4778-9ada-fe3de6736427 - - - - - -] Successfully bumped revision number for resource 1294ea07-7c61-4ab9-9d50-34c4ed204a06 (type: ports) to 4
2026-06-27 10:07:24.923 9 INFO neutron.wsgi [None req-be664208-766b-440a-9468-5a75c6c6a003 d7084b42becf4b599e8970dfec32f5a2 29cf855aa6fd4a9f9704eaa2a21cf674 - - default default] 10.0.0.56 "GET /v2.0/security-groups?tenant_id=5ecbbf4d78054345b83a4578e9ad4d4e&name=default HTTP/1.1" status: 200 len: 2996 time: 0.7003746
2026-06-27 10:07:24.940 10 INFO neutron.wsgi [None req-7f59eedc-b4d9-40ac-bd8e-5c85669dc1fa d7084b42becf4b599e8970dfec32f5a2 29cf855aa6fd4a9f9704eaa2a21cf674 - - default default] 10.0.0.6 "GET /v2.0/subnets HTTP/1.1" status: 200 len: 3421 time: 0.0863101
