2026-07-02 11:16:55.171 9 INFO neutron.notifiers.nova [-] Nova event matching ['req-79b9f3df-1be9-4364-a5af-71600fd316a1'] response: {'server_uuid': 'b41f5015-d941-4e26-af43-e0a47d84ccaa', 'name': 'network-vif-plugged', 'status': 'completed', 'tag': '8e011932-bfad-4a34-b905-0825d69774f4', 'code': 200}
2026-07-02 11:16:55.238 9 WARNING neutron.scheduler.dhcp_agent_scheduler [None req-9575ca54-f305-49d4-9403-54832f15cbd5 1b9518ee26c54b0a87a80c66a4d7f891 7be9f7953529429b8476de551b229d6d - - default default] No more DHCP agents
2026-07-02 11:16:55.242 9 WARNING neutron.api.rpc.agentnotifiers.dhcp_rpc_agent_api [None req-9575ca54-f305-49d4-9403-54832f15cbd5 1b9518ee26c54b0a87a80c66a4d7f891 7be9f7953529429b8476de551b229d6d - - default default] Unable to schedule network e1536659-b1b3-4667-a400-8293f3744d89: no agents available; will retry on subsequent port and subnet creation events.
2026-07-02 11:16:55.281 10 WARNING neutron_lib.context [None req-3c00441c-30c2-48aa-872e-1675c682aadf b68455894e2941a7a32efb8914ecbb43 8d4c9ff6589743c1be49933ce8408a83 - - default default] Method 'is_advsvc' is deprecated since 2023.2 release (neutron-lib 3.8.0) and will be removed once support for the old RBAC API policies will be removed from Neutron. Please use method 'is_service_role' instead.
2026-07-02 11:16:55.413 10 INFO neutron.db.ovn_revision_numbers_db [None req-3c00441c-30c2-48aa-872e-1675c682aadf b68455894e2941a7a32efb8914ecbb43 8d4c9ff6589743c1be49933ce8408a83 - - default default] Successfully bumped revision number for resource 65128b75-a3d5-4caa-b3cc-8eac10daf7ed (type: security_groups) to 1
2026-07-02 11:16:55.430 10 INFO neutron.db.ovn_revision_numbers_db [None req-3c00441c-30c2-48aa-872e-1675c682aadf b68455894e2941a7a32efb8914ecbb43 8d4c9ff6589743c1be49933ce8408a83 - - default default] Successfully bumped revision number for resource 6450d6fa-701a-4def-8d68-ed81d658c140 (type: security_group_rules) to 0
2026-07-02 11:16:55.451 10 INFO neutron.db.ovn_revision_numbers_db [None req-3c00441c-30c2-48aa-872e-1675c682aadf b68455894e2941a7a32efb8914ecbb43 8d4c9ff6589743c1be49933ce8408a83 - - default default] Successfully bumped revision number for resource e2f0dd42-1347-485c-9c5c-24c01e2abdfc (type: security_group_rules) to 0
2026-07-02 11:16:55.484 10 INFO neutron.api.wsgi [None req-3c00441c-30c2-48aa-872e-1675c682aadf b68455894e2941a7a32efb8914ecbb43 8d4c9ff6589743c1be49933ce8408a83 - - default default] 10.0.0.23 "POST /v2.0/security-groups HTTP/1.1" status: 201 len: 1860 time: 0.2115619
2026-07-02 11:16:55.505 10 WARNING neutron_lib.context [None req-e5389160-5633-4396-b870-16e64e51f710 b68455894e2941a7a32efb8914ecbb43 8d4c9ff6589743c1be49933ce8408a83 - - default default] Method 'is_advsvc' is deprecated since 2023.2 release (neutron-lib 3.8.0) and will be removed once support for the old RBAC API policies will be removed from Neutron. Please use method 'is_service_role' instead.
2026-07-02 11:16:55.600 9 INFO neutron.db.ovn_revision_numbers_db [None req-9575ca54-f305-49d4-9403-54832f15cbd5 1b9518ee26c54b0a87a80c66a4d7f891 7be9f7953529429b8476de551b229d6d - - default default] Successfully bumped revision number for resource 1a59fdf4-2962-4d35-a4ae-790177b0ccdd (type: ports) to 1
2026-07-02 11:16:55.633 9 INFO neutron.api.wsgi [req-5b166cbe-f652-42b2-af3b-07f4cd82894a req-8ff8bcab-ecf7-4081-a22d-8bc86f23f229 c9ea624bd0db496a8c41b33b8d0ec6fa d5648b2f33e445d9a3d5ed70f93a3ba5 - - default default] 10.0.0.231 "GET /v2.0/ports?device_id=b41f5015-d941-4e26-af43-e0a47d84ccaa HTTP/1.1" status: 200 len: 1170 time: 0.1421654
2026-07-02 11:16:55.646 9 INFO neutron.db.ovn_revision_numbers_db [None req-ee4082c3-93b5-4a06-9576-4d224fd2fec1 - - - - - -] Successfully bumped revision number for resource 8e011932-bfad-4a34-b905-0825d69774f4 (type: ports) to 5
2026-07-02 11:16:55.655 10 INFO neutron.db.ovn_revision_numbers_db [None req-e5389160-5633-4396-b870-16e64e51f710 b68455894e2941a7a32efb8914ecbb43 8d4c9ff6589743c1be49933ce8408a83 - - default default] Successfully bumped revision number for resource 9ea3744f-6adb-4e36-848e-f5b52ed4423d (type: security_group_rules) to 0
2026-07-02 11:16:55.656 9 INFO neutron.api.wsgi [None req-9575ca54-f305-49d4-9403-54832f15cbd5 1b9518ee26c54b0a87a80c66a4d7f891 7be9f7953529429b8476de551b229d6d - - default default] 10.0.0.23 "POST /v2.0/networks HTTP/1.1" status: 201 len: 853 time: 0.8191903
2026-07-02 11:16:55.685 9 INFO neutron.api.wsgi [req-5b166cbe-f652-42b2-af3b-07f4cd82894a req-93c0fe35-03b4-4ce5-bc38-12842cf9acbe c9ea624bd0db496a8c41b33b8d0ec6fa d5648b2f33e445d9a3d5ed70f93a3ba5 - - default default] 10.0.0.231 "GET /v2.0/security-groups?id=45e3602b-130c-4402-b3cc-a56f5628a0bd&fields=id&fields=name HTTP/1.1" status: 200 len: 286 time: 0.0457129
2026-07-02 11:16:55.695 10 INFO neutron.api.wsgi [None req-e5389160-5633-4396-b870-16e64e51f710 b68455894e2941a7a32efb8914ecbb43 8d4c9ff6589743c1be49933ce8408a83 - - default default] 10.0.0.23 "POST /v2.0/security-group-rules HTTP/1.1" status: 201 len: 796 time: 0.2029200
2026-07-02 11:16:55.706 10 WARNING neutron_lib.context [None req-ca8ad34d-0d39-4bde-9ee6-4d38a79b8bb9 b68455894e2941a7a32efb8914ecbb43 8d4c9ff6589743c1be49933ce8408a83 - - default default] Method 'is_advsvc' is deprecated since 2023.2 release (neutron-lib 3.8.0) and will be removed once support for the old RBAC API policies will be removed from Neutron. Please use method 'is_service_role' instead.
2026-07-02 11:16:55.839 10 INFO neutron.db.ovn_revision_numbers_db [None req-ca8ad34d-0d39-4bde-9ee6-4d38a79b8bb9 b68455894e2941a7a32efb8914ecbb43 8d4c9ff6589743c1be49933ce8408a83 - - default default] Successfully bumped revision number for resource 44d52f7b-dac4-4f7b-8493-1ef0c28fafbb (type: security_group_rules) to 0
2026-07-02 11:16:55.874 10 INFO neutron.api.wsgi [None req-ca8ad34d-0d39-4bde-9ee6-4d38a79b8bb9 b68455894e2941a7a32efb8914ecbb43 8d4c9ff6589743c1be49933ce8408a83 - - default default] 10.0.0.23 "POST /v2.0/security-group-rules HTTP/1.1" status: 201 len: 801 time: 0.1740513
2026-07-02 11:16:55.883 10 WARNING neutron_lib.context [None req-9ea5c773-568c-4db2-96a0-07e558749852 b68455894e2941a7a32efb8914ecbb43 8d4c9ff6589743c1be49933ce8408a83 - - default default] Method 'is_advsvc' is deprecated since 2023.2 release (neutron-lib 3.8.0) and will be removed once support for the old RBAC API policies will be removed from Neutron. Please use method 'is_service_role' instead.
2026-07-02 11:16:56.097 10 WARNING neutron.scheduler.dhcp_agent_scheduler [None req-9ea5c773-568c-4db2-96a0-07e558749852 b68455894e2941a7a32efb8914ecbb43 8d4c9ff6589743c1be49933ce8408a83 - - default default] No more DHCP agents
2026-07-02 11:16:56.099 10 WARNING neutron.api.rpc.agentnotifiers.dhcp_rpc_agent_api [None req-9ea5c773-568c-4db2-96a0-07e558749852 b68455894e2941a7a32efb8914ecbb43 8d4c9ff6589743c1be49933ce8408a83 - - default default] Unable to schedule network 5aa32851-cb45-4eb3-bf52-e9f816c51679: no agents available; will retry on subsequent port and subnet creation events. /var/lib/openstack/lib/python3.12/site-packages/pycadf/identifier.py:71: UserWarning: Invalid uuid: neutron. To ensure interoperability, identifiers should be a valid uuid. warnings.warn(('Invalid uuid: %s. To ensure interoperability, '
2026-07-02 11:16:56.150 9 WARNING neutron_lib.context [None req-e2a42bae-2a3c-4290-a646-74d5e2744c09 1b9518ee26c54b0a87a80c66a4d7f891 7be9f7953529429b8476de551b229d6d - - default default] Method 'is_advsvc' is deprecated since 2023.2 release (neutron-lib 3.8.0) and will be removed once support for the old RBAC API policies will be removed from Neutron. Please use method 'is_service_role' instead.
2026-07-02 11:16:56.173 9 WARNING neutron_lib.context [None req-e2a42bae-2a3c-4290-a646-74d5e2744c09 1b9518ee26c54b0a87a80c66a4d7f891 7be9f7953529429b8476de551b229d6d - - default default] Method 'is_advsvc' is deprecated since 2023.2 release (neutron-lib 3.8.0) and will be removed once support for the old RBAC API policies will be removed from Neutron. Please use method 'is_service_role' instead.
2026-07-02 11:16:56.413 10 INFO neutron.api.wsgi [None req-9ea5c773-568c-4db2-96a0-07e558749852 b68455894e2941a7a32efb8914ecbb43 8d4c9ff6589743c1be49933ce8408a83 - - default default] 10.0.0.23 "POST /v2.0/floatingips HTTP/1.1" status: 201 len: 751 time: 0.5342002
2026-07-02 11:16:56.587 9 WARNING neutron.scheduler.dhcp_agent_scheduler [None req-e2a42bae-2a3c-4290-a646-74d5e2744c09 1b9518ee26c54b0a87a80c66a4d7f891 7be9f7953529429b8476de551b229d6d - - default default] No more DHCP agents
2026-07-02 11:16:56.588 9 WARNING neutron.api.rpc.agentnotifiers.dhcp_rpc_agent_api [None req-e2a42bae-2a3c-4290-a646-74d5e2744c09 1b9518ee26c54b0a87a80c66a4d7f891 7be9f7953529429b8476de551b229d6d - - default default] Unable to schedule network 31c02300-390b-4466-ab94-f4901e6210b2: no agents available; will retry on subsequent port and subnet creation events.
2026-07-02 11:16:56.617 9 INFO neutron.db.ovn_revision_numbers_db [None req-e2a42bae-2a3c-4290-a646-74d5e2744c09 1b9518ee26c54b0a87a80c66a4d7f891 7be9f7953529429b8476de551b229d6d - - default default] Successfully bumped revision number for resource ac1884fb-2fbb-4f3f-a390-3f08ba370d7b (type: subnets) to 0
2026-07-02 11:16:56.636 10 INFO neutron.db.ovn_revision_numbers_db [None req-b1c26b1c-fd10-4447-9390-f0d031c940a5 83ff6a123b694938a8cf1b9adfc98d93 ef4b28797ef941f2a8192da8b88acea1 - - default default] Successfully bumped revision number for resource bead38e2-8406-46c5-b49a-265660c81a4d (type: security_groups) to 1
2026-07-02 11:16:56.644 9 WARNING neutron.scheduler.dhcp_agent_scheduler [None req-e2a42bae-2a3c-4290-a646-74d5e2744c09 1b9518ee26c54b0a87a80c66a4d7f891 7be9f7953529429b8476de551b229d6d - - default default] No more DHCP agents
2026-07-02 11:16:56.645 9 WARNING neutron.api.rpc.agentnotifiers.dhcp_rpc_agent_api [None req-e2a42bae-2a3c-4290-a646-74d5e2744c09 1b9518ee26c54b0a87a80c66a4d7f891 7be9f7953529429b8476de551b229d6d - - default default] Unable to schedule network e1536659-b1b3-4667-a400-8293f3744d89: no agents available; will retry on subsequent port and subnet creation events.
2026-07-02 11:16:56.651 10 INFO neutron.db.ovn_revision_numbers_db [None req-b1c26b1c-fd10-4447-9390-f0d031c940a5 83ff6a123b694938a8cf1b9adfc98d93 ef4b28797ef941f2a8192da8b88acea1 - - default default] Successfully bumped revision number for resource 21e5c1f3-0e29-4d2a-893b-b2f740e58f1a (type: security_group_rules) to 0
2026-07-02 11:16:56.668 10 INFO neutron.db.ovn_revision_numbers_db [None req-b1c26b1c-fd10-4447-9390-f0d031c940a5 83ff6a123b694938a8cf1b9adfc98d93 ef4b28797ef941f2a8192da8b88acea1 - - default default] Successfully bumped revision number for resource 5c5a2d86-574b-4fef-ac62-fd4708fa83ce (type: security_group_rules) to 0
2026-07-02 11:16:56.676 9 INFO neutron.db.ovn_revision_numbers_db [None req-e2a42bae-2a3c-4290-a646-74d5e2744c09 1b9518ee26c54b0a87a80c66a4d7f891 7be9f7953529429b8476de551b229d6d - - default default] Successfully bumped revision number for resource 777fbf3a-8fd5-4afb-a695-feb3d4721dcc (type: subnets) to 0
2026-07-02 11:16:56.691 9 INFO neutron.api.wsgi [None req-e2a42bae-2a3c-4290-a646-74d5e2744c09 1b9518ee26c54b0a87a80c66a4d7f891 7be9f7953529429b8476de551b229d6d - - default default] 10.0.0.23 "POST /v2.0/subnets HTTP/1.1" status: 201 len: 1523 time: 0.5496442
2026-07-02 11:16:56.694 10 INFO neutron.db.ovn_revision_numbers_db [None req-b1c26b1c-fd10-4447-9390-f0d031c940a5 83ff6a123b694938a8cf1b9adfc98d93 ef4b28797ef941f2a8192da8b88acea1 - - default default] Successfully bumped revision number for resource e8842518-0517-436d-bc42-a46375aec3b3 (type: security_group_rules) to 0
2026-07-02 11:16:56.722 10 INFO neutron.db.ovn_revision_numbers_db [None req-b1c26b1c-fd10-4447-9390-f0d031c940a5 83ff6a123b694938a8cf1b9adfc98d93 ef4b28797ef941f2a8192da8b88acea1 - - default default] Successfully bumped revision number for resource f50516cf-9c1c-44cb-8c86-df2ab7ab1354 (type: security_group_rules) to 0
2026-07-02 11:16:56.749 9 INFO neutron.api.wsgi [None req-ef44178a-69ef-4ae3-8ab3-a64a001b089a 1b9518ee26c54b0a87a80c66a4d7f891 7be9f7953529429b8476de551b229d6d - - default default] 10.0.0.23 "GET /v2.0/subnets HTTP/1.1" status: 200 len: 2154 time: 0.0517972
2026-07-02 11:16:56.751 10 INFO neutron.api.wsgi [-] 10.0.0.197 "GET / HTTP/1.1" status: 200 len: 247 time: 0.0016320
2026-07-02 11:16:56.755 10 INFO neutron.api.wsgi [-] 10.0.0.197 "GET / HTTP/1.1" status: 200 len: 247 time: 0.0029120
2026-07-02 11:16:56.791 10 INFO neutron.api.wsgi [None req-b1c26b1c-fd10-4447-9390-f0d031c940a5 83ff6a123b694938a8cf1b9adfc98d93 ef4b28797ef941f2a8192da8b88acea1 - - default default] 10.0.0.23 "GET /v2.0/security-groups?tenant_id=205a6b4e634a4a7bab35c4827c6cb9e0&name=default HTTP/1.1" status: 200 len: 3120 time: 0.4713287
2026-07-02 11:16:56.833 9 INFO neutron.api.wsgi [req-7f240d73-5220-4d39-b063-9ca62355062c req-59760bee-46ca-4172-889a-f5e7f8428dc9 c9ea624bd0db496a8c41b33b8d0ec6fa d5648b2f33e445d9a3d5ed70f93a3ba5 - - default default] 10.0.0.231 "GET /v2.0/ports?device_id=b41f5015-d941-4e26-af43-e0a47d84ccaa HTTP/1.1" status: 200 len: 1170 time: 0.0394108
2026-07-02 11:16:56.872 9 INFO neutron.api.wsgi [req-7f240d73-5220-4d39-b063-9ca62355062c req-098deedd-85be-4ff7-8a19-e704e42c78a5 c9ea624bd0db496a8c41b33b8d0ec6fa d5648b2f33e445d9a3d5ed70f93a3ba5 - - default default] 10.0.0.231 "GET /v2.0/security-groups?id=45e3602b-130c-4402-b3cc-a56f5628a0bd&fields=id&fields=name HTTP/1.1" status: 200 len: 286 time: 0.0332427
2026-07-02 11:16:56.969 10 INFO neutron.api.wsgi [None req-8833b7fb-53c6-4ea8-bfcb-22355ff6647c 1b9518ee26c54b0a87a80c66a4d7f891 7be9f7953529429b8476de551b229d6d - - default default] 10.0.0.23 "DELETE /v2.0/subnets/ac1884fb-2fbb-4f3f-a390-3f08ba370d7b HTTP/1.1" status: 204 len: 168 time: 0.2032769
2026-07-02 11:16:56.989 9 INFO neutron.api.wsgi [req-d0ad2351-51c9-4771-8d45-48ae8a20fffb req-219ee6db-5f32-4d39-98bd-da1600a88586 b68455894e2941a7a32efb8914ecbb43 8d4c9ff6589743c1be49933ce8408a83 - - default default] 10.0.0.231 "GET /v2.0/security-groups?name=tempest-securitygroup--1572950148&fields=id&tenant_id=8d4c9ff6589743c1be49933ce8408a83 HTTP/1.1" status: 200 len: 267 time: 0.0442042
2026-07-02 11:16:57.042 9 INFO neutron.api.wsgi [req-d0ad2351-51c9-4771-8d45-48ae8a20fffb req-0f313008-f86b-4945-b065-b5aa9de55966 b68455894e2941a7a32efb8914ecbb43 8d4c9ff6589743c1be49933ce8408a83 - - default default] 10.0.0.231 "GET /v2.0/networks?id=cdc80a5d-7b51-47ba-ad1e-46ddad2ac2a7 HTTP/1.1" status: 200 len: 874 time: 0.0476553
2026-07-02 11:16:57.056 9 INFO neutron.api.wsgi [req-d0ad2351-51c9-4771-8d45-48ae8a20fffb req-195a64d3-eb16-4254-847f-82619976ccb0 b68455894e2941a7a32efb8914ecbb43 8d4c9ff6589743c1be49933ce8408a83 - - default default] 10.0.0.231 "GET /v2.0/quotas/8d4c9ff6589743c1be49933ce8408a83 HTTP/1.1" status: 200 len: 491 time: 0.0069475
2026-07-02 11:16:57.059 10 INFO neutron.api.wsgi [None req-2f911808-a2fe-4460-a102-8268d7545b1f 83ff6a123b694938a8cf1b9adfc98d93 ef4b28797ef941f2a8192da8b88acea1 - - default default] 10.0.0.23 "DELETE /v2.0/security-groups/bead38e2-8406-46c5-b49a-265660c81a4d HTTP/1.1" status: 204 len: 168 time: 0.2595627
2026-07-02 11:16:57.135 9 INFO neutron.api.wsgi [req-d0ad2351-51c9-4771-8d45-48ae8a20fffb req-df6cea93-beb6-4bc7-b0b3-ca252d55c37e b68455894e2941a7a32efb8914ecbb43 8d4c9ff6589743c1be49933ce8408a83 - - default default] 10.0.0.231 "GET /v2.0/ports?tenant_id=8d4c9ff6589743c1be49933ce8408a83&fields=id HTTP/1.1" status: 200 len: 302 time: 0.0738695
2026-07-02 11:16:57.144 10 INFO neutron.api.wsgi [None req-42c00587-9120-48a3-ab16-2c48dce05027 1b9518ee26c54b0a87a80c66a4d7f891 7be9f7953529429b8476de551b229d6d - - default default] 10.0.0.23 "DELETE /v2.0/subnets/777fbf3a-8fd5-4afb-a695-feb3d4721dcc HTTP/1.1" status: 204 len: 168 time: 0.1696482
2026-07-02 11:16:57.197 10 INFO neutron.api.wsgi [None req-05cba632-c76c-4ff2-b22f-1dd1733fc3f1 1b9518ee26c54b0a87a80c66a4d7f891 7be9f7953529429b8476de551b229d6d - - default default] 10.0.0.23 "GET /v2.0/subnets HTTP/1.1" status: 200 len: 843 time: 0.0427001
2026-07-02 11:16:57.213 9 INFO neutron.api.wsgi [req-d0ad2351-51c9-4771-8d45-48ae8a20fffb req-6dd1eff1-5c48-4df5-9a0f-95ae1208824d ac859a2252c54cc6b0a526a2c5fd2af3 f92b55a119f24ef8b47e978144f28fff - - d35581d8ea3f4597b843713eead5a22c d35581d8ea3f4597b843713eead5a22c] 10.0.0.231 "GET /v2.0/networks/cdc80a5d-7b51-47ba-ad1e-46ddad2ac2a7?fields=segments HTTP/1.1" status: 200 len: 212 time: 0.0675299
2026-07-02 11:16:57.229 9 INFO neutron.api.wsgi [req-53dab156-0aa5-4a7d-98e3-a5ba190bcc62 req-1e6fe093-3204-4087-9b4d-3b75babc904e c9ea624bd0db496a8c41b33b8d0ec6fa d5648b2f33e445d9a3d5ed70f93a3ba5 - - default default] 10.0.0.231 "GET /v2.0/ports?device_id=b41f5015-d941-4e26-af43-e0a47d84ccaa HTTP/1.1" status: 200 len: 1170 time: 0.0439484
2026-07-02 11:16:57.326 9 INFO neutron.api.wsgi [req-d0ad2351-51c9-4771-8d45-48ae8a20fffb req-e53d4bf5-6c31-4565-b71d-8d81a2ffab2d ac859a2252c54cc6b0a526a2c5fd2af3 f92b55a119f24ef8b47e978144f28fff - - d35581d8ea3f4597b843713eead5a22c d35581d8ea3f4597b843713eead5a22c] 10.0.0.231 "GET /v2.0/networks/cdc80a5d-7b51-47ba-ad1e-46ddad2ac2a7?fields=provider%3Aphysical_network&fields=provider%3Anetwork_type HTTP/1.1" status: 200 len: 277 time: 0.1030686
2026-07-02 11:16:57.328 9 INFO neutron.api.wsgi [req-53dab156-0aa5-4a7d-98e3-a5ba190bcc62 req-b296cad3-dd42-4386-b91b-218b0593c2c6 c9ea624bd0db496a8c41b33b8d0ec6fa d5648b2f33e445d9a3d5ed70f93a3ba5 - - default default] 10.0.0.231 "GET /v2.0/security-groups?id=45e3602b-130c-4402-b3cc-a56f5628a0bd&fields=id&fields=name HTTP/1.1" status: 200 len: 286 time: 0.0904372
2026-07-02 11:16:57.373 9 INFO neutron.notifiers.nova [-] Nova event matching ['req-6687d0f1-3321-4783-bb20-ccd3356d9a58'] response: {'server_uuid': 'b41f5015-d941-4e26-af43-e0a47d84ccaa', 'name': 'network-vif-plugged', 'status': 'completed', 'tag': '8e011932-bfad-4a34-b905-0825d69774f4', 'code': 200}
2026-07-02 11:16:57.422 9 INFO neutron.db.ovn_revision_numbers_db [None req-5ceadd89-c69a-41b6-9e07-6088eb3e4d90 83ff6a123b694938a8cf1b9adfc98d93 ef4b28797ef941f2a8192da8b88acea1 - - default default] Successfully bumped revision number for resource 9cef0471-f25b-4e01-b30d-7fd3e73e4dbc (type: security_groups) to 1
2026-07-02 11:16:57.440 9 INFO neutron.db.ovn_revision_numbers_db [None req-5ceadd89-c69a-41b6-9e07-6088eb3e4d90 83ff6a123b694938a8cf1b9adfc98d93 ef4b28797ef941f2a8192da8b88acea1 - - default default] Successfully bumped revision number for resource 2e47cbce-4cbf-4489-8de0-6f80f9b4edab (type: security_group_rules) to 0
2026-07-02 11:16:57.469 9 INFO neutron.db.ovn_revision_numbers_db [None req-5ceadd89-c69a-41b6-9e07-6088eb3e4d90 83ff6a123b694938a8cf1b9adfc98d93 ef4b28797ef941f2a8192da8b88acea1 - - default default] Successfully bumped revision number for resource 3fb17856-27c6-4b6a-92f4-f494fb0d1366 (type: security_group_rules) to 0
2026-07-02 11:16:57.492 9 INFO neutron.db.ovn_revision_numbers_db [None req-5ceadd89-c69a-41b6-9e07-6088eb3e4d90 83ff6a123b694938a8cf1b9adfc98d93 ef4b28797ef941f2a8192da8b88acea1 - - default default] Successfully bumped revision number for resource 76bee336-375a-46b5-9881-165c97db4031 (type: security_group_rules) to 0
2026-07-02 11:16:57.498 9 INFO neutron.api.wsgi [req-19fa2d77-d94d-48aa-8dff-a0288f3f5fe7 req-2dab08ca-9fc3-4332-b5cd-e1b270da7f76 b68455894e2941a7a32efb8914ecbb43 8d4c9ff6589743c1be49933ce8408a83 - - default default] 10.0.0.231 "GET /v2.0/ports?device_id=61258874-5c26-4201-9339-79739769b4ec HTTP/1.1" status: 200 len: 210 time: 0.0201378
2026-07-02 11:16:57.514 9 INFO neutron.db.ovn_revision_numbers_db [None req-5ceadd89-c69a-41b6-9e07-6088eb3e4d90 83ff6a123b694938a8cf1b9adfc98d93 ef4b28797ef941f2a8192da8b88acea1 - - default default] Successfully bumped revision number for resource 89f254c3-66f1-4f90-b992-e468f777c5ce (type: security_group_rules) to 0
2026-07-02 11:16:57.558 9 INFO neutron.api.wsgi [None req-5ceadd89-c69a-41b6-9e07-6088eb3e4d90 83ff6a123b694938a8cf1b9adfc98d93 ef4b28797ef941f2a8192da8b88acea1 - - default default] 10.0.0.23 "GET /v2.0/security-groups?tenant_id=9fe1fc70b75848bfb6015870900482f5&name=default HTTP/1.1" status: 200 len: 3120 time: 0.3750501
2026-07-02 11:16:57.569 10 INFO neutron.services.segments.plugin [-] Segment dc642a70-6931-4de0-a058-07150b6fdf2e resource provider aggregate not found
2026-07-02 11:16:57.578 10 INFO neutron.services.segments.plugin [-] Segment dc642a70-6931-4de0-a058-07150b6fdf2e resource provider aggregate not found
2026-07-02 11:16:57.593 10 INFO neutron.services.segments.plugin [-] Segment dc642a70-6931-4de0-a058-07150b6fdf2e resource provider not found; error: Placement Client Error (4xx): {"errors": [{"status": 404, "title": "Not Found", "detail": "The resource could not be found.\n\n No resource provider with uuid dc642a70-6931-4de0-a058-07150b6fdf2e found for delete ", "request_id": "req-9fb27d50-efe5-49cd-a657-0aebe18042ed"}]}
2026-07-02 11:16:57.600 10 INFO neutron.services.segments.plugin [-] Segment dc642a70-6931-4de0-a058-07150b6fdf2e resource provider not found; error: Placement Client Error (4xx): {"errors": [{"status": 404, "title": "Not Found", "detail": "The resource could not be found.\n\n No resource provider with uuid dc642a70-6931-4de0-a058-07150b6fdf2e found for delete ", "request_id": "req-355cb49f-3437-488c-9335-475cde38b4a5"}]}
2026-07-02 11:16:57.621 10 INFO neutron.api.wsgi [None req-cb8f4f0f-da75-4be0-917c-1f9857248e07 1b9518ee26c54b0a87a80c66a4d7f891 7be9f7953529429b8476de551b229d6d - - default default] 10.0.0.23 "DELETE /v2.0/networks/e1536659-b1b3-4667-a400-8293f3744d89 HTTP/1.1" status: 204 len: 168 time: 0.4151046
2026-07-02 11:16:57.682 9 INFO neutron.plugins.ml2.drivers.ovn.mech_driver.mech_driver [None req-d599883c-0810-49d8-939f-1f5af1913ea5 - - - - - -] OVN reports status down for port: 8e011932-bfad-4a34-b905-0825d69774f4
2026-07-02 11:16:57.809 10 INFO neutron.api.wsgi [None req-9163bc22-264b-4217-b84a-bb87da28d182 83ff6a123b694938a8cf1b9adfc98d93 ef4b28797ef941f2a8192da8b88acea1 - - default default] 10.0.0.23 "DELETE /v2.0/security-groups/9cef0471-f25b-4e01-b30d-7fd3e73e4dbc HTTP/1.1" status: 204 len: 168 time: 0.2462401
2026-07-02 11:16:58.017 9 INFO neutron.services.segments.plugin [-] Segment 18f42a01-940d-40e5-a265-5b4c5619d764 resource provider aggregate not found
2026-07-02 11:16:58.021 9 INFO neutron.db.ovn_revision_numbers_db [None req-d599883c-0810-49d8-939f-1f5af1913ea5 - - - - - -] Successfully bumped revision number for resource 8e011932-bfad-4a34-b905-0825d69774f4 (type: ports) to 6
2026-07-02 11:16:58.027 9 INFO neutron.services.segments.plugin [-] Segment 18f42a01-940d-40e5-a265-5b4c5619d764 resource provider aggregate not found
2026-07-02 11:16:58.034 9 INFO neutron.services.segments.plugin [-] Segment 18f42a01-940d-40e5-a265-5b4c5619d764 resource provider not found; error: Placement Client Error (4xx): {"errors": [{"status": 404, "title": "Not Found", "detail": "The resource could not be found.\n\n No resource provider with uuid 18f42a01-940d-40e5-a265-5b4c5619d764 found for delete ", "request_id": "req-244f3edd-e504-4afa-8498-66a45c7c6e81"}]}
2026-07-02 11:16:58.040 9 INFO neutron.services.segments.plugin [-] Segment 18f42a01-940d-40e5-a265-5b4c5619d764 resource provider not found; error: Placement Client Error (4xx): {"errors": [{"status": 404, "title": "Not Found", "detail": "The resource could not be found.\n\n No resource provider with uuid 18f42a01-940d-40e5-a265-5b4c5619d764 found for delete ", "request_id": "req-57e23344-736e-4164-8de8-2afb1b9fcf05"}]}
2026-07-02 11:16:58.058 9 INFO neutron.api.wsgi [None req-52370f42-c700-426b-8795-edb842353ad9 1b9518ee26c54b0a87a80c66a4d7f891 7be9f7953529429b8476de551b229d6d - - default default] 10.0.0.23 "DELETE /v2.0/networks/31c02300-390b-4466-ab94-f4901e6210b2 HTTP/1.1" status: 204 len: 168 time: 0.4307806 /var/lib/openstack/lib/python3.12/site-packages/pycadf/identifier.py:71: UserWarning: Invalid uuid: neutron. To ensure interoperability, identifiers should be a valid uuid. warnings.warn(('Invalid uuid: %s. To ensure interoperability, '
2026-07-02 11:16:58.419 10 INFO neutron.api.wsgi [None req-7de4a538-7e92-467d-97ce-4194c8c351fe 1b9518ee26c54b0a87a80c66a4d7f891 7be9f7953529429b8476de551b229d6d - - default default] 10.0.0.23 "DELETE /v2.0/networks/1ca15333-5d7e-4a2f-9a89-ebff20dd1341 HTTP/1.1" status: 204 len: 168 time: 0.3551016
2026-07-02 11:16:58.441 9 INFO neutron.api.wsgi [req-4684d651-4490-4903-ac17-3cf88af33937 req-c8ba735a-3afa-4314-a996-c1a2c0f92c21 c9ea624bd0db496a8c41b33b8d0ec6fa d5648b2f33e445d9a3d5ed70f93a3ba5 - - default default] 10.0.0.231 "GET /v2.0/ports?device_id=b41f5015-d941-4e26-af43-e0a47d84ccaa HTTP/1.1" status: 200 len: 1168 time: 0.0365992
2026-07-02 11:16:58.480 9 INFO neutron.api.wsgi [req-4684d651-4490-4903-ac17-3cf88af33937 req-16e75afb-fb3f-4740-b664-d44632aa5eec c9ea624bd0db496a8c41b33b8d0ec6fa d5648b2f33e445d9a3d5ed70f93a3ba5 - - default default] 10.0.0.231 "GET /v2.0/security-groups?id=45e3602b-130c-4402-b3cc-a56f5628a0bd&fields=id&fields=name HTTP/1.1" status: 200 len: 286 time: 0.0322874
2026-07-02 11:16:58.598 9 INFO neutron.api.wsgi [req-7a52c623-fdb5-4d67-ac93-0e66cc39b10b req-49d14687-4f47-4cea-bde5-b8a7cb1dfcde b68455894e2941a7a32efb8914ecbb43 8d4c9ff6589743c1be49933ce8408a83 - - default default] 10.0.0.231 "GET /v2.0/ports?device_id=61258874-5c26-4201-9339-79739769b4ec HTTP/1.1" status: 200 len: 210 time: 0.0287828
2026-07-02 11:16:58.772 10 INFO neutron.api.wsgi [None req-4ae1dd1d-f422-41a0-82db-44da345edafd 1b9518ee26c54b0a87a80c66a4d7f891 7be9f7953529429b8476de551b229d6d - - default default] 10.0.0.23 "DELETE /v2.0/networks/8732690f-c51c-46da-9fb1-e58bb96173aa HTTP/1.1" status: 204 len: 168 time: 0.3485944
2026-07-02 11:16:58.958 9 INFO neutron.api.wsgi [req-bc0ab040-5339-4761-adad-e68124eb735f req-9f61d93f-52a1-4178-91ea-7f6c6645d0c6 c9ea624bd0db496a8c41b33b8d0ec6fa d5648b2f33e445d9a3d5ed70f93a3ba5 - - default default] 199.19.213.66 "GET /v2.0/ports?device_id=b41f5015-d941-4e26-af43-e0a47d84ccaa HTTP/1.1" status: 200 len: 1168 time: 0.0362277
2026-07-02 11:16:59.236 9 INFO neutron.api.wsgi [req-bc0ab040-5339-4761-adad-e68124eb735f req-d8f30083-4273-462b-aeb2-259cd17f435d c9ea624bd0db496a8c41b33b8d0ec6fa d5648b2f33e445d9a3d5ed70f93a3ba5 - - default default] 199.19.213.66 "DELETE /v2.0/ports/8e011932-bfad-4a34-b905-0825d69774f4 HTTP/1.1" status: 204 len: 173 time: 0.2751176
2026-07-02 11:16:59.242 10 WARNING neutron.plugins.ml2.drivers.ovn.mech_driver.ovsdb.ovn_client [None req-caff3736-8a0e-421b-afc8-afe3146005e8 - - - - - -] No hosting information found for port f276ed6e-3115-47c7-8812-838a306efb69: RuntimeError: No hosting information found for port f276ed6e-3115-47c7-8812-838a306efb69
2026-07-02 11:16:59.319 10 INFO neutron.db.ovn_revision_numbers_db [None req-caff3736-8a0e-421b-afc8-afe3146005e8 - - - - - -] Successfully bumped revision number for resource f276ed6e-3115-47c7-8812-838a306efb69 (type: router_ports) to 2
2026-07-02 11:16:59.409 9 INFO neutron.notifiers.nova [-] Nova event matching ['req-9391f557-5403-483b-8a21-6171c62ac5ac'] response: {'server_uuid': 'b41f5015-d941-4e26-af43-e0a47d84ccaa', 'name': 'network-vif-unplugged', 'status': 'completed', 'tag': '8e011932-bfad-4a34-b905-0825d69774f4', 'code': 200}
2026-07-02 11:16:59.409 9 INFO neutron.notifiers.nova [-] Nova event matching ['req-9391f557-5403-483b-8a21-6171c62ac5ac'] response: {'server_uuid': 'b41f5015-d941-4e26-af43-e0a47d84ccaa', 'name': 'network-vif-unplugged', 'status': 'completed', 'tag': '8e011932-bfad-4a34-b905-0825d69774f4', 'code': 200}
2026-07-02 11:16:59.409 9 INFO neutron.notifiers.nova [-] Nova event matching ['req-9391f557-5403-483b-8a21-6171c62ac5ac'] response: {'server_uuid': 'b41f5015-d941-4e26-af43-e0a47d84ccaa', 'name': 'network-vif-deleted', 'tag': '8e011932-bfad-4a34-b905-0825d69774f4', 'status': 'completed', 'code': 200}
2026-07-02 11:16:59.539 9 INFO neutron.api.wsgi [None req-2cf4bd57-7bea-4c35-a2f1-2b250a430591 83ff6a123b694938a8cf1b9adfc98d93 ef4b28797ef941f2a8192da8b88acea1 - - default default] 10.0.0.23 "GET /v2.0/security-groups?tenant_id=7be9f7953529429b8476de551b229d6d&name=default HTTP/1.1" status: 200 len: 3120 time: 0.2627583
2026-07-02 11:16:59.597 9 INFO neutron.api.wsgi [req-53914fcd-df5c-46b9-be12-7d7e0717e07e req-65f47fac-a111-4238-b27a-bfeba2d16e2f c9ea624bd0db496a8c41b33b8d0ec6fa d5648b2f33e445d9a3d5ed70f93a3ba5 - - default default] 10.0.0.231 "GET /v2.0/ports?device_id=b41f5015-d941-4e26-af43-e0a47d84ccaa HTTP/1.1" status: 200 len: 210 time: 0.0428410
2026-07-02 11:16:59.613 10 INFO neutron.services.segments.plugin [-] Segment 7f0e91c1-3eea-4950-baaa-bc1e667e5699 resource provider aggregate not found
2026-07-02 11:16:59.617 10 INFO neutron.services.segments.plugin [-] Segment 7f0e91c1-3eea-4950-baaa-bc1e667e5699 resource provider aggregate not found
2026-07-02 11:16:59.632 10 INFO neutron.services.segments.plugin [-] Segment 7f0e91c1-3eea-4950-baaa-bc1e667e5699 resource provider not found; error: Placement Client Error (4xx): {"errors": [{"status": 404, "title": "Not Found", "detail": "The resource could not be found.\n\n No resource provider with uuid 7f0e91c1-3eea-4950-baaa-bc1e667e5699 found for delete ", "request_id": "req-73fdc4b9-ad72-4617-83a9-2bc47daa67b2"}]}
2026-07-02 11:16:59.638 10 INFO neutron.services.segments.plugin [-] Segment 7f0e91c1-3eea-4950-baaa-bc1e667e5699 resource provider not found; error: Placement Client Error (4xx): {"errors": [{"status": 404, "title": "Not Found", "detail": "The resource could not be found.\n\n No resource provider with uuid 7f0e91c1-3eea-4950-baaa-bc1e667e5699 found for delete ", "request_id": "req-d28dba23-fc89-49b1-88b9-27b0cfd303ed"}]}
2026-07-02 11:16:59.666 10 INFO neutron.services.segments.plugin [-] Segment ec168852-89d8-402e-a2e8-87e4a87f872f resource provider aggregate not found
2026-07-02 11:16:59.675 10 INFO neutron.services.segments.plugin [-] Segment ec168852-89d8-402e-a2e8-87e4a87f872f resource provider aggregate not found
2026-07-02 11:16:59.683 10 INFO neutron.services.segments.plugin [-] Segment ec168852-89d8-402e-a2e8-87e4a87f872f resource provider not found; error: Placement Client Error (4xx): {"errors": [{"status": 404, "title": "Not Found", "detail": "The resource could not be found.\n\n No resource provider with uuid ec168852-89d8-402e-a2e8-87e4a87f872f found for delete ", "request_id": "req-51e59f37-50fc-473b-af45-cdd2dfcf5941"}]}
2026-07-02 11:16:59.686 10 INFO neutron.services.segments.plugin [-] Segment ec168852-89d8-402e-a2e8-87e4a87f872f resource provider not found; error: Placement Client Error (4xx): {"errors": [{"status": 404, "title": "Not Found", "detail": "The resource could not be found.\n\n No resource provider with uuid ec168852-89d8-402e-a2e8-87e4a87f872f found for delete ", "request_id": "req-6d6ca5d3-418f-4e5f-9a05-30bfa0036000"}]}
2026-07-02 11:16:59.716 9 INFO neutron.api.wsgi [req-9de8fdfb-4242-429a-bc72-1440f2b51231 req-e8471c3b-0928-4ce3-b0a9-c62d42cbd5dd b68455894e2941a7a32efb8914ecbb43 8d4c9ff6589743c1be49933ce8408a83 - - default default] 10.0.0.231 "GET /v2.0/ports?device_id=61258874-5c26-4201-9339-79739769b4ec HTTP/1.1" status: 200 len: 210 time: 0.0256960
2026-07-02 11:16:59.835 9 INFO neutron.api.wsgi [None req-db6253bc-3b69-491e-94fa-03b9093c0268 83ff6a123b694938a8cf1b9adfc98d93 ef4b28797ef941f2a8192da8b88acea1 - - default default] 10.0.0.23 "DELETE /v2.0/security-groups/5918f4d0-40c0-4c03-819c-19b91a416c04 HTTP/1.1" status: 204 len: 168 time: 0.2892518
2026-07-02 11:17:00.740 9 INFO neutron.api.wsgi [req-57b42711-2d71-4152-8a55-f7226cf35138 req-d7979a0e-1521-430c-a944-055e60c6297e c9ea624bd0db496a8c41b33b8d0ec6fa d5648b2f33e445d9a3d5ed70f93a3ba5 - - default default] 10.0.0.231 "GET /v2.0/ports?device_id=b41f5015-d941-4e26-af43-e0a47d84ccaa HTTP/1.1" status: 200 len: 210 time: 0.0243361
2026-07-02 11:17:00.797 9 INFO neutron.api.wsgi [req-914a6b1f-7e0a-4f02-9691-0afafa66a9a5 req-b7568f4e-c5ab-4d30-8a68-306f1cef593a b68455894e2941a7a32efb8914ecbb43 8d4c9ff6589743c1be49933ce8408a83 - - default default] 10.0.0.231 "GET /v2.0/ports?device_id=61258874-5c26-4201-9339-79739769b4ec HTTP/1.1" status: 200 len: 210 time: 0.0236447
2026-07-02 11:17:01.762 9 WARNING neutron_lib.context [None req-d42c67d1-6d0e-439c-a3a5-baa57ba4c856 7332e7675bf54d2f8a489ee83e0095d7 a60d709d04a24326aa5b7a310499afb8 - - default default] Method 'is_advsvc' is deprecated since 2023.2 release (neutron-lib 3.8.0) and will be removed once support for the old RBAC API policies will be removed from Neutron. Please use method 'is_service_role' instead.
2026-07-02 11:17:01.836 9 INFO neutron.api.wsgi [req-b014cddb-b746-4f41-b58e-27fac540c299 req-2b550167-d2ca-4205-8c67-0130ab413158 c9ea624bd0db496a8c41b33b8d0ec6fa d5648b2f33e445d9a3d5ed70f93a3ba5 - - default default] 10.0.0.231 "GET /v2.0/ports?device_id=b41f5015-d941-4e26-af43-e0a47d84ccaa HTTP/1.1" status: 200 len: 210 time: 0.0202453
2026-07-02 11:17:01.858 9 INFO neutron.api.wsgi [req-d0ad2351-51c9-4771-8d45-48ae8a20fffb req-e8f00c69-524e-4af4-8c1b-ea20f0f7665b b68455894e2941a7a32efb8914ecbb43 8d4c9ff6589743c1be49933ce8408a83 - - default default] 199.19.213.66 "GET /v2.0/networks?id=cdc80a5d-7b51-47ba-ad1e-46ddad2ac2a7 HTTP/1.1" status: 200 len: 874 time: 0.0626009
2026-07-02 11:17:01.878 9 INFO neutron.api.wsgi [req-b4519653-60eb-4e3a-a2b2-9a5d0ea658e5 req-453a127e-720b-42f8-aff9-c4e661b93ead b68455894e2941a7a32efb8914ecbb43 8d4c9ff6589743c1be49933ce8408a83 - - default default] 10.0.0.231 "GET /v2.0/ports?device_id=61258874-5c26-4201-9339-79739769b4ec HTTP/1.1" status: 200 len: 210 time: 0.0190523
2026-07-02 11:17:01.919 9 INFO neutron.api.wsgi [req-d0ad2351-51c9-4771-8d45-48ae8a20fffb req-424deb50-ed1c-42ba-8083-39d25eef5f8b b68455894e2941a7a32efb8914ecbb43 8d4c9ff6589743c1be49933ce8408a83 - - default default] 199.19.213.66 "GET /v2.0/security-groups?fields=id&fields=name&tenant_id=8d4c9ff6589743c1be49933ce8408a83 HTTP/1.1" status: 200 len: 380 time: 0.0523179
2026-07-02 11:17:01.932 9 WARNING neutron_lib.context [req-d0ad2351-51c9-4771-8d45-48ae8a20fffb req-d8b0fb4f-bb01-4998-8b63-c8082d1bfd0e b68455894e2941a7a32efb8914ecbb43 8d4c9ff6589743c1be49933ce8408a83 - - default default] Method 'is_advsvc' is deprecated since 2023.2 release (neutron-lib 3.8.0) and will be removed once support for the old RBAC API policies will be removed from Neutron. Please use method 'is_service_role' instead.
2026-07-02 11:17:01.965 9 INFO neutron.db.ovn_revision_numbers_db [None req-d42c67d1-6d0e-439c-a3a5-baa57ba4c856 7332e7675bf54d2f8a489ee83e0095d7 a60d709d04a24326aa5b7a310499afb8 - - default default] Successfully bumped revision number for resource 232d5d80-e5af-470d-8f55-50ff0df9c866 (type: security_groups) to 1
2026-07-02 11:17:01.989 9 INFO neutron.db.ovn_revision_numbers_db [None req-d42c67d1-6d0e-439c-a3a5-baa57ba4c856 7332e7675bf54d2f8a489ee83e0095d7 a60d709d04a24326aa5b7a310499afb8 - - default default] Successfully bumped revision number for resource 118c53e5-667c-4370-a290-dcf13ad17c7d (type: security_group_rules) to 0
2026-07-02 11:17:02.009 9 INFO neutron.db.ovn_revision_numbers_db [None req-d42c67d1-6d0e-439c-a3a5-baa57ba4c856 7332e7675bf54d2f8a489ee83e0095d7 a60d709d04a24326aa5b7a310499afb8 - - default default] Successfully bumped revision number for resource 430890d6-e207-4c69-aa48-468119376238 (type: security_group_rules) to 0
2026-07-02 11:17:02.011 10 INFO neutron.api.wsgi [req-f60d9b5c-738c-4250-8f8f-36a88b72f36b req-5c46ab3e-1593-4372-9c85-3ef127452295 ac859a2252c54cc6b0a526a2c5fd2af3 f92b55a119f24ef8b47e978144f28fff - - d35581d8ea3f4597b843713eead5a22c d35581d8ea3f4597b843713eead5a22c] 199.19.213.66 "GET /v2.0/ports?device_id=b41f5015-d941-4e26-af43-e0a47d84ccaa&fields=binding%3Ahost_id&fields=binding%3Avif_type HTTP/1.1" status: 200 len: 210 time: 0.0350389
2026-07-02 11:17:02.013 10 INFO neutron.db.ovn_revision_numbers_db [None req-1a4f0ca7-d3f1-41e5-8acc-9dc297335af4 83ff6a123b694938a8cf1b9adfc98d93 ef4b28797ef941f2a8192da8b88acea1 - - default default] Successfully bumped revision number for resource 389a7e35-4e30-46c1-a2c5-cf68242c709e (type: security_groups) to 1
2026-07-02 11:17:02.029 10 INFO neutron.db.ovn_revision_numbers_db [None req-1a4f0ca7-d3f1-41e5-8acc-9dc297335af4 83ff6a123b694938a8cf1b9adfc98d93 ef4b28797ef941f2a8192da8b88acea1 - - default default] Successfully bumped revision number for resource 1092fae7-844a-4c82-85c2-ad1250a0b122 (type: security_group_rules) to 0
2026-07-02 11:17:02.032 9 INFO neutron.db.ovn_revision_numbers_db [None req-d42c67d1-6d0e-439c-a3a5-baa57ba4c856 7332e7675bf54d2f8a489ee83e0095d7 a60d709d04a24326aa5b7a310499afb8 - - default default] Successfully bumped revision number for resource 621a3b26-7073-4f65-a08c-de9781bfd24b (type: security_group_rules) to 0
2026-07-02 11:17:02.058 10 INFO neutron.db.ovn_revision_numbers_db [None req-1a4f0ca7-d3f1-41e5-8acc-9dc297335af4 83ff6a123b694938a8cf1b9adfc98d93 ef4b28797ef941f2a8192da8b88acea1 - - default default] Successfully bumped revision number for resource 29894fbe-064c-4235-a8ca-6030e42b7bf0 (type: security_group_rules) to 0
2026-07-02 11:17:02.063 9 INFO neutron.db.ovn_revision_numbers_db [None req-d42c67d1-6d0e-439c-a3a5-baa57ba4c856 7332e7675bf54d2f8a489ee83e0095d7 a60d709d04a24326aa5b7a310499afb8 - - default default] Successfully bumped revision number for resource 7f72e84b-c394-4c3e-b9a9-cb02dbaa8845 (type: security_group_rules) to 0
2026-07-02 11:17:02.073 10 INFO neutron.db.ovn_revision_numbers_db [None req-1a4f0ca7-d3f1-41e5-8acc-9dc297335af4 83ff6a123b694938a8cf1b9adfc98d93 ef4b28797ef941f2a8192da8b88acea1 - - default default] Successfully bumped revision number for resource 5be87f3f-3a27-4fbf-9376-47cf22beff27 (type: security_group_rules) to 0
2026-07-02 11:17:02.095 10 INFO neutron.db.ovn_revision_numbers_db [None req-1a4f0ca7-d3f1-41e5-8acc-9dc297335af4 83ff6a123b694938a8cf1b9adfc98d93 ef4b28797ef941f2a8192da8b88acea1 - - default default] Successfully bumped revision number for resource ec9149df-2942-4dc4-a127-4fc8e52c2772 (type: security_group_rules) to 0
2026-07-02 11:17:02.137 10 INFO neutron.api.wsgi [None req-1a4f0ca7-d3f1-41e5-8acc-9dc297335af4 83ff6a123b694938a8cf1b9adfc98d93 ef4b28797ef941f2a8192da8b88acea1 - - default default] 10.0.0.23 "GET /v2.0/security-groups?tenant_id=4879a381da1548099cfe34110280821a&name=default HTTP/1.1" status: 200 len: 3120 time: 0.3037198
2026-07-02 11:17:02.145 9 INFO neutron.db.segments_db [None req-d42c67d1-6d0e-439c-a3a5-baa57ba4c856 7332e7675bf54d2f8a489ee83e0095d7 a60d709d04a24326aa5b7a310499afb8 - - default default] Added segment 9c925e8b-344b-46c9-90d7-04e8dc37a636 of type geneve for network 3fd6c99a-6cce-45a0-8750-b3135a8ff5f3
2026-07-02 11:17:02.257 9 WARNING neutron.scheduler.dhcp_agent_scheduler [req-d0ad2351-51c9-4771-8d45-48ae8a20fffb req-d8b0fb4f-bb01-4998-8b63-c8082d1bfd0e b68455894e2941a7a32efb8914ecbb43 8d4c9ff6589743c1be49933ce8408a83 - - default default] No more DHCP agents
2026-07-02 11:17:02.260 9 WARNING neutron.api.rpc.agentnotifiers.dhcp_rpc_agent_api [req-d0ad2351-51c9-4771-8d45-48ae8a20fffb req-d8b0fb4f-bb01-4998-8b63-c8082d1bfd0e b68455894e2941a7a32efb8914ecbb43 8d4c9ff6589743c1be49933ce8408a83 - - default default] Unable to schedule network cdc80a5d-7b51-47ba-ad1e-46ddad2ac2a7: no agents available; will retry on subsequent port and subnet creation events.
2026-07-02 11:17:02.305 9 INFO neutron.db.ovn_revision_numbers_db [None req-d42c67d1-6d0e-439c-a3a5-baa57ba4c856 7332e7675bf54d2f8a489ee83e0095d7 a60d709d04a24326aa5b7a310499afb8 - - default default] Successfully bumped revision number for resource 3fd6c99a-6cce-45a0-8750-b3135a8ff5f3 (type: networks) to 1
2026-07-02 11:17:02.403 10 INFO neutron.api.wsgi [None req-45009186-09ff-403d-947a-073cf17a2acf 83ff6a123b694938a8cf1b9adfc98d93 ef4b28797ef941f2a8192da8b88acea1 - - default default] 10.0.0.23 "DELETE /v2.0/security-groups/389a7e35-4e30-46c1-a2c5-cf68242c709e HTTP/1.1" status: 204 len: 168 time: 0.2596176
2026-07-02 11:17:02.438 9 INFO neutron.db.ovn_revision_numbers_db [req-d0ad2351-51c9-4771-8d45-48ae8a20fffb req-d8b0fb4f-bb01-4998-8b63-c8082d1bfd0e b68455894e2941a7a32efb8914ecbb43 8d4c9ff6589743c1be49933ce8408a83 - - default default] Successfully bumped revision number for resource c4c1e242-56f0-4981-9073-57e1ce5e13c5 (type: ports) to 1
2026-07-02 11:17:02.480 9 INFO neutron.api.wsgi [req-d0ad2351-51c9-4771-8d45-48ae8a20fffb req-d8b0fb4f-bb01-4998-8b63-c8082d1bfd0e b68455894e2941a7a32efb8914ecbb43 8d4c9ff6589743c1be49933ce8408a83 - - default default] 199.19.213.66 "POST /v2.0/ports HTTP/1.1" status: 201 len: 1162 time: 0.5580084 /var/lib/openstack/lib/python3.12/site-packages/pycadf/identifier.py:71: UserWarning: Invalid uuid: neutron. To ensure interoperability, identifiers should be a valid uuid. warnings.warn(('Invalid uuid: %s. To ensure interoperability, '
2026-07-02 11:17:02.547 9 WARNING neutron.scheduler.dhcp_agent_scheduler [None req-d42c67d1-6d0e-439c-a3a5-baa57ba4c856 7332e7675bf54d2f8a489ee83e0095d7 a60d709d04a24326aa5b7a310499afb8 - - default default] No more DHCP agents
2026-07-02 11:17:02.561 9 WARNING neutron.api.rpc.agentnotifiers.dhcp_rpc_agent_api [None req-d42c67d1-6d0e-439c-a3a5-baa57ba4c856 7332e7675bf54d2f8a489ee83e0095d7 a60d709d04a24326aa5b7a310499afb8 - - default default] Unable to schedule network 3fd6c99a-6cce-45a0-8750-b3135a8ff5f3: no agents available; will retry on subsequent port and subnet creation events.
2026-07-02 11:17:02.642 9 INFO neutron.db.ovn_revision_numbers_db [None req-d42c67d1-6d0e-439c-a3a5-baa57ba4c856 7332e7675bf54d2f8a489ee83e0095d7 a60d709d04a24326aa5b7a310499afb8 - - default default] Successfully bumped revision number for resource 658dc4e7-5d6c-471e-90e1-af2eb39db8da (type: ports) to 1
2026-07-02 11:17:02.663 9 INFO neutron.api.wsgi [None req-d42c67d1-6d0e-439c-a3a5-baa57ba4c856 7332e7675bf54d2f8a489ee83e0095d7 a60d709d04a24326aa5b7a310499afb8 - - default default] 10.0.0.23 "POST /v2.0/networks HTTP/1.1" status: 201 len: 848 time: 1.0546293
2026-07-02 11:17:02.681 10 WARNING neutron_lib.context [None req-a876bc52-f439-42c3-a015-12485a224f86 7332e7675bf54d2f8a489ee83e0095d7 a60d709d04a24326aa5b7a310499afb8 - - default default] Method 'is_advsvc' is deprecated since 2023.2 release (neutron-lib 3.8.0) and will be removed once support for the old RBAC API policies will be removed from Neutron. Please use method 'is_service_role' instead.
2026-07-02 11:17:02.705 10 INFO neutron.db.ovn_revision_numbers_db [None req-153ac667-69fb-416c-adec-0afc966f79bb 83ff6a123b694938a8cf1b9adfc98d93 ef4b28797ef941f2a8192da8b88acea1 - - default default] Successfully bumped revision number for resource dfae8182-f001-4f95-a8e0-d7f096259a26 (type: security_groups) to 1
2026-07-02 11:17:02.719 10 INFO neutron.db.ovn_revision_numbers_db [None req-153ac667-69fb-416c-adec-0afc966f79bb 83ff6a123b694938a8cf1b9adfc98d93 ef4b28797ef941f2a8192da8b88acea1 - - default default] Successfully bumped revision number for resource 1da4643f-e9d6-4ccb-9f8d-05606c783dde (type: security_group_rules) to 0
2026-07-02 11:17:02.739 10 INFO neutron.db.ovn_revision_numbers_db [None req-153ac667-69fb-416c-adec-0afc966f79bb 83ff6a123b694938a8cf1b9adfc98d93 ef4b28797ef941f2a8192da8b88acea1 - - default default] Successfully bumped revision number for resource 66eb17ab-b834-48d6-999e-c447bee7fd5a (type: security_group_rules) to 0
2026-07-02 11:17:02.757 10 INFO neutron.db.ovn_revision_numbers_db [None req-153ac667-69fb-416c-adec-0afc966f79bb 83ff6a123b694938a8cf1b9adfc98d93 ef4b28797ef941f2a8192da8b88acea1 - - default default] Successfully bumped revision number for resource a44c1a84-1b7a-4f5a-b198-96597ced4078 (type: security_group_rules) to 0
2026-07-02 11:17:02.774 10 INFO neutron.db.ovn_revision_numbers_db [None req-153ac667-69fb-416c-adec-0afc966f79bb 83ff6a123b694938a8cf1b9adfc98d93 ef4b28797ef941f2a8192da8b88acea1 - - default default] Successfully bumped revision number for resource d547352b-d39f-48c5-9228-037852d549cb (type: security_group_rules) to 0
2026-07-02 11:17:02.827 10 INFO neutron.api.wsgi [None req-153ac667-69fb-416c-adec-0afc966f79bb 83ff6a123b694938a8cf1b9adfc98d93 ef4b28797ef941f2a8192da8b88acea1 - - default default] 10.0.0.23 "GET /v2.0/security-groups?tenant_id=50eed9f8e01e43f3ae8402bdfeabb007&name=default HTTP/1.1" status: 200 len: 3120 time: 0.2907829 /var/lib/openstack/lib/python3.12/site-packages/pycadf/identifier.py:71: UserWarning: Invalid uuid: neutron. To ensure interoperability, identifiers should be a valid uuid. warnings.warn(('Invalid uuid: %s. To ensure interoperability, '
2026-07-02 11:17:02.930 10 WARNING neutron.scheduler.dhcp_agent_scheduler [None req-a876bc52-f439-42c3-a015-12485a224f86 7332e7675bf54d2f8a489ee83e0095d7 a60d709d04a24326aa5b7a310499afb8 - - default default] No more DHCP agents
2026-07-02 11:17:02.935 10 WARNING neutron.api.rpc.agentnotifiers.dhcp_rpc_agent_api [None req-a876bc52-f439-42c3-a015-12485a224f86 7332e7675bf54d2f8a489ee83e0095d7 a60d709d04a24326aa5b7a310499afb8 - - default default] Unable to schedule network 3fd6c99a-6cce-45a0-8750-b3135a8ff5f3: no agents available; will retry on subsequent port and subnet creation events.
2026-07-02 11:17:02.937 9 INFO neutron.api.wsgi [req-ed987b6f-a2d4-4f39-8ce1-8ad2e7222dbf req-dc2b3f3c-8fa4-40d1-acf1-e78b433ca55c c9ea624bd0db496a8c41b33b8d0ec6fa d5648b2f33e445d9a3d5ed70f93a3ba5 - - default default] 10.0.0.231 "GET /v2.0/ports?device_id=b41f5015-d941-4e26-af43-e0a47d84ccaa HTTP/1.1" status: 200 len: 210 time: 0.0277636
2026-07-02 11:17:02.980 9 INFO neutron.db.ovn_revision_numbers_db [req-d0ad2351-51c9-4771-8d45-48ae8a20fffb req-aa1a48cf-c99e-4f53-9373-b566e8040596 ac859a2252c54cc6b0a526a2c5fd2af3 f92b55a119f24ef8b47e978144f28fff - - d35581d8ea3f4597b843713eead5a22c d35581d8ea3f4597b843713eead5a22c] Successfully bumped revision number for resource c4c1e242-56f0-4981-9073-57e1ce5e13c5 (type: ports) to 2
2026-07-02 11:17:03.017 10 INFO neutron.db.ovn_revision_numbers_db [None req-a876bc52-f439-42c3-a015-12485a224f86 7332e7675bf54d2f8a489ee83e0095d7 a60d709d04a24326aa5b7a310499afb8 - - default default] Successfully bumped revision number for resource 16e2b0c1-94dc-49ab-8b44-70882ee87382 (type: ports) to 1 /var/lib/openstack/lib/python3.12/site-packages/pycadf/identifier.py:71: UserWarning: Invalid uuid: neutron. To ensure interoperability, identifiers should be a valid uuid. warnings.warn(('Invalid uuid: %s. To ensure interoperability, '
2026-07-02 11:17:03.045 10 INFO neutron.api.wsgi [None req-a876bc52-f439-42c3-a015-12485a224f86 7332e7675bf54d2f8a489ee83e0095d7 a60d709d04a24326aa5b7a310499afb8 - - default default] 10.0.0.23 "POST /v2.0/ports HTTP/1.1" status: 201 len: 977 time: 0.3698871
2026-07-02 11:17:03.048 10 INFO neutron.api.wsgi [req-f60d9b5c-738c-4250-8f8f-36a88b72f36b req-e06ebc6d-da53-490e-9129-aef6c64e80ed ac859a2252c54cc6b0a526a2c5fd2af3 f92b55a119f24ef8b47e978144f28fff - - d35581d8ea3f4597b843713eead5a22c d35581d8ea3f4597b843713eead5a22c] 199.19.213.66 "GET /v2.0/ports?tenant_id=d5648b2f33e445d9a3d5ed70f93a3ba5&device_id=b41f5015-d941-4e26-af43-e0a47d84ccaa HTTP/1.1" status: 200 len: 210 time: 0.0209780
2026-07-02 11:17:03.053 9 INFO neutron.api.wsgi [req-fe7d1ca5-62e4-4610-b780-b1fba62c39dd req-4af53643-bdea-4ad3-a690-2bb6bb092745 b68455894e2941a7a32efb8914ecbb43 8d4c9ff6589743c1be49933ce8408a83 - - default default] 10.0.0.231 "GET /v2.0/ports?device_id=61258874-5c26-4201-9339-79739769b4ec HTTP/1.1" status: 200 len: 1172 time: 0.1083345
2026-07-02 11:17:03.056 10 WARNING neutron_lib.context [None req-83a0d775-2ba3-40a2-94e5-2ee42dc8ced3 7332e7675bf54d2f8a489ee83e0095d7 a60d709d04a24326aa5b7a310499afb8 - - default default] Method 'is_advsvc' is deprecated since 2023.2 release (neutron-lib 3.8.0) and will be removed once support for the old RBAC API policies will be removed from Neutron. Please use method 'is_service_role' instead.
2026-07-02 11:17:03.110 9 INFO neutron.api.wsgi [req-fe7d1ca5-62e4-4610-b780-b1fba62c39dd req-91c293d7-77ec-4dd2-8e00-8e046b06ab33 b68455894e2941a7a32efb8914ecbb43 8d4c9ff6589743c1be49933ce8408a83 - - default default] 10.0.0.231 "GET /v2.0/security-groups?id=65128b75-a3d5-4caa-b3cc-8eac10daf7ed&fields=id&fields=name HTTP/1.1" status: 200 len: 313 time: 0.0512595
2026-07-02 11:17:03.134 10 INFO neutron.db.segments_db [None req-83a0d775-2ba3-40a2-94e5-2ee42dc8ced3 7332e7675bf54d2f8a489ee83e0095d7 a60d709d04a24326aa5b7a310499afb8 - - default default] Added segment 346ad30e-b272-4bec-8ce8-8fe977720a8b of type geneve for network a7794d3a-d060-4daa-a79f-2fbce7d844b9
2026-07-02 11:17:03.158 9 INFO neutron.api.wsgi [None req-815fa9aa-0709-4090-84c8-2e0ece9779a4 83ff6a123b694938a8cf1b9adfc98d93 ef4b28797ef941f2a8192da8b88acea1 - - default default] 10.0.0.23 "DELETE /v2.0/security-groups/dfae8182-f001-4f95-a8e0-d7f096259a26 HTTP/1.1" status: 204 len: 168 time: 0.3249998
2026-07-02 11:17:03.246 10 INFO neutron.db.ovn_revision_numbers_db [None req-83a0d775-2ba3-40a2-94e5-2ee42dc8ced3 7332e7675bf54d2f8a489ee83e0095d7 a60d709d04a24326aa5b7a310499afb8 - - default default] Successfully bumped revision number for resource a7794d3a-d060-4daa-a79f-2fbce7d844b9 (type: networks) to 1
2026-07-02 11:17:03.256 9 INFO neutron.db.ovn_revision_numbers_db [req-d0ad2351-51c9-4771-8d45-48ae8a20fffb req-aa1a48cf-c99e-4f53-9373-b566e8040596 ac859a2252c54cc6b0a526a2c5fd2af3 f92b55a119f24ef8b47e978144f28fff - - d35581d8ea3f4597b843713eead5a22c d35581d8ea3f4597b843713eead5a22c] Successfully bumped revision number for resource c4c1e242-56f0-4981-9073-57e1ce5e13c5 (type: ports) to 4
2026-07-02 11:17:03.279 9 INFO neutron.api.wsgi [req-d0ad2351-51c9-4771-8d45-48ae8a20fffb req-aa1a48cf-c99e-4f53-9373-b566e8040596 ac859a2252c54cc6b0a526a2c5fd2af3 f92b55a119f24ef8b47e978144f28fff - - d35581d8ea3f4597b843713eead5a22c d35581d8ea3f4597b843713eead5a22c] 199.19.213.66 "PUT /v2.0/ports/c4c1e242-56f0-4981-9073-57e1ce5e13c5 HTTP/1.1" status: 200 len: 1408 time: 0.7869327
