2026-07-02 11:19:02.489 9 INFO neutron.db.ovn_revision_numbers_db [req-c9142a86-216a-44e3-b479-7712e8b6439a req-60f4ad2c-54f5-438b-b37c-4afbd573f90b df0f21d8f05d4892ade3afcd31f1fe10 4654c17cff2647858813415d89d2f119 - - default default] Successfully bumped revision number for resource 8bd65ec6-c56c-468f-be0e-4e1a9c78d9a5 (type: ports) to 1
2026-07-02 11:19:02.512 9 INFO neutron.api.wsgi [req-c9142a86-216a-44e3-b479-7712e8b6439a req-60f4ad2c-54f5-438b-b37c-4afbd573f90b df0f21d8f05d4892ade3afcd31f1fe10 4654c17cff2647858813415d89d2f119 - - default default] 199.19.213.66 "POST /v2.0/ports HTTP/1.1" status: 201 len: 1158 time: 0.4856436 /var/lib/openstack/lib/python3.12/site-packages/pycadf/identifier.py:71: UserWarning: Invalid uuid: neutron. To ensure interoperability, identifiers should be a valid uuid. warnings.warn(('Invalid uuid: %s. To ensure interoperability, '
2026-07-02 11:19:02.744 10 INFO neutron.db.ovn_revision_numbers_db [None req-bcb2ac69-2f51-4536-bea4-3c7ea1e364fd 83ff6a123b694938a8cf1b9adfc98d93 ef4b28797ef941f2a8192da8b88acea1 - - default default] Successfully bumped revision number for resource 6f4b186f-e47a-4c34-878f-d68bab3e7be9 (type: security_groups) to 1
2026-07-02 11:19:02.757 10 INFO neutron.db.ovn_revision_numbers_db [None req-bcb2ac69-2f51-4536-bea4-3c7ea1e364fd 83ff6a123b694938a8cf1b9adfc98d93 ef4b28797ef941f2a8192da8b88acea1 - - default default] Successfully bumped revision number for resource 34518bad-3a74-48fb-9a62-4f5a8e3114be (type: security_group_rules) to 0
2026-07-02 11:19:02.770 10 INFO neutron.db.ovn_revision_numbers_db [None req-bcb2ac69-2f51-4536-bea4-3c7ea1e364fd 83ff6a123b694938a8cf1b9adfc98d93 ef4b28797ef941f2a8192da8b88acea1 - - default default] Successfully bumped revision number for resource 6efb2be9-ca3f-4900-8aed-a62d74462c67 (type: security_group_rules) to 0
2026-07-02 11:19:02.782 10 INFO neutron.db.ovn_revision_numbers_db [None req-bcb2ac69-2f51-4536-bea4-3c7ea1e364fd 83ff6a123b694938a8cf1b9adfc98d93 ef4b28797ef941f2a8192da8b88acea1 - - default default] Successfully bumped revision number for resource d3919d98-3fa3-475e-85fa-8d20461d3469 (type: security_group_rules) to 0
2026-07-02 11:19:02.792 10 INFO neutron.db.ovn_revision_numbers_db [None req-bcb2ac69-2f51-4536-bea4-3c7ea1e364fd 83ff6a123b694938a8cf1b9adfc98d93 ef4b28797ef941f2a8192da8b88acea1 - - default default] Successfully bumped revision number for resource d9241369-e5de-4fa5-a881-1c89db9d5339 (type: security_group_rules) to 0
2026-07-02 11:19:02.824 10 INFO neutron.api.wsgi [None req-bcb2ac69-2f51-4536-bea4-3c7ea1e364fd 83ff6a123b694938a8cf1b9adfc98d93 ef4b28797ef941f2a8192da8b88acea1 - - default default] 10.0.0.23 "GET /v2.0/security-groups?tenant_id=10357b59a864455b972c9de93cc7d67b&name=default HTTP/1.1" status: 200 len: 3120 time: 0.3405936
2026-07-02 11:19:02.862 9 INFO neutron.db.ovn_revision_numbers_db [req-c9142a86-216a-44e3-b479-7712e8b6439a req-534d40f4-95a1-4be2-9b00-61dff92f8e0c ac859a2252c54cc6b0a526a2c5fd2af3 f92b55a119f24ef8b47e978144f28fff - - d35581d8ea3f4597b843713eead5a22c d35581d8ea3f4597b843713eead5a22c] Successfully bumped revision number for resource 8bd65ec6-c56c-468f-be0e-4e1a9c78d9a5 (type: ports) to 2
2026-07-02 11:19:02.995 10 INFO neutron.api.wsgi [None req-7995e3a0-cf04-40f2-99db-7db6b6c81f1b 83ff6a123b694938a8cf1b9adfc98d93 ef4b28797ef941f2a8192da8b88acea1 - - default default] 10.0.0.23 "DELETE /v2.0/security-groups/6f4b186f-e47a-4c34-878f-d68bab3e7be9 HTTP/1.1" status: 204 len: 168 time: 0.1665754
2026-07-02 11:19:03.046 9 INFO neutron.db.ovn_revision_numbers_db [req-c9142a86-216a-44e3-b479-7712e8b6439a req-534d40f4-95a1-4be2-9b00-61dff92f8e0c ac859a2252c54cc6b0a526a2c5fd2af3 f92b55a119f24ef8b47e978144f28fff - - d35581d8ea3f4597b843713eead5a22c d35581d8ea3f4597b843713eead5a22c] Successfully bumped revision number for resource 8bd65ec6-c56c-468f-be0e-4e1a9c78d9a5 (type: ports) to 4 /var/lib/openstack/lib/python3.12/site-packages/pycadf/identifier.py:71: UserWarning: Invalid uuid: neutron. To ensure interoperability, identifiers should be a valid uuid. warnings.warn(('Invalid uuid: %s. To ensure interoperability, '
2026-07-02 11:19:03.070 9 INFO neutron.api.wsgi [req-c9142a86-216a-44e3-b479-7712e8b6439a req-534d40f4-95a1-4be2-9b00-61dff92f8e0c ac859a2252c54cc6b0a526a2c5fd2af3 f92b55a119f24ef8b47e978144f28fff - - d35581d8ea3f4597b843713eead5a22c d35581d8ea3f4597b843713eead5a22c] 199.19.213.66 "PUT /v2.0/ports/8bd65ec6-c56c-468f-be0e-4e1a9c78d9a5 HTTP/1.1" status: 200 len: 1404 time: 0.5525148
2026-07-02 11:19:03.106 9 INFO neutron.notifiers.nova [-] Nova event matching ['req-9a56be7e-9dac-452d-921d-8065c9d78543'] response: {'name': 'network-changed', 'server_uuid': 'fec7e041-01f2-4f37-ab8e-17dc06a6ba46', 'tag': '8bd65ec6-c56c-468f-be0e-4e1a9c78d9a5', 'status': 'completed', 'code': 200}
2026-07-02 11:19:03.125 9 INFO neutron.api.wsgi [req-cb68c8e2-4e6f-4d8d-92dd-31d40d874de0 req-2322d292-4cf4-4eb0-bd4c-daafcc7d0268 df0f21d8f05d4892ade3afcd31f1fe10 4654c17cff2647858813415d89d2f119 - - default default] 10.0.0.231 "GET /v2.0/ports?device_id=fec7e041-01f2-4f37-ab8e-17dc06a6ba46 HTTP/1.1" status: 200 len: 1168 time: 0.0738237
2026-07-02 11:19:03.161 9 INFO neutron.api.wsgi [req-cb68c8e2-4e6f-4d8d-92dd-31d40d874de0 req-82b7f3d4-45bc-44f1-bece-bc3d1cde5b76 df0f21d8f05d4892ade3afcd31f1fe10 4654c17cff2647858813415d89d2f119 - - default default] 10.0.0.231 "GET /v2.0/security-groups?id=03acac75-f279-4b7f-a09f-849d3c85923e&fields=id&fields=name HTTP/1.1" status: 200 len: 313 time: 0.0322320
2026-07-02 11:19:03.198 10 INFO neutron.db.ovn_revision_numbers_db [None req-e966b2a0-5690-4538-aa11-b329462c7bab 83ff6a123b694938a8cf1b9adfc98d93 ef4b28797ef941f2a8192da8b88acea1 - - default default] Successfully bumped revision number for resource b6107df4-4287-463a-8e97-ceb7d62d19f7 (type: security_groups) to 1
2026-07-02 11:19:03.211 10 INFO neutron.db.ovn_revision_numbers_db [None req-e966b2a0-5690-4538-aa11-b329462c7bab 83ff6a123b694938a8cf1b9adfc98d93 ef4b28797ef941f2a8192da8b88acea1 - - default default] Successfully bumped revision number for resource 2e2affde-2b0d-4be7-b3e8-541e7279f4ca (type: security_group_rules) to 0
2026-07-02 11:19:03.232 10 INFO neutron.db.ovn_revision_numbers_db [None req-e966b2a0-5690-4538-aa11-b329462c7bab 83ff6a123b694938a8cf1b9adfc98d93 ef4b28797ef941f2a8192da8b88acea1 - - default default] Successfully bumped revision number for resource 6ed5f15c-dc10-4d86-bee6-cb27819475c8 (type: security_group_rules) to 0
2026-07-02 11:19:03.250 10 INFO neutron.db.ovn_revision_numbers_db [None req-e966b2a0-5690-4538-aa11-b329462c7bab 83ff6a123b694938a8cf1b9adfc98d93 ef4b28797ef941f2a8192da8b88acea1 - - default default] Successfully bumped revision number for resource a098fd44-8b11-43c0-92aa-e6215d14decf (type: security_group_rules) to 0
2026-07-02 11:19:03.263 10 INFO neutron.db.ovn_revision_numbers_db [None req-e966b2a0-5690-4538-aa11-b329462c7bab 83ff6a123b694938a8cf1b9adfc98d93 ef4b28797ef941f2a8192da8b88acea1 - - default default] Successfully bumped revision number for resource d148b8bc-e0bf-440d-9d1b-8fbb5a5b9aa3 (type: security_group_rules) to 0
2026-07-02 11:19:03.312 10 INFO neutron.api.wsgi [None req-e966b2a0-5690-4538-aa11-b329462c7bab 83ff6a123b694938a8cf1b9adfc98d93 ef4b28797ef941f2a8192da8b88acea1 - - default default] 10.0.0.23 "GET /v2.0/security-groups?tenant_id=5d612ba1500d4c138e6fad28017c2c46&name=default HTTP/1.1" status: 200 len: 3120 time: 0.2286780
2026-07-02 11:19:03.549 10 INFO neutron.api.wsgi [None req-b5bfb99a-64db-4f0c-b4e9-25cb3dc3a249 83ff6a123b694938a8cf1b9adfc98d93 ef4b28797ef941f2a8192da8b88acea1 - - default default] 10.0.0.23 "DELETE /v2.0/security-groups/b6107df4-4287-463a-8e97-ceb7d62d19f7 HTTP/1.1" status: 204 len: 168 time: 0.2304695
2026-07-02 11:19:03.654 9 INFO neutron.api.wsgi [req-e134b684-a67c-4d8f-a037-fa57629f9acf req-24b517e9-7b87-4bbf-a3eb-fc1998f3ee37 ac859a2252c54cc6b0a526a2c5fd2af3 f92b55a119f24ef8b47e978144f28fff - - d35581d8ea3f4597b843713eead5a22c d35581d8ea3f4597b843713eead5a22c] 199.19.213.66 "GET /v2.0/ports?tenant_id=4654c17cff2647858813415d89d2f119&device_id=fec7e041-01f2-4f37-ab8e-17dc06a6ba46 HTTP/1.1" status: 200 len: 1407 time: 0.0390451
2026-07-02 11:19:03.705 9 INFO neutron.api.wsgi [req-e134b684-a67c-4d8f-a037-fa57629f9acf req-c515f40e-c00c-4105-90d7-1980e81ca379 ac859a2252c54cc6b0a526a2c5fd2af3 f92b55a119f24ef8b47e978144f28fff - - d35581d8ea3f4597b843713eead5a22c d35581d8ea3f4597b843713eead5a22c] 199.19.213.66 "GET /v2.0/networks?tenant_id=4654c17cff2647858813415d89d2f119&shared=False HTTP/1.1" status: 200 len: 959 time: 0.0430644
2026-07-02 11:19:03.754 9 INFO neutron.api.wsgi [req-e134b684-a67c-4d8f-a037-fa57629f9acf req-60690582-0ede-4239-880e-4c00f1cd43f7 ac859a2252c54cc6b0a526a2c5fd2af3 f92b55a119f24ef8b47e978144f28fff - - d35581d8ea3f4597b843713eead5a22c d35581d8ea3f4597b843713eead5a22c] 199.19.213.66 "GET /v2.0/networks?shared=True HTTP/1.1" status: 200 len: 952 time: 0.0439770
2026-07-02 11:19:03.838 10 INFO neutron.db.ovn_revision_numbers_db [None req-07259e18-7f34-475c-bc77-b1858ce97345 83ff6a123b694938a8cf1b9adfc98d93 ef4b28797ef941f2a8192da8b88acea1 - - default default] Successfully bumped revision number for resource 34bea049-8bcf-4586-aac0-efe7a59f76c8 (type: security_groups) to 1
2026-07-02 11:19:03.850 10 INFO neutron.db.ovn_revision_numbers_db [None req-07259e18-7f34-475c-bc77-b1858ce97345 83ff6a123b694938a8cf1b9adfc98d93 ef4b28797ef941f2a8192da8b88acea1 - - default default] Successfully bumped revision number for resource 0856c522-ad07-4b76-86e9-6a51e40a0807 (type: security_group_rules) to 0
2026-07-02 11:19:03.863 10 INFO neutron.db.ovn_revision_numbers_db [None req-07259e18-7f34-475c-bc77-b1858ce97345 83ff6a123b694938a8cf1b9adfc98d93 ef4b28797ef941f2a8192da8b88acea1 - - default default] Successfully bumped revision number for resource 0f294c0b-23df-4f98-95cc-9387b2c4a238 (type: security_group_rules) to 0
2026-07-02 11:19:03.875 10 INFO neutron.db.ovn_revision_numbers_db [None req-07259e18-7f34-475c-bc77-b1858ce97345 83ff6a123b694938a8cf1b9adfc98d93 ef4b28797ef941f2a8192da8b88acea1 - - default default] Successfully bumped revision number for resource 29c58a42-cabb-4223-a3d8-5a73f0816b2b (type: security_group_rules) to 0
2026-07-02 11:19:03.887 10 INFO neutron.db.ovn_revision_numbers_db [None req-07259e18-7f34-475c-bc77-b1858ce97345 83ff6a123b694938a8cf1b9adfc98d93 ef4b28797ef941f2a8192da8b88acea1 - - default default] Successfully bumped revision number for resource c1df21e4-d1fb-4b8b-9129-e120a26570f4 (type: security_group_rules) to 0
2026-07-02 11:19:03.922 10 INFO neutron.api.wsgi [None req-07259e18-7f34-475c-bc77-b1858ce97345 83ff6a123b694938a8cf1b9adfc98d93 ef4b28797ef941f2a8192da8b88acea1 - - default default] 10.0.0.23 "GET /v2.0/security-groups?tenant_id=3b0d2634a09e4663872f1aa219b2a154&name=default HTTP/1.1" status: 200 len: 3120 time: 0.2100630
2026-07-02 11:19:04.141 10 INFO neutron.api.wsgi [None req-39d35e3c-87b0-4c75-a2e1-5840ea8a82d1 83ff6a123b694938a8cf1b9adfc98d93 ef4b28797ef941f2a8192da8b88acea1 - - default default] 10.0.0.23 "DELETE /v2.0/security-groups/34bea049-8bcf-4586-aac0-efe7a59f76c8 HTTP/1.1" status: 204 len: 168 time: 0.2131455
2026-07-02 11:19:04.272 9 INFO neutron.api.wsgi [req-eb0b9ce8-1194-4387-93d1-5dcd59e7e552 req-78bf11b9-4d10-4a95-8c97-adc426c9205f df0f21d8f05d4892ade3afcd31f1fe10 4654c17cff2647858813415d89d2f119 - - default default] 10.0.0.231 "GET /v2.0/ports?device_id=fec7e041-01f2-4f37-ab8e-17dc06a6ba46 HTTP/1.1" status: 200 len: 1168 time: 0.0402484
2026-07-02 11:19:04.328 9 INFO neutron.api.wsgi [req-eb0b9ce8-1194-4387-93d1-5dcd59e7e552 req-bd7aae79-6e2b-47ea-ae33-2bb86cece335 df0f21d8f05d4892ade3afcd31f1fe10 4654c17cff2647858813415d89d2f119 - - default default] 10.0.0.231 "GET /v2.0/security-groups?id=03acac75-f279-4b7f-a09f-849d3c85923e&fields=id&fields=name HTTP/1.1" status: 200 len: 313 time: 0.0515401
2026-07-02 11:19:04.801 9 INFO neutron.api.wsgi [req-c9142a86-216a-44e3-b479-7712e8b6439a req-e3fc3804-9f50-4927-a39a-f1d61146222c ac859a2252c54cc6b0a526a2c5fd2af3 f92b55a119f24ef8b47e978144f28fff - - d35581d8ea3f4597b843713eead5a22c d35581d8ea3f4597b843713eead5a22c] 199.19.213.66 "GET /v2.0/ports?tenant_id=4654c17cff2647858813415d89d2f119&device_id=fec7e041-01f2-4f37-ab8e-17dc06a6ba46 HTTP/1.1" status: 200 len: 1407 time: 0.0359418
2026-07-02 11:19:04.825 9 INFO neutron.api.wsgi [req-c9142a86-216a-44e3-b479-7712e8b6439a req-b62ce7ff-967b-4c81-bf54-b16dd5d52ded ac859a2252c54cc6b0a526a2c5fd2af3 f92b55a119f24ef8b47e978144f28fff - - d35581d8ea3f4597b843713eead5a22c d35581d8ea3f4597b843713eead5a22c] 199.19.213.66 "GET /v2.0/floatingips?fixed_ip_address=10.100.0.3&port_id=8bd65ec6-c56c-468f-be0e-4e1a9c78d9a5 HTTP/1.1" status: 200 len: 217 time: 0.0189118
2026-07-02 11:19:04.853 9 INFO neutron.api.wsgi [req-c9142a86-216a-44e3-b479-7712e8b6439a req-a9abf97a-aa1f-40b5-8c16-007b01ca6552 ac859a2252c54cc6b0a526a2c5fd2af3 f92b55a119f24ef8b47e978144f28fff - - d35581d8ea3f4597b843713eead5a22c d35581d8ea3f4597b843713eead5a22c] 199.19.213.66 "GET /v2.0/subnets?id=48a7ee31-0989-4f5e-aa6f-863df3ea4dfe HTTP/1.1" status: 200 len: 877 time: 0.0231378
2026-07-02 11:19:04.875 9 INFO neutron.api.wsgi [req-c9142a86-216a-44e3-b479-7712e8b6439a req-2e432ed9-841f-420d-bd64-10eb7718fb7f ac859a2252c54cc6b0a526a2c5fd2af3 f92b55a119f24ef8b47e978144f28fff - - d35581d8ea3f4597b843713eead5a22c d35581d8ea3f4597b843713eead5a22c] 199.19.213.66 "GET /v2.0/ports?network_id=6cb92061-241c-4965-add3-7e49ed59c0c3&device_owner=network%3Adhcp HTTP/1.1" status: 200 len: 210 time: 0.0162630
2026-07-02 11:19:04.921 9 INFO neutron.api.wsgi [req-c9142a86-216a-44e3-b479-7712e8b6439a req-6331898d-6b4c-4b9f-9570-29c4daff1820 ac859a2252c54cc6b0a526a2c5fd2af3 f92b55a119f24ef8b47e978144f28fff - - d35581d8ea3f4597b843713eead5a22c d35581d8ea3f4597b843713eead5a22c] 199.19.213.66 "GET /v2.0/networks/6cb92061-241c-4965-add3-7e49ed59c0c3?fields=segments HTTP/1.1" status: 200 len: 212 time: 0.0394721
2026-07-02 11:19:04.967 9 INFO neutron.api.wsgi [req-c9142a86-216a-44e3-b479-7712e8b6439a req-037ef675-8958-4bc0-84ba-b35672cfc98c ac859a2252c54cc6b0a526a2c5fd2af3 f92b55a119f24ef8b47e978144f28fff - - d35581d8ea3f4597b843713eead5a22c d35581d8ea3f4597b843713eead5a22c] 199.19.213.66 "GET /v2.0/networks/6cb92061-241c-4965-add3-7e49ed59c0c3?fields=provider%3Aphysical_network&fields=provider%3Anetwork_type HTTP/1.1" status: 200 len: 277 time: 0.0417449
2026-07-02 11:19:05.003 9 INFO neutron.api.wsgi [req-ddac75d1-a00f-4d15-93d5-c139d3589af3 req-e71b37c9-c64d-4fac-9e6d-a2d7e6c59af0 ac859a2252c54cc6b0a526a2c5fd2af3 f92b55a119f24ef8b47e978144f28fff - - d35581d8ea3f4597b843713eead5a22c d35581d8ea3f4597b843713eead5a22c] 199.19.213.66 "GET /v2.0/ports?device_id=366d7ecd-1e26-4356-a3a5-544f7f893362&fields=binding%3Ahost_id&fields=binding%3Avif_type HTTP/1.1" status: 200 len: 265 time: 0.0269744
2026-07-02 11:19:05.426 9 INFO neutron.api.wsgi [req-aefbd205-405c-4e52-b50a-504aab940d92 req-2edf0626-e370-4fc3-bd1d-5548235f56b4 df0f21d8f05d4892ade3afcd31f1fe10 4654c17cff2647858813415d89d2f119 - - default default] 10.0.0.231 "GET /v2.0/ports?device_id=fec7e041-01f2-4f37-ab8e-17dc06a6ba46 HTTP/1.1" status: 200 len: 1168 time: 0.0345426
2026-07-02 11:19:05.461 9 INFO neutron.api.wsgi [req-aefbd205-405c-4e52-b50a-504aab940d92 req-9f6370c5-b81f-430e-98c5-dc5aeb84d338 df0f21d8f05d4892ade3afcd31f1fe10 4654c17cff2647858813415d89d2f119 - - default default] 10.0.0.231 "GET /v2.0/security-groups?id=03acac75-f279-4b7f-a09f-849d3c85923e&fields=id&fields=name HTTP/1.1" status: 200 len: 313 time: 0.0302010
2026-07-02 11:19:06.068 9 INFO neutron.api.wsgi [req-ddac75d1-a00f-4d15-93d5-c139d3589af3 req-530a8709-c05f-4817-88ec-5c70e84f2a34 ac859a2252c54cc6b0a526a2c5fd2af3 f92b55a119f24ef8b47e978144f28fff - - d35581d8ea3f4597b843713eead5a22c d35581d8ea3f4597b843713eead5a22c] 199.19.213.66 "GET /v2.0/ports?tenant_id=4654c17cff2647858813415d89d2f119&device_id=366d7ecd-1e26-4356-a3a5-544f7f893362 HTTP/1.1" status: 200 len: 1409 time: 0.0503509
2026-07-02 11:19:06.411 9 INFO neutron.db.ovn_revision_numbers_db [None req-6ccbaf36-261c-47e2-989c-db920f5b115a 83ff6a123b694938a8cf1b9adfc98d93 ef4b28797ef941f2a8192da8b88acea1 - - default default] Successfully bumped revision number for resource 0dc2e840-12c2-4af6-87f4-1cf9037bddd4 (type: security_groups) to 1
2026-07-02 11:19:06.434 9 INFO neutron.db.ovn_revision_numbers_db [None req-6ccbaf36-261c-47e2-989c-db920f5b115a 83ff6a123b694938a8cf1b9adfc98d93 ef4b28797ef941f2a8192da8b88acea1 - - default default] Successfully bumped revision number for resource 3d1fd777-2a7d-4c2c-9e7b-7d2d8665e8f1 (type: security_group_rules) to 0
2026-07-02 11:19:06.448 9 INFO neutron.db.ovn_revision_numbers_db [None req-6ccbaf36-261c-47e2-989c-db920f5b115a 83ff6a123b694938a8cf1b9adfc98d93 ef4b28797ef941f2a8192da8b88acea1 - - default default] Successfully bumped revision number for resource 3def607b-1a97-4e0c-98aa-41b608887350 (type: security_group_rules) to 0
2026-07-02 11:19:06.476 9 INFO neutron.db.ovn_revision_numbers_db [None req-6ccbaf36-261c-47e2-989c-db920f5b115a 83ff6a123b694938a8cf1b9adfc98d93 ef4b28797ef941f2a8192da8b88acea1 - - default default] Successfully bumped revision number for resource c9014091-2e12-401f-b64e-f0be3d12c0ed (type: security_group_rules) to 0
2026-07-02 11:19:06.494 9 INFO neutron.db.ovn_revision_numbers_db [None req-6ccbaf36-261c-47e2-989c-db920f5b115a 83ff6a123b694938a8cf1b9adfc98d93 ef4b28797ef941f2a8192da8b88acea1 - - default default] Successfully bumped revision number for resource d83968d7-fc4a-4376-8b8d-741e417afb13 (type: security_group_rules) to 0
2026-07-02 11:19:06.549 9 INFO neutron.api.wsgi [req-7e1525b5-9f87-4795-bf78-b0bbf02a5d0f req-15defb4f-199f-4894-b0ae-11e80313958e df0f21d8f05d4892ade3afcd31f1fe10 4654c17cff2647858813415d89d2f119 - - default default] 10.0.0.231 "GET /v2.0/ports?device_id=fec7e041-01f2-4f37-ab8e-17dc06a6ba46 HTTP/1.1" status: 200 len: 1168 time: 0.0281165
2026-07-02 11:19:06.552 9 INFO neutron.api.wsgi [None req-6ccbaf36-261c-47e2-989c-db920f5b115a 83ff6a123b694938a8cf1b9adfc98d93 ef4b28797ef941f2a8192da8b88acea1 - - default default] 10.0.0.23 "GET /v2.0/security-groups?tenant_id=745da03a858a4d2d89804eae62a54fec&name=default HTTP/1.1" status: 200 len: 3120 time: 0.4065437
2026-07-02 11:19:06.605 9 INFO neutron.api.wsgi [req-7e1525b5-9f87-4795-bf78-b0bbf02a5d0f req-7864a9f6-2cc6-40da-a1d0-06e42f7d48d9 df0f21d8f05d4892ade3afcd31f1fe10 4654c17cff2647858813415d89d2f119 - - default default] 10.0.0.231 "GET /v2.0/security-groups?id=03acac75-f279-4b7f-a09f-849d3c85923e&fields=id&fields=name HTTP/1.1" status: 200 len: 313 time: 0.0502217
2026-07-02 11:19:06.636 9 INFO neutron.api.wsgi [req-ddac75d1-a00f-4d15-93d5-c139d3589af3 req-b190825b-1bb9-4681-b64c-8657c441ff06 ac859a2252c54cc6b0a526a2c5fd2af3 f92b55a119f24ef8b47e978144f28fff - - d35581d8ea3f4597b843713eead5a22c d35581d8ea3f4597b843713eead5a22c] 199.19.213.66 "GET /v2.0/networks?id=6cb92061-241c-4965-add3-7e49ed59c0c3 HTTP/1.1" status: 200 len: 959 time: 0.0605860
2026-07-02 11:19:06.658 9 INFO neutron.api.wsgi [req-ddac75d1-a00f-4d15-93d5-c139d3589af3 req-36eed57b-487a-4fd3-b33e-eac03686acef ac859a2252c54cc6b0a526a2c5fd2af3 f92b55a119f24ef8b47e978144f28fff - - d35581d8ea3f4597b843713eead5a22c d35581d8ea3f4597b843713eead5a22c] 199.19.213.66 "GET /v2.0/floatingips?fixed_ip_address=10.100.0.4&port_id=8fc950d5-3cad-4656-9cd0-9c50056e3473 HTTP/1.1" status: 200 len: 217 time: 0.0168200
2026-07-02 11:19:06.691 9 INFO neutron.api.wsgi [req-ddac75d1-a00f-4d15-93d5-c139d3589af3 req-de8ea21a-f93a-4597-9325-a2fadf5d2b44 ac859a2252c54cc6b0a526a2c5fd2af3 f92b55a119f24ef8b47e978144f28fff - - d35581d8ea3f4597b843713eead5a22c d35581d8ea3f4597b843713eead5a22c] 199.19.213.66 "GET /v2.0/subnets?id=48a7ee31-0989-4f5e-aa6f-863df3ea4dfe HTTP/1.1" status: 200 len: 877 time: 0.0272789
2026-07-02 11:19:06.709 9 INFO neutron.api.wsgi [req-ddac75d1-a00f-4d15-93d5-c139d3589af3 req-c01807a0-4779-4bf3-9ccb-96a5ef071e06 ac859a2252c54cc6b0a526a2c5fd2af3 f92b55a119f24ef8b47e978144f28fff - - d35581d8ea3f4597b843713eead5a22c d35581d8ea3f4597b843713eead5a22c] 199.19.213.66 "GET /v2.0/ports?network_id=6cb92061-241c-4965-add3-7e49ed59c0c3&device_owner=network%3Adhcp HTTP/1.1" status: 200 len: 210 time: 0.0133440
2026-07-02 11:19:06.756 9 INFO neutron.api.wsgi [req-ddac75d1-a00f-4d15-93d5-c139d3589af3 req-2098e571-fc66-45c4-a47b-77d1c8e2936c ac859a2252c54cc6b0a526a2c5fd2af3 f92b55a119f24ef8b47e978144f28fff - - d35581d8ea3f4597b843713eead5a22c d35581d8ea3f4597b843713eead5a22c] 199.19.213.66 "GET /v2.0/networks/6cb92061-241c-4965-add3-7e49ed59c0c3?fields=segments HTTP/1.1" status: 200 len: 212 time: 0.0421395
2026-07-02 11:19:06.811 9 INFO neutron.api.wsgi [req-ddac75d1-a00f-4d15-93d5-c139d3589af3 req-4f656b87-4395-4819-a8ee-568253ebbb6d ac859a2252c54cc6b0a526a2c5fd2af3 f92b55a119f24ef8b47e978144f28fff - - d35581d8ea3f4597b843713eead5a22c d35581d8ea3f4597b843713eead5a22c] 199.19.213.66 "GET /v2.0/networks/6cb92061-241c-4965-add3-7e49ed59c0c3?fields=provider%3Aphysical_network&fields=provider%3Anetwork_type HTTP/1.1" status: 200 len: 277 time: 0.0502808
2026-07-02 11:19:06.820 9 INFO neutron.api.wsgi [None req-22712ba0-0cb2-4404-9171-a7e7b1aed673 83ff6a123b694938a8cf1b9adfc98d93 ef4b28797ef941f2a8192da8b88acea1 - - default default] 10.0.0.23 "DELETE /v2.0/security-groups/0dc2e840-12c2-4af6-87f4-1cf9037bddd4 HTTP/1.1" status: 204 len: 168 time: 0.2601628
2026-07-02 11:19:07.120 10 INFO neutron.plugins.ml2.drivers.ovn.mech_driver.mech_driver [None req-fad35db4-34fc-4f19-8be7-b47129a297b7 - - - - - -] OVN reports status up for port: 8bd65ec6-c56c-468f-be0e-4e1a9c78d9a5
2026-07-02 11:19:07.138 10 INFO neutron.plugins.ml2.plugin [None req-fad35db4-34fc-4f19-8be7-b47129a297b7 - - - - - -] Attempt 1 to provision port 8bd65ec6-c56c-468f-be0e-4e1a9c78d9a5
2026-07-02 11:19:07.294 10 INFO neutron.notifiers.nova [-] Nova event matching ['req-3def852b-0fcb-4713-ae6b-32ca9cceaa46'] response: {'server_uuid': 'fec7e041-01f2-4f37-ab8e-17dc06a6ba46', 'name': 'network-vif-plugged', 'status': 'completed', 'tag': '8bd65ec6-c56c-468f-be0e-4e1a9c78d9a5', 'code': 200}
2026-07-02 11:19:07.391 10 INFO neutron.db.ovn_revision_numbers_db [None req-fad35db4-34fc-4f19-8be7-b47129a297b7 - - - - - -] Successfully bumped revision number for resource 8bd65ec6-c56c-468f-be0e-4e1a9c78d9a5 (type: ports) to 5
2026-07-02 11:19:07.715 9 INFO neutron.api.wsgi [req-b427d98a-695a-45c6-9e3a-d7cadc91427d req-3bc3a7d9-ea2e-4d51-835d-27c3a0052125 df0f21d8f05d4892ade3afcd31f1fe10 4654c17cff2647858813415d89d2f119 - - default default] 10.0.0.231 "GET /v2.0/ports?device_id=fec7e041-01f2-4f37-ab8e-17dc06a6ba46 HTTP/1.1" status: 200 len: 1170 time: 0.0395451
2026-07-02 11:19:07.762 9 INFO neutron.api.wsgi [req-b427d98a-695a-45c6-9e3a-d7cadc91427d req-2f6a5244-033f-4dcf-aadf-639ee5f0e4cc df0f21d8f05d4892ade3afcd31f1fe10 4654c17cff2647858813415d89d2f119 - - default default] 10.0.0.231 "GET /v2.0/security-groups?id=03acac75-f279-4b7f-a09f-849d3c85923e&fields=id&fields=name HTTP/1.1" status: 200 len: 313 time: 0.0418327 /var/lib/openstack/lib/python3.12/site-packages/pycadf/identifier.py:71: UserWarning: Invalid uuid: neutron. To ensure interoperability, identifiers should be a valid uuid. warnings.warn(('Invalid uuid: %s. To ensure interoperability, '
2026-07-02 11:19:08.491 10 WARNING neutron_lib.context [None req-e455ed2c-edff-467c-b905-5bbbe09be042 8059da8acd38461c9eaf3b50c09bda80 e52f1e21f1e447fd859b86360dfaaec9 - - default default] Method 'is_advsvc' is deprecated since 2023.2 release (neutron-lib 3.8.0) and will be removed once support for the old RBAC API policies will be removed from Neutron. Please use method 'is_service_role' instead.
2026-07-02 11:19:08.620 10 INFO neutron.db.ovn_revision_numbers_db [None req-e455ed2c-edff-467c-b905-5bbbe09be042 8059da8acd38461c9eaf3b50c09bda80 e52f1e21f1e447fd859b86360dfaaec9 - - default default] Successfully bumped revision number for resource a0883b0e-f923-42db-a9f3-be171166318c (type: security_groups) to 1
2026-07-02 11:19:08.634 10 INFO neutron.db.ovn_revision_numbers_db [None req-e455ed2c-edff-467c-b905-5bbbe09be042 8059da8acd38461c9eaf3b50c09bda80 e52f1e21f1e447fd859b86360dfaaec9 - - default default] Successfully bumped revision number for resource 20cf706c-0723-447c-8f57-1f7e0589b72d (type: security_group_rules) to 0
2026-07-02 11:19:08.650 10 INFO neutron.db.ovn_revision_numbers_db [None req-e455ed2c-edff-467c-b905-5bbbe09be042 8059da8acd38461c9eaf3b50c09bda80 e52f1e21f1e447fd859b86360dfaaec9 - - default default] Successfully bumped revision number for resource 741b84ad-6427-402b-bfd3-5a51f3bf3118 (type: security_group_rules) to 0
2026-07-02 11:19:08.663 10 INFO neutron.db.ovn_revision_numbers_db [None req-e455ed2c-edff-467c-b905-5bbbe09be042 8059da8acd38461c9eaf3b50c09bda80 e52f1e21f1e447fd859b86360dfaaec9 - - default default] Successfully bumped revision number for resource f4861d79-0cd5-4144-a505-8369751184cf (type: security_group_rules) to 0
2026-07-02 11:19:08.679 10 INFO neutron.db.ovn_revision_numbers_db [None req-e455ed2c-edff-467c-b905-5bbbe09be042 8059da8acd38461c9eaf3b50c09bda80 e52f1e21f1e447fd859b86360dfaaec9 - - default default] Successfully bumped revision number for resource f804e7e8-d773-4295-9465-d959905035f0 (type: security_group_rules) to 0
2026-07-02 11:19:08.756 10 INFO neutron.db.ovn_revision_numbers_db [None req-e455ed2c-edff-467c-b905-5bbbe09be042 8059da8acd38461c9eaf3b50c09bda80 e52f1e21f1e447fd859b86360dfaaec9 - - default default] Successfully bumped revision number for resource 4093c055-31a6-4fde-a944-0e7e82241856 (type: security_groups) to 1
2026-07-02 11:19:08.767 10 INFO neutron.db.ovn_revision_numbers_db [None req-e455ed2c-edff-467c-b905-5bbbe09be042 8059da8acd38461c9eaf3b50c09bda80 e52f1e21f1e447fd859b86360dfaaec9 - - default default] Successfully bumped revision number for resource 19e41e55-d23c-432d-9baa-8d0c0e06e182 (type: security_group_rules) to 0
2026-07-02 11:19:08.783 10 INFO neutron.db.ovn_revision_numbers_db [None req-e455ed2c-edff-467c-b905-5bbbe09be042 8059da8acd38461c9eaf3b50c09bda80 e52f1e21f1e447fd859b86360dfaaec9 - - default default] Successfully bumped revision number for resource 1cc21636-2fb0-4a74-90aa-c812cd39d70a (type: security_group_rules) to 0
2026-07-02 11:19:08.835 10 INFO neutron.api.wsgi [None req-e455ed2c-edff-467c-b905-5bbbe09be042 8059da8acd38461c9eaf3b50c09bda80 e52f1e21f1e447fd859b86360dfaaec9 - - default default] 10.0.0.23 "POST /v2.0/security-groups HTTP/1.1" status: 201 len: 1801 time: 0.5440481
2026-07-02 11:19:08.846 9 WARNING neutron_lib.context [None req-a5a3e033-827a-4af8-bac7-1ba3cfc1de78 8059da8acd38461c9eaf3b50c09bda80 e52f1e21f1e447fd859b86360dfaaec9 - - default default] Method 'is_advsvc' is deprecated since 2023.2 release (neutron-lib 3.8.0) and will be removed once support for the old RBAC API policies will be removed from Neutron. Please use method 'is_service_role' instead.
2026-07-02 11:19:08.897 9 INFO neutron.api.wsgi [req-e9a55e97-3652-4d82-9d1e-30457a2e7986 req-b52f2a8d-2f3b-405d-8fe4-b2d0032efc84 df0f21d8f05d4892ade3afcd31f1fe10 4654c17cff2647858813415d89d2f119 - - default default] 10.0.0.231 "GET /v2.0/ports?device_id=fec7e041-01f2-4f37-ab8e-17dc06a6ba46 HTTP/1.1" status: 200 len: 1170 time: 0.0800791
2026-07-02 11:19:08.938 9 INFO neutron.api.wsgi [req-e9a55e97-3652-4d82-9d1e-30457a2e7986 req-39af8b76-48af-499a-9f1d-338ba17883a3 df0f21d8f05d4892ade3afcd31f1fe10 4654c17cff2647858813415d89d2f119 - - default default] 10.0.0.231 "GET /v2.0/security-groups?id=03acac75-f279-4b7f-a09f-849d3c85923e&fields=id&fields=name HTTP/1.1" status: 200 len: 313 time: 0.0362270
2026-07-02 11:19:08.972 9 INFO neutron.db.ovn_revision_numbers_db [None req-a5a3e033-827a-4af8-bac7-1ba3cfc1de78 8059da8acd38461c9eaf3b50c09bda80 e52f1e21f1e447fd859b86360dfaaec9 - - default default] Successfully bumped revision number for resource 827bf8be-1073-40cf-bcf4-139a86ce33a6 (type: security_groups) to 1
2026-07-02 11:19:08.986 9 INFO neutron.db.ovn_revision_numbers_db [None req-a5a3e033-827a-4af8-bac7-1ba3cfc1de78 8059da8acd38461c9eaf3b50c09bda80 e52f1e21f1e447fd859b86360dfaaec9 - - default default] Successfully bumped revision number for resource 70dd4774-ce4f-4605-9d16-9ba09dced681 (type: security_group_rules) to 0
2026-07-02 11:19:09.010 9 INFO neutron.db.ovn_revision_numbers_db [None req-a5a3e033-827a-4af8-bac7-1ba3cfc1de78 8059da8acd38461c9eaf3b50c09bda80 e52f1e21f1e447fd859b86360dfaaec9 - - default default] Successfully bumped revision number for resource a212970d-8483-4bf2-bf11-276402d1c510 (type: security_group_rules) to 0
2026-07-02 11:19:09.056 9 INFO neutron.api.wsgi [None req-a5a3e033-827a-4af8-bac7-1ba3cfc1de78 8059da8acd38461c9eaf3b50c09bda80 e52f1e21f1e447fd859b86360dfaaec9 - - default default] 10.0.0.23 "POST /v2.0/security-groups HTTP/1.1" status: 201 len: 1801 time: 0.2139945
2026-07-02 11:19:09.066 10 WARNING neutron_lib.context [None req-459c3dd6-0d51-4683-9145-0d81d7f0c26c 8059da8acd38461c9eaf3b50c09bda80 e52f1e21f1e447fd859b86360dfaaec9 - - default default] Method 'is_advsvc' is deprecated since 2023.2 release (neutron-lib 3.8.0) and will be removed once support for the old RBAC API policies will be removed from Neutron. Please use method 'is_service_role' instead.
2026-07-02 11:19:09.175 10 INFO neutron.db.ovn_revision_numbers_db [None req-459c3dd6-0d51-4683-9145-0d81d7f0c26c 8059da8acd38461c9eaf3b50c09bda80 e52f1e21f1e447fd859b86360dfaaec9 - - default default] Successfully bumped revision number for resource 33b7da43-673a-4c7f-830e-49745172678d (type: security_groups) to 1
2026-07-02 11:19:09.193 10 INFO neutron.db.ovn_revision_numbers_db [None req-459c3dd6-0d51-4683-9145-0d81d7f0c26c 8059da8acd38461c9eaf3b50c09bda80 e52f1e21f1e447fd859b86360dfaaec9 - - default default] Successfully bumped revision number for resource 3380f23d-140c-446d-800b-8f1bd059314e (type: security_group_rules) to 0
2026-07-02 11:19:09.211 10 INFO neutron.db.ovn_revision_numbers_db [None req-459c3dd6-0d51-4683-9145-0d81d7f0c26c 8059da8acd38461c9eaf3b50c09bda80 e52f1e21f1e447fd859b86360dfaaec9 - - default default] Successfully bumped revision number for resource 6460edb4-0b21-4ce2-9d1f-f75954736c7e (type: security_group_rules) to 0
2026-07-02 11:19:09.246 10 INFO neutron.api.wsgi [None req-459c3dd6-0d51-4683-9145-0d81d7f0c26c 8059da8acd38461c9eaf3b50c09bda80 e52f1e21f1e447fd859b86360dfaaec9 - - default default] 10.0.0.23 "POST /v2.0/security-groups HTTP/1.1" status: 201 len: 1801 time: 0.1862447
2026-07-02 11:19:09.262 10 WARNING neutron_lib.context [None req-aa96388e-9d27-4b5d-81e4-de92a226d222 8059da8acd38461c9eaf3b50c09bda80 e52f1e21f1e447fd859b86360dfaaec9 - - default default] Method 'is_advsvc' is deprecated since 2023.2 release (neutron-lib 3.8.0) and will be removed once support for the old RBAC API policies will be removed from Neutron. Please use method 'is_service_role' instead.
2026-07-02 11:19:09.331 10 INFO neutron.notifiers.nova [-] Nova event matching ['req-5036adb2-344e-49b8-a526-1fae882f8f05'] response: {'server_uuid': 'fec7e041-01f2-4f37-ab8e-17dc06a6ba46', 'name': 'network-vif-plugged', 'status': 'completed', 'tag': '8bd65ec6-c56c-468f-be0e-4e1a9c78d9a5', 'code': 200}
2026-07-02 11:19:09.386 10 INFO neutron.db.ovn_revision_numbers_db [None req-aa96388e-9d27-4b5d-81e4-de92a226d222 8059da8acd38461c9eaf3b50c09bda80 e52f1e21f1e447fd859b86360dfaaec9 - - default default] Successfully bumped revision number for resource c06943c3-94a5-48bb-aeb4-a06c81d28f6b (type: security_groups) to 1
2026-07-02 11:19:09.422 10 INFO neutron.db.ovn_revision_numbers_db [None req-aa96388e-9d27-4b5d-81e4-de92a226d222 8059da8acd38461c9eaf3b50c09bda80 e52f1e21f1e447fd859b86360dfaaec9 - - default default] Successfully bumped revision number for resource 6e11a520-8a58-492f-9911-2dfe5f1720f0 (type: security_group_rules) to 0
2026-07-02 11:19:09.444 10 INFO neutron.db.ovn_revision_numbers_db [None req-aa96388e-9d27-4b5d-81e4-de92a226d222 8059da8acd38461c9eaf3b50c09bda80 e52f1e21f1e447fd859b86360dfaaec9 - - default default] Successfully bumped revision number for resource fc00cf02-4ca0-423e-aa0a-6cc944ec30fe (type: security_group_rules) to 0
2026-07-02 11:19:09.485 10 INFO neutron.api.wsgi [None req-aa96388e-9d27-4b5d-81e4-de92a226d222 8059da8acd38461c9eaf3b50c09bda80 e52f1e21f1e447fd859b86360dfaaec9 - - default default] 10.0.0.23 "POST /v2.0/security-groups HTTP/1.1" status: 201 len: 1801 time: 0.2300723
2026-07-02 11:19:09.494 10 WARNING neutron_lib.context [None req-e9e968fb-63ca-4120-8981-d828aa5e0690 8059da8acd38461c9eaf3b50c09bda80 e52f1e21f1e447fd859b86360dfaaec9 - - default default] Method 'is_advsvc' is deprecated since 2023.2 release (neutron-lib 3.8.0) and will be removed once support for the old RBAC API policies will be removed from Neutron. Please use method 'is_service_role' instead.
2026-07-02 11:19:09.605 10 INFO neutron.db.ovn_revision_numbers_db [None req-e9e968fb-63ca-4120-8981-d828aa5e0690 8059da8acd38461c9eaf3b50c09bda80 e52f1e21f1e447fd859b86360dfaaec9 - - default default] Successfully bumped revision number for resource 03737d0a-c9d4-4dc4-82e4-2376932e005c (type: security_groups) to 1
2026-07-02 11:19:09.619 10 INFO neutron.db.ovn_revision_numbers_db [None req-e9e968fb-63ca-4120-8981-d828aa5e0690 8059da8acd38461c9eaf3b50c09bda80 e52f1e21f1e447fd859b86360dfaaec9 - - default default] Successfully bumped revision number for resource 1b909b57-635b-432a-b7ef-6bacf6bb052b (type: security_group_rules) to 0
2026-07-02 11:19:09.630 10 INFO neutron.db.ovn_revision_numbers_db [None req-e9e968fb-63ca-4120-8981-d828aa5e0690 8059da8acd38461c9eaf3b50c09bda80 e52f1e21f1e447fd859b86360dfaaec9 - - default default] Successfully bumped revision number for resource 4d77c23a-8c48-45d6-a07b-2ff7aceb29b4 (type: security_group_rules) to 0
2026-07-02 11:19:09.665 10 INFO neutron.api.wsgi [None req-e9e968fb-63ca-4120-8981-d828aa5e0690 8059da8acd38461c9eaf3b50c09bda80 e52f1e21f1e447fd859b86360dfaaec9 - - default default] 10.0.0.23 "POST /v2.0/security-groups HTTP/1.1" status: 201 len: 1801 time: 0.1752410
2026-07-02 11:19:09.705 10 INFO neutron.api.wsgi [None req-989385be-ce27-49b8-a164-49c6c5454167 8059da8acd38461c9eaf3b50c09bda80 e52f1e21f1e447fd859b86360dfaaec9 - - default default] 10.0.0.23 "PUT /v2.0/security-groups/4093c055-31a6-4fde-a944-0e7e82241856/tags HTTP/1.1" status: 200 len: 210 time: 0.0329399
2026-07-02 11:19:09.742 10 INFO neutron.api.wsgi [None req-f68e0e0a-ea18-47af-8fbd-cade52da1bc9 8059da8acd38461c9eaf3b50c09bda80 e52f1e21f1e447fd859b86360dfaaec9 - - default default] 10.0.0.23 "PUT /v2.0/security-groups/827bf8be-1073-40cf-bcf4-139a86ce33a6/tags HTTP/1.1" status: 200 len: 218 time: 0.0308547
2026-07-02 11:19:09.778 10 INFO neutron.api.wsgi [None req-ebb996cb-6140-4891-b609-6dd22d23a571 8059da8acd38461c9eaf3b50c09bda80 e52f1e21f1e447fd859b86360dfaaec9 - - default default] 10.0.0.23 "PUT /v2.0/security-groups/33b7da43-673a-4c7f-830e-49745172678d/tags HTTP/1.1" status: 200 len: 227 time: 0.0305285
2026-07-02 11:19:09.815 10 INFO neutron.api.wsgi [None req-a9aaf77a-634f-42d9-a320-d452c1d9e80f 8059da8acd38461c9eaf3b50c09bda80 e52f1e21f1e447fd859b86360dfaaec9 - - default default] 10.0.0.23 "PUT /v2.0/security-groups/c06943c3-94a5-48bb-aeb4-a06c81d28f6b/tags HTTP/1.1" status: 200 len: 212 time: 0.0316088
2026-07-02 11:19:09.885 10 INFO neutron.api.wsgi [None req-f46799d0-1ffc-4a7d-9a63-f819c14c372e 8059da8acd38461c9eaf3b50c09bda80 e52f1e21f1e447fd859b86360dfaaec9 - - default default] 10.0.0.23 "GET /v2.0/security-groups?tags=red HTTP/1.1" status: 200 len: 4999 time: 0.0638173
2026-07-02 11:19:09.943 9 INFO neutron.api.wsgi [None req-8abc3ee0-a829-4fa2-8776-c2dcd8c2207c 8059da8acd38461c9eaf3b50c09bda80 e52f1e21f1e447fd859b86360dfaaec9 - - default default] 10.0.0.23 "GET /v2.0/security-groups?tags=red%2Cblue HTTP/1.1" status: 200 len: 3413 time: 0.0530801
2026-07-02 11:19:09.998 9 INFO neutron.api.wsgi [None req-d14c5620-c0b7-4017-bb15-1188dd9632f5 8059da8acd38461c9eaf3b50c09bda80 e52f1e21f1e447fd859b86360dfaaec9 - - default default] 10.0.0.23 "GET /v2.0/security-groups?tags-any=blue HTTP/1.1" status: 200 len: 3413 time: 0.0493610
2026-07-02 11:19:10.049 9 INFO neutron.api.wsgi [req-94734a61-c6f9-4b33-8e0f-0d8d34e5b7a1 req-8f8228ca-1f46-4b06-a3b7-8de4fdf9fa4d df0f21d8f05d4892ade3afcd31f1fe10 4654c17cff2647858813415d89d2f119 - - default default] 10.0.0.231 "GET /v2.0/ports?device_id=fec7e041-01f2-4f37-ab8e-17dc06a6ba46 HTTP/1.1" status: 200 len: 1170 time: 0.0424988
2026-07-02 11:19:10.057 9 INFO neutron.api.wsgi [None req-e19e2a6d-57ac-454f-b9f9-90a8dfd571eb 8059da8acd38461c9eaf3b50c09bda80 e52f1e21f1e447fd859b86360dfaaec9 - - default default] 10.0.0.23 "GET /v2.0/security-groups?tags-any=red%2Cblue HTTP/1.1" status: 200 len: 4999 time: 0.0502470
2026-07-02 11:19:10.099 9 INFO neutron.api.wsgi [req-94734a61-c6f9-4b33-8e0f-0d8d34e5b7a1 req-1b808a3d-8259-421a-91b4-fe1e2690554b df0f21d8f05d4892ade3afcd31f1fe10 4654c17cff2647858813415d89d2f119 - - default default] 10.0.0.231 "GET /v2.0/security-groups?id=03acac75-f279-4b7f-a09f-849d3c85923e&fields=id&fields=name HTTP/1.1" status: 200 len: 313 time: 0.0418546
2026-07-02 11:19:10.103 9 INFO neutron.api.wsgi [None req-e8d4dac9-1156-4151-be9e-d10971679b8d 8059da8acd38461c9eaf3b50c09bda80 e52f1e21f1e447fd859b86360dfaaec9 - - default default] 10.0.0.23 "GET /v2.0/security-groups?not-tags=red HTTP/1.1" status: 200 len: 6289 time: 0.0409048
2026-07-02 11:19:10.162 9 INFO neutron.api.wsgi [None req-e08525f8-31f2-4f67-8f78-519b95666fe0 8059da8acd38461c9eaf3b50c09bda80 e52f1e21f1e447fd859b86360dfaaec9 - - default default] 10.0.0.23 "GET /v2.0/security-groups?not-tags=red%2Cblue HTTP/1.1" status: 200 len: 7875 time: 0.0532105
2026-07-02 11:19:10.205 9 INFO neutron.api.wsgi [req-b9ed67ee-88b5-46e9-876f-9d4142ee2eb9 req-4d6334b8-5f21-4429-8efa-6a89e12fc5d3 df0f21d8f05d4892ade3afcd31f1fe10 4654c17cff2647858813415d89d2f119 - - default default] 10.0.0.231 "GET /v2.0/ports?device_id=fec7e041-01f2-4f37-ab8e-17dc06a6ba46 HTTP/1.1" status: 200 len: 1170 time: 0.0343726
2026-07-02 11:19:10.216 10 INFO neutron.api.wsgi [None req-020d132f-43e4-46b5-9253-1f623228def7 8059da8acd38461c9eaf3b50c09bda80 e52f1e21f1e447fd859b86360dfaaec9 - - default default] 10.0.0.23 "GET /v2.0/security-groups?not-tags-any=blue HTTP/1.1" status: 200 len: 7875 time: 0.0430140
2026-07-02 11:19:10.227 9 INFO neutron.api.wsgi [None req-4ba1ac43-cd1b-4c0c-9dcd-c0b33b5bbfdf 13eb6edb5ca5488a9169427afa5d4cad 3920b3cd1d844cecb4a87769a6de4f37 - - default default] 10.0.0.148 "GET /v2.0/extensions HTTP/1.1" status: 200 len: 19298 time: 0.0481431
2026-07-02 11:19:10.254 10 INFO neutron.api.wsgi [None req-68cad322-ac61-4562-939f-9cc0a9151f23 8059da8acd38461c9eaf3b50c09bda80 e52f1e21f1e447fd859b86360dfaaec9 - - default default] 10.0.0.23 "GET /v2.0/security-groups?not-tags-any=red%2Cblue HTTP/1.1" status: 200 len: 6289 time: 0.0334492
2026-07-02 11:19:10.290 9 INFO neutron.api.wsgi [req-b9ed67ee-88b5-46e9-876f-9d4142ee2eb9 req-613e636a-9cba-4cb3-9e05-cd36821b1580 df0f21d8f05d4892ade3afcd31f1fe10 4654c17cff2647858813415d89d2f119 - - default default] 10.0.0.231 "GET /v2.0/security-groups?id=03acac75-f279-4b7f-a09f-849d3c85923e&fields=id&fields=name HTTP/1.1" status: 200 len: 313 time: 0.0795958
2026-07-02 11:19:10.368 10 INFO neutron.api.wsgi [None req-2c051bc5-bdf1-4ca5-beb4-b50de3c5054a 9cc4376ef6f44f3aa0f47e7b0a366580 f4fb944c3cc9438cbf52f2fc6af09bf6 - - default default] 10.0.0.23 "GET /v2.0/ports?device_id=fec7e041-01f2-4f37-ab8e-17dc06a6ba46 HTTP/1.1" status: 200 len: 1404 time: 0.0489349
2026-07-02 11:19:10.403 9 INFO neutron.api.wsgi [None req-61f4d6c3-4fbc-4b0b-a9e1-b65e52a95db1 13eb6edb5ca5488a9169427afa5d4cad 3920b3cd1d844cecb4a87769a6de4f37 - - default default] 10.0.0.148 "GET /v2.0/quotas/3920b3cd1d844cecb4a87769a6de4f37/details HTTP/1.1" status: 200 len: 1046 time: 0.1658156
2026-07-02 11:19:10.426 9 INFO neutron.api.wsgi [None req-10e338e9-d188-477e-ae16-1ffe240d3f1d 8059da8acd38461c9eaf3b50c09bda80 e52f1e21f1e447fd859b86360dfaaec9 - - default default] 10.0.0.23 "DELETE /v2.0/security-groups/4093c055-31a6-4fde-a944-0e7e82241856 HTTP/1.1" status: 204 len: 168 time: 0.1651895
2026-07-02 11:19:10.553 10 INFO neutron.api.wsgi [None req-527cf33a-083b-48d7-8e7a-03aab2af790b 8059da8acd38461c9eaf3b50c09bda80 e52f1e21f1e447fd859b86360dfaaec9 - - default default] 10.0.0.23 "DELETE /v2.0/security-groups/827bf8be-1073-40cf-bcf4-139a86ce33a6 HTTP/1.1" status: 204 len: 168 time: 0.1206491
2026-07-02 11:19:10.719 10 INFO neutron.api.wsgi [None req-c04d71c3-5f6d-432e-b3f5-03fef672686d 8059da8acd38461c9eaf3b50c09bda80 e52f1e21f1e447fd859b86360dfaaec9 - - default default] 10.0.0.23 "DELETE /v2.0/security-groups/33b7da43-673a-4c7f-830e-49745172678d HTTP/1.1" status: 204 len: 168 time: 0.1592953
2026-07-02 11:19:10.827 10 INFO neutron.db.ovn_revision_numbers_db [None req-7e4bb948-629d-4fcc-b031-b5bc10b81260 df0f21d8f05d4892ade3afcd31f1fe10 4654c17cff2647858813415d89d2f119 - - default default] Successfully bumped revision number for resource 80eecc71-c456-4b89-91c6-6ea616a66f95 (type: floatingips) to 4
2026-07-02 11:19:10.881 9 INFO neutron.api.wsgi [None req-762d8013-eae3-4605-bb46-878fbb697f94 8059da8acd38461c9eaf3b50c09bda80 e52f1e21f1e447fd859b86360dfaaec9 - - default default] 10.0.0.23 "DELETE /v2.0/security-groups/c06943c3-94a5-48bb-aeb4-a06c81d28f6b HTTP/1.1" status: 204 len: 168 time: 0.1538501 /var/lib/openstack/lib/python3.12/site-packages/pycadf/identifier.py:71: UserWarning: Invalid uuid: neutron. To ensure interoperability, identifiers should be a valid uuid. warnings.warn(('Invalid uuid: %s. To ensure interoperability, '
2026-07-02 11:19:10.939 10 INFO neutron.db.ovn_revision_numbers_db [None req-7e4bb948-629d-4fcc-b031-b5bc10b81260 df0f21d8f05d4892ade3afcd31f1fe10 4654c17cff2647858813415d89d2f119 - - default default] Successfully bumped revision number for resource 80eecc71-c456-4b89-91c6-6ea616a66f95 (type: floatingips) to 5
2026-07-02 11:19:10.939 10 INFO neutron.db.l3_db [None req-7e4bb948-629d-4fcc-b031-b5bc10b81260 df0f21d8f05d4892ade3afcd31f1fe10 4654c17cff2647858813415d89d2f119 - - default default] Floating IP 80eecc71-c456-4b89-91c6-6ea616a66f95 associated. External IP: 10.96.250.213, port: 8bd65ec6-c56c-468f-be0e-4e1a9c78d9a5.
2026-07-02 11:19:10.961 10 INFO neutron.api.wsgi [None req-7e4bb948-629d-4fcc-b031-b5bc10b81260 df0f21d8f05d4892ade3afcd31f1fe10 4654c17cff2647858813415d89d2f119 - - default default] 10.0.0.23 "PUT /v2.0/floatingips/80eecc71-c456-4b89-91c6-6ea616a66f95 HTTP/1.1" status: 200 len: 1049 time: 0.5867050
2026-07-02 11:19:10.993 10 INFO neutron.api.wsgi [None req-347864e6-252b-4250-96fc-aefa1b0bfcb4 df0f21d8f05d4892ade3afcd31f1fe10 4654c17cff2647858813415d89d2f119 - - default default] 10.0.0.23 "GET /v2.0/floatingips/80eecc71-c456-4b89-91c6-6ea616a66f95 HTTP/1.1" status: 200 len: 1051 time: 0.0271251
2026-07-02 11:19:11.000 9 INFO neutron.api.wsgi [None req-67b25761-241e-407b-9088-fbe6712348c9 8059da8acd38461c9eaf3b50c09bda80 e52f1e21f1e447fd859b86360dfaaec9 - - default default] 10.0.0.23 "DELETE /v2.0/security-groups/03737d0a-c9d4-4dc4-82e4-2376932e005c HTTP/1.1" status: 204 len: 168 time: 0.1120327
2026-07-02 11:19:11.373 10 INFO neutron.notifiers.nova [-] Nova event matching ['req-0ea3589d-95e7-4981-a007-13c93199ac36'] response: {'name': 'network-changed', 'server_uuid': 'fec7e041-01f2-4f37-ab8e-17dc06a6ba46', 'tag': '8bd65ec6-c56c-468f-be0e-4e1a9c78d9a5', 'status': 'completed', 'code': 200}
2026-07-02 11:19:11.752 9 INFO neutron.api.wsgi [-] 10.0.0.197 "GET / HTTP/1.1" status: 200 len: 247 time: 0.0021842
2026-07-02 11:19:11.752 10 INFO neutron.api.wsgi [-] 10.0.0.197 "GET / HTTP/1.1" status: 200 len: 247 time: 0.0026071
2026-07-02 11:19:11.944 9 INFO neutron.api.wsgi [req-ce79583d-8de9-4e33-8d3b-b9104e4009db req-fd441455-0268-4c92-8f34-98ddd7fa041a ac859a2252c54cc6b0a526a2c5fd2af3 f92b55a119f24ef8b47e978144f28fff - - d35581d8ea3f4597b843713eead5a22c d35581d8ea3f4597b843713eead5a22c] 199.19.213.66 "GET /v2.0/ports?tenant_id=4654c17cff2647858813415d89d2f119&device_id=fec7e041-01f2-4f37-ab8e-17dc06a6ba46 HTTP/1.1" status: 200 len: 1409 time: 0.0505316
2026-07-02 11:19:11.997 9 INFO neutron.api.wsgi [req-ce79583d-8de9-4e33-8d3b-b9104e4009db req-47fab203-54dd-449b-a167-5403b72ea672 ac859a2252c54cc6b0a526a2c5fd2af3 f92b55a119f24ef8b47e978144f28fff - - d35581d8ea3f4597b843713eead5a22c d35581d8ea3f4597b843713eead5a22c] 199.19.213.66 "GET /v2.0/networks?id=6cb92061-241c-4965-add3-7e49ed59c0c3 HTTP/1.1" status: 200 len: 959 time: 0.0501442
2026-07-02 11:19:12.036 9 INFO neutron.api.wsgi [req-ce79583d-8de9-4e33-8d3b-b9104e4009db req-e7a8c8e3-0bbf-40b1-b6ba-a1a5bcb2bafd ac859a2252c54cc6b0a526a2c5fd2af3 f92b55a119f24ef8b47e978144f28fff - - d35581d8ea3f4597b843713eead5a22c d35581d8ea3f4597b843713eead5a22c] 199.19.213.66 "GET /v2.0/floatingips?fixed_ip_address=10.100.0.3&port_id=8bd65ec6-c56c-468f-be0e-4e1a9c78d9a5 HTTP/1.1" status: 200 len: 1059 time: 0.0350394
2026-07-02 11:19:12.070 9 INFO neutron.api.wsgi [req-ce79583d-8de9-4e33-8d3b-b9104e4009db req-2c0c2373-4a1b-467c-96c4-b4331be9072e ac859a2252c54cc6b0a526a2c5fd2af3 f92b55a119f24ef8b47e978144f28fff - - d35581d8ea3f4597b843713eead5a22c d35581d8ea3f4597b843713eead5a22c] 199.19.213.66 "GET /v2.0/subnets?id=48a7ee31-0989-4f5e-aa6f-863df3ea4dfe HTTP/1.1" status: 200 len: 877 time: 0.0278518
2026-07-02 11:19:12.085 9 INFO neutron.api.wsgi [req-ce79583d-8de9-4e33-8d3b-b9104e4009db req-6c642c92-ca42-430c-a38f-abb3c754c6cf ac859a2252c54cc6b0a526a2c5fd2af3 f92b55a119f24ef8b47e978144f28fff - - d35581d8ea3f4597b843713eead5a22c d35581d8ea3f4597b843713eead5a22c] 199.19.213.66 "GET /v2.0/ports?network_id=6cb92061-241c-4965-add3-7e49ed59c0c3&device_owner=network%3Adhcp HTTP/1.1" status: 200 len: 210 time: 0.0110440
2026-07-02 11:19:12.125 9 INFO neutron.api.wsgi [req-ce79583d-8de9-4e33-8d3b-b9104e4009db req-489ab1ce-8929-427e-a33d-47e997ff972a ac859a2252c54cc6b0a526a2c5fd2af3 f92b55a119f24ef8b47e978144f28fff - - d35581d8ea3f4597b843713eead5a22c d35581d8ea3f4597b843713eead5a22c] 199.19.213.66 "GET /v2.0/networks/6cb92061-241c-4965-add3-7e49ed59c0c3?fields=segments HTTP/1.1" status: 200 len: 212 time: 0.0368986
2026-07-02 11:19:12.141 10 INFO neutron.db.ovn_revision_numbers_db [None req-e90501d3-bfcc-4e80-8217-1b88a2325423 83ff6a123b694938a8cf1b9adfc98d93 ef4b28797ef941f2a8192da8b88acea1 - - default default] Successfully bumped revision number for resource ecffd561-ef54-489d-95c3-715bd84fd3d2 (type: security_groups) to 1
2026-07-02 11:19:12.153 10 INFO neutron.db.ovn_revision_numbers_db [None req-e90501d3-bfcc-4e80-8217-1b88a2325423 83ff6a123b694938a8cf1b9adfc98d93 ef4b28797ef941f2a8192da8b88acea1 - - default default] Successfully bumped revision number for resource 351ff77f-83b7-45c3-8774-4a6fecc3f785 (type: security_group_rules) to 0
2026-07-02 11:19:12.166 10 INFO neutron.db.ovn_revision_numbers_db [None req-e90501d3-bfcc-4e80-8217-1b88a2325423 83ff6a123b694938a8cf1b9adfc98d93 ef4b28797ef941f2a8192da8b88acea1 - - default default] Successfully bumped revision number for resource 747e5ce0-3fa0-4bf5-947d-07f790b93851 (type: security_group_rules) to 0
2026-07-02 11:19:12.177 9 INFO neutron.api.wsgi [req-ce79583d-8de9-4e33-8d3b-b9104e4009db req-2ed282dc-a3c7-4910-a12b-b7218f1efc81 ac859a2252c54cc6b0a526a2c5fd2af3 f92b55a119f24ef8b47e978144f28fff - - d35581d8ea3f4597b843713eead5a22c d35581d8ea3f4597b843713eead5a22c] 199.19.213.66 "GET /v2.0/networks/6cb92061-241c-4965-add3-7e49ed59c0c3?fields=provider%3Aphysical_network&fields=provider%3Anetwork_type HTTP/1.1" status: 200 len: 277 time: 0.0446758
2026-07-02 11:19:12.182 10 INFO neutron.db.ovn_revision_numbers_db [None req-e90501d3-bfcc-4e80-8217-1b88a2325423 83ff6a123b694938a8cf1b9adfc98d93 ef4b28797ef941f2a8192da8b88acea1 - - default default] Successfully bumped revision number for resource c57c942d-a999-482a-a917-aa84d7629acb (type: security_group_rules) to 0
2026-07-02 11:19:12.199 10 INFO neutron.db.ovn_revision_numbers_db [None req-e90501d3-bfcc-4e80-8217-1b88a2325423 83ff6a123b694938a8cf1b9adfc98d93 ef4b28797ef941f2a8192da8b88acea1 - - default default] Successfully bumped revision number for resource e97bac08-3252-4418-b8d7-36e3c8ad3543 (type: security_group_rules) to 0
2026-07-02 11:19:12.245 10 INFO neutron.api.wsgi [None req-e90501d3-bfcc-4e80-8217-1b88a2325423 83ff6a123b694938a8cf1b9adfc98d93 ef4b28797ef941f2a8192da8b88acea1 - - default default] 10.0.0.23 "GET /v2.0/security-groups?tenant_id=112c5c732904459091a528829a377ded&name=default HTTP/1.1" status: 200 len: 3120 time: 0.4021125
2026-07-02 11:19:12.380 9 INFO neutron.api.wsgi [None req-ed4ade6b-f4c9-4454-b969-bd68638f53db 13eb6edb5ca5488a9169427afa5d4cad 3920b3cd1d844cecb4a87769a6de4f37 - - default default] 10.0.0.148 "GET /v2.0/extensions HTTP/1.1" status: 200 len: 19298 time: 0.0061262
2026-07-02 11:19:12.437 10 INFO neutron.api.wsgi [None req-2ebbf171-c137-4e53-8925-03e5df37d36d 83ff6a123b694938a8cf1b9adfc98d93 ef4b28797ef941f2a8192da8b88acea1 - - default default] 10.0.0.23 "DELETE /v2.0/security-groups/ecffd561-ef54-489d-95c3-715bd84fd3d2 HTTP/1.1" status: 204 len: 168 time: 0.1850350
2026-07-02 11:19:12.460 9 INFO neutron.api.wsgi [None req-4c881490-4e82-4280-8e28-ae70cd9dc1d7 13eb6edb5ca5488a9169427afa5d4cad 3920b3cd1d844cecb4a87769a6de4f37 - - default default] 10.0.0.148 "GET /v2.0/quotas/3920b3cd1d844cecb4a87769a6de4f37/details HTTP/1.1" status: 200 len: 1046 time: 0.0677330
2026-07-02 11:19:12.554 9 INFO neutron.api.wsgi [None req-cd32d325-924d-4912-b4df-a02158205d02 83ff6a123b694938a8cf1b9adfc98d93 ef4b28797ef941f2a8192da8b88acea1 - - default default] 10.0.0.23 "GET /v2.0/security-groups?tenant_id=e52f1e21f1e447fd859b86360dfaaec9&name=default HTTP/1.1" status: 200 len: 3120 time: 0.0309217
