2026-07-02 11:18:27.108 9 WARNING neutron.api.rpc.agentnotifiers.dhcp_rpc_agent_api [None req-0747e1b5-c674-4537-be7d-4a9466e8bda8 3d97278e7b2d4a69945d008755552adf 355f7f15e122474dbb7d081177aeb7f5 - - default default] Unable to schedule network 489b9a24-2c94-4ec9-ae3e-0272001632bf: no agents available; will retry on subsequent port and subnet creation events.
2026-07-02 11:18:27.131 10 INFO neutron.db.ovn_revision_numbers_db [None req-b583a3ef-3c71-49a2-b0fd-e591eb4e70eb df0f21d8f05d4892ade3afcd31f1fe10 4654c17cff2647858813415d89d2f119 - - default default] Successfully bumped revision number for resource 5db091ef-4b5c-476c-bc82-005afcd9d152 (type: security_group_rules) to 0
2026-07-02 11:18:27.150 10 INFO neutron.api.wsgi [None req-134a8ee9-6645-4108-870e-2c35c0495e3e 4990e0c6353d45fa8a5de3ce5acbb613 18cdcb634bf843279cad17b3d7e557d0 - - default default] 10.0.0.23 "PUT /v2.0/floatingips/cf8ffe1c-8695-4c1d-a9c5-e319750c6c1d/tags HTTP/1.1" status: 200 len: 218 time: 0.0625269
2026-07-02 11:18:27.169 10 INFO neutron.api.wsgi [None req-b583a3ef-3c71-49a2-b0fd-e591eb4e70eb df0f21d8f05d4892ade3afcd31f1fe10 4654c17cff2647858813415d89d2f119 - - default default] 10.0.0.23 "POST /v2.0/security-group-rules HTTP/1.1" status: 201 len: 800 time: 0.2114382
2026-07-02 11:18:27.185 10 WARNING neutron_lib.context [None req-b2f0ea3f-8d96-43fc-814c-83967d8eb61d df0f21d8f05d4892ade3afcd31f1fe10 4654c17cff2647858813415d89d2f119 - - default default] Method 'is_advsvc' is deprecated since 2023.2 release (neutron-lib 3.8.0) and will be removed once support for the old RBAC API policies will be removed from Neutron. Please use method 'is_service_role' instead.
2026-07-02 11:18:27.193 9 INFO neutron.db.ovn_revision_numbers_db [None req-0747e1b5-c674-4537-be7d-4a9466e8bda8 3d97278e7b2d4a69945d008755552adf 355f7f15e122474dbb7d081177aeb7f5 - - default default] Successfully bumped revision number for resource c208378f-751f-4824-bc6b-e9966141aae7 (type: ports) to 1
2026-07-02 11:18:27.208 9 INFO neutron.api.wsgi [None req-98ad233d-e6e8-4e52-91ae-5af906d17f1e 4990e0c6353d45fa8a5de3ce5acbb613 18cdcb634bf843279cad17b3d7e557d0 - - default default] 10.0.0.23 "PUT /v2.0/floatingips/28f0f103-4fe5-4b19-bd16-05253568adfc/tags HTTP/1.1" status: 200 len: 227 time: 0.0525548
2026-07-02 11:18:27.227 9 INFO neutron.api.wsgi [None req-0747e1b5-c674-4537-be7d-4a9466e8bda8 3d97278e7b2d4a69945d008755552adf 355f7f15e122474dbb7d081177aeb7f5 - - default default] 10.0.0.23 "POST /v2.0/networks HTTP/1.1" status: 201 len: 830 time: 1.0403821
2026-07-02 11:18:27.230 10 INFO neutron.db.securitygroups_db [None req-b2f0ea3f-8d96-43fc-814c-83967d8eb61d df0f21d8f05d4892ade3afcd31f1fe10 4654c17cff2647858813415d89d2f119 - - default default] Project 4654c17cff2647858813415d89d2f119 added a security group rule with legacy IPv6 ICMP protocol name icmp, ipv6-icmp should be used instead. It was automatically converted.
2026-07-02 11:18:27.280 9 INFO neutron.api.wsgi [None req-4dcb6bef-c1c4-45a1-8802-ab3c8014e749 4990e0c6353d45fa8a5de3ce5acbb613 18cdcb634bf843279cad17b3d7e557d0 - - default default] 10.0.0.23 "PUT /v2.0/floatingips/babd6658-bac9-499b-8c68-fb41d3189baa/tags HTTP/1.1" status: 200 len: 212 time: 0.0656974
2026-07-02 11:18:27.324 9 INFO neutron.api.wsgi [None req-128ee523-49f4-465e-ab42-c180ac3b4124 3d97278e7b2d4a69945d008755552adf 355f7f15e122474dbb7d081177aeb7f5 - - default default] 10.0.0.23 "PUT /v2.0/networks/489b9a24-2c94-4ec9-ae3e-0272001632bf/tags HTTP/1.1" status: 200 len: 218 time: 0.0881512
2026-07-02 11:18:27.327 9 INFO neutron.api.wsgi [None req-64fcd7af-1502-4b5f-b6c6-d91132068652 4990e0c6353d45fa8a5de3ce5acbb613 18cdcb634bf843279cad17b3d7e557d0 - - default default] 10.0.0.23 "GET /v2.0/floatingips?tags=red HTTP/1.1" status: 200 len: 1866 time: 0.0412312
2026-07-02 11:18:27.358 10 INFO neutron.db.ovn_revision_numbers_db [None req-b2f0ea3f-8d96-43fc-814c-83967d8eb61d df0f21d8f05d4892ade3afcd31f1fe10 4654c17cff2647858813415d89d2f119 - - default default] Successfully bumped revision number for resource 3eda296a-d1bb-4a21-bebc-df4374a4e57c (type: security_group_rules) to 0
2026-07-02 11:18:27.368 9 INFO neutron.api.wsgi [None req-4849cc06-682d-44af-aa00-1376caeed790 4990e0c6353d45fa8a5de3ce5acbb613 18cdcb634bf843279cad17b3d7e557d0 - - default default] 10.0.0.23 "GET /v2.0/floatingips?tags=red%2Cblue HTTP/1.1" status: 200 len: 1323 time: 0.0361445
2026-07-02 11:18:27.385 10 INFO neutron.api.wsgi [None req-b2f0ea3f-8d96-43fc-814c-83967d8eb61d df0f21d8f05d4892ade3afcd31f1fe10 4654c17cff2647858813415d89d2f119 - - default default] 10.0.0.23 "POST /v2.0/security-group-rules HTTP/1.1" status: 201 len: 806 time: 0.2079527
2026-07-02 11:18:27.393 10 WARNING neutron_lib.context [None req-d67bbd34-fb4c-49f3-b834-03caf20fc59a df0f21d8f05d4892ade3afcd31f1fe10 4654c17cff2647858813415d89d2f119 - - default default] Method 'is_advsvc' is deprecated since 2023.2 release (neutron-lib 3.8.0) and will be removed once support for the old RBAC API policies will be removed from Neutron. Please use method 'is_service_role' instead.
2026-07-02 11:18:27.404 9 INFO neutron.api.wsgi [None req-7eb420ee-3293-4c91-9496-11b601320478 3d97278e7b2d4a69945d008755552adf 355f7f15e122474dbb7d081177aeb7f5 - - default default] 10.0.0.23 "GET /v2.0/networks/489b9a24-2c94-4ec9-ae3e-0272001632bf/tags HTTP/1.1" status: 200 len: 218 time: 0.0761883
2026-07-02 11:18:27.409 9 INFO neutron.api.wsgi [None req-71486f5a-709c-4423-855b-f34aef1f221b 4990e0c6353d45fa8a5de3ce5acbb613 18cdcb634bf843279cad17b3d7e557d0 - - default default] 10.0.0.23 "GET /v2.0/floatingips?tags-any=blue HTTP/1.1" status: 200 len: 1323 time: 0.0365586
2026-07-02 11:18:27.451 10 INFO neutron.api.wsgi [None req-d1f2f21a-bdd5-4f96-abed-472c87e35130 4990e0c6353d45fa8a5de3ce5acbb613 18cdcb634bf843279cad17b3d7e557d0 - - default default] 10.0.0.23 "GET /v2.0/floatingips?tags-any=red%2Cblue HTTP/1.1" status: 200 len: 1866 time: 0.0375018
2026-07-02 11:18:27.461 9 INFO neutron.api.wsgi [None req-653e20a4-99d7-44f2-b27b-560cca254ae1 3d97278e7b2d4a69945d008755552adf 355f7f15e122474dbb7d081177aeb7f5 - - default default] 10.0.0.23 "PUT /v2.0/networks/489b9a24-2c94-4ec9-ae3e-0272001632bf/tags/green HTTP/1.1" status: 201 len: 201 time: 0.0508034
2026-07-02 11:18:27.485 10 INFO neutron.db.securitygroups_db [None req-d67bbd34-fb4c-49f3-b834-03caf20fc59a df0f21d8f05d4892ade3afcd31f1fe10 4654c17cff2647858813415d89d2f119 - - default default] Project 4654c17cff2647858813415d89d2f119 added a security group rule with legacy IPv6 ICMP protocol name icmp, ipv6-icmp should be used instead. It was automatically converted.
2026-07-02 11:18:27.489 9 INFO neutron.api.wsgi [None req-4b3eb552-8b3f-4304-b885-21b6742deb83 3d97278e7b2d4a69945d008755552adf 355f7f15e122474dbb7d081177aeb7f5 - - default default] 10.0.0.23 "GET /v2.0/networks/489b9a24-2c94-4ec9-ae3e-0272001632bf/tags HTTP/1.1" status: 200 len: 227 time: 0.0232983
2026-07-02 11:18:27.491 10 INFO neutron.api.wsgi [None req-a0e2050a-53b3-4bd2-8efd-9ee6f4ea47a8 4990e0c6353d45fa8a5de3ce5acbb613 18cdcb634bf843279cad17b3d7e557d0 - - default default] 10.0.0.23 "GET /v2.0/floatingips?not-tags=red HTTP/1.1" status: 200 len: 1295 time: 0.0351987
2026-07-02 11:18:27.513 9 INFO neutron.api.wsgi [None req-a5b4f192-7a21-4a8d-be83-f04524e03d33 3d97278e7b2d4a69945d008755552adf 355f7f15e122474dbb7d081177aeb7f5 - - default default] 10.0.0.23 "PUT /v2.0/networks/489b9a24-2c94-4ec9-ae3e-0272001632bf/tags/red HTTP/1.1" status: 201 len: 201 time: 0.0188525
2026-07-02 11:18:27.541 10 INFO neutron.api.wsgi [None req-cfeba12c-fd37-42c6-9376-9d2d2102cee8 4990e0c6353d45fa8a5de3ce5acbb613 18cdcb634bf843279cad17b3d7e557d0 - - default default] 10.0.0.23 "GET /v2.0/floatingips?not-tags=red%2Cblue HTTP/1.1" status: 200 len: 1838 time: 0.0448933
2026-07-02 11:18:27.554 10 INFO neutron.api.wsgi [None req-a09cf783-4136-47c8-b95a-cdf4b2b5bf3b 3d97278e7b2d4a69945d008755552adf 355f7f15e122474dbb7d081177aeb7f5 - - default default] 10.0.0.23 "GET /v2.0/networks/489b9a24-2c94-4ec9-ae3e-0272001632bf/tags HTTP/1.1" status: 200 len: 227 time: 0.0372372
2026-07-02 11:18:27.579 9 INFO neutron.api.wsgi [None req-95825f7d-6cf9-4c8e-bfb3-236174247a32 4990e0c6353d45fa8a5de3ce5acbb613 18cdcb634bf843279cad17b3d7e557d0 - - default default] 10.0.0.23 "GET /v2.0/floatingips?not-tags-any=blue HTTP/1.1" status: 200 len: 1838 time: 0.0326431
2026-07-02 11:18:27.609 10 INFO neutron.api.wsgi [None req-430606b8-40a2-404b-bd7f-a4b4e0a5ebf3 3d97278e7b2d4a69945d008755552adf 355f7f15e122474dbb7d081177aeb7f5 - - default default] 10.0.0.23 "PUT /v2.0/networks/489b9a24-2c94-4ec9-ae3e-0272001632bf/tags/black.or.white HTTP/1.1" status: 201 len: 201 time: 0.0508180
2026-07-02 11:18:27.624 10 INFO neutron.api.wsgi [None req-15c57a75-2818-4d13-b952-755b60acc91f 4990e0c6353d45fa8a5de3ce5acbb613 18cdcb634bf843279cad17b3d7e557d0 - - default default] 10.0.0.23 "GET /v2.0/floatingips?not-tags-any=red%2Cblue HTTP/1.1" status: 200 len: 1295 time: 0.0380917
2026-07-02 11:18:27.641 9 INFO neutron.api.wsgi [None req-61c6dae4-54db-492c-b531-a66476bff1d9 3d97278e7b2d4a69945d008755552adf 355f7f15e122474dbb7d081177aeb7f5 - - default default] 10.0.0.23 "GET /v2.0/networks/489b9a24-2c94-4ec9-ae3e-0272001632bf/tags HTTP/1.1" status: 200 len: 245 time: 0.0211055
2026-07-02 11:18:27.678 9 INFO neutron.api.wsgi [None req-9b35ffd8-775b-40fd-b6de-79e78d47ed88 3d97278e7b2d4a69945d008755552adf 355f7f15e122474dbb7d081177aeb7f5 - - default default] 10.0.0.23 "PUT /v2.0/networks/489b9a24-2c94-4ec9-ae3e-0272001632bf/tags HTTP/1.1" status: 200 len: 230 time: 0.0334406
2026-07-02 11:18:27.688 10 INFO neutron.db.ovn_revision_numbers_db [None req-d67bbd34-fb4c-49f3-b834-03caf20fc59a df0f21d8f05d4892ade3afcd31f1fe10 4654c17cff2647858813415d89d2f119 - - default default] Successfully bumped revision number for resource cbe8382c-405b-4126-99aa-e96234400af5 (type: security_group_rules) to 0
2026-07-02 11:18:27.704 9 INFO neutron.api.wsgi [None req-bf6c83fc-4bf5-4019-afec-ede92cbe2552 3d97278e7b2d4a69945d008755552adf 355f7f15e122474dbb7d081177aeb7f5 - - default default] 10.0.0.23 "GET /v2.0/networks/489b9a24-2c94-4ec9-ae3e-0272001632bf/tags HTTP/1.1" status: 200 len: 230 time: 0.0177736
2026-07-02 11:18:27.719 10 INFO neutron.api.wsgi [None req-d67bbd34-fb4c-49f3-b834-03caf20fc59a df0f21d8f05d4892ade3afcd31f1fe10 4654c17cff2647858813415d89d2f119 - - default default] 10.0.0.23 "POST /v2.0/security-group-rules HTTP/1.1" status: 201 len: 805 time: 0.3295157
2026-07-02 11:18:27.728 9 INFO neutron.api.wsgi [None req-6d6b96a4-c71b-409a-9275-daf67938d453 3d97278e7b2d4a69945d008755552adf 355f7f15e122474dbb7d081177aeb7f5 - - default default] 10.0.0.23 "GET /v2.0/networks/489b9a24-2c94-4ec9-ae3e-0272001632bf/tags/red HTTP/1.1" status: 204 len: 168 time: 0.0198388
2026-07-02 11:18:27.753 9 INFO neutron.api.v2.resource [None req-1018eb1f-0f05-4404-a5ec-fe7d14481276 3d97278e7b2d4a69945d008755552adf 355f7f15e122474dbb7d081177aeb7f5 - - default default] show failed (client error): The resource could not be found.
2026-07-02 11:18:27.754 9 INFO neutron.api.wsgi [None req-1018eb1f-0f05-4404-a5ec-fe7d14481276 3d97278e7b2d4a69945d008755552adf 355f7f15e122474dbb7d081177aeb7f5 - - default default] 10.0.0.23 "GET /v2.0/networks/489b9a24-2c94-4ec9-ae3e-0272001632bf/tags/green HTTP/1.1" status: 404 len: 299 time: 0.0224006
2026-07-02 11:18:27.796 9 INFO neutron.api.wsgi [None req-83acf81c-42ee-49fc-81fc-b624ee4b7637 3d97278e7b2d4a69945d008755552adf 355f7f15e122474dbb7d081177aeb7f5 - - default default] 10.0.0.23 "DELETE /v2.0/networks/489b9a24-2c94-4ec9-ae3e-0272001632bf/tags/red HTTP/1.1" status: 204 len: 168 time: 0.0365489
2026-07-02 11:18:27.829 9 INFO neutron.api.wsgi [None req-9ce54b32-3899-4d1b-a71a-18b5dc2eca8c 3d97278e7b2d4a69945d008755552adf 355f7f15e122474dbb7d081177aeb7f5 - - default default] 10.0.0.23 "GET /v2.0/networks/489b9a24-2c94-4ec9-ae3e-0272001632bf/tags HTTP/1.1" status: 200 len: 223 time: 0.0272431
2026-07-02 11:18:27.864 9 INFO neutron.api.v2.resource [None req-4f5fece2-afc5-4ea7-9951-00fcb89ba6a3 3d97278e7b2d4a69945d008755552adf 355f7f15e122474dbb7d081177aeb7f5 - - default default] delete failed (client error): The resource could not be found.
2026-07-02 11:18:27.865 9 INFO neutron.api.wsgi [None req-4f5fece2-afc5-4ea7-9951-00fcb89ba6a3 3d97278e7b2d4a69945d008755552adf 355f7f15e122474dbb7d081177aeb7f5 - - default default] 10.0.0.23 "DELETE /v2.0/networks/489b9a24-2c94-4ec9-ae3e-0272001632bf/tags/green HTTP/1.1" status: 404 len: 299 time: 0.0306017
2026-07-02 11:18:27.907 10 INFO neutron.api.wsgi [None req-86693f2c-e1cb-4bf4-86e1-b52b05ecf940 4990e0c6353d45fa8a5de3ce5acbb613 18cdcb634bf843279cad17b3d7e557d0 - - default default] 10.0.0.23 "DELETE /v2.0/floatingips/2c219f12-c9af-4536-8d2c-3ab948971a2f HTTP/1.1" status: 204 len: 168 time: 0.2747977
2026-07-02 11:18:27.909 9 INFO neutron.api.wsgi [None req-e9e0f3bf-cc1d-4cf0-a6f7-313543a8ddeb 3d97278e7b2d4a69945d008755552adf 355f7f15e122474dbb7d081177aeb7f5 - - default default] 10.0.0.23 "DELETE /v2.0/networks/489b9a24-2c94-4ec9-ae3e-0272001632bf/tags HTTP/1.1" status: 204 len: 168 time: 0.0379109
2026-07-02 11:18:27.936 10 INFO neutron.api.wsgi [None req-86e341d3-dca4-4f95-b883-09dcaea6ad32 3d97278e7b2d4a69945d008755552adf 355f7f15e122474dbb7d081177aeb7f5 - - default default] 10.0.0.23 "GET /v2.0/networks/489b9a24-2c94-4ec9-ae3e-0272001632bf/tags HTTP/1.1" status: 200 len: 205 time: 0.0204582
2026-07-02 11:18:28.151 9 INFO neutron.api.wsgi [None req-89f834be-ea11-4307-b265-55244843784e 4990e0c6353d45fa8a5de3ce5acbb613 18cdcb634bf843279cad17b3d7e557d0 - - default default] 10.0.0.23 "DELETE /v2.0/floatingips/cf8ffe1c-8695-4c1d-a9c5-e319750c6c1d HTTP/1.1" status: 204 len: 168 time: 0.2367218
2026-07-02 11:18:28.248 10 INFO neutron.services.segments.plugin [-] Segment 269a1d6a-8014-443f-b65e-b32d3d8027a8 resource provider aggregate not found
2026-07-02 11:18:28.251 10 INFO neutron.services.segments.plugin [-] Segment 269a1d6a-8014-443f-b65e-b32d3d8027a8 resource provider aggregate not found
2026-07-02 11:18:28.257 10 INFO neutron.services.segments.plugin [-] Segment 269a1d6a-8014-443f-b65e-b32d3d8027a8 resource provider not found; error: Placement Client Error (4xx): {"errors": [{"status": 404, "title": "Not Found", "detail": "The resource could not be found.\n\n No resource provider with uuid 269a1d6a-8014-443f-b65e-b32d3d8027a8 found for delete ", "request_id": "req-b84a5cca-c8fa-44fa-b4b2-628857e89564"}]}
2026-07-02 11:18:28.263 10 INFO neutron.services.segments.plugin [-] Segment 269a1d6a-8014-443f-b65e-b32d3d8027a8 resource provider not found; error: Placement Client Error (4xx): {"errors": [{"status": 404, "title": "Not Found", "detail": "The resource could not be found.\n\n No resource provider with uuid 269a1d6a-8014-443f-b65e-b32d3d8027a8 found for delete ", "request_id": "req-0c0086e6-8786-4a6c-a65c-d9e5439235c3"}]}
2026-07-02 11:18:28.299 10 INFO neutron.api.wsgi [None req-e25517d2-c5cf-4030-a0ee-e3e75d35361f 3d97278e7b2d4a69945d008755552adf 355f7f15e122474dbb7d081177aeb7f5 - - default default] 10.0.0.23 "DELETE /v2.0/networks/489b9a24-2c94-4ec9-ae3e-0272001632bf HTTP/1.1" status: 204 len: 168 time: 0.3548517
2026-07-02 11:18:28.329 10 INFO neutron.api.wsgi [None req-a493599d-107f-4d74-8338-a13592c050dd df0f21d8f05d4892ade3afcd31f1fe10 4654c17cff2647858813415d89d2f119 - - default default] 10.0.0.23 "GET /v2.0/networks HTTP/1.1" status: 200 len: 1493 time: 0.2392797
2026-07-02 11:18:28.377 10 INFO neutron.db.ovn_revision_numbers_db [None req-0216d2fd-bb4f-406e-8e5c-501878a6ffb4 83ff6a123b694938a8cf1b9adfc98d93 ef4b28797ef941f2a8192da8b88acea1 - - default default] Successfully bumped revision number for resource 6c8d5507-e0c3-4e0d-919b-006a25aa65cb (type: security_groups) to 1
2026-07-02 11:18:28.383 9 INFO neutron.api.wsgi [None req-e5ed285e-638a-46e1-9100-fa6cc8e41869 4990e0c6353d45fa8a5de3ce5acbb613 18cdcb634bf843279cad17b3d7e557d0 - - default default] 10.0.0.23 "DELETE /v2.0/floatingips/28f0f103-4fe5-4b19-bd16-05253568adfc HTTP/1.1" status: 204 len: 168 time: 0.2281086
2026-07-02 11:18:28.389 10 INFO neutron.db.ovn_revision_numbers_db [None req-0216d2fd-bb4f-406e-8e5c-501878a6ffb4 83ff6a123b694938a8cf1b9adfc98d93 ef4b28797ef941f2a8192da8b88acea1 - - default default] Successfully bumped revision number for resource 77f75b1f-259d-4f58-91cf-06736f16044e (type: security_group_rules) to 0
2026-07-02 11:18:28.405 10 INFO neutron.db.ovn_revision_numbers_db [None req-0216d2fd-bb4f-406e-8e5c-501878a6ffb4 83ff6a123b694938a8cf1b9adfc98d93 ef4b28797ef941f2a8192da8b88acea1 - - default default] Successfully bumped revision number for resource 91f87910-9cc5-42e5-a509-6451f6718406 (type: security_group_rules) to 0
2026-07-02 11:18:28.419 10 INFO neutron.db.ovn_revision_numbers_db [None req-0216d2fd-bb4f-406e-8e5c-501878a6ffb4 83ff6a123b694938a8cf1b9adfc98d93 ef4b28797ef941f2a8192da8b88acea1 - - default default] Successfully bumped revision number for resource d6b382d3-7fd8-4707-aa97-ef09be68dfad (type: security_group_rules) to 0
2026-07-02 11:18:28.434 10 INFO neutron.db.ovn_revision_numbers_db [None req-0216d2fd-bb4f-406e-8e5c-501878a6ffb4 83ff6a123b694938a8cf1b9adfc98d93 ef4b28797ef941f2a8192da8b88acea1 - - default default] Successfully bumped revision number for resource ecafb2d3-8614-401b-8c25-e88fe0d731cd (type: security_group_rules) to 0
2026-07-02 11:18:28.457 9 INFO neutron.api.wsgi [req-7e595592-adbe-4942-a1ad-fa2352d9c6d4 req-56f83ab8-97aa-482f-b3bd-29f4def7ebff df0f21d8f05d4892ade3afcd31f1fe10 4654c17cff2647858813415d89d2f119 - - default default] 10.0.0.231 "GET /v2.0/security-groups?name=tempest-secgroup-smoke-279463522&fields=id&tenant_id=4654c17cff2647858813415d89d2f119 HTTP/1.1" status: 200 len: 267 time: 0.0479820
2026-07-02 11:18:28.469 10 INFO neutron.api.wsgi [None req-0216d2fd-bb4f-406e-8e5c-501878a6ffb4 83ff6a123b694938a8cf1b9adfc98d93 ef4b28797ef941f2a8192da8b88acea1 - - default default] 10.0.0.23 "GET /v2.0/security-groups?tenant_id=dc25f9bef5714ed19f087dc35d8fe28b&name=default HTTP/1.1" status: 200 len: 3120 time: 0.3494773
2026-07-02 11:18:28.514 9 INFO neutron.api.wsgi [req-7e595592-adbe-4942-a1ad-fa2352d9c6d4 req-e4d353d2-b0bb-4da5-a337-cd3a40449a08 df0f21d8f05d4892ade3afcd31f1fe10 4654c17cff2647858813415d89d2f119 - - default default] 10.0.0.231 "GET /v2.0/networks?id=6cb92061-241c-4965-add3-7e49ed59c0c3 HTTP/1.1" status: 200 len: 860 time: 0.0486813
2026-07-02 11:18:28.531 9 INFO neutron.api.wsgi [req-7e595592-adbe-4942-a1ad-fa2352d9c6d4 req-e960bc37-7839-40b0-bee8-8b677f99ce53 df0f21d8f05d4892ade3afcd31f1fe10 4654c17cff2647858813415d89d2f119 - - default default] 10.0.0.231 "GET /v2.0/quotas/4654c17cff2647858813415d89d2f119 HTTP/1.1" status: 200 len: 491 time: 0.0091543
2026-07-02 11:18:28.580 9 INFO neutron.api.wsgi [req-7e595592-adbe-4942-a1ad-fa2352d9c6d4 req-9bc9b4bd-b342-4c7c-999b-6624099ae534 df0f21d8f05d4892ade3afcd31f1fe10 4654c17cff2647858813415d89d2f119 - - default default] 10.0.0.231 "GET /v2.0/ports?tenant_id=4654c17cff2647858813415d89d2f119&fields=id HTTP/1.1" status: 200 len: 302 time: 0.0427308
2026-07-02 11:18:28.640 9 INFO neutron.api.wsgi [req-7e595592-adbe-4942-a1ad-fa2352d9c6d4 req-60837e6f-d3d8-4fb5-85ae-ef1c064224ec ac859a2252c54cc6b0a526a2c5fd2af3 f92b55a119f24ef8b47e978144f28fff - - d35581d8ea3f4597b843713eead5a22c d35581d8ea3f4597b843713eead5a22c] 10.0.0.231 "GET /v2.0/networks/6cb92061-241c-4965-add3-7e49ed59c0c3?fields=segments HTTP/1.1" status: 200 len: 212 time: 0.0482771
2026-07-02 11:18:28.675 10 INFO neutron.api.wsgi [None req-d1cbb98f-c6df-4884-97a6-8cad3bca09d8 83ff6a123b694938a8cf1b9adfc98d93 ef4b28797ef941f2a8192da8b88acea1 - - default default] 10.0.0.23 "DELETE /v2.0/security-groups/6c8d5507-e0c3-4e0d-919b-006a25aa65cb HTTP/1.1" status: 204 len: 168 time: 0.2010829
2026-07-02 11:18:28.691 9 INFO neutron.api.wsgi [req-7e595592-adbe-4942-a1ad-fa2352d9c6d4 req-a6695a5f-e680-4d67-a537-249e059769a2 ac859a2252c54cc6b0a526a2c5fd2af3 f92b55a119f24ef8b47e978144f28fff - - d35581d8ea3f4597b843713eead5a22c d35581d8ea3f4597b843713eead5a22c] 10.0.0.231 "GET /v2.0/networks/6cb92061-241c-4965-add3-7e49ed59c0c3?fields=provider%3Aphysical_network&fields=provider%3Anetwork_type HTTP/1.1" status: 200 len: 277 time: 0.0381739
2026-07-02 11:18:28.711 9 INFO neutron.api.wsgi [None req-9cdf2ac6-262d-4dde-846f-a60ca573791e 4990e0c6353d45fa8a5de3ce5acbb613 18cdcb634bf843279cad17b3d7e557d0 - - default default] 10.0.0.23 "DELETE /v2.0/floatingips/babd6658-bac9-499b-8c68-fb41d3189baa HTTP/1.1" status: 204 len: 168 time: 0.3219023
2026-07-02 11:18:28.855 9 INFO neutron.api.wsgi [req-e254821a-8712-459b-a4c9-4df5aa06de0c req-44c64af0-e92b-417f-99c2-6a3e1f1b4f3b df0f21d8f05d4892ade3afcd31f1fe10 4654c17cff2647858813415d89d2f119 - - default default] 10.0.0.231 "GET /v2.0/ports?device_id=366d7ecd-1e26-4356-a3a5-544f7f893362 HTTP/1.1" status: 200 len: 210 time: 0.0358989
2026-07-02 11:18:29.097 9 INFO neutron.api.wsgi [None req-f2cf22c7-f12e-4eaf-b776-e110c075126e 4990e0c6353d45fa8a5de3ce5acbb613 18cdcb634bf843279cad17b3d7e557d0 - - default default] 10.0.0.23 "DELETE /v2.0/floatingips/722824ca-42f8-4d8e-90f7-e129bc16d7b8 HTTP/1.1" status: 204 len: 168 time: 0.3809721
2026-07-02 11:18:29.199 10 INFO neutron.db.ovn_revision_numbers_db [None req-bfb029b7-e70d-41ee-8b0e-853680336787 83ff6a123b694938a8cf1b9adfc98d93 ef4b28797ef941f2a8192da8b88acea1 - - default default] Successfully bumped revision number for resource 8396599a-492d-415b-9a48-cd0589e2a385 (type: security_groups) to 1
2026-07-02 11:18:29.212 10 INFO neutron.db.ovn_revision_numbers_db [None req-bfb029b7-e70d-41ee-8b0e-853680336787 83ff6a123b694938a8cf1b9adfc98d93 ef4b28797ef941f2a8192da8b88acea1 - - default default] Successfully bumped revision number for resource 47537afb-df43-4960-88e0-35ac567a727c (type: security_group_rules) to 0
2026-07-02 11:18:29.223 10 INFO neutron.db.ovn_revision_numbers_db [None req-bfb029b7-e70d-41ee-8b0e-853680336787 83ff6a123b694938a8cf1b9adfc98d93 ef4b28797ef941f2a8192da8b88acea1 - - default default] Successfully bumped revision number for resource b56d9f0d-9133-4315-90b3-07ce3c05e53b (type: security_group_rules) to 0
2026-07-02 11:18:29.240 10 INFO neutron.db.ovn_revision_numbers_db [None req-bfb029b7-e70d-41ee-8b0e-853680336787 83ff6a123b694938a8cf1b9adfc98d93 ef4b28797ef941f2a8192da8b88acea1 - - default default] Successfully bumped revision number for resource c88e0000-782d-4137-9155-ef49cddbbde7 (type: security_group_rules) to 0
2026-07-02 11:18:29.257 10 INFO neutron.db.ovn_revision_numbers_db [None req-bfb029b7-e70d-41ee-8b0e-853680336787 83ff6a123b694938a8cf1b9adfc98d93 ef4b28797ef941f2a8192da8b88acea1 - - default default] Successfully bumped revision number for resource d497c5ca-1f4f-40f6-818a-896723301d4b (type: security_group_rules) to 0
2026-07-02 11:18:29.333 10 INFO neutron.api.wsgi [None req-bfb029b7-e70d-41ee-8b0e-853680336787 83ff6a123b694938a8cf1b9adfc98d93 ef4b28797ef941f2a8192da8b88acea1 - - default default] 10.0.0.23 "GET /v2.0/security-groups?tenant_id=7ff6e615354041ef970cb35153b05827&name=default HTTP/1.1" status: 200 len: 3120 time: 0.4362457
2026-07-02 11:18:29.559 10 INFO neutron.api.wsgi [None req-27750d75-741d-445d-9459-1b354d1bf6f7 83ff6a123b694938a8cf1b9adfc98d93 ef4b28797ef941f2a8192da8b88acea1 - - default default] 10.0.0.23 "DELETE /v2.0/security-groups/8396599a-492d-415b-9a48-cd0589e2a385 HTTP/1.1" status: 204 len: 168 time: 0.2200274
2026-07-02 11:18:29.753 10 INFO neutron.api.wsgi [None req-9da9e9ed-290e-4d74-b3a2-ad4233e7bfcd 83ff6a123b694938a8cf1b9adfc98d93 ef4b28797ef941f2a8192da8b88acea1 - - default default] 10.0.0.23 "GET /v2.0/security-groups?tenant_id=355f7f15e122474dbb7d081177aeb7f5&name=default HTTP/1.1" status: 200 len: 3120 time: 0.0326970
2026-07-02 11:18:29.931 9 INFO neutron.api.wsgi [req-459d2122-4a9a-4d71-bf67-06aad0e8b325 req-3941454f-322c-424a-ac32-f0f9fc617fc5 df0f21d8f05d4892ade3afcd31f1fe10 4654c17cff2647858813415d89d2f119 - - default default] 10.0.0.231 "GET /v2.0/ports?device_id=366d7ecd-1e26-4356-a3a5-544f7f893362 HTTP/1.1" status: 200 len: 210 time: 0.0226038
2026-07-02 11:18:29.954 10 INFO neutron.api.wsgi [None req-0ba1c66d-a173-4af1-bad3-42fe6896b0fb 83ff6a123b694938a8cf1b9adfc98d93 ef4b28797ef941f2a8192da8b88acea1 - - default default] 10.0.0.23 "DELETE /v2.0/security-groups/97292ff8-9966-46a3-a1dc-6b8677614502 HTTP/1.1" status: 204 len: 168 time: 0.1960342
2026-07-02 11:18:30.186 9 INFO neutron.db.ovn_revision_numbers_db [None req-017c2643-1647-426c-b97e-c393e3b60962 83ff6a123b694938a8cf1b9adfc98d93 ef4b28797ef941f2a8192da8b88acea1 - - default default] Successfully bumped revision number for resource 59958723-5cdd-4753-9ef9-75a467c6a51a (type: security_groups) to 1
2026-07-02 11:18:30.239 9 INFO neutron.db.ovn_revision_numbers_db [None req-017c2643-1647-426c-b97e-c393e3b60962 83ff6a123b694938a8cf1b9adfc98d93 ef4b28797ef941f2a8192da8b88acea1 - - default default] Successfully bumped revision number for resource 05741c30-04a3-4315-8938-e7a763ad373d (type: security_group_rules) to 0
2026-07-02 11:18:30.256 9 INFO neutron.db.ovn_revision_numbers_db [None req-017c2643-1647-426c-b97e-c393e3b60962 83ff6a123b694938a8cf1b9adfc98d93 ef4b28797ef941f2a8192da8b88acea1 - - default default] Successfully bumped revision number for resource 25e3295c-8b0f-4f0f-bac1-824d06583213 (type: security_group_rules) to 0
2026-07-02 11:18:30.273 9 INFO neutron.db.ovn_revision_numbers_db [None req-017c2643-1647-426c-b97e-c393e3b60962 83ff6a123b694938a8cf1b9adfc98d93 ef4b28797ef941f2a8192da8b88acea1 - - default default] Successfully bumped revision number for resource 88fd96ae-88dd-4ca3-b06c-6d13693cd1de (type: security_group_rules) to 0
2026-07-02 11:18:30.290 9 INFO neutron.db.ovn_revision_numbers_db [None req-017c2643-1647-426c-b97e-c393e3b60962 83ff6a123b694938a8cf1b9adfc98d93 ef4b28797ef941f2a8192da8b88acea1 - - default default] Successfully bumped revision number for resource e8dc7265-b186-470f-9b53-b7493e488043 (type: security_group_rules) to 0
2026-07-02 11:18:30.324 9 INFO neutron.api.wsgi [None req-017c2643-1647-426c-b97e-c393e3b60962 83ff6a123b694938a8cf1b9adfc98d93 ef4b28797ef941f2a8192da8b88acea1 - - default default] 10.0.0.23 "GET /v2.0/security-groups?tenant_id=40a634e44bc4486091e1f09e2429b351&name=default HTTP/1.1" status: 200 len: 3120 time: 0.4432507
2026-07-02 11:18:30.592 10 INFO neutron.api.wsgi [None req-7b7535c1-0cf3-4e98-a1d4-8fb0c71bca33 83ff6a123b694938a8cf1b9adfc98d93 ef4b28797ef941f2a8192da8b88acea1 - - default default] 10.0.0.23 "DELETE /v2.0/security-groups/59958723-5cdd-4753-9ef9-75a467c6a51a HTTP/1.1" status: 204 len: 168 time: 0.2639921
2026-07-02 11:18:30.849 10 INFO neutron.db.ovn_revision_numbers_db [None req-c697069f-eed9-47ca-94e8-256184f17598 83ff6a123b694938a8cf1b9adfc98d93 ef4b28797ef941f2a8192da8b88acea1 - - default default] Successfully bumped revision number for resource 7fb717e0-68b9-4500-aa7b-940ca7ee70c6 (type: security_groups) to 1
2026-07-02 11:18:30.870 10 INFO neutron.db.ovn_revision_numbers_db [None req-c697069f-eed9-47ca-94e8-256184f17598 83ff6a123b694938a8cf1b9adfc98d93 ef4b28797ef941f2a8192da8b88acea1 - - default default] Successfully bumped revision number for resource 0d442373-4019-4d61-ad2f-c27011db4cc6 (type: security_group_rules) to 0
2026-07-02 11:18:30.890 10 INFO neutron.db.ovn_revision_numbers_db [None req-c697069f-eed9-47ca-94e8-256184f17598 83ff6a123b694938a8cf1b9adfc98d93 ef4b28797ef941f2a8192da8b88acea1 - - default default] Successfully bumped revision number for resource 5630ad21-6a27-4182-811b-4b0904d73fd8 (type: security_group_rules) to 0
2026-07-02 11:18:30.913 10 INFO neutron.db.ovn_revision_numbers_db [None req-c697069f-eed9-47ca-94e8-256184f17598 83ff6a123b694938a8cf1b9adfc98d93 ef4b28797ef941f2a8192da8b88acea1 - - default default] Successfully bumped revision number for resource 6c5e3974-042b-457b-90a4-37931c8850d2 (type: security_group_rules) to 0
2026-07-02 11:18:30.929 10 INFO neutron.db.ovn_revision_numbers_db [None req-c697069f-eed9-47ca-94e8-256184f17598 83ff6a123b694938a8cf1b9adfc98d93 ef4b28797ef941f2a8192da8b88acea1 - - default default] Successfully bumped revision number for resource 803a896e-0a66-4b50-8ac2-4425db20cec1 (type: security_group_rules) to 0
2026-07-02 11:18:30.967 10 INFO neutron.api.wsgi [None req-c697069f-eed9-47ca-94e8-256184f17598 83ff6a123b694938a8cf1b9adfc98d93 ef4b28797ef941f2a8192da8b88acea1 - - default default] 10.0.0.23 "GET /v2.0/security-groups?tenant_id=18cdcb634bf843279cad17b3d7e557d0&name=default HTTP/1.1" status: 200 len: 3120 time: 0.2303388
2026-07-02 11:18:30.975 9 WARNING neutron_lib.context [None req-422170ab-2602-4d18-b45d-21a9f663a40c 9650b4327cdc4b21a2074a9f54cc2fd8 1e960e26e592417d9c981b0682ec2a6a - - default default] Method 'is_advsvc' is deprecated since 2023.2 release (neutron-lib 3.8.0) and will be removed once support for the old RBAC API policies will be removed from Neutron. Please use method 'is_service_role' instead.
2026-07-02 11:18:30.975 9 WARNING neutron_lib.context [None req-422170ab-2602-4d18-b45d-21a9f663a40c 9650b4327cdc4b21a2074a9f54cc2fd8 1e960e26e592417d9c981b0682ec2a6a - - default default] Method 'is_advsvc' is deprecated since 2023.2 release (neutron-lib 3.8.0) and will be removed once support for the old RBAC API policies will be removed from Neutron. Please use method 'is_service_role' instead.
2026-07-02 11:18:31.023 9 INFO neutron.api.wsgi [req-ccff04e1-0107-488b-8d3c-b4d1d758513b req-ee6cc866-4e8b-4a27-9e5d-fe683562b679 df0f21d8f05d4892ade3afcd31f1fe10 4654c17cff2647858813415d89d2f119 - - default default] 10.0.0.231 "GET /v2.0/ports?device_id=366d7ecd-1e26-4356-a3a5-544f7f893362 HTTP/1.1" status: 200 len: 210 time: 0.0290818
2026-07-02 11:18:31.149 9 INFO neutron.db.ovn_revision_numbers_db [None req-422170ab-2602-4d18-b45d-21a9f663a40c 9650b4327cdc4b21a2074a9f54cc2fd8 1e960e26e592417d9c981b0682ec2a6a - - default default] Successfully bumped revision number for resource 6dae2785-e410-4e16-8459-0036702a29ba (type: security_groups) to 1
2026-07-02 11:18:31.162 9 INFO neutron.db.ovn_revision_numbers_db [None req-422170ab-2602-4d18-b45d-21a9f663a40c 9650b4327cdc4b21a2074a9f54cc2fd8 1e960e26e592417d9c981b0682ec2a6a - - default default] Successfully bumped revision number for resource 1de1c8d8-03e9-44f7-b60f-3635473db880 (type: security_group_rules) to 0
2026-07-02 11:18:31.172 10 INFO neutron.api.wsgi [None req-62ce8c26-c1cc-4832-a58a-2a8eafb5be0f 83ff6a123b694938a8cf1b9adfc98d93 ef4b28797ef941f2a8192da8b88acea1 - - default default] 10.0.0.23 "DELETE /v2.0/security-groups/7fb717e0-68b9-4500-aa7b-940ca7ee70c6 HTTP/1.1" status: 204 len: 168 time: 0.1987960
2026-07-02 11:18:31.178 9 INFO neutron.db.ovn_revision_numbers_db [None req-422170ab-2602-4d18-b45d-21a9f663a40c 9650b4327cdc4b21a2074a9f54cc2fd8 1e960e26e592417d9c981b0682ec2a6a - - default default] Successfully bumped revision number for resource 1ef7c73a-aaaf-40e7-8ec3-250da7be7cdb (type: security_group_rules) to 0
2026-07-02 11:18:31.195 9 INFO neutron.db.ovn_revision_numbers_db [None req-422170ab-2602-4d18-b45d-21a9f663a40c 9650b4327cdc4b21a2074a9f54cc2fd8 1e960e26e592417d9c981b0682ec2a6a - - default default] Successfully bumped revision number for resource 6d67e0d8-51a0-4376-b88d-91be0757b014 (type: security_group_rules) to 0
2026-07-02 11:18:31.211 9 INFO neutron.db.ovn_revision_numbers_db [None req-422170ab-2602-4d18-b45d-21a9f663a40c 9650b4327cdc4b21a2074a9f54cc2fd8 1e960e26e592417d9c981b0682ec2a6a - - default default] Successfully bumped revision number for resource fab4ab73-cb8c-4d3c-b416-6690f174d9b3 (type: security_group_rules) to 0
2026-07-02 11:18:31.303 9 INFO neutron.db.segments_db [None req-422170ab-2602-4d18-b45d-21a9f663a40c 9650b4327cdc4b21a2074a9f54cc2fd8 1e960e26e592417d9c981b0682ec2a6a - - default default] Added segment c67ce135-7f62-4933-9fd1-435d97d0ad20 of type geneve for network 19cbb6ee-fd80-4c89-b0a1-c779dab727a2
2026-07-02 11:18:31.391 9 INFO neutron.db.segments_db [None req-422170ab-2602-4d18-b45d-21a9f663a40c 9650b4327cdc4b21a2074a9f54cc2fd8 1e960e26e592417d9c981b0682ec2a6a - - default default] Added segment 0c51e74b-d05f-44d0-b834-e6f1c6014643 of type geneve for network eb1dd59e-b402-436a-b40c-d13528c7b761
2026-07-02 11:18:31.400 10 INFO neutron.db.ovn_revision_numbers_db [None req-e0b34c85-9ebc-46bf-ba28-b8559680897d 83ff6a123b694938a8cf1b9adfc98d93 ef4b28797ef941f2a8192da8b88acea1 - - default default] Successfully bumped revision number for resource 980e6cd9-6e31-482c-8a1e-bbe8e1e44b50 (type: security_groups) to 1
2026-07-02 11:18:31.414 10 INFO neutron.db.ovn_revision_numbers_db [None req-e0b34c85-9ebc-46bf-ba28-b8559680897d 83ff6a123b694938a8cf1b9adfc98d93 ef4b28797ef941f2a8192da8b88acea1 - - default default] Successfully bumped revision number for resource 477da3ef-2193-4625-864e-5d6d6af422d1 (type: security_group_rules) to 0
2026-07-02 11:18:31.426 10 INFO neutron.db.ovn_revision_numbers_db [None req-e0b34c85-9ebc-46bf-ba28-b8559680897d 83ff6a123b694938a8cf1b9adfc98d93 ef4b28797ef941f2a8192da8b88acea1 - - default default] Successfully bumped revision number for resource 8123319c-97bf-48de-8651-bdf6733eef56 (type: security_group_rules) to 0
2026-07-02 11:18:31.440 10 INFO neutron.db.ovn_revision_numbers_db [None req-e0b34c85-9ebc-46bf-ba28-b8559680897d 83ff6a123b694938a8cf1b9adfc98d93 ef4b28797ef941f2a8192da8b88acea1 - - default default] Successfully bumped revision number for resource c10d0dfd-952d-409f-b3fd-9313e00923a7 (type: security_group_rules) to 0
2026-07-02 11:18:31.455 10 INFO neutron.db.ovn_revision_numbers_db [None req-e0b34c85-9ebc-46bf-ba28-b8559680897d 83ff6a123b694938a8cf1b9adfc98d93 ef4b28797ef941f2a8192da8b88acea1 - - default default] Successfully bumped revision number for resource fd35ff74-51f4-4a42-818d-59d68a43d2f4 (type: security_group_rules) to 0
2026-07-02 11:18:31.499 9 INFO neutron.db.ovn_revision_numbers_db [None req-422170ab-2602-4d18-b45d-21a9f663a40c 9650b4327cdc4b21a2074a9f54cc2fd8 1e960e26e592417d9c981b0682ec2a6a - - default default] Successfully bumped revision number for resource 19cbb6ee-fd80-4c89-b0a1-c779dab727a2 (type: networks) to 1
2026-07-02 11:18:31.499 10 INFO neutron.api.wsgi [None req-e0b34c85-9ebc-46bf-ba28-b8559680897d 83ff6a123b694938a8cf1b9adfc98d93 ef4b28797ef941f2a8192da8b88acea1 - - default default] 10.0.0.23 "GET /v2.0/security-groups?tenant_id=4cd78cea96614f3ea22d9b9336859ceb&name=default HTTP/1.1" status: 200 len: 3120 time: 0.2002854
2026-07-02 11:18:31.652 9 WARNING neutron.scheduler.dhcp_agent_scheduler [None req-422170ab-2602-4d18-b45d-21a9f663a40c 9650b4327cdc4b21a2074a9f54cc2fd8 1e960e26e592417d9c981b0682ec2a6a - - default default] No more DHCP agents
2026-07-02 11:18:31.654 9 WARNING neutron.api.rpc.agentnotifiers.dhcp_rpc_agent_api [None req-422170ab-2602-4d18-b45d-21a9f663a40c 9650b4327cdc4b21a2074a9f54cc2fd8 1e960e26e592417d9c981b0682ec2a6a - - default default] Unable to schedule network 19cbb6ee-fd80-4c89-b0a1-c779dab727a2: no agents available; will retry on subsequent port and subnet creation events.
2026-07-02 11:18:31.675 10 WARNING neutron.plugins.ml2.drivers.ovn.mech_driver.ovsdb.ovn_client [None req-d9272efa-1110-486e-b252-e4cfac544645 - - - - - -] No hosting information found for port 9ce2c0b4-6dac-434b-82fe-89deb8b294c1: RuntimeError: No hosting information found for port 9ce2c0b4-6dac-434b-82fe-89deb8b294c1
2026-07-02 11:18:31.709 9 INFO neutron.db.ovn_revision_numbers_db [None req-422170ab-2602-4d18-b45d-21a9f663a40c 9650b4327cdc4b21a2074a9f54cc2fd8 1e960e26e592417d9c981b0682ec2a6a - - default default] Successfully bumped revision number for resource 3f385503-b32b-4af4-a86c-d3d5f387de24 (type: ports) to 1
2026-07-02 11:18:31.714 10 INFO neutron.api.wsgi [None req-57def8f9-27f7-4d36-83c3-fa9b308552ea 83ff6a123b694938a8cf1b9adfc98d93 ef4b28797ef941f2a8192da8b88acea1 - - default default] 10.0.0.23 "DELETE /v2.0/security-groups/980e6cd9-6e31-482c-8a1e-bbe8e1e44b50 HTTP/1.1" status: 204 len: 168 time: 0.2086210
2026-07-02 11:18:31.744 10 INFO neutron.db.ovn_revision_numbers_db [None req-d9272efa-1110-486e-b252-e4cfac544645 - - - - - -] Successfully bumped revision number for resource 9ce2c0b4-6dac-434b-82fe-89deb8b294c1 (type: router_ports) to 2
2026-07-02 11:18:31.770 9 INFO neutron.db.ovn_revision_numbers_db [None req-422170ab-2602-4d18-b45d-21a9f663a40c 9650b4327cdc4b21a2074a9f54cc2fd8 1e960e26e592417d9c981b0682ec2a6a - - default default] Successfully bumped revision number for resource eb1dd59e-b402-436a-b40c-d13528c7b761 (type: networks) to 1
2026-07-02 11:18:32.093 9 INFO neutron.api.wsgi [req-ba984fbb-cb86-40fd-b051-a2c8d5e733de req-cb0b477f-f836-4816-9138-a0b2f5fc3566 df0f21d8f05d4892ade3afcd31f1fe10 4654c17cff2647858813415d89d2f119 - - default default] 10.0.0.231 "GET /v2.0/ports?device_id=366d7ecd-1e26-4356-a3a5-544f7f893362 HTTP/1.1" status: 200 len: 210 time: 0.0187006
2026-07-02 11:18:32.234 9 WARNING neutron.scheduler.dhcp_agent_scheduler [None req-422170ab-2602-4d18-b45d-21a9f663a40c 9650b4327cdc4b21a2074a9f54cc2fd8 1e960e26e592417d9c981b0682ec2a6a - - default default] No more DHCP agents
2026-07-02 11:18:32.235 9 WARNING neutron.api.rpc.agentnotifiers.dhcp_rpc_agent_api [None req-422170ab-2602-4d18-b45d-21a9f663a40c 9650b4327cdc4b21a2074a9f54cc2fd8 1e960e26e592417d9c981b0682ec2a6a - - default default] Unable to schedule network eb1dd59e-b402-436a-b40c-d13528c7b761: no agents available; will retry on subsequent port and subnet creation events.
2026-07-02 11:18:32.307 9 INFO neutron.db.ovn_revision_numbers_db [None req-422170ab-2602-4d18-b45d-21a9f663a40c 9650b4327cdc4b21a2074a9f54cc2fd8 1e960e26e592417d9c981b0682ec2a6a - - default default] Successfully bumped revision number for resource dd1b7ea0-67a5-4d98-90a8-70c9660d8dce (type: ports) to 1
2026-07-02 11:18:32.327 9 INFO neutron.api.wsgi [None req-422170ab-2602-4d18-b45d-21a9f663a40c 9650b4327cdc4b21a2074a9f54cc2fd8 1e960e26e592417d9c981b0682ec2a6a - - default default] 10.0.0.23 "POST /v2.0/networks HTTP/1.1" status: 201 len: 1446 time: 1.5673640
2026-07-02 11:18:32.376 9 INFO neutron.api.wsgi [None req-c3dd159d-2aab-4150-8713-c65dedcbe6d6 9650b4327cdc4b21a2074a9f54cc2fd8 1e960e26e592417d9c981b0682ec2a6a - - default default] 10.0.0.23 "GET /v2.0/networks HTTP/1.1" status: 200 len: 2052 time: 0.0439849
2026-07-02 11:18:32.643 9 INFO neutron.services.segments.plugin [-] Segment c67ce135-7f62-4933-9fd1-435d97d0ad20 resource provider aggregate not found
2026-07-02 11:18:32.647 9 INFO neutron.services.segments.plugin [-] Segment c67ce135-7f62-4933-9fd1-435d97d0ad20 resource provider aggregate not found
2026-07-02 11:18:32.659 9 INFO neutron.services.segments.plugin [-] Segment c67ce135-7f62-4933-9fd1-435d97d0ad20 resource provider not found; error: Placement Client Error (4xx): {"errors": [{"status": 404, "title": "Not Found", "detail": "The resource could not be found.\n\n No resource provider with uuid c67ce135-7f62-4933-9fd1-435d97d0ad20 found for delete ", "request_id": "req-11128810-d3db-4e0b-a54f-ff3428a54a0b"}]}
2026-07-02 11:18:32.662 9 INFO neutron.services.segments.plugin [-] Segment c67ce135-7f62-4933-9fd1-435d97d0ad20 resource provider not found; error: Placement Client Error (4xx): {"errors": [{"status": 404, "title": "Not Found", "detail": "The resource could not be found.\n\n No resource provider with uuid c67ce135-7f62-4933-9fd1-435d97d0ad20 found for delete ", "request_id": "req-fc0062a7-37a0-4a73-b09a-d96d4b24ec1e"}]}
2026-07-02 11:18:32.682 9 INFO neutron.api.wsgi [None req-43ad15de-9384-45fd-8e48-8b0028960058 9650b4327cdc4b21a2074a9f54cc2fd8 1e960e26e592417d9c981b0682ec2a6a - - default default] 10.0.0.23 "DELETE /v2.0/networks/19cbb6ee-fd80-4c89-b0a1-c779dab727a2 HTTP/1.1" status: 204 len: 168 time: 0.3010845
2026-07-02 11:18:33.022 9 INFO neutron.api.wsgi [None req-3cde64e5-842c-4a0c-9094-585215ef94aa 9650b4327cdc4b21a2074a9f54cc2fd8 1e960e26e592417d9c981b0682ec2a6a - - default default] 10.0.0.23 "DELETE /v2.0/networks/eb1dd59e-b402-436a-b40c-d13528c7b761 HTTP/1.1" status: 204 len: 168 time: 0.3325372
2026-07-02 11:18:33.066 9 INFO neutron.api.wsgi [None req-e356f6ac-8926-49c3-88a3-a4b35f087aa4 9650b4327cdc4b21a2074a9f54cc2fd8 1e960e26e592417d9c981b0682ec2a6a - - default default] 10.0.0.23 "GET /v2.0/networks HTTP/1.1" status: 200 len: 845 time: 0.0356324
2026-07-02 11:18:33.075 9 WARNING neutron_lib.context [None req-7d66002c-b4c6-4375-91e4-6146a72fd5bc 9650b4327cdc4b21a2074a9f54cc2fd8 1e960e26e592417d9c981b0682ec2a6a - - default default] Method 'is_advsvc' is deprecated since 2023.2 release (neutron-lib 3.8.0) and will be removed once support for the old RBAC API policies will be removed from Neutron. Please use method 'is_service_role' instead.
2026-07-02 11:18:33.128 9 INFO neutron.api.wsgi [req-7e595592-adbe-4942-a1ad-fa2352d9c6d4 req-bc0807da-4fc4-4d5f-a799-38a4691b81af df0f21d8f05d4892ade3afcd31f1fe10 4654c17cff2647858813415d89d2f119 - - default default] 199.19.213.66 "GET /v2.0/networks?id=6cb92061-241c-4965-add3-7e49ed59c0c3 HTTP/1.1" status: 200 len: 860 time: 0.0464919
2026-07-02 11:18:33.171 9 INFO neutron.api.wsgi [req-7e595592-adbe-4942-a1ad-fa2352d9c6d4 req-fe23a51b-d8aa-4c84-939c-13a4f94f477d df0f21d8f05d4892ade3afcd31f1fe10 4654c17cff2647858813415d89d2f119 - - default default] 199.19.213.66 "GET /v2.0/security-groups?fields=id&fields=name&tenant_id=4654c17cff2647858813415d89d2f119 HTTP/1.1" status: 200 len: 379 time: 0.0362320
2026-07-02 11:18:33.183 9 WARNING neutron_lib.context [req-7e595592-adbe-4942-a1ad-fa2352d9c6d4 req-475fc754-c950-4c11-a30c-1116795fd64c df0f21d8f05d4892ade3afcd31f1fe10 4654c17cff2647858813415d89d2f119 - - default default] Method 'is_advsvc' is deprecated since 2023.2 release (neutron-lib 3.8.0) and will be removed once support for the old RBAC API policies will be removed from Neutron. Please use method 'is_service_role' instead.
2026-07-02 11:18:33.186 9 INFO neutron.api.wsgi [req-2438e1b7-c8f6-45c4-88f2-7aebd6b20b9b req-8df359ad-6eef-4f6e-82c4-85005b69bda3 df0f21d8f05d4892ade3afcd31f1fe10 4654c17cff2647858813415d89d2f119 - - default default] 10.0.0.231 "GET /v2.0/ports?device_id=366d7ecd-1e26-4356-a3a5-544f7f893362 HTTP/1.1" status: 200 len: 210 time: 0.0282404
2026-07-02 11:18:33.189 9 INFO neutron.db.segments_db [None req-7d66002c-b4c6-4375-91e4-6146a72fd5bc 9650b4327cdc4b21a2074a9f54cc2fd8 1e960e26e592417d9c981b0682ec2a6a - - default default] Added segment 05b1932a-ebf8-4314-bd5b-67cc43e97b05 of type geneve for network 15bcba1d-9234-46d3-8aee-ce8dda9ca8d3
2026-07-02 11:18:33.337 9 INFO neutron.db.ovn_revision_numbers_db [None req-7d66002c-b4c6-4375-91e4-6146a72fd5bc 9650b4327cdc4b21a2074a9f54cc2fd8 1e960e26e592417d9c981b0682ec2a6a - - default default] Successfully bumped revision number for resource 15bcba1d-9234-46d3-8aee-ce8dda9ca8d3 (type: networks) to 1
2026-07-02 11:18:33.515 9 WARNING neutron.scheduler.dhcp_agent_scheduler [req-7e595592-adbe-4942-a1ad-fa2352d9c6d4 req-475fc754-c950-4c11-a30c-1116795fd64c df0f21d8f05d4892ade3afcd31f1fe10 4654c17cff2647858813415d89d2f119 - - default default] No more DHCP agents
2026-07-02 11:18:33.516 9 WARNING neutron.api.rpc.agentnotifiers.dhcp_rpc_agent_api [req-7e595592-adbe-4942-a1ad-fa2352d9c6d4 req-475fc754-c950-4c11-a30c-1116795fd64c df0f21d8f05d4892ade3afcd31f1fe10 4654c17cff2647858813415d89d2f119 - - default default] Unable to schedule network 6cb92061-241c-4965-add3-7e49ed59c0c3: no agents available; will retry on subsequent port and subnet creation events.
2026-07-02 11:18:33.523 9 WARNING neutron.scheduler.dhcp_agent_scheduler [None req-7d66002c-b4c6-4375-91e4-6146a72fd5bc 9650b4327cdc4b21a2074a9f54cc2fd8 1e960e26e592417d9c981b0682ec2a6a - - default default] No more DHCP agents
2026-07-02 11:18:33.525 9 WARNING neutron.api.rpc.agentnotifiers.dhcp_rpc_agent_api [None req-7d66002c-b4c6-4375-91e4-6146a72fd5bc 9650b4327cdc4b21a2074a9f54cc2fd8 1e960e26e592417d9c981b0682ec2a6a - - default default] Unable to schedule network 15bcba1d-9234-46d3-8aee-ce8dda9ca8d3: no agents available; will retry on subsequent port and subnet creation events.
2026-07-02 11:18:33.607 9 INFO neutron.db.ovn_revision_numbers_db [None req-7d66002c-b4c6-4375-91e4-6146a72fd5bc 9650b4327cdc4b21a2074a9f54cc2fd8 1e960e26e592417d9c981b0682ec2a6a - - default default] Successfully bumped revision number for resource c46ea7f3-9ff9-48dc-9bcb-3e70588be615 (type: ports) to 1 /var/lib/openstack/lib/python3.12/site-packages/pycadf/identifier.py:71: UserWarning: Invalid uuid: neutron. To ensure interoperability, identifiers should be a valid uuid. warnings.warn(('Invalid uuid: %s. To ensure interoperability, '
2026-07-02 11:18:33.624 9 WARNING neutron_lib.context [None req-84ab6dd0-32c6-4b0b-8d20-0e27f40f9d23 cdec4df8c0d543d49923acfb3ce2e542 5e93b5dcc97b49a781345397051f0c70 - - default default] Method 'is_advsvc' is deprecated since 2023.2 release (neutron-lib 3.8.0) and will be removed once support for the old RBAC API policies will be removed from Neutron. Please use method 'is_service_role' instead.
2026-07-02 11:18:33.658 9 INFO neutron.api.wsgi [None req-7d66002c-b4c6-4375-91e4-6146a72fd5bc 9650b4327cdc4b21a2074a9f54cc2fd8 1e960e26e592417d9c981b0682ec2a6a - - default default] 10.0.0.23 "POST /v2.0/networks HTTP/1.1" status: 201 len: 849 time: 0.5866625
2026-07-02 11:18:33.669 10 WARNING neutron_lib.context [None req-c3054937-ce45-4f18-8e59-9cc912507093 9650b4327cdc4b21a2074a9f54cc2fd8 1e960e26e592417d9c981b0682ec2a6a - - default default] Method 'is_advsvc' is deprecated since 2023.2 release (neutron-lib 3.8.0) and will be removed once support for the old RBAC API policies will be removed from Neutron. Please use method 'is_service_role' instead.
2026-07-02 11:18:33.678 9 INFO neutron.db.ovn_revision_numbers_db [req-7e595592-adbe-4942-a1ad-fa2352d9c6d4 req-475fc754-c950-4c11-a30c-1116795fd64c df0f21d8f05d4892ade3afcd31f1fe10 4654c17cff2647858813415d89d2f119 - - default default] Successfully bumped revision number for resource 8fc950d5-3cad-4656-9cd0-9c50056e3473 (type: ports) to 1
2026-07-02 11:18:33.701 9 INFO neutron.api.wsgi [None req-84ab6dd0-32c6-4b0b-8d20-0e27f40f9d23 cdec4df8c0d543d49923acfb3ce2e542 5e93b5dcc97b49a781345397051f0c70 - - default default] 10.0.0.23 "POST /v2.0/subnetpools HTTP/1.1" status: 201 len: 715 time: 0.2516284
2026-07-02 11:18:33.721 9 INFO neutron.api.wsgi [req-7e595592-adbe-4942-a1ad-fa2352d9c6d4 req-475fc754-c950-4c11-a30c-1116795fd64c df0f21d8f05d4892ade3afcd31f1fe10 4654c17cff2647858813415d89d2f119 - - default default] 199.19.213.66 "POST /v2.0/ports HTTP/1.1" status: 201 len: 1158 time: 0.5449712
2026-07-02 11:18:33.748 9 INFO neutron.api.wsgi [None req-90322b8f-3605-4201-bb02-d1a0daf95955 cdec4df8c0d543d49923acfb3ce2e542 5e93b5dcc97b49a781345397051f0c70 - - default default] 10.0.0.23 "PUT /v2.0/subnetpools/3bd6fa71-37a6-42eb-a702-8daa3af928a9/tags HTTP/1.1" status: 200 len: 218 time: 0.0404119
2026-07-02 11:18:33.755 10 INFO neutron.db.segments_db [None req-c3054937-ce45-4f18-8e59-9cc912507093 9650b4327cdc4b21a2074a9f54cc2fd8 1e960e26e592417d9c981b0682ec2a6a - - default default] Added segment 3e79b913-af7c-4680-a0c6-ad9d6d5de93e of type geneve for network 866f4fe1-a3c1-4c0b-b427-417e3dfba816
2026-07-02 11:18:33.777 9 INFO neutron.api.wsgi [None req-2c3a6ca3-99c0-4810-839e-e94c35fdf488 cdec4df8c0d543d49923acfb3ce2e542 5e93b5dcc97b49a781345397051f0c70 - - default default] 10.0.0.23 "GET /v2.0/subnetpools/3bd6fa71-37a6-42eb-a702-8daa3af928a9/tags HTTP/1.1" status: 200 len: 218 time: 0.0242069
2026-07-02 11:18:33.815 9 INFO neutron.api.wsgi [None req-8c14ab78-3b15-4a0b-bbc2-4e8fdb4cf240 cdec4df8c0d543d49923acfb3ce2e542 5e93b5dcc97b49a781345397051f0c70 - - default default] 10.0.0.23 "PUT /v2.0/subnetpools/3bd6fa71-37a6-42eb-a702-8daa3af928a9/tags/green HTTP/1.1" status: 201 len: 201 time: 0.0334291
2026-07-02 11:18:33.854 9 INFO neutron.api.wsgi [None req-c63b1078-392e-40d0-b7d2-fa2387607824 cdec4df8c0d543d49923acfb3ce2e542 5e93b5dcc97b49a781345397051f0c70 - - default default] 10.0.0.23 "GET /v2.0/subnetpools/3bd6fa71-37a6-42eb-a702-8daa3af928a9/tags HTTP/1.1" status: 200 len: 227 time: 0.0305016
2026-07-02 11:18:33.870 10 INFO neutron.db.ovn_revision_numbers_db [None req-c3054937-ce45-4f18-8e59-9cc912507093 9650b4327cdc4b21a2074a9f54cc2fd8 1e960e26e592417d9c981b0682ec2a6a - - default default] Successfully bumped revision number for resource 866f4fe1-a3c1-4c0b-b427-417e3dfba816 (type: networks) to 1
2026-07-02 11:18:33.883 9 INFO neutron.api.wsgi [None req-905651ca-2cb4-46ab-80dd-e8744bfc0a43 cdec4df8c0d543d49923acfb3ce2e542 5e93b5dcc97b49a781345397051f0c70 - - default default] 10.0.0.23 "PUT /v2.0/subnetpools/3bd6fa71-37a6-42eb-a702-8daa3af928a9/tags/red HTTP/1.1" status: 201 len: 201 time: 0.0235083
2026-07-02 11:18:33.913 10 INFO neutron.api.wsgi [None req-a8e3ac3a-7590-44d6-9953-e838cf73ac4a cdec4df8c0d543d49923acfb3ce2e542 5e93b5dcc97b49a781345397051f0c70 - - default default] 10.0.0.23 "GET /v2.0/subnetpools/3bd6fa71-37a6-42eb-a702-8daa3af928a9/tags HTTP/1.1" status: 200 len: 227 time: 0.0255272
2026-07-02 11:18:33.959 9 INFO neutron.api.wsgi [None req-19ece2be-f1e3-498f-8984-aa36dbb0e06f cdec4df8c0d543d49923acfb3ce2e542 5e93b5dcc97b49a781345397051f0c70 - - default default] 10.0.0.23 "PUT /v2.0/subnetpools/3bd6fa71-37a6-42eb-a702-8daa3af928a9/tags/black.or.white HTTP/1.1" status: 201 len: 201 time: 0.0420270
2026-07-02 11:18:33.991 10 INFO neutron.api.wsgi [None req-f6ac9728-a294-4377-a2d2-71a29437197e cdec4df8c0d543d49923acfb3ce2e542 5e93b5dcc97b49a781345397051f0c70 - - default default] 10.0.0.23 "GET /v2.0/subnetpools/3bd6fa71-37a6-42eb-a702-8daa3af928a9/tags HTTP/1.1" status: 200 len: 245 time: 0.0265012
