2026-07-02 11:18:48.683 9 INFO neutron.api.wsgi [None req-85594d47-4537-45e8-a812-795bf3f06dc7 a80ad870b606417ab76e0c0061787466 958ac05e02484ffba5e76da6a2e961df - - default default] 10.0.0.23 "PUT /v2.0/policies/601aad45-e7d9-4729-be63-60420e0fdcb8/tags HTTP/1.1" status: 200 len: 218 time: 0.0238140
2026-07-02 11:18:48.709 9 INFO neutron.api.wsgi [None req-b2b015d3-e150-45a3-83b8-1281e59c150e a80ad870b606417ab76e0c0061787466 958ac05e02484ffba5e76da6a2e961df - - default default] 10.0.0.23 "PUT /v2.0/policies/140affd5-d674-4b2c-9a85-328c95ed8218/tags HTTP/1.1" status: 200 len: 227 time: 0.0227525
2026-07-02 11:18:48.731 9 INFO neutron.api.wsgi [None req-75ae91cf-1488-4046-b56a-3fff0da866d2 a80ad870b606417ab76e0c0061787466 958ac05e02484ffba5e76da6a2e961df - - default default] 10.0.0.23 "PUT /v2.0/policies/cfc0ddab-5850-4388-b3e6-38af6bef47f7/tags HTTP/1.1" status: 200 len: 212 time: 0.0186048
2026-07-02 11:18:49.242 9 INFO neutron.api.wsgi [None req-0e31508d-9a4f-4fc1-a1e6-fd05ad9e6a9d 19fa0ce578f14db1b0262c52211ec3c5 d7d006ccfb46429ebc84493a0fbf15d3 - - default default] 10.0.0.23 "GET /v2.0/qos/policies?tags=red HTTP/1.1" status: 200 len: 1296 time: 0.1707087
2026-07-02 11:18:49.312 9 INFO neutron.api.wsgi [None req-8844e00c-9d6b-4c15-afec-162119facf47 19fa0ce578f14db1b0262c52211ec3c5 d7d006ccfb46429ebc84493a0fbf15d3 - - default default] 10.0.0.23 "GET /v2.0/qos/policies?tags=red%2Cblue HTTP/1.1" status: 200 len: 941 time: 0.0651579
2026-07-02 11:18:49.375 9 INFO neutron.api.wsgi [None req-8e871453-50aa-4110-aba5-4df9da8675f0 19fa0ce578f14db1b0262c52211ec3c5 d7d006ccfb46429ebc84493a0fbf15d3 - - default default] 10.0.0.23 "GET /v2.0/qos/policies?tags-any=blue HTTP/1.1" status: 200 len: 941 time: 0.0576315
2026-07-02 11:18:49.440 9 INFO neutron.api.wsgi [None req-834ac2cf-7d33-4182-9c03-83c894b679c9 19fa0ce578f14db1b0262c52211ec3c5 d7d006ccfb46429ebc84493a0fbf15d3 - - default default] 10.0.0.23 "GET /v2.0/qos/policies?tags-any=red%2Cblue HTTP/1.1" status: 200 len: 1296 time: 0.0601692
2026-07-02 11:18:49.485 9 INFO neutron.api.wsgi [None req-8d19fc4e-8c3c-4309-8637-ec4108f138a2 19fa0ce578f14db1b0262c52211ec3c5 d7d006ccfb46429ebc84493a0fbf15d3 - - default default] 10.0.0.23 "GET /v2.0/qos/policies?not-tags=red HTTP/1.1" status: 200 len: 913 time: 0.0393348
2026-07-02 11:18:49.547 9 INFO neutron.api.wsgi [None req-4efe8b25-3013-4780-aa73-602c101f37db 19fa0ce578f14db1b0262c52211ec3c5 d7d006ccfb46429ebc84493a0fbf15d3 - - default default] 10.0.0.23 "GET /v2.0/qos/policies?not-tags=red%2Cblue HTTP/1.1" status: 200 len: 1268 time: 0.0574200
2026-07-02 11:18:49.616 9 INFO neutron.api.wsgi [None req-fac7e491-d38a-4216-b46a-2c6bf5c1c33c 19fa0ce578f14db1b0262c52211ec3c5 d7d006ccfb46429ebc84493a0fbf15d3 - - default default] 10.0.0.23 "GET /v2.0/qos/policies?not-tags-any=blue HTTP/1.1" status: 200 len: 1268 time: 0.0532775
2026-07-02 11:18:49.685 9 INFO neutron.api.wsgi [None req-107ad57f-3705-4ebd-90d3-8883c178bdba 19fa0ce578f14db1b0262c52211ec3c5 d7d006ccfb46429ebc84493a0fbf15d3 - - default default] 10.0.0.23 "GET /v2.0/qos/policies?not-tags-any=red%2Cblue HTTP/1.1" status: 200 len: 913 time: 0.0566192
2026-07-02 11:18:49.740 9 INFO neutron.api.wsgi [None req-deb83f70-4a9d-44f1-88bd-30794d160e29 a80ad870b606417ab76e0c0061787466 958ac05e02484ffba5e76da6a2e961df - - default default] 10.0.0.23 "DELETE /v2.0/qos/policies/281648fa-e5e6-45f7-a1fb-e090697764ab HTTP/1.1" status: 204 len: 168 time: 0.0480590
2026-07-02 11:18:49.787 9 INFO neutron.api.wsgi [None req-36f9e930-e873-4459-b6b2-0e38f3778c9d a80ad870b606417ab76e0c0061787466 958ac05e02484ffba5e76da6a2e961df - - default default] 10.0.0.23 "DELETE /v2.0/qos/policies/601aad45-e7d9-4729-be63-60420e0fdcb8 HTTP/1.1" status: 204 len: 168 time: 0.0403042
2026-07-02 11:18:49.847 9 INFO neutron.api.wsgi [None req-e58ddf69-8898-4b77-9ef8-afdd4441923e a80ad870b606417ab76e0c0061787466 958ac05e02484ffba5e76da6a2e961df - - default default] 10.0.0.23 "DELETE /v2.0/qos/policies/140affd5-d674-4b2c-9a85-328c95ed8218 HTTP/1.1" status: 204 len: 168 time: 0.0510890
2026-07-02 11:18:49.900 9 INFO neutron.api.wsgi [None req-64b0f1b9-c4df-4dee-b03e-ed59fa87da23 a80ad870b606417ab76e0c0061787466 958ac05e02484ffba5e76da6a2e961df - - default default] 10.0.0.23 "DELETE /v2.0/qos/policies/cfc0ddab-5850-4388-b3e6-38af6bef47f7 HTTP/1.1" status: 204 len: 168 time: 0.0479951
2026-07-02 11:18:49.965 9 INFO neutron.api.wsgi [None req-acf803b7-eb57-40c6-b715-7f1a5247328b a80ad870b606417ab76e0c0061787466 958ac05e02484ffba5e76da6a2e961df - - default default] 10.0.0.23 "DELETE /v2.0/qos/policies/e4e5d6cd-9575-4d6c-a95b-a91160f53dc1 HTTP/1.1" status: 204 len: 168 time: 0.0613956
2026-07-02 11:18:51.070 10 INFO neutron.db.ovn_revision_numbers_db [None req-374a219d-363d-4c89-af9b-4c0a3d11ad11 83ff6a123b694938a8cf1b9adfc98d93 ef4b28797ef941f2a8192da8b88acea1 - - default default] Successfully bumped revision number for resource 0d0414f6-04be-4f63-aadc-cdc94b8b02b5 (type: security_groups) to 1
2026-07-02 11:18:51.084 10 INFO neutron.db.ovn_revision_numbers_db [None req-374a219d-363d-4c89-af9b-4c0a3d11ad11 83ff6a123b694938a8cf1b9adfc98d93 ef4b28797ef941f2a8192da8b88acea1 - - default default] Successfully bumped revision number for resource 2ccf7a48-b0da-4cf7-af15-ec69338752e1 (type: security_group_rules) to 0
2026-07-02 11:18:51.102 10 INFO neutron.db.ovn_revision_numbers_db [None req-374a219d-363d-4c89-af9b-4c0a3d11ad11 83ff6a123b694938a8cf1b9adfc98d93 ef4b28797ef941f2a8192da8b88acea1 - - default default] Successfully bumped revision number for resource 37e57a3a-6141-49f3-8eae-9ce31b605c2f (type: security_group_rules) to 0
2026-07-02 11:18:51.115 10 INFO neutron.db.ovn_revision_numbers_db [None req-374a219d-363d-4c89-af9b-4c0a3d11ad11 83ff6a123b694938a8cf1b9adfc98d93 ef4b28797ef941f2a8192da8b88acea1 - - default default] Successfully bumped revision number for resource 5d8bd8f5-c8b6-4be1-855f-fbdd68fd6acf (type: security_group_rules) to 0
2026-07-02 11:18:51.128 10 INFO neutron.db.ovn_revision_numbers_db [None req-374a219d-363d-4c89-af9b-4c0a3d11ad11 83ff6a123b694938a8cf1b9adfc98d93 ef4b28797ef941f2a8192da8b88acea1 - - default default] Successfully bumped revision number for resource 94f60de2-18a7-4cd8-803f-8013db79a9ab (type: security_group_rules) to 0
2026-07-02 11:18:51.185 10 INFO neutron.api.wsgi [None req-374a219d-363d-4c89-af9b-4c0a3d11ad11 83ff6a123b694938a8cf1b9adfc98d93 ef4b28797ef941f2a8192da8b88acea1 - - default default] 10.0.0.23 "GET /v2.0/security-groups?tenant_id=756dd4db4df543029eb2a0d1c8e27965&name=default HTTP/1.1" status: 200 len: 3120 time: 0.3659732
2026-07-02 11:18:51.436 10 INFO neutron.api.wsgi [None req-f88bcf68-528b-4118-bfae-4ac0b3c70a4d 83ff6a123b694938a8cf1b9adfc98d93 ef4b28797ef941f2a8192da8b88acea1 - - default default] 10.0.0.23 "DELETE /v2.0/security-groups/0d0414f6-04be-4f63-aadc-cdc94b8b02b5 HTTP/1.1" status: 204 len: 168 time: 0.2426925
2026-07-02 11:18:51.506 9 INFO neutron.api.wsgi [req-c887211f-7778-47c9-9861-6a7c174fe843 req-a3c1e95c-521a-47d5-88b4-9a43f8ee4ebb ac859a2252c54cc6b0a526a2c5fd2af3 f92b55a119f24ef8b47e978144f28fff - - d35581d8ea3f4597b843713eead5a22c d35581d8ea3f4597b843713eead5a22c] 10.0.0.253 "GET /v2.0/ports?device_id=366d7ecd-1e26-4356-a3a5-544f7f893362 HTTP/1.1" status: 200 len: 1409 time: 0.0344920
2026-07-02 11:18:51.550 9 INFO neutron.api.wsgi [req-c887211f-7778-47c9-9861-6a7c174fe843 req-2feafbdf-470e-4a37-b985-671503772aa4 ac859a2252c54cc6b0a526a2c5fd2af3 f92b55a119f24ef8b47e978144f28fff - - d35581d8ea3f4597b843713eead5a22c d35581d8ea3f4597b843713eead5a22c] 10.0.0.253 "GET /v2.0/security-groups?id=f26b3344-de57-4286-913e-688c1d646d87&fields=id&fields=name HTTP/1.1" status: 200 len: 312 time: 0.0360000
2026-07-02 11:18:51.699 9 INFO neutron.db.ovn_revision_numbers_db [None req-44450ebc-6fbb-4202-b1a1-be9e136dad33 83ff6a123b694938a8cf1b9adfc98d93 ef4b28797ef941f2a8192da8b88acea1 - - default default] Successfully bumped revision number for resource 2e7074af-33ed-494f-a318-35f453fd5065 (type: security_groups) to 1
2026-07-02 11:18:51.711 9 INFO neutron.db.ovn_revision_numbers_db [None req-44450ebc-6fbb-4202-b1a1-be9e136dad33 83ff6a123b694938a8cf1b9adfc98d93 ef4b28797ef941f2a8192da8b88acea1 - - default default] Successfully bumped revision number for resource 443c6f3c-6ade-4c98-ba48-07827cf07198 (type: security_group_rules) to 0
2026-07-02 11:18:51.723 9 INFO neutron.db.ovn_revision_numbers_db [None req-44450ebc-6fbb-4202-b1a1-be9e136dad33 83ff6a123b694938a8cf1b9adfc98d93 ef4b28797ef941f2a8192da8b88acea1 - - default default] Successfully bumped revision number for resource 4e8550ef-56e2-4604-82e1-334a101627e9 (type: security_group_rules) to 0
2026-07-02 11:18:51.743 9 INFO neutron.db.ovn_revision_numbers_db [None req-44450ebc-6fbb-4202-b1a1-be9e136dad33 83ff6a123b694938a8cf1b9adfc98d93 ef4b28797ef941f2a8192da8b88acea1 - - default default] Successfully bumped revision number for resource 79102ec3-a01f-42ad-9de6-e3c9593c180d (type: security_group_rules) to 0
2026-07-02 11:18:51.768 9 INFO neutron.db.ovn_revision_numbers_db [None req-44450ebc-6fbb-4202-b1a1-be9e136dad33 83ff6a123b694938a8cf1b9adfc98d93 ef4b28797ef941f2a8192da8b88acea1 - - default default] Successfully bumped revision number for resource 9b6f9b7c-fa45-4a9d-ad75-7c1bbc54fc58 (type: security_group_rules) to 0
2026-07-02 11:18:51.807 9 INFO neutron.api.wsgi [None req-44450ebc-6fbb-4202-b1a1-be9e136dad33 83ff6a123b694938a8cf1b9adfc98d93 ef4b28797ef941f2a8192da8b88acea1 - - default default] 10.0.0.23 "GET /v2.0/security-groups?tenant_id=958ac05e02484ffba5e76da6a2e961df&name=default HTTP/1.1" status: 200 len: 3120 time: 0.2229443
2026-07-02 11:18:52.022 9 INFO neutron.api.wsgi [None req-31f5abd8-8313-40e1-8635-633f07c92ed1 83ff6a123b694938a8cf1b9adfc98d93 ef4b28797ef941f2a8192da8b88acea1 - - default default] 10.0.0.23 "DELETE /v2.0/security-groups/2e7074af-33ed-494f-a318-35f453fd5065 HTTP/1.1" status: 204 len: 168 time: 0.2103646
2026-07-02 11:18:52.047 10 INFO neutron.db.ovn_revision_numbers_db [None req-bd9eec02-4fb9-44d7-b115-6df4884d9aae 83ff6a123b694938a8cf1b9adfc98d93 ef4b28797ef941f2a8192da8b88acea1 - - default default] Successfully bumped revision number for resource bfa91f8b-6906-43f1-ac81-7427be14e5b7 (type: security_groups) to 1
2026-07-02 11:18:52.060 10 INFO neutron.db.ovn_revision_numbers_db [None req-bd9eec02-4fb9-44d7-b115-6df4884d9aae 83ff6a123b694938a8cf1b9adfc98d93 ef4b28797ef941f2a8192da8b88acea1 - - default default] Successfully bumped revision number for resource 274856ab-cb8c-434d-892c-dd4f1de6f4d6 (type: security_group_rules) to 0
2026-07-02 11:18:52.076 10 INFO neutron.db.ovn_revision_numbers_db [None req-bd9eec02-4fb9-44d7-b115-6df4884d9aae 83ff6a123b694938a8cf1b9adfc98d93 ef4b28797ef941f2a8192da8b88acea1 - - default default] Successfully bumped revision number for resource 3d768644-039e-4925-82ee-70923ee1b50b (type: security_group_rules) to 0
2026-07-02 11:18:52.089 10 INFO neutron.db.ovn_revision_numbers_db [None req-bd9eec02-4fb9-44d7-b115-6df4884d9aae 83ff6a123b694938a8cf1b9adfc98d93 ef4b28797ef941f2a8192da8b88acea1 - - default default] Successfully bumped revision number for resource ae23b044-704d-4184-b938-00e299c4e6e0 (type: security_group_rules) to 0
2026-07-02 11:18:52.103 10 INFO neutron.db.ovn_revision_numbers_db [None req-bd9eec02-4fb9-44d7-b115-6df4884d9aae 83ff6a123b694938a8cf1b9adfc98d93 ef4b28797ef941f2a8192da8b88acea1 - - default default] Successfully bumped revision number for resource ca4b72ad-1c74-447a-9c3c-3197bc00df69 (type: security_group_rules) to 0
2026-07-02 11:18:52.146 10 INFO neutron.api.wsgi [None req-bd9eec02-4fb9-44d7-b115-6df4884d9aae 83ff6a123b694938a8cf1b9adfc98d93 ef4b28797ef941f2a8192da8b88acea1 - - default default] 10.0.0.23 "GET /v2.0/security-groups?tenant_id=fcbecf4658404385a8dc78e1850fd5fa&name=default HTTP/1.1" status: 200 len: 3120 time: 0.3075542
2026-07-02 11:18:52.335 9 INFO neutron.db.ovn_revision_numbers_db [None req-b9a38d51-86c5-4b4a-8126-411a59755056 83ff6a123b694938a8cf1b9adfc98d93 ef4b28797ef941f2a8192da8b88acea1 - - default default] Successfully bumped revision number for resource cb7d006e-9e8e-40f1-9c1a-567d021eb07c (type: security_groups) to 1
2026-07-02 11:18:52.349 9 INFO neutron.db.ovn_revision_numbers_db [None req-b9a38d51-86c5-4b4a-8126-411a59755056 83ff6a123b694938a8cf1b9adfc98d93 ef4b28797ef941f2a8192da8b88acea1 - - default default] Successfully bumped revision number for resource 4f9beab9-3315-4dad-950a-0f925bdc517a (type: security_group_rules) to 0
2026-07-02 11:18:52.369 9 INFO neutron.db.ovn_revision_numbers_db [None req-b9a38d51-86c5-4b4a-8126-411a59755056 83ff6a123b694938a8cf1b9adfc98d93 ef4b28797ef941f2a8192da8b88acea1 - - default default] Successfully bumped revision number for resource 772a0e94-2ffb-4231-bb4b-76f4c7af0433 (type: security_group_rules) to 0
2026-07-02 11:18:52.382 9 INFO neutron.db.ovn_revision_numbers_db [None req-b9a38d51-86c5-4b4a-8126-411a59755056 83ff6a123b694938a8cf1b9adfc98d93 ef4b28797ef941f2a8192da8b88acea1 - - default default] Successfully bumped revision number for resource b3e9adab-fe58-4853-811e-432d4785f0cd (type: security_group_rules) to 0
2026-07-02 11:18:52.399 9 INFO neutron.db.ovn_revision_numbers_db [None req-b9a38d51-86c5-4b4a-8126-411a59755056 83ff6a123b694938a8cf1b9adfc98d93 ef4b28797ef941f2a8192da8b88acea1 - - default default] Successfully bumped revision number for resource c5977767-0355-4b01-94c9-4e8b5f48f8ed (type: security_group_rules) to 0
2026-07-02 11:18:52.417 10 INFO neutron.api.wsgi [None req-b7af31d3-8790-44ce-9757-42b26af111d2 83ff6a123b694938a8cf1b9adfc98d93 ef4b28797ef941f2a8192da8b88acea1 - - default default] 10.0.0.23 "DELETE /v2.0/security-groups/bfa91f8b-6906-43f1-ac81-7427be14e5b7 HTTP/1.1" status: 204 len: 168 time: 0.2660780
2026-07-02 11:18:52.436 9 INFO neutron.api.wsgi [None req-b9a38d51-86c5-4b4a-8126-411a59755056 83ff6a123b694938a8cf1b9adfc98d93 ef4b28797ef941f2a8192da8b88acea1 - - default default] 10.0.0.23 "GET /v2.0/security-groups?tenant_id=d7d006ccfb46429ebc84493a0fbf15d3&name=default HTTP/1.1" status: 200 len: 3120 time: 0.2422314
2026-07-02 11:18:52.628 9 INFO neutron.api.wsgi [None req-a3a0dab4-c28c-4f5c-8dd8-c6ad521c43e6 83ff6a123b694938a8cf1b9adfc98d93 ef4b28797ef941f2a8192da8b88acea1 - - default default] 10.0.0.23 "DELETE /v2.0/security-groups/cb7d006e-9e8e-40f1-9c1a-567d021eb07c HTTP/1.1" status: 204 len: 168 time: 0.1861091
2026-07-02 11:18:53.556 10 INFO neutron.api.wsgi [None req-a1bef567-8df3-4abf-a10b-7336f2c29fb8 9cc4376ef6f44f3aa0f47e7b0a366580 f4fb944c3cc9438cbf52f2fc6af09bf6 - - default default] 10.0.0.23 "GET /v2.0/ports?project_id=4654c17cff2647858813415d89d2f119&network_id=6cb92061-241c-4965-add3-7e49ed59c0c3 HTTP/1.1" status: 200 len: 3510 time: 0.0733066
2026-07-02 11:18:53.839 9 INFO neutron.api.wsgi [None req-923e7c05-6522-4e3e-ae48-edef7c292985 9cc4376ef6f44f3aa0f47e7b0a366580 f4fb944c3cc9438cbf52f2fc6af09bf6 - - default default] 10.0.0.23 "GET /v2.0/subnets?network_id=5aa32851-cb45-4eb3-bf52-e9f816c51679 HTTP/1.1" status: 200 len: 861 time: 0.0713637
2026-07-02 11:18:54.185 9 INFO neutron.db.ovn_revision_numbers_db [None req-64d77690-b617-4c76-a1d7-2199b1341891 df0f21d8f05d4892ade3afcd31f1fe10 4654c17cff2647858813415d89d2f119 - - default default] Successfully bumped revision number for resource 80eecc71-c456-4b89-91c6-6ea616a66f95 (type: floatingips) to 2
2026-07-02 11:18:54.250 9 INFO neutron.db.l3_db [None req-64d77690-b617-4c76-a1d7-2199b1341891 df0f21d8f05d4892ade3afcd31f1fe10 4654c17cff2647858813415d89d2f119 - - default default] Floating IP 80eecc71-c456-4b89-91c6-6ea616a66f95 disassociated. External IP: 10.96.250.213, port: 8fc950d5-3cad-4656-9cd0-9c50056e3473.
2026-07-02 11:18:54.279 9 INFO neutron.api.wsgi [None req-64d77690-b617-4c76-a1d7-2199b1341891 df0f21d8f05d4892ade3afcd31f1fe10 4654c17cff2647858813415d89d2f119 - - default default] 10.0.0.23 "PUT /v2.0/floatingips/80eecc71-c456-4b89-91c6-6ea616a66f95 HTTP/1.1" status: 200 len: 748 time: 0.2583795
2026-07-02 11:18:54.309 10 INFO neutron.api.wsgi [None req-a657282f-f0c2-43a5-9372-134a82dead89 df0f21d8f05d4892ade3afcd31f1fe10 4654c17cff2647858813415d89d2f119 - - default default] 10.0.0.23 "GET /v2.0/floatingips/80eecc71-c456-4b89-91c6-6ea616a66f95 HTTP/1.1" status: 200 len: 746 time: 0.0246511
2026-07-02 11:18:54.325 9 INFO neutron.notifiers.nova [-] Nova event matching ['req-a25653f1-a201-4d9f-82a8-a0a49df51fe6'] response: {'name': 'network-changed', 'server_uuid': '366d7ecd-1e26-4356-a3a5-544f7f893362', 'tag': '8fc950d5-3cad-4656-9cd0-9c50056e3473', 'status': 'completed', 'code': 200} /var/lib/openstack/lib/python3.12/site-packages/pycadf/identifier.py:71: UserWarning: Invalid uuid: neutron. To ensure interoperability, identifiers should be a valid uuid. warnings.warn(('Invalid uuid: %s. To ensure interoperability, '
2026-07-02 11:18:54.879 9 INFO neutron.api.wsgi [req-fa8d973c-6e5d-445b-b78f-e835729bbcb4 req-3ad88890-be89-4c35-900a-5a28a919e5b2 ac859a2252c54cc6b0a526a2c5fd2af3 f92b55a119f24ef8b47e978144f28fff - - d35581d8ea3f4597b843713eead5a22c d35581d8ea3f4597b843713eead5a22c] 199.19.213.66 "GET /v2.0/ports?tenant_id=4654c17cff2647858813415d89d2f119&device_id=366d7ecd-1e26-4356-a3a5-544f7f893362 HTTP/1.1" status: 200 len: 1409 time: 0.0410874
2026-07-02 11:18:54.933 9 INFO neutron.api.wsgi [req-fa8d973c-6e5d-445b-b78f-e835729bbcb4 req-dd3c393a-3685-43dc-805d-d791912c36be ac859a2252c54cc6b0a526a2c5fd2af3 f92b55a119f24ef8b47e978144f28fff - - d35581d8ea3f4597b843713eead5a22c d35581d8ea3f4597b843713eead5a22c] 199.19.213.66 "GET /v2.0/networks?id=6cb92061-241c-4965-add3-7e49ed59c0c3 HTTP/1.1" status: 200 len: 959 time: 0.0484233
2026-07-02 11:18:54.961 9 INFO neutron.api.wsgi [req-fa8d973c-6e5d-445b-b78f-e835729bbcb4 req-4d637990-23f5-407a-8061-2483696cb9ec ac859a2252c54cc6b0a526a2c5fd2af3 f92b55a119f24ef8b47e978144f28fff - - d35581d8ea3f4597b843713eead5a22c d35581d8ea3f4597b843713eead5a22c] 199.19.213.66 "GET /v2.0/floatingips?fixed_ip_address=10.100.0.4&port_id=8fc950d5-3cad-4656-9cd0-9c50056e3473 HTTP/1.1" status: 200 len: 217 time: 0.0227160
2026-07-02 11:18:54.993 9 INFO neutron.api.wsgi [req-fa8d973c-6e5d-445b-b78f-e835729bbcb4 req-4f7d825b-b990-4091-b3e1-87bdcaea913e ac859a2252c54cc6b0a526a2c5fd2af3 f92b55a119f24ef8b47e978144f28fff - - d35581d8ea3f4597b843713eead5a22c d35581d8ea3f4597b843713eead5a22c] 199.19.213.66 "GET /v2.0/subnets?id=48a7ee31-0989-4f5e-aa6f-863df3ea4dfe HTTP/1.1" status: 200 len: 877 time: 0.0255270
2026-07-02 11:18:55.015 9 INFO neutron.api.wsgi [req-fa8d973c-6e5d-445b-b78f-e835729bbcb4 req-e67fef8c-3980-4e4d-afc2-9b3f921a8cd4 ac859a2252c54cc6b0a526a2c5fd2af3 f92b55a119f24ef8b47e978144f28fff - - d35581d8ea3f4597b843713eead5a22c d35581d8ea3f4597b843713eead5a22c] 199.19.213.66 "GET /v2.0/ports?network_id=6cb92061-241c-4965-add3-7e49ed59c0c3&device_owner=network%3Adhcp HTTP/1.1" status: 200 len: 210 time: 0.0165179
2026-07-02 11:18:55.070 9 INFO neutron.api.wsgi [req-fa8d973c-6e5d-445b-b78f-e835729bbcb4 req-d8d4e9ca-ff50-46e3-8593-d3b27e807790 ac859a2252c54cc6b0a526a2c5fd2af3 f92b55a119f24ef8b47e978144f28fff - - d35581d8ea3f4597b843713eead5a22c d35581d8ea3f4597b843713eead5a22c] 199.19.213.66 "GET /v2.0/networks/6cb92061-241c-4965-add3-7e49ed59c0c3?fields=segments HTTP/1.1" status: 200 len: 212 time: 0.0483623
2026-07-02 11:18:55.127 9 INFO neutron.api.wsgi [req-fa8d973c-6e5d-445b-b78f-e835729bbcb4 req-d9e90f50-3995-4be1-9a2e-be2dd3d72baa ac859a2252c54cc6b0a526a2c5fd2af3 f92b55a119f24ef8b47e978144f28fff - - d35581d8ea3f4597b843713eead5a22c d35581d8ea3f4597b843713eead5a22c] 199.19.213.66 "GET /v2.0/networks/6cb92061-241c-4965-add3-7e49ed59c0c3?fields=provider%3Aphysical_network&fields=provider%3Anetwork_type HTTP/1.1" status: 200 len: 277 time: 0.0510583
2026-07-02 11:18:55.366 10 WARNING neutron_lib.context [None req-99d798e6-b9f9-40c9-9242-e30bd6e5ac15 df0f21d8f05d4892ade3afcd31f1fe10 4654c17cff2647858813415d89d2f119 - - default default] Method 'is_advsvc' is deprecated since 2023.2 release (neutron-lib 3.8.0) and will be removed once support for the old RBAC API policies will be removed from Neutron. Please use method 'is_service_role' instead.
2026-07-02 11:18:55.478 10 INFO neutron.db.ovn_revision_numbers_db [None req-99d798e6-b9f9-40c9-9242-e30bd6e5ac15 df0f21d8f05d4892ade3afcd31f1fe10 4654c17cff2647858813415d89d2f119 - - default default] Successfully bumped revision number for resource 03acac75-f279-4b7f-a09f-849d3c85923e (type: security_groups) to 1
2026-07-02 11:18:55.490 10 INFO neutron.db.ovn_revision_numbers_db [None req-99d798e6-b9f9-40c9-9242-e30bd6e5ac15 df0f21d8f05d4892ade3afcd31f1fe10 4654c17cff2647858813415d89d2f119 - - default default] Successfully bumped revision number for resource a6196723-d2c9-4750-a66e-9b994a8f9d1d (type: security_group_rules) to 0
2026-07-02 11:18:55.503 10 INFO neutron.db.ovn_revision_numbers_db [None req-99d798e6-b9f9-40c9-9242-e30bd6e5ac15 df0f21d8f05d4892ade3afcd31f1fe10 4654c17cff2647858813415d89d2f119 - - default default] Successfully bumped revision number for resource d80b380d-d889-4cc8-9013-9535fe7756b8 (type: security_group_rules) to 0
2026-07-02 11:18:55.541 10 INFO neutron.api.wsgi [None req-99d798e6-b9f9-40c9-9242-e30bd6e5ac15 df0f21d8f05d4892ade3afcd31f1fe10 4654c17cff2647858813415d89d2f119 - - default default] 10.0.0.23 "POST /v2.0/security-groups HTTP/1.1" status: 201 len: 1875 time: 0.1816175
2026-07-02 11:18:55.551 10 WARNING neutron_lib.context [None req-c274bc89-5ab0-4382-8054-0e5139ea435f df0f21d8f05d4892ade3afcd31f1fe10 4654c17cff2647858813415d89d2f119 - - default default] Method 'is_advsvc' is deprecated since 2023.2 release (neutron-lib 3.8.0) and will be removed once support for the old RBAC API policies will be removed from Neutron. Please use method 'is_service_role' instead.
2026-07-02 11:18:55.682 10 INFO neutron.db.ovn_revision_numbers_db [None req-c274bc89-5ab0-4382-8054-0e5139ea435f df0f21d8f05d4892ade3afcd31f1fe10 4654c17cff2647858813415d89d2f119 - - default default] Successfully bumped revision number for resource e0e1dca9-78ad-40fb-a9c2-d05b3f749f43 (type: security_group_rules) to 0
2026-07-02 11:18:55.714 10 INFO neutron.api.wsgi [None req-c274bc89-5ab0-4382-8054-0e5139ea435f df0f21d8f05d4892ade3afcd31f1fe10 4654c17cff2647858813415d89d2f119 - - default default] 10.0.0.23 "POST /v2.0/security-group-rules HTTP/1.1" status: 201 len: 796 time: 0.1672294
2026-07-02 11:18:55.723 10 WARNING neutron_lib.context [None req-0014dd5e-a0e1-4979-8a84-5ede0710f3ce df0f21d8f05d4892ade3afcd31f1fe10 4654c17cff2647858813415d89d2f119 - - default default] Method 'is_advsvc' is deprecated since 2023.2 release (neutron-lib 3.8.0) and will be removed once support for the old RBAC API policies will be removed from Neutron. Please use method 'is_service_role' instead.
2026-07-02 11:18:55.849 10 INFO neutron.db.ovn_revision_numbers_db [None req-0014dd5e-a0e1-4979-8a84-5ede0710f3ce df0f21d8f05d4892ade3afcd31f1fe10 4654c17cff2647858813415d89d2f119 - - default default] Successfully bumped revision number for resource 5d480dec-ae9e-45bb-a414-40012a5d2390 (type: security_group_rules) to 0
2026-07-02 11:18:55.903 10 INFO neutron.api.wsgi [None req-0014dd5e-a0e1-4979-8a84-5ede0710f3ce df0f21d8f05d4892ade3afcd31f1fe10 4654c17cff2647858813415d89d2f119 - - default default] 10.0.0.23 "POST /v2.0/security-group-rules HTTP/1.1" status: 201 len: 795 time: 0.1844997
2026-07-02 11:18:55.911 10 WARNING neutron_lib.context [None req-01e90aec-2edb-4667-94b3-d201f9cc1979 df0f21d8f05d4892ade3afcd31f1fe10 4654c17cff2647858813415d89d2f119 - - default default] Method 'is_advsvc' is deprecated since 2023.2 release (neutron-lib 3.8.0) and will be removed once support for the old RBAC API policies will be removed from Neutron. Please use method 'is_service_role' instead.
2026-07-02 11:18:56.043 10 INFO neutron.db.ovn_revision_numbers_db [None req-01e90aec-2edb-4667-94b3-d201f9cc1979 df0f21d8f05d4892ade3afcd31f1fe10 4654c17cff2647858813415d89d2f119 - - default default] Successfully bumped revision number for resource 6308b8da-e0b5-47e9-8672-88cc2abb8785 (type: security_group_rules) to 0
2026-07-02 11:18:56.085 10 INFO neutron.api.wsgi [None req-01e90aec-2edb-4667-94b3-d201f9cc1979 df0f21d8f05d4892ade3afcd31f1fe10 4654c17cff2647858813415d89d2f119 - - default default] 10.0.0.23 "POST /v2.0/security-group-rules HTTP/1.1" status: 201 len: 801 time: 0.1783762
2026-07-02 11:18:56.094 9 WARNING neutron_lib.context [None req-110619d4-11d5-42a6-999e-e3a8fc8fba17 df0f21d8f05d4892ade3afcd31f1fe10 4654c17cff2647858813415d89d2f119 - - default default] Method 'is_advsvc' is deprecated since 2023.2 release (neutron-lib 3.8.0) and will be removed once support for the old RBAC API policies will be removed from Neutron. Please use method 'is_service_role' instead.
2026-07-02 11:18:56.241 9 INFO neutron.db.ovn_revision_numbers_db [None req-110619d4-11d5-42a6-999e-e3a8fc8fba17 df0f21d8f05d4892ade3afcd31f1fe10 4654c17cff2647858813415d89d2f119 - - default default] Successfully bumped revision number for resource 4de45526-9028-4728-b8be-f91e3dc01a07 (type: security_group_rules) to 0
2026-07-02 11:18:56.279 9 INFO neutron.api.wsgi [None req-110619d4-11d5-42a6-999e-e3a8fc8fba17 df0f21d8f05d4892ade3afcd31f1fe10 4654c17cff2647858813415d89d2f119 - - default default] 10.0.0.23 "POST /v2.0/security-group-rules HTTP/1.1" status: 201 len: 800 time: 0.1896746
2026-07-02 11:18:56.295 9 WARNING neutron_lib.context [None req-dcb29f6f-a0b6-4887-909d-7763c7506da5 df0f21d8f05d4892ade3afcd31f1fe10 4654c17cff2647858813415d89d2f119 - - default default] Method 'is_advsvc' is deprecated since 2023.2 release (neutron-lib 3.8.0) and will be removed once support for the old RBAC API policies will be removed from Neutron. Please use method 'is_service_role' instead.
2026-07-02 11:18:56.336 9 INFO neutron.db.securitygroups_db [None req-dcb29f6f-a0b6-4887-909d-7763c7506da5 df0f21d8f05d4892ade3afcd31f1fe10 4654c17cff2647858813415d89d2f119 - - default default] Project 4654c17cff2647858813415d89d2f119 added a security group rule with legacy IPv6 ICMP protocol name icmp, ipv6-icmp should be used instead. It was automatically converted.
2026-07-02 11:18:56.439 9 INFO neutron.db.ovn_revision_numbers_db [None req-dcb29f6f-a0b6-4887-909d-7763c7506da5 df0f21d8f05d4892ade3afcd31f1fe10 4654c17cff2647858813415d89d2f119 - - default default] Successfully bumped revision number for resource c021f9f8-bf62-4fcf-a9e6-7a11f43d2bd1 (type: security_group_rules) to 0
2026-07-02 11:18:56.470 9 INFO neutron.api.wsgi [None req-dcb29f6f-a0b6-4887-909d-7763c7506da5 df0f21d8f05d4892ade3afcd31f1fe10 4654c17cff2647858813415d89d2f119 - - default default] 10.0.0.23 "POST /v2.0/security-group-rules HTTP/1.1" status: 201 len: 806 time: 0.1796134
2026-07-02 11:18:56.480 9 WARNING neutron_lib.context [None req-625686d1-55e0-4a70-b232-f79f74dee3df df0f21d8f05d4892ade3afcd31f1fe10 4654c17cff2647858813415d89d2f119 - - default default] Method 'is_advsvc' is deprecated since 2023.2 release (neutron-lib 3.8.0) and will be removed once support for the old RBAC API policies will be removed from Neutron. Please use method 'is_service_role' instead.
2026-07-02 11:18:56.510 9 INFO neutron.db.securitygroups_db [None req-625686d1-55e0-4a70-b232-f79f74dee3df df0f21d8f05d4892ade3afcd31f1fe10 4654c17cff2647858813415d89d2f119 - - default default] Project 4654c17cff2647858813415d89d2f119 added a security group rule with legacy IPv6 ICMP protocol name icmp, ipv6-icmp should be used instead. It was automatically converted.
2026-07-02 11:18:56.601 9 INFO neutron.db.ovn_revision_numbers_db [None req-625686d1-55e0-4a70-b232-f79f74dee3df df0f21d8f05d4892ade3afcd31f1fe10 4654c17cff2647858813415d89d2f119 - - default default] Successfully bumped revision number for resource d2a4ec6a-3c83-4d56-b7e9-f588b0210a2b (type: security_group_rules) to 0
2026-07-02 11:18:56.636 9 INFO neutron.api.wsgi [None req-625686d1-55e0-4a70-b232-f79f74dee3df df0f21d8f05d4892ade3afcd31f1fe10 4654c17cff2647858813415d89d2f119 - - default default] 10.0.0.23 "POST /v2.0/security-group-rules HTTP/1.1" status: 201 len: 805 time: 0.1608584
2026-07-02 11:18:56.753 10 INFO neutron.api.wsgi [-] 10.0.0.197 "GET / HTTP/1.1" status: 200 len: 247 time: 0.0026960
2026-07-02 11:18:56.756 10 INFO neutron.api.wsgi [-] 10.0.0.197 "GET / HTTP/1.1" status: 200 len: 247 time: 0.0021076
2026-07-02 11:18:56.792 9 WARNING neutron_lib.context [None req-3e18fd38-8002-4d0b-9f25-92170d4489ea 66e34a4675b44613b394de6c44b06615 3b0d2634a09e4663872f1aa219b2a154 - - default default] Method 'is_advsvc' is deprecated since 2023.2 release (neutron-lib 3.8.0) and will be removed once support for the old RBAC API policies will be removed from Neutron. Please use method 'is_service_role' instead.
2026-07-02 11:18:56.878 9 INFO neutron.db.ovn_revision_numbers_db [None req-3e18fd38-8002-4d0b-9f25-92170d4489ea 66e34a4675b44613b394de6c44b06615 3b0d2634a09e4663872f1aa219b2a154 - - default default] Successfully bumped revision number for resource 2368d827-5cef-410d-ba7c-cf10d63cae0e (type: routers) to 1
2026-07-02 11:18:56.892 9 INFO neutron.api.wsgi [None req-3e18fd38-8002-4d0b-9f25-92170d4489ea 66e34a4675b44613b394de6c44b06615 3b0d2634a09e4663872f1aa219b2a154 - - default default] 10.0.0.23 "POST /v2.0/routers HTTP/1.1" status: 201 len: 769 time: 0.1867321
2026-07-02 11:18:56.901 9 WARNING neutron_lib.context [None req-7d85011b-e1e4-4a6d-b503-df7ade085728 66e34a4675b44613b394de6c44b06615 3b0d2634a09e4663872f1aa219b2a154 - - default default] Method 'is_advsvc' is deprecated since 2023.2 release (neutron-lib 3.8.0) and will be removed once support for the old RBAC API policies will be removed from Neutron. Please use method 'is_service_role' instead.
2026-07-02 11:18:56.993 9 INFO neutron.db.ovn_revision_numbers_db [None req-7d85011b-e1e4-4a6d-b503-df7ade085728 66e34a4675b44613b394de6c44b06615 3b0d2634a09e4663872f1aa219b2a154 - - default default] Successfully bumped revision number for resource 24cd2f26-cf61-43b8-a073-f2da0ecb8ba8 (type: routers) to 1
2026-07-02 11:18:57.014 9 INFO neutron.api.wsgi [None req-7d85011b-e1e4-4a6d-b503-df7ade085728 66e34a4675b44613b394de6c44b06615 3b0d2634a09e4663872f1aa219b2a154 - - default default] 10.0.0.23 "POST /v2.0/routers HTTP/1.1" status: 201 len: 769 time: 0.1164987
2026-07-02 11:18:57.027 9 WARNING neutron_lib.context [None req-82279fa3-cb09-40af-808a-a5b821af5b76 66e34a4675b44613b394de6c44b06615 3b0d2634a09e4663872f1aa219b2a154 - - default default] Method 'is_advsvc' is deprecated since 2023.2 release (neutron-lib 3.8.0) and will be removed once support for the old RBAC API policies will be removed from Neutron. Please use method 'is_service_role' instead.
2026-07-02 11:18:57.088 9 INFO neutron.api.wsgi [None req-84cd05bf-df35-42f9-943f-e6474d210bdd df0f21d8f05d4892ade3afcd31f1fe10 4654c17cff2647858813415d89d2f119 - - default default] 10.0.0.23 "GET /v2.0/networks HTTP/1.1" status: 200 len: 1493 time: 0.0807939
2026-07-02 11:18:57.144 9 INFO neutron.db.ovn_revision_numbers_db [None req-82279fa3-cb09-40af-808a-a5b821af5b76 66e34a4675b44613b394de6c44b06615 3b0d2634a09e4663872f1aa219b2a154 - - default default] Successfully bumped revision number for resource d8703c43-7c90-4af7-9577-5c3c33dd022e (type: routers) to 1
2026-07-02 11:18:57.157 9 INFO neutron.api.wsgi [None req-82279fa3-cb09-40af-808a-a5b821af5b76 66e34a4675b44613b394de6c44b06615 3b0d2634a09e4663872f1aa219b2a154 - - default default] 10.0.0.23 "POST /v2.0/routers HTTP/1.1" status: 201 len: 769 time: 0.1384847
2026-07-02 11:18:57.172 10 WARNING neutron_lib.context [None req-971e8f43-91fc-4fa7-b874-1f78fee81908 66e34a4675b44613b394de6c44b06615 3b0d2634a09e4663872f1aa219b2a154 - - default default] Method 'is_advsvc' is deprecated since 2023.2 release (neutron-lib 3.8.0) and will be removed once support for the old RBAC API policies will be removed from Neutron. Please use method 'is_service_role' instead.
2026-07-02 11:18:57.212 9 INFO neutron.api.wsgi [req-c9142a86-216a-44e3-b479-7712e8b6439a req-cf130d45-92d7-46d6-9d59-738a303a8ac2 df0f21d8f05d4892ade3afcd31f1fe10 4654c17cff2647858813415d89d2f119 - - default default] 10.0.0.231 "GET /v2.0/security-groups?name=tempest-secgroup-smoke-1466326785&fields=id&tenant_id=4654c17cff2647858813415d89d2f119 HTTP/1.1" status: 200 len: 267 time: 0.0509989
2026-07-02 11:18:57.286 9 INFO neutron.api.wsgi [req-c9142a86-216a-44e3-b479-7712e8b6439a req-6668f2fe-2210-4c97-a375-a0a5267176f6 df0f21d8f05d4892ade3afcd31f1fe10 4654c17cff2647858813415d89d2f119 - - default default] 10.0.0.231 "GET /v2.0/networks?id=6cb92061-241c-4965-add3-7e49ed59c0c3 HTTP/1.1" status: 200 len: 860 time: 0.0644379
2026-07-02 11:18:57.303 9 INFO neutron.api.wsgi [req-c9142a86-216a-44e3-b479-7712e8b6439a req-e622a542-aaf4-4176-948c-ead11e145299 df0f21d8f05d4892ade3afcd31f1fe10 4654c17cff2647858813415d89d2f119 - - default default] 10.0.0.231 "GET /v2.0/quotas/4654c17cff2647858813415d89d2f119 HTTP/1.1" status: 200 len: 491 time: 0.0091691
2026-07-02 11:18:57.307 10 INFO neutron.db.ovn_revision_numbers_db [None req-971e8f43-91fc-4fa7-b874-1f78fee81908 66e34a4675b44613b394de6c44b06615 3b0d2634a09e4663872f1aa219b2a154 - - default default] Successfully bumped revision number for resource 79cee7f6-af0f-4e2b-9e29-67c46d745d08 (type: routers) to 1
2026-07-02 11:18:57.330 10 INFO neutron.api.wsgi [None req-971e8f43-91fc-4fa7-b874-1f78fee81908 66e34a4675b44613b394de6c44b06615 3b0d2634a09e4663872f1aa219b2a154 - - default default] 10.0.0.23 "POST /v2.0/routers HTTP/1.1" status: 201 len: 769 time: 0.1659193
2026-07-02 11:18:57.341 10 WARNING neutron_lib.context [None req-76854ae5-691a-497b-b47c-d9e8bdbdc0d7 66e34a4675b44613b394de6c44b06615 3b0d2634a09e4663872f1aa219b2a154 - - default default] Method 'is_advsvc' is deprecated since 2023.2 release (neutron-lib 3.8.0) and will be removed once support for the old RBAC API policies will be removed from Neutron. Please use method 'is_service_role' instead.
2026-07-02 11:18:57.380 9 INFO neutron.api.wsgi [req-c9142a86-216a-44e3-b479-7712e8b6439a req-83314f7b-2e2f-445e-9e54-852cfe782bbe df0f21d8f05d4892ade3afcd31f1fe10 4654c17cff2647858813415d89d2f119 - - default default] 10.0.0.231 "GET /v2.0/ports?tenant_id=4654c17cff2647858813415d89d2f119&fields=id HTTP/1.1" status: 200 len: 348 time: 0.0678723
2026-07-02 11:18:57.433 9 INFO neutron.api.wsgi [req-c9142a86-216a-44e3-b479-7712e8b6439a req-8c3d560b-5a12-42f2-94d5-7c3880ae5e82 ac859a2252c54cc6b0a526a2c5fd2af3 f92b55a119f24ef8b47e978144f28fff - - d35581d8ea3f4597b843713eead5a22c d35581d8ea3f4597b843713eead5a22c] 10.0.0.231 "GET /v2.0/networks/6cb92061-241c-4965-add3-7e49ed59c0c3?fields=segments HTTP/1.1" status: 200 len: 212 time: 0.0425160
2026-07-02 11:18:57.438 10 INFO neutron.db.ovn_revision_numbers_db [None req-76854ae5-691a-497b-b47c-d9e8bdbdc0d7 66e34a4675b44613b394de6c44b06615 3b0d2634a09e4663872f1aa219b2a154 - - default default] Successfully bumped revision number for resource c51c77ed-d958-4ff5-84e5-3cc7e26d554b (type: routers) to 1
2026-07-02 11:18:57.452 10 INFO neutron.api.wsgi [None req-76854ae5-691a-497b-b47c-d9e8bdbdc0d7 66e34a4675b44613b394de6c44b06615 3b0d2634a09e4663872f1aa219b2a154 - - default default] 10.0.0.23 "POST /v2.0/routers HTTP/1.1" status: 201 len: 769 time: 0.1164057
2026-07-02 11:18:57.488 9 INFO neutron.api.wsgi [req-c9142a86-216a-44e3-b479-7712e8b6439a req-8d44d169-d19c-4d0e-831f-686109cea408 ac859a2252c54cc6b0a526a2c5fd2af3 f92b55a119f24ef8b47e978144f28fff - - d35581d8ea3f4597b843713eead5a22c d35581d8ea3f4597b843713eead5a22c] 10.0.0.231 "GET /v2.0/networks/6cb92061-241c-4965-add3-7e49ed59c0c3?fields=provider%3Aphysical_network&fields=provider%3Anetwork_type HTTP/1.1" status: 200 len: 277 time: 0.0453062
2026-07-02 11:18:57.514 10 INFO neutron.api.wsgi [None req-be14e542-d857-4c71-b761-a481f2e5e0ae 66e34a4675b44613b394de6c44b06615 3b0d2634a09e4663872f1aa219b2a154 - - default default] 10.0.0.23 "PUT /v2.0/routers/2368d827-5cef-410d-ba7c-cf10d63cae0e/tags HTTP/1.1" status: 200 len: 210 time: 0.0559759
2026-07-02 11:18:57.605 10 INFO neutron.api.wsgi [None req-49bd16c6-cdf6-4978-bcc7-6d15a600bc42 66e34a4675b44613b394de6c44b06615 3b0d2634a09e4663872f1aa219b2a154 - - default default] 10.0.0.23 "PUT /v2.0/routers/24cd2f26-cf61-43b8-a073-f2da0ecb8ba8/tags HTTP/1.1" status: 200 len: 218 time: 0.0846298
2026-07-02 11:18:57.656 9 INFO neutron.api.wsgi [req-995b7926-a32e-4c64-b5be-878e3d0a0ee9 req-fca77b58-6bae-4283-959d-39e64c852958 df0f21d8f05d4892ade3afcd31f1fe10 4654c17cff2647858813415d89d2f119 - - default default] 10.0.0.231 "GET /v2.0/ports?device_id=fec7e041-01f2-4f37-ab8e-17dc06a6ba46 HTTP/1.1" status: 200 len: 210 time: 0.0306194
2026-07-02 11:18:57.674 9 INFO neutron.api.wsgi [None req-325db34c-0738-417a-8844-3548ca216742 66e34a4675b44613b394de6c44b06615 3b0d2634a09e4663872f1aa219b2a154 - - default default] 10.0.0.23 "PUT /v2.0/routers/d8703c43-7c90-4af7-9577-5c3c33dd022e/tags HTTP/1.1" status: 200 len: 227 time: 0.0635810
2026-07-02 11:18:57.723 9 INFO neutron.api.wsgi [None req-bcbdf852-c356-4033-9f74-5402c3eacb19 66e34a4675b44613b394de6c44b06615 3b0d2634a09e4663872f1aa219b2a154 - - default default] 10.0.0.23 "PUT /v2.0/routers/79cee7f6-af0f-4e2b-9e29-67c46d745d08/tags HTTP/1.1" status: 200 len: 212 time: 0.0448651
2026-07-02 11:18:57.796 9 INFO neutron.api.wsgi [None req-4ac359bf-4a67-4cef-9237-5fe850cd2815 66e34a4675b44613b394de6c44b06615 3b0d2634a09e4663872f1aa219b2a154 - - default default] 10.0.0.23 "GET /v2.0/routers?tags=red HTTP/1.1" status: 200 len: 1946 time: 0.0657530
2026-07-02 11:18:57.854 9 INFO neutron.api.wsgi [None req-b5e9f18f-40fd-48a0-979f-049200365d37 66e34a4675b44613b394de6c44b06615 3b0d2634a09e4663872f1aa219b2a154 - - default default] 10.0.0.23 "GET /v2.0/routers?tags=red%2Cblue HTTP/1.1" status: 200 len: 1375 time: 0.0534782
2026-07-02 11:18:58.300 9 INFO neutron.api.wsgi [None req-fd19d3c0-cf68-4878-877d-a088d32a8626 66e34a4675b44613b394de6c44b06615 3b0d2634a09e4663872f1aa219b2a154 - - default default] 10.0.0.23 "GET /v2.0/routers?tags-any=blue HTTP/1.1" status: 200 len: 1375 time: 0.4398062
2026-07-02 11:18:58.363 9 INFO neutron.api.wsgi [None req-25b9a6a5-03d7-4323-b5d2-fd13e1da0c78 66e34a4675b44613b394de6c44b06615 3b0d2634a09e4663872f1aa219b2a154 - - default default] 10.0.0.23 "GET /v2.0/routers?tags-any=red%2Cblue HTTP/1.1" status: 200 len: 1946 time: 0.0563667
2026-07-02 11:18:58.422 9 INFO neutron.api.wsgi [None req-96ef32b3-2f91-4ee3-af32-397fead87cd5 66e34a4675b44613b394de6c44b06615 3b0d2634a09e4663872f1aa219b2a154 - - default default] 10.0.0.23 "GET /v2.0/routers?not-tags=red HTTP/1.1" status: 200 len: 1347 time: 0.0528064
2026-07-02 11:18:58.485 9 INFO neutron.api.wsgi [None req-f250fbac-e773-4d22-a17d-97e9dba2e744 66e34a4675b44613b394de6c44b06615 3b0d2634a09e4663872f1aa219b2a154 - - default default] 10.0.0.23 "GET /v2.0/routers?not-tags=red%2Cblue HTTP/1.1" status: 200 len: 1918 time: 0.0575917
2026-07-02 11:18:58.554 9 INFO neutron.api.wsgi [None req-9514b1fc-4717-4623-b4ee-83f0e4760d67 66e34a4675b44613b394de6c44b06615 3b0d2634a09e4663872f1aa219b2a154 - - default default] 10.0.0.23 "GET /v2.0/routers?not-tags-any=blue HTTP/1.1" status: 200 len: 1918 time: 0.0637143
2026-07-02 11:18:58.605 9 INFO neutron.api.wsgi [None req-ab92da48-53f0-424c-b13c-16c6ce792fc7 66e34a4675b44613b394de6c44b06615 3b0d2634a09e4663872f1aa219b2a154 - - default default] 10.0.0.23 "GET /v2.0/routers?not-tags-any=red%2Cblue HTTP/1.1" status: 200 len: 1347 time: 0.0435121
2026-07-02 11:18:58.644 10 INFO neutron.api.wsgi [None req-5cc87f15-8e55-4fac-850a-8baec83c4e9b 66e34a4675b44613b394de6c44b06615 3b0d2634a09e4663872f1aa219b2a154 - - default default] 10.0.0.23 "GET /v2.0/routers/2368d827-5cef-410d-ba7c-cf10d63cae0e HTTP/1.1" status: 200 len: 775 time: 0.0306599
2026-07-02 11:18:58.735 9 INFO neutron.api.wsgi [req-689044d1-f09d-4bd7-aaf5-b45c8a58cef8 req-4a4ac411-1f18-4a45-93d2-fe39bbb598ca df0f21d8f05d4892ade3afcd31f1fe10 4654c17cff2647858813415d89d2f119 - - default default] 10.0.0.231 "GET /v2.0/ports?device_id=fec7e041-01f2-4f37-ab8e-17dc06a6ba46 HTTP/1.1" status: 200 len: 210 time: 0.0211308
2026-07-02 11:18:58.978 10 INFO neutron.db.ovn_revision_numbers_db [None req-e69de91c-bcc0-494b-a760-2e22002aab05 66e34a4675b44613b394de6c44b06615 3b0d2634a09e4663872f1aa219b2a154 - - default default] Successfully bumped revision number for resource 2368d827-5cef-410d-ba7c-cf10d63cae0e (type: routers) to 2
2026-07-02 11:18:58.987 10 INFO neutron.api.wsgi [None req-e69de91c-bcc0-494b-a760-2e22002aab05 66e34a4675b44613b394de6c44b06615 3b0d2634a09e4663872f1aa219b2a154 - - default default] 10.0.0.23 "PUT /v2.0/routers/2368d827-5cef-410d-ba7c-cf10d63cae0e HTTP/1.1" status: 200 len: 775 time: 0.3367186
2026-07-02 11:18:59.016 10 INFO neutron.api.wsgi [None req-323ba33f-c912-48b1-8c31-e29c7485888b 66e34a4675b44613b394de6c44b06615 3b0d2634a09e4663872f1aa219b2a154 - - default default] 10.0.0.23 "GET /v2.0/ports?device_id=2368d827-5cef-410d-ba7c-cf10d63cae0e HTTP/1.1" status: 200 len: 205 time: 0.0214043
2026-07-02 11:18:59.200 10 INFO neutron.api.wsgi [None req-c7e0e64d-31ba-4117-9605-3e34eba02925 66e34a4675b44613b394de6c44b06615 3b0d2634a09e4663872f1aa219b2a154 - - default default] 10.0.0.23 "DELETE /v2.0/routers/2368d827-5cef-410d-ba7c-cf10d63cae0e HTTP/1.1" status: 204 len: 168 time: 0.1773508
2026-07-02 11:18:59.256 10 INFO neutron.api.wsgi [None req-b036f3f6-522c-44e9-a813-92ce51a2b4d4 66e34a4675b44613b394de6c44b06615 3b0d2634a09e4663872f1aa219b2a154 - - default default] 10.0.0.23 "GET /v2.0/routers/24cd2f26-cf61-43b8-a073-f2da0ecb8ba8 HTTP/1.1" status: 200 len: 783 time: 0.0505533
2026-07-02 11:18:59.547 10 INFO neutron.db.ovn_revision_numbers_db [None req-dd47177e-57eb-43df-a513-3e7883f7aff0 66e34a4675b44613b394de6c44b06615 3b0d2634a09e4663872f1aa219b2a154 - - default default] Successfully bumped revision number for resource 24cd2f26-cf61-43b8-a073-f2da0ecb8ba8 (type: routers) to 2
2026-07-02 11:18:59.555 10 INFO neutron.api.wsgi [None req-dd47177e-57eb-43df-a513-3e7883f7aff0 66e34a4675b44613b394de6c44b06615 3b0d2634a09e4663872f1aa219b2a154 - - default default] 10.0.0.23 "PUT /v2.0/routers/24cd2f26-cf61-43b8-a073-f2da0ecb8ba8 HTTP/1.1" status: 200 len: 783 time: 0.2930658
2026-07-02 11:18:59.574 10 INFO neutron.api.wsgi [None req-890a4fd2-4c86-43ac-a7aa-7944e677ab29 66e34a4675b44613b394de6c44b06615 3b0d2634a09e4663872f1aa219b2a154 - - default default] 10.0.0.23 "GET /v2.0/ports?device_id=24cd2f26-cf61-43b8-a073-f2da0ecb8ba8 HTTP/1.1" status: 200 len: 205 time: 0.0140362
2026-07-02 11:18:59.772 10 INFO neutron.api.wsgi [None req-ca803c1d-2bf7-451d-a1fb-202344762178 66e34a4675b44613b394de6c44b06615 3b0d2634a09e4663872f1aa219b2a154 - - default default] 10.0.0.23 "DELETE /v2.0/routers/24cd2f26-cf61-43b8-a073-f2da0ecb8ba8 HTTP/1.1" status: 204 len: 168 time: 0.1924276
2026-07-02 11:18:59.817 10 INFO neutron.api.wsgi [None req-071a41d0-b2cb-4f4c-bc46-84efe1f22054 66e34a4675b44613b394de6c44b06615 3b0d2634a09e4663872f1aa219b2a154 - - default default] 10.0.0.23 "GET /v2.0/routers/d8703c43-7c90-4af7-9577-5c3c33dd022e HTTP/1.1" status: 200 len: 792 time: 0.0400774
2026-07-02 11:18:59.829 9 INFO neutron.api.wsgi [req-9475475f-e978-46c4-b3cc-14170a235bca req-f2ee01d5-7e4c-4704-9314-9fb51702639c df0f21d8f05d4892ade3afcd31f1fe10 4654c17cff2647858813415d89d2f119 - - default default] 10.0.0.231 "GET /v2.0/ports?device_id=fec7e041-01f2-4f37-ab8e-17dc06a6ba46 HTTP/1.1" status: 200 len: 210 time: 0.0207753
2026-07-02 11:19:00.091 10 INFO neutron.db.ovn_revision_numbers_db [None req-2cc1cbe6-ad65-44b0-af56-0e548a3467c1 66e34a4675b44613b394de6c44b06615 3b0d2634a09e4663872f1aa219b2a154 - - default default] Successfully bumped revision number for resource d8703c43-7c90-4af7-9577-5c3c33dd022e (type: routers) to 2
2026-07-02 11:19:00.097 10 INFO neutron.api.wsgi [None req-2cc1cbe6-ad65-44b0-af56-0e548a3467c1 66e34a4675b44613b394de6c44b06615 3b0d2634a09e4663872f1aa219b2a154 - - default default] 10.0.0.23 "PUT /v2.0/routers/d8703c43-7c90-4af7-9577-5c3c33dd022e HTTP/1.1" status: 200 len: 792 time: 0.2733822
2026-07-02 11:19:00.120 10 INFO neutron.api.wsgi [None req-5ecebd53-fa9d-4533-9020-c83653a009c4 66e34a4675b44613b394de6c44b06615 3b0d2634a09e4663872f1aa219b2a154 - - default default] 10.0.0.23 "GET /v2.0/ports?device_id=d8703c43-7c90-4af7-9577-5c3c33dd022e HTTP/1.1" status: 200 len: 205 time: 0.0192735
2026-07-02 11:19:00.308 10 INFO neutron.api.wsgi [None req-cbd36873-4723-4b9c-b965-045206ee480c 66e34a4675b44613b394de6c44b06615 3b0d2634a09e4663872f1aa219b2a154 - - default default] 10.0.0.23 "DELETE /v2.0/routers/d8703c43-7c90-4af7-9577-5c3c33dd022e HTTP/1.1" status: 204 len: 168 time: 0.1832621
2026-07-02 11:19:00.355 10 INFO neutron.api.wsgi [None req-b2d35b93-ea44-46a1-bda5-c32a09c2672d 66e34a4675b44613b394de6c44b06615 3b0d2634a09e4663872f1aa219b2a154 - - default default] 10.0.0.23 "GET /v2.0/routers/79cee7f6-af0f-4e2b-9e29-67c46d745d08 HTTP/1.1" status: 200 len: 777 time: 0.0389693
2026-07-02 11:19:00.664 10 INFO neutron.db.ovn_revision_numbers_db [None req-18a679f5-487e-43df-b836-99e819c88e69 66e34a4675b44613b394de6c44b06615 3b0d2634a09e4663872f1aa219b2a154 - - default default] Successfully bumped revision number for resource 79cee7f6-af0f-4e2b-9e29-67c46d745d08 (type: routers) to 2
2026-07-02 11:19:00.669 10 INFO neutron.api.wsgi [None req-18a679f5-487e-43df-b836-99e819c88e69 66e34a4675b44613b394de6c44b06615 3b0d2634a09e4663872f1aa219b2a154 - - default default] 10.0.0.23 "PUT /v2.0/routers/79cee7f6-af0f-4e2b-9e29-67c46d745d08 HTTP/1.1" status: 200 len: 777 time: 0.3084061
2026-07-02 11:19:00.690 9 INFO neutron.api.wsgi [None req-f81e3544-18d2-41e1-a824-7bb1214e0d3c 66e34a4675b44613b394de6c44b06615 3b0d2634a09e4663872f1aa219b2a154 - - default default] 10.0.0.23 "GET /v2.0/ports?device_id=79cee7f6-af0f-4e2b-9e29-67c46d745d08 HTTP/1.1" status: 200 len: 205 time: 0.0162697
2026-07-02 11:19:00.865 9 INFO neutron.api.wsgi [None req-d381a18e-46d7-4f90-bee9-8ea0b107387f 66e34a4675b44613b394de6c44b06615 3b0d2634a09e4663872f1aa219b2a154 - - default default] 10.0.0.23 "DELETE /v2.0/routers/79cee7f6-af0f-4e2b-9e29-67c46d745d08 HTTP/1.1" status: 204 len: 168 time: 0.1689522
2026-07-02 11:19:00.904 9 INFO neutron.api.wsgi [None req-4c45549f-e364-429a-b30d-0a4a86a8a168 66e34a4675b44613b394de6c44b06615 3b0d2634a09e4663872f1aa219b2a154 - - default default] 10.0.0.23 "GET /v2.0/routers/c51c77ed-d958-4ff5-84e5-3cc7e26d554b HTTP/1.1" status: 200 len: 770 time: 0.0360215
2026-07-02 11:19:00.921 9 INFO neutron.api.wsgi [req-9babf841-7efe-4d77-a6ad-2f1e77889ab2 req-ef3742f5-29c7-4b57-8b12-ee78def42016 df0f21d8f05d4892ade3afcd31f1fe10 4654c17cff2647858813415d89d2f119 - - default default] 10.0.0.231 "GET /v2.0/ports?device_id=fec7e041-01f2-4f37-ab8e-17dc06a6ba46 HTTP/1.1" status: 200 len: 210 time: 0.0156584
2026-07-02 11:19:01.133 10 INFO neutron.api.wsgi [None req-ed0a483d-27ca-44a0-837d-d155f751bea8 66e34a4675b44613b394de6c44b06615 3b0d2634a09e4663872f1aa219b2a154 - - default default] 10.0.0.23 "PUT /v2.0/routers/c51c77ed-d958-4ff5-84e5-3cc7e26d554b HTTP/1.1" status: 200 len: 770 time: 0.2223647
2026-07-02 11:19:01.154 10 INFO neutron.api.wsgi [None req-574ee5bd-e22c-469c-a2d4-15fa8b2c3a1d 66e34a4675b44613b394de6c44b06615 3b0d2634a09e4663872f1aa219b2a154 - - default default] 10.0.0.23 "GET /v2.0/ports?device_id=c51c77ed-d958-4ff5-84e5-3cc7e26d554b HTTP/1.1" status: 200 len: 205 time: 0.0155675
2026-07-02 11:19:01.660 10 INFO neutron.api.wsgi [None req-664b2767-d9ef-401a-8ff9-20e3e6d2c74b 66e34a4675b44613b394de6c44b06615 3b0d2634a09e4663872f1aa219b2a154 - - default default] 10.0.0.23 "DELETE /v2.0/routers/c51c77ed-d958-4ff5-84e5-3cc7e26d554b HTTP/1.1" status: 204 len: 168 time: 0.5012465
2026-07-02 11:19:01.964 9 INFO neutron.api.wsgi [req-c9142a86-216a-44e3-b479-7712e8b6439a req-25fbec11-33c9-44e5-a01e-07014926f7cc df0f21d8f05d4892ade3afcd31f1fe10 4654c17cff2647858813415d89d2f119 - - default default] 199.19.213.66 "GET /v2.0/networks?id=6cb92061-241c-4965-add3-7e49ed59c0c3 HTTP/1.1" status: 200 len: 860 time: 0.0594747
2026-07-02 11:19:01.998 9 INFO neutron.api.wsgi [req-444d6a0a-6244-492c-8184-aa2b9cf4ff5b req-5b0cd60e-3764-45d6-9376-2f48e355ddd6 df0f21d8f05d4892ade3afcd31f1fe10 4654c17cff2647858813415d89d2f119 - - default default] 10.0.0.231 "GET /v2.0/ports?device_id=fec7e041-01f2-4f37-ab8e-17dc06a6ba46 HTTP/1.1" status: 200 len: 210 time: 0.0180998
2026-07-02 11:19:02.023 9 INFO neutron.api.wsgi [req-c9142a86-216a-44e3-b479-7712e8b6439a req-c6ec063b-79d7-407b-8257-c7a92f9ac0f8 df0f21d8f05d4892ade3afcd31f1fe10 4654c17cff2647858813415d89d2f119 - - default default] 199.19.213.66 "GET /v2.0/security-groups?fields=id&fields=name&tenant_id=4654c17cff2647858813415d89d2f119 HTTP/1.1" status: 200 len: 472 time: 0.0520878
2026-07-02 11:19:02.030 9 WARNING neutron_lib.context [req-c9142a86-216a-44e3-b479-7712e8b6439a req-60f4ad2c-54f5-438b-b37c-4afbd573f90b df0f21d8f05d4892ade3afcd31f1fe10 4654c17cff2647858813415d89d2f119 - - default default] Method 'is_advsvc' is deprecated since 2023.2 release (neutron-lib 3.8.0) and will be removed once support for the old RBAC API policies will be removed from Neutron. Please use method 'is_service_role' instead.
2026-07-02 11:19:02.358 9 WARNING neutron.scheduler.dhcp_agent_scheduler [req-c9142a86-216a-44e3-b479-7712e8b6439a req-60f4ad2c-54f5-438b-b37c-4afbd573f90b df0f21d8f05d4892ade3afcd31f1fe10 4654c17cff2647858813415d89d2f119 - - default default] No more DHCP agents
2026-07-02 11:19:02.360 9 WARNING neutron.api.rpc.agentnotifiers.dhcp_rpc_agent_api [req-c9142a86-216a-44e3-b479-7712e8b6439a req-60f4ad2c-54f5-438b-b37c-4afbd573f90b df0f21d8f05d4892ade3afcd31f1fe10 4654c17cff2647858813415d89d2f119 - - default default] Unable to schedule network 6cb92061-241c-4965-add3-7e49ed59c0c3: no agents available; will retry on subsequent port and subnet creation events.
