2026-07-02 11:19:12.763 9 INFO neutron.api.wsgi [None req-865359af-1c91-4f55-b412-0982a7999d75 83ff6a123b694938a8cf1b9adfc98d93 ef4b28797ef941f2a8192da8b88acea1 - - default default] 10.0.0.23 "DELETE /v2.0/security-groups/a0883b0e-f923-42db-a9f3-be171166318c HTTP/1.1" status: 204 len: 168 time: 0.2048697
2026-07-02 11:19:12.980 10 INFO neutron.db.ovn_revision_numbers_db [None req-384fb96e-9bdc-4e19-aa59-e21c569fa3c9 83ff6a123b694938a8cf1b9adfc98d93 ef4b28797ef941f2a8192da8b88acea1 - - default default] Successfully bumped revision number for resource 7f043ada-b6bf-4788-a286-732e9fc93dcb (type: security_groups) to 1
2026-07-02 11:19:12.992 10 INFO neutron.db.ovn_revision_numbers_db [None req-384fb96e-9bdc-4e19-aa59-e21c569fa3c9 83ff6a123b694938a8cf1b9adfc98d93 ef4b28797ef941f2a8192da8b88acea1 - - default default] Successfully bumped revision number for resource 018b0e1e-5155-41d5-86d2-6bfbf7fdd094 (type: security_group_rules) to 0
2026-07-02 11:19:13.006 10 INFO neutron.db.ovn_revision_numbers_db [None req-384fb96e-9bdc-4e19-aa59-e21c569fa3c9 83ff6a123b694938a8cf1b9adfc98d93 ef4b28797ef941f2a8192da8b88acea1 - - default default] Successfully bumped revision number for resource 8f5137dd-cf5b-4c1a-ba51-63b786e8bca1 (type: security_group_rules) to 0
2026-07-02 11:19:13.018 10 INFO neutron.db.ovn_revision_numbers_db [None req-384fb96e-9bdc-4e19-aa59-e21c569fa3c9 83ff6a123b694938a8cf1b9adfc98d93 ef4b28797ef941f2a8192da8b88acea1 - - default default] Successfully bumped revision number for resource 960b5c09-d324-4b57-8465-a68919c11191 (type: security_group_rules) to 0
2026-07-02 11:19:13.029 10 INFO neutron.db.ovn_revision_numbers_db [None req-384fb96e-9bdc-4e19-aa59-e21c569fa3c9 83ff6a123b694938a8cf1b9adfc98d93 ef4b28797ef941f2a8192da8b88acea1 - - default default] Successfully bumped revision number for resource d4c01b3e-beb0-476d-b0c6-e9218ceafe09 (type: security_group_rules) to 0
2026-07-02 11:19:13.067 10 INFO neutron.api.wsgi [None req-384fb96e-9bdc-4e19-aa59-e21c569fa3c9 83ff6a123b694938a8cf1b9adfc98d93 ef4b28797ef941f2a8192da8b88acea1 - - default default] 10.0.0.23 "GET /v2.0/security-groups?tenant_id=921a9672329b48ca9266200b919c9068&name=default HTTP/1.1" status: 200 len: 3120 time: 0.2011833
2026-07-02 11:19:13.269 10 INFO neutron.api.wsgi [None req-58121974-9dd2-4a7e-9e9d-a15542333c12 83ff6a123b694938a8cf1b9adfc98d93 ef4b28797ef941f2a8192da8b88acea1 - - default default] 10.0.0.23 "DELETE /v2.0/security-groups/7f043ada-b6bf-4788-a286-732e9fc93dcb HTTP/1.1" status: 204 len: 168 time: 0.1969619
2026-07-02 11:19:14.770 9 INFO neutron.db.ovn_revision_numbers_db [None req-798f636b-f6c6-4b95-b8ce-63113d47ba3c 83ff6a123b694938a8cf1b9adfc98d93 ef4b28797ef941f2a8192da8b88acea1 - - default default] Successfully bumped revision number for resource 9cf9d88f-f6e4-4167-8a0c-00486d188f2a (type: security_groups) to 1
2026-07-02 11:19:14.787 9 INFO neutron.db.ovn_revision_numbers_db [None req-798f636b-f6c6-4b95-b8ce-63113d47ba3c 83ff6a123b694938a8cf1b9adfc98d93 ef4b28797ef941f2a8192da8b88acea1 - - default default] Successfully bumped revision number for resource 1044ff91-6eb4-43a0-afa2-0fe255791730 (type: security_group_rules) to 0
2026-07-02 11:19:14.801 9 INFO neutron.db.ovn_revision_numbers_db [None req-798f636b-f6c6-4b95-b8ce-63113d47ba3c 83ff6a123b694938a8cf1b9adfc98d93 ef4b28797ef941f2a8192da8b88acea1 - - default default] Successfully bumped revision number for resource 4a3a5df3-8bb2-48b0-a9a1-3829d2eda734 (type: security_group_rules) to 0
2026-07-02 11:19:14.816 9 INFO neutron.db.ovn_revision_numbers_db [None req-798f636b-f6c6-4b95-b8ce-63113d47ba3c 83ff6a123b694938a8cf1b9adfc98d93 ef4b28797ef941f2a8192da8b88acea1 - - default default] Successfully bumped revision number for resource 94d7916e-4723-4be1-8d34-3e389a45e471 (type: security_group_rules) to 0
2026-07-02 11:19:14.835 9 INFO neutron.db.ovn_revision_numbers_db [None req-798f636b-f6c6-4b95-b8ce-63113d47ba3c 83ff6a123b694938a8cf1b9adfc98d93 ef4b28797ef941f2a8192da8b88acea1 - - default default] Successfully bumped revision number for resource c81f70a9-20c0-4a53-886e-4184d4c6ac48 (type: security_group_rules) to 0
2026-07-02 11:19:14.871 9 INFO neutron.api.wsgi [None req-798f636b-f6c6-4b95-b8ce-63113d47ba3c 83ff6a123b694938a8cf1b9adfc98d93 ef4b28797ef941f2a8192da8b88acea1 - - default default] 10.0.0.23 "GET /v2.0/security-groups?tenant_id=3920b3cd1d844cecb4a87769a6de4f37&name=default HTTP/1.1" status: 200 len: 3120 time: 0.3632147
2026-07-02 11:19:15.028 9 INFO neutron.api.wsgi [None req-10616beb-8a33-4cf5-8ecf-98a9f6792b83 83ff6a123b694938a8cf1b9adfc98d93 ef4b28797ef941f2a8192da8b88acea1 - - default default] 10.0.0.23 "DELETE /v2.0/security-groups/9cf9d88f-f6e4-4167-8a0c-00486d188f2a HTTP/1.1" status: 204 len: 168 time: 0.1534312
2026-07-02 11:19:16.990 9 INFO neutron.api.wsgi [None req-7a14fbab-6cac-4adc-b31d-c0ee19019a77 d9cca86960f749f49dfb6d0886b5ac5b d7622be5a2544e74b2c637c7764c87ae - - default default] 10.0.0.23 "POST /v2.0/qos/policies HTTP/1.1" status: 201 len: 558 time: 0.1322503
2026-07-02 11:19:17.026 10 INFO neutron.api.wsgi [None req-e0df4e9b-d33f-4e8c-82f2-a46a4f8c5af4 d9cca86960f749f49dfb6d0886b5ac5b d7622be5a2544e74b2c637c7764c87ae - - default default] 10.0.0.23 "PUT /v2.0/policies/6ad0348b-2ef6-48e6-8f39-596fcd0e251d/tags HTTP/1.1" status: 200 len: 218 time: 0.0309002
2026-07-02 11:19:17.059 9 INFO neutron.api.wsgi [None req-7f0b9bb5-a2a8-403c-897e-4e7464260b4b d9cca86960f749f49dfb6d0886b5ac5b d7622be5a2544e74b2c637c7764c87ae - - default default] 10.0.0.23 "GET /v2.0/policies/6ad0348b-2ef6-48e6-8f39-596fcd0e251d/tags HTTP/1.1" status: 200 len: 218 time: 0.0265756
2026-07-02 11:19:17.104 9 INFO neutron.db.ovn_revision_numbers_db [None req-8491aee6-05e8-4f3a-84fd-e68585768f15 83ff6a123b694938a8cf1b9adfc98d93 ef4b28797ef941f2a8192da8b88acea1 - - default default] Successfully bumped revision number for resource 9da39132-03db-40c0-886c-fdbe3c8e01e4 (type: security_groups) to 1
2026-07-02 11:19:17.107 10 INFO neutron.api.wsgi [None req-f67e0f07-45e8-4224-a127-c4d08e663550 d9cca86960f749f49dfb6d0886b5ac5b d7622be5a2544e74b2c637c7764c87ae - - default default] 10.0.0.23 "PUT /v2.0/policies/6ad0348b-2ef6-48e6-8f39-596fcd0e251d/tags/green HTTP/1.1" status: 201 len: 201 time: 0.0419271
2026-07-02 11:19:17.119 9 INFO neutron.db.ovn_revision_numbers_db [None req-8491aee6-05e8-4f3a-84fd-e68585768f15 83ff6a123b694938a8cf1b9adfc98d93 ef4b28797ef941f2a8192da8b88acea1 - - default default] Successfully bumped revision number for resource 3ce9ca73-7664-406e-8628-8a7e8b2bb1cf (type: security_group_rules) to 0
2026-07-02 11:19:17.127 10 INFO neutron.api.wsgi [None req-3ead430c-e364-4f62-9d1d-fda2505a79b3 d9cca86960f749f49dfb6d0886b5ac5b d7622be5a2544e74b2c637c7764c87ae - - default default] 10.0.0.23 "GET /v2.0/policies/6ad0348b-2ef6-48e6-8f39-596fcd0e251d/tags HTTP/1.1" status: 200 len: 227 time: 0.0147152
2026-07-02 11:19:17.131 9 INFO neutron.db.ovn_revision_numbers_db [None req-8491aee6-05e8-4f3a-84fd-e68585768f15 83ff6a123b694938a8cf1b9adfc98d93 ef4b28797ef941f2a8192da8b88acea1 - - default default] Successfully bumped revision number for resource 5cc986fe-4dcf-4041-b7f1-1cf36ef9db66 (type: security_group_rules) to 0
2026-07-02 11:19:17.144 9 INFO neutron.db.ovn_revision_numbers_db [None req-8491aee6-05e8-4f3a-84fd-e68585768f15 83ff6a123b694938a8cf1b9adfc98d93 ef4b28797ef941f2a8192da8b88acea1 - - default default] Successfully bumped revision number for resource 75feb287-333f-407b-957b-2ab175f9efbf (type: security_group_rules) to 0
2026-07-02 11:19:17.148 10 INFO neutron.api.wsgi [None req-958a3b28-7422-4b44-8f5a-9585d1cc6252 d9cca86960f749f49dfb6d0886b5ac5b d7622be5a2544e74b2c637c7764c87ae - - default default] 10.0.0.23 "PUT /v2.0/policies/6ad0348b-2ef6-48e6-8f39-596fcd0e251d/tags/red HTTP/1.1" status: 201 len: 201 time: 0.0161135
2026-07-02 11:19:17.159 9 INFO neutron.db.ovn_revision_numbers_db [None req-8491aee6-05e8-4f3a-84fd-e68585768f15 83ff6a123b694938a8cf1b9adfc98d93 ef4b28797ef941f2a8192da8b88acea1 - - default default] Successfully bumped revision number for resource c9d5df9c-8bc0-4038-8bf6-66f38231e92b (type: security_group_rules) to 0
2026-07-02 11:19:17.171 10 INFO neutron.api.wsgi [None req-74a53a01-646c-472c-afe6-4d98b9e2fc86 d9cca86960f749f49dfb6d0886b5ac5b d7622be5a2544e74b2c637c7764c87ae - - default default] 10.0.0.23 "GET /v2.0/policies/6ad0348b-2ef6-48e6-8f39-596fcd0e251d/tags HTTP/1.1" status: 200 len: 227 time: 0.0172298
2026-07-02 11:19:17.214 10 INFO neutron.api.wsgi [None req-e6fca8dc-e50b-4db8-b585-7e5f21cef059 d9cca86960f749f49dfb6d0886b5ac5b d7622be5a2544e74b2c637c7764c87ae - - default default] 10.0.0.23 "PUT /v2.0/policies/6ad0348b-2ef6-48e6-8f39-596fcd0e251d/tags/black.or.white HTTP/1.1" status: 201 len: 201 time: 0.0393794
2026-07-02 11:19:17.240 10 INFO neutron.api.wsgi [None req-db9a5285-767d-4617-b9d2-f19e5309b717 d9cca86960f749f49dfb6d0886b5ac5b d7622be5a2544e74b2c637c7764c87ae - - default default] 10.0.0.23 "GET /v2.0/policies/6ad0348b-2ef6-48e6-8f39-596fcd0e251d/tags HTTP/1.1" status: 200 len: 245 time: 0.0189795
2026-07-02 11:19:17.245 9 INFO neutron.db.segments_db [None req-8491aee6-05e8-4f3a-84fd-e68585768f15 83ff6a123b694938a8cf1b9adfc98d93 ef4b28797ef941f2a8192da8b88acea1 - - default default] Added segment 5587dc44-4e61-49d8-ad2a-68eec81c43e4 of type geneve for network 81501668-703c-4bb2-a5d1-89d2ecbb1b60
2026-07-02 11:19:17.279 10 INFO neutron.api.wsgi [None req-10c26bce-5597-4bb7-9534-9ec7e7755eab d9cca86960f749f49dfb6d0886b5ac5b d7622be5a2544e74b2c637c7764c87ae - - default default] 10.0.0.23 "PUT /v2.0/policies/6ad0348b-2ef6-48e6-8f39-596fcd0e251d/tags HTTP/1.1" status: 200 len: 230 time: 0.0319102
2026-07-02 11:19:17.303 10 INFO neutron.api.wsgi [None req-4fcbd853-707b-4eda-a8e5-4cf4a1b15f4b d9cca86960f749f49dfb6d0886b5ac5b d7622be5a2544e74b2c637c7764c87ae - - default default] 10.0.0.23 "GET /v2.0/policies/6ad0348b-2ef6-48e6-8f39-596fcd0e251d/tags HTTP/1.1" status: 200 len: 230 time: 0.0158250
2026-07-02 11:19:17.325 10 INFO neutron.api.wsgi [None req-f3eb54cf-6f23-4b7b-bf7c-a7e2a2c74a2e d9cca86960f749f49dfb6d0886b5ac5b d7622be5a2544e74b2c637c7764c87ae - - default default] 10.0.0.23 "GET /v2.0/policies/6ad0348b-2ef6-48e6-8f39-596fcd0e251d/tags/red HTTP/1.1" status: 204 len: 168 time: 0.0164235
2026-07-02 11:19:17.343 10 INFO neutron.api.v2.resource [None req-798c0ad9-1e75-4a60-8240-3eb169ba9323 d9cca86960f749f49dfb6d0886b5ac5b d7622be5a2544e74b2c637c7764c87ae - - default default] show failed (client error): The resource could not be found.
2026-07-02 11:19:17.344 10 INFO neutron.api.wsgi [None req-798c0ad9-1e75-4a60-8240-3eb169ba9323 d9cca86960f749f49dfb6d0886b5ac5b d7622be5a2544e74b2c637c7764c87ae - - default default] 10.0.0.23 "GET /v2.0/policies/6ad0348b-2ef6-48e6-8f39-596fcd0e251d/tags/green HTTP/1.1" status: 404 len: 299 time: 0.0144825
2026-07-02 11:19:17.380 10 INFO neutron.api.wsgi [None req-e6e05b3f-256c-474e-a3d7-17faed563c3b d9cca86960f749f49dfb6d0886b5ac5b d7622be5a2544e74b2c637c7764c87ae - - default default] 10.0.0.23 "DELETE /v2.0/policies/6ad0348b-2ef6-48e6-8f39-596fcd0e251d/tags/red HTTP/1.1" status: 204 len: 168 time: 0.0310054
2026-07-02 11:19:17.384 9 INFO neutron.db.ovn_revision_numbers_db [None req-8491aee6-05e8-4f3a-84fd-e68585768f15 83ff6a123b694938a8cf1b9adfc98d93 ef4b28797ef941f2a8192da8b88acea1 - - default default] Successfully bumped revision number for resource 81501668-703c-4bb2-a5d1-89d2ecbb1b60 (type: networks) to 1
2026-07-02 11:19:17.400 10 INFO neutron.api.wsgi [None req-36e033ce-65cf-463e-b44b-b400cdb08037 d9cca86960f749f49dfb6d0886b5ac5b d7622be5a2544e74b2c637c7764c87ae - - default default] 10.0.0.23 "GET /v2.0/policies/6ad0348b-2ef6-48e6-8f39-596fcd0e251d/tags HTTP/1.1" status: 200 len: 223 time: 0.0149693
2026-07-02 11:19:17.421 10 INFO neutron.api.v2.resource [None req-3d704aed-58c4-4463-924b-352fc9640d70 d9cca86960f749f49dfb6d0886b5ac5b d7622be5a2544e74b2c637c7764c87ae - - default default] delete failed (client error): The resource could not be found.
2026-07-02 11:19:17.422 10 INFO neutron.api.wsgi [None req-3d704aed-58c4-4463-924b-352fc9640d70 d9cca86960f749f49dfb6d0886b5ac5b d7622be5a2544e74b2c637c7764c87ae - - default default] 10.0.0.23 "DELETE /v2.0/policies/6ad0348b-2ef6-48e6-8f39-596fcd0e251d/tags/green HTTP/1.1" status: 404 len: 299 time: 0.0173738
2026-07-02 11:19:17.453 10 INFO neutron.api.wsgi [None req-ac7b1f48-e5c7-4090-9520-dfdc84585ede d9cca86960f749f49dfb6d0886b5ac5b d7622be5a2544e74b2c637c7764c87ae - - default default] 10.0.0.23 "DELETE /v2.0/policies/6ad0348b-2ef6-48e6-8f39-596fcd0e251d/tags HTTP/1.1" status: 204 len: 168 time: 0.0263891
2026-07-02 11:19:17.475 9 INFO neutron.api.wsgi [None req-e539b695-2977-4a9e-a503-d5f4fd99e3e1 d9cca86960f749f49dfb6d0886b5ac5b d7622be5a2544e74b2c637c7764c87ae - - default default] 10.0.0.23 "GET /v2.0/policies/6ad0348b-2ef6-48e6-8f39-596fcd0e251d/tags HTTP/1.1" status: 200 len: 205 time: 0.0189772
2026-07-02 11:19:17.533 10 INFO neutron.api.wsgi [None req-f538c6e4-e2c9-46b3-9165-4ca6d5073858 d9cca86960f749f49dfb6d0886b5ac5b d7622be5a2544e74b2c637c7764c87ae - - default default] 10.0.0.23 "DELETE /v2.0/qos/policies/6ad0348b-2ef6-48e6-8f39-596fcd0e251d HTTP/1.1" status: 204 len: 168 time: 0.0520205
2026-07-02 11:19:17.548 9 WARNING neutron.scheduler.dhcp_agent_scheduler [None req-8491aee6-05e8-4f3a-84fd-e68585768f15 83ff6a123b694938a8cf1b9adfc98d93 ef4b28797ef941f2a8192da8b88acea1 - - default default] No more DHCP agents
2026-07-02 11:19:17.549 9 WARNING neutron.api.rpc.agentnotifiers.dhcp_rpc_agent_api [None req-8491aee6-05e8-4f3a-84fd-e68585768f15 83ff6a123b694938a8cf1b9adfc98d93 ef4b28797ef941f2a8192da8b88acea1 - - default default] Unable to schedule network 81501668-703c-4bb2-a5d1-89d2ecbb1b60: no agents available; will retry on subsequent port and subnet creation events.
2026-07-02 11:19:17.619 9 INFO neutron.db.ovn_revision_numbers_db [None req-8491aee6-05e8-4f3a-84fd-e68585768f15 83ff6a123b694938a8cf1b9adfc98d93 ef4b28797ef941f2a8192da8b88acea1 - - default default] Successfully bumped revision number for resource f3fdc337-7bf8-409c-aa76-59c939d3f084 (type: ports) to 1
2026-07-02 11:19:17.640 9 INFO neutron.api.wsgi [None req-8491aee6-05e8-4f3a-84fd-e68585768f15 83ff6a123b694938a8cf1b9adfc98d93 ef4b28797ef941f2a8192da8b88acea1 - - default default] 10.0.0.23 "POST /v2.0/networks HTTP/1.1" status: 201 len: 942 time: 0.7858596
2026-07-02 11:19:17.770 10 WARNING neutron.scheduler.dhcp_agent_scheduler [None req-45217f09-66f8-4014-888e-3a254a1f3944 83ff6a123b694938a8cf1b9adfc98d93 ef4b28797ef941f2a8192da8b88acea1 - - default default] No more DHCP agents
2026-07-02 11:19:17.771 10 WARNING neutron.api.rpc.agentnotifiers.dhcp_rpc_agent_api [None req-45217f09-66f8-4014-888e-3a254a1f3944 83ff6a123b694938a8cf1b9adfc98d93 ef4b28797ef941f2a8192da8b88acea1 - - default default] Unable to schedule network 81501668-703c-4bb2-a5d1-89d2ecbb1b60: no agents available; will retry on subsequent port and subnet creation events.
2026-07-02 11:19:18.184 10 INFO neutron.db.ovn_revision_numbers_db [None req-82dcad58-8571-492a-91e6-80dd000e236c - - - - - -] Successfully bumped revision number for resource f3fdc337-7bf8-409c-aa76-59c939d3f084 (type: ports) to 2
2026-07-02 11:19:18.228 10 INFO neutron.db.ovn_revision_numbers_db [None req-82dcad58-8571-492a-91e6-80dd000e236c - - - - - -] Successfully bumped revision number for resource dce570d6-a4b7-4198-a7a9-e857bc0d2075 (type: subnets) to 0
2026-07-02 11:19:18.248 10 INFO neutron.api.wsgi [None req-45217f09-66f8-4014-888e-3a254a1f3944 83ff6a123b694938a8cf1b9adfc98d93 ef4b28797ef941f2a8192da8b88acea1 - - default default] 10.0.0.23 "POST /v2.0/subnets HTTP/1.1" status: 201 len: 886 time: 0.6014128
2026-07-02 11:19:18.347 10 INFO neutron.db.ovn_revision_numbers_db [None req-ddc0b23d-e1d2-40ba-9ab7-367de6bb489f 83ff6a123b694938a8cf1b9adfc98d93 ef4b28797ef941f2a8192da8b88acea1 - - default default] Successfully bumped revision number for resource 0f83d1a5-7c80-4b03-b165-cda1fc08905e (type: security_groups) to 1
2026-07-02 11:19:18.360 10 INFO neutron.db.ovn_revision_numbers_db [None req-ddc0b23d-e1d2-40ba-9ab7-367de6bb489f 83ff6a123b694938a8cf1b9adfc98d93 ef4b28797ef941f2a8192da8b88acea1 - - default default] Successfully bumped revision number for resource 1678b473-9145-472d-b79f-0ea47cb91efe (type: security_group_rules) to 0
2026-07-02 11:19:18.370 10 INFO neutron.db.ovn_revision_numbers_db [None req-ddc0b23d-e1d2-40ba-9ab7-367de6bb489f 83ff6a123b694938a8cf1b9adfc98d93 ef4b28797ef941f2a8192da8b88acea1 - - default default] Successfully bumped revision number for resource 33d303b0-4d43-4ca9-9131-0d962d7483a3 (type: security_group_rules) to 0
2026-07-02 11:19:18.382 10 INFO neutron.db.ovn_revision_numbers_db [None req-ddc0b23d-e1d2-40ba-9ab7-367de6bb489f 83ff6a123b694938a8cf1b9adfc98d93 ef4b28797ef941f2a8192da8b88acea1 - - default default] Successfully bumped revision number for resource 7f3f5a6d-7365-4af1-bd16-2ac65890dffa (type: security_group_rules) to 0
2026-07-02 11:19:18.395 10 INFO neutron.db.ovn_revision_numbers_db [None req-ddc0b23d-e1d2-40ba-9ab7-367de6bb489f 83ff6a123b694938a8cf1b9adfc98d93 ef4b28797ef941f2a8192da8b88acea1 - - default default] Successfully bumped revision number for resource d186df3b-767b-4591-a3c6-f03182c1eccf (type: security_group_rules) to 0
2026-07-02 11:19:18.427 10 INFO neutron.api.wsgi [None req-ddc0b23d-e1d2-40ba-9ab7-367de6bb489f 83ff6a123b694938a8cf1b9adfc98d93 ef4b28797ef941f2a8192da8b88acea1 - - default default] 10.0.0.23 "GET /v2.0/security-groups?tenant_id=d7622be5a2544e74b2c637c7764c87ae&name=default HTTP/1.1" status: 200 len: 3120 time: 0.3325787
2026-07-02 11:19:18.663 9 WARNING neutron.scheduler.dhcp_agent_scheduler [None req-d3597cfd-c871-4b31-b5e6-f512f13eed6c 83ff6a123b694938a8cf1b9adfc98d93 ef4b28797ef941f2a8192da8b88acea1 - - default default] No more DHCP agents
2026-07-02 11:19:18.663 9 WARNING neutron.api.rpc.agentnotifiers.dhcp_rpc_agent_api [None req-d3597cfd-c871-4b31-b5e6-f512f13eed6c 83ff6a123b694938a8cf1b9adfc98d93 ef4b28797ef941f2a8192da8b88acea1 - - default default] Unable to schedule network 5aa32851-cb45-4eb3-bf52-e9f816c51679: no agents available; will retry on subsequent port and subnet creation events.
2026-07-02 11:19:18.671 9 INFO neutron.api.wsgi [None req-911699e1-9ac5-4914-ba43-2c76b4bf4cb3 83ff6a123b694938a8cf1b9adfc98d93 ef4b28797ef941f2a8192da8b88acea1 - - default default] 10.0.0.23 "DELETE /v2.0/security-groups/0f83d1a5-7c80-4b03-b165-cda1fc08905e HTTP/1.1" status: 204 len: 168 time: 0.2374697
2026-07-02 11:19:18.781 9 INFO neutron.db.ovn_revision_numbers_db [None req-d3597cfd-c871-4b31-b5e6-f512f13eed6c 83ff6a123b694938a8cf1b9adfc98d93 ef4b28797ef941f2a8192da8b88acea1 - - default default] Successfully bumped revision number for resource aeff057e-6444-4a46-87ab-b4b0819aafd7 (type: ports) to 1
2026-07-02 11:19:18.924 9 INFO neutron.db.ovn_revision_numbers_db [None req-a004eae2-7e8e-4313-b736-e58f4cbca771 83ff6a123b694938a8cf1b9adfc98d93 ef4b28797ef941f2a8192da8b88acea1 - - default default] Successfully bumped revision number for resource a782144e-1f3d-4e49-85ce-e013ba21d442 (type: security_groups) to 1
2026-07-02 11:19:18.949 9 INFO neutron.db.ovn_revision_numbers_db [None req-a004eae2-7e8e-4313-b736-e58f4cbca771 83ff6a123b694938a8cf1b9adfc98d93 ef4b28797ef941f2a8192da8b88acea1 - - default default] Successfully bumped revision number for resource 4c4576bd-42b8-4ba5-b1dd-97184e86e441 (type: security_group_rules) to 0
2026-07-02 11:19:18.962 9 INFO neutron.db.ovn_revision_numbers_db [None req-a004eae2-7e8e-4313-b736-e58f4cbca771 83ff6a123b694938a8cf1b9adfc98d93 ef4b28797ef941f2a8192da8b88acea1 - - default default] Successfully bumped revision number for resource 78d3b9fb-7f2f-439a-9d3f-cfd64af78ad7 (type: security_group_rules) to 0
2026-07-02 11:19:18.976 9 INFO neutron.db.ovn_revision_numbers_db [None req-a004eae2-7e8e-4313-b736-e58f4cbca771 83ff6a123b694938a8cf1b9adfc98d93 ef4b28797ef941f2a8192da8b88acea1 - - default default] Successfully bumped revision number for resource e38d10e0-cc85-4732-b786-038fd348cd56 (type: security_group_rules) to 0
2026-07-02 11:19:18.993 9 INFO neutron.db.ovn_revision_numbers_db [None req-a004eae2-7e8e-4313-b736-e58f4cbca771 83ff6a123b694938a8cf1b9adfc98d93 ef4b28797ef941f2a8192da8b88acea1 - - default default] Successfully bumped revision number for resource e886e5e6-e46e-406b-828a-21ab37fde865 (type: security_group_rules) to 0
2026-07-02 11:19:19.039 9 INFO neutron.api.wsgi [None req-a004eae2-7e8e-4313-b736-e58f4cbca771 83ff6a123b694938a8cf1b9adfc98d93 ef4b28797ef941f2a8192da8b88acea1 - - default default] 10.0.0.23 "GET /v2.0/security-groups?tenant_id=a7ecc4ebefcd4fb992951d58b21024ad&name=default HTTP/1.1" status: 200 len: 3120 time: 0.2755432
2026-07-02 11:19:19.277 10 INFO neutron.api.wsgi [None req-7d819dbe-cf16-44c5-8bfe-2a58fa4c2d15 83ff6a123b694938a8cf1b9adfc98d93 ef4b28797ef941f2a8192da8b88acea1 - - default default] 10.0.0.23 "DELETE /v2.0/security-groups/a782144e-1f3d-4e49-85ce-e013ba21d442 HTTP/1.1" status: 204 len: 168 time: 0.2311459
2026-07-02 11:19:19.429 9 INFO neutron.plugins.ml2.drivers.ovn.mech_driver.ovsdb.commands [None req-829b31c8-5b40-4467-904b-96020093dca6 - - - - - -] Schedule LRP lrp-aeff057e-6444-4a46-87ab-b4b0819aafd7 on gateway 8ccc8b3f-7475-4ea5-9c47-373a24777b6b with priority 1
2026-07-02 11:19:19.437 9 INFO neutron.plugins.ml2.drivers.ovn.mech_driver.mech_driver [None req-89410c46-bd4c-4992-9c92-6bba60e355f6 - - - - - -] OVN reports status up for port: aeff057e-6444-4a46-87ab-b4b0819aafd7
2026-07-02 11:19:19.459 9 INFO neutron.plugins.ml2.drivers.ovn.mech_driver.ovsdb.ovsdb_monitor [None req-b0690a81-966a-49b6-98ec-4499e2dc991a - - - - - -] Router 5131ccae-e087-4e4a-80cb-3be1827bb3fc is bound to host instance
2026-07-02 11:19:19.469 9 INFO neutron.plugins.ml2.plugin [None req-89410c46-bd4c-4992-9c92-6bba60e355f6 - - - - - -] Attempt 1 to provision port aeff057e-6444-4a46-87ab-b4b0819aafd7
2026-07-02 11:19:19.501 9 INFO neutron.db.ovn_revision_numbers_db [None req-d3597cfd-c871-4b31-b5e6-f512f13eed6c 83ff6a123b694938a8cf1b9adfc98d93 ef4b28797ef941f2a8192da8b88acea1 - - default default] Successfully bumped revision number for resource aeff057e-6444-4a46-87ab-b4b0819aafd7 (type: router_ports) to 1
2026-07-02 11:19:19.590 9 INFO neutron.db.ovn_revision_numbers_db [None req-d3597cfd-c871-4b31-b5e6-f512f13eed6c 83ff6a123b694938a8cf1b9adfc98d93 ef4b28797ef941f2a8192da8b88acea1 - - default default] Successfully bumped revision number for resource 5131ccae-e087-4e4a-80cb-3be1827bb3fc (type: routers) to 2
2026-07-02 11:19:19.620 9 INFO neutron.api.wsgi [None req-d3597cfd-c871-4b31-b5e6-f512f13eed6c 83ff6a123b694938a8cf1b9adfc98d93 ef4b28797ef941f2a8192da8b88acea1 - - default default] 10.0.0.23 "POST /v2.0/routers HTTP/1.1" status: 201 len: 1164 time: 1.3639746
2026-07-02 11:19:19.995 9 INFO neutron.db.ovn_revision_numbers_db [None req-8558b7ae-ace7-48c7-bdcc-85de19b8ba2e - - - - - -] Successfully bumped revision number for resource aeff057e-6444-4a46-87ab-b4b0819aafd7 (type: ports) to 1
2026-07-02 11:19:20.112 9 INFO neutron.api.wsgi [req-9b1e8369-5f4f-4227-8324-d018a24a89ed req-10db598d-8fba-41d4-8068-a85e01f00dac ac859a2252c54cc6b0a526a2c5fd2af3 f92b55a119f24ef8b47e978144f28fff - - d35581d8ea3f4597b843713eead5a22c d35581d8ea3f4597b843713eead5a22c] 10.0.0.253 "GET /v2.0/ports?device_id=fec7e041-01f2-4f37-ab8e-17dc06a6ba46 HTTP/1.1" status: 200 len: 1409 time: 0.0685391
2026-07-02 11:19:20.149 9 WARNING neutron.scheduler.dhcp_agent_scheduler [None req-e25be43b-93b0-4464-93dc-5eb8415b22c5 83ff6a123b694938a8cf1b9adfc98d93 ef4b28797ef941f2a8192da8b88acea1 - - default default] No more DHCP agents
2026-07-02 11:19:20.155 9 WARNING neutron.api.rpc.agentnotifiers.dhcp_rpc_agent_api [None req-e25be43b-93b0-4464-93dc-5eb8415b22c5 83ff6a123b694938a8cf1b9adfc98d93 ef4b28797ef941f2a8192da8b88acea1 - - default default] Unable to schedule network 81501668-703c-4bb2-a5d1-89d2ecbb1b60: no agents available; will retry on subsequent port and subnet creation events.
2026-07-02 11:19:20.172 9 INFO neutron.api.wsgi [req-9b1e8369-5f4f-4227-8324-d018a24a89ed req-1a41fb1e-1376-4120-a445-b250c7dd56a2 ac859a2252c54cc6b0a526a2c5fd2af3 f92b55a119f24ef8b47e978144f28fff - - d35581d8ea3f4597b843713eead5a22c d35581d8ea3f4597b843713eead5a22c] 10.0.0.253 "GET /v2.0/security-groups?id=03acac75-f279-4b7f-a09f-849d3c85923e&fields=id&fields=name HTTP/1.1" status: 200 len: 313 time: 0.0521538
2026-07-02 11:19:20.316 9 INFO neutron.db.ovn_revision_numbers_db [None req-e25be43b-93b0-4464-93dc-5eb8415b22c5 83ff6a123b694938a8cf1b9adfc98d93 ef4b28797ef941f2a8192da8b88acea1 - - default default] Successfully bumped revision number for resource ca4edc94-4181-43b5-8421-2ae4b5ca3476 (type: ports) to 1
2026-07-02 11:19:20.435 9 INFO neutron.db.ovn_revision_numbers_db [None req-8558b7ae-ace7-48c7-bdcc-85de19b8ba2e - - - - - -] Successfully bumped revision number for resource aeff057e-6444-4a46-87ab-b4b0819aafd7 (type: ports) to 4
2026-07-02 11:19:20.852 9 INFO neutron.db.ovn_revision_numbers_db [None req-8558b7ae-ace7-48c7-bdcc-85de19b8ba2e - - - - - -] Successfully bumped revision number for resource aeff057e-6444-4a46-87ab-b4b0819aafd7 (type: ports) to 5
2026-07-02 11:19:20.933 10 INFO neutron.plugins.ml2.drivers.ovn.mech_driver.mech_driver [None req-f9c2ffdc-7aa4-4d7d-aa11-c24be507ed67 - - - - - -] OVN reports status up for port: ca4edc94-4181-43b5-8421-2ae4b5ca3476
2026-07-02 11:19:20.946 9 INFO neutron.db.ovn_revision_numbers_db [None req-e25be43b-93b0-4464-93dc-5eb8415b22c5 83ff6a123b694938a8cf1b9adfc98d93 ef4b28797ef941f2a8192da8b88acea1 - - default default] Successfully bumped revision number for resource ca4edc94-4181-43b5-8421-2ae4b5ca3476 (type: ports) to 1
2026-07-02 11:19:20.946 10 INFO neutron.plugins.ml2.plugin [None req-f9c2ffdc-7aa4-4d7d-aa11-c24be507ed67 - - - - - -] Attempt 1 to provision port ca4edc94-4181-43b5-8421-2ae4b5ca3476
2026-07-02 11:19:20.981 9 WARNING neutron.scheduler.dhcp_agent_scheduler [None req-e25be43b-93b0-4464-93dc-5eb8415b22c5 83ff6a123b694938a8cf1b9adfc98d93 ef4b28797ef941f2a8192da8b88acea1 - - default default] No more DHCP agents
2026-07-02 11:19:20.982 9 WARNING neutron.api.rpc.agentnotifiers.dhcp_rpc_agent_api [None req-e25be43b-93b0-4464-93dc-5eb8415b22c5 83ff6a123b694938a8cf1b9adfc98d93 ef4b28797ef941f2a8192da8b88acea1 - - default default] Unable to schedule network 81501668-703c-4bb2-a5d1-89d2ecbb1b60: no agents available; will retry on subsequent port and subnet creation events.
2026-07-02 11:19:21.271 10 INFO neutron.db.ovn_revision_numbers_db [None req-f9c2ffdc-7aa4-4d7d-aa11-c24be507ed67 - - - - - -] Successfully bumped revision number for resource ca4edc94-4181-43b5-8421-2ae4b5ca3476 (type: ports) to 2
2026-07-02 11:19:21.874 9 INFO neutron.db.ovn_revision_numbers_db [None req-e25be43b-93b0-4464-93dc-5eb8415b22c5 83ff6a123b694938a8cf1b9adfc98d93 ef4b28797ef941f2a8192da8b88acea1 - - default default] Successfully bumped revision number for resource ca4edc94-4181-43b5-8421-2ae4b5ca3476 (type: router_ports) to 1
2026-07-02 11:19:21.879 9 INFO neutron.api.wsgi [None req-e25be43b-93b0-4464-93dc-5eb8415b22c5 83ff6a123b694938a8cf1b9adfc98d93 ef4b28797ef941f2a8192da8b88acea1 - - default default] 10.0.0.23 "PUT /v2.0/routers/5131ccae-e087-4e4a-80cb-3be1827bb3fc/add_router_interface HTTP/1.1" status: 200 len: 503 time: 2.2544675
2026-07-02 11:19:21.912 9 INFO neutron.api.wsgi [req-e5a26876-d52d-4053-a04d-3431c71a97fe req-dd60ce46-ea65-47c3-9c66-78b2df780d41 df0f21d8f05d4892ade3afcd31f1fe10 4654c17cff2647858813415d89d2f119 - - default default] 10.0.0.231 "GET /v2.0/ports?device_id=fec7e041-01f2-4f37-ab8e-17dc06a6ba46 HTTP/1.1" status: 200 len: 1170 time: 0.0807884
2026-07-02 11:19:21.955 9 INFO neutron.api.wsgi [req-e5a26876-d52d-4053-a04d-3431c71a97fe req-b688662d-ac97-4f65-a7aa-6e78bbafb6ac df0f21d8f05d4892ade3afcd31f1fe10 4654c17cff2647858813415d89d2f119 - - default default] 10.0.0.231 "GET /v2.0/security-groups?id=03acac75-f279-4b7f-a09f-849d3c85923e&fields=id&fields=name HTTP/1.1" status: 200 len: 313 time: 0.0366719
2026-07-02 11:19:22.633 9 WARNING neutron_lib.context [None req-3ac9ea72-4f45-4276-88ea-d57bc485da60 89b4449ea2c84dafb2bad6f5550c2e4b 3333fa605f50495789419d051f522b39 - - default default] Method 'is_advsvc' is deprecated since 2023.2 release (neutron-lib 3.8.0) and will be removed once support for the old RBAC API policies will be removed from Neutron. Please use method 'is_service_role' instead.
2026-07-02 11:19:22.742 9 INFO neutron.db.ovn_revision_numbers_db [None req-3ac9ea72-4f45-4276-88ea-d57bc485da60 89b4449ea2c84dafb2bad6f5550c2e4b 3333fa605f50495789419d051f522b39 - - default default] Successfully bumped revision number for resource 7b01a9b3-0e33-414a-a062-7ab06e26b9fa (type: routers) to 1
2026-07-02 11:19:22.758 9 INFO neutron.api.wsgi [None req-3ac9ea72-4f45-4276-88ea-d57bc485da60 89b4449ea2c84dafb2bad6f5550c2e4b 3333fa605f50495789419d051f522b39 - - default default] 10.0.0.23 "POST /v2.0/routers HTTP/1.1" status: 201 len: 769 time: 0.2730751
2026-07-02 11:19:22.812 9 INFO neutron.api.wsgi [None req-4122dd06-17af-457f-a63a-928b2f90d1e7 89b4449ea2c84dafb2bad6f5550c2e4b 3333fa605f50495789419d051f522b39 - - default default] 10.0.0.23 "PUT /v2.0/routers/7b01a9b3-0e33-414a-a062-7ab06e26b9fa/tags HTTP/1.1" status: 200 len: 218 time: 0.0488701
2026-07-02 11:19:22.852 10 INFO neutron.api.wsgi [None req-c2f33a9d-f0f8-43ba-9e17-ffafb83edf36 89b4449ea2c84dafb2bad6f5550c2e4b 3333fa605f50495789419d051f522b39 - - default default] 10.0.0.23 "GET /v2.0/routers/7b01a9b3-0e33-414a-a062-7ab06e26b9fa/tags HTTP/1.1" status: 200 len: 218 time: 0.0342913
2026-07-02 11:19:22.897 10 INFO neutron.api.wsgi [None req-35d67681-6a81-47e2-9b34-64822d03e9eb 89b4449ea2c84dafb2bad6f5550c2e4b 3333fa605f50495789419d051f522b39 - - default default] 10.0.0.23 "PUT /v2.0/routers/7b01a9b3-0e33-414a-a062-7ab06e26b9fa/tags/green HTTP/1.1" status: 201 len: 201 time: 0.0410414
2026-07-02 11:19:22.931 10 INFO neutron.api.wsgi [None req-cc8f4595-57da-4c3c-97e4-0f4669ee03dd 89b4449ea2c84dafb2bad6f5550c2e4b 3333fa605f50495789419d051f522b39 - - default default] 10.0.0.23 "GET /v2.0/routers/7b01a9b3-0e33-414a-a062-7ab06e26b9fa/tags HTTP/1.1" status: 200 len: 227 time: 0.0297582
2026-07-02 11:19:22.967 10 INFO neutron.api.wsgi [None req-cace9199-387a-4c79-88ba-a01b2a52e521 89b4449ea2c84dafb2bad6f5550c2e4b 3333fa605f50495789419d051f522b39 - - default default] 10.0.0.23 "PUT /v2.0/routers/7b01a9b3-0e33-414a-a062-7ab06e26b9fa/tags/red HTTP/1.1" status: 201 len: 201 time: 0.0305338
2026-07-02 11:19:23.005 10 INFO neutron.api.wsgi [None req-c86705d1-9438-4aa0-acaf-f343a72721ce 89b4449ea2c84dafb2bad6f5550c2e4b 3333fa605f50495789419d051f522b39 - - default default] 10.0.0.23 "GET /v2.0/routers/7b01a9b3-0e33-414a-a062-7ab06e26b9fa/tags HTTP/1.1" status: 200 len: 227 time: 0.0336931
2026-07-02 11:19:23.059 9 INFO neutron.api.wsgi [req-339e7a48-8940-46c7-9251-2808bc12e663 req-8e8edebd-def4-4134-b93b-7e065f237c5b df0f21d8f05d4892ade3afcd31f1fe10 4654c17cff2647858813415d89d2f119 - - default default] 10.0.0.231 "GET /v2.0/ports?device_id=fec7e041-01f2-4f37-ab8e-17dc06a6ba46 HTTP/1.1" status: 200 len: 1170 time: 0.0382037
2026-07-02 11:19:23.060 10 INFO neutron.api.wsgi [None req-962ca3c0-39f8-405d-8a96-4f454661101c 89b4449ea2c84dafb2bad6f5550c2e4b 3333fa605f50495789419d051f522b39 - - default default] 10.0.0.23 "PUT /v2.0/routers/7b01a9b3-0e33-414a-a062-7ab06e26b9fa/tags/black.or.white HTTP/1.1" status: 201 len: 201 time: 0.0495293
2026-07-02 11:19:23.092 9 INFO neutron.db.ovn_revision_numbers_db [None req-c751094f-5367-4456-82c7-de97aea04a08 83ff6a123b694938a8cf1b9adfc98d93 ef4b28797ef941f2a8192da8b88acea1 - - default default] Successfully bumped revision number for resource 38a8daba-2192-4888-a594-1e7d3efd0a9c (type: security_groups) to 1
2026-07-02 11:19:23.098 9 INFO neutron.api.wsgi [req-339e7a48-8940-46c7-9251-2808bc12e663 req-cf3d1919-1da7-4f2d-80e2-5db9b19d2eda df0f21d8f05d4892ade3afcd31f1fe10 4654c17cff2647858813415d89d2f119 - - default default] 10.0.0.231 "GET /v2.0/security-groups?id=03acac75-f279-4b7f-a09f-849d3c85923e&fields=id&fields=name HTTP/1.1" status: 200 len: 313 time: 0.0320292
2026-07-02 11:19:23.108 9 INFO neutron.db.ovn_revision_numbers_db [None req-c751094f-5367-4456-82c7-de97aea04a08 83ff6a123b694938a8cf1b9adfc98d93 ef4b28797ef941f2a8192da8b88acea1 - - default default] Successfully bumped revision number for resource 1d2f7fa3-8afd-46ce-8af1-85180ea65406 (type: security_group_rules) to 0
2026-07-02 11:19:23.108 10 INFO neutron.api.wsgi [None req-6934c5c7-bc14-4f19-8e8f-7bd67d43aea5 89b4449ea2c84dafb2bad6f5550c2e4b 3333fa605f50495789419d051f522b39 - - default default] 10.0.0.23 "GET /v2.0/routers/7b01a9b3-0e33-414a-a062-7ab06e26b9fa/tags HTTP/1.1" status: 200 len: 245 time: 0.0409129
2026-07-02 11:19:23.124 9 INFO neutron.db.ovn_revision_numbers_db [None req-c751094f-5367-4456-82c7-de97aea04a08 83ff6a123b694938a8cf1b9adfc98d93 ef4b28797ef941f2a8192da8b88acea1 - - default default] Successfully bumped revision number for resource 778476fb-4170-4449-bd19-db50e99a304d (type: security_group_rules) to 0
2026-07-02 11:19:23.139 9 INFO neutron.db.ovn_revision_numbers_db [None req-c751094f-5367-4456-82c7-de97aea04a08 83ff6a123b694938a8cf1b9adfc98d93 ef4b28797ef941f2a8192da8b88acea1 - - default default] Successfully bumped revision number for resource c4433295-3ff8-4dde-86c1-d332770e9688 (type: security_group_rules) to 0
2026-07-02 11:19:23.152 9 INFO neutron.db.ovn_revision_numbers_db [None req-c751094f-5367-4456-82c7-de97aea04a08 83ff6a123b694938a8cf1b9adfc98d93 ef4b28797ef941f2a8192da8b88acea1 - - default default] Successfully bumped revision number for resource f2f69b50-5fb9-46bb-bf00-25048cdf958a (type: security_group_rules) to 0
2026-07-02 11:19:23.163 10 INFO neutron.api.wsgi [None req-f35380cc-59aa-459b-9dc7-89e8001f199f 89b4449ea2c84dafb2bad6f5550c2e4b 3333fa605f50495789419d051f522b39 - - default default] 10.0.0.23 "PUT /v2.0/routers/7b01a9b3-0e33-414a-a062-7ab06e26b9fa/tags HTTP/1.1" status: 200 len: 230 time: 0.0474935
2026-07-02 11:19:23.203 10 INFO neutron.api.wsgi [None req-3137282a-2589-45f8-bc0d-95557fe7112c 89b4449ea2c84dafb2bad6f5550c2e4b 3333fa605f50495789419d051f522b39 - - default default] 10.0.0.23 "GET /v2.0/routers/7b01a9b3-0e33-414a-a062-7ab06e26b9fa/tags HTTP/1.1" status: 200 len: 230 time: 0.0344150
2026-07-02 11:19:23.231 9 INFO neutron.db.segments_db [None req-c751094f-5367-4456-82c7-de97aea04a08 83ff6a123b694938a8cf1b9adfc98d93 ef4b28797ef941f2a8192da8b88acea1 - - default default] Added segment bfd2ee4f-7406-48e3-bb00-ca356c95c09b of type geneve for network 1d787a11-60b3-479f-a247-fbcad6c97130
2026-07-02 11:19:23.258 9 INFO neutron.api.wsgi [None req-9f6e8a08-fdf7-463b-8a4b-7a4307db97df 89b4449ea2c84dafb2bad6f5550c2e4b 3333fa605f50495789419d051f522b39 - - default default] 10.0.0.23 "GET /v2.0/routers/7b01a9b3-0e33-414a-a062-7ab06e26b9fa/tags/red HTTP/1.1" status: 204 len: 168 time: 0.0508821
2026-07-02 11:19:23.313 9 INFO neutron.api.v2.resource [None req-f842efe1-7fff-4a64-ad96-75dbddccdfb2 89b4449ea2c84dafb2bad6f5550c2e4b 3333fa605f50495789419d051f522b39 - - default default] show failed (client error): The resource could not be found.
2026-07-02 11:19:23.316 9 INFO neutron.api.wsgi [None req-f842efe1-7fff-4a64-ad96-75dbddccdfb2 89b4449ea2c84dafb2bad6f5550c2e4b 3333fa605f50495789419d051f522b39 - - default default] 10.0.0.23 "GET /v2.0/routers/7b01a9b3-0e33-414a-a062-7ab06e26b9fa/tags/green HTTP/1.1" status: 404 len: 299 time: 0.0517840
2026-07-02 11:19:23.375 9 INFO neutron.api.wsgi [None req-31a9cf02-2981-4682-9797-bca255b829a9 89b4449ea2c84dafb2bad6f5550c2e4b 3333fa605f50495789419d051f522b39 - - default default] 10.0.0.23 "DELETE /v2.0/routers/7b01a9b3-0e33-414a-a062-7ab06e26b9fa/tags/red HTTP/1.1" status: 204 len: 168 time: 0.0548568
2026-07-02 11:19:23.396 9 INFO neutron.db.ovn_revision_numbers_db [None req-c751094f-5367-4456-82c7-de97aea04a08 83ff6a123b694938a8cf1b9adfc98d93 ef4b28797ef941f2a8192da8b88acea1 - - default default] Successfully bumped revision number for resource 1d787a11-60b3-479f-a247-fbcad6c97130 (type: networks) to 1
2026-07-02 11:19:23.416 10 INFO neutron.api.wsgi [None req-f2f103d7-aad4-42a3-a940-cfc6338c0245 89b4449ea2c84dafb2bad6f5550c2e4b 3333fa605f50495789419d051f522b39 - - default default] 10.0.0.23 "GET /v2.0/routers/7b01a9b3-0e33-414a-a062-7ab06e26b9fa/tags HTTP/1.1" status: 200 len: 223 time: 0.0333788
2026-07-02 11:19:23.471 9 INFO neutron.api.v2.resource [None req-39b584ca-5bb5-4893-b45c-b69671e098bf 89b4449ea2c84dafb2bad6f5550c2e4b 3333fa605f50495789419d051f522b39 - - default default] delete failed (client error): The resource could not be found.
2026-07-02 11:19:23.472 9 INFO neutron.api.wsgi [None req-39b584ca-5bb5-4893-b45c-b69671e098bf 89b4449ea2c84dafb2bad6f5550c2e4b 3333fa605f50495789419d051f522b39 - - default default] 10.0.0.23 "DELETE /v2.0/routers/7b01a9b3-0e33-414a-a062-7ab06e26b9fa/tags/green HTTP/1.1" status: 404 len: 299 time: 0.0515656
2026-07-02 11:19:23.535 9 INFO neutron.api.wsgi [None req-af037150-6c10-4151-9e3f-e55f5941df57 89b4449ea2c84dafb2bad6f5550c2e4b 3333fa605f50495789419d051f522b39 - - default default] 10.0.0.23 "DELETE /v2.0/routers/7b01a9b3-0e33-414a-a062-7ab06e26b9fa/tags HTTP/1.1" status: 204 len: 168 time: 0.0577157
2026-07-02 11:19:23.588 9 INFO neutron.api.wsgi [None req-3f521da4-9428-414b-ab24-15624697f04b 89b4449ea2c84dafb2bad6f5550c2e4b 3333fa605f50495789419d051f522b39 - - default default] 10.0.0.23 "GET /v2.0/routers/7b01a9b3-0e33-414a-a062-7ab06e26b9fa/tags HTTP/1.1" status: 200 len: 205 time: 0.0486116
2026-07-02 11:19:23.606 9 INFO neutron.api.wsgi [req-cc8ca74d-6e62-4821-82d3-e4a8e87992fa req-d2440954-f514-480c-b0e4-a673d8f01fcc df0f21d8f05d4892ade3afcd31f1fe10 4654c17cff2647858813415d89d2f119 - - default default] 199.19.213.66 "GET /v2.0/ports?device_id=fec7e041-01f2-4f37-ab8e-17dc06a6ba46 HTTP/1.1" status: 200 len: 1170 time: 0.0407388
2026-07-02 11:19:23.611 9 WARNING neutron.scheduler.dhcp_agent_scheduler [None req-c751094f-5367-4456-82c7-de97aea04a08 83ff6a123b694938a8cf1b9adfc98d93 ef4b28797ef941f2a8192da8b88acea1 - - default default] No more DHCP agents
2026-07-02 11:19:23.616 9 WARNING neutron.api.rpc.agentnotifiers.dhcp_rpc_agent_api [None req-c751094f-5367-4456-82c7-de97aea04a08 83ff6a123b694938a8cf1b9adfc98d93 ef4b28797ef941f2a8192da8b88acea1 - - default default] Unable to schedule network 1d787a11-60b3-479f-a247-fbcad6c97130: no agents available; will retry on subsequent port and subnet creation events.
2026-07-02 11:19:23.636 10 INFO neutron.api.wsgi [None req-41a12cc5-0bf6-4320-941d-0934d8b72756 89b4449ea2c84dafb2bad6f5550c2e4b 3333fa605f50495789419d051f522b39 - - default default] 10.0.0.23 "GET /v2.0/routers/7b01a9b3-0e33-414a-a062-7ab06e26b9fa HTTP/1.1" status: 200 len: 770 time: 0.0336957
2026-07-02 11:19:23.694 9 INFO neutron.db.ovn_revision_numbers_db [None req-c751094f-5367-4456-82c7-de97aea04a08 83ff6a123b694938a8cf1b9adfc98d93 ef4b28797ef941f2a8192da8b88acea1 - - default default] Successfully bumped revision number for resource d55b2ee2-3add-489a-bcd5-5905f7407f2a (type: ports) to 1
2026-07-02 11:19:23.730 9 INFO neutron.api.wsgi [None req-c751094f-5367-4456-82c7-de97aea04a08 83ff6a123b694938a8cf1b9adfc98d93 ef4b28797ef941f2a8192da8b88acea1 - - default default] 10.0.0.23 "POST /v2.0/networks HTTP/1.1" status: 201 len: 943 time: 0.7866135
2026-07-02 11:19:23.902 10 INFO neutron.db.ovn_revision_numbers_db [None req-c2b1e073-ecc6-43c6-abd0-423ac19c4eed 89b4449ea2c84dafb2bad6f5550c2e4b 3333fa605f50495789419d051f522b39 - - default default] Successfully bumped revision number for resource 7b01a9b3-0e33-414a-a062-7ab06e26b9fa (type: routers) to 7
2026-07-02 11:19:23.908 10 INFO neutron.api.wsgi [None req-c2b1e073-ecc6-43c6-abd0-423ac19c4eed 89b4449ea2c84dafb2bad6f5550c2e4b 3333fa605f50495789419d051f522b39 - - default default] 10.0.0.23 "PUT /v2.0/routers/7b01a9b3-0e33-414a-a062-7ab06e26b9fa HTTP/1.1" status: 200 len: 770 time: 0.2680092
2026-07-02 11:19:23.929 10 INFO neutron.api.wsgi [None req-baca4c10-3c08-4fb4-8e96-6f2cf55296fd 89b4449ea2c84dafb2bad6f5550c2e4b 3333fa605f50495789419d051f522b39 - - default default] 10.0.0.23 "GET /v2.0/ports?device_id=7b01a9b3-0e33-414a-a062-7ab06e26b9fa HTTP/1.1" status: 200 len: 205 time: 0.0158904
2026-07-02 11:19:23.979 9 WARNING neutron.scheduler.dhcp_agent_scheduler [None req-b7d68a70-cb38-42bd-a6c0-cffb1f40217f 83ff6a123b694938a8cf1b9adfc98d93 ef4b28797ef941f2a8192da8b88acea1 - - default default] No more DHCP agents
2026-07-02 11:19:23.986 9 WARNING neutron.api.rpc.agentnotifiers.dhcp_rpc_agent_api [None req-b7d68a70-cb38-42bd-a6c0-cffb1f40217f 83ff6a123b694938a8cf1b9adfc98d93 ef4b28797ef941f2a8192da8b88acea1 - - default default] Unable to schedule network 1d787a11-60b3-479f-a247-fbcad6c97130: no agents available; will retry on subsequent port and subnet creation events.
2026-07-02 11:19:24.030 9 INFO neutron.db.l3_db [req-cc8ca74d-6e62-4821-82d3-e4a8e87992fa req-92641534-5c02-4f04-aca9-13353bbe6b88 df0f21d8f05d4892ade3afcd31f1fe10 4654c17cff2647858813415d89d2f119 - - default default] Floating IP 80eecc71-c456-4b89-91c6-6ea616a66f95 disassociated. External IP: 10.96.250.213, port: 8bd65ec6-c56c-468f-be0e-4e1a9c78d9a5.
2026-07-02 11:19:24.110 10 INFO neutron.api.wsgi [None req-2cf036a8-8a49-44fc-b6f3-1a97fc071bf7 89b4449ea2c84dafb2bad6f5550c2e4b 3333fa605f50495789419d051f522b39 - - default default] 10.0.0.23 "DELETE /v2.0/routers/7b01a9b3-0e33-414a-a062-7ab06e26b9fa HTTP/1.1" status: 204 len: 168 time: 0.1735640
2026-07-02 11:19:24.174 9 INFO neutron.api.wsgi [req-cc8ca74d-6e62-4821-82d3-e4a8e87992fa req-92641534-5c02-4f04-aca9-13353bbe6b88 df0f21d8f05d4892ade3afcd31f1fe10 4654c17cff2647858813415d89d2f119 - - default default] 199.19.213.66 "DELETE /v2.0/ports/8bd65ec6-c56c-468f-be0e-4e1a9c78d9a5 HTTP/1.1" status: 204 len: 173 time: 0.5636494 /var/lib/openstack/lib/python3.12/site-packages/pycadf/identifier.py:71: UserWarning: Invalid uuid: neutron. To ensure interoperability, identifiers should be a valid uuid. warnings.warn(('Invalid uuid: %s. To ensure interoperability, '
2026-07-02 11:19:24.210 9 INFO neutron.api.wsgi [req-cfee7334-9d0d-4764-a00a-383d434d4f87 req-6e733caf-7c6e-4d3f-9a7b-73d86792ec4f df0f21d8f05d4892ade3afcd31f1fe10 4654c17cff2647858813415d89d2f119 - - default default] 10.0.0.231 "GET /v2.0/ports?device_id=fec7e041-01f2-4f37-ab8e-17dc06a6ba46 HTTP/1.1" status: 200 len: 210 time: 0.0466523
2026-07-02 11:19:24.213 9 INFO neutron.notifiers.nova [-] Nova event matching ['req-eccc90b9-8eeb-4e08-9d81-8aacb5e5725b'] response: {'server_uuid': 'fec7e041-01f2-4f37-ab8e-17dc06a6ba46', 'name': 'network-vif-deleted', 'tag': '8bd65ec6-c56c-468f-be0e-4e1a9c78d9a5', 'status': 'completed', 'code': 200}
2026-07-02 11:19:24.505 9 INFO neutron.db.ovn_revision_numbers_db [None req-93fa7db7-d721-48cb-a470-23052cd2ee75 - - - - - -] Successfully bumped revision number for resource d55b2ee2-3add-489a-bcd5-5905f7407f2a (type: ports) to 2
2026-07-02 11:19:24.530 9 INFO neutron.db.ovn_revision_numbers_db [None req-93fa7db7-d721-48cb-a470-23052cd2ee75 - - - - - -] Successfully bumped revision number for resource caa8ca7b-19be-4841-81f1-750f74965b42 (type: subnets) to 0
2026-07-02 11:19:24.545 9 INFO neutron.api.wsgi [None req-b7d68a70-cb38-42bd-a6c0-cffb1f40217f 83ff6a123b694938a8cf1b9adfc98d93 ef4b28797ef941f2a8192da8b88acea1 - - default default] 10.0.0.23 "POST /v2.0/subnets HTTP/1.1" status: 201 len: 887 time: 0.8081052
2026-07-02 11:19:24.926 10 WARNING neutron.scheduler.dhcp_agent_scheduler [None req-57571b7d-d99c-4fc8-859a-e42c82ea0052 83ff6a123b694938a8cf1b9adfc98d93 ef4b28797ef941f2a8192da8b88acea1 - - default default] No more DHCP agents
2026-07-02 11:19:24.929 10 WARNING neutron.api.rpc.agentnotifiers.dhcp_rpc_agent_api [None req-57571b7d-d99c-4fc8-859a-e42c82ea0052 83ff6a123b694938a8cf1b9adfc98d93 ef4b28797ef941f2a8192da8b88acea1 - - default default] Unable to schedule network 5aa32851-cb45-4eb3-bf52-e9f816c51679: no agents available; will retry on subsequent port and subnet creation events.
2026-07-02 11:19:25.035 9 INFO neutron.db.ovn_revision_numbers_db [None req-823c53c2-c695-4990-b432-a06b1bcd521c 83ff6a123b694938a8cf1b9adfc98d93 ef4b28797ef941f2a8192da8b88acea1 - - default default] Successfully bumped revision number for resource 4cef80f6-8890-420e-bc92-71ddfb7cde1c (type: security_groups) to 1
2026-07-02 11:19:25.049 10 INFO neutron.db.ovn_revision_numbers_db [None req-57571b7d-d99c-4fc8-859a-e42c82ea0052 83ff6a123b694938a8cf1b9adfc98d93 ef4b28797ef941f2a8192da8b88acea1 - - default default] Successfully bumped revision number for resource b7739e4a-a891-4ea6-9076-04f5f37f233e (type: ports) to 1
2026-07-02 11:19:25.050 9 INFO neutron.db.ovn_revision_numbers_db [None req-823c53c2-c695-4990-b432-a06b1bcd521c 83ff6a123b694938a8cf1b9adfc98d93 ef4b28797ef941f2a8192da8b88acea1 - - default default] Successfully bumped revision number for resource 0a974e3b-ad00-4bdf-921f-0976b71510b9 (type: security_group_rules) to 0
2026-07-02 11:19:25.060 9 INFO neutron.db.ovn_revision_numbers_db [None req-823c53c2-c695-4990-b432-a06b1bcd521c 83ff6a123b694938a8cf1b9adfc98d93 ef4b28797ef941f2a8192da8b88acea1 - - default default] Successfully bumped revision number for resource 3ad91c9c-74a1-49d6-9361-84b60319c1bd (type: security_group_rules) to 0
2026-07-02 11:19:25.071 9 INFO neutron.db.ovn_revision_numbers_db [None req-823c53c2-c695-4990-b432-a06b1bcd521c 83ff6a123b694938a8cf1b9adfc98d93 ef4b28797ef941f2a8192da8b88acea1 - - default default] Successfully bumped revision number for resource 4ea463c3-dbc4-4a34-963e-8affd632f1c9 (type: security_group_rules) to 0
2026-07-02 11:19:25.083 9 INFO neutron.db.ovn_revision_numbers_db [None req-823c53c2-c695-4990-b432-a06b1bcd521c 83ff6a123b694938a8cf1b9adfc98d93 ef4b28797ef941f2a8192da8b88acea1 - - default default] Successfully bumped revision number for resource 6979fda1-7bfd-4274-802e-328f7614ca41 (type: security_group_rules) to 0
2026-07-02 11:19:25.116 9 INFO neutron.api.wsgi [None req-823c53c2-c695-4990-b432-a06b1bcd521c 83ff6a123b694938a8cf1b9adfc98d93 ef4b28797ef941f2a8192da8b88acea1 - - default default] 10.0.0.23 "GET /v2.0/security-groups?tenant_id=3333fa605f50495789419d051f522b39&name=default HTTP/1.1" status: 200 len: 3120 time: 0.3441291
2026-07-02 11:19:25.328 9 INFO neutron.api.wsgi [req-b3d61c86-4d06-4db0-aa0d-27e929608764 req-b0a6345a-6d72-4274-b76a-4f817f8cbad9 df0f21d8f05d4892ade3afcd31f1fe10 4654c17cff2647858813415d89d2f119 - - default default] 10.0.0.231 "GET /v2.0/ports?device_id=fec7e041-01f2-4f37-ab8e-17dc06a6ba46 HTTP/1.1" status: 200 len: 210 time: 0.0263894
2026-07-02 11:19:25.369 9 INFO neutron.api.wsgi [None req-c8cf84d0-790e-465e-951e-944c27fbf44c 83ff6a123b694938a8cf1b9adfc98d93 ef4b28797ef941f2a8192da8b88acea1 - - default default] 10.0.0.23 "DELETE /v2.0/security-groups/4cef80f6-8890-420e-bc92-71ddfb7cde1c HTTP/1.1" status: 204 len: 168 time: 0.2471130
2026-07-02 11:19:25.590 9 INFO neutron.db.ovn_revision_numbers_db [None req-47fcecd4-f887-4f4d-b808-7d38adb0166b 83ff6a123b694938a8cf1b9adfc98d93 ef4b28797ef941f2a8192da8b88acea1 - - default default] Successfully bumped revision number for resource aa505e33-de2d-4e6d-9d7a-1292b70b06c9 (type: security_groups) to 1
2026-07-02 11:19:25.606 9 INFO neutron.db.ovn_revision_numbers_db [None req-47fcecd4-f887-4f4d-b808-7d38adb0166b 83ff6a123b694938a8cf1b9adfc98d93 ef4b28797ef941f2a8192da8b88acea1 - - default default] Successfully bumped revision number for resource 08ea378c-21c2-4f58-a19c-5a3f63eabfb1 (type: security_group_rules) to 0
2026-07-02 11:19:25.622 10 INFO neutron.plugins.ml2.drivers.ovn.mech_driver.ovsdb.commands [None req-5f9fa494-ea92-42cf-85a0-02e2d2ca8ed7 - - - - - -] Schedule LRP lrp-b7739e4a-a891-4ea6-9076-04f5f37f233e on gateway 8ccc8b3f-7475-4ea5-9c47-373a24777b6b with priority 1
2026-07-02 11:19:25.623 9 INFO neutron.db.ovn_revision_numbers_db [None req-47fcecd4-f887-4f4d-b808-7d38adb0166b 83ff6a123b694938a8cf1b9adfc98d93 ef4b28797ef941f2a8192da8b88acea1 - - default default] Successfully bumped revision number for resource 0aa42524-7889-4a80-a500-499d59ea6488 (type: security_group_rules) to 0
2026-07-02 11:19:25.637 9 INFO neutron.db.ovn_revision_numbers_db [None req-47fcecd4-f887-4f4d-b808-7d38adb0166b 83ff6a123b694938a8cf1b9adfc98d93 ef4b28797ef941f2a8192da8b88acea1 - - default default] Successfully bumped revision number for resource 12dabc7d-78f1-406a-b3b0-42a14f647623 (type: security_group_rules) to 0
2026-07-02 11:19:25.652 9 INFO neutron.db.ovn_revision_numbers_db [None req-47fcecd4-f887-4f4d-b808-7d38adb0166b 83ff6a123b694938a8cf1b9adfc98d93 ef4b28797ef941f2a8192da8b88acea1 - - default default] Successfully bumped revision number for resource 3262a51c-7561-44b2-afa2-10c8c7a1ca92 (type: security_group_rules) to 0
2026-07-02 11:19:25.656 10 INFO neutron.plugins.ml2.drivers.ovn.mech_driver.ovsdb.ovsdb_monitor [None req-4261e305-2dab-4381-b573-b9cda9194b41 - - - - - -] Router 3e219ae0-6039-4c03-ab27-e48ea458cbfb is bound to host instance
2026-07-02 11:19:25.695 9 INFO neutron.api.wsgi [None req-47fcecd4-f887-4f4d-b808-7d38adb0166b 83ff6a123b694938a8cf1b9adfc98d93 ef4b28797ef941f2a8192da8b88acea1 - - default default] 10.0.0.23 "GET /v2.0/security-groups?tenant_id=539909f159fd4c67b634266c2d7b2622&name=default HTTP/1.1" status: 200 len: 3120 time: 0.2229040
2026-07-02 11:19:25.698 10 INFO neutron.db.ovn_revision_numbers_db [None req-57571b7d-d99c-4fc8-859a-e42c82ea0052 83ff6a123b694938a8cf1b9adfc98d93 ef4b28797ef941f2a8192da8b88acea1 - - default default] Successfully bumped revision number for resource b7739e4a-a891-4ea6-9076-04f5f37f233e (type: router_ports) to 1
2026-07-02 11:19:25.764 10 INFO neutron.db.ovn_revision_numbers_db [None req-57571b7d-d99c-4fc8-859a-e42c82ea0052 83ff6a123b694938a8cf1b9adfc98d93 ef4b28797ef941f2a8192da8b88acea1 - - default default] Successfully bumped revision number for resource 3e219ae0-6039-4c03-ab27-e48ea458cbfb (type: routers) to 2
