2026-07-02 11:16:29.755 9 INFO neutron.plugins.ml2.drivers.ovn.mech_driver.mech_driver [None req-a4409478-6ebf-417e-8800-02f26bd07c71 - - - - - -] OVN reports status up for port: ca24c047-6d71-41a5-8292-1484e149c48e
2026-07-02 11:16:29.774 9 INFO neutron.plugins.ml2.plugin [None req-a4409478-6ebf-417e-8800-02f26bd07c71 - - - - - -] Attempt 1 to provision port ca24c047-6d71-41a5-8292-1484e149c48e
2026-07-02 11:16:29.925 9 INFO neutron.notifiers.nova [-] Nova event matching ['req-ad4fc3d4-8ad6-4ff9-aaa0-9ae1c598e8c9'] response: {'server_uuid': 'c5a96e71-6532-4349-a9d6-8fbf0c867676', 'name': 'network-vif-plugged', 'status': 'completed', 'tag': 'ca24c047-6d71-41a5-8292-1484e149c48e', 'code': 200}
2026-07-02 11:16:29.947 9 INFO neutron.api.wsgi [req-0a732488-242a-4fd5-a491-9956df1077a0 req-20417f94-b210-4211-9549-85d254e1ffd8 88a109a788f94a288361d1422dfca1c5 8dd9abcdddc94ffaa24245be8c4ee84b - - default default] 10.0.0.231 "GET /v2.0/ports?device_id=5d8ad3e7-eebb-4ca3-b77b-1cd7b54ee5a0 HTTP/1.1" status: 200 len: 1174 time: 0.0721085
2026-07-02 11:16:30.042 9 INFO neutron.api.wsgi [req-30d3c049-aff5-43a6-84db-e3b519802fb9 req-619515e9-540d-475a-9b6f-ad1e7eb92d77 88a109a788f94a288361d1422dfca1c5 8dd9abcdddc94ffaa24245be8c4ee84b - - default default] 10.0.0.231 "GET /v2.0/ports/258b4060-fc72-40b2-bf76-900d7adf104c HTTP/1.1" status: 200 len: 1171 time: 0.0339241
2026-07-02 11:16:30.066 9 INFO neutron.db.ovn_revision_numbers_db [None req-a4409478-6ebf-417e-8800-02f26bd07c71 - - - - - -] Successfully bumped revision number for resource ca24c047-6d71-41a5-8292-1484e149c48e (type: ports) to 5 /var/lib/openstack/lib/python3.12/site-packages/pycadf/identifier.py:71: UserWarning: Invalid uuid: neutron. To ensure interoperability, identifiers should be a valid uuid. warnings.warn(('Invalid uuid: %s. To ensure interoperability, ' /var/lib/openstack/lib/python3.12/site-packages/pycadf/identifier.py:71: UserWarning: Invalid uuid: neutron. To ensure interoperability, identifiers should be a valid uuid. warnings.warn(('Invalid uuid: %s. To ensure interoperability, '
2026-07-02 11:16:30.449 9 INFO neutron.api.wsgi [req-57f304bb-068b-4e12-a00a-465368c67285 req-98ff11ea-e6f9-4d23-a7da-453612b870a3 dfe3baa301984401912d186e3db6c5c3 2854c8356871454a9c4805f8953898c1 - - default default] 10.0.0.231 "GET /v2.0/ports?device_id=c5a96e71-6532-4349-a9d6-8fbf0c867676 HTTP/1.1" status: 200 len: 1170 time: 0.0403707
2026-07-02 11:16:30.487 9 INFO neutron.db.ovn_revision_numbers_db [None req-d66b5333-ea6f-496c-bd11-f78df882199a 83ff6a123b694938a8cf1b9adfc98d93 ef4b28797ef941f2a8192da8b88acea1 - - default default] Successfully bumped revision number for resource 04fce8d6-6ad8-4110-9415-e2a53ebc924d (type: security_groups) to 1
2026-07-02 11:16:30.501 9 INFO neutron.api.wsgi [req-57f304bb-068b-4e12-a00a-465368c67285 req-a0907a2b-2f3b-403e-a5d7-c9e15b23ef8a dfe3baa301984401912d186e3db6c5c3 2854c8356871454a9c4805f8953898c1 - - default default] 10.0.0.231 "GET /v2.0/security-groups?id=2be9473a-005e-43fc-b389-a16118b7fcba&fields=id&fields=name HTTP/1.1" status: 200 len: 312 time: 0.0454416
2026-07-02 11:16:30.501 9 INFO neutron.db.ovn_revision_numbers_db [None req-d66b5333-ea6f-496c-bd11-f78df882199a 83ff6a123b694938a8cf1b9adfc98d93 ef4b28797ef941f2a8192da8b88acea1 - - default default] Successfully bumped revision number for resource 381a7f4d-3c4f-48f7-9566-49e119bc9d93 (type: security_group_rules) to 0
2026-07-02 11:16:30.514 9 INFO neutron.db.ovn_revision_numbers_db [None req-d66b5333-ea6f-496c-bd11-f78df882199a 83ff6a123b694938a8cf1b9adfc98d93 ef4b28797ef941f2a8192da8b88acea1 - - default default] Successfully bumped revision number for resource 8ffcf9e9-b31b-4f53-b5f1-135412547177 (type: security_group_rules) to 0
2026-07-02 11:16:30.528 9 INFO neutron.db.ovn_revision_numbers_db [None req-d66b5333-ea6f-496c-bd11-f78df882199a 83ff6a123b694938a8cf1b9adfc98d93 ef4b28797ef941f2a8192da8b88acea1 - - default default] Successfully bumped revision number for resource ba7333bd-4087-4185-9ec8-4d62463d755a (type: security_group_rules) to 0
2026-07-02 11:16:30.544 9 INFO neutron.db.ovn_revision_numbers_db [None req-d66b5333-ea6f-496c-bd11-f78df882199a 83ff6a123b694938a8cf1b9adfc98d93 ef4b28797ef941f2a8192da8b88acea1 - - default default] Successfully bumped revision number for resource bb55a560-508b-4d48-80f8-73a9db0b392f (type: security_group_rules) to 0
2026-07-02 11:16:30.561 10 INFO neutron.api.wsgi [None req-224ce652-e209-4bcf-84c4-9740c6b4f4f8 032651c327ed4e389b5298ef46fe83c3 7efec2cae5484f3aba6f4d7690e9b205 - - default default] 10.0.0.23 "DELETE /v2.0/security-groups/1eec220b-a4af-4cca-bcdf-735f397fc20e HTTP/1.1" status: 204 len: 168 time: 0.1358204
2026-07-02 11:16:30.575 10 INFO neutron.api.v2.resource [None req-d030f225-a0d4-4064-b7f4-eacae7955212 032651c327ed4e389b5298ef46fe83c3 7efec2cae5484f3aba6f4d7690e9b205 - - default default] show failed (client error): The resource could not be found.
2026-07-02 11:16:30.576 10 INFO neutron.api.wsgi [None req-d030f225-a0d4-4064-b7f4-eacae7955212 032651c327ed4e389b5298ef46fe83c3 7efec2cae5484f3aba6f4d7690e9b205 - - default default] 10.0.0.23 "GET /v2.0/security-groups/1eec220b-a4af-4cca-bcdf-735f397fc20e HTTP/1.1" status: 404 len: 347 time: 0.0090251
2026-07-02 11:16:30.579 9 INFO neutron.api.wsgi [None req-d66b5333-ea6f-496c-bd11-f78df882199a 83ff6a123b694938a8cf1b9adfc98d93 ef4b28797ef941f2a8192da8b88acea1 - - default default] 10.0.0.23 "GET /v2.0/security-groups?tenant_id=ab0812dd7da042079a0f5a900fda05b9&name=default HTTP/1.1" status: 200 len: 3120 time: 0.5015225
2026-07-02 11:16:30.868 10 INFO neutron.api.wsgi [None req-cadbf9d1-e1ff-4541-9afd-f996d6bc56cd 83ff6a123b694938a8cf1b9adfc98d93 ef4b28797ef941f2a8192da8b88acea1 - - default default] 10.0.0.23 "DELETE /v2.0/security-groups/04fce8d6-6ad8-4110-9415-e2a53ebc924d HTTP/1.1" status: 204 len: 168 time: 0.2781847
2026-07-02 11:16:30.948 9 INFO neutron.api.wsgi [req-c9b588db-5ab6-4c09-aa9a-c23a4234a73a req-3697722d-435a-45b1-83a2-7b8515e05aef 88a109a788f94a288361d1422dfca1c5 8dd9abcdddc94ffaa24245be8c4ee84b - - default default] 199.19.213.66 "GET /v2.0/subnets?network_id=2b4cc500-0985-4761-8ae2-4a14b10f7cc2 HTTP/1.1" status: 200 len: 883 time: 0.0599937
2026-07-02 11:16:31.020 9 INFO neutron.api.wsgi [req-c9b588db-5ab6-4c09-aa9a-c23a4234a73a req-4743b5ee-6bb3-4b67-860c-a31cfb8061d5 88a109a788f94a288361d1422dfca1c5 8dd9abcdddc94ffaa24245be8c4ee84b - - default default] 199.19.213.66 "GET /v2.0/ports?device_id=5d8ad3e7-eebb-4ca3-b77b-1cd7b54ee5a0&device_owner=compute%3Anova&network_id=2b4cc500-0985-4761-8ae2-4a14b10f7cc2 HTTP/1.1" status: 200 len: 1174 time: 0.0690651
2026-07-02 11:16:31.241 9 INFO neutron.api.wsgi [None req-d1a36505-9937-483b-83c5-6c74093f1d54 032651c327ed4e389b5298ef46fe83c3 7efec2cae5484f3aba6f4d7690e9b205 - - default default] 10.0.0.23 "DELETE /v2.0/floatingips/c18e0ca8-56f0-481c-973d-8f2509b8e9df HTTP/1.1" status: 204 len: 168 time: 0.6574676
2026-07-02 11:16:31.607 9 INFO neutron.api.wsgi [req-5f349ac8-b01e-459f-9cd2-0f6835447954 req-4d461dd5-996f-46e6-b920-1e6629c1d941 dfe3baa301984401912d186e3db6c5c3 2854c8356871454a9c4805f8953898c1 - - default default] 10.0.0.231 "GET /v2.0/ports?device_id=c5a96e71-6532-4349-a9d6-8fbf0c867676 HTTP/1.1" status: 200 len: 1170 time: 0.0419941 /var/lib/openstack/lib/python3.12/site-packages/pycadf/identifier.py:71: UserWarning: Invalid uuid: neutron. To ensure interoperability, identifiers should be a valid uuid. warnings.warn(('Invalid uuid: %s. To ensure interoperability, '
2026-07-02 11:16:31.654 9 INFO neutron.api.wsgi [req-5f349ac8-b01e-459f-9cd2-0f6835447954 req-91651a49-ab7a-45f4-ba1c-aa15b9ed4a58 dfe3baa301984401912d186e3db6c5c3 2854c8356871454a9c4805f8953898c1 - - default default] 10.0.0.231 "GET /v2.0/security-groups?id=2be9473a-005e-43fc-b389-a16118b7fcba&fields=id&fields=name HTTP/1.1" status: 200 len: 312 time: 0.0400949
2026-07-02 11:16:31.705 9 INFO neutron.db.ovn_revision_numbers_db [req-c9b588db-5ab6-4c09-aa9a-c23a4234a73a req-fd996e95-cfc2-4755-b89c-098ef81017a9 88a109a788f94a288361d1422dfca1c5 8dd9abcdddc94ffaa24245be8c4ee84b - - default default] Successfully bumped revision number for resource 258b4060-fc72-40b2-bf76-900d7adf104c (type: ports) to 6
2026-07-02 11:16:31.720 9 INFO neutron.api.wsgi [req-c9b588db-5ab6-4c09-aa9a-c23a4234a73a req-fd996e95-cfc2-4755-b89c-098ef81017a9 88a109a788f94a288361d1422dfca1c5 8dd9abcdddc94ffaa24245be8c4ee84b - - default default] 199.19.213.66 "PUT /v2.0/ports/258b4060-fc72-40b2-bf76-900d7adf104c HTTP/1.1" status: 200 len: 1349 time: 0.6940334
2026-07-02 11:16:31.965 9 INFO neutron.notifiers.nova [-] Nova event matching ['req-e280ae05-9d04-4415-bfd8-ff7332f61584'] response: {'server_uuid': 'c5a96e71-6532-4349-a9d6-8fbf0c867676', 'name': 'network-vif-plugged', 'status': 'completed', 'tag': 'ca24c047-6d71-41a5-8292-1484e149c48e', 'code': 200}
2026-07-02 11:16:31.966 9 INFO neutron.notifiers.nova [-] Nova event matching ['req-e280ae05-9d04-4415-bfd8-ff7332f61584'] response: {'name': 'network-changed', 'server_uuid': '5d8ad3e7-eebb-4ca3-b77b-1cd7b54ee5a0', 'tag': '258b4060-fc72-40b2-bf76-900d7adf104c', 'status': 'completed', 'code': 200}
2026-07-02 11:16:32.271 9 INFO neutron.api.wsgi [req-c9b588db-5ab6-4c09-aa9a-c23a4234a73a req-05f5c3d4-4347-45c5-b0e4-878aa8a9372b ac859a2252c54cc6b0a526a2c5fd2af3 f92b55a119f24ef8b47e978144f28fff - - d35581d8ea3f4597b843713eead5a22c d35581d8ea3f4597b843713eead5a22c] 199.19.213.66 "GET /v2.0/ports?tenant_id=8dd9abcdddc94ffaa24245be8c4ee84b&device_id=5d8ad3e7-eebb-4ca3-b77b-1cd7b54ee5a0 HTTP/1.1" status: 200 len: 1590 time: 0.0413132
2026-07-02 11:16:32.336 9 INFO neutron.api.wsgi [req-c9b588db-5ab6-4c09-aa9a-c23a4234a73a req-8c8a4412-3209-4904-b382-3686e1672bf5 ac859a2252c54cc6b0a526a2c5fd2af3 f92b55a119f24ef8b47e978144f28fff - - d35581d8ea3f4597b843713eead5a22c d35581d8ea3f4597b843713eead5a22c] 199.19.213.66 "GET /v2.0/networks?id=2b4cc500-0985-4761-8ae2-4a14b10f7cc2 HTTP/1.1" status: 200 len: 981 time: 0.0576744
2026-07-02 11:16:32.389 9 INFO neutron.api.wsgi [req-c9b588db-5ab6-4c09-aa9a-c23a4234a73a req-90bb546b-a674-45bc-bd13-ad69aae1377d ac859a2252c54cc6b0a526a2c5fd2af3 f92b55a119f24ef8b47e978144f28fff - - d35581d8ea3f4597b843713eead5a22c d35581d8ea3f4597b843713eead5a22c] 199.19.213.66 "GET /v2.0/floatingips?fixed_ip_address=10.100.0.10&port_id=258b4060-fc72-40b2-bf76-900d7adf104c HTTP/1.1" status: 200 len: 1060 time: 0.0419912
2026-07-02 11:16:32.413 9 INFO neutron.api.wsgi [req-c9b588db-5ab6-4c09-aa9a-c23a4234a73a req-41c12bc6-33e6-4154-8cb2-d8b29dc7e9da ac859a2252c54cc6b0a526a2c5fd2af3 f92b55a119f24ef8b47e978144f28fff - - d35581d8ea3f4597b843713eead5a22c d35581d8ea3f4597b843713eead5a22c] 199.19.213.66 "GET /v2.0/floatingips?fixed_ip_address=10.100.0.7&port_id=258b4060-fc72-40b2-bf76-900d7adf104c HTTP/1.1" status: 200 len: 217 time: 0.0181897
2026-07-02 11:16:32.448 9 INFO neutron.api.wsgi [req-c9b588db-5ab6-4c09-aa9a-c23a4234a73a req-81395769-dec0-4474-bfd3-a27e9d837770 ac859a2252c54cc6b0a526a2c5fd2af3 f92b55a119f24ef8b47e978144f28fff - - d35581d8ea3f4597b843713eead5a22c d35581d8ea3f4597b843713eead5a22c] 199.19.213.66 "GET /v2.0/subnets?id=f57113f1-91f3-4c25-b1d4-6f61d7af4233 HTTP/1.1" status: 200 len: 901 time: 0.0290895
2026-07-02 11:16:32.474 10 INFO neutron.api.wsgi [None req-f764a885-39e3-4cb9-ad24-29e600b43504 83ff6a123b694938a8cf1b9adfc98d93 ef4b28797ef941f2a8192da8b88acea1 - - default default] 10.0.0.23 "PUT /v2.0/routers/ed91f655-d847-42e0-90fe-ef62b80b61b3/remove_router_interface HTTP/1.1" status: 200 len: 503 time: 1.2244387
2026-07-02 11:16:32.478 9 INFO neutron.api.wsgi [req-c9b588db-5ab6-4c09-aa9a-c23a4234a73a req-05beb038-af76-4bbf-9da7-08534fee3699 ac859a2252c54cc6b0a526a2c5fd2af3 f92b55a119f24ef8b47e978144f28fff - - d35581d8ea3f4597b843713eead5a22c d35581d8ea3f4597b843713eead5a22c] 199.19.213.66 "GET /v2.0/ports?network_id=2b4cc500-0985-4761-8ae2-4a14b10f7cc2&device_owner=network%3Adhcp HTTP/1.1" status: 200 len: 210 time: 0.0228546 /var/lib/openstack/lib/python3.12/site-packages/pycadf/identifier.py:71: UserWarning: Invalid uuid: neutron. To ensure interoperability, identifiers should be a valid uuid. warnings.warn(('Invalid uuid: %s. To ensure interoperability, '
2026-07-02 11:16:32.539 9 INFO neutron.api.wsgi [req-c9b588db-5ab6-4c09-aa9a-c23a4234a73a req-21f407a8-5f5c-4c8d-9386-2c2733dcd4b1 ac859a2252c54cc6b0a526a2c5fd2af3 f92b55a119f24ef8b47e978144f28fff - - d35581d8ea3f4597b843713eead5a22c d35581d8ea3f4597b843713eead5a22c] 199.19.213.66 "GET /v2.0/networks/2b4cc500-0985-4761-8ae2-4a14b10f7cc2?fields=segments HTTP/1.1" status: 200 len: 212 time: 0.0508766
2026-07-02 11:16:32.584 9 INFO neutron.api.wsgi [req-c9b588db-5ab6-4c09-aa9a-c23a4234a73a req-1b570908-185d-4d6f-b978-5fde2d1ea7fe ac859a2252c54cc6b0a526a2c5fd2af3 f92b55a119f24ef8b47e978144f28fff - - d35581d8ea3f4597b843713eead5a22c d35581d8ea3f4597b843713eead5a22c] 199.19.213.66 "GET /v2.0/networks/2b4cc500-0985-4761-8ae2-4a14b10f7cc2?fields=provider%3Aphysical_network&fields=provider%3Anetwork_type HTTP/1.1" status: 200 len: 277 time: 0.0397670
2026-07-02 11:16:32.761 9 INFO neutron.api.wsgi [req-ba091d14-3757-48ff-9ee3-d764635951d7 req-90f7daac-40ee-40e7-8f25-afb9aae9dc86 dfe3baa301984401912d186e3db6c5c3 2854c8356871454a9c4805f8953898c1 - - default default] 10.0.0.231 "GET /v2.0/ports?device_id=c5a96e71-6532-4349-a9d6-8fbf0c867676 HTTP/1.1" status: 200 len: 1170 time: 0.0380797
2026-07-02 11:16:32.793 9 INFO neutron.api.wsgi [req-ba091d14-3757-48ff-9ee3-d764635951d7 req-2fa36733-9c9f-4cc7-b22b-87a62720d979 dfe3baa301984401912d186e3db6c5c3 2854c8356871454a9c4805f8953898c1 - - default default] 10.0.0.231 "GET /v2.0/security-groups?id=2be9473a-005e-43fc-b389-a16118b7fcba&fields=id&fields=name HTTP/1.1" status: 200 len: 312 time: 0.0258713
2026-07-02 11:16:32.888 10 WARNING neutron_lib.context [None req-feb291f6-360a-47c9-8324-39bc0641538a 49c6a4058e1448b68c5bd0a6bcfe0747 625c4f02f1c1469a8d10df2d8e8ce478 - - default default] Method 'is_advsvc' is deprecated since 2023.2 release (neutron-lib 3.8.0) and will be removed once support for the old RBAC API policies will be removed from Neutron. Please use method 'is_service_role' instead.
2026-07-02 11:16:32.897 9 INFO neutron.api.wsgi [req-faf47790-76dc-4545-a359-2148d8ef6eaa req-2c5a42fb-83e1-4cdf-a37e-8522c732d293 dfe3baa301984401912d186e3db6c5c3 2854c8356871454a9c4805f8953898c1 - - default default] 10.0.0.231 "GET /v2.0/ports?device_id=c5a96e71-6532-4349-a9d6-8fbf0c867676 HTTP/1.1" status: 200 len: 1170 time: 0.0384145
2026-07-02 11:16:33.040 10 INFO neutron.db.ovn_revision_numbers_db [None req-feb291f6-360a-47c9-8324-39bc0641538a 49c6a4058e1448b68c5bd0a6bcfe0747 625c4f02f1c1469a8d10df2d8e8ce478 - - default default] Successfully bumped revision number for resource 7b989fe7-ae93-4b72-a26a-dd58e5a1eda3 (type: security_groups) to 1
2026-07-02 11:16:33.073 10 INFO neutron.db.ovn_revision_numbers_db [None req-feb291f6-360a-47c9-8324-39bc0641538a 49c6a4058e1448b68c5bd0a6bcfe0747 625c4f02f1c1469a8d10df2d8e8ce478 - - default default] Successfully bumped revision number for resource 060f9630-3690-4c6b-bb8c-3c392105170d (type: security_group_rules) to 0
2026-07-02 11:16:33.092 10 INFO neutron.db.ovn_revision_numbers_db [None req-feb291f6-360a-47c9-8324-39bc0641538a 49c6a4058e1448b68c5bd0a6bcfe0747 625c4f02f1c1469a8d10df2d8e8ce478 - - default default] Successfully bumped revision number for resource 5f5a5012-4d65-4c4e-97d6-737e3200d61c (type: security_group_rules) to 0
2026-07-02 11:16:33.135 10 INFO neutron.db.ovn_revision_numbers_db [None req-feb291f6-360a-47c9-8324-39bc0641538a 49c6a4058e1448b68c5bd0a6bcfe0747 625c4f02f1c1469a8d10df2d8e8ce478 - - default default] Successfully bumped revision number for resource f148b940-896d-40cf-8274-3a8713122f3e (type: security_group_rules) to 0
2026-07-02 11:16:33.150 10 INFO neutron.db.ovn_revision_numbers_db [None req-feb291f6-360a-47c9-8324-39bc0641538a 49c6a4058e1448b68c5bd0a6bcfe0747 625c4f02f1c1469a8d10df2d8e8ce478 - - default default] Successfully bumped revision number for resource fac147b0-38ef-432e-9109-5235527728dc (type: security_group_rules) to 0
2026-07-02 11:16:33.166 10 INFO neutron.api.wsgi [None req-6d035509-ed41-411a-a051-90ed9c5774e1 83ff6a123b694938a8cf1b9adfc98d93 ef4b28797ef941f2a8192da8b88acea1 - - default default] 10.0.0.23 "DELETE /v2.0/routers/ed91f655-d847-42e0-90fe-ef62b80b61b3 HTTP/1.1" status: 204 len: 168 time: 0.6866710
2026-07-02 11:16:33.233 10 INFO neutron.db.segments_db [None req-feb291f6-360a-47c9-8324-39bc0641538a 49c6a4058e1448b68c5bd0a6bcfe0747 625c4f02f1c1469a8d10df2d8e8ce478 - - default default] Added segment fc7b7a02-79da-43eb-ac23-b9ee6d6052d1 of type geneve for network 90b6f8a7-dcfb-48bf-8889-5d972f721b6d
2026-07-02 11:16:33.389 10 INFO neutron.db.ovn_revision_numbers_db [None req-feb291f6-360a-47c9-8324-39bc0641538a 49c6a4058e1448b68c5bd0a6bcfe0747 625c4f02f1c1469a8d10df2d8e8ce478 - - default default] Successfully bumped revision number for resource 90b6f8a7-dcfb-48bf-8889-5d972f721b6d (type: networks) to 1
2026-07-02 11:16:33.413 9 INFO neutron.api.wsgi [req-296bb48a-64c8-4711-bd6a-657de159e038 req-6b4f2523-689d-4392-a4d9-cb8d82363afa 88a109a788f94a288361d1422dfca1c5 8dd9abcdddc94ffaa24245be8c4ee84b - - default default] 10.0.0.231 "GET /v2.0/ports?device_id=5d8ad3e7-eebb-4ca3-b77b-1cd7b54ee5a0 HTTP/1.1" status: 200 len: 1352 time: 0.0420375
2026-07-02 11:16:33.460 9 INFO neutron.api.wsgi [req-296bb48a-64c8-4711-bd6a-657de159e038 req-380aa00f-1804-43ae-8059-ba0fe820f767 88a109a788f94a288361d1422dfca1c5 8dd9abcdddc94ffaa24245be8c4ee84b - - default default] 10.0.0.231 "GET /v2.0/security-groups?id=f41ac0e4-554e-404a-8bb5-2f4779c7ea16&fields=id&fields=name HTTP/1.1" status: 200 len: 312 time: 0.0395660
2026-07-02 11:16:33.488 9 INFO neutron.api.wsgi [None req-5985b795-098f-4118-b167-0622c52eff4c 83ff6a123b694938a8cf1b9adfc98d93 ef4b28797ef941f2a8192da8b88acea1 - - default default] 10.0.0.23 "DELETE /v2.0/subnets/1e7e5257-73ee-460f-9098-4c470b00e6f9 HTTP/1.1" status: 204 len: 168 time: 0.3162224
2026-07-02 11:16:33.583 9 INFO neutron.db.ovn_revision_numbers_db [None req-0df2e1de-d419-4fc1-95b0-65d09b341082 dfe3baa301984401912d186e3db6c5c3 2854c8356871454a9c4805f8953898c1 - - default default] Successfully bumped revision number for resource a4a05da1-7193-4c45-acb6-a86c016c4011 (type: floatingips) to 1
2026-07-02 11:16:33.643 10 WARNING neutron.scheduler.dhcp_agent_scheduler [None req-feb291f6-360a-47c9-8324-39bc0641538a 49c6a4058e1448b68c5bd0a6bcfe0747 625c4f02f1c1469a8d10df2d8e8ce478 - - default default] No more DHCP agents
2026-07-02 11:16:33.646 10 WARNING neutron.api.rpc.agentnotifiers.dhcp_rpc_agent_api [None req-feb291f6-360a-47c9-8324-39bc0641538a 49c6a4058e1448b68c5bd0a6bcfe0747 625c4f02f1c1469a8d10df2d8e8ce478 - - default default] Unable to schedule network 90b6f8a7-dcfb-48bf-8889-5d972f721b6d: no agents available; will retry on subsequent port and subnet creation events.
2026-07-02 11:16:33.683 9 INFO neutron.api.wsgi [req-d69c301b-1305-4a2c-bdf6-c99a2f000b45 req-71d42b7f-5afa-4068-8ba0-27e96460a865 ac859a2252c54cc6b0a526a2c5fd2af3 f92b55a119f24ef8b47e978144f28fff - - d35581d8ea3f4597b843713eead5a22c d35581d8ea3f4597b843713eead5a22c] 199.19.213.66 "GET /v2.0/ports?tenant_id=8dd9abcdddc94ffaa24245be8c4ee84b&device_id=5d8ad3e7-eebb-4ca3-b77b-1cd7b54ee5a0 HTTP/1.1" status: 200 len: 1590 time: 0.0701690
2026-07-02 11:16:33.718 10 INFO neutron.db.ovn_revision_numbers_db [None req-feb291f6-360a-47c9-8324-39bc0641538a 49c6a4058e1448b68c5bd0a6bcfe0747 625c4f02f1c1469a8d10df2d8e8ce478 - - default default] Successfully bumped revision number for resource 966eb7f2-9664-44be-99c0-3b5041dd0339 (type: ports) to 1
2026-07-02 11:16:33.742 10 INFO neutron.api.wsgi [None req-feb291f6-360a-47c9-8324-39bc0641538a 49c6a4058e1448b68c5bd0a6bcfe0747 625c4f02f1c1469a8d10df2d8e8ce478 - - default default] 10.0.0.23 "POST /v2.0/networks HTTP/1.1" status: 201 len: 848 time: 1.0567248 /var/lib/openstack/lib/python3.12/site-packages/pycadf/identifier.py:71: UserWarning: Invalid uuid: neutron. To ensure interoperability, identifiers should be a valid uuid. warnings.warn(('Invalid uuid: %s. To ensure interoperability, '
2026-07-02 11:16:33.754 10 WARNING neutron_lib.context [None req-6232d897-d9ed-4e64-b913-0cc8627d105e 49c6a4058e1448b68c5bd0a6bcfe0747 625c4f02f1c1469a8d10df2d8e8ce478 - - default default] Method 'is_advsvc' is deprecated since 2023.2 release (neutron-lib 3.8.0) and will be removed once support for the old RBAC API policies will be removed from Neutron. Please use method 'is_service_role' instead.
2026-07-02 11:16:33.770 9 INFO neutron.api.wsgi [req-d69c301b-1305-4a2c-bdf6-c99a2f000b45 req-4e2f98a4-f102-4828-9d9e-59d593d60d71 ac859a2252c54cc6b0a526a2c5fd2af3 f92b55a119f24ef8b47e978144f28fff - - d35581d8ea3f4597b843713eead5a22c d35581d8ea3f4597b843713eead5a22c] 199.19.213.66 "GET /v2.0/networks?id=2b4cc500-0985-4761-8ae2-4a14b10f7cc2 HTTP/1.1" status: 200 len: 981 time: 0.0760953
2026-07-02 11:16:33.808 9 INFO neutron.db.ovn_revision_numbers_db [None req-0df2e1de-d419-4fc1-95b0-65d09b341082 dfe3baa301984401912d186e3db6c5c3 2854c8356871454a9c4805f8953898c1 - - default default] Successfully bumped revision number for resource a4a05da1-7193-4c45-acb6-a86c016c4011 (type: floatingips) to 2
2026-07-02 11:16:33.808 9 INFO neutron.db.l3_db [None req-0df2e1de-d419-4fc1-95b0-65d09b341082 dfe3baa301984401912d186e3db6c5c3 2854c8356871454a9c4805f8953898c1 - - default default] Floating IP a4a05da1-7193-4c45-acb6-a86c016c4011 associated. External IP: 10.96.250.207, port: ca24c047-6d71-41a5-8292-1484e149c48e.
2026-07-02 11:16:33.853 9 INFO neutron.api.wsgi [req-d69c301b-1305-4a2c-bdf6-c99a2f000b45 req-74d6c4c3-aeac-4bcd-a6af-2f437c36041d ac859a2252c54cc6b0a526a2c5fd2af3 f92b55a119f24ef8b47e978144f28fff - - d35581d8ea3f4597b843713eead5a22c d35581d8ea3f4597b843713eead5a22c] 199.19.213.66 "GET /v2.0/floatingips?fixed_ip_address=10.100.0.10&port_id=258b4060-fc72-40b2-bf76-900d7adf104c HTTP/1.1" status: 200 len: 1060 time: 0.0761964
2026-07-02 11:16:33.854 9 INFO neutron.api.wsgi [None req-0df2e1de-d419-4fc1-95b0-65d09b341082 dfe3baa301984401912d186e3db6c5c3 2854c8356871454a9c4805f8953898c1 - - default default] 10.0.0.23 "PUT /v2.0/floatingips/a4a05da1-7193-4c45-acb6-a86c016c4011 HTTP/1.1" status: 200 len: 1049 time: 0.9439983
2026-07-02 11:16:33.877 9 INFO neutron.api.wsgi [req-d69c301b-1305-4a2c-bdf6-c99a2f000b45 req-ceaca43e-73e2-4f2b-96a6-765f26679f15 ac859a2252c54cc6b0a526a2c5fd2af3 f92b55a119f24ef8b47e978144f28fff - - d35581d8ea3f4597b843713eead5a22c d35581d8ea3f4597b843713eead5a22c] 199.19.213.66 "GET /v2.0/floatingips?fixed_ip_address=10.100.0.7&port_id=258b4060-fc72-40b2-bf76-900d7adf104c HTTP/1.1" status: 200 len: 217 time: 0.0195057
2026-07-02 11:16:33.926 9 INFO neutron.api.wsgi [req-d69c301b-1305-4a2c-bdf6-c99a2f000b45 req-3c8cd0d5-7a52-4183-b88d-aac4ed975d07 ac859a2252c54cc6b0a526a2c5fd2af3 f92b55a119f24ef8b47e978144f28fff - - d35581d8ea3f4597b843713eead5a22c d35581d8ea3f4597b843713eead5a22c] 199.19.213.66 "GET /v2.0/subnets?id=f57113f1-91f3-4c25-b1d4-6f61d7af4233 HTTP/1.1" status: 200 len: 901 time: 0.0445092
2026-07-02 11:16:33.946 10 WARNING neutron.scheduler.dhcp_agent_scheduler [None req-6232d897-d9ed-4e64-b913-0cc8627d105e 49c6a4058e1448b68c5bd0a6bcfe0747 625c4f02f1c1469a8d10df2d8e8ce478 - - default default] No more DHCP agents
2026-07-02 11:16:33.947 10 WARNING neutron.api.rpc.agentnotifiers.dhcp_rpc_agent_api [None req-6232d897-d9ed-4e64-b913-0cc8627d105e 49c6a4058e1448b68c5bd0a6bcfe0747 625c4f02f1c1469a8d10df2d8e8ce478 - - default default] Unable to schedule network 90b6f8a7-dcfb-48bf-8889-5d972f721b6d: no agents available; will retry on subsequent port and subnet creation events.
2026-07-02 11:16:33.953 9 INFO neutron.api.wsgi [req-d69c301b-1305-4a2c-bdf6-c99a2f000b45 req-630fda19-2c27-46ee-9b9c-90cc9a7a438f ac859a2252c54cc6b0a526a2c5fd2af3 f92b55a119f24ef8b47e978144f28fff - - d35581d8ea3f4597b843713eead5a22c d35581d8ea3f4597b843713eead5a22c] 199.19.213.66 "GET /v2.0/ports?network_id=2b4cc500-0985-4761-8ae2-4a14b10f7cc2&device_owner=network%3Adhcp HTTP/1.1" status: 200 len: 210 time: 0.0224154
2026-07-02 11:16:33.975 10 INFO neutron.db.ovn_revision_numbers_db [None req-6232d897-d9ed-4e64-b913-0cc8627d105e 49c6a4058e1448b68c5bd0a6bcfe0747 625c4f02f1c1469a8d10df2d8e8ce478 - - default default] Successfully bumped revision number for resource 176f75a1-d47e-4082-899d-f7bbe51ae763 (type: subnets) to 0
2026-07-02 11:16:33.991 10 INFO neutron.api.wsgi [None req-6232d897-d9ed-4e64-b913-0cc8627d105e 49c6a4058e1448b68c5bd0a6bcfe0747 625c4f02f1c1469a8d10df2d8e8ce478 - - default default] 10.0.0.23 "POST /v2.0/subnets HTTP/1.1" status: 201 len: 826 time: 0.2424242
2026-07-02 11:16:34.004 10 WARNING neutron_lib.context [None req-5967dc49-1cdf-4502-b13c-e7b19bb15fc8 49c6a4058e1448b68c5bd0a6bcfe0747 625c4f02f1c1469a8d10df2d8e8ce478 - - default default] Method 'is_advsvc' is deprecated since 2023.2 release (neutron-lib 3.8.0) and will be removed once support for the old RBAC API policies will be removed from Neutron. Please use method 'is_service_role' instead.
2026-07-02 11:16:34.005 9 INFO neutron.notifiers.nova [-] Nova event matching ['req-7f3d84fa-b1b1-472f-adeb-fcdc3e08522e'] response: {'name': 'network-changed', 'server_uuid': 'c5a96e71-6532-4349-a9d6-8fbf0c867676', 'tag': 'ca24c047-6d71-41a5-8292-1484e149c48e', 'status': 'completed', 'code': 200}
2026-07-02 11:16:34.021 9 INFO neutron.api.wsgi [req-086baa08-6846-47bf-9355-4119d8fa47a8 req-dd01e90b-6b9e-47a3-93d0-741001669521 dfe3baa301984401912d186e3db6c5c3 2854c8356871454a9c4805f8953898c1 - - default default] 10.0.0.231 "GET /v2.0/ports?device_id=c5a96e71-6532-4349-a9d6-8fbf0c867676 HTTP/1.1" status: 200 len: 1170 time: 0.1186094
2026-07-02 11:16:34.048 9 INFO neutron.api.wsgi [req-d69c301b-1305-4a2c-bdf6-c99a2f000b45 req-37ecf0c8-661b-46ed-9c9d-4ae3a6dbec1c ac859a2252c54cc6b0a526a2c5fd2af3 f92b55a119f24ef8b47e978144f28fff - - d35581d8ea3f4597b843713eead5a22c d35581d8ea3f4597b843713eead5a22c] 199.19.213.66 "GET /v2.0/networks/2b4cc500-0985-4761-8ae2-4a14b10f7cc2?fields=segments HTTP/1.1" status: 200 len: 212 time: 0.0870471
2026-07-02 11:16:34.100 9 INFO neutron.api.wsgi [req-086baa08-6846-47bf-9355-4119d8fa47a8 req-c08e5e20-5342-4d43-a670-83e7caa49390 dfe3baa301984401912d186e3db6c5c3 2854c8356871454a9c4805f8953898c1 - - default default] 10.0.0.231 "GET /v2.0/security-groups?id=2be9473a-005e-43fc-b389-a16118b7fcba&fields=id&fields=name HTTP/1.1" status: 200 len: 312 time: 0.0694475
2026-07-02 11:16:34.103 9 INFO neutron.services.segments.plugin [-] Segment ab9fd09f-0f70-49d4-9c55-0b32ad8b72ff resource provider aggregate not found
2026-07-02 11:16:34.106 9 INFO neutron.services.segments.plugin [-] Segment ab9fd09f-0f70-49d4-9c55-0b32ad8b72ff resource provider aggregate not found
2026-07-02 11:16:34.117 9 INFO neutron.services.segments.plugin [-] Segment ab9fd09f-0f70-49d4-9c55-0b32ad8b72ff resource provider not found; error: Placement Client Error (4xx): {"errors": [{"status": 404, "title": "Not Found", "detail": "The resource could not be found.\n\n No resource provider with uuid ab9fd09f-0f70-49d4-9c55-0b32ad8b72ff found for delete ", "request_id": "req-f7f1da1d-40f3-49e2-a11e-700928b340c2"}]}
2026-07-02 11:16:34.122 9 INFO neutron.api.wsgi [req-d69c301b-1305-4a2c-bdf6-c99a2f000b45 req-ec8bbb42-d778-42bb-9563-40ee4a8820d9 ac859a2252c54cc6b0a526a2c5fd2af3 f92b55a119f24ef8b47e978144f28fff - - d35581d8ea3f4597b843713eead5a22c d35581d8ea3f4597b843713eead5a22c] 199.19.213.66 "GET /v2.0/networks/2b4cc500-0985-4761-8ae2-4a14b10f7cc2?fields=provider%3Aphysical_network&fields=provider%3Anetwork_type HTTP/1.1" status: 200 len: 277 time: 0.0685194
2026-07-02 11:16:34.122 9 INFO neutron.services.segments.plugin [-] Segment ab9fd09f-0f70-49d4-9c55-0b32ad8b72ff resource provider not found; error: Placement Client Error (4xx): {"errors": [{"status": 404, "title": "Not Found", "detail": "The resource could not be found.\n\n No resource provider with uuid ab9fd09f-0f70-49d4-9c55-0b32ad8b72ff found for delete ", "request_id": "req-241a6108-ea15-410d-91e9-ca8c212bd93b"}]}
2026-07-02 11:16:34.130 9 INFO neutron.api.wsgi [None req-0f5e7081-f216-48c4-871d-fea59e55fdda 83ff6a123b694938a8cf1b9adfc98d93 ef4b28797ef941f2a8192da8b88acea1 - - default default] 10.0.0.23 "DELETE /v2.0/networks/02299b71-4e75-4dbf-b8cd-147515ef4211 HTTP/1.1" status: 204 len: 168 time: 0.6380291
2026-07-02 11:16:34.438 9 INFO neutron.api.wsgi [None req-1b0866ec-3c3a-4e28-8bd3-6af1a284c51e 83ff6a123b694938a8cf1b9adfc98d93 ef4b28797ef941f2a8192da8b88acea1 - - default default] 10.0.0.23 "GET /v2.0/security-groups?tenant_id=7efec2cae5484f3aba6f4d7690e9b205&name=default HTTP/1.1" status: 200 len: 3120 time: 0.0800838
2026-07-02 11:16:34.448 9 INFO neutron.api.wsgi [req-58684d70-a7ed-4a00-b48d-5be57721b381 req-95644eb2-b0ea-4a7a-85f4-778b77ffc9ba dfe3baa301984401912d186e3db6c5c3 2854c8356871454a9c4805f8953898c1 - - default default] 10.0.0.231 "GET /v2.0/ports?device_id=c5a96e71-6532-4349-a9d6-8fbf0c867676 HTTP/1.1" status: 200 len: 1170 time: 0.0538683
2026-07-02 11:16:34.496 9 INFO neutron.api.wsgi [req-58684d70-a7ed-4a00-b48d-5be57721b381 req-61c303b5-ba4d-4249-bf1e-32ca03c71fa3 dfe3baa301984401912d186e3db6c5c3 2854c8356871454a9c4805f8953898c1 - - default default] 10.0.0.231 "GET /v2.0/security-groups?id=2be9473a-005e-43fc-b389-a16118b7fcba&fields=id&fields=name HTTP/1.1" status: 200 len: 312 time: 0.0395050
2026-07-02 11:16:34.507 10 WARNING neutron.scheduler.dhcp_agent_scheduler [None req-5967dc49-1cdf-4502-b13c-e7b19bb15fc8 49c6a4058e1448b68c5bd0a6bcfe0747 625c4f02f1c1469a8d10df2d8e8ce478 - - default default] No more DHCP agents
2026-07-02 11:16:34.509 10 WARNING neutron.api.rpc.agentnotifiers.dhcp_rpc_agent_api [None req-5967dc49-1cdf-4502-b13c-e7b19bb15fc8 49c6a4058e1448b68c5bd0a6bcfe0747 625c4f02f1c1469a8d10df2d8e8ce478 - - default default] Unable to schedule network 5aa32851-cb45-4eb3-bf52-e9f816c51679: no agents available; will retry on subsequent port and subnet creation events.
2026-07-02 11:16:34.556 9 INFO neutron.api.wsgi [req-30fdb050-b3bd-4a7e-8a9a-fc0fa00ec574 req-e92b176f-a266-4a7a-9977-cc96892e0d50 ac859a2252c54cc6b0a526a2c5fd2af3 f92b55a119f24ef8b47e978144f28fff - - d35581d8ea3f4597b843713eead5a22c d35581d8ea3f4597b843713eead5a22c] 199.19.213.66 "GET /v2.0/ports?tenant_id=2854c8356871454a9c4805f8953898c1&device_id=c5a96e71-6532-4349-a9d6-8fbf0c867676 HTTP/1.1" status: 200 len: 1409 time: 0.0408094
2026-07-02 11:16:34.623 9 INFO neutron.api.wsgi [req-30fdb050-b3bd-4a7e-8a9a-fc0fa00ec574 req-f65aa062-e9c9-4d13-ad9f-b611c90b0575 ac859a2252c54cc6b0a526a2c5fd2af3 f92b55a119f24ef8b47e978144f28fff - - d35581d8ea3f4597b843713eead5a22c d35581d8ea3f4597b843713eead5a22c] 199.19.213.66 "GET /v2.0/networks?id=7171af44-af06-4334-bfe1-932e57ac6c70 HTTP/1.1" status: 200 len: 978 time: 0.0577257
2026-07-02 11:16:34.668 10 INFO neutron.db.ovn_revision_numbers_db [None req-5967dc49-1cdf-4502-b13c-e7b19bb15fc8 49c6a4058e1448b68c5bd0a6bcfe0747 625c4f02f1c1469a8d10df2d8e8ce478 - - default default] Successfully bumped revision number for resource 6e8c9000-f8cf-4054-a47a-5e6c1eff5b1c (type: ports) to 1
2026-07-02 11:16:34.676 9 INFO neutron.api.wsgi [req-30fdb050-b3bd-4a7e-8a9a-fc0fa00ec574 req-c1e9d733-0cbd-4adc-9f1e-2634a68abb26 ac859a2252c54cc6b0a526a2c5fd2af3 f92b55a119f24ef8b47e978144f28fff - - d35581d8ea3f4597b843713eead5a22c d35581d8ea3f4597b843713eead5a22c] 199.19.213.66 "GET /v2.0/floatingips?fixed_ip_address=10.100.0.3&port_id=ca24c047-6d71-41a5-8292-1484e149c48e HTTP/1.1" status: 200 len: 1059 time: 0.0454800
2026-07-02 11:16:34.704 9 INFO neutron.api.wsgi [req-30fdb050-b3bd-4a7e-8a9a-fc0fa00ec574 req-296ec510-b8f0-43f5-b7e4-a0a9adff298c ac859a2252c54cc6b0a526a2c5fd2af3 f92b55a119f24ef8b47e978144f28fff - - d35581d8ea3f4597b843713eead5a22c d35581d8ea3f4597b843713eead5a22c] 199.19.213.66 "GET /v2.0/subnets?id=930a8b14-3f0d-4bdb-9e9c-e26ce24784b7 HTTP/1.1" status: 200 len: 897 time: 0.0250134
2026-07-02 11:16:34.729 9 INFO neutron.api.wsgi [req-30fdb050-b3bd-4a7e-8a9a-fc0fa00ec574 req-6ca05b17-9c30-410d-837c-5b53ed540434 ac859a2252c54cc6b0a526a2c5fd2af3 f92b55a119f24ef8b47e978144f28fff - - d35581d8ea3f4597b843713eead5a22c d35581d8ea3f4597b843713eead5a22c] 199.19.213.66 "GET /v2.0/ports?network_id=7171af44-af06-4334-bfe1-932e57ac6c70&device_owner=network%3Adhcp HTTP/1.1" status: 200 len: 210 time: 0.0181019
2026-07-02 11:16:34.740 10 INFO neutron.api.wsgi [req-62ab16d9-8cf0-46de-94a1-5311f4aa19ca req-d542f6c4-d772-4a59-863a-0be567e36d09 88a109a788f94a288361d1422dfca1c5 8dd9abcdddc94ffaa24245be8c4ee84b - - default default] 199.19.213.66 "GET /v2.0/ports?device_id=5d8ad3e7-eebb-4ca3-b77b-1cd7b54ee5a0&device_owner=compute%3Anova&fixed_ips=ip_address%3D10.100.0.7 HTTP/1.1" status: 200 len: 1352 time: 0.1093659
2026-07-02 11:16:34.758 9 INFO neutron.api.wsgi [None req-2351ebf9-2df9-4643-8d28-d671b23a3a56 83ff6a123b694938a8cf1b9adfc98d93 ef4b28797ef941f2a8192da8b88acea1 - - default default] 10.0.0.23 "DELETE /v2.0/security-groups/6b9c226e-aa53-482f-832a-30b3f83228bc HTTP/1.1" status: 204 len: 168 time: 0.3062711
2026-07-02 11:16:34.782 9 INFO neutron.api.wsgi [req-30fdb050-b3bd-4a7e-8a9a-fc0fa00ec574 req-8a457a1d-05a4-4934-af0c-c58a872ca15e ac859a2252c54cc6b0a526a2c5fd2af3 f92b55a119f24ef8b47e978144f28fff - - d35581d8ea3f4597b843713eead5a22c d35581d8ea3f4597b843713eead5a22c] 199.19.213.66 "GET /v2.0/networks/7171af44-af06-4334-bfe1-932e57ac6c70?fields=segments HTTP/1.1" status: 200 len: 212 time: 0.0484295
2026-07-02 11:16:34.830 9 INFO neutron.api.wsgi [req-30fdb050-b3bd-4a7e-8a9a-fc0fa00ec574 req-933596ac-bfbd-4326-8bb2-da630bf19a70 ac859a2252c54cc6b0a526a2c5fd2af3 f92b55a119f24ef8b47e978144f28fff - - d35581d8ea3f4597b843713eead5a22c d35581d8ea3f4597b843713eead5a22c] 199.19.213.66 "GET /v2.0/networks/7171af44-af06-4334-bfe1-932e57ac6c70?fields=provider%3Aphysical_network&fields=provider%3Anetwork_type HTTP/1.1" status: 200 len: 277 time: 0.0424697
2026-07-02 11:16:34.927 9 INFO neutron.plugins.ml2.drivers.ovn.mech_driver.mech_driver [None req-b8b228b2-fb03-4e4a-991e-05f4fed51d83 - - - - - -] OVN reports status down for port: ca24c047-6d71-41a5-8292-1484e149c48e
2026-07-02 11:16:35.198 9 INFO neutron.db.ovn_revision_numbers_db [None req-b8b228b2-fb03-4e4a-991e-05f4fed51d83 - - - - - -] Successfully bumped revision number for resource ca24c047-6d71-41a5-8292-1484e149c48e (type: ports) to 6
2026-07-02 11:16:35.456 10 INFO neutron.db.ovn_revision_numbers_db [req-62ab16d9-8cf0-46de-94a1-5311f4aa19ca req-0986030b-5130-4eab-bbdd-3a367cb47c67 88a109a788f94a288361d1422dfca1c5 8dd9abcdddc94ffaa24245be8c4ee84b - - default default] Successfully bumped revision number for resource 258b4060-fc72-40b2-bf76-900d7adf104c (type: ports) to 7
2026-07-02 11:16:35.469 10 INFO neutron.api.wsgi [req-62ab16d9-8cf0-46de-94a1-5311f4aa19ca req-0986030b-5130-4eab-bbdd-3a367cb47c67 88a109a788f94a288361d1422dfca1c5 8dd9abcdddc94ffaa24245be8c4ee84b - - default default] 199.19.213.66 "PUT /v2.0/ports/258b4060-fc72-40b2-bf76-900d7adf104c HTTP/1.1" status: 200 len: 1171 time: 0.7264636
2026-07-02 11:16:35.512 10 INFO neutron.notifiers.nova [-] Nova event matching ['req-d30da1f8-f3f1-42df-ace3-65284a81496e'] response: {'name': 'network-changed', 'server_uuid': '5d8ad3e7-eebb-4ca3-b77b-1cd7b54ee5a0', 'tag': '258b4060-fc72-40b2-bf76-900d7adf104c', 'status': 'completed', 'code': 200}
2026-07-02 11:16:35.532 10 INFO neutron.plugins.ml2.drivers.ovn.mech_driver.ovsdb.commands [None req-5f9fa494-ea92-42cf-85a0-02e2d2ca8ed7 - - - - - -] Schedule LRP lrp-6e8c9000-f8cf-4054-a47a-5e6c1eff5b1c on gateway 8ccc8b3f-7475-4ea5-9c47-373a24777b6b with priority 1
2026-07-02 11:16:35.540 10 INFO neutron.plugins.ml2.drivers.ovn.mech_driver.mech_driver [None req-c40b7529-ec01-497f-9c26-820e15ab32b1 - - - - - -] OVN reports status up for port: 6e8c9000-f8cf-4054-a47a-5e6c1eff5b1c
2026-07-02 11:16:35.555 10 INFO neutron.plugins.ml2.plugin [None req-c40b7529-ec01-497f-9c26-820e15ab32b1 - - - - - -] Attempt 1 to provision port 6e8c9000-f8cf-4054-a47a-5e6c1eff5b1c /var/lib/openstack/lib/python3.12/site-packages/pycadf/identifier.py:71: UserWarning: Invalid uuid: neutron. To ensure interoperability, identifiers should be a valid uuid. warnings.warn(('Invalid uuid: %s. To ensure interoperability, '
2026-07-02 11:16:35.589 10 INFO neutron.db.ovn_revision_numbers_db [None req-5967dc49-1cdf-4502-b13c-e7b19bb15fc8 49c6a4058e1448b68c5bd0a6bcfe0747 625c4f02f1c1469a8d10df2d8e8ce478 - - default default] Successfully bumped revision number for resource 6e8c9000-f8cf-4054-a47a-5e6c1eff5b1c (type: router_ports) to 1
2026-07-02 11:16:35.603 9 INFO neutron.api.wsgi [req-13051259-8907-49f1-b502-aaca2ce9f3d4 req-be71261c-b8cb-4c4b-9699-0d245696d106 dfe3baa301984401912d186e3db6c5c3 2854c8356871454a9c4805f8953898c1 - - default default] 10.0.0.231 "GET /v2.0/ports?device_id=c5a96e71-6532-4349-a9d6-8fbf0c867676 HTTP/1.1" status: 200 len: 1168 time: 0.0365510
2026-07-02 11:16:35.646 10 INFO neutron.db.ovn_revision_numbers_db [None req-5967dc49-1cdf-4502-b13c-e7b19bb15fc8 49c6a4058e1448b68c5bd0a6bcfe0747 625c4f02f1c1469a8d10df2d8e8ce478 - - default default] Successfully bumped revision number for resource 896dd886-060f-4562-b14c-88ee9b90ff1f (type: routers) to 2
2026-07-02 11:16:35.650 9 INFO neutron.api.wsgi [req-13051259-8907-49f1-b502-aaca2ce9f3d4 req-733de059-1a24-455c-9f68-d4b55f71f2db dfe3baa301984401912d186e3db6c5c3 2854c8356871454a9c4805f8953898c1 - - default default] 10.0.0.231 "GET /v2.0/security-groups?id=2be9473a-005e-43fc-b389-a16118b7fcba&fields=id&fields=name HTTP/1.1" status: 200 len: 312 time: 0.0393441
2026-07-02 11:16:35.661 10 INFO neutron.api.wsgi [None req-5967dc49-1cdf-4502-b13c-e7b19bb15fc8 49c6a4058e1448b68c5bd0a6bcfe0747 625c4f02f1c1469a8d10df2d8e8ce478 - - default default] 10.0.0.23 "POST /v2.0/routers HTTP/1.1" status: 201 len: 1154 time: 1.6630859 /var/lib/openstack/lib/python3.12/site-packages/pycadf/identifier.py:71: UserWarning: Invalid uuid: neutron. To ensure interoperability, identifiers should be a valid uuid. warnings.warn(('Invalid uuid: %s. To ensure interoperability, '
2026-07-02 11:16:36.029 10 INFO neutron.api.wsgi [req-62ab16d9-8cf0-46de-94a1-5311f4aa19ca req-56fad68c-72c3-4172-8c59-95a51691430b ac859a2252c54cc6b0a526a2c5fd2af3 f92b55a119f24ef8b47e978144f28fff - - d35581d8ea3f4597b843713eead5a22c d35581d8ea3f4597b843713eead5a22c] 199.19.213.66 "GET /v2.0/ports?tenant_id=8dd9abcdddc94ffaa24245be8c4ee84b&device_id=5d8ad3e7-eebb-4ca3-b77b-1cd7b54ee5a0 HTTP/1.1" status: 200 len: 1413 time: 0.0506911
2026-07-02 11:16:36.040 9 INFO neutron.notifiers.nova [-] Nova event matching ['req-cc3cd435-503f-4eca-9076-6764957f1679'] response: {'server_uuid': 'c5a96e71-6532-4349-a9d6-8fbf0c867676', 'name': 'network-vif-unplugged', 'status': 'completed', 'tag': 'ca24c047-6d71-41a5-8292-1484e149c48e', 'code': 200}
2026-07-02 11:16:36.040 9 INFO neutron.notifiers.nova [-] Nova event matching ['req-cc3cd435-503f-4eca-9076-6764957f1679'] response: {'server_uuid': 'c5a96e71-6532-4349-a9d6-8fbf0c867676', 'name': 'network-vif-unplugged', 'status': 'completed', 'tag': 'ca24c047-6d71-41a5-8292-1484e149c48e', 'code': 200}
2026-07-02 11:16:36.085 10 INFO neutron.api.wsgi [req-62ab16d9-8cf0-46de-94a1-5311f4aa19ca req-008e5147-3bca-4d88-a4ad-14ee570f4409 ac859a2252c54cc6b0a526a2c5fd2af3 f92b55a119f24ef8b47e978144f28fff - - d35581d8ea3f4597b843713eead5a22c d35581d8ea3f4597b843713eead5a22c] 199.19.213.66 "GET /v2.0/networks?id=2b4cc500-0985-4761-8ae2-4a14b10f7cc2 HTTP/1.1" status: 200 len: 981 time: 0.0510848
2026-07-02 11:16:36.166 10 INFO neutron.api.wsgi [req-62ab16d9-8cf0-46de-94a1-5311f4aa19ca req-be7f41cc-5781-4b01-bbc7-95760faa0cc9 ac859a2252c54cc6b0a526a2c5fd2af3 f92b55a119f24ef8b47e978144f28fff - - d35581d8ea3f4597b843713eead5a22c d35581d8ea3f4597b843713eead5a22c] 199.19.213.66 "GET /v2.0/floatingips?fixed_ip_address=10.100.0.10&port_id=258b4060-fc72-40b2-bf76-900d7adf104c HTTP/1.1" status: 200 len: 1060 time: 0.0649242
2026-07-02 11:16:36.183 9 INFO neutron.api.wsgi [req-61fe430c-d037-41c0-918e-480716839f9b req-42e59e87-71b5-4f01-96ca-0f5439e0666d dfe3baa301984401912d186e3db6c5c3 2854c8356871454a9c4805f8953898c1 - - default default] 199.19.213.66 "GET /v2.0/ports?device_id=c5a96e71-6532-4349-a9d6-8fbf0c867676 HTTP/1.1" status: 200 len: 1168 time: 0.0493336
2026-07-02 11:16:36.232 10 INFO neutron.api.wsgi [req-62ab16d9-8cf0-46de-94a1-5311f4aa19ca req-08f21617-24ac-4549-8c78-da1ebb4650f1 ac859a2252c54cc6b0a526a2c5fd2af3 f92b55a119f24ef8b47e978144f28fff - - d35581d8ea3f4597b843713eead5a22c d35581d8ea3f4597b843713eead5a22c] 199.19.213.66 "GET /v2.0/subnets?id=f57113f1-91f3-4c25-b1d4-6f61d7af4233 HTTP/1.1" status: 200 len: 901 time: 0.0593014
2026-07-02 11:16:36.274 10 INFO neutron.api.wsgi [req-62ab16d9-8cf0-46de-94a1-5311f4aa19ca req-7ce64c7c-9bfd-4544-9c2a-626dfc3ee0b5 ac859a2252c54cc6b0a526a2c5fd2af3 f92b55a119f24ef8b47e978144f28fff - - d35581d8ea3f4597b843713eead5a22c d35581d8ea3f4597b843713eead5a22c] 199.19.213.66 "GET /v2.0/ports?network_id=2b4cc500-0985-4761-8ae2-4a14b10f7cc2&device_owner=network%3Adhcp HTTP/1.1" status: 200 len: 210 time: 0.0361266
2026-07-02 11:16:36.297 10 WARNING neutron.scheduler.dhcp_agent_scheduler [None req-c0d77396-e6e9-4827-aa2a-898985690fc3 49c6a4058e1448b68c5bd0a6bcfe0747 625c4f02f1c1469a8d10df2d8e8ce478 - - default default] No more DHCP agents
2026-07-02 11:16:36.299 10 WARNING neutron.api.rpc.agentnotifiers.dhcp_rpc_agent_api [None req-c0d77396-e6e9-4827-aa2a-898985690fc3 49c6a4058e1448b68c5bd0a6bcfe0747 625c4f02f1c1469a8d10df2d8e8ce478 - - default default] Unable to schedule network 90b6f8a7-dcfb-48bf-8889-5d972f721b6d: no agents available; will retry on subsequent port and subnet creation events.
2026-07-02 11:16:36.320 10 INFO neutron.api.wsgi [req-62ab16d9-8cf0-46de-94a1-5311f4aa19ca req-0ed887af-6001-47c6-b434-c834a310cc2a ac859a2252c54cc6b0a526a2c5fd2af3 f92b55a119f24ef8b47e978144f28fff - - d35581d8ea3f4597b843713eead5a22c d35581d8ea3f4597b843713eead5a22c] 199.19.213.66 "GET /v2.0/networks/2b4cc500-0985-4761-8ae2-4a14b10f7cc2?fields=segments HTTP/1.1" status: 200 len: 212 time: 0.0405681
2026-07-02 11:16:36.364 10 INFO neutron.api.wsgi [req-62ab16d9-8cf0-46de-94a1-5311f4aa19ca req-40badf43-fac7-45eb-9339-3fda99358b81 ac859a2252c54cc6b0a526a2c5fd2af3 f92b55a119f24ef8b47e978144f28fff - - d35581d8ea3f4597b843713eead5a22c d35581d8ea3f4597b843713eead5a22c] 199.19.213.66 "GET /v2.0/networks/2b4cc500-0985-4761-8ae2-4a14b10f7cc2?fields=provider%3Aphysical_network&fields=provider%3Anetwork_type HTTP/1.1" status: 200 len: 277 time: 0.0370169
2026-07-02 11:16:36.443 10 INFO neutron.db.ovn_revision_numbers_db [None req-c0d77396-e6e9-4827-aa2a-898985690fc3 49c6a4058e1448b68c5bd0a6bcfe0747 625c4f02f1c1469a8d10df2d8e8ce478 - - default default] Successfully bumped revision number for resource c02ecf69-4b85-4231-9d70-ae34283227bb (type: ports) to 1
2026-07-02 11:16:36.552 9 INFO neutron.db.l3_db [req-61fe430c-d037-41c0-918e-480716839f9b req-8d724b41-59bb-439e-8953-568e70dd8d4f dfe3baa301984401912d186e3db6c5c3 2854c8356871454a9c4805f8953898c1 - - default default] Floating IP a4a05da1-7193-4c45-acb6-a86c016c4011 disassociated. External IP: 10.96.250.207, port: ca24c047-6d71-41a5-8292-1484e149c48e.
2026-07-02 11:16:36.673 9 INFO neutron.api.wsgi [req-61fe430c-d037-41c0-918e-480716839f9b req-8d724b41-59bb-439e-8953-568e70dd8d4f dfe3baa301984401912d186e3db6c5c3 2854c8356871454a9c4805f8953898c1 - - default default] 199.19.213.66 "DELETE /v2.0/ports/ca24c047-6d71-41a5-8292-1484e149c48e HTTP/1.1" status: 204 len: 173 time: 0.4841316
2026-07-02 11:16:36.742 9 INFO neutron.api.wsgi [req-5946a439-4894-4b8a-ac80-04c6dfc90340 req-a787f508-5c6e-412e-9804-baef343e0da6 dfe3baa301984401912d186e3db6c5c3 2854c8356871454a9c4805f8953898c1 - - default default] 10.0.0.231 "GET /v2.0/ports?device_id=c5a96e71-6532-4349-a9d6-8fbf0c867676 HTTP/1.1" status: 200 len: 210 time: 0.0186555
2026-07-02 11:16:36.898 10 INFO neutron.db.ovn_revision_numbers_db [None req-23eb3b34-1692-49ae-a6be-32b8fa36e70e 83ff6a123b694938a8cf1b9adfc98d93 ef4b28797ef941f2a8192da8b88acea1 - - default default] Successfully bumped revision number for resource 45e3602b-130c-4402-b3cc-a56f5628a0bd (type: security_groups) to 1
2026-07-02 11:16:36.919 10 INFO neutron.db.ovn_revision_numbers_db [None req-23eb3b34-1692-49ae-a6be-32b8fa36e70e 83ff6a123b694938a8cf1b9adfc98d93 ef4b28797ef941f2a8192da8b88acea1 - - default default] Successfully bumped revision number for resource 48e50d3b-fa85-4e56-93cd-8334cfa7f9aa (type: security_group_rules) to 0
2026-07-02 11:16:36.937 10 INFO neutron.db.ovn_revision_numbers_db [None req-23eb3b34-1692-49ae-a6be-32b8fa36e70e 83ff6a123b694938a8cf1b9adfc98d93 ef4b28797ef941f2a8192da8b88acea1 - - default default] Successfully bumped revision number for resource 9ffd062b-4a50-49e9-9730-2e66e470843f (type: security_group_rules) to 0
2026-07-02 11:16:36.953 10 INFO neutron.db.ovn_revision_numbers_db [None req-23eb3b34-1692-49ae-a6be-32b8fa36e70e 83ff6a123b694938a8cf1b9adfc98d93 ef4b28797ef941f2a8192da8b88acea1 - - default default] Successfully bumped revision number for resource a727a005-94c1-4d13-a37f-87f0932976c2 (type: security_group_rules) to 0
2026-07-02 11:16:36.958 10 INFO neutron.db.ovn_revision_numbers_db [None req-c0d77396-e6e9-4827-aa2a-898985690fc3 49c6a4058e1448b68c5bd0a6bcfe0747 625c4f02f1c1469a8d10df2d8e8ce478 - - default default] Successfully bumped revision number for resource c02ecf69-4b85-4231-9d70-ae34283227bb (type: ports) to 1
2026-07-02 11:16:36.967 10 INFO neutron.db.ovn_revision_numbers_db [None req-23eb3b34-1692-49ae-a6be-32b8fa36e70e 83ff6a123b694938a8cf1b9adfc98d93 ef4b28797ef941f2a8192da8b88acea1 - - default default] Successfully bumped revision number for resource ebec2c95-3de6-45b7-8df0-bea8453fb523 (type: security_group_rules) to 0
2026-07-02 11:16:37.006 10 WARNING neutron.scheduler.dhcp_agent_scheduler [None req-c0d77396-e6e9-4827-aa2a-898985690fc3 49c6a4058e1448b68c5bd0a6bcfe0747 625c4f02f1c1469a8d10df2d8e8ce478 - - default default] No more DHCP agents
2026-07-02 11:16:37.007 10 WARNING neutron.api.rpc.agentnotifiers.dhcp_rpc_agent_api [None req-c0d77396-e6e9-4827-aa2a-898985690fc3 49c6a4058e1448b68c5bd0a6bcfe0747 625c4f02f1c1469a8d10df2d8e8ce478 - - default default] Unable to schedule network 90b6f8a7-dcfb-48bf-8889-5d972f721b6d: no agents available; will retry on subsequent port and subnet creation events.
2026-07-02 11:16:37.043 10 INFO neutron.db.segments_db [None req-23eb3b34-1692-49ae-a6be-32b8fa36e70e 83ff6a123b694938a8cf1b9adfc98d93 ef4b28797ef941f2a8192da8b88acea1 - - default default] Added segment c7e1cbd0-f19e-4606-a3cc-f7566b96145a of type geneve for network f1f90404-0c19-48df-9f21-38d34dc7619f
2026-07-02 11:16:37.162 10 INFO neutron.db.ovn_revision_numbers_db [None req-23eb3b34-1692-49ae-a6be-32b8fa36e70e 83ff6a123b694938a8cf1b9adfc98d93 ef4b28797ef941f2a8192da8b88acea1 - - default default] Successfully bumped revision number for resource f1f90404-0c19-48df-9f21-38d34dc7619f (type: networks) to 1
2026-07-02 11:16:37.327 9 INFO neutron.api.wsgi [req-073c4f1b-539a-4b0e-b91b-04475851447f req-80c6292d-14b5-4c25-9ec4-b6fe6215092d 88a109a788f94a288361d1422dfca1c5 8dd9abcdddc94ffaa24245be8c4ee84b - - default default] 10.0.0.231 "GET /v2.0/ports?device_id=5d8ad3e7-eebb-4ca3-b77b-1cd7b54ee5a0 HTTP/1.1" status: 200 len: 1174 time: 0.0836291
2026-07-02 11:16:37.368 9 INFO neutron.api.wsgi [req-073c4f1b-539a-4b0e-b91b-04475851447f req-c19b499a-c335-4dd0-b74d-ad9189c86666 88a109a788f94a288361d1422dfca1c5 8dd9abcdddc94ffaa24245be8c4ee84b - - default default] 10.0.0.231 "GET /v2.0/security-groups?id=f41ac0e4-554e-404a-8bb5-2f4779c7ea16&fields=id&fields=name HTTP/1.1" status: 200 len: 312 time: 0.0372820
2026-07-02 11:16:37.386 10 WARNING neutron.scheduler.dhcp_agent_scheduler [None req-23eb3b34-1692-49ae-a6be-32b8fa36e70e 83ff6a123b694938a8cf1b9adfc98d93 ef4b28797ef941f2a8192da8b88acea1 - - default default] No more DHCP agents
2026-07-02 11:16:37.392 10 WARNING neutron.api.rpc.agentnotifiers.dhcp_rpc_agent_api [None req-23eb3b34-1692-49ae-a6be-32b8fa36e70e 83ff6a123b694938a8cf1b9adfc98d93 ef4b28797ef941f2a8192da8b88acea1 - - default default] Unable to schedule network f1f90404-0c19-48df-9f21-38d34dc7619f: no agents available; will retry on subsequent port and subnet creation events.
2026-07-02 11:16:37.419 9 INFO neutron.api.wsgi [req-286fe544-3e09-4abe-89bf-db31f3053384 req-a58bdb71-351d-491b-a7ac-d5b58fe73d6d ac859a2252c54cc6b0a526a2c5fd2af3 f92b55a119f24ef8b47e978144f28fff - - d35581d8ea3f4597b843713eead5a22c d35581d8ea3f4597b843713eead5a22c] 199.19.213.66 "GET /v2.0/ports?tenant_id=8dd9abcdddc94ffaa24245be8c4ee84b&device_id=5d8ad3e7-eebb-4ca3-b77b-1cd7b54ee5a0 HTTP/1.1" status: 200 len: 1413 time: 0.0348494
2026-07-02 11:16:37.466 10 INFO neutron.db.ovn_revision_numbers_db [None req-c0d77396-e6e9-4827-aa2a-898985690fc3 49c6a4058e1448b68c5bd0a6bcfe0747 625c4f02f1c1469a8d10df2d8e8ce478 - - default default] Successfully bumped revision number for resource c02ecf69-4b85-4231-9d70-ae34283227bb (type: router_ports) to 1
2026-07-02 11:16:37.471 10 INFO neutron.api.wsgi [None req-c0d77396-e6e9-4827-aa2a-898985690fc3 49c6a4058e1448b68c5bd0a6bcfe0747 625c4f02f1c1469a8d10df2d8e8ce478 - - default default] 10.0.0.23 "PUT /v2.0/routers/896dd886-060f-4562-b14c-88ee9b90ff1f/add_router_interface HTTP/1.1" status: 200 len: 503 time: 1.8024023
2026-07-02 11:16:37.472 9 INFO neutron.api.wsgi [req-286fe544-3e09-4abe-89bf-db31f3053384 req-5fb3ec8d-8edb-4eb4-aa82-394cead80a7c ac859a2252c54cc6b0a526a2c5fd2af3 f92b55a119f24ef8b47e978144f28fff - - d35581d8ea3f4597b843713eead5a22c d35581d8ea3f4597b843713eead5a22c] 199.19.213.66 "GET /v2.0/networks?id=2b4cc500-0985-4761-8ae2-4a14b10f7cc2 HTTP/1.1" status: 200 len: 981 time: 0.0448668
