2026-07-02 11:20:24.567 10 INFO neutron.api.wsgi [None req-93d3b5aa-2735-45db-91cc-a80f9fec018d 8fb6c4de30b4473bb4fb56c5df7457a6 928ab3b3bd6443e08fced8a49a6414d3 - - default default] 10.0.0.23 "PUT /v2.0/trunks/7465d946-ea71-4d2a-9427-b5bb3c52890b/tags/green HTTP/1.1" status: 201 len: 201 time: 0.0234790
2026-07-02 11:20:24.571 9 INFO neutron.api.wsgi [None req-a57afbf4-3bff-4270-9fdd-d1ce7052a6d9 5757cfb0689246ff946558aa72cf4191 ce15471d398f4e619dd9828332db48bb - - default default] 10.0.0.23 "GET /v2.0/ports?tags=red HTTP/1.1" status: 200 len: 2448 time: 0.1268742
2026-07-02 11:20:24.585 10 INFO neutron.api.wsgi [None req-2a7ca189-9552-4164-a8ef-2ed4024d720b 8fb6c4de30b4473bb4fb56c5df7457a6 928ab3b3bd6443e08fced8a49a6414d3 - - default default] 10.0.0.23 "GET /v2.0/trunks/7465d946-ea71-4d2a-9427-b5bb3c52890b/tags HTTP/1.1" status: 200 len: 227 time: 0.0139186
2026-07-02 11:20:24.604 10 INFO neutron.api.wsgi [None req-8271f339-5e44-467b-94eb-98ca4307f821 8fb6c4de30b4473bb4fb56c5df7457a6 928ab3b3bd6443e08fced8a49a6414d3 - - default default] 10.0.0.23 "PUT /v2.0/trunks/7465d946-ea71-4d2a-9427-b5bb3c52890b/tags/red HTTP/1.1" status: 201 len: 201 time: 0.0136774
2026-07-02 11:20:24.625 10 INFO neutron.api.wsgi [None req-eb731b07-1320-4d78-894d-43e92637b2d6 8fb6c4de30b4473bb4fb56c5df7457a6 928ab3b3bd6443e08fced8a49a6414d3 - - default default] 10.0.0.23 "GET /v2.0/trunks/7465d946-ea71-4d2a-9427-b5bb3c52890b/tags HTTP/1.1" status: 200 len: 227 time: 0.0181351
2026-07-02 11:20:24.629 9 INFO neutron.api.wsgi [None req-b749108f-2d05-41a0-984a-e9dbb61f2d0b 5757cfb0689246ff946558aa72cf4191 ce15471d398f4e619dd9828332db48bb - - default default] 10.0.0.23 "GET /v2.0/ports?tags=red%2Cblue HTTP/1.1" status: 200 len: 1708 time: 0.0531709
2026-07-02 11:20:24.678 10 INFO neutron.api.wsgi [None req-e9e6d5b8-f14d-4a0e-854d-2825fb001caa 8fb6c4de30b4473bb4fb56c5df7457a6 928ab3b3bd6443e08fced8a49a6414d3 - - default default] 10.0.0.23 "PUT /v2.0/trunks/7465d946-ea71-4d2a-9427-b5bb3c52890b/tags/black.or.white HTTP/1.1" status: 201 len: 201 time: 0.0501995
2026-07-02 11:20:24.702 9 INFO neutron.api.wsgi [None req-15b18cfc-1954-4a18-ad9a-bd8defd406cc 8fb6c4de30b4473bb4fb56c5df7457a6 928ab3b3bd6443e08fced8a49a6414d3 - - default default] 10.0.0.23 "GET /v2.0/trunks/7465d946-ea71-4d2a-9427-b5bb3c52890b/tags HTTP/1.1" status: 200 len: 245 time: 0.0179193
2026-07-02 11:20:24.727 10 INFO neutron.api.wsgi [None req-cedf7d1d-d8eb-4ce9-9f6f-5200f38e2a0c 5757cfb0689246ff946558aa72cf4191 ce15471d398f4e619dd9828332db48bb - - default default] 10.0.0.23 "GET /v2.0/ports?tags-any=blue HTTP/1.1" status: 200 len: 1708 time: 0.0950918
2026-07-02 11:20:24.739 9 INFO neutron.api.wsgi [None req-530cc570-36c3-4148-ad87-5615d7c94cd9 8fb6c4de30b4473bb4fb56c5df7457a6 928ab3b3bd6443e08fced8a49a6414d3 - - default default] 10.0.0.23 "PUT /v2.0/trunks/7465d946-ea71-4d2a-9427-b5bb3c52890b/tags HTTP/1.1" status: 200 len: 230 time: 0.0309174
2026-07-02 11:20:24.759 9 INFO neutron.api.wsgi [None req-8a844373-54b9-447f-908d-6d3ae2f3c8ff 8fb6c4de30b4473bb4fb56c5df7457a6 928ab3b3bd6443e08fced8a49a6414d3 - - default default] 10.0.0.23 "GET /v2.0/trunks/7465d946-ea71-4d2a-9427-b5bb3c52890b/tags HTTP/1.1" status: 200 len: 230 time: 0.0155382
2026-07-02 11:20:24.780 9 INFO neutron.api.wsgi [None req-5e2f2286-deec-43e3-b11c-efbf832c3e03 8fb6c4de30b4473bb4fb56c5df7457a6 928ab3b3bd6443e08fced8a49a6414d3 - - default default] 10.0.0.23 "GET /v2.0/trunks/7465d946-ea71-4d2a-9427-b5bb3c52890b/tags/red HTTP/1.1" status: 204 len: 168 time: 0.0165961
2026-07-02 11:20:24.803 10 INFO neutron.api.wsgi [None req-61fde268-b9a6-4a5e-8662-d77b21f90ad0 5757cfb0689246ff946558aa72cf4191 ce15471d398f4e619dd9828332db48bb - - default default] 10.0.0.23 "GET /v2.0/ports?tags-any=red%2Cblue HTTP/1.1" status: 200 len: 2448 time: 0.0705163
2026-07-02 11:20:24.808 10 INFO neutron.api.v2.resource [None req-98e7a434-9bf0-4cdd-aa05-b7e9291f53b5 8fb6c4de30b4473bb4fb56c5df7457a6 928ab3b3bd6443e08fced8a49a6414d3 - - default default] show failed (client error): The resource could not be found.
2026-07-02 11:20:24.809 10 INFO neutron.api.wsgi [None req-98e7a434-9bf0-4cdd-aa05-b7e9291f53b5 8fb6c4de30b4473bb4fb56c5df7457a6 928ab3b3bd6443e08fced8a49a6414d3 - - default default] 10.0.0.23 "GET /v2.0/trunks/7465d946-ea71-4d2a-9427-b5bb3c52890b/tags/green HTTP/1.1" status: 404 len: 299 time: 0.0225022
2026-07-02 11:20:24.845 10 INFO neutron.api.wsgi [None req-04386e73-fdb8-4a73-bae4-714c083dbb56 8fb6c4de30b4473bb4fb56c5df7457a6 928ab3b3bd6443e08fced8a49a6414d3 - - default default] 10.0.0.23 "DELETE /v2.0/trunks/7465d946-ea71-4d2a-9427-b5bb3c52890b/tags/red HTTP/1.1" status: 204 len: 168 time: 0.0298812
2026-07-02 11:20:24.860 10 INFO neutron.api.wsgi [None req-9752396b-86d8-4850-896f-bffd6c3aa92a 8fb6c4de30b4473bb4fb56c5df7457a6 928ab3b3bd6443e08fced8a49a6414d3 - - default default] 10.0.0.23 "GET /v2.0/trunks/7465d946-ea71-4d2a-9427-b5bb3c52890b/tags HTTP/1.1" status: 200 len: 223 time: 0.0111699
2026-07-02 11:20:24.879 10 INFO neutron.api.v2.resource [None req-60a2c372-ccd2-400b-8d17-bd2fd2096f73 8fb6c4de30b4473bb4fb56c5df7457a6 928ab3b3bd6443e08fced8a49a6414d3 - - default default] delete failed (client error): The resource could not be found.
2026-07-02 11:20:24.881 10 INFO neutron.api.wsgi [None req-60a2c372-ccd2-400b-8d17-bd2fd2096f73 8fb6c4de30b4473bb4fb56c5df7457a6 928ab3b3bd6443e08fced8a49a6414d3 - - default default] 10.0.0.23 "DELETE /v2.0/trunks/7465d946-ea71-4d2a-9427-b5bb3c52890b/tags/green HTTP/1.1" status: 404 len: 299 time: 0.0167582
2026-07-02 11:20:24.916 10 INFO neutron.api.wsgi [None req-b0eebc67-49e9-47b6-9827-0d4ac35049f6 8fb6c4de30b4473bb4fb56c5df7457a6 928ab3b3bd6443e08fced8a49a6414d3 - - default default] 10.0.0.23 "DELETE /v2.0/trunks/7465d946-ea71-4d2a-9427-b5bb3c52890b/tags HTTP/1.1" status: 204 len: 168 time: 0.0303800
2026-07-02 11:20:24.927 9 INFO neutron.api.wsgi [None req-4d3706af-3bdb-4da4-b2dd-7ee2081ff9ee 5757cfb0689246ff946558aa72cf4191 ce15471d398f4e619dd9828332db48bb - - default default] 10.0.0.23 "GET /v2.0/ports?not-tags=red HTTP/1.1" status: 200 len: 5463 time: 0.1174166
2026-07-02 11:20:24.935 10 INFO neutron.api.wsgi [None req-7c3af565-5d38-464d-bb7b-854d672eef4d 8fb6c4de30b4473bb4fb56c5df7457a6 928ab3b3bd6443e08fced8a49a6414d3 - - default default] 10.0.0.23 "GET /v2.0/trunks/7465d946-ea71-4d2a-9427-b5bb3c52890b/tags HTTP/1.1" status: 200 len: 205 time: 0.0141227
2026-07-02 11:20:24.955 10 INFO neutron.api.wsgi [None req-b2fe6036-4a32-48f6-9eda-5eed340e0f82 8fb6c4de30b4473bb4fb56c5df7457a6 928ab3b3bd6443e08fced8a49a6414d3 - - default default] 10.0.0.23 "GET /v2.0/trunks/7465d946-ea71-4d2a-9427-b5bb3c52890b HTTP/1.1" status: 200 len: 603 time: 0.0139258
2026-07-02 11:20:24.995 9 INFO neutron.api.wsgi [None req-9bd45a32-453c-46c1-a51f-863e00e34833 5757cfb0689246ff946558aa72cf4191 ce15471d398f4e619dd9828332db48bb - - default default] 10.0.0.23 "GET /v2.0/ports?not-tags=red%2Cblue HTTP/1.1" status: 200 len: 6203 time: 0.0623760
2026-07-02 11:20:25.030 10 INFO neutron.api.wsgi [None req-47cfc391-57d1-4c1a-8314-0f31c647bdc8 8fb6c4de30b4473bb4fb56c5df7457a6 928ab3b3bd6443e08fced8a49a6414d3 - - default default] 10.0.0.23 "GET /v2.0/ports/45e4a627-51a7-483c-a705-e6cd312c1b34 HTTP/1.1" status: 200 len: 1020 time: 0.0707438
2026-07-02 11:20:25.074 9 INFO neutron.api.wsgi [None req-71ef76f8-6178-4d0b-93ca-55678405b91e 5757cfb0689246ff946558aa72cf4191 ce15471d398f4e619dd9828332db48bb - - default default] 10.0.0.23 "GET /v2.0/ports?not-tags-any=blue HTTP/1.1" status: 200 len: 6203 time: 0.0731046
2026-07-02 11:20:25.132 9 INFO neutron.api.wsgi [None req-853d84c7-d9fb-40fe-b0b6-34d75e3aeb4b 8fb6c4de30b4473bb4fb56c5df7457a6 928ab3b3bd6443e08fced8a49a6414d3 - - default default] 10.0.0.23 "DELETE /v2.0/trunks/7465d946-ea71-4d2a-9427-b5bb3c52890b HTTP/1.1" status: 204 len: 168 time: 0.0962286
2026-07-02 11:20:25.216 10 INFO neutron.api.wsgi [None req-2e333871-5a88-4c4f-ac48-8dc42f80baf2 5757cfb0689246ff946558aa72cf4191 ce15471d398f4e619dd9828332db48bb - - default default] 10.0.0.23 "GET /v2.0/ports?not-tags-any=red%2Cblue HTTP/1.1" status: 200 len: 5463 time: 0.1363802
2026-07-02 11:20:25.430 9 INFO neutron.api.wsgi [None req-496d4fcf-16d5-48ff-9a3a-7e34fc3e28b6 8fb6c4de30b4473bb4fb56c5df7457a6 928ab3b3bd6443e08fced8a49a6414d3 - - default default] 10.0.0.23 "DELETE /v2.0/ports/45e4a627-51a7-483c-a705-e6cd312c1b34 HTTP/1.1" status: 204 len: 168 time: 0.2911689
2026-07-02 11:20:25.465 9 INFO neutron.api.wsgi [None req-e1fa83eb-f16b-422a-af3a-8ac213d52d06 5757cfb0689246ff946558aa72cf4191 ce15471d398f4e619dd9828332db48bb - - default default] 10.0.0.23 "DELETE /v2.0/ports/b17b9332-189b-4676-9cec-6d9d508dce40 HTTP/1.1" status: 204 len: 168 time: 0.2431951
2026-07-02 11:20:25.663 9 INFO neutron.api.wsgi [None req-8b4bce40-59df-464f-ba5c-a87968084a43 5757cfb0689246ff946558aa72cf4191 ce15471d398f4e619dd9828332db48bb - - default default] 10.0.0.23 "DELETE /v2.0/ports/5accac16-9c1d-4cee-9fbb-d6caaa03f9e0 HTTP/1.1" status: 204 len: 168 time: 0.1929417
2026-07-02 11:20:25.883 9 INFO neutron.api.wsgi [None req-00837999-2223-4d2c-b846-987845422683 5757cfb0689246ff946558aa72cf4191 ce15471d398f4e619dd9828332db48bb - - default default] 10.0.0.23 "DELETE /v2.0/ports/9a30b70d-a6f1-47df-a052-17b502577868 HTTP/1.1" status: 204 len: 168 time: 0.2155991
2026-07-02 11:20:26.053 10 INFO neutron.services.segments.plugin [-] Segment 08f582da-56d1-4e2a-8073-019bb8f263a4 resource provider aggregate not found
2026-07-02 11:20:26.057 10 INFO neutron.services.segments.plugin [-] Segment 08f582da-56d1-4e2a-8073-019bb8f263a4 resource provider aggregate not found
2026-07-02 11:20:26.070 10 INFO neutron.services.segments.plugin [-] Segment 08f582da-56d1-4e2a-8073-019bb8f263a4 resource provider not found; error: Placement Client Error (4xx): {"errors": [{"status": 404, "title": "Not Found", "detail": "The resource could not be found.\n\n No resource provider with uuid 08f582da-56d1-4e2a-8073-019bb8f263a4 found for delete ", "request_id": "req-77f7c82c-f024-4a4b-aa3a-4f2a50213800"}]}
2026-07-02 11:20:26.072 10 INFO neutron.services.segments.plugin [-] Segment 08f582da-56d1-4e2a-8073-019bb8f263a4 resource provider not found; error: Placement Client Error (4xx): {"errors": [{"status": 404, "title": "Not Found", "detail": "The resource could not be found.\n\n No resource provider with uuid 08f582da-56d1-4e2a-8073-019bb8f263a4 found for delete ", "request_id": "req-4e69f68f-8964-436a-9323-d3df9311d61b"}]}
2026-07-02 11:20:26.087 10 INFO neutron.api.wsgi [None req-1e4b38c6-351a-4805-87c5-322678c49f3e 8fb6c4de30b4473bb4fb56c5df7457a6 928ab3b3bd6443e08fced8a49a6414d3 - - default default] 10.0.0.23 "DELETE /v2.0/networks/40a1c537-0f99-4951-a7da-5f56b3ac19ff HTTP/1.1" status: 204 len: 168 time: 0.6508055
2026-07-02 11:20:26.097 9 INFO neutron.api.wsgi [None req-27726284-9d2a-4179-9c30-089c105cd5c2 5757cfb0689246ff946558aa72cf4191 ce15471d398f4e619dd9828332db48bb - - default default] 10.0.0.23 "DELETE /v2.0/ports/96c420af-368f-451d-b60a-eb20d09a15e3 HTTP/1.1" status: 204 len: 168 time: 0.2080204
2026-07-02 11:20:26.667 9 INFO neutron.api.wsgi [None req-1e9db3eb-0386-4756-aa95-9a466b677f32 5757cfb0689246ff946558aa72cf4191 ce15471d398f4e619dd9828332db48bb - - default default] 10.0.0.23 "DELETE /v2.0/ports/27220e5b-814b-4d91-8b8c-66906c3d6574 HTTP/1.1" status: 204 len: 168 time: 0.5643225
2026-07-02 11:20:26.751 10 INFO neutron.api.wsgi [-] 10.0.0.197 "GET / HTTP/1.1" status: 200 len: 247 time: 0.0021596
2026-07-02 11:20:26.753 10 INFO neutron.api.wsgi [-] 10.0.0.197 "GET / HTTP/1.1" status: 200 len: 247 time: 0.0014353
2026-07-02 11:20:26.868 9 INFO neutron.api.wsgi [None req-7a54c3ac-a7ff-4712-ad36-e9902500a519 83ff6a123b694938a8cf1b9adfc98d93 ef4b28797ef941f2a8192da8b88acea1 - - default default] 10.0.0.23 "GET /v2.0/security-groups?tenant_id=928ab3b3bd6443e08fced8a49a6414d3&name=default HTTP/1.1" status: 200 len: 3124 time: 0.1175053
2026-07-02 11:20:26.965 9 INFO neutron.services.segments.plugin [-] Segment 8561559d-781a-4ac4-8d75-eb36d231a3cd resource provider aggregate not found
2026-07-02 11:20:26.968 9 INFO neutron.services.segments.plugin [-] Segment 8561559d-781a-4ac4-8d75-eb36d231a3cd resource provider aggregate not found
2026-07-02 11:20:26.983 9 INFO neutron.services.segments.plugin [-] Segment 8561559d-781a-4ac4-8d75-eb36d231a3cd resource provider not found; error: Placement Client Error (4xx): {"errors": [{"status": 404, "title": "Not Found", "detail": "The resource could not be found.\n\n No resource provider with uuid 8561559d-781a-4ac4-8d75-eb36d231a3cd found for delete ", "request_id": "req-1f913925-7d87-462b-8afa-fb8f1994c16c"}]}
2026-07-02 11:20:26.986 9 INFO neutron.services.segments.plugin [-] Segment 8561559d-781a-4ac4-8d75-eb36d231a3cd resource provider not found; error: Placement Client Error (4xx): {"errors": [{"status": 404, "title": "Not Found", "detail": "The resource could not be found.\n\n No resource provider with uuid 8561559d-781a-4ac4-8d75-eb36d231a3cd found for delete ", "request_id": "req-5476219d-d4f9-4c6c-b02d-f2a977f1b98f"}]}
2026-07-02 11:20:27.009 9 INFO neutron.api.wsgi [None req-bded5e7b-28d8-4125-a612-95069a342e19 5757cfb0689246ff946558aa72cf4191 ce15471d398f4e619dd9828332db48bb - - default default] 10.0.0.23 "DELETE /v2.0/networks/eb6f1fbc-bf6d-4d55-8a67-db038b5bc877 HTTP/1.1" status: 204 len: 168 time: 0.3382511
2026-07-02 11:20:27.088 9 INFO neutron.api.wsgi [None req-f5701186-38fc-436d-a743-f2b91982a774 83ff6a123b694938a8cf1b9adfc98d93 ef4b28797ef941f2a8192da8b88acea1 - - default default] 10.0.0.23 "DELETE /v2.0/security-groups/54518af5-e0a2-4359-9eda-d41eb0c21a46 HTTP/1.1" status: 204 len: 168 time: 0.2169101
2026-07-02 11:20:27.333 10 INFO neutron.db.ovn_revision_numbers_db [None req-3d917738-8e6a-43fe-8133-9be3f80e2473 83ff6a123b694938a8cf1b9adfc98d93 ef4b28797ef941f2a8192da8b88acea1 - - default default] Successfully bumped revision number for resource baef56ee-a7d5-43bb-8682-61011d453e59 (type: security_groups) to 1
2026-07-02 11:20:27.351 10 INFO neutron.db.ovn_revision_numbers_db [None req-3d917738-8e6a-43fe-8133-9be3f80e2473 83ff6a123b694938a8cf1b9adfc98d93 ef4b28797ef941f2a8192da8b88acea1 - - default default] Successfully bumped revision number for resource 6a2e3336-a00b-47a9-a355-17842d10b188 (type: security_group_rules) to 0
2026-07-02 11:20:27.363 10 INFO neutron.api.wsgi [None req-e21d0915-a497-4274-9fe0-1a335b39a7be 5757cfb0689246ff946558aa72cf4191 ce15471d398f4e619dd9828332db48bb - - default default] 10.0.0.23 "DELETE /v2.0/networks/c0946504-4cba-493a-90c5-151f3b5b67c6 HTTP/1.1" status: 204 len: 168 time: 0.3481402
2026-07-02 11:20:27.373 10 INFO neutron.db.ovn_revision_numbers_db [None req-3d917738-8e6a-43fe-8133-9be3f80e2473 83ff6a123b694938a8cf1b9adfc98d93 ef4b28797ef941f2a8192da8b88acea1 - - default default] Successfully bumped revision number for resource b040e2f7-05fd-4eeb-815a-0de6bd444486 (type: security_group_rules) to 0
2026-07-02 11:20:27.389 10 INFO neutron.db.ovn_revision_numbers_db [None req-3d917738-8e6a-43fe-8133-9be3f80e2473 83ff6a123b694938a8cf1b9adfc98d93 ef4b28797ef941f2a8192da8b88acea1 - - default default] Successfully bumped revision number for resource b26ea5ce-30e0-492c-97f9-0d044526a7d6 (type: security_group_rules) to 0
2026-07-02 11:20:27.405 10 INFO neutron.db.ovn_revision_numbers_db [None req-3d917738-8e6a-43fe-8133-9be3f80e2473 83ff6a123b694938a8cf1b9adfc98d93 ef4b28797ef941f2a8192da8b88acea1 - - default default] Successfully bumped revision number for resource efc9db7b-ad7e-4654-a527-3447d24a3150 (type: security_group_rules) to 0
2026-07-02 11:20:27.446 10 INFO neutron.api.wsgi [None req-3d917738-8e6a-43fe-8133-9be3f80e2473 83ff6a123b694938a8cf1b9adfc98d93 ef4b28797ef941f2a8192da8b88acea1 - - default default] 10.0.0.23 "GET /v2.0/security-groups?tenant_id=efbac29dabba43c18b5941836d6e920c&name=default HTTP/1.1" status: 200 len: 3124 time: 0.2699082
2026-07-02 11:20:27.636 9 INFO neutron.api.wsgi [None req-6ba1585a-afd4-42b4-a5c1-faa7cd167f14 83ff6a123b694938a8cf1b9adfc98d93 ef4b28797ef941f2a8192da8b88acea1 - - default default] 10.0.0.23 "DELETE /v2.0/security-groups/baef56ee-a7d5-43bb-8682-61011d453e59 HTTP/1.1" status: 204 len: 168 time: 0.1851072
2026-07-02 11:20:27.707 10 INFO neutron.api.wsgi [None req-1e19b4fe-86e2-4136-a711-2339ceecc9f7 5757cfb0689246ff946558aa72cf4191 ce15471d398f4e619dd9828332db48bb - - default default] 10.0.0.23 "DELETE /v2.0/networks/b70f0922-e5b9-41bb-93a9-6ff9fef27208 HTTP/1.1" status: 204 len: 168 time: 0.3388395
2026-07-02 11:20:28.019 9 INFO neutron.api.wsgi [None req-d0ad67d2-b5f3-4b2f-9e61-9830a433838e 5757cfb0689246ff946558aa72cf4191 ce15471d398f4e619dd9828332db48bb - - default default] 10.0.0.23 "DELETE /v2.0/networks/7abcf7f6-0c99-4854-b678-b9c8cc5df56e HTTP/1.1" status: 204 len: 168 time: 0.3061819
2026-07-02 11:20:28.090 10 INFO neutron.services.segments.plugin [-] Segment c0fd7127-b69b-48bb-bd12-db221cf06d84 resource provider aggregate not found
2026-07-02 11:20:28.096 10 INFO neutron.services.segments.plugin [-] Segment c0fd7127-b69b-48bb-bd12-db221cf06d84 resource provider aggregate not found
2026-07-02 11:20:28.102 10 INFO neutron.services.segments.plugin [-] Segment c0fd7127-b69b-48bb-bd12-db221cf06d84 resource provider not found; error: Placement Client Error (4xx): {"errors": [{"status": 404, "title": "Not Found", "detail": "The resource could not be found.\n\n No resource provider with uuid c0fd7127-b69b-48bb-bd12-db221cf06d84 found for delete ", "request_id": "req-6fc9a86b-b2ab-45d7-86f6-c3b5d84c81cc"}]}
2026-07-02 11:20:28.106 10 INFO neutron.services.segments.plugin [-] Segment c0fd7127-b69b-48bb-bd12-db221cf06d84 resource provider not found; error: Placement Client Error (4xx): {"errors": [{"status": 404, "title": "Not Found", "detail": "The resource could not be found.\n\n No resource provider with uuid c0fd7127-b69b-48bb-bd12-db221cf06d84 found for delete ", "request_id": "req-c3a82253-7c60-463e-bee9-81a75aa16083"}]}
2026-07-02 11:20:28.116 10 INFO neutron.services.segments.plugin [-] Segment 1c408097-72f8-461f-9394-914891e27587 resource provider aggregate not found
2026-07-02 11:20:28.119 10 INFO neutron.services.segments.plugin [-] Segment 1c408097-72f8-461f-9394-914891e27587 resource provider aggregate not found
2026-07-02 11:20:28.134 10 INFO neutron.services.segments.plugin [-] Segment 1c408097-72f8-461f-9394-914891e27587 resource provider not found; error: Placement Client Error (4xx): {"errors": [{"status": 404, "title": "Not Found", "detail": "The resource could not be found.\n\n No resource provider with uuid 1c408097-72f8-461f-9394-914891e27587 found for delete ", "request_id": "req-b684f974-5ecd-43c6-8634-b6559a843a02"}]}
2026-07-02 11:20:28.139 10 INFO neutron.services.segments.plugin [-] Segment 1c408097-72f8-461f-9394-914891e27587 resource provider not found; error: Placement Client Error (4xx): {"errors": [{"status": 404, "title": "Not Found", "detail": "The resource could not be found.\n\n No resource provider with uuid 1c408097-72f8-461f-9394-914891e27587 found for delete ", "request_id": "req-b74054ec-6466-4b87-9860-6eddf5e1fa25"}]}
2026-07-02 11:20:28.335 9 INFO neutron.api.wsgi [None req-16c8daf7-def6-4611-829d-14b6d6540726 5757cfb0689246ff946558aa72cf4191 ce15471d398f4e619dd9828332db48bb - - default default] 10.0.0.23 "DELETE /v2.0/networks/e9a901a8-ace5-498f-8a3b-142dee9c9202 HTTP/1.1" status: 204 len: 168 time: 0.3107808
2026-07-02 11:20:29.000 9 INFO neutron.services.segments.plugin [-] Segment a58eec29-a57c-4a1c-a977-0b4564c42a29 resource provider aggregate not found
2026-07-02 11:20:29.003 9 INFO neutron.services.segments.plugin [-] Segment a58eec29-a57c-4a1c-a977-0b4564c42a29 resource provider aggregate not found
2026-07-02 11:20:29.011 9 INFO neutron.services.segments.plugin [-] Segment a58eec29-a57c-4a1c-a977-0b4564c42a29 resource provider not found; error: Placement Client Error (4xx): {"errors": [{"status": 404, "title": "Not Found", "detail": "The resource could not be found.\n\n No resource provider with uuid a58eec29-a57c-4a1c-a977-0b4564c42a29 found for delete ", "request_id": "req-a6102d74-9e2f-4629-b018-3c8092deba99"}]}
2026-07-02 11:20:29.015 9 INFO neutron.services.segments.plugin [-] Segment a58eec29-a57c-4a1c-a977-0b4564c42a29 resource provider not found; error: Placement Client Error (4xx): {"errors": [{"status": 404, "title": "Not Found", "detail": "The resource could not be found.\n\n No resource provider with uuid a58eec29-a57c-4a1c-a977-0b4564c42a29 found for delete ", "request_id": "req-69e83a1d-f3ce-43f3-8535-5cb4057929bc"}]}
2026-07-02 11:20:29.021 9 INFO neutron.services.segments.plugin [-] Segment e8154982-d2f0-4a63-89b8-19b635bf474b resource provider aggregate not found
2026-07-02 11:20:29.031 9 INFO neutron.services.segments.plugin [-] Segment e8154982-d2f0-4a63-89b8-19b635bf474b resource provider aggregate not found
2026-07-02 11:20:29.039 9 INFO neutron.services.segments.plugin [-] Segment e8154982-d2f0-4a63-89b8-19b635bf474b resource provider not found; error: Placement Client Error (4xx): {"errors": [{"status": 404, "title": "Not Found", "detail": "The resource could not be found.\n\n No resource provider with uuid e8154982-d2f0-4a63-89b8-19b635bf474b found for delete ", "request_id": "req-fef6cb4a-aebd-4667-bc12-2b14d82eb651"}]}
2026-07-02 11:20:29.047 9 INFO neutron.services.segments.plugin [-] Segment e8154982-d2f0-4a63-89b8-19b635bf474b resource provider not found; error: Placement Client Error (4xx): {"errors": [{"status": 404, "title": "Not Found", "detail": "The resource could not be found.\n\n No resource provider with uuid e8154982-d2f0-4a63-89b8-19b635bf474b found for delete ", "request_id": "req-90b77e93-52bf-4ba9-8742-8986a13eaa69"}]}
2026-07-02 11:20:29.458 9 INFO neutron.db.ovn_revision_numbers_db [None req-11d67b31-39cd-4756-a46c-025f92724d43 83ff6a123b694938a8cf1b9adfc98d93 ef4b28797ef941f2a8192da8b88acea1 - - default default] Successfully bumped revision number for resource e32aea4d-6410-4a3f-89bf-3b3f3f1e3f07 (type: security_groups) to 1
2026-07-02 11:20:29.472 9 INFO neutron.db.ovn_revision_numbers_db [None req-11d67b31-39cd-4756-a46c-025f92724d43 83ff6a123b694938a8cf1b9adfc98d93 ef4b28797ef941f2a8192da8b88acea1 - - default default] Successfully bumped revision number for resource 11bb0227-75ba-4c4b-b05d-477db63bc904 (type: security_group_rules) to 0
2026-07-02 11:20:29.485 9 INFO neutron.db.ovn_revision_numbers_db [None req-11d67b31-39cd-4756-a46c-025f92724d43 83ff6a123b694938a8cf1b9adfc98d93 ef4b28797ef941f2a8192da8b88acea1 - - default default] Successfully bumped revision number for resource 1520deb2-51e2-475d-829e-fd79b9bc53ab (type: security_group_rules) to 0
2026-07-02 11:20:29.514 9 INFO neutron.db.ovn_revision_numbers_db [None req-11d67b31-39cd-4756-a46c-025f92724d43 83ff6a123b694938a8cf1b9adfc98d93 ef4b28797ef941f2a8192da8b88acea1 - - default default] Successfully bumped revision number for resource 6fcb5a81-ae72-4f90-a8c8-1859baff8d13 (type: security_group_rules) to 0
2026-07-02 11:20:29.530 9 INFO neutron.db.ovn_revision_numbers_db [None req-11d67b31-39cd-4756-a46c-025f92724d43 83ff6a123b694938a8cf1b9adfc98d93 ef4b28797ef941f2a8192da8b88acea1 - - default default] Successfully bumped revision number for resource 72392ac7-bc9f-45e0-814b-7d9bf257df9f (type: security_group_rules) to 0
2026-07-02 11:20:29.572 9 INFO neutron.api.wsgi [None req-11d67b31-39cd-4756-a46c-025f92724d43 83ff6a123b694938a8cf1b9adfc98d93 ef4b28797ef941f2a8192da8b88acea1 - - default default] 10.0.0.23 "GET /v2.0/security-groups?tenant_id=a05c7e84af3c4b2c9e0474b080cb8257&name=default HTTP/1.1" status: 200 len: 3124 time: 0.4691825
2026-07-02 11:20:29.781 10 INFO neutron.api.wsgi [None req-49a5f8e8-09b2-4dde-bfe8-b154570da142 83ff6a123b694938a8cf1b9adfc98d93 ef4b28797ef941f2a8192da8b88acea1 - - default default] 10.0.0.23 "DELETE /v2.0/security-groups/e32aea4d-6410-4a3f-89bf-3b3f3f1e3f07 HTTP/1.1" status: 204 len: 168 time: 0.2044768
2026-07-02 11:20:29.903 10 INFO neutron.api.wsgi [None req-d95fb454-9aaa-4ebd-9909-e314be2dde6a 83ff6a123b694938a8cf1b9adfc98d93 ef4b28797ef941f2a8192da8b88acea1 - - default default] 10.0.0.23 "GET /v2.0/security-groups?tenant_id=ce15471d398f4e619dd9828332db48bb&name=default HTTP/1.1" status: 200 len: 3124 time: 0.0311098
2026-07-02 11:20:30.103 10 INFO neutron.api.wsgi [None req-9d09eeea-e4d2-46d5-811b-efc955eeacb9 83ff6a123b694938a8cf1b9adfc98d93 ef4b28797ef941f2a8192da8b88acea1 - - default default] 10.0.0.23 "DELETE /v2.0/security-groups/765a5e31-53b5-46ca-a194-9f26ad1ac0b3 HTTP/1.1" status: 204 len: 168 time: 0.1946251
2026-07-02 11:20:30.376 9 INFO neutron.db.ovn_revision_numbers_db [None req-09ba59fe-d3c5-4944-b8a8-c73021015433 83ff6a123b694938a8cf1b9adfc98d93 ef4b28797ef941f2a8192da8b88acea1 - - default default] Successfully bumped revision number for resource ea027cbc-684a-4acc-97ba-b885c0b0dee1 (type: security_groups) to 1
2026-07-02 11:20:30.388 9 INFO neutron.db.ovn_revision_numbers_db [None req-09ba59fe-d3c5-4944-b8a8-c73021015433 83ff6a123b694938a8cf1b9adfc98d93 ef4b28797ef941f2a8192da8b88acea1 - - default default] Successfully bumped revision number for resource 2ad222e3-bdf5-4b7b-aec2-f7333cab2507 (type: security_group_rules) to 0
2026-07-02 11:20:30.398 9 INFO neutron.db.ovn_revision_numbers_db [None req-09ba59fe-d3c5-4944-b8a8-c73021015433 83ff6a123b694938a8cf1b9adfc98d93 ef4b28797ef941f2a8192da8b88acea1 - - default default] Successfully bumped revision number for resource 9bd1257b-670f-4954-a0ca-7691cdeb5835 (type: security_group_rules) to 0
2026-07-02 11:20:30.410 9 INFO neutron.db.ovn_revision_numbers_db [None req-09ba59fe-d3c5-4944-b8a8-c73021015433 83ff6a123b694938a8cf1b9adfc98d93 ef4b28797ef941f2a8192da8b88acea1 - - default default] Successfully bumped revision number for resource ad509954-2fc0-4065-9483-4511579470a9 (type: security_group_rules) to 0
2026-07-02 11:20:30.423 9 INFO neutron.db.ovn_revision_numbers_db [None req-09ba59fe-d3c5-4944-b8a8-c73021015433 83ff6a123b694938a8cf1b9adfc98d93 ef4b28797ef941f2a8192da8b88acea1 - - default default] Successfully bumped revision number for resource e1f1d20e-d423-4478-b7ab-30c2a1321a15 (type: security_group_rules) to 0
2026-07-02 11:20:30.457 9 INFO neutron.api.wsgi [None req-09ba59fe-d3c5-4944-b8a8-c73021015433 83ff6a123b694938a8cf1b9adfc98d93 ef4b28797ef941f2a8192da8b88acea1 - - default default] 10.0.0.23 "GET /v2.0/security-groups?tenant_id=3bc6badd1b834e82a9346b8f6747c1de&name=default HTTP/1.1" status: 200 len: 3124 time: 0.1829109
2026-07-02 11:20:30.713 9 INFO neutron.api.wsgi [None req-7503ac9e-3ce3-41fd-8c3e-c6c34bcd0c22 83ff6a123b694938a8cf1b9adfc98d93 ef4b28797ef941f2a8192da8b88acea1 - - default default] 10.0.0.23 "DELETE /v2.0/security-groups/ea027cbc-684a-4acc-97ba-b885c0b0dee1 HTTP/1.1" status: 204 len: 168 time: 0.2515774
2026-07-02 11:20:31.110 10 WARNING neutron_lib.context [None req-85f4b3c6-c571-4601-a1c3-918df50be537 e2ff0a9ce39146b4bcfd40878299c132 e539026874a04b008c0e05731c6be3af - - default default] Method 'is_advsvc' is deprecated since 2023.2 release (neutron-lib 3.8.0) and will be removed once support for the old RBAC API policies will be removed from Neutron. Please use method 'is_service_role' instead.
2026-07-02 11:20:31.253 10 INFO neutron.db.ovn_revision_numbers_db [None req-85f4b3c6-c571-4601-a1c3-918df50be537 e2ff0a9ce39146b4bcfd40878299c132 e539026874a04b008c0e05731c6be3af - - default default] Successfully bumped revision number for resource 2e623e72-fb83-4e3a-8bc8-29299f2eb71a (type: security_groups) to 1
2026-07-02 11:20:31.275 10 INFO neutron.db.ovn_revision_numbers_db [None req-85f4b3c6-c571-4601-a1c3-918df50be537 e2ff0a9ce39146b4bcfd40878299c132 e539026874a04b008c0e05731c6be3af - - default default] Successfully bumped revision number for resource 1260cb3c-29d2-4d29-b289-3934353e852c (type: security_group_rules) to 0
2026-07-02 11:20:31.293 10 INFO neutron.db.ovn_revision_numbers_db [None req-85f4b3c6-c571-4601-a1c3-918df50be537 e2ff0a9ce39146b4bcfd40878299c132 e539026874a04b008c0e05731c6be3af - - default default] Successfully bumped revision number for resource 9ef6ca99-f8be-4b96-8c9f-18f879c1c834 (type: security_group_rules) to 0
2026-07-02 11:20:31.311 10 INFO neutron.db.ovn_revision_numbers_db [None req-85f4b3c6-c571-4601-a1c3-918df50be537 e2ff0a9ce39146b4bcfd40878299c132 e539026874a04b008c0e05731c6be3af - - default default] Successfully bumped revision number for resource a462fdd0-839d-44f6-be02-fc0a692a386c (type: security_group_rules) to 0
2026-07-02 11:20:31.335 10 INFO neutron.db.ovn_revision_numbers_db [None req-85f4b3c6-c571-4601-a1c3-918df50be537 e2ff0a9ce39146b4bcfd40878299c132 e539026874a04b008c0e05731c6be3af - - default default] Successfully bumped revision number for resource ce18c544-e54c-4f69-974f-534469ceb042 (type: security_group_rules) to 0
2026-07-02 11:20:31.407 10 INFO neutron.db.segments_db [None req-85f4b3c6-c571-4601-a1c3-918df50be537 e2ff0a9ce39146b4bcfd40878299c132 e539026874a04b008c0e05731c6be3af - - default default] Added segment 3138d626-4363-4f3b-ab1d-ead8ab1fca5d of type geneve for network da3609a1-1765-4270-aa1f-ee03884db59d
2026-07-02 11:20:31.532 10 INFO neutron.db.ovn_revision_numbers_db [None req-85f4b3c6-c571-4601-a1c3-918df50be537 e2ff0a9ce39146b4bcfd40878299c132 e539026874a04b008c0e05731c6be3af - - default default] Successfully bumped revision number for resource da3609a1-1765-4270-aa1f-ee03884db59d (type: networks) to 1
2026-07-02 11:20:31.700 10 WARNING neutron.scheduler.dhcp_agent_scheduler [None req-85f4b3c6-c571-4601-a1c3-918df50be537 e2ff0a9ce39146b4bcfd40878299c132 e539026874a04b008c0e05731c6be3af - - default default] No more DHCP agents
2026-07-02 11:20:31.702 10 WARNING neutron.api.rpc.agentnotifiers.dhcp_rpc_agent_api [None req-85f4b3c6-c571-4601-a1c3-918df50be537 e2ff0a9ce39146b4bcfd40878299c132 e539026874a04b008c0e05731c6be3af - - default default] Unable to schedule network da3609a1-1765-4270-aa1f-ee03884db59d: no agents available; will retry on subsequent port and subnet creation events.
2026-07-02 11:20:31.782 10 INFO neutron.db.ovn_revision_numbers_db [None req-85f4b3c6-c571-4601-a1c3-918df50be537 e2ff0a9ce39146b4bcfd40878299c132 e539026874a04b008c0e05731c6be3af - - default default] Successfully bumped revision number for resource c6f961b8-87d2-4792-a07e-6e9cc3324de5 (type: ports) to 1
2026-07-02 11:20:31.808 10 INFO neutron.api.wsgi [None req-85f4b3c6-c571-4601-a1c3-918df50be537 e2ff0a9ce39146b4bcfd40878299c132 e539026874a04b008c0e05731c6be3af - - default default] 10.0.0.23 "POST /v2.0/networks HTTP/1.1" status: 201 len: 831 time: 0.8573472
2026-07-02 11:20:31.819 10 WARNING neutron_lib.context [None req-f25492f6-7f35-4356-87ba-2d4e153b34ee e2ff0a9ce39146b4bcfd40878299c132 e539026874a04b008c0e05731c6be3af - - default default] Method 'is_advsvc' is deprecated since 2023.2 release (neutron-lib 3.8.0) and will be removed once support for the old RBAC API policies will be removed from Neutron. Please use method 'is_service_role' instead.
2026-07-02 11:20:31.917 10 INFO neutron.db.segments_db [None req-f25492f6-7f35-4356-87ba-2d4e153b34ee e2ff0a9ce39146b4bcfd40878299c132 e539026874a04b008c0e05731c6be3af - - default default] Added segment ea718018-4e3f-43aa-8bab-4d2e99ec2a8d of type geneve for network ac828fac-4430-4604-97a3-a1079678eae6
2026-07-02 11:20:32.046 10 INFO neutron.db.ovn_revision_numbers_db [None req-f25492f6-7f35-4356-87ba-2d4e153b34ee e2ff0a9ce39146b4bcfd40878299c132 e539026874a04b008c0e05731c6be3af - - default default] Successfully bumped revision number for resource ac828fac-4430-4604-97a3-a1079678eae6 (type: networks) to 1
2026-07-02 11:20:32.253 10 WARNING neutron.scheduler.dhcp_agent_scheduler [None req-f25492f6-7f35-4356-87ba-2d4e153b34ee e2ff0a9ce39146b4bcfd40878299c132 e539026874a04b008c0e05731c6be3af - - default default] No more DHCP agents
2026-07-02 11:20:32.255 10 WARNING neutron.api.rpc.agentnotifiers.dhcp_rpc_agent_api [None req-f25492f6-7f35-4356-87ba-2d4e153b34ee e2ff0a9ce39146b4bcfd40878299c132 e539026874a04b008c0e05731c6be3af - - default default] Unable to schedule network ac828fac-4430-4604-97a3-a1079678eae6: no agents available; will retry on subsequent port and subnet creation events.
2026-07-02 11:20:32.317 10 INFO neutron.db.ovn_revision_numbers_db [None req-f25492f6-7f35-4356-87ba-2d4e153b34ee e2ff0a9ce39146b4bcfd40878299c132 e539026874a04b008c0e05731c6be3af - - default default] Successfully bumped revision number for resource a79b2b26-4391-4eae-b43d-deeb388e584e (type: ports) to 1
2026-07-02 11:20:32.338 10 INFO neutron.api.wsgi [None req-f25492f6-7f35-4356-87ba-2d4e153b34ee e2ff0a9ce39146b4bcfd40878299c132 e539026874a04b008c0e05731c6be3af - - default default] 10.0.0.23 "POST /v2.0/networks HTTP/1.1" status: 201 len: 831 time: 0.5237651
2026-07-02 11:20:32.380 10 INFO neutron.api.wsgi [None req-f06bb182-2a00-4cb8-bab1-48394e279fd6 e2ff0a9ce39146b4bcfd40878299c132 e539026874a04b008c0e05731c6be3af - - default default] 10.0.0.23 "PUT /v2.0/networks/da3609a1-1765-4270-aa1f-ee03884db59d/tags HTTP/1.1" status: 200 len: 218 time: 0.0363643
2026-07-02 11:20:32.411 10 INFO neutron.api.wsgi [None req-064cf321-e20d-4412-a478-168513c73423 e2ff0a9ce39146b4bcfd40878299c132 e539026874a04b008c0e05731c6be3af - - default default] 10.0.0.23 "GET /v2.0/networks/da3609a1-1765-4270-aa1f-ee03884db59d/tags HTTP/1.1" status: 200 len: 218 time: 0.0264425
2026-07-02 11:20:32.447 10 INFO neutron.api.wsgi [None req-62602bb4-7251-44c7-96a7-992e9a77a681 e2ff0a9ce39146b4bcfd40878299c132 e539026874a04b008c0e05731c6be3af - - default default] 10.0.0.23 "PUT /v2.0/networks/ac828fac-4430-4604-97a3-a1079678eae6/tags HTTP/1.1" status: 200 len: 210 time: 0.0324171
2026-07-02 11:20:32.480 10 INFO neutron.api.wsgi [None req-295abb4b-cf02-44bf-9831-13ffffceb652 e2ff0a9ce39146b4bcfd40878299c132 e539026874a04b008c0e05731c6be3af - - default default] 10.0.0.23 "GET /v2.0/networks/ac828fac-4430-4604-97a3-a1079678eae6/tags HTTP/1.1" status: 200 len: 210 time: 0.0281625
2026-07-02 11:20:32.518 10 INFO neutron.api.wsgi [None req-807c54da-8a27-45e9-bb42-fe15378f1c2f e2ff0a9ce39146b4bcfd40878299c132 e539026874a04b008c0e05731c6be3af - - default default] 10.0.0.23 "PUT /v2.0/networks/ac828fac-4430-4604-97a3-a1079678eae6/tags HTTP/1.1" status: 200 len: 205 time: 0.0334136
2026-07-02 11:20:32.547 10 INFO neutron.api.wsgi [None req-43ea74dd-f4d4-4448-8761-6f20b7223f88 e2ff0a9ce39146b4bcfd40878299c132 e539026874a04b008c0e05731c6be3af - - default default] 10.0.0.23 "GET /v2.0/networks/ac828fac-4430-4604-97a3-a1079678eae6/tags HTTP/1.1" status: 200 len: 205 time: 0.0247068
2026-07-02 11:20:32.575 10 INFO neutron.api.wsgi [None req-f67597fd-290a-480c-9b78-d7ba299b66c0 e2ff0a9ce39146b4bcfd40878299c132 e539026874a04b008c0e05731c6be3af - - default default] 10.0.0.23 "GET /v2.0/networks/da3609a1-1765-4270-aa1f-ee03884db59d/tags HTTP/1.1" status: 200 len: 218 time: 0.0237212
2026-07-02 11:20:32.871 10 INFO neutron.services.segments.plugin [-] Segment 3138d626-4363-4f3b-ab1d-ead8ab1fca5d resource provider aggregate not found
2026-07-02 11:20:32.876 10 INFO neutron.services.segments.plugin [-] Segment 3138d626-4363-4f3b-ab1d-ead8ab1fca5d resource provider aggregate not found
2026-07-02 11:20:32.884 10 INFO neutron.services.segments.plugin [-] Segment 3138d626-4363-4f3b-ab1d-ead8ab1fca5d resource provider not found; error: Placement Client Error (4xx): {"errors": [{"status": 404, "title": "Not Found", "detail": "The resource could not be found.\n\n No resource provider with uuid 3138d626-4363-4f3b-ab1d-ead8ab1fca5d found for delete ", "request_id": "req-6441f022-7c68-40ed-a1b2-045b70be9ddf"}]}
2026-07-02 11:20:32.888 10 INFO neutron.services.segments.plugin [-] Segment 3138d626-4363-4f3b-ab1d-ead8ab1fca5d resource provider not found; error: Placement Client Error (4xx): {"errors": [{"status": 404, "title": "Not Found", "detail": "The resource could not be found.\n\n No resource provider with uuid 3138d626-4363-4f3b-ab1d-ead8ab1fca5d found for delete ", "request_id": "req-5b796c4c-6659-4579-9d37-d1c19fc8e63b"}]}
2026-07-02 11:20:32.898 10 INFO neutron.api.wsgi [None req-1f4ec3c8-34f5-4356-ba8d-1a4a43c68106 e2ff0a9ce39146b4bcfd40878299c132 e539026874a04b008c0e05731c6be3af - - default default] 10.0.0.23 "DELETE /v2.0/networks/da3609a1-1765-4270-aa1f-ee03884db59d HTTP/1.1" status: 204 len: 168 time: 0.3110108
2026-07-02 11:20:33.205 10 INFO neutron.api.wsgi [None req-2030ec74-3469-4c29-9779-ca2bc78644dc e2ff0a9ce39146b4bcfd40878299c132 e539026874a04b008c0e05731c6be3af - - default default] 10.0.0.23 "DELETE /v2.0/networks/ac828fac-4430-4604-97a3-a1079678eae6 HTTP/1.1" status: 204 len: 168 time: 0.3024929
2026-07-02 11:20:34.057 10 INFO neutron.db.ovn_revision_numbers_db [None req-f575615c-02ce-4cc6-9176-45fa9e38a639 83ff6a123b694938a8cf1b9adfc98d93 ef4b28797ef941f2a8192da8b88acea1 - - default default] Successfully bumped revision number for resource 5b25a8fe-a369-42e0-8c0e-7255166a8ca1 (type: security_groups) to 1
2026-07-02 11:20:34.069 10 INFO neutron.db.ovn_revision_numbers_db [None req-f575615c-02ce-4cc6-9176-45fa9e38a639 83ff6a123b694938a8cf1b9adfc98d93 ef4b28797ef941f2a8192da8b88acea1 - - default default] Successfully bumped revision number for resource 0c069c97-a744-4cf2-8f5b-79b77bd43d37 (type: security_group_rules) to 0
2026-07-02 11:20:34.082 10 INFO neutron.db.ovn_revision_numbers_db [None req-f575615c-02ce-4cc6-9176-45fa9e38a639 83ff6a123b694938a8cf1b9adfc98d93 ef4b28797ef941f2a8192da8b88acea1 - - default default] Successfully bumped revision number for resource 92859e9a-1303-44d0-9ab5-23b1072e6e0b (type: security_group_rules) to 0
2026-07-02 11:20:34.098 10 INFO neutron.db.ovn_revision_numbers_db [None req-f575615c-02ce-4cc6-9176-45fa9e38a639 83ff6a123b694938a8cf1b9adfc98d93 ef4b28797ef941f2a8192da8b88acea1 - - default default] Successfully bumped revision number for resource baa282de-ee35-45d2-b627-d910d98c3f5c (type: security_group_rules) to 0
2026-07-02 11:20:34.110 10 INFO neutron.db.ovn_revision_numbers_db [None req-f575615c-02ce-4cc6-9176-45fa9e38a639 83ff6a123b694938a8cf1b9adfc98d93 ef4b28797ef941f2a8192da8b88acea1 - - default default] Successfully bumped revision number for resource d1f288af-48e4-480f-af32-dbb0288f85d9 (type: security_group_rules) to 0
2026-07-02 11:20:34.147 10 INFO neutron.api.wsgi [None req-f575615c-02ce-4cc6-9176-45fa9e38a639 83ff6a123b694938a8cf1b9adfc98d93 ef4b28797ef941f2a8192da8b88acea1 - - default default] 10.0.0.23 "GET /v2.0/security-groups?tenant_id=610f73bfbd864fe29b478c1f13355d9a&name=default HTTP/1.1" status: 200 len: 3124 time: 0.3511100
2026-07-02 11:20:34.362 10 INFO neutron.api.wsgi [None req-295ee135-d2d4-4d3f-b512-20fbf2dfe1c3 83ff6a123b694938a8cf1b9adfc98d93 ef4b28797ef941f2a8192da8b88acea1 - - default default] 10.0.0.23 "DELETE /v2.0/security-groups/5b25a8fe-a369-42e0-8c0e-7255166a8ca1 HTTP/1.1" status: 204 len: 168 time: 0.2103212
2026-07-02 11:20:34.527 9 INFO neutron.api.wsgi [None req-467ad84f-4db2-4319-a751-15e7c412f946 83ff6a123b694938a8cf1b9adfc98d93 ef4b28797ef941f2a8192da8b88acea1 - - default default] 10.0.0.23 "GET /v2.0/security-groups?tenant_id=e539026874a04b008c0e05731c6be3af&name=default HTTP/1.1" status: 200 len: 3124 time: 0.0289981
2026-07-02 11:20:34.714 9 INFO neutron.api.wsgi [None req-e058210e-80a5-44b6-8612-3d47f97a2f61 83ff6a123b694938a8cf1b9adfc98d93 ef4b28797ef941f2a8192da8b88acea1 - - default default] 10.0.0.23 "DELETE /v2.0/security-groups/2e623e72-fb83-4e3a-8bc8-29299f2eb71a HTTP/1.1" status: 204 len: 168 time: 0.1826987
2026-07-02 11:20:34.901 10 INFO neutron.services.segments.plugin [-] Segment ea718018-4e3f-43aa-8bab-4d2e99ec2a8d resource provider aggregate not found
2026-07-02 11:20:34.905 10 INFO neutron.services.segments.plugin [-] Segment ea718018-4e3f-43aa-8bab-4d2e99ec2a8d resource provider aggregate not found
2026-07-02 11:20:34.911 10 INFO neutron.services.segments.plugin [-] Segment ea718018-4e3f-43aa-8bab-4d2e99ec2a8d resource provider not found; error: Placement Client Error (4xx): {"errors": [{"status": 404, "title": "Not Found", "detail": "The resource could not be found.\n\n No resource provider with uuid ea718018-4e3f-43aa-8bab-4d2e99ec2a8d found for delete ", "request_id": "req-eedba4e8-7495-4fd4-977d-2f2e3e1382f8"}]}
2026-07-02 11:20:34.919 10 INFO neutron.services.segments.plugin [-] Segment ea718018-4e3f-43aa-8bab-4d2e99ec2a8d resource provider not found; error: Placement Client Error (4xx): {"errors": [{"status": 404, "title": "Not Found", "detail": "The resource could not be found.\n\n No resource provider with uuid ea718018-4e3f-43aa-8bab-4d2e99ec2a8d found for delete ", "request_id": "req-b9e0ebde-db13-4782-b02f-56e715ccbdc7"}]}
2026-07-02 11:20:35.082 9 WARNING neutron_lib.context [None req-dfce02ae-d00f-47f2-aa4b-6cbf0e5422d0 99b9476b68034e63873036e88ff51d84 6a1d070b4c534190acf720c8494f1f70 - - default default] Method 'is_advsvc' is deprecated since 2023.2 release (neutron-lib 3.8.0) and will be removed once support for the old RBAC API policies will be removed from Neutron. Please use method 'is_service_role' instead.
2026-07-02 11:20:35.129 9 INFO neutron.api.wsgi [None req-dfce02ae-d00f-47f2-aa4b-6cbf0e5422d0 99b9476b68034e63873036e88ff51d84 6a1d070b4c534190acf720c8494f1f70 - - default default] 10.0.0.23 "POST /v2.0/subnetpools HTTP/1.1" status: 201 len: 715 time: 0.2255261
2026-07-02 11:20:35.138 9 WARNING neutron_lib.context [None req-b8843c1d-3802-49ba-86fa-c31f3e79b614 99b9476b68034e63873036e88ff51d84 6a1d070b4c534190acf720c8494f1f70 - - default default] Method 'is_advsvc' is deprecated since 2023.2 release (neutron-lib 3.8.0) and will be removed once support for the old RBAC API policies will be removed from Neutron. Please use method 'is_service_role' instead.
2026-07-02 11:20:35.197 9 INFO neutron.api.wsgi [None req-b8843c1d-3802-49ba-86fa-c31f3e79b614 99b9476b68034e63873036e88ff51d84 6a1d070b4c534190acf720c8494f1f70 - - default default] 10.0.0.23 "POST /v2.0/subnetpools HTTP/1.1" status: 201 len: 715 time: 0.0631990
2026-07-02 11:20:35.206 9 WARNING neutron_lib.context [None req-737ec87b-828a-4d3f-bac6-63603b7eed62 99b9476b68034e63873036e88ff51d84 6a1d070b4c534190acf720c8494f1f70 - - default default] Method 'is_advsvc' is deprecated since 2023.2 release (neutron-lib 3.8.0) and will be removed once support for the old RBAC API policies will be removed from Neutron. Please use method 'is_service_role' instead.
2026-07-02 11:20:35.262 9 INFO neutron.api.wsgi [None req-737ec87b-828a-4d3f-bac6-63603b7eed62 99b9476b68034e63873036e88ff51d84 6a1d070b4c534190acf720c8494f1f70 - - default default] 10.0.0.23 "POST /v2.0/subnetpools HTTP/1.1" status: 201 len: 715 time: 0.0597847
2026-07-02 11:20:35.271 9 WARNING neutron_lib.context [None req-752ac8ec-ff51-40d1-9540-ac4250d02368 99b9476b68034e63873036e88ff51d84 6a1d070b4c534190acf720c8494f1f70 - - default default] Method 'is_advsvc' is deprecated since 2023.2 release (neutron-lib 3.8.0) and will be removed once support for the old RBAC API policies will be removed from Neutron. Please use method 'is_service_role' instead.
2026-07-02 11:20:35.325 9 INFO neutron.api.wsgi [None req-752ac8ec-ff51-40d1-9540-ac4250d02368 99b9476b68034e63873036e88ff51d84 6a1d070b4c534190acf720c8494f1f70 - - default default] 10.0.0.23 "POST /v2.0/subnetpools HTTP/1.1" status: 201 len: 715 time: 0.0581579
2026-07-02 11:20:35.334 9 WARNING neutron_lib.context [None req-f1684f1f-3504-4f43-b9db-be52c96a8f6c 99b9476b68034e63873036e88ff51d84 6a1d070b4c534190acf720c8494f1f70 - - default default] Method 'is_advsvc' is deprecated since 2023.2 release (neutron-lib 3.8.0) and will be removed once support for the old RBAC API policies will be removed from Neutron. Please use method 'is_service_role' instead.
2026-07-02 11:20:35.375 9 INFO neutron.api.wsgi [None req-f1684f1f-3504-4f43-b9db-be52c96a8f6c 99b9476b68034e63873036e88ff51d84 6a1d070b4c534190acf720c8494f1f70 - - default default] 10.0.0.23 "POST /v2.0/subnetpools HTTP/1.1" status: 201 len: 715 time: 0.0455153
2026-07-02 11:20:35.405 9 INFO neutron.api.wsgi [None req-76da58be-b07b-42d5-a3d7-c7311adb9d54 99b9476b68034e63873036e88ff51d84 6a1d070b4c534190acf720c8494f1f70 - - default default] 10.0.0.23 "PUT /v2.0/subnetpools/a126338d-c223-4fc2-8867-b49bd5506df2/tags HTTP/1.1" status: 200 len: 210 time: 0.0254407
2026-07-02 11:20:35.437 9 INFO neutron.api.wsgi [None req-4b531dae-9353-4bb1-9695-e68d7def4ee3 99b9476b68034e63873036e88ff51d84 6a1d070b4c534190acf720c8494f1f70 - - default default] 10.0.0.23 "PUT /v2.0/subnetpools/d569ce02-ead1-4826-afb9-cc2fd4062587/tags HTTP/1.1" status: 200 len: 218 time: 0.0287461
2026-07-02 11:20:35.471 9 INFO neutron.api.wsgi [None req-d4e73e68-5b1c-4576-807f-672c7a5bd494 99b9476b68034e63873036e88ff51d84 6a1d070b4c534190acf720c8494f1f70 - - default default] 10.0.0.23 "PUT /v2.0/subnetpools/f6816bb8-f644-4462-93d6-5f2a1b5352b2/tags HTTP/1.1" status: 200 len: 227 time: 0.0294642
2026-07-02 11:20:35.499 9 INFO neutron.api.wsgi [None req-c9174c18-3764-4ce1-818e-ea41e3a46249 99b9476b68034e63873036e88ff51d84 6a1d070b4c534190acf720c8494f1f70 - - default default] 10.0.0.23 "PUT /v2.0/subnetpools/db169604-e937-473e-8282-8dea240484e0/tags HTTP/1.1" status: 200 len: 212 time: 0.0247171
2026-07-02 11:20:35.521 9 INFO neutron.api.wsgi [None req-b747c6aa-4612-491a-a7cb-4a910de7d6f8 99b9476b68034e63873036e88ff51d84 6a1d070b4c534190acf720c8494f1f70 - - default default] 10.0.0.23 "GET /v2.0/subnetpools?tags=red HTTP/1.1" status: 200 len: 1758 time: 0.0178807
2026-07-02 11:20:35.547 9 INFO neutron.api.wsgi [None req-26683677-4d89-4440-9fc1-78fff82f2915 99b9476b68034e63873036e88ff51d84 6a1d070b4c534190acf720c8494f1f70 - - default default] 10.0.0.23 "GET /v2.0/subnetpools?tags=red%2Cblue HTTP/1.1" status: 200 len: 1251 time: 0.0197067
2026-07-02 11:20:35.576 9 INFO neutron.api.wsgi [None req-eae78bf8-9530-4b78-8154-12cd88412c72 99b9476b68034e63873036e88ff51d84 6a1d070b4c534190acf720c8494f1f70 - - default default] 10.0.0.23 "GET /v2.0/subnetpools?tags-any=blue HTTP/1.1" status: 200 len: 1251 time: 0.0238502
2026-07-02 11:20:35.597 9 INFO neutron.api.wsgi [None req-43717a9d-d6c4-4ced-8680-6ee9e29a3a72 99b9476b68034e63873036e88ff51d84 6a1d070b4c534190acf720c8494f1f70 - - default default] 10.0.0.23 "GET /v2.0/subnetpools?tags-any=red%2Cblue HTTP/1.1" status: 200 len: 1758 time: 0.0169015
2026-07-02 11:20:35.618 9 INFO neutron.api.wsgi [None req-1677f11d-be45-46f1-9852-ae6de3af5e5c 99b9476b68034e63873036e88ff51d84 6a1d070b4c534190acf720c8494f1f70 - - default default] 10.0.0.23 "GET /v2.0/subnetpools?not-tags=red HTTP/1.1" status: 200 len: 1223 time: 0.0174351
2026-07-02 11:20:35.640 9 INFO neutron.api.wsgi [None req-584d88cd-8b55-481c-ba99-3a1391710939 99b9476b68034e63873036e88ff51d84 6a1d070b4c534190acf720c8494f1f70 - - default default] 10.0.0.23 "GET /v2.0/subnetpools?not-tags=red%2Cblue HTTP/1.1" status: 200 len: 1730 time: 0.0177836
2026-07-02 11:20:35.663 9 INFO neutron.api.wsgi [None req-eb2d687f-c553-490b-b3d0-c1fce10635e3 99b9476b68034e63873036e88ff51d84 6a1d070b4c534190acf720c8494f1f70 - - default default] 10.0.0.23 "GET /v2.0/subnetpools?not-tags-any=blue HTTP/1.1" status: 200 len: 1730 time: 0.0172930
2026-07-02 11:20:35.684 9 INFO neutron.api.wsgi [None req-a76504d0-6610-4fad-8737-44d8a8516eea 99b9476b68034e63873036e88ff51d84 6a1d070b4c534190acf720c8494f1f70 - - default default] 10.0.0.23 "GET /v2.0/subnetpools?not-tags-any=red%2Cblue HTTP/1.1" status: 200 len: 1223 time: 0.0151780
2026-07-02 11:20:35.731 9 INFO neutron.api.wsgi [None req-44fbe483-17d0-4bf2-8ea4-ce03fe876afd 99b9476b68034e63873036e88ff51d84 6a1d070b4c534190acf720c8494f1f70 - - default default] 10.0.0.23 "DELETE /v2.0/subnetpools/a126338d-c223-4fc2-8867-b49bd5506df2 HTTP/1.1" status: 204 len: 168 time: 0.0375183
2026-07-02 11:20:35.780 9 INFO neutron.api.wsgi [None req-e9589b80-f77a-4c96-8b3e-5ba3ffee8e5c 99b9476b68034e63873036e88ff51d84 6a1d070b4c534190acf720c8494f1f70 - - default default] 10.0.0.23 "DELETE /v2.0/subnetpools/d569ce02-ead1-4826-afb9-cc2fd4062587 HTTP/1.1" status: 204 len: 168 time: 0.0433888
2026-07-02 11:20:35.831 10 INFO neutron.api.wsgi [None req-2dad9d7f-cf86-45a0-81d8-506182416da6 99b9476b68034e63873036e88ff51d84 6a1d070b4c534190acf720c8494f1f70 - - default default] 10.0.0.23 "DELETE /v2.0/subnetpools/f6816bb8-f644-4462-93d6-5f2a1b5352b2 HTTP/1.1" status: 204 len: 168 time: 0.0469198
2026-07-02 11:20:35.887 10 INFO neutron.api.wsgi [None req-e64992be-244f-4f03-9ac6-f04bbe82aa3e 99b9476b68034e63873036e88ff51d84 6a1d070b4c534190acf720c8494f1f70 - - default default] 10.0.0.23 "DELETE /v2.0/subnetpools/db169604-e937-473e-8282-8dea240484e0 HTTP/1.1" status: 204 len: 168 time: 0.0495384
2026-07-02 11:20:35.931 10 INFO neutron.api.wsgi [None req-52f6da8d-1fa1-4669-811e-aa2c5c4bf158 99b9476b68034e63873036e88ff51d84 6a1d070b4c534190acf720c8494f1f70 - - default default] 10.0.0.23 "DELETE /v2.0/subnetpools/7dd33f80-ded9-46b2-88b8-7aad6c9b8fa7 HTTP/1.1" status: 204 len: 168 time: 0.0388842
2026-07-02 11:20:36.877 9 INFO neutron.db.ovn_revision_numbers_db [None req-da4a27b0-3e37-4f71-b4fa-040c4756b47e 83ff6a123b694938a8cf1b9adfc98d93 ef4b28797ef941f2a8192da8b88acea1 - - default default] Successfully bumped revision number for resource 535c69c3-2860-4bae-9151-881ab7865dea (type: security_groups) to 1
2026-07-02 11:20:36.889 9 INFO neutron.db.ovn_revision_numbers_db [None req-da4a27b0-3e37-4f71-b4fa-040c4756b47e 83ff6a123b694938a8cf1b9adfc98d93 ef4b28797ef941f2a8192da8b88acea1 - - default default] Successfully bumped revision number for resource 64c8496d-9b89-4b51-982a-e6461180f664 (type: security_group_rules) to 0
2026-07-02 11:20:36.901 9 INFO neutron.db.ovn_revision_numbers_db [None req-da4a27b0-3e37-4f71-b4fa-040c4756b47e 83ff6a123b694938a8cf1b9adfc98d93 ef4b28797ef941f2a8192da8b88acea1 - - default default] Successfully bumped revision number for resource bf67baf4-3574-40d3-b2bb-96c087f99d75 (type: security_group_rules) to 0
