2026-07-02 11:18:13.703 9 INFO neutron.services.segments.plugin [-] Segment 86d421b5-4529-4daf-ad0e-1c787d8f18d3 resource provider not found; error: Placement Client Error (4xx): {"errors": [{"status": 404, "title": "Not Found", "detail": "The resource could not be found.\n\n No resource provider with uuid 86d421b5-4529-4daf-ad0e-1c787d8f18d3 found for delete ", "request_id": "req-ac213dae-299b-401f-b53e-ca72276c3bef"}]}
2026-07-02 11:18:13.707 10 INFO neutron.db.ovn_revision_numbers_db [None req-6ca7dcef-5e8f-4f00-81d3-cfd20d7ab4b1 83ff6a123b694938a8cf1b9adfc98d93 ef4b28797ef941f2a8192da8b88acea1 - - default default] Successfully bumped revision number for resource 4ccca775-8628-4dde-9836-d69f4b6f7096 (type: security_groups) to 1
2026-07-02 11:18:13.714 9 INFO neutron.services.segments.plugin [-] Segment 86d421b5-4529-4daf-ad0e-1c787d8f18d3 resource provider not found; error: Placement Client Error (4xx): {"errors": [{"status": 404, "title": "Not Found", "detail": "The resource could not be found.\n\n No resource provider with uuid 86d421b5-4529-4daf-ad0e-1c787d8f18d3 found for delete ", "request_id": "req-f94303d1-778d-41c7-b63a-426028fb23b3"}]}
2026-07-02 11:18:13.719 10 INFO neutron.api.wsgi [None req-52fd2db4-69a0-4c74-9149-8d686ba29c3a 809546c40622466eab81955a0e6ed384 71e882d222df497e90e9ecb84daba34c - - default default] 10.0.0.23 "POST /v2.0/trunks HTTP/1.1" status: 201 len: 608 time: 0.2156003
2026-07-02 11:18:13.720 9 INFO neutron.api.wsgi [None req-2c12531e-e2dc-4510-ac4e-386ea4f0195f 12850d85468643a39e33c5770df3c25f 9e9d23fb0f174fc3accebb7c7f51f339 - - default default] 10.0.0.23 "DELETE /v2.0/networks/a8636387-de92-4568-8817-02aad962904e HTTP/1.1" status: 204 len: 168 time: 0.5010009
2026-07-02 11:18:13.721 10 INFO neutron.db.ovn_revision_numbers_db [None req-6ca7dcef-5e8f-4f00-81d3-cfd20d7ab4b1 83ff6a123b694938a8cf1b9adfc98d93 ef4b28797ef941f2a8192da8b88acea1 - - default default] Successfully bumped revision number for resource 458e5bbf-8ba9-47dd-8594-9b28632f745f (type: security_group_rules) to 0 /var/lib/openstack/lib/python3.12/site-packages/pycadf/identifier.py:71: UserWarning: Invalid uuid: neutron. To ensure interoperability, identifiers should be a valid uuid. warnings.warn(('Invalid uuid: %s. To ensure interoperability, '
2026-07-02 11:18:13.727 9 WARNING neutron_lib.context [None req-3d9f90c8-3185-4ab9-8dd4-266d7bb85c5b 809546c40622466eab81955a0e6ed384 71e882d222df497e90e9ecb84daba34c - - default default] Method 'is_advsvc' is deprecated since 2023.2 release (neutron-lib 3.8.0) and will be removed once support for the old RBAC API policies will be removed from Neutron. Please use method 'is_service_role' instead.
2026-07-02 11:18:13.738 10 INFO neutron.db.ovn_revision_numbers_db [None req-6ca7dcef-5e8f-4f00-81d3-cfd20d7ab4b1 83ff6a123b694938a8cf1b9adfc98d93 ef4b28797ef941f2a8192da8b88acea1 - - default default] Successfully bumped revision number for resource 5cf8b29b-b1fb-4e68-b0a8-0eccd8aedf8b (type: security_group_rules) to 0
2026-07-02 11:18:13.758 10 INFO neutron.db.ovn_revision_numbers_db [None req-6ca7dcef-5e8f-4f00-81d3-cfd20d7ab4b1 83ff6a123b694938a8cf1b9adfc98d93 ef4b28797ef941f2a8192da8b88acea1 - - default default] Successfully bumped revision number for resource bfd6dd58-9f38-4568-9499-64154781dfcb (type: security_group_rules) to 0
2026-07-02 11:18:13.791 10 INFO neutron.db.ovn_revision_numbers_db [None req-6ca7dcef-5e8f-4f00-81d3-cfd20d7ab4b1 83ff6a123b694938a8cf1b9adfc98d93 ef4b28797ef941f2a8192da8b88acea1 - - default default] Successfully bumped revision number for resource dcb2a609-573f-4450-9aed-b75ff6f2c222 (type: security_group_rules) to 0
2026-07-02 11:18:13.809 9 INFO neutron.db.segments_db [None req-3d9f90c8-3185-4ab9-8dd4-266d7bb85c5b 809546c40622466eab81955a0e6ed384 71e882d222df497e90e9ecb84daba34c - - default default] Added segment 4c60df9d-cb6f-4b69-bb04-f0249cef249c of type geneve for network 19a9d204-06e2-4e7c-b4c9-0abe79ff12fc
2026-07-02 11:18:13.818 10 INFO neutron.db.segments_db [None req-053c8013-f631-4d3e-a4c8-8bdc7603b876 12850d85468643a39e33c5770df3c25f 9e9d23fb0f174fc3accebb7c7f51f339 - - default default] Added segment 1864f907-42f6-4e46-bd2a-35cbe9bb119c of type geneve for network 1d067ca7-7acd-4e52-946f-c1beae6a1fdf
2026-07-02 11:18:13.856 10 INFO neutron.api.wsgi [None req-6ca7dcef-5e8f-4f00-81d3-cfd20d7ab4b1 83ff6a123b694938a8cf1b9adfc98d93 ef4b28797ef941f2a8192da8b88acea1 - - default default] 10.0.0.23 "GET /v2.0/security-groups?tenant_id=ce9eb5a1b0ad4e76b7d26de20c249009&name=default HTTP/1.1" status: 200 len: 3120 time: 0.5828924
2026-07-02 11:18:13.918 9 INFO neutron.db.ovn_revision_numbers_db [None req-3d9f90c8-3185-4ab9-8dd4-266d7bb85c5b 809546c40622466eab81955a0e6ed384 71e882d222df497e90e9ecb84daba34c - - default default] Successfully bumped revision number for resource 19a9d204-06e2-4e7c-b4c9-0abe79ff12fc (type: networks) to 1
2026-07-02 11:18:13.957 10 INFO neutron.db.ovn_revision_numbers_db [None req-053c8013-f631-4d3e-a4c8-8bdc7603b876 12850d85468643a39e33c5770df3c25f 9e9d23fb0f174fc3accebb7c7f51f339 - - default default] Successfully bumped revision number for resource 1d067ca7-7acd-4e52-946f-c1beae6a1fdf (type: networks) to 1
2026-07-02 11:18:14.049 10 WARNING neutron_lib.context [None req-0927939a-1d57-4ae4-9d97-c344bcd59a6c 79fe6985cb1247248db2062852e97b62 34ddfe9f2bd644e8a99fcdf6b8e40323 - - default default] Method 'is_advsvc' is deprecated since 2023.2 release (neutron-lib 3.8.0) and will be removed once support for the old RBAC API policies will be removed from Neutron. Please use method 'is_service_role' instead.
2026-07-02 11:18:14.068 9 WARNING neutron.scheduler.dhcp_agent_scheduler [None req-3d9f90c8-3185-4ab9-8dd4-266d7bb85c5b 809546c40622466eab81955a0e6ed384 71e882d222df497e90e9ecb84daba34c - - default default] No more DHCP agents
2026-07-02 11:18:14.069 9 WARNING neutron.api.rpc.agentnotifiers.dhcp_rpc_agent_api [None req-3d9f90c8-3185-4ab9-8dd4-266d7bb85c5b 809546c40622466eab81955a0e6ed384 71e882d222df497e90e9ecb84daba34c - - default default] Unable to schedule network 19a9d204-06e2-4e7c-b4c9-0abe79ff12fc: no agents available; will retry on subsequent port and subnet creation events.
2026-07-02 11:18:14.095 10 INFO neutron.api.wsgi [None req-fa2dbe92-e9c3-4f95-b71e-945ca8c677dc 83ff6a123b694938a8cf1b9adfc98d93 ef4b28797ef941f2a8192da8b88acea1 - - default default] 10.0.0.23 "DELETE /v2.0/security-groups/4ccca775-8628-4dde-9836-d69f4b6f7096 HTTP/1.1" status: 204 len: 168 time: 0.2332044
2026-07-02 11:18:14.117 10 WARNING neutron.scheduler.dhcp_agent_scheduler [None req-053c8013-f631-4d3e-a4c8-8bdc7603b876 12850d85468643a39e33c5770df3c25f 9e9d23fb0f174fc3accebb7c7f51f339 - - default default] No more DHCP agents
2026-07-02 11:18:14.120 10 WARNING neutron.api.rpc.agentnotifiers.dhcp_rpc_agent_api [None req-053c8013-f631-4d3e-a4c8-8bdc7603b876 12850d85468643a39e33c5770df3c25f 9e9d23fb0f174fc3accebb7c7f51f339 - - default default] Unable to schedule network 1d067ca7-7acd-4e52-946f-c1beae6a1fdf: no agents available; will retry on subsequent port and subnet creation events.
2026-07-02 11:18:14.133 9 INFO neutron.db.ovn_revision_numbers_db [None req-3d9f90c8-3185-4ab9-8dd4-266d7bb85c5b 809546c40622466eab81955a0e6ed384 71e882d222df497e90e9ecb84daba34c - - default default] Successfully bumped revision number for resource db9c969b-86e9-454a-ae81-4db78b4b3198 (type: ports) to 1
2026-07-02 11:18:14.153 9 INFO neutron.api.wsgi [None req-3d9f90c8-3185-4ab9-8dd4-266d7bb85c5b 809546c40622466eab81955a0e6ed384 71e882d222df497e90e9ecb84daba34c - - default default] 10.0.0.23 "POST /v2.0/networks HTTP/1.1" status: 201 len: 831 time: 0.4290843
2026-07-02 11:18:14.165 9 WARNING neutron_lib.context [None req-90fbe2ad-2e3a-448a-9f71-ad17d9ed612b 809546c40622466eab81955a0e6ed384 71e882d222df497e90e9ecb84daba34c - - default default] Method 'is_advsvc' is deprecated since 2023.2 release (neutron-lib 3.8.0) and will be removed once support for the old RBAC API policies will be removed from Neutron. Please use method 'is_service_role' instead.
2026-07-02 11:18:14.195 10 INFO neutron.db.ovn_revision_numbers_db [None req-053c8013-f631-4d3e-a4c8-8bdc7603b876 12850d85468643a39e33c5770df3c25f 9e9d23fb0f174fc3accebb7c7f51f339 - - default default] Successfully bumped revision number for resource 6991fd55-eb4d-4e64-a51f-a5f0c9e9aa81 (type: ports) to 1
2026-07-02 11:18:14.212 10 INFO neutron.db.ovn_revision_numbers_db [None req-0927939a-1d57-4ae4-9d97-c344bcd59a6c 79fe6985cb1247248db2062852e97b62 34ddfe9f2bd644e8a99fcdf6b8e40323 - - default default] Successfully bumped revision number for resource 24282f2d-5a48-4b42-990d-9866eec377cd (type: security_groups) to 1
2026-07-02 11:18:14.223 10 INFO neutron.api.wsgi [None req-053c8013-f631-4d3e-a4c8-8bdc7603b876 12850d85468643a39e33c5770df3c25f 9e9d23fb0f174fc3accebb7c7f51f339 - - default default] 10.0.0.23 "POST /v2.0/networks HTTP/1.1" status: 201 len: 929 time: 0.4920979
2026-07-02 11:18:14.233 10 INFO neutron.db.ovn_revision_numbers_db [None req-0927939a-1d57-4ae4-9d97-c344bcd59a6c 79fe6985cb1247248db2062852e97b62 34ddfe9f2bd644e8a99fcdf6b8e40323 - - default default] Successfully bumped revision number for resource 863a6cad-0dd5-4664-bd11-d2ec6dcfde3c (type: security_group_rules) to 0
2026-07-02 11:18:14.261 10 INFO neutron.db.ovn_revision_numbers_db [None req-0927939a-1d57-4ae4-9d97-c344bcd59a6c 79fe6985cb1247248db2062852e97b62 34ddfe9f2bd644e8a99fcdf6b8e40323 - - default default] Successfully bumped revision number for resource 9b4d83b8-d4b6-4949-9b5f-b0d83e8ed608 (type: security_group_rules) to 0
2026-07-02 11:18:14.295 10 INFO neutron.db.ovn_revision_numbers_db [None req-0927939a-1d57-4ae4-9d97-c344bcd59a6c 79fe6985cb1247248db2062852e97b62 34ddfe9f2bd644e8a99fcdf6b8e40323 - - default default] Successfully bumped revision number for resource ca00e513-ca30-4d14-aa75-cb726645357b (type: security_group_rules) to 0
2026-07-02 11:18:14.323 10 INFO neutron.db.ovn_revision_numbers_db [None req-0927939a-1d57-4ae4-9d97-c344bcd59a6c 79fe6985cb1247248db2062852e97b62 34ddfe9f2bd644e8a99fcdf6b8e40323 - - default default] Successfully bumped revision number for resource eb01a6f7-b749-4d9c-b5b2-8401f799505a (type: security_group_rules) to 0
2026-07-02 11:18:14.435 10 WARNING neutron.scheduler.dhcp_agent_scheduler [None req-39f54160-27cf-415d-88ba-65ff2d2ae899 12850d85468643a39e33c5770df3c25f 9e9d23fb0f174fc3accebb7c7f51f339 - - default default] No more DHCP agents
2026-07-02 11:18:14.437 10 WARNING neutron.api.rpc.agentnotifiers.dhcp_rpc_agent_api [None req-39f54160-27cf-415d-88ba-65ff2d2ae899 12850d85468643a39e33c5770df3c25f 9e9d23fb0f174fc3accebb7c7f51f339 - - default default] Unable to schedule network 1d067ca7-7acd-4e52-946f-c1beae6a1fdf: no agents available; will retry on subsequent port and subnet creation events.
2026-07-02 11:18:14.450 10 INFO neutron.db.ovn_revision_numbers_db [None req-feea0d7e-292e-4bf5-9a01-91e7a27364e9 83ff6a123b694938a8cf1b9adfc98d93 ef4b28797ef941f2a8192da8b88acea1 - - default default] Successfully bumped revision number for resource cf454198-7631-4059-b684-7b33e543df5b (type: security_groups) to 1
2026-07-02 11:18:14.462 10 INFO neutron.db.ovn_revision_numbers_db [None req-0927939a-1d57-4ae4-9d97-c344bcd59a6c 79fe6985cb1247248db2062852e97b62 34ddfe9f2bd644e8a99fcdf6b8e40323 - - default default] Successfully bumped revision number for resource 49d0fd5b-a9d6-4947-ada6-60da29b0657f (type: security_groups) to 1
2026-07-02 11:18:14.467 9 WARNING neutron.scheduler.dhcp_agent_scheduler [None req-90fbe2ad-2e3a-448a-9f71-ad17d9ed612b 809546c40622466eab81955a0e6ed384 71e882d222df497e90e9ecb84daba34c - - default default] No more DHCP agents
2026-07-02 11:18:14.468 10 INFO neutron.db.ovn_revision_numbers_db [None req-feea0d7e-292e-4bf5-9a01-91e7a27364e9 83ff6a123b694938a8cf1b9adfc98d93 ef4b28797ef941f2a8192da8b88acea1 - - default default] Successfully bumped revision number for resource 28e3db49-aef8-46ff-ac97-bc0b81149fbc (type: security_group_rules) to 0
2026-07-02 11:18:14.468 9 WARNING neutron.api.rpc.agentnotifiers.dhcp_rpc_agent_api [None req-90fbe2ad-2e3a-448a-9f71-ad17d9ed612b 809546c40622466eab81955a0e6ed384 71e882d222df497e90e9ecb84daba34c - - default default] Unable to schedule network 19a9d204-06e2-4e7c-b4c9-0abe79ff12fc: no agents available; will retry on subsequent port and subnet creation events.
2026-07-02 11:18:14.479 10 INFO neutron.db.ovn_revision_numbers_db [None req-0927939a-1d57-4ae4-9d97-c344bcd59a6c 79fe6985cb1247248db2062852e97b62 34ddfe9f2bd644e8a99fcdf6b8e40323 - - default default] Successfully bumped revision number for resource 12b16a54-bbcc-48fc-bd1b-6d4c856f9ac9 (type: security_group_rules) to 0
2026-07-02 11:18:14.485 10 INFO neutron.db.ovn_revision_numbers_db [None req-feea0d7e-292e-4bf5-9a01-91e7a27364e9 83ff6a123b694938a8cf1b9adfc98d93 ef4b28797ef941f2a8192da8b88acea1 - - default default] Successfully bumped revision number for resource 4c70080d-2fbd-45bb-b795-2d36308c67d3 (type: security_group_rules) to 0
2026-07-02 11:18:14.497 10 INFO neutron.db.ovn_revision_numbers_db [None req-0927939a-1d57-4ae4-9d97-c344bcd59a6c 79fe6985cb1247248db2062852e97b62 34ddfe9f2bd644e8a99fcdf6b8e40323 - - default default] Successfully bumped revision number for resource 1a4fcc31-d101-489d-a033-58307ee595f2 (type: security_group_rules) to 0
2026-07-02 11:18:14.510 10 INFO neutron.db.ovn_revision_numbers_db [None req-feea0d7e-292e-4bf5-9a01-91e7a27364e9 83ff6a123b694938a8cf1b9adfc98d93 ef4b28797ef941f2a8192da8b88acea1 - - default default] Successfully bumped revision number for resource 649fc5d2-cbf0-4c70-8e6d-a7960b40854a (type: security_group_rules) to 0
2026-07-02 11:18:14.530 10 INFO neutron.db.ovn_revision_numbers_db [None req-feea0d7e-292e-4bf5-9a01-91e7a27364e9 83ff6a123b694938a8cf1b9adfc98d93 ef4b28797ef941f2a8192da8b88acea1 - - default default] Successfully bumped revision number for resource dbe000a3-37fd-416e-b382-31c400d102fd (type: security_group_rules) to 0
2026-07-02 11:18:14.531 9 INFO neutron.db.ovn_revision_numbers_db [None req-90fbe2ad-2e3a-448a-9f71-ad17d9ed612b 809546c40622466eab81955a0e6ed384 71e882d222df497e90e9ecb84daba34c - - default default] Successfully bumped revision number for resource 1803d44d-21d5-4f03-91f2-8081287f8e49 (type: ports) to 1
2026-07-02 11:18:14.539 10 INFO neutron.api.wsgi [None req-0927939a-1d57-4ae4-9d97-c344bcd59a6c 79fe6985cb1247248db2062852e97b62 34ddfe9f2bd644e8a99fcdf6b8e40323 - - default default] 10.0.0.23 "POST /v2.0/security-groups HTTP/1.1" status: 201 len: 1824 time: 0.5872352 /var/lib/openstack/lib/python3.12/site-packages/pycadf/identifier.py:71: UserWarning: Invalid uuid: neutron. To ensure interoperability, identifiers should be a valid uuid. warnings.warn(('Invalid uuid: %s. To ensure interoperability, '
2026-07-02 11:18:14.572 9 INFO neutron.api.wsgi [None req-90fbe2ad-2e3a-448a-9f71-ad17d9ed612b 809546c40622466eab81955a0e6ed384 71e882d222df497e90e9ecb84daba34c - - default default] 10.0.0.23 "POST /v2.0/ports HTTP/1.1" status: 201 len: 942 time: 0.4114449
2026-07-02 11:18:14.575 10 INFO neutron.api.wsgi [None req-feea0d7e-292e-4bf5-9a01-91e7a27364e9 83ff6a123b694938a8cf1b9adfc98d93 ef4b28797ef941f2a8192da8b88acea1 - - default default] 10.0.0.23 "GET /v2.0/security-groups?tenant_id=afd278aa31544d55bd4d6743d30fd65f&name=default HTTP/1.1" status: 200 len: 3120 time: 0.3222659
2026-07-02 11:18:14.581 10 WARNING neutron_lib.context [None req-61ede652-b1f7-4bfb-bb40-d14d06f94526 809546c40622466eab81955a0e6ed384 71e882d222df497e90e9ecb84daba34c - - default default] Method 'is_advsvc' is deprecated since 2023.2 release (neutron-lib 3.8.0) and will be removed once support for the old RBAC API policies will be removed from Neutron. Please use method 'is_service_role' instead.
2026-07-02 11:18:14.590 9 INFO neutron.api.wsgi [None req-a1f3beae-a143-49b7-ae09-fabdc8d4a09a 79fe6985cb1247248db2062852e97b62 34ddfe9f2bd644e8a99fcdf6b8e40323 - - default default] 10.0.0.23 "GET /v2.0/security-groups HTTP/1.1" status: 200 len: 4724 time: 0.0468266
2026-07-02 11:18:14.692 9 INFO neutron.db.ovn_revision_numbers_db [None req-a18c4eb6-eee0-44bc-8b54-e3a4e39946f2 79fe6985cb1247248db2062852e97b62 34ddfe9f2bd644e8a99fcdf6b8e40323 - - default default] Successfully bumped revision number for resource 49d0fd5b-a9d6-4947-ada6-60da29b0657f (type: security_groups) to 2
2026-07-02 11:18:14.714 9 INFO neutron.api.wsgi [None req-a18c4eb6-eee0-44bc-8b54-e3a4e39946f2 79fe6985cb1247248db2062852e97b62 34ddfe9f2bd644e8a99fcdf6b8e40323 - - default default] 10.0.0.23 "PUT /v2.0/security-groups/49d0fd5b-a9d6-4947-ada6-60da29b0657f HTTP/1.1" status: 200 len: 1858 time: 0.1202927
2026-07-02 11:18:14.745 9 INFO neutron.api.wsgi [None req-74e83639-adb1-4197-80a5-59aa1669ec67 79fe6985cb1247248db2062852e97b62 34ddfe9f2bd644e8a99fcdf6b8e40323 - - default default] 10.0.0.23 "GET /v2.0/security-groups/49d0fd5b-a9d6-4947-ada6-60da29b0657f HTTP/1.1" status: 200 len: 1858 time: 0.0259807
2026-07-02 11:18:14.773 10 INFO neutron.api.wsgi [None req-61ede652-b1f7-4bfb-bb40-d14d06f94526 809546c40622466eab81955a0e6ed384 71e882d222df497e90e9ecb84daba34c - - default default] 10.0.0.23 "POST /v2.0/trunks HTTP/1.1" status: 201 len: 608 time: 0.1950970
2026-07-02 11:18:14.783 9 WARNING neutron_lib.context [None req-247fcd83-dd08-40f4-88e1-6432cdf3bc9b 809546c40622466eab81955a0e6ed384 71e882d222df497e90e9ecb84daba34c - - default default] Method 'is_advsvc' is deprecated since 2023.2 release (neutron-lib 3.8.0) and will be removed once support for the old RBAC API policies will be removed from Neutron. Please use method 'is_service_role' instead.
2026-07-02 11:18:14.840 9 INFO neutron.api.wsgi [None req-908b7a7b-dd75-48dd-8fed-5c3842f66504 83ff6a123b694938a8cf1b9adfc98d93 ef4b28797ef941f2a8192da8b88acea1 - - default default] 10.0.0.23 "DELETE /v2.0/security-groups/cf454198-7631-4059-b684-7b33e543df5b HTTP/1.1" status: 204 len: 168 time: 0.2600632
2026-07-02 11:18:14.864 9 INFO neutron.api.wsgi [None req-1f0d37de-f396-4f8b-940e-3196ffa40c17 79fe6985cb1247248db2062852e97b62 34ddfe9f2bd644e8a99fcdf6b8e40323 - - default default] 10.0.0.23 "DELETE /v2.0/security-groups/49d0fd5b-a9d6-4947-ada6-60da29b0657f HTTP/1.1" status: 204 len: 168 time: 0.1138813
2026-07-02 11:18:14.872 9 INFO neutron.db.segments_db [None req-247fcd83-dd08-40f4-88e1-6432cdf3bc9b 809546c40622466eab81955a0e6ed384 71e882d222df497e90e9ecb84daba34c - - default default] Added segment da45a8a7-37a9-482a-abd8-d4decaf7e765 of type geneve for network 732e7834-6f55-4c58-8896-c539526690a0
2026-07-02 11:18:14.912 10 INFO neutron.api.wsgi [None req-5d9e2bd6-9c1a-4e3a-a370-72c50d88f411 79fe6985cb1247248db2062852e97b62 34ddfe9f2bd644e8a99fcdf6b8e40323 - - default default] 10.0.0.23 "GET /v2.0/security-groups HTTP/1.1" status: 200 len: 3120 time: 0.0409169
2026-07-02 11:18:14.915 10 INFO neutron.db.ovn_revision_numbers_db [None req-4b8378b0-8290-4680-8339-4428e84010a1 - - - - - -] Successfully bumped revision number for resource 6991fd55-eb4d-4e64-a51f-a5f0c9e9aa81 (type: ports) to 2
2026-07-02 11:18:14.925 10 INFO neutron.api.v2.resource [None req-b4bd8e1f-5e33-4ad0-b969-7e3b9575f6c0 79fe6985cb1247248db2062852e97b62 34ddfe9f2bd644e8a99fcdf6b8e40323 - - default default] delete failed (client error): The resource could not be found.
2026-07-02 11:18:14.926 10 INFO neutron.api.wsgi [None req-b4bd8e1f-5e33-4ad0-b969-7e3b9575f6c0 79fe6985cb1247248db2062852e97b62 34ddfe9f2bd644e8a99fcdf6b8e40323 - - default default] 10.0.0.23 "DELETE /v2.0/security-groups/49d0fd5b-a9d6-4947-ada6-60da29b0657f HTTP/1.1" status: 404 len: 347 time: 0.0097051
2026-07-02 11:18:14.936 10 WARNING neutron_lib.context [None req-e3a3f314-53d3-4457-b59e-8bae6c3a103f 79fe6985cb1247248db2062852e97b62 34ddfe9f2bd644e8a99fcdf6b8e40323 - - default default] Method 'is_advsvc' is deprecated since 2023.2 release (neutron-lib 3.8.0) and will be removed once support for the old RBAC API policies will be removed from Neutron. Please use method 'is_service_role' instead.
2026-07-02 11:18:14.956 10 INFO neutron.db.ovn_revision_numbers_db [None req-4b8378b0-8290-4680-8339-4428e84010a1 - - - - - -] Successfully bumped revision number for resource a4d912ff-c24f-4cfa-8b2a-eac233ecfce7 (type: subnets) to 0
2026-07-02 11:18:14.973 10 INFO neutron.api.wsgi [None req-39f54160-27cf-415d-88ba-65ff2d2ae899 12850d85468643a39e33c5770df3c25f 9e9d23fb0f174fc3accebb7c7f51f339 - - default default] 10.0.0.23 "POST /v2.0/subnets HTTP/1.1" status: 201 len: 846 time: 0.7447326
2026-07-02 11:18:14.981 9 INFO neutron.db.ovn_revision_numbers_db [None req-247fcd83-dd08-40f4-88e1-6432cdf3bc9b 809546c40622466eab81955a0e6ed384 71e882d222df497e90e9ecb84daba34c - - default default] Successfully bumped revision number for resource 732e7834-6f55-4c58-8896-c539526690a0 (type: networks) to 1
2026-07-02 11:18:15.075 10 INFO neutron.db.ovn_revision_numbers_db [None req-e3a3f314-53d3-4457-b59e-8bae6c3a103f 79fe6985cb1247248db2062852e97b62 34ddfe9f2bd644e8a99fcdf6b8e40323 - - default default] Successfully bumped revision number for resource 78b29c8a-4ba4-48ab-b2dc-0cc6897af0d9 (type: security_groups) to 1
2026-07-02 11:18:15.086 10 INFO neutron.db.ovn_revision_numbers_db [None req-e3a3f314-53d3-4457-b59e-8bae6c3a103f 79fe6985cb1247248db2062852e97b62 34ddfe9f2bd644e8a99fcdf6b8e40323 - - default default] Successfully bumped revision number for resource 78f02753-77a0-452a-855d-1b3665492189 (type: security_group_rules) to 0
2026-07-02 11:18:15.108 10 INFO neutron.db.ovn_revision_numbers_db [None req-e3a3f314-53d3-4457-b59e-8bae6c3a103f 79fe6985cb1247248db2062852e97b62 34ddfe9f2bd644e8a99fcdf6b8e40323 - - default default] Successfully bumped revision number for resource bf5e6e53-3be3-495c-a2f4-b7d8edf22662 (type: security_group_rules) to 0
2026-07-02 11:18:15.143 10 INFO neutron.api.wsgi [None req-e3a3f314-53d3-4457-b59e-8bae6c3a103f 79fe6985cb1247248db2062852e97b62 34ddfe9f2bd644e8a99fcdf6b8e40323 - - default default] 10.0.0.23 "POST /v2.0/security-groups HTTP/1.1" status: 201 len: 1824 time: 0.2113607
2026-07-02 11:18:15.154 9 WARNING neutron_lib.context [None req-6df986b7-a21a-440e-b616-9f356f50ab58 79fe6985cb1247248db2062852e97b62 34ddfe9f2bd644e8a99fcdf6b8e40323 - - default default] Method 'is_advsvc' is deprecated since 2023.2 release (neutron-lib 3.8.0) and will be removed once support for the old RBAC API policies will be removed from Neutron. Please use method 'is_service_role' instead.
2026-07-02 11:18:15.158 9 WARNING neutron.scheduler.dhcp_agent_scheduler [None req-247fcd83-dd08-40f4-88e1-6432cdf3bc9b 809546c40622466eab81955a0e6ed384 71e882d222df497e90e9ecb84daba34c - - default default] No more DHCP agents
2026-07-02 11:18:15.161 9 WARNING neutron.api.rpc.agentnotifiers.dhcp_rpc_agent_api [None req-247fcd83-dd08-40f4-88e1-6432cdf3bc9b 809546c40622466eab81955a0e6ed384 71e882d222df497e90e9ecb84daba34c - - default default] Unable to schedule network 732e7834-6f55-4c58-8896-c539526690a0: no agents available; will retry on subsequent port and subnet creation events.
2026-07-02 11:18:15.208 10 INFO neutron.api.wsgi [None req-0667604d-6268-4120-b2c4-424984330bd8 12850d85468643a39e33c5770df3c25f 9e9d23fb0f174fc3accebb7c7f51f339 - - default default] 10.0.0.23 "POST /v2.0/rbac-policies HTTP/1.1" status: 201 len: 523 time: 0.2296703
2026-07-02 11:18:15.264 9 INFO neutron.db.ovn_revision_numbers_db [None req-247fcd83-dd08-40f4-88e1-6432cdf3bc9b 809546c40622466eab81955a0e6ed384 71e882d222df497e90e9ecb84daba34c - - default default] Successfully bumped revision number for resource aa2e5a09-d812-4fd7-be85-ec2315aac505 (type: ports) to 1
2026-07-02 11:18:15.300 9 INFO neutron.api.wsgi [None req-247fcd83-dd08-40f4-88e1-6432cdf3bc9b 809546c40622466eab81955a0e6ed384 71e882d222df497e90e9ecb84daba34c - - default default] 10.0.0.23 "POST /v2.0/networks HTTP/1.1" status: 201 len: 831 time: 0.5209045
2026-07-02 11:18:15.311 9 WARNING neutron_lib.context [None req-e4abf9ae-0c24-493c-8f40-27d4992cee9f 809546c40622466eab81955a0e6ed384 71e882d222df497e90e9ecb84daba34c - - default default] Method 'is_advsvc' is deprecated since 2023.2 release (neutron-lib 3.8.0) and will be removed once support for the old RBAC API policies will be removed from Neutron. Please use method 'is_service_role' instead.
2026-07-02 11:18:15.338 9 INFO neutron.db.ovn_revision_numbers_db [None req-6df986b7-a21a-440e-b616-9f356f50ab58 79fe6985cb1247248db2062852e97b62 34ddfe9f2bd644e8a99fcdf6b8e40323 - - default default] Successfully bumped revision number for resource 3328a34f-d27d-4e33-9766-1269c8418081 (type: security_group_rules) to 0
2026-07-02 11:18:15.370 9 INFO neutron.api.wsgi [None req-6df986b7-a21a-440e-b616-9f356f50ab58 79fe6985cb1247248db2062852e97b62 34ddfe9f2bd644e8a99fcdf6b8e40323 - - default default] 10.0.0.23 "POST /v2.0/security-group-rules HTTP/1.1" status: 201 len: 800 time: 0.2208416
2026-07-02 11:18:15.402 10 INFO neutron.api.wsgi [None req-6378aeb2-0fec-45b7-a568-47bd26b8a245 79fe6985cb1247248db2062852e97b62 34ddfe9f2bd644e8a99fcdf6b8e40323 - - default default] 10.0.0.23 "GET /v2.0/security-group-rules/3328a34f-d27d-4e33-9766-1269c8418081 HTTP/1.1" status: 200 len: 795 time: 0.0275662
2026-07-02 11:18:15.470 10 INFO neutron.api.wsgi [None req-5591b638-43c5-45ef-8f8b-3b52114e6ad9 79fe6985cb1247248db2062852e97b62 34ddfe9f2bd644e8a99fcdf6b8e40323 - - default default] 10.0.0.23 "GET /v2.0/security-group-rules HTTP/1.1" status: 200 len: 4333 time: 0.0630145
2026-07-02 11:18:15.542 9 WARNING neutron.scheduler.dhcp_agent_scheduler [None req-e4abf9ae-0c24-493c-8f40-27d4992cee9f 809546c40622466eab81955a0e6ed384 71e882d222df497e90e9ecb84daba34c - - default default] No more DHCP agents
2026-07-02 11:18:15.544 9 WARNING neutron.api.rpc.agentnotifiers.dhcp_rpc_agent_api [None req-e4abf9ae-0c24-493c-8f40-27d4992cee9f 809546c40622466eab81955a0e6ed384 71e882d222df497e90e9ecb84daba34c - - default default] Unable to schedule network 732e7834-6f55-4c58-8896-c539526690a0: no agents available; will retry on subsequent port and subnet creation events.
2026-07-02 11:18:15.574 10 INFO neutron.api.wsgi [None req-1b833a21-3053-4092-8544-1c444c6d6e4a 79fe6985cb1247248db2062852e97b62 34ddfe9f2bd644e8a99fcdf6b8e40323 - - default default] 10.0.0.23 "DELETE /v2.0/security-group-rules/3328a34f-d27d-4e33-9766-1269c8418081 HTTP/1.1" status: 204 len: 168 time: 0.0982106
2026-07-02 11:18:15.612 9 INFO neutron.db.ovn_revision_numbers_db [None req-e4abf9ae-0c24-493c-8f40-27d4992cee9f 809546c40622466eab81955a0e6ed384 71e882d222df497e90e9ecb84daba34c - - default default] Successfully bumped revision number for resource ca333c86-7c2e-4590-99a4-b6efd3b2cc19 (type: ports) to 1
2026-07-02 11:18:15.637 9 INFO neutron.api.wsgi [None req-e4abf9ae-0c24-493c-8f40-27d4992cee9f 809546c40622466eab81955a0e6ed384 71e882d222df497e90e9ecb84daba34c - - default default] 10.0.0.23 "POST /v2.0/ports HTTP/1.1" status: 201 len: 942 time: 0.3311005
2026-07-02 11:18:15.645 10 INFO neutron.api.wsgi [None req-675bd820-0992-40ef-85e0-72b6ad61fa0f 79fe6985cb1247248db2062852e97b62 34ddfe9f2bd644e8a99fcdf6b8e40323 - - default default] 10.0.0.23 "GET /v2.0/security-group-rules HTTP/1.1" status: 200 len: 3755 time: 0.0655835 /var/lib/openstack/lib/python3.12/site-packages/pycadf/identifier.py:71: UserWarning: Invalid uuid: neutron. To ensure interoperability, identifiers should be a valid uuid. warnings.warn(('Invalid uuid: %s. To ensure interoperability, '
2026-07-02 11:18:15.651 9 WARNING neutron_lib.context [None req-7bd97401-28e0-4382-8e8e-79b10f9a479c 809546c40622466eab81955a0e6ed384 71e882d222df497e90e9ecb84daba34c - - default default] Method 'is_advsvc' is deprecated since 2023.2 release (neutron-lib 3.8.0) and will be removed once support for the old RBAC API policies will be removed from Neutron. Please use method 'is_service_role' instead.
2026-07-02 11:18:15.654 10 WARNING neutron_lib.context [None req-0d4553b3-40a4-4159-82aa-149a9abd89b9 79fe6985cb1247248db2062852e97b62 34ddfe9f2bd644e8a99fcdf6b8e40323 - - default default] Method 'is_advsvc' is deprecated since 2023.2 release (neutron-lib 3.8.0) and will be removed once support for the old RBAC API policies will be removed from Neutron. Please use method 'is_service_role' instead.
2026-07-02 11:18:15.729 10 INFO neutron.api.wsgi [None req-3f8a7fe2-1274-4e33-b9d1-b3ce75ce1412 de4ad92ce2594604a60fa7c48c7a3619 1796102bc5744d05999ccef61111d712 - - default default] 10.0.0.23 "GET /v2.0/networks/1d067ca7-7acd-4e52-946f-c1beae6a1fdf HTTP/1.1" status: 200 len: 849 time: 0.1442368
2026-07-02 11:18:15.779 10 INFO neutron.db.ovn_revision_numbers_db [None req-0d4553b3-40a4-4159-82aa-149a9abd89b9 79fe6985cb1247248db2062852e97b62 34ddfe9f2bd644e8a99fcdf6b8e40323 - - default default] Successfully bumped revision number for resource 3ad6b0ac-4d49-4145-b154-1cb93554e73e (type: security_group_rules) to 0
2026-07-02 11:18:15.807 10 INFO neutron.api.wsgi [None req-0d4553b3-40a4-4159-82aa-149a9abd89b9 79fe6985cb1247248db2062852e97b62 34ddfe9f2bd644e8a99fcdf6b8e40323 - - default default] 10.0.0.23 "POST /v2.0/security-group-rules HTTP/1.1" status: 201 len: 800 time: 0.1580379
2026-07-02 11:18:15.826 10 INFO neutron.api.wsgi [None req-03bb13e2-1160-47c7-b549-34184a1bc4ec 79fe6985cb1247248db2062852e97b62 34ddfe9f2bd644e8a99fcdf6b8e40323 - - default default] 10.0.0.23 "GET /v2.0/security-group-rules/3ad6b0ac-4d49-4145-b154-1cb93554e73e HTTP/1.1" status: 200 len: 795 time: 0.0143521
2026-07-02 11:18:15.836 9 INFO neutron.api.wsgi [None req-7bd97401-28e0-4382-8e8e-79b10f9a479c 809546c40622466eab81955a0e6ed384 71e882d222df497e90e9ecb84daba34c - - default default] 10.0.0.23 "POST /v2.0/trunks HTTP/1.1" status: 201 len: 608 time: 0.1875660
2026-07-02 11:18:15.883 10 INFO neutron.api.wsgi [None req-80156125-0052-4993-bd70-d5b2425f7b06 809546c40622466eab81955a0e6ed384 71e882d222df497e90e9ecb84daba34c - - default default] 10.0.0.23 "PUT /v2.0/trunks/dde83408-371c-4f1d-9c64-c6c75588fb51/tags HTTP/1.1" status: 200 len: 210 time: 0.0413034
2026-07-02 11:18:15.900 10 INFO neutron.api.wsgi [None req-faba1188-5c3b-4de6-bc84-fed02fbb594e 79fe6985cb1247248db2062852e97b62 34ddfe9f2bd644e8a99fcdf6b8e40323 - - default default] 10.0.0.23 "GET /v2.0/security-group-rules HTTP/1.1" status: 200 len: 4333 time: 0.0706227
2026-07-02 11:18:15.941 9 INFO neutron.api.wsgi [None req-c734e355-9ac9-424c-b54e-448df5aa2a33 809546c40622466eab81955a0e6ed384 71e882d222df497e90e9ecb84daba34c - - default default] 10.0.0.23 "PUT /v2.0/trunks/d3b89c73-ea59-462e-84ee-06392907357f/tags HTTP/1.1" status: 200 len: 218 time: 0.0469806
2026-07-02 11:18:15.975 9 INFO neutron.api.wsgi [None req-74a3fe61-a7d9-4f45-a97a-79ba7bdb33b2 809546c40622466eab81955a0e6ed384 71e882d222df497e90e9ecb84daba34c - - default default] 10.0.0.23 "PUT /v2.0/trunks/814f23ae-7a1d-4c43-9861-0f7cb8e2129a/tags HTTP/1.1" status: 200 len: 227 time: 0.0289397
2026-07-02 11:18:16.004 10 INFO neutron.api.wsgi [None req-f1ab6834-f550-458d-8f7b-c8729f5e2599 809546c40622466eab81955a0e6ed384 71e882d222df497e90e9ecb84daba34c - - default default] 10.0.0.23 "PUT /v2.0/trunks/be96b444-5195-43cf-9fa8-849d6ac5f238/tags HTTP/1.1" status: 200 len: 212 time: 0.0245597
2026-07-02 11:18:16.029 9 INFO neutron.api.wsgi [None req-5bde9118-5856-429d-be17-7e8e0ff2411a 79fe6985cb1247248db2062852e97b62 34ddfe9f2bd644e8a99fcdf6b8e40323 - - default default] 10.0.0.23 "DELETE /v2.0/security-group-rules/3ad6b0ac-4d49-4145-b154-1cb93554e73e HTTP/1.1" status: 204 len: 168 time: 0.1238582
2026-07-02 11:18:16.029 10 INFO neutron.api.wsgi [None req-c4bdf8cf-b0a6-4701-a72f-2f59a43d6917 809546c40622466eab81955a0e6ed384 71e882d222df497e90e9ecb84daba34c - - default default] 10.0.0.23 "GET /v2.0/trunks?tags=red HTTP/1.1" status: 200 len: 1447 time: 0.0196280
2026-07-02 11:18:16.050 10 INFO neutron.api.wsgi [None req-b27b964d-ce62-49c8-b158-ab4b612688f9 809546c40622466eab81955a0e6ed384 71e882d222df497e90e9ecb84daba34c - - default default] 10.0.0.23 "GET /v2.0/trunks?tags=red%2Cblue HTTP/1.1" status: 200 len: 1041 time: 0.0169756
2026-07-02 11:18:16.079 10 INFO neutron.api.wsgi [None req-96d3caac-4e9a-4c02-833c-146e467f85e0 809546c40622466eab81955a0e6ed384 71e882d222df497e90e9ecb84daba34c - - default default] 10.0.0.23 "GET /v2.0/trunks?tags-any=blue HTTP/1.1" status: 200 len: 1041 time: 0.0195496
2026-07-02 11:18:16.102 10 INFO neutron.api.wsgi [None req-1c28c49b-920f-4790-a6c4-2860e2259af2 809546c40622466eab81955a0e6ed384 71e882d222df497e90e9ecb84daba34c - - default default] 10.0.0.23 "GET /v2.0/trunks?tags-any=red%2Cblue HTTP/1.1" status: 200 len: 1447 time: 0.0170527
2026-07-02 11:18:16.105 9 INFO neutron.api.wsgi [None req-1288952b-6347-4545-a4da-55deddbd4605 79fe6985cb1247248db2062852e97b62 34ddfe9f2bd644e8a99fcdf6b8e40323 - - default default] 10.0.0.23 "GET /v2.0/security-group-rules HTTP/1.1" status: 200 len: 3755 time: 0.0683606
2026-07-02 11:18:16.112 10 WARNING neutron_lib.context [None req-b19249fe-d603-4c31-9021-ad18111ffbcb 79fe6985cb1247248db2062852e97b62 34ddfe9f2bd644e8a99fcdf6b8e40323 - - default default] Method 'is_advsvc' is deprecated since 2023.2 release (neutron-lib 3.8.0) and will be removed once support for the old RBAC API policies will be removed from Neutron. Please use method 'is_service_role' instead.
2026-07-02 11:18:16.124 9 INFO neutron.api.wsgi [None req-ce222681-7803-4d23-bcf9-13830d6ad376 809546c40622466eab81955a0e6ed384 71e882d222df497e90e9ecb84daba34c - - default default] 10.0.0.23 "GET /v2.0/trunks?not-tags=red HTTP/1.1" status: 200 len: 1013 time: 0.0171554
2026-07-02 11:18:16.145 9 INFO neutron.api.wsgi [None req-8337f6c8-c46d-4dd7-bc3e-5f05883cfc7f 809546c40622466eab81955a0e6ed384 71e882d222df497e90e9ecb84daba34c - - default default] 10.0.0.23 "GET /v2.0/trunks?not-tags=red%2Cblue HTTP/1.1" status: 200 len: 1419 time: 0.0161953
2026-07-02 11:18:16.169 10 INFO neutron.api.wsgi [None req-4ee8751c-04cf-4ee6-9dba-972d7e9a7b53 809546c40622466eab81955a0e6ed384 71e882d222df497e90e9ecb84daba34c - - default default] 10.0.0.23 "GET /v2.0/trunks?not-tags-any=blue HTTP/1.1" status: 200 len: 1419 time: 0.0188751
2026-07-02 11:18:16.200 10 INFO neutron.api.wsgi [None req-06384764-42a1-4eff-bdef-f6455a1b4d45 809546c40622466eab81955a0e6ed384 71e882d222df497e90e9ecb84daba34c - - default default] 10.0.0.23 "GET /v2.0/trunks?not-tags-any=red%2Cblue HTTP/1.1" status: 200 len: 1013 time: 0.0224903
2026-07-02 11:18:16.233 10 INFO neutron.pecan_wsgi.hooks.translation [None req-1feab1ff-6028-4162-9d01-555509968722 22010c3dc10444b89230f13af4a05056 5f5b00588e72447cadf24a01ccfb9a07 - - default default] GET failed (client error): The resource could not be found.
2026-07-02 11:18:16.235 10 INFO neutron.api.wsgi [None req-1feab1ff-6028-4162-9d01-555509968722 22010c3dc10444b89230f13af4a05056 5f5b00588e72447cadf24a01ccfb9a07 - - default default] 10.0.0.23 "GET /v2.0/networks/1d067ca7-7acd-4e52-946f-c1beae6a1fdf HTTP/1.1" status: 404 len: 339 time: 0.1295533
2026-07-02 11:18:16.238 10 INFO neutron.api.wsgi [None req-e4cdb980-7dbe-4955-a35a-bfa8cc845777 809546c40622466eab81955a0e6ed384 71e882d222df497e90e9ecb84daba34c - - default default] 10.0.0.23 "GET /v2.0/trunks/dde83408-371c-4f1d-9c64-c6c75588fb51 HTTP/1.1" status: 200 len: 608 time: 0.0285833
2026-07-02 11:18:16.267 10 INFO neutron.db.ovn_revision_numbers_db [None req-b19249fe-d603-4c31-9021-ad18111ffbcb 79fe6985cb1247248db2062852e97b62 34ddfe9f2bd644e8a99fcdf6b8e40323 - - default default] Successfully bumped revision number for resource 018da8d2-b2cd-4ff8-9f3a-0ab3131fb21e (type: security_group_rules) to 0
2026-07-02 11:18:16.307 10 INFO neutron.api.wsgi [None req-b19249fe-d603-4c31-9021-ad18111ffbcb 79fe6985cb1247248db2062852e97b62 34ddfe9f2bd644e8a99fcdf6b8e40323 - - default default] 10.0.0.23 "POST /v2.0/security-group-rules HTTP/1.1" status: 201 len: 801 time: 0.1987758
2026-07-02 11:18:16.337 10 INFO neutron.api.wsgi [None req-10e3daae-18db-45ad-a389-920481218608 79fe6985cb1247248db2062852e97b62 34ddfe9f2bd644e8a99fcdf6b8e40323 - - default default] 10.0.0.23 "GET /v2.0/security-group-rules/018da8d2-b2cd-4ff8-9f3a-0ab3131fb21e HTTP/1.1" status: 200 len: 796 time: 0.0198288
2026-07-02 11:18:16.354 9 INFO neutron.api.wsgi [None req-99fdf9a5-c6ff-4d74-b9fa-792f3d5f93de 809546c40622466eab81955a0e6ed384 71e882d222df497e90e9ecb84daba34c - - default default] 10.0.0.23 "GET /v2.0/ports/7e60e0b2-56ce-4f59-8ec7-7725d0ec5870 HTTP/1.1" status: 200 len: 1020 time: 0.1077764
2026-07-02 11:18:16.402 10 INFO neutron.api.wsgi [None req-fff5cfe3-9bcb-46d8-810c-b64e62339679 79fe6985cb1247248db2062852e97b62 34ddfe9f2bd644e8a99fcdf6b8e40323 - - default default] 10.0.0.23 "GET /v2.0/security-group-rules HTTP/1.1" status: 200 len: 4334 time: 0.0598521
2026-07-02 11:18:16.428 9 INFO neutron.api.wsgi [None req-c9f81140-3265-4c30-a0c4-b8c651f742c5 809546c40622466eab81955a0e6ed384 71e882d222df497e90e9ecb84daba34c - - default default] 10.0.0.23 "DELETE /v2.0/trunks/dde83408-371c-4f1d-9c64-c6c75588fb51 HTTP/1.1" status: 204 len: 168 time: 0.0694175
2026-07-02 11:18:16.447 9 INFO neutron.api.wsgi [None req-d4699b52-ac07-4ee9-b286-88d3a6b26f93 809546c40622466eab81955a0e6ed384 71e882d222df497e90e9ecb84daba34c - - default default] 10.0.0.23 "GET /v2.0/trunks/d3b89c73-ea59-462e-84ee-06392907357f HTTP/1.1" status: 200 len: 616 time: 0.0128219
2026-07-02 11:18:16.524 9 INFO neutron.api.wsgi [None req-ab7a2d87-5f25-4d40-bf0b-5d3bb929c062 809546c40622466eab81955a0e6ed384 71e882d222df497e90e9ecb84daba34c - - default default] 10.0.0.23 "GET /v2.0/ports/c6f1af3f-fb01-42e0-b0fe-ec84c9681f27 HTTP/1.1" status: 200 len: 1020 time: 0.0715086
2026-07-02 11:18:16.537 10 INFO neutron.api.wsgi [None req-eea62aec-a3e4-4fae-b1a1-300ad4097c59 79fe6985cb1247248db2062852e97b62 34ddfe9f2bd644e8a99fcdf6b8e40323 - - default default] 10.0.0.23 "DELETE /v2.0/security-group-rules/018da8d2-b2cd-4ff8-9f3a-0ab3131fb21e HTTP/1.1" status: 204 len: 168 time: 0.1275158
2026-07-02 11:18:16.593 9 INFO neutron.api.wsgi [None req-1d759420-14f2-4131-a997-234440fd710b 809546c40622466eab81955a0e6ed384 71e882d222df497e90e9ecb84daba34c - - default default] 10.0.0.23 "DELETE /v2.0/trunks/d3b89c73-ea59-462e-84ee-06392907357f HTTP/1.1" status: 204 len: 168 time: 0.0624819
2026-07-02 11:18:16.598 10 INFO neutron.api.wsgi [None req-14d2a172-6cfa-465a-8a02-dbfbb53efdf6 79fe6985cb1247248db2062852e97b62 34ddfe9f2bd644e8a99fcdf6b8e40323 - - default default] 10.0.0.23 "GET /v2.0/security-group-rules HTTP/1.1" status: 200 len: 3755 time: 0.0565712
2026-07-02 11:18:16.617 9 INFO neutron.api.wsgi [None req-2dfe00f1-fd86-4d01-a4f1-877f4c274b06 809546c40622466eab81955a0e6ed384 71e882d222df497e90e9ecb84daba34c - - default default] 10.0.0.23 "GET /v2.0/trunks/814f23ae-7a1d-4c43-9861-0f7cb8e2129a HTTP/1.1" status: 200 len: 625 time: 0.0156207
2026-07-02 11:18:16.696 10 INFO neutron.api.wsgi [None req-21f7e457-000f-44a0-8ed5-fb9dd3422bd0 79fe6985cb1247248db2062852e97b62 34ddfe9f2bd644e8a99fcdf6b8e40323 - - default default] 10.0.0.23 "DELETE /v2.0/security-groups/78b29c8a-4ba4-48ab-b2dc-0cc6897af0d9 HTTP/1.1" status: 204 len: 168 time: 0.0937104
2026-07-02 11:18:16.696 9 INFO neutron.api.wsgi [None req-f61303b2-84fa-46fd-874c-2bb2272d387f 809546c40622466eab81955a0e6ed384 71e882d222df497e90e9ecb84daba34c - - default default] 10.0.0.23 "GET /v2.0/ports/4d558e47-1433-466f-95b2-35aafbf88d18 HTTP/1.1" status: 200 len: 1020 time: 0.0682824
2026-07-02 11:18:16.739 9 INFO neutron.api.wsgi [None req-8e313d02-0d03-437f-bcf2-beb003819403 79fe6985cb1247248db2062852e97b62 34ddfe9f2bd644e8a99fcdf6b8e40323 - - default default] 10.0.0.23 "GET /v2.0/security-groups HTTP/1.1" status: 200 len: 3120 time: 0.0366940
2026-07-02 11:18:16.781 9 INFO neutron.api.wsgi [None req-64964c80-c483-49c6-ae3b-c4efeac6f661 79fe6985cb1247248db2062852e97b62 34ddfe9f2bd644e8a99fcdf6b8e40323 - - default default] 10.0.0.23 "GET /v2.0/security-groups HTTP/1.1" status: 200 len: 3120 time: 0.0336730
2026-07-02 11:18:16.795 10 INFO neutron.api.wsgi [None req-8b13f862-95a9-4491-99f0-acf520f1b6c5 809546c40622466eab81955a0e6ed384 71e882d222df497e90e9ecb84daba34c - - default default] 10.0.0.23 "DELETE /v2.0/trunks/814f23ae-7a1d-4c43-9861-0f7cb8e2129a HTTP/1.1" status: 204 len: 168 time: 0.0929925
2026-07-02 11:18:16.804 10 INFO neutron.services.segments.plugin [-] Segment 1864f907-42f6-4e46-bd2a-35cbe9bb119c resource provider aggregate not found
2026-07-02 11:18:16.808 10 INFO neutron.services.segments.plugin [-] Segment 1864f907-42f6-4e46-bd2a-35cbe9bb119c resource provider aggregate not found
2026-07-02 11:18:16.817 10 INFO neutron.services.segments.plugin [-] Segment 1864f907-42f6-4e46-bd2a-35cbe9bb119c resource provider not found; error: Placement Client Error (4xx): {"errors": [{"status": 404, "title": "Not Found", "detail": "The resource could not be found.\n\n No resource provider with uuid 1864f907-42f6-4e46-bd2a-35cbe9bb119c found for delete ", "request_id": "req-5d284f7e-608f-492b-8c07-75b92dc64b44"}]}
2026-07-02 11:18:16.822 10 INFO neutron.api.wsgi [None req-07beb4b3-d5dc-4b6e-978a-388e635d3dbd 809546c40622466eab81955a0e6ed384 71e882d222df497e90e9ecb84daba34c - - default default] 10.0.0.23 "GET /v2.0/trunks/be96b444-5195-43cf-9fa8-849d6ac5f238 HTTP/1.1" status: 200 len: 610 time: 0.0226059
2026-07-02 11:18:16.824 10 INFO neutron.services.segments.plugin [-] Segment 1864f907-42f6-4e46-bd2a-35cbe9bb119c resource provider not found; error: Placement Client Error (4xx): {"errors": [{"status": 404, "title": "Not Found", "detail": "The resource could not be found.\n\n No resource provider with uuid 1864f907-42f6-4e46-bd2a-35cbe9bb119c found for delete ", "request_id": "req-b1121872-3c64-4f54-933d-80fadea30e95"}]}
2026-07-02 11:18:16.848 10 INFO neutron.api.wsgi [None req-2dabd9d9-c3ee-43b0-af8d-c42343013997 12850d85468643a39e33c5770df3c25f 9e9d23fb0f174fc3accebb7c7f51f339 - - default default] 10.0.0.23 "DELETE /v2.0/networks/1d067ca7-7acd-4e52-946f-c1beae6a1fdf HTTP/1.1" status: 204 len: 168 time: 0.6057048
2026-07-02 11:18:16.869 9 INFO neutron.pecan_wsgi.hooks.translation [None req-26807bad-26a1-448c-9115-632c0c1e7b81 12850d85468643a39e33c5770df3c25f 9e9d23fb0f174fc3accebb7c7f51f339 - - default default] DELETE failed (client error): The resource could not be found.
2026-07-02 11:18:16.873 9 INFO neutron.api.wsgi [None req-26807bad-26a1-448c-9115-632c0c1e7b81 12850d85468643a39e33c5770df3c25f 9e9d23fb0f174fc3accebb7c7f51f339 - - default default] 10.0.0.23 "DELETE /v2.0/subnets/27814b7b-5ecc-421b-bf36-74e83ec80080 HTTP/1.1" status: 404 len: 337 time: 0.0152383
2026-07-02 11:18:16.888 10 INFO neutron.api.wsgi [None req-c50c404f-2524-4003-94b4-124c9cba8202 809546c40622466eab81955a0e6ed384 71e882d222df497e90e9ecb84daba34c - - default default] 10.0.0.23 "GET /v2.0/ports/1803d44d-21d5-4f03-91f2-8081287f8e49 HTTP/1.1" status: 200 len: 1020 time: 0.0613542
2026-07-02 11:18:16.895 9 INFO neutron.pecan_wsgi.hooks.translation [None req-f0484366-12a2-4b89-ab7d-c93f5cb873e4 12850d85468643a39e33c5770df3c25f 9e9d23fb0f174fc3accebb7c7f51f339 - - default default] DELETE failed (client error): The resource could not be found.
2026-07-02 11:18:16.897 9 INFO neutron.api.wsgi [None req-f0484366-12a2-4b89-ab7d-c93f5cb873e4 12850d85468643a39e33c5770df3c25f 9e9d23fb0f174fc3accebb7c7f51f339 - - default default] 10.0.0.23 "DELETE /v2.0/subnets/66b4317a-7826-4504-a033-ca3a07ade2a7 HTTP/1.1" status: 404 len: 337 time: 0.0176501
2026-07-02 11:18:16.912 9 INFO neutron.pecan_wsgi.hooks.translation [None req-5142659c-644d-40c4-b007-e8f523b552e6 12850d85468643a39e33c5770df3c25f 9e9d23fb0f174fc3accebb7c7f51f339 - - default default] DELETE failed (client error): The resource could not be found.
2026-07-02 11:18:16.917 9 INFO neutron.api.wsgi [None req-5142659c-644d-40c4-b007-e8f523b552e6 12850d85468643a39e33c5770df3c25f 9e9d23fb0f174fc3accebb7c7f51f339 - - default default] 10.0.0.23 "DELETE /v2.0/subnets/a4d912ff-c24f-4cfa-8b2a-eac233ecfce7 HTTP/1.1" status: 404 len: 337 time: 0.0149636
2026-07-02 11:18:16.953 10 INFO neutron.api.wsgi [None req-46aa2004-1e8a-436a-bdfb-f2ac5be31476 809546c40622466eab81955a0e6ed384 71e882d222df497e90e9ecb84daba34c - - default default] 10.0.0.23 "DELETE /v2.0/trunks/be96b444-5195-43cf-9fa8-849d6ac5f238 HTTP/1.1" status: 204 len: 168 time: 0.0568850
2026-07-02 11:18:16.971 10 INFO neutron.api.wsgi [None req-702ad00e-cd24-46a6-a705-fb25325a117c 809546c40622466eab81955a0e6ed384 71e882d222df497e90e9ecb84daba34c - - default default] 10.0.0.23 "GET /v2.0/trunks/fb2163ef-b598-41f7-8021-9aa74ef4264e HTTP/1.1" status: 200 len: 603 time: 0.0129046
2026-07-02 11:18:17.039 10 INFO neutron.api.wsgi [None req-c1218054-ee54-45cc-ba37-d2346b72e48d 809546c40622466eab81955a0e6ed384 71e882d222df497e90e9ecb84daba34c - - default default] 10.0.0.23 "GET /v2.0/ports/ca333c86-7c2e-4590-99a4-b6efd3b2cc19 HTTP/1.1" status: 200 len: 1020 time: 0.0628529
2026-07-02 11:18:17.090 10 INFO neutron.api.wsgi [None req-07316a90-a39d-46d3-8eb7-e7830e6b1e1d 809546c40622466eab81955a0e6ed384 71e882d222df497e90e9ecb84daba34c - - default default] 10.0.0.23 "DELETE /v2.0/trunks/fb2163ef-b598-41f7-8021-9aa74ef4264e HTTP/1.1" status: 204 len: 168 time: 0.0469856
2026-07-02 11:18:17.321 10 INFO neutron.api.wsgi [None req-8afde41a-8404-453f-8d41-b9fcf19dba19 809546c40622466eab81955a0e6ed384 71e882d222df497e90e9ecb84daba34c - - default default] 10.0.0.23 "DELETE /v2.0/ports/7e60e0b2-56ce-4f59-8ec7-7725d0ec5870 HTTP/1.1" status: 204 len: 168 time: 0.2252884
2026-07-02 11:18:17.426 9 INFO neutron.api.wsgi [None req-2e2a285d-1718-4977-8b32-b80268ae7dd4 83ff6a123b694938a8cf1b9adfc98d93 ef4b28797ef941f2a8192da8b88acea1 - - default default] 10.0.0.23 "GET /v2.0/security-groups?tenant_id=34ddfe9f2bd644e8a99fcdf6b8e40323&name=default HTTP/1.1" status: 200 len: 3120 time: 0.2201889
2026-07-02 11:18:17.565 10 INFO neutron.api.wsgi [None req-c6181202-908d-4894-88ca-1de17cdef7ba 809546c40622466eab81955a0e6ed384 71e882d222df497e90e9ecb84daba34c - - default default] 10.0.0.23 "DELETE /v2.0/ports/c6f1af3f-fb01-42e0-b0fe-ec84c9681f27 HTTP/1.1" status: 204 len: 168 time: 0.2404428
2026-07-02 11:18:17.649 10 INFO neutron.api.wsgi [None req-b83e2bd1-a84b-442a-9c50-8596ecc3991e 83ff6a123b694938a8cf1b9adfc98d93 ef4b28797ef941f2a8192da8b88acea1 - - default default] 10.0.0.23 "DELETE /v2.0/security-groups/24282f2d-5a48-4b42-990d-9866eec377cd HTTP/1.1" status: 204 len: 168 time: 0.2174714
2026-07-02 11:18:17.843 10 INFO neutron.api.wsgi [None req-e3233f6b-63b4-4fc7-9fcb-62ad038194e2 809546c40622466eab81955a0e6ed384 71e882d222df497e90e9ecb84daba34c - - default default] 10.0.0.23 "DELETE /v2.0/ports/4d558e47-1433-466f-95b2-35aafbf88d18 HTTP/1.1" status: 204 len: 168 time: 0.2727246
2026-07-02 11:18:18.018 9 INFO neutron.api.wsgi [None req-3af3b014-d7ee-4f36-bff4-6846bded2c7a 83ff6a123b694938a8cf1b9adfc98d93 ef4b28797ef941f2a8192da8b88acea1 - - default default] 10.0.0.23 "GET /v2.0/security-groups?tenant_id=9e9d23fb0f174fc3accebb7c7f51f339&name=default HTTP/1.1" status: 200 len: 3120 time: 0.2646928
2026-07-02 11:18:18.175 9 INFO neutron.api.wsgi [None req-5c77bc60-093b-44a5-a521-8a0c6c4acf7f 809546c40622466eab81955a0e6ed384 71e882d222df497e90e9ecb84daba34c - - default default] 10.0.0.23 "DELETE /v2.0/ports/1803d44d-21d5-4f03-91f2-8081287f8e49 HTTP/1.1" status: 204 len: 168 time: 0.3269846
2026-07-02 11:18:18.273 9 INFO neutron.api.wsgi [None req-20726e50-3118-4178-9b13-fe38ac1cf110 83ff6a123b694938a8cf1b9adfc98d93 ef4b28797ef941f2a8192da8b88acea1 - - default default] 10.0.0.23 "DELETE /v2.0/security-groups/c345f017-4f05-4c0c-9e0b-d189c07aad0d HTTP/1.1" status: 204 len: 168 time: 0.2503986
2026-07-02 11:18:18.429 10 INFO neutron.api.wsgi [None req-fa94767e-1ad9-4217-8217-ae38de48fb55 809546c40622466eab81955a0e6ed384 71e882d222df497e90e9ecb84daba34c - - default default] 10.0.0.23 "DELETE /v2.0/ports/ca333c86-7c2e-4590-99a4-b6efd3b2cc19 HTTP/1.1" status: 204 len: 168 time: 0.2485034
2026-07-02 11:18:18.468 10 INFO neutron.db.ovn_revision_numbers_db [None req-cf613663-3ac4-4a09-9555-f0ee67a137cd 83ff6a123b694938a8cf1b9adfc98d93 ef4b28797ef941f2a8192da8b88acea1 - - default default] Successfully bumped revision number for resource d171284d-d0c1-471f-af29-e27fd0be91a7 (type: security_groups) to 1
2026-07-02 11:18:18.481 10 INFO neutron.db.ovn_revision_numbers_db [None req-cf613663-3ac4-4a09-9555-f0ee67a137cd 83ff6a123b694938a8cf1b9adfc98d93 ef4b28797ef941f2a8192da8b88acea1 - - default default] Successfully bumped revision number for resource 15cc08ba-4351-4165-b6bd-17b3af06a5fc (type: security_group_rules) to 0
2026-07-02 11:18:18.493 10 INFO neutron.db.ovn_revision_numbers_db [None req-cf613663-3ac4-4a09-9555-f0ee67a137cd 83ff6a123b694938a8cf1b9adfc98d93 ef4b28797ef941f2a8192da8b88acea1 - - default default] Successfully bumped revision number for resource 25bd315e-1921-43bd-bad1-f8660b7342e8 (type: security_group_rules) to 0
2026-07-02 11:18:18.507 10 INFO neutron.db.ovn_revision_numbers_db [None req-cf613663-3ac4-4a09-9555-f0ee67a137cd 83ff6a123b694938a8cf1b9adfc98d93 ef4b28797ef941f2a8192da8b88acea1 - - default default] Successfully bumped revision number for resource 33b112b9-18b6-4d7c-b4d2-f5c129b90c03 (type: security_group_rules) to 0
2026-07-02 11:18:18.532 10 INFO neutron.db.ovn_revision_numbers_db [None req-cf613663-3ac4-4a09-9555-f0ee67a137cd 83ff6a123b694938a8cf1b9adfc98d93 ef4b28797ef941f2a8192da8b88acea1 - - default default] Successfully bumped revision number for resource a7d641a7-c274-47dd-bb9a-2951cffb9d5a (type: security_group_rules) to 0
2026-07-02 11:18:18.604 10 INFO neutron.api.wsgi [None req-cf613663-3ac4-4a09-9555-f0ee67a137cd 83ff6a123b694938a8cf1b9adfc98d93 ef4b28797ef941f2a8192da8b88acea1 - - default default] 10.0.0.23 "GET /v2.0/security-groups?tenant_id=5f5b00588e72447cadf24a01ccfb9a07&name=default HTTP/1.1" status: 200 len: 3120 time: 0.2438867
2026-07-02 11:18:18.806 10 INFO neutron.api.wsgi [None req-15d9ff0c-3bff-450b-99c5-dc4626c793af 809546c40622466eab81955a0e6ed384 71e882d222df497e90e9ecb84daba34c - - default default] 10.0.0.23 "DELETE /v2.0/networks/1e5d0a4c-a8b4-4227-aa50-4ac58da761b9 HTTP/1.1" status: 204 len: 168 time: 0.3717582
