2026-07-02 11:17:25.668 10 INFO neutron.api.wsgi [None req-74959090-b359-4603-8ba1-aba2e4d47c85 91227ea86c4f403288052486ef0ab8ea eda625d432eb45c69cd3a3d8ebdaf302 - - default default] 10.0.0.23 "PUT /v2.0/routers/dac136eb-bae1-4cc8-b6b6-8a8e29ad6c45/remove_router_interface HTTP/1.1" status: 404 len: 398 time: 0.0504739
2026-07-02 11:17:25.681 9 INFO neutron.db.ovn_revision_numbers_db [None req-e27b78af-e4ac-4cce-902d-edcc59c555d2 83ff6a123b694938a8cf1b9adfc98d93 ef4b28797ef941f2a8192da8b88acea1 - - default default] Successfully bumped revision number for resource d8a434a8-b8c4-4dc5-807e-4acb8860cb08 (type: security_group_rules) to 0
2026-07-02 11:17:25.697 9 INFO neutron.api.wsgi [None req-3dab5aad-5352-4161-9357-2c742d7064ee 91227ea86c4f403288052486ef0ab8ea eda625d432eb45c69cd3a3d8ebdaf302 - - default default] 10.0.0.23 "GET /v2.0/ports?device_id=dac136eb-bae1-4cc8-b6b6-8a8e29ad6c45 HTTP/1.1" status: 200 len: 205 time: 0.0239904
2026-07-02 11:17:25.706 9 INFO neutron.db.ovn_revision_numbers_db [None req-e27b78af-e4ac-4cce-902d-edcc59c555d2 83ff6a123b694938a8cf1b9adfc98d93 ef4b28797ef941f2a8192da8b88acea1 - - default default] Successfully bumped revision number for resource ec5ae109-48a7-493f-8ef1-a4ce6854ab7a (type: security_group_rules) to 0
2026-07-02 11:17:25.743 9 INFO neutron.api.wsgi [None req-e27b78af-e4ac-4cce-902d-edcc59c555d2 83ff6a123b694938a8cf1b9adfc98d93 ef4b28797ef941f2a8192da8b88acea1 - - default default] 10.0.0.23 "GET /v2.0/security-groups?tenant_id=6c01f89b1c4b463898f4c31bdeae99e0&name=default HTTP/1.1" status: 200 len: 3120 time: 0.3519940
2026-07-02 11:17:25.957 9 INFO neutron.api.wsgi [None req-1a1d1876-e6bc-4361-a37d-112aa42bbd36 83ff6a123b694938a8cf1b9adfc98d93 ef4b28797ef941f2a8192da8b88acea1 - - default default] 10.0.0.23 "DELETE /v2.0/security-groups/67dceb2c-4101-48f1-8d1f-7c680b18d4e7 HTTP/1.1" status: 204 len: 168 time: 0.2083445
2026-07-02 11:17:26.132 10 INFO neutron.api.wsgi [None req-612b72f3-f503-443d-a809-85b370690061 91227ea86c4f403288052486ef0ab8ea eda625d432eb45c69cd3a3d8ebdaf302 - - default default] 10.0.0.23 "DELETE /v2.0/routers/dac136eb-bae1-4cc8-b6b6-8a8e29ad6c45 HTTP/1.1" status: 204 len: 168 time: 0.4293277
2026-07-02 11:17:26.196 9 INFO neutron.db.ovn_revision_numbers_db [None req-8d8b6d7a-04a3-40f7-943b-0e49b357c896 83ff6a123b694938a8cf1b9adfc98d93 ef4b28797ef941f2a8192da8b88acea1 - - default default] Successfully bumped revision number for resource 9763e734-1f75-4f20-9cf2-6fc78fdce434 (type: security_groups) to 1
2026-07-02 11:17:26.214 9 INFO neutron.db.ovn_revision_numbers_db [None req-8d8b6d7a-04a3-40f7-943b-0e49b357c896 83ff6a123b694938a8cf1b9adfc98d93 ef4b28797ef941f2a8192da8b88acea1 - - default default] Successfully bumped revision number for resource 411a864a-a83c-4fb6-be12-5fcfde99a726 (type: security_group_rules) to 0
2026-07-02 11:17:26.231 9 INFO neutron.db.ovn_revision_numbers_db [None req-8d8b6d7a-04a3-40f7-943b-0e49b357c896 83ff6a123b694938a8cf1b9adfc98d93 ef4b28797ef941f2a8192da8b88acea1 - - default default] Successfully bumped revision number for resource 9286e5c9-7220-40f0-92f5-a868fbe4d80f (type: security_group_rules) to 0
2026-07-02 11:17:26.245 9 INFO neutron.db.ovn_revision_numbers_db [None req-8d8b6d7a-04a3-40f7-943b-0e49b357c896 83ff6a123b694938a8cf1b9adfc98d93 ef4b28797ef941f2a8192da8b88acea1 - - default default] Successfully bumped revision number for resource bbd0113b-45cd-4ef8-8d97-2b3eaa871f52 (type: security_group_rules) to 0
2026-07-02 11:17:26.258 9 INFO neutron.db.ovn_revision_numbers_db [None req-8d8b6d7a-04a3-40f7-943b-0e49b357c896 83ff6a123b694938a8cf1b9adfc98d93 ef4b28797ef941f2a8192da8b88acea1 - - default default] Successfully bumped revision number for resource f7c79a04-404c-42ab-b390-ca6f7e247736 (type: security_group_rules) to 0
2026-07-02 11:17:26.283 10 INFO neutron.api.wsgi [None req-888357dc-23de-409e-82cf-47c0a9dc99c3 91227ea86c4f403288052486ef0ab8ea eda625d432eb45c69cd3a3d8ebdaf302 - - default default] 10.0.0.23 "DELETE /v2.0/subnets/3df6877a-fcba-4b30-a0c8-a009907dee02 HTTP/1.1" status: 204 len: 168 time: 0.1468899
2026-07-02 11:17:26.300 9 INFO neutron.api.wsgi [None req-8d8b6d7a-04a3-40f7-943b-0e49b357c896 83ff6a123b694938a8cf1b9adfc98d93 ef4b28797ef941f2a8192da8b88acea1 - - default default] 10.0.0.23 "GET /v2.0/security-groups?tenant_id=c72f8f020ef947b2a5528a104df2baa1&name=default HTTP/1.1" status: 200 len: 3120 time: 0.2341306
2026-07-02 11:17:26.502 9 INFO neutron.api.wsgi [req-8797c1ba-48a0-4e29-8483-85cb9b451554 req-aa54bc4d-c62f-4c32-b0ca-7eb3420bcd7f b68455894e2941a7a32efb8914ecbb43 8d4c9ff6589743c1be49933ce8408a83 - - default default] 10.0.0.231 "GET /v2.0/ports?device_id=61258874-5c26-4201-9339-79739769b4ec HTTP/1.1" status: 200 len: 1174 time: 0.0858490
2026-07-02 11:17:26.512 10 INFO neutron.api.wsgi [None req-2c88576f-e3b7-4d79-b45f-9c0eee80b2a6 83ff6a123b694938a8cf1b9adfc98d93 ef4b28797ef941f2a8192da8b88acea1 - - default default] 10.0.0.23 "DELETE /v2.0/security-groups/9763e734-1f75-4f20-9cf2-6fc78fdce434 HTTP/1.1" status: 204 len: 168 time: 0.2037885
2026-07-02 11:17:26.542 9 INFO neutron.api.wsgi [req-8797c1ba-48a0-4e29-8483-85cb9b451554 req-ffc59e01-a7a9-4b8f-a422-1a8256957dbe b68455894e2941a7a32efb8914ecbb43 8d4c9ff6589743c1be49933ce8408a83 - - default default] 10.0.0.231 "GET /v2.0/security-groups?id=65128b75-a3d5-4caa-b3cc-8eac10daf7ed&fields=id&fields=name HTTP/1.1" status: 200 len: 313 time: 0.0353920
2026-07-02 11:17:26.614 9 INFO neutron.services.segments.plugin [-] Segment 26c90e6f-9178-456c-b566-af4ca9761c13 resource provider aggregate not found
2026-07-02 11:17:26.617 9 INFO neutron.services.segments.plugin [-] Segment 26c90e6f-9178-456c-b566-af4ca9761c13 resource provider aggregate not found
2026-07-02 11:17:26.627 9 INFO neutron.services.segments.plugin [-] Segment 26c90e6f-9178-456c-b566-af4ca9761c13 resource provider not found; error: Placement Client Error (4xx): {"errors": [{"status": 404, "title": "Not Found", "detail": "The resource could not be found.\n\n No resource provider with uuid 26c90e6f-9178-456c-b566-af4ca9761c13 found for delete ", "request_id": "req-9bdf5c32-66fc-44a1-8d05-0217560922c3"}]}
2026-07-02 11:17:26.630 9 INFO neutron.services.segments.plugin [-] Segment 26c90e6f-9178-456c-b566-af4ca9761c13 resource provider not found; error: Placement Client Error (4xx): {"errors": [{"status": 404, "title": "Not Found", "detail": "The resource could not be found.\n\n No resource provider with uuid 26c90e6f-9178-456c-b566-af4ca9761c13 found for delete ", "request_id": "req-34fe0d0e-a1c4-4cd9-957e-0b7c45ca3748"}]}
2026-07-02 11:17:26.638 9 INFO neutron.api.wsgi [req-2e477b02-5060-4624-bde5-c0ce7df57a76 req-a230af0d-c141-4668-b26d-125d7cac1167 b68455894e2941a7a32efb8914ecbb43 8d4c9ff6589743c1be49933ce8408a83 - - default default] 10.0.0.231 "GET /v2.0/ports?device_id=61258874-5c26-4201-9339-79739769b4ec HTTP/1.1" status: 200 len: 1174 time: 0.0383739
2026-07-02 11:17:26.660 9 INFO neutron.api.wsgi [None req-7227f563-7e58-4f81-b07b-c3242cf84bf6 91227ea86c4f403288052486ef0ab8ea eda625d432eb45c69cd3a3d8ebdaf302 - - default default] 10.0.0.23 "DELETE /v2.0/networks/1f18a2dd-04b6-472a-9e4c-919829797bfc HTTP/1.1" status: 204 len: 168 time: 0.3717895
2026-07-02 11:17:26.672 9 WARNING neutron_lib.context [None req-ab7468a2-9090-4595-aa04-473a0a6b12c2 91227ea86c4f403288052486ef0ab8ea eda625d432eb45c69cd3a3d8ebdaf302 - - default default] Method 'is_advsvc' is deprecated since 2023.2 release (neutron-lib 3.8.0) and will be removed once support for the old RBAC API policies will be removed from Neutron. Please use method 'is_service_role' instead.
2026-07-02 11:17:26.684 9 INFO neutron.api.wsgi [req-2e477b02-5060-4624-bde5-c0ce7df57a76 req-9ef60c20-5d08-4cb9-9cba-de14ce7408f5 b68455894e2941a7a32efb8914ecbb43 8d4c9ff6589743c1be49933ce8408a83 - - default default] 10.0.0.231 "GET /v2.0/security-groups?id=65128b75-a3d5-4caa-b3cc-8eac10daf7ed&fields=id&fields=name HTTP/1.1" status: 200 len: 313 time: 0.0391591
2026-07-02 11:17:26.753 9 INFO neutron.api.wsgi [-] 10.0.0.197 "GET / HTTP/1.1" status: 200 len: 247 time: 0.0029736
2026-07-02 11:17:26.758 9 INFO neutron.api.wsgi [-] 10.0.0.197 "GET / HTTP/1.1" status: 200 len: 247 time: 0.0027540
2026-07-02 11:17:26.776 9 INFO neutron.db.segments_db [None req-ab7468a2-9090-4595-aa04-473a0a6b12c2 91227ea86c4f403288052486ef0ab8ea eda625d432eb45c69cd3a3d8ebdaf302 - - default default] Added segment 0bcc7163-ca6a-41ee-b172-77ab5d158d90 of type geneve for network b7ee3a73-70bf-40c8-b244-4459615266ac
2026-07-02 11:17:26.910 9 INFO neutron.db.ovn_revision_numbers_db [None req-ab7468a2-9090-4595-aa04-473a0a6b12c2 91227ea86c4f403288052486ef0ab8ea eda625d432eb45c69cd3a3d8ebdaf302 - - default default] Successfully bumped revision number for resource b7ee3a73-70bf-40c8-b244-4459615266ac (type: networks) to 1
2026-07-02 11:17:26.999 10 INFO neutron.db.ovn_revision_numbers_db [None req-1f430924-c6fb-4bee-b9da-91458b9f4697 83ff6a123b694938a8cf1b9adfc98d93 ef4b28797ef941f2a8192da8b88acea1 - - default default] Successfully bumped revision number for resource ed9c4723-f01e-453e-968c-0ddc40e23a32 (type: security_groups) to 1
2026-07-02 11:17:27.017 10 INFO neutron.db.ovn_revision_numbers_db [None req-1f430924-c6fb-4bee-b9da-91458b9f4697 83ff6a123b694938a8cf1b9adfc98d93 ef4b28797ef941f2a8192da8b88acea1 - - default default] Successfully bumped revision number for resource 012c5866-623f-428b-91bc-6e8a8c578b61 (type: security_group_rules) to 0
2026-07-02 11:17:27.030 10 INFO neutron.db.ovn_revision_numbers_db [None req-1f430924-c6fb-4bee-b9da-91458b9f4697 83ff6a123b694938a8cf1b9adfc98d93 ef4b28797ef941f2a8192da8b88acea1 - - default default] Successfully bumped revision number for resource 588708ce-f918-42d0-8c82-8dfe5d897ea0 (type: security_group_rules) to 0
2026-07-02 11:17:27.043 10 INFO neutron.db.ovn_revision_numbers_db [None req-1f430924-c6fb-4bee-b9da-91458b9f4697 83ff6a123b694938a8cf1b9adfc98d93 ef4b28797ef941f2a8192da8b88acea1 - - default default] Successfully bumped revision number for resource 73ebe72c-f702-4f0d-8ac0-907ba3827d62 (type: security_group_rules) to 0
2026-07-02 11:17:27.056 10 INFO neutron.db.ovn_revision_numbers_db [None req-1f430924-c6fb-4bee-b9da-91458b9f4697 83ff6a123b694938a8cf1b9adfc98d93 ef4b28797ef941f2a8192da8b88acea1 - - default default] Successfully bumped revision number for resource e08d3373-f4c1-4cb8-b22c-1307a02790cb (type: security_group_rules) to 0
2026-07-02 11:17:27.077 9 INFO neutron.api.wsgi [req-000d5b14-df2f-4646-811b-8a02df8364b9 req-99b8a692-d05e-4c0a-a509-4dbb6dc71db9 b68455894e2941a7a32efb8914ecbb43 8d4c9ff6589743c1be49933ce8408a83 - - default default] 10.0.0.231 "GET /v2.0/ports?device_id=61258874-5c26-4201-9339-79739769b4ec HTTP/1.1" status: 200 len: 1174 time: 0.0498669
2026-07-02 11:17:27.092 10 INFO neutron.api.wsgi [None req-1f430924-c6fb-4bee-b9da-91458b9f4697 83ff6a123b694938a8cf1b9adfc98d93 ef4b28797ef941f2a8192da8b88acea1 - - default default] 10.0.0.23 "GET /v2.0/security-groups?tenant_id=504d6b66b2dd4998959892be77ae5f4c&name=default HTTP/1.1" status: 200 len: 3120 time: 0.4719710
2026-07-02 11:17:27.121 9 INFO neutron.api.wsgi [req-000d5b14-df2f-4646-811b-8a02df8364b9 req-69b9b686-db1e-41c5-bea5-7e8505eabd2c b68455894e2941a7a32efb8914ecbb43 8d4c9ff6589743c1be49933ce8408a83 - - default default] 10.0.0.231 "GET /v2.0/security-groups?id=65128b75-a3d5-4caa-b3cc-8eac10daf7ed&fields=id&fields=name HTTP/1.1" status: 200 len: 313 time: 0.0383174
2026-07-02 11:17:27.123 9 WARNING neutron.scheduler.dhcp_agent_scheduler [None req-ab7468a2-9090-4595-aa04-473a0a6b12c2 91227ea86c4f403288052486ef0ab8ea eda625d432eb45c69cd3a3d8ebdaf302 - - default default] No more DHCP agents
2026-07-02 11:17:27.124 9 WARNING neutron.api.rpc.agentnotifiers.dhcp_rpc_agent_api [None req-ab7468a2-9090-4595-aa04-473a0a6b12c2 91227ea86c4f403288052486ef0ab8ea eda625d432eb45c69cd3a3d8ebdaf302 - - default default] Unable to schedule network b7ee3a73-70bf-40c8-b244-4459615266ac: no agents available; will retry on subsequent port and subnet creation events.
2026-07-02 11:17:27.193 9 INFO neutron.db.ovn_revision_numbers_db [None req-ab7468a2-9090-4595-aa04-473a0a6b12c2 91227ea86c4f403288052486ef0ab8ea eda625d432eb45c69cd3a3d8ebdaf302 - - default default] Successfully bumped revision number for resource 5830533d-b553-495b-a742-59117859cf89 (type: ports) to 1
2026-07-02 11:17:27.228 9 INFO neutron.api.wsgi [None req-ab7468a2-9090-4595-aa04-473a0a6b12c2 91227ea86c4f403288052486ef0ab8ea eda625d432eb45c69cd3a3d8ebdaf302 - - default default] 10.0.0.23 "POST /v2.0/networks HTTP/1.1" status: 201 len: 833 time: 0.5589371
2026-07-02 11:17:27.242 9 WARNING neutron_lib.context [None req-76c979df-5e2f-4250-ac29-84d305adac11 91227ea86c4f403288052486ef0ab8ea eda625d432eb45c69cd3a3d8ebdaf302 - - default default] Method 'is_advsvc' is deprecated since 2023.2 release (neutron-lib 3.8.0) and will be removed once support for the old RBAC API policies will be removed from Neutron. Please use method 'is_service_role' instead.
2026-07-02 11:17:27.365 10 INFO neutron.api.wsgi [None req-acadad1e-8361-4ae9-9dbf-34159ae0a687 83ff6a123b694938a8cf1b9adfc98d93 ef4b28797ef941f2a8192da8b88acea1 - - default default] 10.0.0.23 "DELETE /v2.0/security-groups/ed9c4723-f01e-453e-968c-0ddc40e23a32 HTTP/1.1" status: 204 len: 168 time: 0.2667413
2026-07-02 11:17:27.445 9 WARNING neutron.scheduler.dhcp_agent_scheduler [None req-76c979df-5e2f-4250-ac29-84d305adac11 91227ea86c4f403288052486ef0ab8ea eda625d432eb45c69cd3a3d8ebdaf302 - - default default] No more DHCP agents
2026-07-02 11:17:27.446 9 WARNING neutron.api.rpc.agentnotifiers.dhcp_rpc_agent_api [None req-76c979df-5e2f-4250-ac29-84d305adac11 91227ea86c4f403288052486ef0ab8ea eda625d432eb45c69cd3a3d8ebdaf302 - - default default] Unable to schedule network b7ee3a73-70bf-40c8-b244-4459615266ac: no agents available; will retry on subsequent port and subnet creation events.
2026-07-02 11:17:27.668 10 INFO neutron.db.ovn_revision_numbers_db [None req-5cb29da8-13fb-48ca-a233-9bc1fde1d37f 83ff6a123b694938a8cf1b9adfc98d93 ef4b28797ef941f2a8192da8b88acea1 - - default default] Successfully bumped revision number for resource ef508d32-bd89-4281-9950-8ae3cb22952e (type: security_groups) to 1
2026-07-02 11:17:27.681 10 INFO neutron.db.ovn_revision_numbers_db [None req-5cb29da8-13fb-48ca-a233-9bc1fde1d37f 83ff6a123b694938a8cf1b9adfc98d93 ef4b28797ef941f2a8192da8b88acea1 - - default default] Successfully bumped revision number for resource 6d16c35c-acd6-456b-942a-9e7080a70709 (type: security_group_rules) to 0
2026-07-02 11:17:27.694 10 INFO neutron.db.ovn_revision_numbers_db [None req-5cb29da8-13fb-48ca-a233-9bc1fde1d37f 83ff6a123b694938a8cf1b9adfc98d93 ef4b28797ef941f2a8192da8b88acea1 - - default default] Successfully bumped revision number for resource 7e6f88cb-fe88-4a3e-a7df-042beef195e2 (type: security_group_rules) to 0
2026-07-02 11:17:27.702 10 INFO neutron.db.ovn_revision_numbers_db [None req-5cb29da8-13fb-48ca-a233-9bc1fde1d37f 83ff6a123b694938a8cf1b9adfc98d93 ef4b28797ef941f2a8192da8b88acea1 - - default default] Successfully bumped revision number for resource 9a977939-7f8b-486a-a5af-feb2c1b3fac2 (type: security_group_rules) to 0
2026-07-02 11:17:27.717 10 INFO neutron.db.ovn_revision_numbers_db [None req-5cb29da8-13fb-48ca-a233-9bc1fde1d37f 83ff6a123b694938a8cf1b9adfc98d93 ef4b28797ef941f2a8192da8b88acea1 - - default default] Successfully bumped revision number for resource f73b2777-de00-45e6-a946-a3041d5bb24a (type: security_group_rules) to 0
2026-07-02 11:17:27.730 9 INFO neutron.db.ovn_revision_numbers_db [None req-76c979df-5e2f-4250-ac29-84d305adac11 91227ea86c4f403288052486ef0ab8ea eda625d432eb45c69cd3a3d8ebdaf302 - - default default] Successfully bumped revision number for resource 93756cab-e6a7-4933-aec8-15c372cf39d8 (type: subnets) to 0
2026-07-02 11:17:27.747 9 INFO neutron.api.wsgi [None req-76c979df-5e2f-4250-ac29-84d305adac11 91227ea86c4f403288052486ef0ab8ea eda625d432eb45c69cd3a3d8ebdaf302 - - default default] 10.0.0.23 "POST /v2.0/subnets HTTP/1.1" status: 201 len: 845 time: 0.5107944
2026-07-02 11:17:27.756 9 WARNING neutron_lib.context [None req-d4f8e61a-038c-4740-884e-ff66cfdbcc8e 91227ea86c4f403288052486ef0ab8ea eda625d432eb45c69cd3a3d8ebdaf302 - - default default] Method 'is_advsvc' is deprecated since 2023.2 release (neutron-lib 3.8.0) and will be removed once support for the old RBAC API policies will be removed from Neutron. Please use method 'is_service_role' instead.
2026-07-02 11:17:27.757 10 INFO neutron.api.wsgi [None req-5cb29da8-13fb-48ca-a233-9bc1fde1d37f 83ff6a123b694938a8cf1b9adfc98d93 ef4b28797ef941f2a8192da8b88acea1 - - default default] 10.0.0.23 "GET /v2.0/security-groups?tenant_id=2b39b7e95b2f44c1a437950db6c73d57&name=default HTTP/1.1" status: 200 len: 3120 time: 0.2026818
2026-07-02 11:17:27.869 9 INFO neutron.db.ovn_revision_numbers_db [None req-d4f8e61a-038c-4740-884e-ff66cfdbcc8e 91227ea86c4f403288052486ef0ab8ea eda625d432eb45c69cd3a3d8ebdaf302 - - default default] Successfully bumped revision number for resource a25d0023-0a97-4455-b949-bac68499631e (type: routers) to 1
2026-07-02 11:17:27.885 9 INFO neutron.api.wsgi [None req-d4f8e61a-038c-4740-884e-ff66cfdbcc8e 91227ea86c4f403288052486ef0ab8ea eda625d432eb45c69cd3a3d8ebdaf302 - - default default] 10.0.0.23 "POST /v2.0/routers HTTP/1.1" status: 201 len: 806 time: 0.1328614
2026-07-02 11:17:27.985 9 INFO neutron.api.wsgi [None req-bdb4c4cc-7c93-4323-9983-e9a920301c4a 83ff6a123b694938a8cf1b9adfc98d93 ef4b28797ef941f2a8192da8b88acea1 - - default default] 10.0.0.23 "DELETE /v2.0/security-groups/ef508d32-bd89-4281-9950-8ae3cb22952e HTTP/1.1" status: 204 len: 168 time: 0.2231300
2026-07-02 11:17:28.246 9 INFO neutron.api.wsgi [req-eff57d5a-5ee3-46f9-98b9-1fb2cc56d648 req-a2d6886b-361e-4424-aa69-3f2616e17128 b68455894e2941a7a32efb8914ecbb43 8d4c9ff6589743c1be49933ce8408a83 - - default default] 10.0.0.231 "GET /v2.0/ports?device_id=61258874-5c26-4201-9339-79739769b4ec HTTP/1.1" status: 200 len: 1174 time: 0.0469139
2026-07-02 11:17:28.262 10 WARNING neutron.scheduler.dhcp_agent_scheduler [None req-72c641d9-21fc-4299-a832-18d4a0987c38 91227ea86c4f403288052486ef0ab8ea eda625d432eb45c69cd3a3d8ebdaf302 - - default default] No more DHCP agents
2026-07-02 11:17:28.263 10 WARNING neutron.api.rpc.agentnotifiers.dhcp_rpc_agent_api [None req-72c641d9-21fc-4299-a832-18d4a0987c38 91227ea86c4f403288052486ef0ab8ea eda625d432eb45c69cd3a3d8ebdaf302 - - default default] Unable to schedule network b7ee3a73-70bf-40c8-b244-4459615266ac: no agents available; will retry on subsequent port and subnet creation events.
2026-07-02 11:17:28.296 9 INFO neutron.api.wsgi [req-eff57d5a-5ee3-46f9-98b9-1fb2cc56d648 req-b98c39c0-d26d-40f3-8f01-50819794a5c7 b68455894e2941a7a32efb8914ecbb43 8d4c9ff6589743c1be49933ce8408a83 - - default default] 10.0.0.231 "GET /v2.0/security-groups?id=65128b75-a3d5-4caa-b3cc-8eac10daf7ed&fields=id&fields=name HTTP/1.1" status: 200 len: 313 time: 0.0427082
2026-07-02 11:17:28.366 10 INFO neutron.db.ovn_revision_numbers_db [None req-72c641d9-21fc-4299-a832-18d4a0987c38 91227ea86c4f403288052486ef0ab8ea eda625d432eb45c69cd3a3d8ebdaf302 - - default default] Successfully bumped revision number for resource 68ad9973-30ea-47f1-9b79-5fd32dabf57b (type: ports) to 1
2026-07-02 11:17:28.427 10 WARNING neutron_lib.context [None req-6d0a9a55-9713-4538-83a7-6289e93c280e 1b081a6f2205455d916be74f0aed2ea9 67f034f14f134276bbf7c6af3f22e6b8 - - default default] Method 'is_advsvc' is deprecated since 2023.2 release (neutron-lib 3.8.0) and will be removed once support for the old RBAC API policies will be removed from Neutron. Please use method 'is_service_role' instead.
2026-07-02 11:17:28.591 9 INFO neutron.api.wsgi [req-1e9698cb-c4cb-410b-9a5b-09e20eb75403 req-d1a8c8cb-4bbb-4915-9b75-24117c3276a1 ac859a2252c54cc6b0a526a2c5fd2af3 f92b55a119f24ef8b47e978144f28fff - - d35581d8ea3f4597b843713eead5a22c d35581d8ea3f4597b843713eead5a22c] 199.19.213.66 "GET /v2.0/ports?tenant_id=8d4c9ff6589743c1be49933ce8408a83&device_id=61258874-5c26-4201-9339-79739769b4ec HTTP/1.1" status: 200 len: 1413 time: 0.0425830
2026-07-02 11:17:28.599 10 INFO neutron.db.ovn_revision_numbers_db [None req-6d0a9a55-9713-4538-83a7-6289e93c280e 1b081a6f2205455d916be74f0aed2ea9 67f034f14f134276bbf7c6af3f22e6b8 - - default default] Successfully bumped revision number for resource a55e9d70-5d3e-4a2e-8c35-33b2d03e8e74 (type: security_groups) to 1
2026-07-02 11:17:28.616 10 INFO neutron.db.ovn_revision_numbers_db [None req-6d0a9a55-9713-4538-83a7-6289e93c280e 1b081a6f2205455d916be74f0aed2ea9 67f034f14f134276bbf7c6af3f22e6b8 - - default default] Successfully bumped revision number for resource 608b7de0-a16c-4463-bea2-639385ddf173 (type: security_group_rules) to 0
2026-07-02 11:17:28.629 10 INFO neutron.db.ovn_revision_numbers_db [None req-6d0a9a55-9713-4538-83a7-6289e93c280e 1b081a6f2205455d916be74f0aed2ea9 67f034f14f134276bbf7c6af3f22e6b8 - - default default] Successfully bumped revision number for resource b7a0ca57-0a0a-462a-91f9-8ec6d33a1e31 (type: security_group_rules) to 0
2026-07-02 11:17:28.638 9 INFO neutron.api.wsgi [req-1e9698cb-c4cb-410b-9a5b-09e20eb75403 req-15d1cb57-6493-4dfa-a22b-1797d9a04d82 ac859a2252c54cc6b0a526a2c5fd2af3 f92b55a119f24ef8b47e978144f28fff - - d35581d8ea3f4597b843713eead5a22c d35581d8ea3f4597b843713eead5a22c] 199.19.213.66 "GET /v2.0/networks?id=cdc80a5d-7b51-47ba-ad1e-46ddad2ac2a7 HTTP/1.1" status: 200 len: 972 time: 0.0397272
2026-07-02 11:17:28.661 10 INFO neutron.db.ovn_revision_numbers_db [None req-6d0a9a55-9713-4538-83a7-6289e93c280e 1b081a6f2205455d916be74f0aed2ea9 67f034f14f134276bbf7c6af3f22e6b8 - - default default] Successfully bumped revision number for resource ba10e3df-b83d-494b-9258-eb16a60d97b6 (type: security_group_rules) to 0
2026-07-02 11:17:28.677 9 INFO neutron.api.wsgi [req-1e9698cb-c4cb-410b-9a5b-09e20eb75403 req-03cd3173-6b67-4991-ac39-b9f6af5d0c33 ac859a2252c54cc6b0a526a2c5fd2af3 f92b55a119f24ef8b47e978144f28fff - - d35581d8ea3f4597b843713eead5a22c d35581d8ea3f4597b843713eead5a22c] 199.19.213.66 "GET /v2.0/floatingips?fixed_ip_address=10.100.0.12&port_id=c4c1e242-56f0-4981-9073-57e1ce5e13c5 HTTP/1.1" status: 200 len: 1060 time: 0.0336945
2026-07-02 11:17:28.678 10 INFO neutron.db.ovn_revision_numbers_db [None req-6d0a9a55-9713-4538-83a7-6289e93c280e 1b081a6f2205455d916be74f0aed2ea9 67f034f14f134276bbf7c6af3f22e6b8 - - default default] Successfully bumped revision number for resource ef508abd-daf0-4b3f-b9c5-1faf2b9a18f7 (type: security_group_rules) to 0
2026-07-02 11:17:28.705 9 INFO neutron.api.wsgi [req-1e9698cb-c4cb-410b-9a5b-09e20eb75403 req-7f8b3c9d-c09c-492c-b230-4a89dce9c93d ac859a2252c54cc6b0a526a2c5fd2af3 f92b55a119f24ef8b47e978144f28fff - - d35581d8ea3f4597b843713eead5a22c d35581d8ea3f4597b843713eead5a22c] 199.19.213.66 "GET /v2.0/subnets?id=51691670-6edb-452c-9b74-33e68396a9ef HTTP/1.1" status: 200 len: 892 time: 0.0211554
2026-07-02 11:17:28.738 9 INFO neutron.api.wsgi [req-1e9698cb-c4cb-410b-9a5b-09e20eb75403 req-5e831ee3-c7f4-4da5-a9ef-f75cd1d3277a ac859a2252c54cc6b0a526a2c5fd2af3 f92b55a119f24ef8b47e978144f28fff - - d35581d8ea3f4597b843713eead5a22c d35581d8ea3f4597b843713eead5a22c] 199.19.213.66 "GET /v2.0/ports?network_id=cdc80a5d-7b51-47ba-ad1e-46ddad2ac2a7&device_owner=network%3Adhcp HTTP/1.1" status: 200 len: 210 time: 0.0269573
2026-07-02 11:17:28.755 10 INFO neutron.db.segments_db [None req-6d0a9a55-9713-4538-83a7-6289e93c280e 1b081a6f2205455d916be74f0aed2ea9 67f034f14f134276bbf7c6af3f22e6b8 - - default default] Added segment 01cb2c00-bd27-4a46-a779-342ab5226230 of type geneve for network 6fef3ca1-b64c-41c3-9128-e30a591da201
2026-07-02 11:17:28.780 9 INFO neutron.api.wsgi [req-1e9698cb-c4cb-410b-9a5b-09e20eb75403 req-6ad8292d-250e-49d0-94c8-6525a3cd86ea ac859a2252c54cc6b0a526a2c5fd2af3 f92b55a119f24ef8b47e978144f28fff - - d35581d8ea3f4597b843713eead5a22c d35581d8ea3f4597b843713eead5a22c] 199.19.213.66 "GET /v2.0/networks/cdc80a5d-7b51-47ba-ad1e-46ddad2ac2a7?fields=segments HTTP/1.1" status: 200 len: 212 time: 0.0358872
2026-07-02 11:17:28.826 9 INFO neutron.api.wsgi [req-1e9698cb-c4cb-410b-9a5b-09e20eb75403 req-1c415d45-61a2-4c9e-be3f-e5493e365bec ac859a2252c54cc6b0a526a2c5fd2af3 f92b55a119f24ef8b47e978144f28fff - - d35581d8ea3f4597b843713eead5a22c d35581d8ea3f4597b843713eead5a22c] 199.19.213.66 "GET /v2.0/networks/cdc80a5d-7b51-47ba-ad1e-46ddad2ac2a7?fields=provider%3Aphysical_network&fields=provider%3Anetwork_type HTTP/1.1" status: 200 len: 277 time: 0.0398364
2026-07-02 11:17:28.845 10 INFO neutron.plugins.ml2.drivers.ovn.mech_driver.mech_driver [None req-a8bc35bc-487a-4c06-a786-5d06922174b5 - - - - - -] OVN reports status up for port: 68ad9973-30ea-47f1-9b79-5fd32dabf57b
2026-07-02 11:17:28.869 10 INFO neutron.plugins.ml2.plugin [None req-a8bc35bc-487a-4c06-a786-5d06922174b5 - - - - - -] Attempt 1 to provision port 68ad9973-30ea-47f1-9b79-5fd32dabf57b
2026-07-02 11:17:28.881 10 INFO neutron.db.ovn_revision_numbers_db [None req-72c641d9-21fc-4299-a832-18d4a0987c38 91227ea86c4f403288052486ef0ab8ea eda625d432eb45c69cd3a3d8ebdaf302 - - default default] Successfully bumped revision number for resource 68ad9973-30ea-47f1-9b79-5fd32dabf57b (type: ports) to 1
2026-07-02 11:17:28.933 10 INFO neutron.db.ovn_revision_numbers_db [None req-6d0a9a55-9713-4538-83a7-6289e93c280e 1b081a6f2205455d916be74f0aed2ea9 67f034f14f134276bbf7c6af3f22e6b8 - - default default] Successfully bumped revision number for resource 6fef3ca1-b64c-41c3-9128-e30a591da201 (type: networks) to 1
2026-07-02 11:17:28.979 10 WARNING neutron.scheduler.dhcp_agent_scheduler [None req-72c641d9-21fc-4299-a832-18d4a0987c38 91227ea86c4f403288052486ef0ab8ea eda625d432eb45c69cd3a3d8ebdaf302 - - default default] No more DHCP agents
2026-07-02 11:17:28.984 10 WARNING neutron.api.rpc.agentnotifiers.dhcp_rpc_agent_api [None req-72c641d9-21fc-4299-a832-18d4a0987c38 91227ea86c4f403288052486ef0ab8ea eda625d432eb45c69cd3a3d8ebdaf302 - - default default] Unable to schedule network b7ee3a73-70bf-40c8-b244-4459615266ac: no agents available; will retry on subsequent port and subnet creation events.
2026-07-02 11:17:29.179 10 WARNING neutron.scheduler.dhcp_agent_scheduler [None req-6d0a9a55-9713-4538-83a7-6289e93c280e 1b081a6f2205455d916be74f0aed2ea9 67f034f14f134276bbf7c6af3f22e6b8 - - default default] No more DHCP agents
2026-07-02 11:17:29.181 10 WARNING neutron.api.rpc.agentnotifiers.dhcp_rpc_agent_api [None req-6d0a9a55-9713-4538-83a7-6289e93c280e 1b081a6f2205455d916be74f0aed2ea9 67f034f14f134276bbf7c6af3f22e6b8 - - default default] Unable to schedule network 6fef3ca1-b64c-41c3-9128-e30a591da201: no agents available; will retry on subsequent port and subnet creation events.
2026-07-02 11:17:29.291 10 INFO neutron.db.ovn_revision_numbers_db [None req-72c641d9-21fc-4299-a832-18d4a0987c38 91227ea86c4f403288052486ef0ab8ea eda625d432eb45c69cd3a3d8ebdaf302 - - default default] Successfully bumped revision number for resource 68ad9973-30ea-47f1-9b79-5fd32dabf57b (type: router_ports) to 1
2026-07-02 11:17:29.296 10 INFO neutron.api.wsgi [None req-72c641d9-21fc-4299-a832-18d4a0987c38 91227ea86c4f403288052486ef0ab8ea eda625d432eb45c69cd3a3d8ebdaf302 - - default default] 10.0.0.23 "PUT /v2.0/routers/a25d0023-0a97-4455-b949-bac68499631e/add_router_interface HTTP/1.1" status: 200 len: 503 time: 1.4050157
2026-07-02 11:17:29.321 10 INFO neutron.db.ovn_revision_numbers_db [None req-6d0a9a55-9713-4538-83a7-6289e93c280e 1b081a6f2205455d916be74f0aed2ea9 67f034f14f134276bbf7c6af3f22e6b8 - - default default] Successfully bumped revision number for resource 725ec024-dacb-4d71-87a8-857d1aebc6e2 (type: ports) to 1
2026-07-02 11:17:29.365 10 INFO neutron.api.wsgi [None req-6d0a9a55-9713-4538-83a7-6289e93c280e 1b081a6f2205455d916be74f0aed2ea9 67f034f14f134276bbf7c6af3f22e6b8 - - default default] 10.0.0.23 "POST /v2.0/networks HTTP/1.1" status: 201 len: 843 time: 1.0865464
2026-07-02 11:17:29.386 10 INFO neutron.api.wsgi [None req-8be682a5-b170-4558-80b8-631763453cf0 91227ea86c4f403288052486ef0ab8ea eda625d432eb45c69cd3a3d8ebdaf302 - - default default] 10.0.0.23 "GET /v2.0/ports/68ad9973-30ea-47f1-9b79-5fd32dabf57b HTTP/1.1" status: 200 len: 1141 time: 0.0834849
2026-07-02 11:17:29.389 9 INFO neutron.api.wsgi [req-be125cf1-23d5-4ab0-a77c-f10d7584a1ef req-6a425d9f-e526-40ae-878f-d023ddd48e19 b68455894e2941a7a32efb8914ecbb43 8d4c9ff6589743c1be49933ce8408a83 - - default default] 10.0.0.231 "GET /v2.0/ports?device_id=61258874-5c26-4201-9339-79739769b4ec HTTP/1.1" status: 200 len: 1174 time: 0.0300357
2026-07-02 11:17:29.405 9 WARNING neutron_lib.context [None req-5e7f3c3c-d869-4cb7-834a-438bb1986d4c 1b081a6f2205455d916be74f0aed2ea9 67f034f14f134276bbf7c6af3f22e6b8 - - default default] Method 'is_advsvc' is deprecated since 2023.2 release (neutron-lib 3.8.0) and will be removed once support for the old RBAC API policies will be removed from Neutron. Please use method 'is_service_role' instead.
2026-07-02 11:17:29.416 10 INFO neutron.api.wsgi [None req-3dfcc8b0-dc4f-4121-a4fa-a1298d6ee56b 91227ea86c4f403288052486ef0ab8ea eda625d432eb45c69cd3a3d8ebdaf302 - - default default] 10.0.0.23 "GET /v2.0/ports/68ad9973-30ea-47f1-9b79-5fd32dabf57b HTTP/1.1" status: 200 len: 1141 time: 0.0246837
2026-07-02 11:17:29.417 10 INFO neutron.db.ovn_revision_numbers_db [None req-a8bc35bc-487a-4c06-a786-5d06922174b5 - - - - - -] Successfully bumped revision number for resource 68ad9973-30ea-47f1-9b79-5fd32dabf57b (type: ports) to 2
2026-07-02 11:17:29.445 9 INFO neutron.api.wsgi [req-be125cf1-23d5-4ab0-a77c-f10d7584a1ef req-09064523-2ba4-49a8-ab78-a1ae7f88fa13 b68455894e2941a7a32efb8914ecbb43 8d4c9ff6589743c1be49933ce8408a83 - - default default] 10.0.0.231 "GET /v2.0/security-groups?id=65128b75-a3d5-4caa-b3cc-8eac10daf7ed&fields=id&fields=name HTTP/1.1" status: 200 len: 313 time: 0.0518610
2026-07-02 11:17:29.639 9 WARNING neutron.scheduler.dhcp_agent_scheduler [None req-5e7f3c3c-d869-4cb7-834a-438bb1986d4c 1b081a6f2205455d916be74f0aed2ea9 67f034f14f134276bbf7c6af3f22e6b8 - - default default] No more DHCP agents
2026-07-02 11:17:29.641 9 WARNING neutron.api.rpc.agentnotifiers.dhcp_rpc_agent_api [None req-5e7f3c3c-d869-4cb7-834a-438bb1986d4c 1b081a6f2205455d916be74f0aed2ea9 67f034f14f134276bbf7c6af3f22e6b8 - - default default] Unable to schedule network 6fef3ca1-b64c-41c3-9128-e30a591da201: no agents available; will retry on subsequent port and subnet creation events.
2026-07-02 11:17:30.039 9 INFO neutron.api.wsgi [None req-7e1b3b32-5a52-4f56-9472-98f0fec672af 91227ea86c4f403288052486ef0ab8ea eda625d432eb45c69cd3a3d8ebdaf302 - - default default] 10.0.0.23 "PUT /v2.0/routers/a25d0023-0a97-4455-b949-bac68499631e/remove_router_interface HTTP/1.1" status: 200 len: 503 time: 0.6166945
2026-07-02 11:17:30.073 10 INFO neutron.api.wsgi [None req-25474140-47df-4996-b9cb-9ff02b5620aa 91227ea86c4f403288052486ef0ab8ea eda625d432eb45c69cd3a3d8ebdaf302 - - default default] 10.0.0.23 "GET /v2.0/ports?device_id=a25d0023-0a97-4455-b949-bac68499631e HTTP/1.1" status: 200 len: 205 time: 0.0295599
2026-07-02 11:17:30.216 9 INFO neutron.db.ovn_revision_numbers_db [None req-aecc439e-a3ba-4caa-8f30-fee108af83e1 - - - - - -] Successfully bumped revision number for resource 725ec024-dacb-4d71-87a8-857d1aebc6e2 (type: ports) to 2
2026-07-02 11:17:30.257 9 INFO neutron.db.ovn_revision_numbers_db [None req-aecc439e-a3ba-4caa-8f30-fee108af83e1 - - - - - -] Successfully bumped revision number for resource a3a0a746-9aa8-4ec9-bb29-9b693d2aa99b (type: subnets) to 0
2026-07-02 11:17:30.258 10 INFO neutron.api.wsgi [None req-ff9960f7-99dc-438b-a782-cb42345c40a6 91227ea86c4f403288052486ef0ab8ea eda625d432eb45c69cd3a3d8ebdaf302 - - default default] 10.0.0.23 "DELETE /v2.0/routers/a25d0023-0a97-4455-b949-bac68499631e HTTP/1.1" status: 204 len: 168 time: 0.1825976 /var/lib/openstack/lib/python3.12/site-packages/pycadf/identifier.py:71: UserWarning: Invalid uuid: neutron. To ensure interoperability, identifiers should be a valid uuid. warnings.warn(('Invalid uuid: %s. To ensure interoperability, '
2026-07-02 11:17:30.281 9 INFO neutron.api.wsgi [None req-5e7f3c3c-d869-4cb7-834a-438bb1986d4c 1b081a6f2205455d916be74f0aed2ea9 67f034f14f134276bbf7c6af3f22e6b8 - - default default] 10.0.0.23 "POST /v2.0/subnets HTTP/1.1" status: 201 len: 840 time: 0.8802640
2026-07-02 11:17:30.292 10 WARNING neutron_lib.context [None req-4d6b1847-28a6-484d-9d2e-2686fdcc4734 1b081a6f2205455d916be74f0aed2ea9 67f034f14f134276bbf7c6af3f22e6b8 - - default default] Method 'is_advsvc' is deprecated since 2023.2 release (neutron-lib 3.8.0) and will be removed once support for the old RBAC API policies will be removed from Neutron. Please use method 'is_service_role' instead.
2026-07-02 11:17:30.376 10 INFO neutron.db.segments_db [None req-4d6b1847-28a6-484d-9d2e-2686fdcc4734 1b081a6f2205455d916be74f0aed2ea9 67f034f14f134276bbf7c6af3f22e6b8 - - default default] Added segment 13a04baa-074d-4735-a988-cf535df07f51 of type geneve for network 7f17398d-10a9-40e6-a36b-8486e9011465
2026-07-02 11:17:30.405 9 INFO neutron.api.wsgi [None req-3f49c9a4-3bb0-4651-94d5-1dedd54c442c 91227ea86c4f403288052486ef0ab8ea eda625d432eb45c69cd3a3d8ebdaf302 - - default default] 10.0.0.23 "DELETE /v2.0/subnets/93756cab-e6a7-4933-aec8-15c372cf39d8 HTTP/1.1" status: 204 len: 168 time: 0.1382618
2026-07-02 11:17:30.480 9 INFO neutron.plugins.ml2.drivers.ovn.mech_driver.mech_driver [None req-2f0211b2-46c5-4f4d-8cfb-f23ed48b25dc - - - - - -] OVN reports status down for port: c4c1e242-56f0-4981-9073-57e1ce5e13c5
2026-07-02 11:17:30.517 10 INFO neutron.db.ovn_revision_numbers_db [None req-4d6b1847-28a6-484d-9d2e-2686fdcc4734 1b081a6f2205455d916be74f0aed2ea9 67f034f14f134276bbf7c6af3f22e6b8 - - default default] Successfully bumped revision number for resource 7f17398d-10a9-40e6-a36b-8486e9011465 (type: networks) to 1
2026-07-02 11:17:30.590 9 INFO neutron.api.wsgi [req-42e4256c-2d98-4ac9-948d-e1eee66fc80d req-d670e747-f7c3-40d6-bcfc-38dd3f27cd62 b68455894e2941a7a32efb8914ecbb43 8d4c9ff6589743c1be49933ce8408a83 - - default default] 10.0.0.231 "GET /v2.0/ports?device_id=61258874-5c26-4201-9339-79739769b4ec HTTP/1.1" status: 200 len: 1174 time: 0.0515449
2026-07-02 11:17:30.658 9 INFO neutron.notifiers.nova [-] Nova event matching ['req-6ee04e01-2770-4ec4-967e-b47996da8e58'] response: {'server_uuid': '61258874-5c26-4201-9339-79739769b4ec', 'name': 'network-vif-unplugged', 'status': 'completed', 'tag': 'c4c1e242-56f0-4981-9073-57e1ce5e13c5', 'code': 200}
2026-07-02 11:17:30.666 9 INFO neutron.api.wsgi [req-42e4256c-2d98-4ac9-948d-e1eee66fc80d req-35c99ff4-c8e2-491a-9619-a88497b37374 b68455894e2941a7a32efb8914ecbb43 8d4c9ff6589743c1be49933ce8408a83 - - default default] 10.0.0.231 "GET /v2.0/security-groups?id=65128b75-a3d5-4caa-b3cc-8eac10daf7ed&fields=id&fields=name HTTP/1.1" status: 200 len: 313 time: 0.0635121
2026-07-02 11:17:30.757 10 WARNING neutron.scheduler.dhcp_agent_scheduler [None req-4d6b1847-28a6-484d-9d2e-2686fdcc4734 1b081a6f2205455d916be74f0aed2ea9 67f034f14f134276bbf7c6af3f22e6b8 - - default default] No more DHCP agents
2026-07-02 11:17:30.761 10 WARNING neutron.api.rpc.agentnotifiers.dhcp_rpc_agent_api [None req-4d6b1847-28a6-484d-9d2e-2686fdcc4734 1b081a6f2205455d916be74f0aed2ea9 67f034f14f134276bbf7c6af3f22e6b8 - - default default] Unable to schedule network 7f17398d-10a9-40e6-a36b-8486e9011465: no agents available; will retry on subsequent port and subnet creation events.
2026-07-02 11:17:30.798 9 INFO neutron.db.ovn_revision_numbers_db [None req-2f0211b2-46c5-4f4d-8cfb-f23ed48b25dc - - - - - -] Successfully bumped revision number for resource c4c1e242-56f0-4981-9073-57e1ce5e13c5 (type: ports) to 6
2026-07-02 11:17:30.845 10 INFO neutron.services.segments.plugin [-] Segment 0bcc7163-ca6a-41ee-b172-77ab5d158d90 resource provider aggregate not found
2026-07-02 11:17:30.848 10 INFO neutron.services.segments.plugin [-] Segment 0bcc7163-ca6a-41ee-b172-77ab5d158d90 resource provider aggregate not found
2026-07-02 11:17:30.865 10 INFO neutron.services.segments.plugin [-] Segment 0bcc7163-ca6a-41ee-b172-77ab5d158d90 resource provider not found; error: Placement Client Error (4xx): {"errors": [{"status": 404, "title": "Not Found", "detail": "The resource could not be found.\n\n No resource provider with uuid 0bcc7163-ca6a-41ee-b172-77ab5d158d90 found for delete ", "request_id": "req-e1eb8224-b88c-4268-8885-c64ca4feef19"}]}
2026-07-02 11:17:30.868 10 INFO neutron.services.segments.plugin [-] Segment 0bcc7163-ca6a-41ee-b172-77ab5d158d90 resource provider not found; error: Placement Client Error (4xx): {"errors": [{"status": 404, "title": "Not Found", "detail": "The resource could not be found.\n\n No resource provider with uuid 0bcc7163-ca6a-41ee-b172-77ab5d158d90 found for delete ", "request_id": "req-7c933fda-72d4-44f3-b027-80d20b48c106"}]}
2026-07-02 11:17:30.876 10 INFO neutron.db.ovn_revision_numbers_db [None req-4d6b1847-28a6-484d-9d2e-2686fdcc4734 1b081a6f2205455d916be74f0aed2ea9 67f034f14f134276bbf7c6af3f22e6b8 - - default default] Successfully bumped revision number for resource 33dea24a-3f15-43fb-98aa-e1343f7595ac (type: ports) to 1
2026-07-02 11:17:30.880 10 INFO neutron.api.wsgi [None req-2dd23c36-dce7-4e1a-a713-37b2ab387656 91227ea86c4f403288052486ef0ab8ea eda625d432eb45c69cd3a3d8ebdaf302 - - default default] 10.0.0.23 "DELETE /v2.0/networks/b7ee3a73-70bf-40c8-b244-4459615266ac HTTP/1.1" status: 204 len: 168 time: 0.4684250
2026-07-02 11:17:30.891 10 WARNING neutron_lib.context [None req-474d2217-203d-43ca-898c-3fbccd94e81e 91227ea86c4f403288052486ef0ab8ea eda625d432eb45c69cd3a3d8ebdaf302 - - default default] Method 'is_advsvc' is deprecated since 2023.2 release (neutron-lib 3.8.0) and will be removed once support for the old RBAC API policies will be removed from Neutron. Please use method 'is_service_role' instead.
2026-07-02 11:17:30.912 10 INFO neutron.api.wsgi [None req-4d6b1847-28a6-484d-9d2e-2686fdcc4734 1b081a6f2205455d916be74f0aed2ea9 67f034f14f134276bbf7c6af3f22e6b8 - - default default] 10.0.0.23 "POST /v2.0/networks HTTP/1.1" status: 201 len: 843 time: 0.6256309
2026-07-02 11:17:31.111 10 INFO neutron.db.ovn_revision_numbers_db [None req-04d4312d-6440-40f1-90fa-2118eb56949f 1b081a6f2205455d916be74f0aed2ea9 67f034f14f134276bbf7c6af3f22e6b8 - - default default] Successfully bumped revision number for resource 7f17398d-10a9-40e6-a36b-8486e9011465 (type: networks) to 2
2026-07-02 11:17:31.114 10 INFO neutron.api.wsgi [None req-04d4312d-6440-40f1-90fa-2118eb56949f 1b081a6f2205455d916be74f0aed2ea9 67f034f14f134276bbf7c6af3f22e6b8 - - default default] 10.0.0.23 "PUT /v2.0/networks/7f17398d-10a9-40e6-a36b-8486e9011465 HTTP/1.1" status: 200 len: 792 time: 0.1953797
2026-07-02 11:17:31.124 10 WARNING neutron_lib.context [None req-bbd31eab-171b-481d-a820-3c4a01018ff0 1b081a6f2205455d916be74f0aed2ea9 67f034f14f134276bbf7c6af3f22e6b8 - - default default] Method 'is_advsvc' is deprecated since 2023.2 release (neutron-lib 3.8.0) and will be removed once support for the old RBAC API policies will be removed from Neutron. Please use method 'is_service_role' instead.
2026-07-02 11:17:31.356 10 WARNING neutron.scheduler.dhcp_agent_scheduler [None req-474d2217-203d-43ca-898c-3fbccd94e81e 91227ea86c4f403288052486ef0ab8ea eda625d432eb45c69cd3a3d8ebdaf302 - - default default] No more DHCP agents
2026-07-02 11:17:31.358 10 WARNING neutron.api.rpc.agentnotifiers.dhcp_rpc_agent_api [None req-474d2217-203d-43ca-898c-3fbccd94e81e 91227ea86c4f403288052486ef0ab8ea eda625d432eb45c69cd3a3d8ebdaf302 - - default default] Unable to schedule network 5aa32851-cb45-4eb3-bf52-e9f816c51679: no agents available; will retry on subsequent port and subnet creation events.
2026-07-02 11:17:31.369 10 WARNING neutron.scheduler.dhcp_agent_scheduler [None req-bbd31eab-171b-481d-a820-3c4a01018ff0 1b081a6f2205455d916be74f0aed2ea9 67f034f14f134276bbf7c6af3f22e6b8 - - default default] No more DHCP agents
2026-07-02 11:17:31.371 10 WARNING neutron.api.rpc.agentnotifiers.dhcp_rpc_agent_api [None req-bbd31eab-171b-481d-a820-3c4a01018ff0 1b081a6f2205455d916be74f0aed2ea9 67f034f14f134276bbf7c6af3f22e6b8 - - default default] Unable to schedule network 7f17398d-10a9-40e6-a36b-8486e9011465: no agents available; will retry on subsequent port and subnet creation events.
2026-07-02 11:17:31.490 10 INFO neutron.db.ovn_revision_numbers_db [None req-474d2217-203d-43ca-898c-3fbccd94e81e 91227ea86c4f403288052486ef0ab8ea eda625d432eb45c69cd3a3d8ebdaf302 - - default default] Successfully bumped revision number for resource e721f6f5-8ef2-4dbe-a54a-fb87b7a2711a (type: ports) to 1 /var/lib/openstack/lib/python3.12/site-packages/pycadf/identifier.py:71: UserWarning: Invalid uuid: neutron. To ensure interoperability, identifiers should be a valid uuid. warnings.warn(('Invalid uuid: %s. To ensure interoperability, '
2026-07-02 11:17:31.841 9 INFO neutron.api.wsgi [req-9e51319f-757f-4e4c-a2d5-4701c03990c1 req-b2828768-94fa-4c1b-acc0-5b7d37d329e5 b68455894e2941a7a32efb8914ecbb43 8d4c9ff6589743c1be49933ce8408a83 - - default default] 10.0.0.231 "GET /v2.0/ports?device_id=61258874-5c26-4201-9339-79739769b4ec HTTP/1.1" status: 200 len: 1172 time: 0.0933046
2026-07-02 11:17:31.842 9 INFO neutron.db.ovn_revision_numbers_db [None req-08382138-eff4-4f5b-b431-78bd59d9cade 83ff6a123b694938a8cf1b9adfc98d93 ef4b28797ef941f2a8192da8b88acea1 - - default default] Successfully bumped revision number for resource e3e074d2-5c2e-4a55-b3ae-3b058bdeff27 (type: security_groups) to 1
2026-07-02 11:17:31.865 9 INFO neutron.db.ovn_revision_numbers_db [None req-08382138-eff4-4f5b-b431-78bd59d9cade 83ff6a123b694938a8cf1b9adfc98d93 ef4b28797ef941f2a8192da8b88acea1 - - default default] Successfully bumped revision number for resource 2410da56-5e4d-43b9-b725-ffb1462b2a35 (type: security_group_rules) to 0
2026-07-02 11:17:31.887 9 INFO neutron.db.ovn_revision_numbers_db [None req-08382138-eff4-4f5b-b431-78bd59d9cade 83ff6a123b694938a8cf1b9adfc98d93 ef4b28797ef941f2a8192da8b88acea1 - - default default] Successfully bumped revision number for resource 99ca3e10-df2d-4142-bb82-6993e2d31374 (type: security_group_rules) to 0
2026-07-02 11:17:31.904 9 INFO neutron.api.wsgi [req-9e51319f-757f-4e4c-a2d5-4701c03990c1 req-e28ab0e6-2ba1-41bc-a490-be8b3c823bf3 b68455894e2941a7a32efb8914ecbb43 8d4c9ff6589743c1be49933ce8408a83 - - default default] 10.0.0.231 "GET /v2.0/security-groups?id=65128b75-a3d5-4caa-b3cc-8eac10daf7ed&fields=id&fields=name HTTP/1.1" status: 200 len: 313 time: 0.0571301
2026-07-02 11:17:31.912 9 INFO neutron.db.ovn_revision_numbers_db [None req-08382138-eff4-4f5b-b431-78bd59d9cade 83ff6a123b694938a8cf1b9adfc98d93 ef4b28797ef941f2a8192da8b88acea1 - - default default] Successfully bumped revision number for resource e3361dcd-cad4-4313-a61b-d217f08904ba (type: security_group_rules) to 0
2026-07-02 11:17:31.926 10 INFO neutron.db.ovn_revision_numbers_db [None req-70013519-e9b3-45ec-be3b-5a0385c07d45 - - - - - -] Successfully bumped revision number for resource 33dea24a-3f15-43fb-98aa-e1343f7595ac (type: ports) to 2
2026-07-02 11:17:31.930 9 INFO neutron.db.ovn_revision_numbers_db [None req-08382138-eff4-4f5b-b431-78bd59d9cade 83ff6a123b694938a8cf1b9adfc98d93 ef4b28797ef941f2a8192da8b88acea1 - - default default] Successfully bumped revision number for resource fd700969-153d-4e04-8942-ec4d630416bf (type: security_group_rules) to 0
2026-07-02 11:17:31.956 10 INFO neutron.db.ovn_revision_numbers_db [None req-70013519-e9b3-45ec-be3b-5a0385c07d45 - - - - - -] Successfully bumped revision number for resource 783cc956-ba4f-4951-beba-3b4f7b555007 (type: subnets) to 0
2026-07-02 11:17:31.969 9 INFO neutron.api.wsgi [None req-08382138-eff4-4f5b-b431-78bd59d9cade 83ff6a123b694938a8cf1b9adfc98d93 ef4b28797ef941f2a8192da8b88acea1 - - default default] 10.0.0.23 "GET /v2.0/security-groups?tenant_id=b8922c98ee634a53a7182a47e99b822f&name=default HTTP/1.1" status: 200 len: 3120 time: 0.4651134
2026-07-02 11:17:31.977 10 INFO neutron.api.wsgi [None req-bbd31eab-171b-481d-a820-3c4a01018ff0 1b081a6f2205455d916be74f0aed2ea9 67f034f14f134276bbf7c6af3f22e6b8 - - default default] 10.0.0.23 "POST /v2.0/subnets HTTP/1.1" status: 201 len: 825 time: 0.8554709
2026-07-02 11:17:32.165 9 INFO neutron.api.wsgi [None req-6d88aed8-bbcc-4250-95f5-4c57b3ab3172 83ff6a123b694938a8cf1b9adfc98d93 ef4b28797ef941f2a8192da8b88acea1 - - default default] 10.0.0.23 "DELETE /v2.0/security-groups/e3e074d2-5c2e-4a55-b3ae-3b058bdeff27 HTTP/1.1" status: 204 len: 168 time: 0.1898024
2026-07-02 11:17:32.180 10 INFO neutron.plugins.ml2.drivers.ovn.mech_driver.ovsdb.commands [None req-5f9fa494-ea92-42cf-85a0-02e2d2ca8ed7 - - - - - -] Schedule LRP lrp-e721f6f5-8ef2-4dbe-a54a-fb87b7a2711a on gateway 8ccc8b3f-7475-4ea5-9c47-373a24777b6b with priority 1
2026-07-02 11:17:32.191 9 INFO neutron.plugins.ml2.drivers.ovn.mech_driver.mech_driver [None req-bea699dd-12ae-43ea-9986-5961e0f364c4 - - - - - -] OVN reports status up for port: e721f6f5-8ef2-4dbe-a54a-fb87b7a2711a
2026-07-02 11:17:32.200 9 INFO neutron.plugins.ml2.plugin [None req-bea699dd-12ae-43ea-9986-5961e0f364c4 - - - - - -] Attempt 1 to provision port e721f6f5-8ef2-4dbe-a54a-fb87b7a2711a
2026-07-02 11:17:32.242 10 INFO neutron.db.ovn_revision_numbers_db [None req-474d2217-203d-43ca-898c-3fbccd94e81e 91227ea86c4f403288052486ef0ab8ea eda625d432eb45c69cd3a3d8ebdaf302 - - default default] Successfully bumped revision number for resource e721f6f5-8ef2-4dbe-a54a-fb87b7a2711a (type: router_ports) to 1
2026-07-02 11:17:32.336 10 INFO neutron.db.ovn_revision_numbers_db [None req-66ea7a5b-e709-4f67-9b2a-e89a5b0d2e86 1b081a6f2205455d916be74f0aed2ea9 67f034f14f134276bbf7c6af3f22e6b8 - - default default] Successfully bumped revision number for resource 783cc956-ba4f-4951-beba-3b4f7b555007 (type: subnets) to 1
2026-07-02 11:17:32.339 10 INFO neutron.api.wsgi [None req-66ea7a5b-e709-4f67-9b2a-e89a5b0d2e86 1b081a6f2205455d916be74f0aed2ea9 67f034f14f134276bbf7c6af3f22e6b8 - - default default] 10.0.0.23 "PUT /v2.0/subnets/783cc956-ba4f-4951-beba-3b4f7b555007 HTTP/1.1" status: 200 len: 830 time: 0.3583150
2026-07-02 11:17:32.342 10 INFO neutron.db.ovn_revision_numbers_db [None req-474d2217-203d-43ca-898c-3fbccd94e81e 91227ea86c4f403288052486ef0ab8ea eda625d432eb45c69cd3a3d8ebdaf302 - - default default] Successfully bumped revision number for resource 77043dcd-797f-43c6-9bbb-b0d74d723355 (type: routers) to 2
2026-07-02 11:17:32.362 10 INFO neutron.api.wsgi [None req-474d2217-203d-43ca-898c-3fbccd94e81e 91227ea86c4f403288052486ef0ab8ea eda625d432eb45c69cd3a3d8ebdaf302 - - default default] 10.0.0.23 "POST /v2.0/routers HTTP/1.1" status: 201 len: 1151 time: 1.4759474
2026-07-02 11:17:32.437 9 INFO neutron.api.wsgi [None req-14639dbe-f987-4805-ae88-f8e14bd4bd85 91227ea86c4f403288052486ef0ab8ea eda625d432eb45c69cd3a3d8ebdaf302 - - default default] 10.0.0.23 "GET /v2.0/routers/77043dcd-797f-43c6-9bbb-b0d74d723355 HTTP/1.1" status: 200 len: 1152 time: 0.0702991
2026-07-02 11:17:32.527 9 INFO neutron.api.wsgi [None req-34ba3c82-0634-48ab-ac67-646fa35b630a 91227ea86c4f403288052486ef0ab8ea eda625d432eb45c69cd3a3d8ebdaf302 - - default default] 10.0.0.23 "GET /v2.0/routers HTTP/1.1" status: 200 len: 1155 time: 0.0843663
2026-07-02 11:17:32.691 9 INFO neutron.notifiers.nova [-] Nova event matching ['req-b26e522e-0800-4ef7-8079-7f42d87bf105'] response: {'server_uuid': '61258874-5c26-4201-9339-79739769b4ec', 'name': 'network-vif-unplugged', 'status': 'completed', 'tag': 'c4c1e242-56f0-4981-9073-57e1ce5e13c5', 'code': 200}
2026-07-02 11:17:32.928 9 INFO neutron.services.segments.plugin [-] Segment 13a04baa-074d-4735-a988-cf535df07f51 resource provider aggregate not found
2026-07-02 11:17:32.932 9 INFO neutron.services.segments.plugin [-] Segment 13a04baa-074d-4735-a988-cf535df07f51 resource provider aggregate not found
2026-07-02 11:17:32.938 9 INFO neutron.services.segments.plugin [-] Segment 13a04baa-074d-4735-a988-cf535df07f51 resource provider not found; error: Placement Client Error (4xx): {"errors": [{"status": 404, "title": "Not Found", "detail": "The resource could not be found.\n\n No resource provider with uuid 13a04baa-074d-4735-a988-cf535df07f51 found for delete ", "request_id": "req-a8f06217-f6d9-4588-bb4b-38a63a446cf1"}]}
2026-07-02 11:17:32.952 9 INFO neutron.services.segments.plugin [-] Segment 13a04baa-074d-4735-a988-cf535df07f51 resource provider not found; error: Placement Client Error (4xx): {"errors": [{"status": 404, "title": "Not Found", "detail": "The resource could not be found.\n\n No resource provider with uuid 13a04baa-074d-4735-a988-cf535df07f51 found for delete ", "request_id": "req-57d6be86-5c48-40c4-85cf-68cb0aa0d7a7"}]}
2026-07-02 11:17:32.963 9 INFO neutron.api.wsgi [None req-108033a2-9767-45c7-98b5-908bb1b08060 1b081a6f2205455d916be74f0aed2ea9 67f034f14f134276bbf7c6af3f22e6b8 - - default default] 10.0.0.23 "DELETE /v2.0/networks/7f17398d-10a9-40e6-a36b-8486e9011465 HTTP/1.1" status: 204 len: 168 time: 0.6165853
2026-07-02 11:17:32.963 9 INFO neutron.db.ovn_revision_numbers_db [None req-b2bba5c0-b2bf-46b7-839a-1aceb64c8232 91227ea86c4f403288052486ef0ab8ea eda625d432eb45c69cd3a3d8ebdaf302 - - default default] Successfully bumped revision number for resource 77043dcd-797f-43c6-9bbb-b0d74d723355 (type: routers) to 3
2026-07-02 11:17:32.967 9 INFO neutron.api.wsgi [None req-b2bba5c0-b2bf-46b7-839a-1aceb64c8232 91227ea86c4f403288052486ef0ab8ea eda625d432eb45c69cd3a3d8ebdaf302 - - default default] 10.0.0.23 "PUT /v2.0/routers/77043dcd-797f-43c6-9bbb-b0d74d723355 HTTP/1.1" status: 200 len: 1159 time: 0.4351778
2026-07-02 11:17:33.004 9 INFO neutron.pecan_wsgi.hooks.translation [None req-b13beb8a-ad64-4e9d-b2fc-36a4d4c45f00 1b081a6f2205455d916be74f0aed2ea9 67f034f14f134276bbf7c6af3f22e6b8 - - default default] DELETE failed (client error): The resource could not be found.
