2026-07-02 11:17:11.927 9 INFO neutron.api.wsgi [None req-f223ad28-b6c8-4dcd-908b-b8c83ddb53b5 a5921bf74f4040189651a68c6e512f8d c36a7b72df1249f196b458db5c881d2d - - default default] 10.0.0.23 "GET /v2.0/extensions/l3-ha HTTP/1.1" status: 200 len: 360 time: 0.0034437
2026-07-02 11:17:11.936 9 INFO neutron.api.wsgi [None req-58ff3e7e-1f48-4862-9768-f242bc2bb4ca a5921bf74f4040189651a68c6e512f8d c36a7b72df1249f196b458db5c881d2d - - default default] 10.0.0.23 "GET /v2.0/extensions/external-gateway-multihoming HTTP/1.1" status: 200 len: 421 time: 0.0052519
2026-07-02 11:17:11.945 9 INFO neutron.api.wsgi [None req-f2cda328-4bc0-4f16-b0d6-dd93c8602d32 a5921bf74f4040189651a68c6e512f8d c36a7b72df1249f196b458db5c881d2d - - default default] 10.0.0.23 "GET /v2.0/extensions/l3-flavors HTTP/1.1" status: 200 len: 366 time: 0.0042951
2026-07-02 11:17:11.955 10 INFO neutron.api.wsgi [None req-b5f20af6-0fd3-475b-9a59-8991e48f8c63 a5921bf74f4040189651a68c6e512f8d c36a7b72df1249f196b458db5c881d2d - - default default] 10.0.0.23 "GET /v2.0/extensions/logging HTTP/1.1" status: 200 len: 407 time: 0.0054734
2026-07-02 11:17:11.973 9 INFO neutron.api.wsgi [None req-3f27877c-67b7-4b0a-b50a-43ba42deb872 a5921bf74f4040189651a68c6e512f8d c36a7b72df1249f196b458db5c881d2d - - default default] 10.0.0.23 "GET /v2.0/extensions/multi-provider HTTP/1.1" status: 200 len: 406 time: 0.0112212
2026-07-02 11:17:11.985 9 INFO neutron.api.wsgi [None req-494a3905-e868-4c53-bbc0-00cb4ca40ed1 a5921bf74f4040189651a68c6e512f8d c36a7b72df1249f196b458db5c881d2d - - default default] 10.0.0.23 "GET /v2.0/extensions/net-mtu HTTP/1.1" status: 200 len: 370 time: 0.0031235
2026-07-02 11:17:11.994 9 INFO neutron.api.wsgi [None req-b3a87a93-473b-4dde-b8a3-0bab8507fb2c a5921bf74f4040189651a68c6e512f8d c36a7b72df1249f196b458db5c881d2d - - default default] 10.0.0.23 "GET /v2.0/extensions/net-mtu-writable HTTP/1.1" status: 200 len: 401 time: 0.0033903
2026-07-02 11:17:12.004 10 INFO neutron.api.wsgi [None req-5fdbb653-de43-4505-b06e-c3f8e84a1826 a5921bf74f4040189651a68c6e512f8d c36a7b72df1249f196b458db5c881d2d - - default default] 10.0.0.23 "GET /v2.0/extensions/network_availability_zone HTTP/1.1" status: 200 len: 394 time: 0.0059533
2026-07-02 11:17:12.015 9 INFO neutron.api.wsgi [None req-43335e04-e45f-4fc1-9105-c6961ebe5fb0 a5921bf74f4040189651a68c6e512f8d c36a7b72df1249f196b458db5c881d2d - - default default] 10.0.0.23 "GET /v2.0/extensions/network-ip-availability HTTP/1.1" status: 200 len: 410 time: 0.0057688
2026-07-02 11:17:12.022 9 INFO neutron.api.wsgi [None req-e241a170-256b-480c-9e86-22b520a5d560 a5921bf74f4040189651a68c6e512f8d c36a7b72df1249f196b458db5c881d2d - - default default] 10.0.0.23 "GET /v2.0/extensions/pagination HTTP/1.1" status: 200 len: 386 time: 0.0035479
2026-07-02 11:17:12.030 9 INFO neutron.api.wsgi [None req-8aba73b5-8dc1-463a-be36-20c91a28f307 a5921bf74f4040189651a68c6e512f8d c36a7b72df1249f196b458db5c881d2d - - default default] 10.0.0.23 "GET /v2.0/extensions/port-device-profile HTTP/1.1" status: 200 len: 383 time: 0.0035741
2026-07-02 11:17:12.040 9 INFO neutron.api.wsgi [None req-1442163f-c55e-4b79-b25c-925c4cc6bd2d a5921bf74f4040189651a68c6e512f8d c36a7b72df1249f196b458db5c881d2d - - default default] 10.0.0.23 "GET /v2.0/extensions/port-mac-address-regenerate HTTP/1.1" status: 200 len: 403 time: 0.0059204
2026-07-02 11:17:12.047 9 INFO neutron.api.wsgi [None req-3d165c0d-d9cf-4bcd-a5f3-01aae7fe4751 a5921bf74f4040189651a68c6e512f8d c36a7b72df1249f196b458db5c881d2d - - default default] 10.0.0.23 "GET /v2.0/extensions/port-numa-affinity-policy HTTP/1.1" status: 200 len: 392 time: 0.0036941
2026-07-02 11:17:12.054 9 INFO neutron.api.wsgi [None req-eb067949-c59f-41a7-b6fa-63cc69caee0b a5921bf74f4040189651a68c6e512f8d c36a7b72df1249f196b458db5c881d2d - - default default] 10.0.0.23 "GET /v2.0/extensions/port-numa-affinity-policy-socket HTTP/1.1" status: 200 len: 434 time: 0.0036533
2026-07-02 11:17:12.062 9 INFO neutron.api.wsgi [None req-9904bcab-c982-4669-84f7-b4eaf4972b0c a5921bf74f4040189651a68c6e512f8d c36a7b72df1249f196b458db5c881d2d - - default default] 10.0.0.23 "GET /v2.0/extensions/port-resource-request HTTP/1.1" status: 200 len: 379 time: 0.0040386
2026-07-02 11:17:12.069 9 INFO neutron.api.wsgi [None req-fbec2a21-555f-4e0b-9a58-ce49aedfbae6 a5921bf74f4040189651a68c6e512f8d c36a7b72df1249f196b458db5c881d2d - - default default] 10.0.0.23 "GET /v2.0/extensions/port-resource-request-groups HTTP/1.1" status: 200 len: 465 time: 0.0041599
2026-07-02 11:17:12.076 9 INFO neutron.api.wsgi [None req-c64c45ac-11f6-453f-8ee6-940c981fc37f a5921bf74f4040189651a68c6e512f8d c36a7b72df1249f196b458db5c881d2d - - default default] 10.0.0.23 "GET /v2.0/extensions/binding HTTP/1.1" status: 200 len: 387 time: 0.0033803
2026-07-02 11:17:12.082 9 INFO neutron.api.wsgi [None req-c9da4225-987b-4573-a60b-cfb65cadf8f5 a5921bf74f4040189651a68c6e512f8d c36a7b72df1249f196b458db5c881d2d - - default default] 10.0.0.23 "GET /v2.0/extensions/binding-extended HTTP/1.1" status: 200 len: 406 time: 0.0033786
2026-07-02 11:17:12.091 9 INFO neutron.api.wsgi [None req-328b4ca6-89c3-4349-be9d-02ba35fa6f62 a5921bf74f4040189651a68c6e512f8d c36a7b72df1249f196b458db5c881d2d - - default default] 10.0.0.23 "GET /v2.0/extensions/port-security HTTP/1.1" status: 200 len: 354 time: 0.0055599
2026-07-02 11:17:12.098 9 INFO neutron.api.wsgi [None req-d4cc30cf-36a9-4fcf-8281-e897c58d4aee a5921bf74f4040189651a68c6e512f8d c36a7b72df1249f196b458db5c881d2d - - default default] 10.0.0.23 "GET /v2.0/extensions/project-id HTTP/1.1" status: 200 len: 398 time: 0.0037673
2026-07-02 11:17:12.104 9 INFO neutron.api.wsgi [None req-51ef3d80-39cf-459b-9375-bc83d254df11 a5921bf74f4040189651a68c6e512f8d c36a7b72df1249f196b458db5c881d2d - - default default] 10.0.0.23 "GET /v2.0/extensions/provider HTTP/1.1" status: 200 len: 385 time: 0.0033941
2026-07-02 11:17:12.114 10 INFO neutron.api.wsgi [None req-a33eb935-9a6b-44b0-b0d0-329ee3a994f5 a5921bf74f4040189651a68c6e512f8d c36a7b72df1249f196b458db5c881d2d - - default default] 10.0.0.23 "GET /v2.0/extensions/qos HTTP/1.1" status: 200 len: 360 time: 0.0051970
2026-07-02 11:17:12.121 10 INFO neutron.api.wsgi [None req-7cab961c-d934-4483-9b4d-c0a167bf0d1a a5921bf74f4040189651a68c6e512f8d c36a7b72df1249f196b458db5c881d2d - - default default] 10.0.0.23 "GET /v2.0/extensions/qos-bw-limit-direction HTTP/1.1" status: 200 len: 452 time: 0.0042899
2026-07-02 11:17:12.129 10 INFO neutron.api.wsgi [None req-974d3103-0447-455c-af05-6ba1e910050b a5921bf74f4040189651a68c6e512f8d c36a7b72df1249f196b458db5c881d2d - - default default] 10.0.0.23 "GET /v2.0/extensions/qos-bw-minimum-ingress HTTP/1.1" status: 200 len: 445 time: 0.0033703
2026-07-02 11:17:12.137 10 INFO neutron.api.wsgi [None req-302b1d5b-f245-42e6-a0d7-9fa22dcdb89f a5921bf74f4040189651a68c6e512f8d c36a7b72df1249f196b458db5c881d2d - - default default] 10.0.0.23 "GET /v2.0/extensions/qos-default HTTP/1.1" status: 200 len: 377 time: 0.0037847
2026-07-02 11:17:12.145 10 INFO neutron.api.wsgi [None req-9d2aba2c-a3bc-4292-a072-4e950067f4bd a5921bf74f4040189651a68c6e512f8d c36a7b72df1249f196b458db5c881d2d - - default default] 10.0.0.23 "GET /v2.0/extensions/qos-fip HTTP/1.1" status: 200 len: 372 time: 0.0037136
2026-07-02 11:17:12.156 10 INFO neutron.api.wsgi [None req-d074d3dd-32e1-4dd8-882c-73036b4b4c2c a5921bf74f4040189651a68c6e512f8d c36a7b72df1249f196b458db5c881d2d - - default default] 10.0.0.23 "GET /v2.0/extensions/qos-gateway-ip HTTP/1.1" status: 200 len: 391 time: 0.0084016
2026-07-02 11:17:12.168 9 INFO neutron.api.wsgi [None req-f608205c-6294-466a-805a-8cda82abe115 a5921bf74f4040189651a68c6e512f8d c36a7b72df1249f196b458db5c881d2d - - default default] 10.0.0.23 "GET /v2.0/extensions/qos-port-network-policy HTTP/1.1" status: 200 len: 403 time: 0.0073164
2026-07-02 11:17:12.180 10 INFO neutron.api.wsgi [None req-17eabbf1-429d-4847-bddc-7a05284c1ce7 a5921bf74f4040189651a68c6e512f8d c36a7b72df1249f196b458db5c881d2d - - default default] 10.0.0.23 "GET /v2.0/extensions/qos-pps-minimum HTTP/1.1" status: 200 len: 397 time: 0.0062909
2026-07-02 11:17:12.187 10 INFO neutron.api.wsgi [None req-e3b98317-b6d6-48e0-b18d-7df43e9fc418 a5921bf74f4040189651a68c6e512f8d c36a7b72df1249f196b458db5c881d2d - - default default] 10.0.0.23 "GET /v2.0/extensions/qos-pps-minimum-rule-alias HTTP/1.1" status: 200 len: 471 time: 0.0038838
2026-07-02 11:17:12.200 9 INFO neutron.api.wsgi [None req-caba1c9c-3c29-4267-a661-3a0847a59eda a5921bf74f4040189651a68c6e512f8d c36a7b72df1249f196b458db5c881d2d - - default default] 10.0.0.23 "GET /v2.0/extensions/qos-pps HTTP/1.1" status: 200 len: 389 time: 0.0078456
2026-07-02 11:17:12.211 9 INFO neutron.api.wsgi [None req-9ed79b33-7a73-4030-bc1a-77582550ae48 a5921bf74f4040189651a68c6e512f8d c36a7b72df1249f196b458db5c881d2d - - default default] 10.0.0.23 "GET /v2.0/extensions/qos-rule-type-details HTTP/1.1" status: 200 len: 423 time: 0.0063431
2026-07-02 11:17:12.221 9 INFO neutron.api.wsgi [None req-030a793b-2d3d-4fee-877d-dfd6c4a65bae a5921bf74f4040189651a68c6e512f8d c36a7b72df1249f196b458db5c881d2d - - default default] 10.0.0.23 "GET /v2.0/extensions/qos-rule-type-filter HTTP/1.1" status: 200 len: 567 time: 0.0040634
2026-07-02 11:17:12.231 9 INFO neutron.api.wsgi [None req-0ff8d318-60b4-4d62-a8f5-eb105dc76123 a5921bf74f4040189651a68c6e512f8d c36a7b72df1249f196b458db5c881d2d - - default default] 10.0.0.23 "GET /v2.0/extensions/qos-rules-alias HTTP/1.1" status: 200 len: 448 time: 0.0037408
2026-07-02 11:17:12.247 9 INFO neutron.api.wsgi [None req-bf4f3071-7e6e-4dc6-8f84-c64ab38c87d3 a5921bf74f4040189651a68c6e512f8d c36a7b72df1249f196b458db5c881d2d - - default default] 10.0.0.23 "GET /v2.0/extensions/quota-check-limit HTTP/1.1" status: 200 len: 420 time: 0.0098858
2026-07-02 11:17:12.258 9 INFO neutron.api.wsgi [None req-b34e8bc8-b9ff-4e20-8978-2d70c9fc6866 a5921bf74f4040189651a68c6e512f8d c36a7b72df1249f196b458db5c881d2d - - default default] 10.0.0.23 "GET /v2.0/extensions/quotas HTTP/1.1" status: 200 len: 386 time: 0.0041497
2026-07-02 11:17:12.265 9 INFO neutron.api.wsgi [None req-a265da38-b2bc-4517-8c8c-be965ac55755 a5921bf74f4040189651a68c6e512f8d c36a7b72df1249f196b458db5c881d2d - - default default] 10.0.0.23 "GET /v2.0/extensions/quota_details HTTP/1.1" status: 200 len: 407 time: 0.0040193
2026-07-02 11:17:12.280 10 INFO neutron.api.wsgi [None req-a584969f-c671-41e5-be4b-d8fc03870db1 a5921bf74f4040189651a68c6e512f8d c36a7b72df1249f196b458db5c881d2d - - default default] 10.0.0.23 "GET /v2.0/extensions/rbac-policies HTTP/1.1" status: 200 len: 417 time: 0.0058737
2026-07-02 11:17:12.292 10 INFO neutron.api.wsgi [None req-123971f8-2c6a-4ec9-88bc-f0df112250db a5921bf74f4040189651a68c6e512f8d c36a7b72df1249f196b458db5c881d2d - - default default] 10.0.0.23 "GET /v2.0/extensions/rbac-address-scope HTTP/1.1" status: 200 len: 384 time: 0.0048506
2026-07-02 11:17:12.316 9 INFO neutron.api.wsgi [None req-1c3383c1-2847-4c32-a6df-369a99e734de a5921bf74f4040189651a68c6e512f8d c36a7b72df1249f196b458db5c881d2d - - default default] 10.0.0.23 "GET /v2.0/extensions/rbac-security-groups HTTP/1.1" status: 200 len: 404 time: 0.0129395
2026-07-02 11:17:12.329 9 INFO neutron.api.wsgi [None req-122a9f01-233a-43e3-8d02-015c4b39eaf6 a5921bf74f4040189651a68c6e512f8d c36a7b72df1249f196b458db5c881d2d - - default default] 10.0.0.23 "GET /v2.0/extensions/revision-if-match HTTP/1.1" status: 200 len: 441 time: 0.0064683
2026-07-02 11:17:12.333 9 INFO neutron.api.wsgi [req-be3cc5d7-db94-44db-b7e4-04012f5483b1 req-27bd258b-837b-468a-a9a0-f9addc702a24 ac859a2252c54cc6b0a526a2c5fd2af3 f92b55a119f24ef8b47e978144f28fff - - d35581d8ea3f4597b843713eead5a22c d35581d8ea3f4597b843713eead5a22c] 199.19.213.66 "GET /v2.0/ports?tenant_id=8d4c9ff6589743c1be49933ce8408a83&device_id=61258874-5c26-4201-9339-79739769b4ec HTTP/1.1" status: 200 len: 1413 time: 0.0602779
2026-07-02 11:17:12.337 9 INFO neutron.api.wsgi [None req-7560c800-a9f9-492a-b2cf-d4a009317d57 a5921bf74f4040189651a68c6e512f8d c36a7b72df1249f196b458db5c881d2d - - default default] 10.0.0.23 "GET /v2.0/extensions/standard-attr-revisions HTTP/1.1" status: 200 len: 423 time: 0.0033095
2026-07-02 11:17:12.348 10 INFO neutron.api.wsgi [None req-04103787-3344-4feb-8908-7d26de853c42 a5921bf74f4040189651a68c6e512f8d c36a7b72df1249f196b458db5c881d2d - - default default] 10.0.0.23 "GET /v2.0/extensions/router_availability_zone HTTP/1.1" status: 200 len: 391 time: 0.0063987
2026-07-02 11:17:12.355 10 INFO neutron.api.wsgi [None req-44fa0199-4184-4a50-92f8-b5b9b3d7ba19 a5921bf74f4040189651a68c6e512f8d c36a7b72df1249f196b458db5c881d2d - - default default] 10.0.0.23 "GET /v2.0/extensions/security-groups-default-rules HTTP/1.1" status: 200 len: 456 time: 0.0041752
2026-07-02 11:17:12.360 10 INFO neutron.api.wsgi [None req-d5a98d42-9854-487c-a2a4-ebcc16589f50 a5921bf74f4040189651a68c6e512f8d c36a7b72df1249f196b458db5c881d2d - - default default] 10.0.0.23 "GET /v2.0/extensions/security-groups-normalized-cidr HTTP/1.1" status: 200 len: 445 time: 0.0027473
2026-07-02 11:17:12.370 10 INFO neutron.api.wsgi [None req-66df2c22-d6f9-46c4-8930-c3bf670a5e67 a5921bf74f4040189651a68c6e512f8d c36a7b72df1249f196b458db5c881d2d - - default default] 10.0.0.23 "GET /v2.0/extensions/security-groups-remote-address-group HTTP/1.1" status: 200 len: 448 time: 0.0052872
2026-07-02 11:17:12.376 10 INFO neutron.api.wsgi [None req-04ff8d26-78e5-4d2a-824f-05c153fdf474 a5921bf74f4040189651a68c6e512f8d c36a7b72df1249f196b458db5c881d2d - - default default] 10.0.0.23 "GET /v2.0/extensions/security-groups-rules-belongs-to-default-sg HTTP/1.1" status: 200 len: 508 time: 0.0033264
2026-07-02 11:17:12.379 9 INFO neutron.api.wsgi [req-be3cc5d7-db94-44db-b7e4-04012f5483b1 req-e04e013d-6dd2-4e5a-bf84-6d9791cc183d ac859a2252c54cc6b0a526a2c5fd2af3 f92b55a119f24ef8b47e978144f28fff - - d35581d8ea3f4597b843713eead5a22c d35581d8ea3f4597b843713eead5a22c] 199.19.213.66 "GET /v2.0/networks?id=cdc80a5d-7b51-47ba-ad1e-46ddad2ac2a7 HTTP/1.1" status: 200 len: 972 time: 0.0406990
2026-07-02 11:17:12.385 10 INFO neutron.api.wsgi [None req-400ce85f-7aeb-4b65-8679-275dcb7d4202 a5921bf74f4040189651a68c6e512f8d c36a7b72df1249f196b458db5c881d2d - - default default] 10.0.0.23 "GET /v2.0/extensions/security-groups-shared-filtering HTTP/1.1" status: 200 len: 435 time: 0.0038080
2026-07-02 11:17:12.391 10 INFO neutron.api.wsgi [None req-e134f281-3b66-475a-a360-cab494c3e531 a5921bf74f4040189651a68c6e512f8d c36a7b72df1249f196b458db5c881d2d - - default default] 10.0.0.23 "GET /v2.0/extensions/security-group HTTP/1.1" status: 200 len: 364 time: 0.0033655
2026-07-02 11:17:12.405 9 INFO neutron.api.wsgi [None req-2cb9a1f2-12a9-40fd-9e33-442c2d844c0b a5921bf74f4040189651a68c6e512f8d c36a7b72df1249f196b458db5c881d2d - - default default] 10.0.0.23 "GET /v2.0/extensions/segment HTTP/1.1" status: 200 len: 339 time: 0.0108535
2026-07-02 11:17:12.411 9 INFO neutron.api.wsgi [None req-5966e504-03f3-461a-bdc9-ecf557c52e8c a5921bf74f4040189651a68c6e512f8d c36a7b72df1249f196b458db5c881d2d - - default default] 10.0.0.23 "GET /v2.0/extensions/segments-peer-subnet-host-routes HTTP/1.1" status: 200 len: 427 time: 0.0033016
2026-07-02 11:17:12.421 10 INFO neutron.api.wsgi [None req-34db5888-ad02-4d2d-a942-46ba5268d85a a5921bf74f4040189651a68c6e512f8d c36a7b72df1249f196b458db5c881d2d - - default default] 10.0.0.23 "GET /v2.0/extensions/service-type HTTP/1.1" status: 200 len: 415 time: 0.0057769
2026-07-02 11:17:12.428 10 INFO neutron.api.wsgi [None req-23d4383d-ab43-49c8-8544-f5439d651251 a5921bf74f4040189651a68c6e512f8d c36a7b72df1249f196b458db5c881d2d - - default default] 10.0.0.23 "GET /v2.0/extensions/sorting HTTP/1.1" status: 200 len: 377 time: 0.0041354
2026-07-02 11:17:12.434 10 INFO neutron.api.wsgi [None req-f08ca6c1-5913-4868-a05e-c4f68d7ab987 a5921bf74f4040189651a68c6e512f8d c36a7b72df1249f196b458db5c881d2d - - default default] 10.0.0.23 "GET /v2.0/extensions/standard-attr-segment HTTP/1.1" status: 200 len: 406 time: 0.0029404
2026-07-02 11:17:12.439 9 INFO neutron.api.wsgi [req-be3cc5d7-db94-44db-b7e4-04012f5483b1 req-b83b803d-3ba2-4def-97a4-7a0cb9483f12 ac859a2252c54cc6b0a526a2c5fd2af3 f92b55a119f24ef8b47e978144f28fff - - d35581d8ea3f4597b843713eead5a22c d35581d8ea3f4597b843713eead5a22c] 199.19.213.66 "GET /v2.0/floatingips?fixed_ip_address=10.100.0.12&port_id=c4c1e242-56f0-4981-9073-57e1ce5e13c5 HTTP/1.1" status: 200 len: 1060 time: 0.0525084
2026-07-02 11:17:12.460 10 INFO neutron.api.wsgi [None req-fd4f9b8c-b4e7-42c6-983a-39506c8a8d1d a5921bf74f4040189651a68c6e512f8d c36a7b72df1249f196b458db5c881d2d - - default default] 10.0.0.23 "GET /v2.0/extensions/standard-attr-description HTTP/1.1" status: 200 len: 408 time: 0.0053256
2026-07-02 11:17:12.471 10 INFO neutron.api.wsgi [None req-ce79a0aa-9857-47fe-b249-0b66bdaff638 a5921bf74f4040189651a68c6e512f8d c36a7b72df1249f196b458db5c881d2d - - default default] 10.0.0.23 "GET /v2.0/extensions/stateful-security-group HTTP/1.1" status: 200 len: 402 time: 0.0071645
2026-07-02 11:17:12.479 9 INFO neutron.api.wsgi [None req-fc9543b3-a523-4f41-9b26-715ef238cb83 a5921bf74f4040189651a68c6e512f8d c36a7b72df1249f196b458db5c881d2d - - default default] 10.0.0.23 "GET /v2.0/extensions/subnet-dns-publish-fixed-ip HTTP/1.1" status: 200 len: 421 time: 0.0039318
2026-07-02 11:17:12.482 9 INFO neutron.api.wsgi [req-be3cc5d7-db94-44db-b7e4-04012f5483b1 req-5338f08d-799c-4cb7-9146-d79af57467b2 ac859a2252c54cc6b0a526a2c5fd2af3 f92b55a119f24ef8b47e978144f28fff - - d35581d8ea3f4597b843713eead5a22c d35581d8ea3f4597b843713eead5a22c] 199.19.213.66 "GET /v2.0/subnets?id=51691670-6edb-452c-9b74-33e68396a9ef HTTP/1.1" status: 200 len: 892 time: 0.0368075
2026-07-02 11:17:12.485 10 INFO neutron.api.wsgi [None req-73044352-f1cd-48ef-bfbd-f0715ec3ab21 a5921bf74f4040189651a68c6e512f8d c36a7b72df1249f196b458db5c881d2d - - default default] 10.0.0.23 "GET /v2.0/extensions/subnet-external-network HTTP/1.1" status: 200 len: 418 time: 0.0034392
2026-07-02 11:17:12.499 9 INFO neutron.api.wsgi [None req-bd769bf3-8656-41a6-8268-28348d4c9439 a5921bf74f4040189651a68c6e512f8d c36a7b72df1249f196b458db5c881d2d - - default default] 10.0.0.23 "GET /v2.0/extensions/subnet-segmentid-writable HTTP/1.1" status: 200 len: 421 time: 0.0092278
2026-07-02 11:17:12.505 9 INFO neutron.api.wsgi [None req-7cf8b37b-04d0-4215-8e4b-4ed60655f5dd a5921bf74f4040189651a68c6e512f8d c36a7b72df1249f196b458db5c881d2d - - default default] 10.0.0.23 "GET /v2.0/extensions/subnet-service-types HTTP/1.1" status: 200 len: 400 time: 0.0035224
2026-07-02 11:17:12.514 9 INFO neutron.api.wsgi [None req-8bf072fb-d20c-43ae-b3dd-92db9a49a762 a5921bf74f4040189651a68c6e512f8d c36a7b72df1249f196b458db5c881d2d - - default default] 10.0.0.23 "GET /v2.0/extensions/subnet_allocation HTTP/1.1" status: 200 len: 388 time: 0.0036440
2026-07-02 11:17:12.516 9 INFO neutron.api.wsgi [req-be3cc5d7-db94-44db-b7e4-04012f5483b1 req-02107ced-16e1-4de6-b183-725f6e6e6cc0 ac859a2252c54cc6b0a526a2c5fd2af3 f92b55a119f24ef8b47e978144f28fff - - d35581d8ea3f4597b843713eead5a22c d35581d8ea3f4597b843713eead5a22c] 199.19.213.66 "GET /v2.0/ports?network_id=cdc80a5d-7b51-47ba-ad1e-46ddad2ac2a7&device_owner=network%3Adhcp HTTP/1.1" status: 200 len: 210 time: 0.0281365
2026-07-02 11:17:12.520 9 INFO neutron.api.wsgi [None req-2d15caf5-f768-4fb8-a190-fd8ec4f4ff97 a5921bf74f4040189651a68c6e512f8d c36a7b72df1249f196b458db5c881d2d - - default default] 10.0.0.23 "GET /v2.0/extensions/subnetpool-prefix-ops HTTP/1.1" status: 200 len: 418 time: 0.0023680
2026-07-02 11:17:12.532 10 INFO neutron.api.wsgi [None req-c3ae41cc-bd90-4915-aa55-39f82bce6c10 a5921bf74f4040189651a68c6e512f8d c36a7b72df1249f196b458db5c881d2d - - default default] 10.0.0.23 "GET /v2.0/extensions/tag-creation HTTP/1.1" status: 200 len: 384 time: 0.0077612
2026-07-02 11:17:12.540 10 INFO neutron.api.wsgi [None req-2ead4512-cded-49ad-ae28-195d8d9e0896 a5921bf74f4040189651a68c6e512f8d c36a7b72df1249f196b458db5c881d2d - - default default] 10.0.0.23 "GET /v2.0/extensions/standard-attr-tag HTTP/1.1" status: 200 len: 537 time: 0.0040607
2026-07-02 11:17:12.548 10 INFO neutron.api.wsgi [None req-a0fe2573-a17b-48dc-941c-55b71d41f724 a5921bf74f4040189651a68c6e512f8d c36a7b72df1249f196b458db5c881d2d - - default default] 10.0.0.23 "GET /v2.0/extensions/standard-attr-timestamp HTTP/1.1" status: 200 len: 449 time: 0.0045693
2026-07-02 11:17:12.554 10 INFO neutron.api.wsgi [None req-e3f339e5-3a8f-4053-b311-110441f1f225 a5921bf74f4040189651a68c6e512f8d c36a7b72df1249f196b458db5c881d2d - - default default] 10.0.0.23 "GET /v2.0/extensions/trunk HTTP/1.1" status: 200 len: 358 time: 0.0041049
2026-07-02 11:17:12.561 10 INFO neutron.api.wsgi [None req-cfc0f353-cab7-495b-b810-535bb14c46ac a5921bf74f4040189651a68c6e512f8d c36a7b72df1249f196b458db5c881d2d - - default default] 10.0.0.23 "GET /v2.0/extensions/trunk-details HTTP/1.1" status: 200 len: 362 time: 0.0027959
2026-07-02 11:17:12.571 9 INFO neutron.api.wsgi [None req-cc60a5bb-cf0b-4211-81ea-36e249323713 a5921bf74f4040189651a68c6e512f8d c36a7b72df1249f196b458db5c881d2d - - default default] 10.0.0.23 "GET /v2.0/extensions/vpn-agent-scheduler HTTP/1.1" status: 200 len: 393 time: 0.0043466
2026-07-02 11:17:12.582 10 INFO neutron.api.wsgi [None req-439123da-cee7-40f3-ac05-b6006076f5de a5921bf74f4040189651a68c6e512f8d c36a7b72df1249f196b458db5c881d2d - - default default] 10.0.0.23 "GET /v2.0/extensions/vpn-endpoint-groups HTTP/1.1" status: 200 len: 371 time: 0.0070684
2026-07-02 11:17:12.583 9 INFO neutron.api.wsgi [req-be3cc5d7-db94-44db-b7e4-04012f5483b1 req-ca93ef63-f819-42e4-a680-084e7a8bb155 ac859a2252c54cc6b0a526a2c5fd2af3 f92b55a119f24ef8b47e978144f28fff - - d35581d8ea3f4597b843713eead5a22c d35581d8ea3f4597b843713eead5a22c] 199.19.213.66 "GET /v2.0/networks/cdc80a5d-7b51-47ba-ad1e-46ddad2ac2a7?fields=segments HTTP/1.1" status: 200 len: 212 time: 0.0619307
2026-07-02 11:17:12.590 9 INFO neutron.api.wsgi [None req-8aadc4db-cb0d-4763-887d-d3c1b3940a56 a5921bf74f4040189651a68c6e512f8d c36a7b72df1249f196b458db5c881d2d - - default default] 10.0.0.23 "GET /v2.0/extensions/vpn-flavors HTTP/1.1" status: 200 len: 376 time: 0.0036516
2026-07-02 11:17:12.599 10 INFO neutron.api.wsgi [None req-78ae5dd0-e4ed-4b70-8a73-a24198fa8c7b a5921bf74f4040189651a68c6e512f8d c36a7b72df1249f196b458db5c881d2d - - default default] 10.0.0.23 "GET /v2.0/extensions/vpnaas HTTP/1.1" status: 200 len: 348 time: 0.0056663
2026-07-02 11:17:12.626 9 INFO neutron.api.wsgi [req-be3cc5d7-db94-44db-b7e4-04012f5483b1 req-8dcbdb48-85c0-42cc-b828-27aa8e04908d ac859a2252c54cc6b0a526a2c5fd2af3 f92b55a119f24ef8b47e978144f28fff - - d35581d8ea3f4597b843713eead5a22c d35581d8ea3f4597b843713eead5a22c] 199.19.213.66 "GET /v2.0/networks/cdc80a5d-7b51-47ba-ad1e-46ddad2ac2a7?fields=provider%3Aphysical_network&fields=provider%3Anetwork_type HTTP/1.1" status: 200 len: 277 time: 0.0347016
2026-07-02 11:17:12.731 9 WARNING neutron_lib.context [None req-6e23ee00-b0c4-4e29-a1a0-534790fb5da7 04a50908afe14ca688df2d4e3f2eaa25 8c91b2e4055c4e3fb2ce3fad1ed37017 - - default default] Method 'is_advsvc' is deprecated since 2023.2 release (neutron-lib 3.8.0) and will be removed once support for the old RBAC API policies will be removed from Neutron. Please use method 'is_service_role' instead.
2026-07-02 11:17:12.882 9 INFO neutron.db.ovn_revision_numbers_db [None req-6e23ee00-b0c4-4e29-a1a0-534790fb5da7 04a50908afe14ca688df2d4e3f2eaa25 8c91b2e4055c4e3fb2ce3fad1ed37017 - - default default] Successfully bumped revision number for resource 4a419ac1-fdaf-44b7-af41-31f9fc3f5541 (type: security_groups) to 1
2026-07-02 11:17:12.899 9 INFO neutron.db.ovn_revision_numbers_db [None req-6e23ee00-b0c4-4e29-a1a0-534790fb5da7 04a50908afe14ca688df2d4e3f2eaa25 8c91b2e4055c4e3fb2ce3fad1ed37017 - - default default] Successfully bumped revision number for resource 09f60a70-511d-4999-9495-ac588c08cb5c (type: security_group_rules) to 0
2026-07-02 11:17:12.911 9 INFO neutron.db.ovn_revision_numbers_db [None req-6e23ee00-b0c4-4e29-a1a0-534790fb5da7 04a50908afe14ca688df2d4e3f2eaa25 8c91b2e4055c4e3fb2ce3fad1ed37017 - - default default] Successfully bumped revision number for resource 10a31d06-c66a-4e19-9495-f505d4a29cd6 (type: security_group_rules) to 0
2026-07-02 11:17:12.927 9 INFO neutron.db.ovn_revision_numbers_db [None req-6e23ee00-b0c4-4e29-a1a0-534790fb5da7 04a50908afe14ca688df2d4e3f2eaa25 8c91b2e4055c4e3fb2ce3fad1ed37017 - - default default] Successfully bumped revision number for resource 8e0710eb-4321-4366-8aad-b79bdaf40f2b (type: security_group_rules) to 0
2026-07-02 11:17:12.940 9 INFO neutron.db.ovn_revision_numbers_db [None req-6e23ee00-b0c4-4e29-a1a0-534790fb5da7 04a50908afe14ca688df2d4e3f2eaa25 8c91b2e4055c4e3fb2ce3fad1ed37017 - - default default] Successfully bumped revision number for resource a794c688-2f59-45ac-943c-4836024f1126 (type: security_group_rules) to 0
2026-07-02 11:17:13.014 9 INFO neutron.db.segments_db [None req-6e23ee00-b0c4-4e29-a1a0-534790fb5da7 04a50908afe14ca688df2d4e3f2eaa25 8c91b2e4055c4e3fb2ce3fad1ed37017 - - default default] Added segment b65f9ec4-1b3e-412d-8849-84a66d6f0a11 of type geneve for network fbf4e4f5-8524-4620-be13-3b3f37bb1a8d
2026-07-02 11:17:13.086 10 INFO neutron.db.ovn_revision_numbers_db [None req-6b24a254-a6cc-4edf-9fb8-fb86ce13b20f 83ff6a123b694938a8cf1b9adfc98d93 ef4b28797ef941f2a8192da8b88acea1 - - default default] Successfully bumped revision number for resource 09ffb6c7-11a9-4068-b8df-8d562208a3c9 (type: security_groups) to 1
2026-07-02 11:17:13.101 10 INFO neutron.db.ovn_revision_numbers_db [None req-6b24a254-a6cc-4edf-9fb8-fb86ce13b20f 83ff6a123b694938a8cf1b9adfc98d93 ef4b28797ef941f2a8192da8b88acea1 - - default default] Successfully bumped revision number for resource 37510318-aa04-4356-8672-a0c859c8c11a (type: security_group_rules) to 0
2026-07-02 11:17:13.104 9 INFO neutron.db.ovn_revision_numbers_db [None req-6e23ee00-b0c4-4e29-a1a0-534790fb5da7 04a50908afe14ca688df2d4e3f2eaa25 8c91b2e4055c4e3fb2ce3fad1ed37017 - - default default] Successfully bumped revision number for resource fbf4e4f5-8524-4620-be13-3b3f37bb1a8d (type: networks) to 1
2026-07-02 11:17:13.113 10 INFO neutron.db.ovn_revision_numbers_db [None req-6b24a254-a6cc-4edf-9fb8-fb86ce13b20f 83ff6a123b694938a8cf1b9adfc98d93 ef4b28797ef941f2a8192da8b88acea1 - - default default] Successfully bumped revision number for resource 39d337fb-b660-423a-b6b2-b31ce59b3926 (type: security_group_rules) to 0
2026-07-02 11:17:13.126 10 INFO neutron.db.ovn_revision_numbers_db [None req-6b24a254-a6cc-4edf-9fb8-fb86ce13b20f 83ff6a123b694938a8cf1b9adfc98d93 ef4b28797ef941f2a8192da8b88acea1 - - default default] Successfully bumped revision number for resource 6656fab7-5758-4cd3-8020-25ecd8699037 (type: security_group_rules) to 0
2026-07-02 11:17:13.138 10 INFO neutron.db.ovn_revision_numbers_db [None req-6b24a254-a6cc-4edf-9fb8-fb86ce13b20f 83ff6a123b694938a8cf1b9adfc98d93 ef4b28797ef941f2a8192da8b88acea1 - - default default] Successfully bumped revision number for resource 71ecc7f5-813f-4059-8b04-c521776a6f68 (type: security_group_rules) to 0
2026-07-02 11:17:13.173 10 INFO neutron.api.wsgi [None req-6b24a254-a6cc-4edf-9fb8-fb86ce13b20f 83ff6a123b694938a8cf1b9adfc98d93 ef4b28797ef941f2a8192da8b88acea1 - - default default] 10.0.0.23 "GET /v2.0/security-groups?tenant_id=3d92ae89bb804963b521a37e8399a282&name=default HTTP/1.1" status: 200 len: 3120 time: 0.3504558
2026-07-02 11:17:13.270 9 INFO neutron.db.ovn_revision_numbers_db [None req-06558cb7-b866-4cba-b5e5-a060fb7d0a7a 83ff6a123b694938a8cf1b9adfc98d93 ef4b28797ef941f2a8192da8b88acea1 - - default default] Successfully bumped revision number for resource cee52fa4-393a-4dba-9c94-1d41af52675e (type: security_groups) to 1
2026-07-02 11:17:13.295 9 INFO neutron.db.ovn_revision_numbers_db [None req-06558cb7-b866-4cba-b5e5-a060fb7d0a7a 83ff6a123b694938a8cf1b9adfc98d93 ef4b28797ef941f2a8192da8b88acea1 - - default default] Successfully bumped revision number for resource 045efe28-5bb1-4679-a3e3-f06ff293bfd9 (type: security_group_rules) to 0
2026-07-02 11:17:13.299 9 WARNING neutron.scheduler.dhcp_agent_scheduler [None req-6e23ee00-b0c4-4e29-a1a0-534790fb5da7 04a50908afe14ca688df2d4e3f2eaa25 8c91b2e4055c4e3fb2ce3fad1ed37017 - - default default] No more DHCP agents
2026-07-02 11:17:13.306 9 WARNING neutron.api.rpc.agentnotifiers.dhcp_rpc_agent_api [None req-6e23ee00-b0c4-4e29-a1a0-534790fb5da7 04a50908afe14ca688df2d4e3f2eaa25 8c91b2e4055c4e3fb2ce3fad1ed37017 - - default default] Unable to schedule network fbf4e4f5-8524-4620-be13-3b3f37bb1a8d: no agents available; will retry on subsequent port and subnet creation events.
2026-07-02 11:17:13.319 9 INFO neutron.db.ovn_revision_numbers_db [None req-06558cb7-b866-4cba-b5e5-a060fb7d0a7a 83ff6a123b694938a8cf1b9adfc98d93 ef4b28797ef941f2a8192da8b88acea1 - - default default] Successfully bumped revision number for resource 9d118dc1-ebe3-4763-bc75-a7d703535dee (type: security_group_rules) to 0
2026-07-02 11:17:13.335 9 INFO neutron.db.ovn_revision_numbers_db [None req-06558cb7-b866-4cba-b5e5-a060fb7d0a7a 83ff6a123b694938a8cf1b9adfc98d93 ef4b28797ef941f2a8192da8b88acea1 - - default default] Successfully bumped revision number for resource d4488877-512b-444d-873b-a2bb03d93d8a (type: security_group_rules) to 0
2026-07-02 11:17:13.353 9 INFO neutron.db.ovn_revision_numbers_db [None req-06558cb7-b866-4cba-b5e5-a060fb7d0a7a 83ff6a123b694938a8cf1b9adfc98d93 ef4b28797ef941f2a8192da8b88acea1 - - default default] Successfully bumped revision number for resource ec4da035-3c47-42c6-9484-ea9facea9809 (type: security_group_rules) to 0
2026-07-02 11:17:13.387 9 INFO neutron.db.ovn_revision_numbers_db [None req-6e23ee00-b0c4-4e29-a1a0-534790fb5da7 04a50908afe14ca688df2d4e3f2eaa25 8c91b2e4055c4e3fb2ce3fad1ed37017 - - default default] Successfully bumped revision number for resource 6185efce-c8cf-4414-bbed-062f0effc6aa (type: ports) to 1
2026-07-02 11:17:13.391 9 INFO neutron.api.wsgi [None req-06558cb7-b866-4cba-b5e5-a060fb7d0a7a 83ff6a123b694938a8cf1b9adfc98d93 ef4b28797ef941f2a8192da8b88acea1 - - default default] 10.0.0.23 "GET /v2.0/security-groups?tenant_id=c36a7b72df1249f196b458db5c881d2d&name=default HTTP/1.1" status: 200 len: 3120 time: 0.3003535
2026-07-02 11:17:13.408 9 INFO neutron.api.wsgi [None req-6e23ee00-b0c4-4e29-a1a0-534790fb5da7 04a50908afe14ca688df2d4e3f2eaa25 8c91b2e4055c4e3fb2ce3fad1ed37017 - - default default] 10.0.0.23 "POST /v2.0/networks HTTP/1.1" status: 201 len: 843 time: 0.7645967
2026-07-02 11:17:13.417 9 WARNING neutron_lib.context [None req-5883d459-6dff-49a0-bc02-2e70ffe65275 04a50908afe14ca688df2d4e3f2eaa25 8c91b2e4055c4e3fb2ce3fad1ed37017 - - default default] Method 'is_advsvc' is deprecated since 2023.2 release (neutron-lib 3.8.0) and will be removed once support for the old RBAC API policies will be removed from Neutron. Please use method 'is_service_role' instead.
2026-07-02 11:17:13.431 10 INFO neutron.api.wsgi [None req-eb61a578-70de-4269-a2bd-5c639c928ec4 83ff6a123b694938a8cf1b9adfc98d93 ef4b28797ef941f2a8192da8b88acea1 - - default default] 10.0.0.23 "DELETE /v2.0/security-groups/09ffb6c7-11a9-4068-b8df-8d562208a3c9 HTTP/1.1" status: 204 len: 168 time: 0.2543650
2026-07-02 11:17:13.615 10 INFO neutron.api.wsgi [None req-42276b4a-b353-4dde-a72b-61493221158c 83ff6a123b694938a8cf1b9adfc98d93 ef4b28797ef941f2a8192da8b88acea1 - - default default] 10.0.0.23 "DELETE /v2.0/security-groups/cee52fa4-393a-4dba-9c94-1d41af52675e HTTP/1.1" status: 204 len: 168 time: 0.2197649
2026-07-02 11:17:13.656 9 WARNING neutron.scheduler.dhcp_agent_scheduler [None req-5883d459-6dff-49a0-bc02-2e70ffe65275 04a50908afe14ca688df2d4e3f2eaa25 8c91b2e4055c4e3fb2ce3fad1ed37017 - - default default] No more DHCP agents
2026-07-02 11:17:13.657 9 WARNING neutron.api.rpc.agentnotifiers.dhcp_rpc_agent_api [None req-5883d459-6dff-49a0-bc02-2e70ffe65275 04a50908afe14ca688df2d4e3f2eaa25 8c91b2e4055c4e3fb2ce3fad1ed37017 - - default default] Unable to schedule network fbf4e4f5-8524-4620-be13-3b3f37bb1a8d: no agents available; will retry on subsequent port and subnet creation events.
2026-07-02 11:17:13.658 10 INFO neutron.db.ovn_revision_numbers_db [None req-d1cc3829-bf74-44c3-8751-a7d17e78e159 83ff6a123b694938a8cf1b9adfc98d93 ef4b28797ef941f2a8192da8b88acea1 - - default default] Successfully bumped revision number for resource 1bf84a00-e7bf-427a-825f-97f2ce40d808 (type: security_groups) to 1
2026-07-02 11:17:13.671 10 INFO neutron.db.ovn_revision_numbers_db [None req-d1cc3829-bf74-44c3-8751-a7d17e78e159 83ff6a123b694938a8cf1b9adfc98d93 ef4b28797ef941f2a8192da8b88acea1 - - default default] Successfully bumped revision number for resource 57b9cb23-e320-4fc2-a863-eacff5d0023d (type: security_group_rules) to 0
2026-07-02 11:17:13.683 10 INFO neutron.db.ovn_revision_numbers_db [None req-d1cc3829-bf74-44c3-8751-a7d17e78e159 83ff6a123b694938a8cf1b9adfc98d93 ef4b28797ef941f2a8192da8b88acea1 - - default default] Successfully bumped revision number for resource 70c29640-efb2-4f38-9b55-3d563453009a (type: security_group_rules) to 0
2026-07-02 11:17:13.696 10 INFO neutron.db.ovn_revision_numbers_db [None req-d1cc3829-bf74-44c3-8751-a7d17e78e159 83ff6a123b694938a8cf1b9adfc98d93 ef4b28797ef941f2a8192da8b88acea1 - - default default] Successfully bumped revision number for resource ca5cdf22-c9da-4c2b-b67f-61b48fbd9b0c (type: security_group_rules) to 0
2026-07-02 11:17:13.708 10 INFO neutron.db.ovn_revision_numbers_db [None req-d1cc3829-bf74-44c3-8751-a7d17e78e159 83ff6a123b694938a8cf1b9adfc98d93 ef4b28797ef941f2a8192da8b88acea1 - - default default] Successfully bumped revision number for resource e00a0a48-5712-437f-9aa7-0e3d8927c48b (type: security_group_rules) to 0
2026-07-02 11:17:13.717 9 INFO neutron.db.ovn_revision_numbers_db [None req-5883d459-6dff-49a0-bc02-2e70ffe65275 04a50908afe14ca688df2d4e3f2eaa25 8c91b2e4055c4e3fb2ce3fad1ed37017 - - default default] Successfully bumped revision number for resource 559178fd-d381-4196-b19e-ca45208c749a (type: ports) to 1
2026-07-02 11:17:13.737 9 INFO neutron.api.wsgi [None req-5883d459-6dff-49a0-bc02-2e70ffe65275 04a50908afe14ca688df2d4e3f2eaa25 8c91b2e4055c4e3fb2ce3fad1ed37017 - - default default] 10.0.0.23 "POST /v2.0/ports HTTP/1.1" status: 201 len: 974 time: 0.3248601
2026-07-02 11:17:13.743 10 INFO neutron.api.wsgi [None req-d1cc3829-bf74-44c3-8751-a7d17e78e159 83ff6a123b694938a8cf1b9adfc98d93 ef4b28797ef941f2a8192da8b88acea1 - - default default] 10.0.0.23 "GET /v2.0/security-groups?tenant_id=0a87fc8a86f24e07b86c2b24aef05a76&name=default HTTP/1.1" status: 200 len: 3120 time: 0.2005036 /var/lib/openstack/lib/python3.12/site-packages/pycadf/identifier.py:71: UserWarning: Invalid uuid: neutron. To ensure interoperability, identifiers should be a valid uuid. warnings.warn(('Invalid uuid: %s. To ensure interoperability, '
2026-07-02 11:17:13.747 9 WARNING neutron_lib.context [None req-a8c23f61-0f57-4fd0-897b-d0675119d37d 04a50908afe14ca688df2d4e3f2eaa25 8c91b2e4055c4e3fb2ce3fad1ed37017 - - default default] Method 'is_advsvc' is deprecated since 2023.2 release (neutron-lib 3.8.0) and will be removed once support for the old RBAC API policies will be removed from Neutron. Please use method 'is_service_role' instead.
2026-07-02 11:17:13.838 9 INFO neutron.db.segments_db [None req-a8c23f61-0f57-4fd0-897b-d0675119d37d 04a50908afe14ca688df2d4e3f2eaa25 8c91b2e4055c4e3fb2ce3fad1ed37017 - - default default] Added segment 72576202-ac23-4eb0-ad05-fb97aea0b8b6 of type geneve for network 161cc822-d692-4065-8ae5-547b8bd09db1
2026-07-02 11:17:13.952 9 INFO neutron.db.ovn_revision_numbers_db [None req-a8c23f61-0f57-4fd0-897b-d0675119d37d 04a50908afe14ca688df2d4e3f2eaa25 8c91b2e4055c4e3fb2ce3fad1ed37017 - - default default] Successfully bumped revision number for resource 161cc822-d692-4065-8ae5-547b8bd09db1 (type: networks) to 1
2026-07-02 11:17:13.959 10 INFO neutron.api.wsgi [None req-2fcf17e0-504e-46f2-a0a9-96687776bef5 83ff6a123b694938a8cf1b9adfc98d93 ef4b28797ef941f2a8192da8b88acea1 - - default default] 10.0.0.23 "DELETE /v2.0/security-groups/1bf84a00-e7bf-427a-825f-97f2ce40d808 HTTP/1.1" status: 204 len: 168 time: 0.2101784
2026-07-02 11:17:14.107 9 WARNING neutron.scheduler.dhcp_agent_scheduler [None req-a8c23f61-0f57-4fd0-897b-d0675119d37d 04a50908afe14ca688df2d4e3f2eaa25 8c91b2e4055c4e3fb2ce3fad1ed37017 - - default default] No more DHCP agents
2026-07-02 11:17:14.108 9 WARNING neutron.api.rpc.agentnotifiers.dhcp_rpc_agent_api [None req-a8c23f61-0f57-4fd0-897b-d0675119d37d 04a50908afe14ca688df2d4e3f2eaa25 8c91b2e4055c4e3fb2ce3fad1ed37017 - - default default] Unable to schedule network 161cc822-d692-4065-8ae5-547b8bd09db1: no agents available; will retry on subsequent port and subnet creation events.
2026-07-02 11:17:14.170 9 INFO neutron.db.ovn_revision_numbers_db [None req-a8c23f61-0f57-4fd0-897b-d0675119d37d 04a50908afe14ca688df2d4e3f2eaa25 8c91b2e4055c4e3fb2ce3fad1ed37017 - - default default] Successfully bumped revision number for resource b6a9539a-4028-4eff-92fc-17f902e21ac7 (type: ports) to 1
2026-07-02 11:17:14.202 9 INFO neutron.api.wsgi [None req-a8c23f61-0f57-4fd0-897b-d0675119d37d 04a50908afe14ca688df2d4e3f2eaa25 8c91b2e4055c4e3fb2ce3fad1ed37017 - - default default] 10.0.0.23 "POST /v2.0/networks HTTP/1.1" status: 201 len: 831 time: 0.4585030
2026-07-02 11:17:14.218 9 WARNING neutron_lib.context [None req-1d7aa2da-8c33-4859-8fbc-c435a9f9b1b9 04a50908afe14ca688df2d4e3f2eaa25 8c91b2e4055c4e3fb2ce3fad1ed37017 - - default default] Method 'is_advsvc' is deprecated since 2023.2 release (neutron-lib 3.8.0) and will be removed once support for the old RBAC API policies will be removed from Neutron. Please use method 'is_service_role' instead.
2026-07-02 11:17:14.404 9 WARNING neutron.scheduler.dhcp_agent_scheduler [None req-1d7aa2da-8c33-4859-8fbc-c435a9f9b1b9 04a50908afe14ca688df2d4e3f2eaa25 8c91b2e4055c4e3fb2ce3fad1ed37017 - - default default] No more DHCP agents
2026-07-02 11:17:14.405 9 WARNING neutron.api.rpc.agentnotifiers.dhcp_rpc_agent_api [None req-1d7aa2da-8c33-4859-8fbc-c435a9f9b1b9 04a50908afe14ca688df2d4e3f2eaa25 8c91b2e4055c4e3fb2ce3fad1ed37017 - - default default] Unable to schedule network 161cc822-d692-4065-8ae5-547b8bd09db1: no agents available; will retry on subsequent port and subnet creation events.
2026-07-02 11:17:14.761 9 INFO neutron.db.ovn_revision_numbers_db [None req-69794186-e328-4652-92d8-5b018cb0a3e2 - - - - - -] Successfully bumped revision number for resource b6a9539a-4028-4eff-92fc-17f902e21ac7 (type: ports) to 2
2026-07-02 11:17:14.786 9 INFO neutron.db.ovn_revision_numbers_db [None req-69794186-e328-4652-92d8-5b018cb0a3e2 - - - - - -] Successfully bumped revision number for resource c9784ccc-ba24-4962-957e-9b2982a5f080 (type: subnets) to 0
2026-07-02 11:17:14.800 9 INFO neutron.api.wsgi [None req-1d7aa2da-8c33-4859-8fbc-c435a9f9b1b9 04a50908afe14ca688df2d4e3f2eaa25 8c91b2e4055c4e3fb2ce3fad1ed37017 - - default default] 10.0.0.23 "POST /v2.0/subnets HTTP/1.1" status: 201 len: 825 time: 0.5936563
2026-07-02 11:17:14.808 9 WARNING neutron_lib.context [None req-7a6e393b-0d5f-46eb-b2f8-86742b8a4184 04a50908afe14ca688df2d4e3f2eaa25 8c91b2e4055c4e3fb2ce3fad1ed37017 - - default default] Method 'is_advsvc' is deprecated since 2023.2 release (neutron-lib 3.8.0) and will be removed once support for the old RBAC API policies will be removed from Neutron. Please use method 'is_service_role' instead.
2026-07-02 11:17:15.395 9 WARNING neutron.scheduler.dhcp_agent_scheduler [None req-7a6e393b-0d5f-46eb-b2f8-86742b8a4184 04a50908afe14ca688df2d4e3f2eaa25 8c91b2e4055c4e3fb2ce3fad1ed37017 - - default default] No more DHCP agents
2026-07-02 11:17:15.396 9 WARNING neutron.api.rpc.agentnotifiers.dhcp_rpc_agent_api [None req-7a6e393b-0d5f-46eb-b2f8-86742b8a4184 04a50908afe14ca688df2d4e3f2eaa25 8c91b2e4055c4e3fb2ce3fad1ed37017 - - default default] Unable to schedule network 161cc822-d692-4065-8ae5-547b8bd09db1: no agents available; will retry on subsequent port and subnet creation events.
2026-07-02 11:17:15.572 9 INFO neutron.db.ovn_revision_numbers_db [None req-7a6e393b-0d5f-46eb-b2f8-86742b8a4184 04a50908afe14ca688df2d4e3f2eaa25 8c91b2e4055c4e3fb2ce3fad1ed37017 - - default default] Successfully bumped revision number for resource a2469459-5fe9-47ab-adcb-b0d49332aa4b (type: ports) to 1
2026-07-02 11:17:15.606 10 WARNING neutron_lib.context [None req-0ff23963-f1fc-4fb2-993e-8d737feb5387 91227ea86c4f403288052486ef0ab8ea eda625d432eb45c69cd3a3d8ebdaf302 - - default default] Method 'is_advsvc' is deprecated since 2023.2 release (neutron-lib 3.8.0) and will be removed once support for the old RBAC API policies will be removed from Neutron. Please use method 'is_service_role' instead.
2026-07-02 11:17:15.618 9 INFO neutron.api.wsgi [None req-7a6e393b-0d5f-46eb-b2f8-86742b8a4184 04a50908afe14ca688df2d4e3f2eaa25 8c91b2e4055c4e3fb2ce3fad1ed37017 - - default default] 10.0.0.23 "POST /v2.0/ports HTTP/1.1" status: 201 len: 1148 time: 0.8138261 /var/lib/openstack/lib/python3.12/site-packages/pycadf/identifier.py:71: UserWarning: Invalid uuid: neutron. To ensure interoperability, identifiers should be a valid uuid. warnings.warn(('Invalid uuid: %s. To ensure interoperability, '
2026-07-02 11:17:15.729 10 INFO neutron.db.ovn_revision_numbers_db [None req-0ff23963-f1fc-4fb2-993e-8d737feb5387 91227ea86c4f403288052486ef0ab8ea eda625d432eb45c69cd3a3d8ebdaf302 - - default default] Successfully bumped revision number for resource 07ca7282-c12a-4b83-8fa0-66065097c153 (type: security_groups) to 1
2026-07-02 11:17:15.739 10 INFO neutron.db.ovn_revision_numbers_db [None req-0ff23963-f1fc-4fb2-993e-8d737feb5387 91227ea86c4f403288052486ef0ab8ea eda625d432eb45c69cd3a3d8ebdaf302 - - default default] Successfully bumped revision number for resource 360c3f26-7377-4e0f-b03e-26711ddb37e4 (type: security_group_rules) to 0
2026-07-02 11:17:15.753 10 INFO neutron.db.ovn_revision_numbers_db [None req-0ff23963-f1fc-4fb2-993e-8d737feb5387 91227ea86c4f403288052486ef0ab8ea eda625d432eb45c69cd3a3d8ebdaf302 - - default default] Successfully bumped revision number for resource e6f6e084-41bf-4cc1-8343-0cda7873a3d9 (type: security_group_rules) to 0
2026-07-02 11:17:15.764 10 INFO neutron.db.ovn_revision_numbers_db [None req-0ff23963-f1fc-4fb2-993e-8d737feb5387 91227ea86c4f403288052486ef0ab8ea eda625d432eb45c69cd3a3d8ebdaf302 - - default default] Successfully bumped revision number for resource effe7654-b499-46b9-b572-77fb434b1c36 (type: security_group_rules) to 0
2026-07-02 11:17:15.779 10 INFO neutron.db.ovn_revision_numbers_db [None req-0ff23963-f1fc-4fb2-993e-8d737feb5387 91227ea86c4f403288052486ef0ab8ea eda625d432eb45c69cd3a3d8ebdaf302 - - default default] Successfully bumped revision number for resource f63d7b78-649b-466a-840d-e7272396ea4e (type: security_group_rules) to 0
2026-07-02 11:17:15.863 10 INFO neutron.db.segments_db [None req-0ff23963-f1fc-4fb2-993e-8d737feb5387 91227ea86c4f403288052486ef0ab8ea eda625d432eb45c69cd3a3d8ebdaf302 - - default default] Added segment fd1f7b51-fcf9-40aa-988d-2982e467f128 of type geneve for network 206c07b8-1d09-4633-b64c-e87b5487653b
2026-07-02 11:17:15.903 9 INFO neutron.api.wsgi [None req-58b4f814-fc95-4232-b098-105ce71f5e91 04a50908afe14ca688df2d4e3f2eaa25 8c91b2e4055c4e3fb2ce3fad1ed37017 - - default default] 10.0.0.23 "DELETE /v2.0/ports/a2469459-5fe9-47ab-adcb-b0d49332aa4b HTTP/1.1" status: 204 len: 168 time: 0.2786758
2026-07-02 11:17:15.924 9 INFO neutron.pecan_wsgi.hooks.translation [None req-2e84f6c6-a08c-44da-8e8f-4e186f5eb446 04a50908afe14ca688df2d4e3f2eaa25 8c91b2e4055c4e3fb2ce3fad1ed37017 - - default default] DELETE failed (client error): The resource could not be found.
2026-07-02 11:17:15.928 9 INFO neutron.api.wsgi [None req-2e84f6c6-a08c-44da-8e8f-4e186f5eb446 04a50908afe14ca688df2d4e3f2eaa25 8c91b2e4055c4e3fb2ce3fad1ed37017 - - default default] 10.0.0.23 "DELETE /v2.0/ports/a2469459-5fe9-47ab-adcb-b0d49332aa4b HTTP/1.1" status: 404 len: 333 time: 0.0196340
2026-07-02 11:17:15.945 9 INFO neutron.pecan_wsgi.hooks.translation [None req-54766b45-13a1-4d59-b9b7-3dd761ee3374 04a50908afe14ca688df2d4e3f2eaa25 8c91b2e4055c4e3fb2ce3fad1ed37017 - - default default] GET failed (client error): The resource could not be found.
2026-07-02 11:17:15.947 9 INFO neutron.api.wsgi [None req-54766b45-13a1-4d59-b9b7-3dd761ee3374 04a50908afe14ca688df2d4e3f2eaa25 8c91b2e4055c4e3fb2ce3fad1ed37017 - - default default] 10.0.0.23 "GET /v2.0/ports/a2469459-5fe9-47ab-adcb-b0d49332aa4b HTTP/1.1" status: 404 len: 333 time: 0.0150371
2026-07-02 11:17:15.994 10 INFO neutron.db.ovn_revision_numbers_db [None req-0ff23963-f1fc-4fb2-993e-8d737feb5387 91227ea86c4f403288052486ef0ab8ea eda625d432eb45c69cd3a3d8ebdaf302 - - default default] Successfully bumped revision number for resource 206c07b8-1d09-4633-b64c-e87b5487653b (type: networks) to 1
2026-07-02 11:17:16.122 9 INFO neutron.api.wsgi [None req-1b4df380-af1a-49f7-b478-d6a88f32849e 04a50908afe14ca688df2d4e3f2eaa25 8c91b2e4055c4e3fb2ce3fad1ed37017 - - default default] 10.0.0.23 "DELETE /v2.0/subnets/c9784ccc-ba24-4962-957e-9b2982a5f080 HTTP/1.1" status: 204 len: 168 time: 0.1700239
2026-07-02 11:17:16.152 10 WARNING neutron.scheduler.dhcp_agent_scheduler [None req-0ff23963-f1fc-4fb2-993e-8d737feb5387 91227ea86c4f403288052486ef0ab8ea eda625d432eb45c69cd3a3d8ebdaf302 - - default default] No more DHCP agents
2026-07-02 11:17:16.153 10 WARNING neutron.api.rpc.agentnotifiers.dhcp_rpc_agent_api [None req-0ff23963-f1fc-4fb2-993e-8d737feb5387 91227ea86c4f403288052486ef0ab8ea eda625d432eb45c69cd3a3d8ebdaf302 - - default default] Unable to schedule network 206c07b8-1d09-4633-b64c-e87b5487653b: no agents available; will retry on subsequent port and subnet creation events.
2026-07-02 11:17:16.214 10 INFO neutron.db.ovn_revision_numbers_db [None req-0ff23963-f1fc-4fb2-993e-8d737feb5387 91227ea86c4f403288052486ef0ab8ea eda625d432eb45c69cd3a3d8ebdaf302 - - default default] Successfully bumped revision number for resource e9cf9b62-3b54-43cc-8399-2c7b7c8640c1 (type: ports) to 1
2026-07-02 11:17:16.238 10 INFO neutron.api.wsgi [None req-0ff23963-f1fc-4fb2-993e-8d737feb5387 91227ea86c4f403288052486ef0ab8ea eda625d432eb45c69cd3a3d8ebdaf302 - - default default] 10.0.0.23 "POST /v2.0/networks HTTP/1.1" status: 201 len: 832 time: 0.8720338
2026-07-02 11:17:16.250 10 WARNING neutron_lib.context [None req-d9f4918c-0cc5-49ab-903e-02af23bcdb8f 91227ea86c4f403288052486ef0ab8ea eda625d432eb45c69cd3a3d8ebdaf302 - - default default] Method 'is_advsvc' is deprecated since 2023.2 release (neutron-lib 3.8.0) and will be removed once support for the old RBAC API policies will be removed from Neutron. Please use method 'is_service_role' instead.
2026-07-02 11:17:16.349 10 INFO neutron.db.segments_db [None req-d9f4918c-0cc5-49ab-903e-02af23bcdb8f 91227ea86c4f403288052486ef0ab8ea eda625d432eb45c69cd3a3d8ebdaf302 - - default default] Added segment a9d7cea3-79b0-432b-9c41-bb3a2c7b5abf of type geneve for network f98b93fe-4e51-4736-9680-34ac908aecca
2026-07-02 11:17:16.424 9 INFO neutron.services.segments.plugin [-] Segment 72576202-ac23-4eb0-ad05-fb97aea0b8b6 resource provider aggregate not found
2026-07-02 11:17:16.428 9 INFO neutron.services.segments.plugin [-] Segment 72576202-ac23-4eb0-ad05-fb97aea0b8b6 resource provider aggregate not found
2026-07-02 11:17:16.439 9 INFO neutron.services.segments.plugin [-] Segment 72576202-ac23-4eb0-ad05-fb97aea0b8b6 resource provider not found; error: Placement Client Error (4xx): {"errors": [{"status": 404, "title": "Not Found", "detail": "The resource could not be found.\n\n No resource provider with uuid 72576202-ac23-4eb0-ad05-fb97aea0b8b6 found for delete ", "request_id": "req-04b4eae7-94d4-4bc9-9138-106741750d53"}]}
2026-07-02 11:17:16.442 9 INFO neutron.services.segments.plugin [-] Segment 72576202-ac23-4eb0-ad05-fb97aea0b8b6 resource provider not found; error: Placement Client Error (4xx): {"errors": [{"status": 404, "title": "Not Found", "detail": "The resource could not be found.\n\n No resource provider with uuid 72576202-ac23-4eb0-ad05-fb97aea0b8b6 found for delete ", "request_id": "req-55b84645-64d4-4c8c-bb7e-9a1d4cebee28"}]}
2026-07-02 11:17:16.447 10 INFO neutron.db.ovn_revision_numbers_db [None req-d9f4918c-0cc5-49ab-903e-02af23bcdb8f 91227ea86c4f403288052486ef0ab8ea eda625d432eb45c69cd3a3d8ebdaf302 - - default default] Successfully bumped revision number for resource f98b93fe-4e51-4736-9680-34ac908aecca (type: networks) to 1
2026-07-02 11:17:16.470 9 INFO neutron.api.wsgi [None req-6019725c-43c4-4e5f-b609-a04e7febf414 04a50908afe14ca688df2d4e3f2eaa25 8c91b2e4055c4e3fb2ce3fad1ed37017 - - default default] 10.0.0.23 "DELETE /v2.0/networks/161cc822-d692-4065-8ae5-547b8bd09db1 HTTP/1.1" status: 204 len: 168 time: 0.3395920
2026-07-02 11:17:16.482 9 WARNING neutron_lib.context [None req-7676626d-f612-4ae4-a9e9-7c54aa3cafa9 04a50908afe14ca688df2d4e3f2eaa25 8c91b2e4055c4e3fb2ce3fad1ed37017 - - default default] Method 'is_advsvc' is deprecated since 2023.2 release (neutron-lib 3.8.0) and will be removed once support for the old RBAC API policies will be removed from Neutron. Please use method 'is_service_role' instead.
2026-07-02 11:17:16.568 9 INFO neutron.db.segments_db [None req-7676626d-f612-4ae4-a9e9-7c54aa3cafa9 04a50908afe14ca688df2d4e3f2eaa25 8c91b2e4055c4e3fb2ce3fad1ed37017 - - default default] Added segment 0525e363-ce4f-427f-87b5-6c9d5a74f59f of type geneve for network 2f9f126e-da37-4527-a368-beafafeeb3e8
2026-07-02 11:17:16.605 10 WARNING neutron.scheduler.dhcp_agent_scheduler [None req-d9f4918c-0cc5-49ab-903e-02af23bcdb8f 91227ea86c4f403288052486ef0ab8ea eda625d432eb45c69cd3a3d8ebdaf302 - - default default] No more DHCP agents
2026-07-02 11:17:16.606 10 WARNING neutron.api.rpc.agentnotifiers.dhcp_rpc_agent_api [None req-d9f4918c-0cc5-49ab-903e-02af23bcdb8f 91227ea86c4f403288052486ef0ab8ea eda625d432eb45c69cd3a3d8ebdaf302 - - default default] Unable to schedule network f98b93fe-4e51-4736-9680-34ac908aecca: no agents available; will retry on subsequent port and subnet creation events.
