2026-07-02 11:18:05.700 10 INFO neutron.api.wsgi [None req-9db6bf66-ff73-4caf-bf26-16c3a16eb28a 9d5b1667206a494aa1a94400103e89c8 a2d10ccbde9d4388b1b275afe02ecd1b - - default default] 10.0.0.23 "DELETE /v2.0/subnets/176d4c5e-2248-4f6b-8ab8-bfcccc7c0a09 HTTP/1.1" status: 404 len: 337 time: 0.0137727
2026-07-02 11:18:05.714 10 INFO neutron.pecan_wsgi.hooks.translation [None req-f18fef06-5465-47be-99b9-9de5988c4166 9d5b1667206a494aa1a94400103e89c8 a2d10ccbde9d4388b1b275afe02ecd1b - - default default] DELETE failed (client error): The resource could not be found.
2026-07-02 11:18:05.717 10 INFO neutron.api.wsgi [None req-f18fef06-5465-47be-99b9-9de5988c4166 9d5b1667206a494aa1a94400103e89c8 a2d10ccbde9d4388b1b275afe02ecd1b - - default default] 10.0.0.23 "DELETE /v2.0/subnets/f142dd1e-0d9b-49c6-bf7d-0907cae84aa5 HTTP/1.1" status: 404 len: 337 time: 0.0131309
2026-07-02 11:18:06.238 10 WARNING neutron.plugins.ml2.drivers.ovn.mech_driver.ovsdb.ovn_client [None req-2d2f1ed1-195c-4361-9b5e-e62f28b77cb7 - - - - - -] No port found with ID 9aeb48de-5cc1-4dc7-9fdf-f26b4dfa5250: RuntimeError: No port found with ID 9aeb48de-5cc1-4dc7-9fdf-f26b4dfa5250
2026-07-02 11:18:06.250 10 INFO neutron.plugins.ml2.drivers.ovn.mech_driver.mech_driver [None req-2d2f1ed1-195c-4361-9b5e-e62f28b77cb7 - - - - - -] OVN reports status up for port: 979a2831-ce6b-473a-aecf-5454e5a99775
2026-07-02 11:18:06.405 10 INFO neutron.api.wsgi [None req-7a16eb08-48fc-46ae-8d83-1609ce1a5428 83ff6a123b694938a8cf1b9adfc98d93 ef4b28797ef941f2a8192da8b88acea1 - - default default] 10.0.0.23 "GET /v2.0/security-groups?tenant_id=a2d10ccbde9d4388b1b275afe02ecd1b&name=default HTTP/1.1" status: 200 len: 3120 time: 0.1890652
2026-07-02 11:18:06.612 10 INFO neutron.api.wsgi [None req-448b9af3-a268-4caf-a25d-6fd7a76c25e7 83ff6a123b694938a8cf1b9adfc98d93 ef4b28797ef941f2a8192da8b88acea1 - - default default] 10.0.0.23 "DELETE /v2.0/security-groups/9c809e12-9e63-4970-ae98-490f8f4b63be HTTP/1.1" status: 204 len: 168 time: 0.2007458
2026-07-02 11:18:07.727 9 INFO neutron.db.ovn_revision_numbers_db [None req-2062276d-7258-4a3d-88b5-0b1fc2861dd8 83ff6a123b694938a8cf1b9adfc98d93 ef4b28797ef941f2a8192da8b88acea1 - - default default] Successfully bumped revision number for resource e90dcaad-723a-414d-9605-f578515deb3e (type: security_groups) to 1
2026-07-02 11:18:07.746 9 INFO neutron.db.ovn_revision_numbers_db [None req-2062276d-7258-4a3d-88b5-0b1fc2861dd8 83ff6a123b694938a8cf1b9adfc98d93 ef4b28797ef941f2a8192da8b88acea1 - - default default] Successfully bumped revision number for resource 004e8aef-848f-4087-86b2-adfe1d4b6b9b (type: security_group_rules) to 0
2026-07-02 11:18:07.758 9 INFO neutron.db.ovn_revision_numbers_db [None req-2062276d-7258-4a3d-88b5-0b1fc2861dd8 83ff6a123b694938a8cf1b9adfc98d93 ef4b28797ef941f2a8192da8b88acea1 - - default default] Successfully bumped revision number for resource 4ab7cf28-5e29-4499-8893-cd5916ab91d1 (type: security_group_rules) to 0
2026-07-02 11:18:07.769 9 INFO neutron.db.ovn_revision_numbers_db [None req-2062276d-7258-4a3d-88b5-0b1fc2861dd8 83ff6a123b694938a8cf1b9adfc98d93 ef4b28797ef941f2a8192da8b88acea1 - - default default] Successfully bumped revision number for resource c4f1cf2e-a560-49d5-b886-b0d2a604f754 (type: security_group_rules) to 0
2026-07-02 11:18:07.781 9 INFO neutron.db.ovn_revision_numbers_db [None req-2062276d-7258-4a3d-88b5-0b1fc2861dd8 83ff6a123b694938a8cf1b9adfc98d93 ef4b28797ef941f2a8192da8b88acea1 - - default default] Successfully bumped revision number for resource e5feae77-1ed7-4adb-9370-ff937c110656 (type: security_group_rules) to 0
2026-07-02 11:18:07.817 9 INFO neutron.api.wsgi [None req-2062276d-7258-4a3d-88b5-0b1fc2861dd8 83ff6a123b694938a8cf1b9adfc98d93 ef4b28797ef941f2a8192da8b88acea1 - - default default] 10.0.0.23 "GET /v2.0/security-groups?tenant_id=ce4f927acb1343e493369f6e590f7c03&name=default HTTP/1.1" status: 200 len: 3120 time: 0.2821982
2026-07-02 11:18:08.050 9 INFO neutron.api.wsgi [None req-da63403a-5a57-49b5-861e-87c43dfca79d 83ff6a123b694938a8cf1b9adfc98d93 ef4b28797ef941f2a8192da8b88acea1 - - default default] 10.0.0.23 "DELETE /v2.0/security-groups/e90dcaad-723a-414d-9605-f578515deb3e HTTP/1.1" status: 204 len: 168 time: 0.2183101
2026-07-02 11:18:08.297 9 INFO neutron.db.ovn_revision_numbers_db [None req-e09a6148-bbf2-4aed-853e-2909086efa42 83ff6a123b694938a8cf1b9adfc98d93 ef4b28797ef941f2a8192da8b88acea1 - - default default] Successfully bumped revision number for resource e1ee70a4-f10f-46b1-b02b-fee91262680a (type: security_groups) to 1
2026-07-02 11:18:08.312 9 INFO neutron.db.ovn_revision_numbers_db [None req-e09a6148-bbf2-4aed-853e-2909086efa42 83ff6a123b694938a8cf1b9adfc98d93 ef4b28797ef941f2a8192da8b88acea1 - - default default] Successfully bumped revision number for resource 16a7f771-483b-4163-b7c5-1255f17bfff0 (type: security_group_rules) to 0
2026-07-02 11:18:08.333 9 INFO neutron.db.ovn_revision_numbers_db [None req-e09a6148-bbf2-4aed-853e-2909086efa42 83ff6a123b694938a8cf1b9adfc98d93 ef4b28797ef941f2a8192da8b88acea1 - - default default] Successfully bumped revision number for resource 545ac322-712b-4591-9172-d1632f8e144c (type: security_group_rules) to 0
2026-07-02 11:18:08.352 9 INFO neutron.db.ovn_revision_numbers_db [None req-e09a6148-bbf2-4aed-853e-2909086efa42 83ff6a123b694938a8cf1b9adfc98d93 ef4b28797ef941f2a8192da8b88acea1 - - default default] Successfully bumped revision number for resource c2fd2429-b17e-4ceb-9214-12b7793753fa (type: security_group_rules) to 0
2026-07-02 11:18:08.368 9 INFO neutron.db.ovn_revision_numbers_db [None req-e09a6148-bbf2-4aed-853e-2909086efa42 83ff6a123b694938a8cf1b9adfc98d93 ef4b28797ef941f2a8192da8b88acea1 - - default default] Successfully bumped revision number for resource d1bd106f-20a3-4f47-aac6-db39d830fcec (type: security_group_rules) to 0
2026-07-02 11:18:08.429 9 INFO neutron.api.wsgi [None req-e09a6148-bbf2-4aed-853e-2909086efa42 83ff6a123b694938a8cf1b9adfc98d93 ef4b28797ef941f2a8192da8b88acea1 - - default default] 10.0.0.23 "GET /v2.0/security-groups?tenant_id=ca98f5873e664990845c0e9190ab671e&name=default HTTP/1.1" status: 200 len: 3120 time: 0.2859659
2026-07-02 11:18:08.526 10 WARNING neutron_lib.context [None req-3367fafd-73b5-4d21-890c-215ae3609e03 7cd98dec13f543698670304453932cb6 412a23117042433884ec65fd11649d34 - - default default] Method 'is_advsvc' is deprecated since 2023.2 release (neutron-lib 3.8.0) and will be removed once support for the old RBAC API policies will be removed from Neutron. Please use method 'is_service_role' instead.
2026-07-02 11:18:08.655 10 INFO neutron.db.ovn_revision_numbers_db [None req-3367fafd-73b5-4d21-890c-215ae3609e03 7cd98dec13f543698670304453932cb6 412a23117042433884ec65fd11649d34 - - default default] Successfully bumped revision number for resource b4bc0b51-d9e2-4b14-b0cd-fd3faba932de (type: security_groups) to 1
2026-07-02 11:18:08.669 9 INFO neutron.api.wsgi [None req-17d97410-e0ab-427b-8798-b3ce2bc8d1b9 83ff6a123b694938a8cf1b9adfc98d93 ef4b28797ef941f2a8192da8b88acea1 - - default default] 10.0.0.23 "DELETE /v2.0/security-groups/e1ee70a4-f10f-46b1-b02b-fee91262680a HTTP/1.1" status: 204 len: 168 time: 0.2357240
2026-07-02 11:18:08.673 10 INFO neutron.db.ovn_revision_numbers_db [None req-3367fafd-73b5-4d21-890c-215ae3609e03 7cd98dec13f543698670304453932cb6 412a23117042433884ec65fd11649d34 - - default default] Successfully bumped revision number for resource 97f0ab2e-6db0-4b94-99a0-7fbb3b97325e (type: security_group_rules) to 0
2026-07-02 11:18:08.686 10 INFO neutron.db.ovn_revision_numbers_db [None req-3367fafd-73b5-4d21-890c-215ae3609e03 7cd98dec13f543698670304453932cb6 412a23117042433884ec65fd11649d34 - - default default] Successfully bumped revision number for resource b0da74c4-bc26-45b5-b5ab-33c2f3b8d545 (type: security_group_rules) to 0
2026-07-02 11:18:08.702 10 INFO neutron.db.ovn_revision_numbers_db [None req-3367fafd-73b5-4d21-890c-215ae3609e03 7cd98dec13f543698670304453932cb6 412a23117042433884ec65fd11649d34 - - default default] Successfully bumped revision number for resource b9197460-e0db-495d-acac-861a07cc9961 (type: security_group_rules) to 0
2026-07-02 11:18:08.716 10 INFO neutron.db.ovn_revision_numbers_db [None req-3367fafd-73b5-4d21-890c-215ae3609e03 7cd98dec13f543698670304453932cb6 412a23117042433884ec65fd11649d34 - - default default] Successfully bumped revision number for resource d31d8ceb-e619-4354-bea6-4d16ff1d89cf (type: security_group_rules) to 0
2026-07-02 11:18:08.814 10 INFO neutron.db.ovn_revision_numbers_db [None req-3367fafd-73b5-4d21-890c-215ae3609e03 7cd98dec13f543698670304453932cb6 412a23117042433884ec65fd11649d34 - - default default] Successfully bumped revision number for resource da301209-607e-4d97-8f90-2a38fe26ad25 (type: security_groups) to 1
2026-07-02 11:18:08.826 10 INFO neutron.db.ovn_revision_numbers_db [None req-3367fafd-73b5-4d21-890c-215ae3609e03 7cd98dec13f543698670304453932cb6 412a23117042433884ec65fd11649d34 - - default default] Successfully bumped revision number for resource 9e440d5e-f524-4683-ae62-f9e4cb44f138 (type: security_group_rules) to 0
2026-07-02 11:18:08.840 10 INFO neutron.db.ovn_revision_numbers_db [None req-3367fafd-73b5-4d21-890c-215ae3609e03 7cd98dec13f543698670304453932cb6 412a23117042433884ec65fd11649d34 - - default default] Successfully bumped revision number for resource d5d17083-562a-4e10-a180-3fd32019e4ff (type: security_group_rules) to 0
2026-07-02 11:18:08.871 10 INFO neutron.api.wsgi [None req-3367fafd-73b5-4d21-890c-215ae3609e03 7cd98dec13f543698670304453932cb6 412a23117042433884ec65fd11649d34 - - default default] 10.0.0.23 "POST /v2.0/security-groups HTTP/1.1" status: 201 len: 1824 time: 0.5801392
2026-07-02 11:18:08.934 10 INFO neutron.api.wsgi [None req-b34e67d1-bc34-4581-bd22-e84dc7c02573 7cd98dec13f543698670304453932cb6 412a23117042433884ec65fd11649d34 - - default default] 10.0.0.23 "GET /v2.0/security-groups HTTP/1.1" status: 200 len: 4724 time: 0.0536838
2026-07-02 11:18:09.029 10 INFO neutron.db.ovn_revision_numbers_db [None req-6e57bf7c-80d8-4c5d-b993-0a2b53e32b88 7cd98dec13f543698670304453932cb6 412a23117042433884ec65fd11649d34 - - default default] Successfully bumped revision number for resource da301209-607e-4d97-8f90-2a38fe26ad25 (type: security_groups) to 2
2026-07-02 11:18:09.050 10 INFO neutron.api.wsgi [None req-6e57bf7c-80d8-4c5d-b993-0a2b53e32b88 7cd98dec13f543698670304453932cb6 412a23117042433884ec65fd11649d34 - - default default] 10.0.0.23 "PUT /v2.0/security-groups/da301209-607e-4d97-8f90-2a38fe26ad25 HTTP/1.1" status: 200 len: 1857 time: 0.1108930
2026-07-02 11:18:09.085 9 INFO neutron.api.wsgi [None req-fc69c5db-016a-41a7-8aa5-8e79d6d568bb 7cd98dec13f543698670304453932cb6 412a23117042433884ec65fd11649d34 - - default default] 10.0.0.23 "GET /v2.0/security-groups/da301209-607e-4d97-8f90-2a38fe26ad25 HTTP/1.1" status: 200 len: 1857 time: 0.0296481
2026-07-02 11:18:09.200 9 INFO neutron.api.wsgi [None req-1a6b740a-1a53-4dcf-a26d-64f8ef544c43 7cd98dec13f543698670304453932cb6 412a23117042433884ec65fd11649d34 - - default default] 10.0.0.23 "DELETE /v2.0/security-groups/da301209-607e-4d97-8f90-2a38fe26ad25 HTTP/1.1" status: 204 len: 168 time: 0.1098361
2026-07-02 11:18:09.238 9 INFO neutron.api.wsgi [None req-b58216c1-ed23-47db-84cd-a6f302b18207 7cd98dec13f543698670304453932cb6 412a23117042433884ec65fd11649d34 - - default default] 10.0.0.23 "GET /v2.0/security-groups HTTP/1.1" status: 200 len: 3120 time: 0.0316017
2026-07-02 11:18:09.255 9 INFO neutron.api.v2.resource [None req-937f3fe9-469b-41a2-8a16-901408fe3462 7cd98dec13f543698670304453932cb6 412a23117042433884ec65fd11649d34 - - default default] delete failed (client error): The resource could not be found.
2026-07-02 11:18:09.256 9 INFO neutron.api.wsgi [None req-937f3fe9-469b-41a2-8a16-901408fe3462 7cd98dec13f543698670304453932cb6 412a23117042433884ec65fd11649d34 - - default default] 10.0.0.23 "DELETE /v2.0/security-groups/da301209-607e-4d97-8f90-2a38fe26ad25 HTTP/1.1" status: 404 len: 347 time: 0.0126834
2026-07-02 11:18:09.270 9 WARNING neutron_lib.context [None req-417099e5-0a72-44e0-9ee5-883c8c8d1eb0 7cd98dec13f543698670304453932cb6 412a23117042433884ec65fd11649d34 - - default default] Method 'is_advsvc' is deprecated since 2023.2 release (neutron-lib 3.8.0) and will be removed once support for the old RBAC API policies will be removed from Neutron. Please use method 'is_service_role' instead.
2026-07-02 11:18:09.361 9 INFO neutron.db.ovn_revision_numbers_db [None req-417099e5-0a72-44e0-9ee5-883c8c8d1eb0 7cd98dec13f543698670304453932cb6 412a23117042433884ec65fd11649d34 - - default default] Successfully bumped revision number for resource 00311f64-5de1-4b34-82a1-ee3b8293850b (type: security_groups) to 1
2026-07-02 11:18:09.373 9 INFO neutron.db.ovn_revision_numbers_db [None req-417099e5-0a72-44e0-9ee5-883c8c8d1eb0 7cd98dec13f543698670304453932cb6 412a23117042433884ec65fd11649d34 - - default default] Successfully bumped revision number for resource 3cd8d494-aef3-4d6b-b1b0-58443643e8d6 (type: security_group_rules) to 0
2026-07-02 11:18:09.384 9 INFO neutron.db.ovn_revision_numbers_db [None req-417099e5-0a72-44e0-9ee5-883c8c8d1eb0 7cd98dec13f543698670304453932cb6 412a23117042433884ec65fd11649d34 - - default default] Successfully bumped revision number for resource 7091500c-4022-4187-a6e7-fa6b6e5c3a14 (type: security_group_rules) to 0
2026-07-02 11:18:09.424 9 INFO neutron.api.wsgi [None req-417099e5-0a72-44e0-9ee5-883c8c8d1eb0 7cd98dec13f543698670304453932cb6 412a23117042433884ec65fd11649d34 - - default default] 10.0.0.23 "POST /v2.0/security-groups HTTP/1.1" status: 201 len: 1825 time: 0.1590321
2026-07-02 11:18:09.450 9 WARNING neutron_lib.context [None req-079d2b07-5230-4893-ad72-d92ac283ddd7 7cd98dec13f543698670304453932cb6 412a23117042433884ec65fd11649d34 - - default default] Method 'is_advsvc' is deprecated since 2023.2 release (neutron-lib 3.8.0) and will be removed once support for the old RBAC API policies will be removed from Neutron. Please use method 'is_service_role' instead.
2026-07-02 11:18:09.563 9 INFO neutron.db.ovn_revision_numbers_db [None req-079d2b07-5230-4893-ad72-d92ac283ddd7 7cd98dec13f543698670304453932cb6 412a23117042433884ec65fd11649d34 - - default default] Successfully bumped revision number for resource 95f4a5d5-84c8-47a0-a254-7b75c96596b1 (type: security_group_rules) to 0
2026-07-02 11:18:09.595 9 INFO neutron.api.wsgi [None req-079d2b07-5230-4893-ad72-d92ac283ddd7 7cd98dec13f543698670304453932cb6 412a23117042433884ec65fd11649d34 - - default default] 10.0.0.23 "POST /v2.0/security-group-rules HTTP/1.1" status: 201 len: 800 time: 0.1530244
2026-07-02 11:18:09.614 9 INFO neutron.api.wsgi [None req-ba52b801-4aef-48f6-afeb-0202b7e6f733 7cd98dec13f543698670304453932cb6 412a23117042433884ec65fd11649d34 - - default default] 10.0.0.23 "GET /v2.0/security-group-rules/95f4a5d5-84c8-47a0-a254-7b75c96596b1 HTTP/1.1" status: 200 len: 795 time: 0.0142045
2026-07-02 11:18:09.698 10 INFO neutron.api.wsgi [None req-48588f54-3da7-4c83-9390-7f4871487672 7cd98dec13f543698670304453932cb6 412a23117042433884ec65fd11649d34 - - default default] 10.0.0.23 "GET /v2.0/security-group-rules HTTP/1.1" status: 200 len: 4333 time: 0.0780628
2026-07-02 11:18:09.803 10 INFO neutron.api.wsgi [None req-1920c0b6-d585-4c3c-926d-ca010aa36430 7cd98dec13f543698670304453932cb6 412a23117042433884ec65fd11649d34 - - default default] 10.0.0.23 "DELETE /v2.0/security-group-rules/95f4a5d5-84c8-47a0-a254-7b75c96596b1 HTTP/1.1" status: 204 len: 168 time: 0.0986199
2026-07-02 11:18:09.851 10 INFO neutron.api.wsgi [None req-49d1ab31-a010-4915-9068-cde242fcb583 7cd98dec13f543698670304453932cb6 412a23117042433884ec65fd11649d34 - - default default] 10.0.0.23 "GET /v2.0/security-group-rules HTTP/1.1" status: 200 len: 3755 time: 0.0429962
2026-07-02 11:18:09.866 10 WARNING neutron_lib.context [None req-d2cfd6c5-61e7-45a0-8eba-49254eda0994 7cd98dec13f543698670304453932cb6 412a23117042433884ec65fd11649d34 - - default default] Method 'is_advsvc' is deprecated since 2023.2 release (neutron-lib 3.8.0) and will be removed once support for the old RBAC API policies will be removed from Neutron. Please use method 'is_service_role' instead.
2026-07-02 11:18:09.994 10 INFO neutron.db.ovn_revision_numbers_db [None req-d2cfd6c5-61e7-45a0-8eba-49254eda0994 7cd98dec13f543698670304453932cb6 412a23117042433884ec65fd11649d34 - - default default] Successfully bumped revision number for resource 26ba0e01-c3b0-4340-8572-f50453693c06 (type: security_group_rules) to 0
2026-07-02 11:18:10.039 10 INFO neutron.api.wsgi [None req-d2cfd6c5-61e7-45a0-8eba-49254eda0994 7cd98dec13f543698670304453932cb6 412a23117042433884ec65fd11649d34 - - default default] 10.0.0.23 "POST /v2.0/security-group-rules HTTP/1.1" status: 201 len: 800 time: 0.1779261
2026-07-02 11:18:10.068 10 INFO neutron.api.wsgi [None req-648c472b-ee84-4158-bca8-6faa9d4a6062 7cd98dec13f543698670304453932cb6 412a23117042433884ec65fd11649d34 - - default default] 10.0.0.23 "GET /v2.0/security-group-rules/26ba0e01-c3b0-4340-8572-f50453693c06 HTTP/1.1" status: 200 len: 795 time: 0.0217121
2026-07-02 11:18:10.151 9 INFO neutron.api.wsgi [None req-706fd82a-17b4-4018-8847-214eeca1ef76 7cd98dec13f543698670304453932cb6 412a23117042433884ec65fd11649d34 - - default default] 10.0.0.23 "GET /v2.0/security-group-rules HTTP/1.1" status: 200 len: 4333 time: 0.0794513
2026-07-02 11:18:10.207 9 WARNING neutron_lib.context [None req-c2cfbef8-2db6-4b17-a81a-66bcbf21cfb6 809546c40622466eab81955a0e6ed384 71e882d222df497e90e9ecb84daba34c - - default default] Method 'is_advsvc' is deprecated since 2023.2 release (neutron-lib 3.8.0) and will be removed once support for the old RBAC API policies will be removed from Neutron. Please use method 'is_service_role' instead.
2026-07-02 11:18:10.275 10 INFO neutron.api.wsgi [None req-3d0faced-ac1a-4eff-b989-57dd8907e752 7cd98dec13f543698670304453932cb6 412a23117042433884ec65fd11649d34 - - default default] 10.0.0.23 "DELETE /v2.0/security-group-rules/26ba0e01-c3b0-4340-8572-f50453693c06 HTTP/1.1" status: 204 len: 168 time: 0.1169028
2026-07-02 11:18:10.328 10 INFO neutron.api.wsgi [None req-afa54520-0396-40c5-8b61-99c6499e6787 7cd98dec13f543698670304453932cb6 412a23117042433884ec65fd11649d34 - - default default] 10.0.0.23 "GET /v2.0/security-group-rules HTTP/1.1" status: 200 len: 3755 time: 0.0483639
2026-07-02 11:18:10.333 9 INFO neutron.db.ovn_revision_numbers_db [None req-c98c0ae5-9710-46c9-af20-3a291907065d 12850d85468643a39e33c5770df3c25f 9e9d23fb0f174fc3accebb7c7f51f339 - - default default] Successfully bumped revision number for resource c345f017-4f05-4c0c-9e0b-d189c07aad0d (type: security_groups) to 1
2026-07-02 11:18:10.338 10 WARNING neutron_lib.context [None req-ceb56b55-bf6c-41a6-ab94-fc92591379dd 7cd98dec13f543698670304453932cb6 412a23117042433884ec65fd11649d34 - - default default] Method 'is_advsvc' is deprecated since 2023.2 release (neutron-lib 3.8.0) and will be removed once support for the old RBAC API policies will be removed from Neutron. Please use method 'is_service_role' instead.
2026-07-02 11:18:10.352 9 INFO neutron.db.ovn_revision_numbers_db [None req-c98c0ae5-9710-46c9-af20-3a291907065d 12850d85468643a39e33c5770df3c25f 9e9d23fb0f174fc3accebb7c7f51f339 - - default default] Successfully bumped revision number for resource 40100a23-220f-4c95-ae44-736a38baed15 (type: security_group_rules) to 0
2026-07-02 11:18:10.371 9 INFO neutron.db.ovn_revision_numbers_db [None req-c98c0ae5-9710-46c9-af20-3a291907065d 12850d85468643a39e33c5770df3c25f 9e9d23fb0f174fc3accebb7c7f51f339 - - default default] Successfully bumped revision number for resource 9c0832c0-8d49-42f5-9bf9-70e9e8a8caee (type: security_group_rules) to 0
2026-07-02 11:18:10.373 9 INFO neutron.db.ovn_revision_numbers_db [None req-c2cfbef8-2db6-4b17-a81a-66bcbf21cfb6 809546c40622466eab81955a0e6ed384 71e882d222df497e90e9ecb84daba34c - - default default] Successfully bumped revision number for resource f0efb878-60a8-432d-a0bf-a6c99f91d3e0 (type: security_groups) to 1
2026-07-02 11:18:10.378 10 INFO neutron.db.securitygroups_db [None req-ceb56b55-bf6c-41a6-ab94-fc92591379dd 7cd98dec13f543698670304453932cb6 412a23117042433884ec65fd11649d34 - - default default] Project 412a23117042433884ec65fd11649d34 added a security group rule with legacy IPv6 ICMP protocol name icmp, ipv6-icmp should be used instead. It was automatically converted.
2026-07-02 11:18:10.388 9 INFO neutron.db.ovn_revision_numbers_db [None req-c98c0ae5-9710-46c9-af20-3a291907065d 12850d85468643a39e33c5770df3c25f 9e9d23fb0f174fc3accebb7c7f51f339 - - default default] Successfully bumped revision number for resource d9e7cf85-b65e-4ce7-be37-865555376800 (type: security_group_rules) to 0
2026-07-02 11:18:10.389 9 INFO neutron.db.ovn_revision_numbers_db [None req-c2cfbef8-2db6-4b17-a81a-66bcbf21cfb6 809546c40622466eab81955a0e6ed384 71e882d222df497e90e9ecb84daba34c - - default default] Successfully bumped revision number for resource 2756097f-9bcc-4971-9668-4b886425c9d2 (type: security_group_rules) to 0
2026-07-02 11:18:10.401 9 INFO neutron.db.ovn_revision_numbers_db [None req-c98c0ae5-9710-46c9-af20-3a291907065d 12850d85468643a39e33c5770df3c25f 9e9d23fb0f174fc3accebb7c7f51f339 - - default default] Successfully bumped revision number for resource e777f3db-b6cc-4fa6-a834-ac75237c4385 (type: security_group_rules) to 0
2026-07-02 11:18:10.403 9 INFO neutron.db.ovn_revision_numbers_db [None req-c2cfbef8-2db6-4b17-a81a-66bcbf21cfb6 809546c40622466eab81955a0e6ed384 71e882d222df497e90e9ecb84daba34c - - default default] Successfully bumped revision number for resource 34b39d62-8497-4098-be5e-20232c16f4e3 (type: security_group_rules) to 0
2026-07-02 11:18:10.419 9 INFO neutron.db.ovn_revision_numbers_db [None req-c2cfbef8-2db6-4b17-a81a-66bcbf21cfb6 809546c40622466eab81955a0e6ed384 71e882d222df497e90e9ecb84daba34c - - default default] Successfully bumped revision number for resource 412b6fce-d56a-4850-a089-0b609009834f (type: security_group_rules) to 0
2026-07-02 11:18:10.442 9 INFO neutron.db.ovn_revision_numbers_db [None req-c2cfbef8-2db6-4b17-a81a-66bcbf21cfb6 809546c40622466eab81955a0e6ed384 71e882d222df497e90e9ecb84daba34c - - default default] Successfully bumped revision number for resource bdcf30c3-7f4c-4d1f-8e3a-793f244bc62a (type: security_group_rules) to 0
2026-07-02 11:18:10.458 10 INFO neutron.db.ovn_revision_numbers_db [None req-ceb56b55-bf6c-41a6-ab94-fc92591379dd 7cd98dec13f543698670304453932cb6 412a23117042433884ec65fd11649d34 - - default default] Successfully bumped revision number for resource 8e062c7c-5f9c-41cc-a245-25f10443b71c (type: security_group_rules) to 0
2026-07-02 11:18:10.473 9 INFO neutron.db.segments_db [None req-c98c0ae5-9710-46c9-af20-3a291907065d 12850d85468643a39e33c5770df3c25f 9e9d23fb0f174fc3accebb7c7f51f339 - - default default] Added segment 03694a9d-b830-437f-abda-e7165ff20195 of type geneve for network 39bb4ba9-98f2-45b0-accc-f0725a1142b0
2026-07-02 11:18:10.490 10 INFO neutron.api.wsgi [None req-ceb56b55-bf6c-41a6-ab94-fc92591379dd 7cd98dec13f543698670304453932cb6 412a23117042433884ec65fd11649d34 - - default default] 10.0.0.23 "POST /v2.0/security-group-rules HTTP/1.1" status: 201 len: 806 time: 0.1564381
2026-07-02 11:18:10.510 10 INFO neutron.api.wsgi [None req-ac237dd6-e317-4247-91dc-2305e022ea45 7cd98dec13f543698670304453932cb6 412a23117042433884ec65fd11649d34 - - default default] 10.0.0.23 "GET /v2.0/security-group-rules/8e062c7c-5f9c-41cc-a245-25f10443b71c HTTP/1.1" status: 200 len: 801 time: 0.0137322
2026-07-02 11:18:10.524 9 INFO neutron.db.segments_db [None req-c2cfbef8-2db6-4b17-a81a-66bcbf21cfb6 809546c40622466eab81955a0e6ed384 71e882d222df497e90e9ecb84daba34c - - default default] Added segment c9cb263e-2c85-4912-8909-3481c8dfe233 of type geneve for network 1e5d0a4c-a8b4-4227-aa50-4ac58da761b9
2026-07-02 11:18:10.569 10 INFO neutron.api.wsgi [None req-eccc9f08-b9ea-4162-8d18-9a26c90536ac 7cd98dec13f543698670304453932cb6 412a23117042433884ec65fd11649d34 - - default default] 10.0.0.23 "GET /v2.0/security-group-rules HTTP/1.1" status: 200 len: 4339 time: 0.0550604
2026-07-02 11:18:10.605 9 INFO neutron.db.ovn_revision_numbers_db [None req-c98c0ae5-9710-46c9-af20-3a291907065d 12850d85468643a39e33c5770df3c25f 9e9d23fb0f174fc3accebb7c7f51f339 - - default default] Successfully bumped revision number for resource 39bb4ba9-98f2-45b0-accc-f0725a1142b0 (type: networks) to 1
2026-07-02 11:18:10.661 9 INFO neutron.db.ovn_revision_numbers_db [None req-c2cfbef8-2db6-4b17-a81a-66bcbf21cfb6 809546c40622466eab81955a0e6ed384 71e882d222df497e90e9ecb84daba34c - - default default] Successfully bumped revision number for resource 1e5d0a4c-a8b4-4227-aa50-4ac58da761b9 (type: networks) to 1
2026-07-02 11:18:10.689 10 INFO neutron.api.wsgi [None req-a2b9eef8-8690-4d3c-b9de-2a0772ecc01c 7cd98dec13f543698670304453932cb6 412a23117042433884ec65fd11649d34 - - default default] 10.0.0.23 "DELETE /v2.0/security-group-rules/8e062c7c-5f9c-41cc-a245-25f10443b71c HTTP/1.1" status: 204 len: 168 time: 0.1142285
2026-07-02 11:18:10.744 10 INFO neutron.api.wsgi [None req-ff6092e0-a7cc-4724-aa76-6a071745bdd3 7cd98dec13f543698670304453932cb6 412a23117042433884ec65fd11649d34 - - default default] 10.0.0.23 "GET /v2.0/security-group-rules HTTP/1.1" status: 200 len: 3755 time: 0.0516453
2026-07-02 11:18:10.786 9 WARNING neutron.scheduler.dhcp_agent_scheduler [None req-c98c0ae5-9710-46c9-af20-3a291907065d 12850d85468643a39e33c5770df3c25f 9e9d23fb0f174fc3accebb7c7f51f339 - - default default] No more DHCP agents
2026-07-02 11:18:10.788 9 WARNING neutron.api.rpc.agentnotifiers.dhcp_rpc_agent_api [None req-c98c0ae5-9710-46c9-af20-3a291907065d 12850d85468643a39e33c5770df3c25f 9e9d23fb0f174fc3accebb7c7f51f339 - - default default] Unable to schedule network 39bb4ba9-98f2-45b0-accc-f0725a1142b0: no agents available; will retry on subsequent port and subnet creation events.
2026-07-02 11:18:10.850 9 WARNING neutron.scheduler.dhcp_agent_scheduler [None req-c2cfbef8-2db6-4b17-a81a-66bcbf21cfb6 809546c40622466eab81955a0e6ed384 71e882d222df497e90e9ecb84daba34c - - default default] No more DHCP agents
2026-07-02 11:18:10.852 9 WARNING neutron.api.rpc.agentnotifiers.dhcp_rpc_agent_api [None req-c2cfbef8-2db6-4b17-a81a-66bcbf21cfb6 809546c40622466eab81955a0e6ed384 71e882d222df497e90e9ecb84daba34c - - default default] Unable to schedule network 1e5d0a4c-a8b4-4227-aa50-4ac58da761b9: no agents available; will retry on subsequent port and subnet creation events.
2026-07-02 11:18:10.861 9 INFO neutron.db.ovn_revision_numbers_db [None req-c98c0ae5-9710-46c9-af20-3a291907065d 12850d85468643a39e33c5770df3c25f 9e9d23fb0f174fc3accebb7c7f51f339 - - default default] Successfully bumped revision number for resource 73acb693-e442-4f6d-a8f0-7a3c07780cd1 (type: ports) to 1
2026-07-02 11:18:10.872 10 INFO neutron.api.wsgi [None req-d975ebec-6037-40d9-afed-e3370064602a 7cd98dec13f543698670304453932cb6 412a23117042433884ec65fd11649d34 - - default default] 10.0.0.23 "DELETE /v2.0/security-groups/00311f64-5de1-4b34-82a1-ee3b8293850b HTTP/1.1" status: 204 len: 168 time: 0.1241484
2026-07-02 11:18:10.886 9 INFO neutron.api.wsgi [None req-c98c0ae5-9710-46c9-af20-3a291907065d 12850d85468643a39e33c5770df3c25f 9e9d23fb0f174fc3accebb7c7f51f339 - - default default] 10.0.0.23 "POST /v2.0/networks HTTP/1.1" status: 201 len: 929 time: 0.8843181
2026-07-02 11:18:10.918 10 INFO neutron.api.wsgi [None req-5aadb4f9-e8fa-4b2f-9ce7-64b53c387074 7cd98dec13f543698670304453932cb6 412a23117042433884ec65fd11649d34 - - default default] 10.0.0.23 "GET /v2.0/security-groups HTTP/1.1" status: 200 len: 3120 time: 0.0401325
2026-07-02 11:18:10.965 9 INFO neutron.db.ovn_revision_numbers_db [None req-c2cfbef8-2db6-4b17-a81a-66bcbf21cfb6 809546c40622466eab81955a0e6ed384 71e882d222df497e90e9ecb84daba34c - - default default] Successfully bumped revision number for resource 2cfb9c89-6ce0-4aa1-b549-d2c843d577c0 (type: ports) to 1
2026-07-02 11:18:10.978 9 INFO neutron.api.wsgi [None req-4da97464-72e5-4af9-a2da-67d06e74be97 7cd98dec13f543698670304453932cb6 412a23117042433884ec65fd11649d34 - - default default] 10.0.0.23 "GET /v2.0/security-groups HTTP/1.1" status: 200 len: 3120 time: 0.0474186
2026-07-02 11:18:10.991 9 INFO neutron.api.wsgi [None req-c2cfbef8-2db6-4b17-a81a-66bcbf21cfb6 809546c40622466eab81955a0e6ed384 71e882d222df497e90e9ecb84daba34c - - default default] 10.0.0.23 "POST /v2.0/networks HTTP/1.1" status: 201 len: 830 time: 1.0079098
2026-07-02 11:18:11.001 9 WARNING neutron_lib.context [None req-a6da8129-70c2-4313-a85a-538779ac3db9 809546c40622466eab81955a0e6ed384 71e882d222df497e90e9ecb84daba34c - - default default] Method 'is_advsvc' is deprecated since 2023.2 release (neutron-lib 3.8.0) and will be removed once support for the old RBAC API policies will be removed from Neutron. Please use method 'is_service_role' instead.
2026-07-02 11:18:11.039 10 WARNING neutron.scheduler.dhcp_agent_scheduler [None req-ec087b4c-6080-4910-83f9-ea27d84b7a63 12850d85468643a39e33c5770df3c25f 9e9d23fb0f174fc3accebb7c7f51f339 - - default default] No more DHCP agents
2026-07-02 11:18:11.040 10 WARNING neutron.api.rpc.agentnotifiers.dhcp_rpc_agent_api [None req-ec087b4c-6080-4910-83f9-ea27d84b7a63 12850d85468643a39e33c5770df3c25f 9e9d23fb0f174fc3accebb7c7f51f339 - - default default] Unable to schedule network 39bb4ba9-98f2-45b0-accc-f0725a1142b0: no agents available; will retry on subsequent port and subnet creation events.
2026-07-02 11:18:11.247 9 WARNING neutron.scheduler.dhcp_agent_scheduler [None req-a6da8129-70c2-4313-a85a-538779ac3db9 809546c40622466eab81955a0e6ed384 71e882d222df497e90e9ecb84daba34c - - default default] No more DHCP agents
2026-07-02 11:18:11.250 9 WARNING neutron.api.rpc.agentnotifiers.dhcp_rpc_agent_api [None req-a6da8129-70c2-4313-a85a-538779ac3db9 809546c40622466eab81955a0e6ed384 71e882d222df497e90e9ecb84daba34c - - default default] Unable to schedule network 1e5d0a4c-a8b4-4227-aa50-4ac58da761b9: no agents available; will retry on subsequent port and subnet creation events.
2026-07-02 11:18:11.344 9 INFO neutron.db.ovn_revision_numbers_db [None req-a6da8129-70c2-4313-a85a-538779ac3db9 809546c40622466eab81955a0e6ed384 71e882d222df497e90e9ecb84daba34c - - default default] Successfully bumped revision number for resource 7e60e0b2-56ce-4f59-8ec7-7725d0ec5870 (type: ports) to 1
2026-07-02 11:18:11.375 9 INFO neutron.api.wsgi [None req-a6da8129-70c2-4313-a85a-538779ac3db9 809546c40622466eab81955a0e6ed384 71e882d222df497e90e9ecb84daba34c - - default default] 10.0.0.23 "POST /v2.0/ports HTTP/1.1" status: 201 len: 942 time: 0.3784490 /var/lib/openstack/lib/python3.12/site-packages/pycadf/identifier.py:71: UserWarning: Invalid uuid: neutron. To ensure interoperability, identifiers should be a valid uuid. warnings.warn(('Invalid uuid: %s. To ensure interoperability, '
2026-07-02 11:18:11.386 9 WARNING neutron_lib.context [None req-9fbae688-87b4-40c8-b587-11cd95be1db1 809546c40622466eab81955a0e6ed384 71e882d222df497e90e9ecb84daba34c - - default default] Method 'is_advsvc' is deprecated since 2023.2 release (neutron-lib 3.8.0) and will be removed once support for the old RBAC API policies will be removed from Neutron. Please use method 'is_service_role' instead.
2026-07-02 11:18:11.513 10 INFO neutron.db.ovn_revision_numbers_db [None req-fd50ea28-5500-4189-b17e-db119c9180a0 - - - - - -] Successfully bumped revision number for resource 73acb693-e442-4f6d-a8f0-7a3c07780cd1 (type: ports) to 2
2026-07-02 11:18:11.545 10 INFO neutron.db.ovn_revision_numbers_db [None req-fd50ea28-5500-4189-b17e-db119c9180a0 - - - - - -] Successfully bumped revision number for resource 27814b7b-5ecc-421b-bf36-74e83ec80080 (type: subnets) to 0
2026-07-02 11:18:11.560 10 INFO neutron.api.wsgi [None req-ec087b4c-6080-4910-83f9-ea27d84b7a63 12850d85468643a39e33c5770df3c25f 9e9d23fb0f174fc3accebb7c7f51f339 - - default default] 10.0.0.23 "POST /v2.0/subnets HTTP/1.1" status: 201 len: 843 time: 0.6681530
2026-07-02 11:18:11.570 10 WARNING neutron.api.v2.base [None req-98f9d3e1-a102-4338-b4df-e3ee7573c800 12850d85468643a39e33c5770df3c25f 9e9d23fb0f174fc3accebb7c7f51f339 - - default default] An exception happened while processing the request body. The exception message is [Invalid input for target_tenant. Reason: 'None' is not a valid string.].: webob.exc.HTTPBadRequest: Invalid input for target_tenant. Reason: 'None' is not a valid string.
2026-07-02 11:18:11.571 10 INFO neutron.api.v2.resource [None req-98f9d3e1-a102-4338-b4df-e3ee7573c800 12850d85468643a39e33c5770df3c25f 9e9d23fb0f174fc3accebb7c7f51f339 - - default default] create failed (client error): Invalid input for target_tenant. Reason: 'None' is not a valid string.
2026-07-02 11:18:11.572 10 INFO neutron.api.wsgi [None req-98f9d3e1-a102-4338-b4df-e3ee7573c800 12850d85468643a39e33c5770df3c25f 9e9d23fb0f174fc3accebb7c7f51f339 - - default default] 10.0.0.23 "POST /v2.0/rbac-policies HTTP/1.1" status: 400 len: 346 time: 0.0063088
2026-07-02 11:18:11.606 9 INFO neutron.api.wsgi [None req-9fbae688-87b4-40c8-b587-11cd95be1db1 809546c40622466eab81955a0e6ed384 71e882d222df497e90e9ecb84daba34c - - default default] 10.0.0.23 "POST /v2.0/trunks HTTP/1.1" status: 201 len: 608 time: 0.2246430
2026-07-02 11:18:11.616 9 WARNING neutron_lib.context [None req-25399c10-fe6f-47cf-9243-2f0342267698 809546c40622466eab81955a0e6ed384 71e882d222df497e90e9ecb84daba34c - - default default] Method 'is_advsvc' is deprecated since 2023.2 release (neutron-lib 3.8.0) and will be removed once support for the old RBAC API policies will be removed from Neutron. Please use method 'is_service_role' instead.
2026-07-02 11:18:11.694 9 INFO neutron.db.segments_db [None req-25399c10-fe6f-47cf-9243-2f0342267698 809546c40622466eab81955a0e6ed384 71e882d222df497e90e9ecb84daba34c - - default default] Added segment e2e12115-050d-4982-8cc8-39124e867f7e of type geneve for network 2d826508-d22a-4602-9ea6-6ab6fe070300
2026-07-02 11:18:11.752 10 INFO neutron.api.wsgi [-] 10.0.0.197 "GET / HTTP/1.1" status: 200 len: 247 time: 0.0019255
2026-07-02 11:18:11.755 10 INFO neutron.api.wsgi [-] 10.0.0.197 "GET / HTTP/1.1" status: 200 len: 247 time: 0.0030384
2026-07-02 11:18:11.765 9 INFO neutron.api.wsgi [None req-fc3ade03-e971-4865-8cee-9751aca82770 83ff6a123b694938a8cf1b9adfc98d93 ef4b28797ef941f2a8192da8b88acea1 - - default default] 10.0.0.23 "GET /v2.0/security-groups?tenant_id=412a23117042433884ec65fd11649d34&name=default HTTP/1.1" status: 200 len: 3120 time: 0.1466143
2026-07-02 11:18:11.814 9 INFO neutron.db.ovn_revision_numbers_db [None req-25399c10-fe6f-47cf-9243-2f0342267698 809546c40622466eab81955a0e6ed384 71e882d222df497e90e9ecb84daba34c - - default default] Successfully bumped revision number for resource 2d826508-d22a-4602-9ea6-6ab6fe070300 (type: networks) to 1
2026-07-02 11:18:11.997 9 WARNING neutron.scheduler.dhcp_agent_scheduler [None req-25399c10-fe6f-47cf-9243-2f0342267698 809546c40622466eab81955a0e6ed384 71e882d222df497e90e9ecb84daba34c - - default default] No more DHCP agents
2026-07-02 11:18:11.999 9 WARNING neutron.api.rpc.agentnotifiers.dhcp_rpc_agent_api [None req-25399c10-fe6f-47cf-9243-2f0342267698 809546c40622466eab81955a0e6ed384 71e882d222df497e90e9ecb84daba34c - - default default] Unable to schedule network 2d826508-d22a-4602-9ea6-6ab6fe070300: no agents available; will retry on subsequent port and subnet creation events.
2026-07-02 11:18:12.018 9 INFO neutron.api.wsgi [None req-18f4107e-bcaa-49a3-a1c3-409848c83e9b 83ff6a123b694938a8cf1b9adfc98d93 ef4b28797ef941f2a8192da8b88acea1 - - default default] 10.0.0.23 "DELETE /v2.0/security-groups/b4bc0b51-d9e2-4b14-b0cd-fd3faba932de HTTP/1.1" status: 204 len: 168 time: 0.2475555
2026-07-02 11:18:12.054 10 INFO neutron.services.segments.plugin [-] Segment 03694a9d-b830-437f-abda-e7165ff20195 resource provider aggregate not found
2026-07-02 11:18:12.059 10 INFO neutron.services.segments.plugin [-] Segment 03694a9d-b830-437f-abda-e7165ff20195 resource provider aggregate not found
2026-07-02 11:18:12.067 10 INFO neutron.services.segments.plugin [-] Segment 03694a9d-b830-437f-abda-e7165ff20195 resource provider not found; error: Placement Client Error (4xx): {"errors": [{"status": 404, "title": "Not Found", "detail": "The resource could not be found.\n\n No resource provider with uuid 03694a9d-b830-437f-abda-e7165ff20195 found for delete ", "request_id": "req-26b04e42-3ca7-4d5d-9173-82bd0cffd0e0"}]}
2026-07-02 11:18:12.068 9 INFO neutron.db.ovn_revision_numbers_db [None req-25399c10-fe6f-47cf-9243-2f0342267698 809546c40622466eab81955a0e6ed384 71e882d222df497e90e9ecb84daba34c - - default default] Successfully bumped revision number for resource 38b00151-8f77-48a9-9a55-2d0cd2729202 (type: ports) to 1
2026-07-02 11:18:12.075 10 INFO neutron.services.segments.plugin [-] Segment 03694a9d-b830-437f-abda-e7165ff20195 resource provider not found; error: Placement Client Error (4xx): {"errors": [{"status": 404, "title": "Not Found", "detail": "The resource could not be found.\n\n No resource provider with uuid 03694a9d-b830-437f-abda-e7165ff20195 found for delete ", "request_id": "req-e5f4ccd3-5d07-408d-a59d-fa277447005c"}]}
2026-07-02 11:18:12.095 10 INFO neutron.api.wsgi [None req-f09118ea-7a7c-4586-b4de-16f901196878 12850d85468643a39e33c5770df3c25f 9e9d23fb0f174fc3accebb7c7f51f339 - - default default] 10.0.0.23 "DELETE /v2.0/networks/39bb4ba9-98f2-45b0-accc-f0725a1142b0 HTTP/1.1" status: 204 len: 168 time: 0.5196061
2026-07-02 11:18:12.100 9 INFO neutron.api.wsgi [None req-25399c10-fe6f-47cf-9243-2f0342267698 809546c40622466eab81955a0e6ed384 71e882d222df497e90e9ecb84daba34c - - default default] 10.0.0.23 "POST /v2.0/networks HTTP/1.1" status: 201 len: 831 time: 0.4885621
2026-07-02 11:18:12.108 10 WARNING neutron_lib.context [None req-4a6e10af-24b0-4f0d-857f-99e1f14fa13b 809546c40622466eab81955a0e6ed384 71e882d222df497e90e9ecb84daba34c - - default default] Method 'is_advsvc' is deprecated since 2023.2 release (neutron-lib 3.8.0) and will be removed once support for the old RBAC API policies will be removed from Neutron. Please use method 'is_service_role' instead.
2026-07-02 11:18:12.188 9 INFO neutron.db.segments_db [None req-b3df832e-11dd-4339-95f4-1eaf086fdc54 12850d85468643a39e33c5770df3c25f 9e9d23fb0f174fc3accebb7c7f51f339 - - default default] Added segment 86d421b5-4529-4daf-ad0e-1c787d8f18d3 of type geneve for network a8636387-de92-4568-8817-02aad962904e
2026-07-02 11:18:12.318 9 INFO neutron.db.ovn_revision_numbers_db [None req-b3df832e-11dd-4339-95f4-1eaf086fdc54 12850d85468643a39e33c5770df3c25f 9e9d23fb0f174fc3accebb7c7f51f339 - - default default] Successfully bumped revision number for resource a8636387-de92-4568-8817-02aad962904e (type: networks) to 1
2026-07-02 11:18:12.359 10 WARNING neutron.scheduler.dhcp_agent_scheduler [None req-4a6e10af-24b0-4f0d-857f-99e1f14fa13b 809546c40622466eab81955a0e6ed384 71e882d222df497e90e9ecb84daba34c - - default default] No more DHCP agents
2026-07-02 11:18:12.362 10 WARNING neutron.api.rpc.agentnotifiers.dhcp_rpc_agent_api [None req-4a6e10af-24b0-4f0d-857f-99e1f14fa13b 809546c40622466eab81955a0e6ed384 71e882d222df497e90e9ecb84daba34c - - default default] Unable to schedule network 2d826508-d22a-4602-9ea6-6ab6fe070300: no agents available; will retry on subsequent port and subnet creation events.
2026-07-02 11:18:12.422 10 INFO neutron.db.ovn_revision_numbers_db [None req-4a6e10af-24b0-4f0d-857f-99e1f14fa13b 809546c40622466eab81955a0e6ed384 71e882d222df497e90e9ecb84daba34c - - default default] Successfully bumped revision number for resource c6f1af3f-fb01-42e0-b0fe-ec84c9681f27 (type: ports) to 1
2026-07-02 11:18:12.446 10 INFO neutron.api.wsgi [None req-4a6e10af-24b0-4f0d-857f-99e1f14fa13b 809546c40622466eab81955a0e6ed384 71e882d222df497e90e9ecb84daba34c - - default default] 10.0.0.23 "POST /v2.0/ports HTTP/1.1" status: 201 len: 942 time: 0.3416729
2026-07-02 11:18:12.455 9 WARNING neutron_lib.context [None req-86a7741a-834a-45bf-bd5d-6006d53baf73 809546c40622466eab81955a0e6ed384 71e882d222df497e90e9ecb84daba34c - - default default] Method 'is_advsvc' is deprecated since 2023.2 release (neutron-lib 3.8.0) and will be removed once support for the old RBAC API policies will be removed from Neutron. Please use method 'is_service_role' instead.
2026-07-02 11:18:12.467 9 WARNING neutron.scheduler.dhcp_agent_scheduler [None req-b3df832e-11dd-4339-95f4-1eaf086fdc54 12850d85468643a39e33c5770df3c25f 9e9d23fb0f174fc3accebb7c7f51f339 - - default default] No more DHCP agents
2026-07-02 11:18:12.469 9 WARNING neutron.api.rpc.agentnotifiers.dhcp_rpc_agent_api [None req-b3df832e-11dd-4339-95f4-1eaf086fdc54 12850d85468643a39e33c5770df3c25f 9e9d23fb0f174fc3accebb7c7f51f339 - - default default] Unable to schedule network a8636387-de92-4568-8817-02aad962904e: no agents available; will retry on subsequent port and subnet creation events.
2026-07-02 11:18:12.535 9 INFO neutron.db.ovn_revision_numbers_db [None req-b3df832e-11dd-4339-95f4-1eaf086fdc54 12850d85468643a39e33c5770df3c25f 9e9d23fb0f174fc3accebb7c7f51f339 - - default default] Successfully bumped revision number for resource d2ede30f-ebd6-4ea4-8d33-8c5dcaba7056 (type: ports) to 1
2026-07-02 11:18:12.564 9 INFO neutron.api.wsgi [None req-b3df832e-11dd-4339-95f4-1eaf086fdc54 12850d85468643a39e33c5770df3c25f 9e9d23fb0f174fc3accebb7c7f51f339 - - default default] 10.0.0.23 "POST /v2.0/networks HTTP/1.1" status: 201 len: 929 time: 0.4615128 /var/lib/openstack/lib/python3.12/site-packages/pycadf/identifier.py:71: UserWarning: Invalid uuid: neutron. To ensure interoperability, identifiers should be a valid uuid. warnings.warn(('Invalid uuid: %s. To ensure interoperability, '
2026-07-02 11:18:12.636 9 INFO neutron.api.wsgi [None req-86a7741a-834a-45bf-bd5d-6006d53baf73 809546c40622466eab81955a0e6ed384 71e882d222df497e90e9ecb84daba34c - - default default] 10.0.0.23 "POST /v2.0/trunks HTTP/1.1" status: 201 len: 608 time: 0.1870270
2026-07-02 11:18:12.646 9 WARNING neutron_lib.context [None req-6f0753a9-3097-4088-a528-55f17c12735c 809546c40622466eab81955a0e6ed384 71e882d222df497e90e9ecb84daba34c - - default default] Method 'is_advsvc' is deprecated since 2023.2 release (neutron-lib 3.8.0) and will be removed once support for the old RBAC API policies will be removed from Neutron. Please use method 'is_service_role' instead.
2026-07-02 11:18:12.688 10 WARNING neutron.scheduler.dhcp_agent_scheduler [None req-974a24ab-ce57-4fcd-8cd9-21f6367ec930 12850d85468643a39e33c5770df3c25f 9e9d23fb0f174fc3accebb7c7f51f339 - - default default] No more DHCP agents
2026-07-02 11:18:12.689 10 WARNING neutron.api.rpc.agentnotifiers.dhcp_rpc_agent_api [None req-974a24ab-ce57-4fcd-8cd9-21f6367ec930 12850d85468643a39e33c5770df3c25f 9e9d23fb0f174fc3accebb7c7f51f339 - - default default] Unable to schedule network a8636387-de92-4568-8817-02aad962904e: no agents available; will retry on subsequent port and subnet creation events.
2026-07-02 11:18:12.734 9 INFO neutron.db.segments_db [None req-6f0753a9-3097-4088-a528-55f17c12735c 809546c40622466eab81955a0e6ed384 71e882d222df497e90e9ecb84daba34c - - default default] Added segment 3695f1bc-4731-4164-ad6f-44821c4a0535 of type geneve for network b4b93c4a-7954-4f0f-8c54-889fa731554e
2026-07-02 11:18:12.864 9 INFO neutron.db.ovn_revision_numbers_db [None req-6f0753a9-3097-4088-a528-55f17c12735c 809546c40622466eab81955a0e6ed384 71e882d222df497e90e9ecb84daba34c - - default default] Successfully bumped revision number for resource b4b93c4a-7954-4f0f-8c54-889fa731554e (type: networks) to 1
2026-07-02 11:18:13.016 9 WARNING neutron.scheduler.dhcp_agent_scheduler [None req-6f0753a9-3097-4088-a528-55f17c12735c 809546c40622466eab81955a0e6ed384 71e882d222df497e90e9ecb84daba34c - - default default] No more DHCP agents
2026-07-02 11:18:13.018 9 WARNING neutron.api.rpc.agentnotifiers.dhcp_rpc_agent_api [None req-6f0753a9-3097-4088-a528-55f17c12735c 809546c40622466eab81955a0e6ed384 71e882d222df497e90e9ecb84daba34c - - default default] Unable to schedule network b4b93c4a-7954-4f0f-8c54-889fa731554e: no agents available; will retry on subsequent port and subnet creation events.
2026-07-02 11:18:13.085 9 INFO neutron.db.ovn_revision_numbers_db [None req-6f0753a9-3097-4088-a528-55f17c12735c 809546c40622466eab81955a0e6ed384 71e882d222df497e90e9ecb84daba34c - - default default] Successfully bumped revision number for resource 347fd4de-2f81-4425-95e2-f5975753208e (type: ports) to 1
2026-07-02 11:18:13.105 9 INFO neutron.api.wsgi [None req-6f0753a9-3097-4088-a528-55f17c12735c 809546c40622466eab81955a0e6ed384 71e882d222df497e90e9ecb84daba34c - - default default] 10.0.0.23 "POST /v2.0/networks HTTP/1.1" status: 201 len: 831 time: 0.4628897
2026-07-02 11:18:13.118 9 WARNING neutron_lib.context [None req-2b21cea6-1be3-42e3-a45b-1d8f3175f809 809546c40622466eab81955a0e6ed384 71e882d222df497e90e9ecb84daba34c - - default default] Method 'is_advsvc' is deprecated since 2023.2 release (neutron-lib 3.8.0) and will be removed once support for the old RBAC API policies will be removed from Neutron. Please use method 'is_service_role' instead.
2026-07-02 11:18:13.150 10 INFO neutron.db.ovn_revision_numbers_db [None req-2fdf0a08-ffd2-4fb3-8247-8163ec3ad2f2 - - - - - -] Successfully bumped revision number for resource d2ede30f-ebd6-4ea4-8d33-8c5dcaba7056 (type: ports) to 2
2026-07-02 11:18:13.184 10 INFO neutron.db.ovn_revision_numbers_db [None req-2fdf0a08-ffd2-4fb3-8247-8163ec3ad2f2 - - - - - -] Successfully bumped revision number for resource 66b4317a-7826-4504-a033-ca3a07ade2a7 (type: subnets) to 0
2026-07-02 11:18:13.200 10 INFO neutron.api.wsgi [None req-974a24ab-ce57-4fcd-8cd9-21f6367ec930 12850d85468643a39e33c5770df3c25f 9e9d23fb0f174fc3accebb7c7f51f339 - - default default] 10.0.0.23 "POST /v2.0/subnets HTTP/1.1" status: 201 len: 846 time: 0.6296320
2026-07-02 11:18:13.212 10 WARNING neutron.api.v2.base [None req-3092769e-4f27-4094-9f50-97b775e8658d 12850d85468643a39e33c5770df3c25f 9e9d23fb0f174fc3accebb7c7f51f339 - - default default] An exception happened while processing the request body. The exception message is [Invalid input for target_tenant. Reason: '1234123412341234123412341234123412341234123412341234123412341234123412341234123412341234123412341234123412341234123412341234123412341234123412341234123412341234123412341234123412341234123412341234123412341234123412341234123412341234123412341234123412341234123412341234123412341234123412341234123412341234123412341234123412341234123412341234123412341234123412341234123412341234123412341234123412341234' exceeds maximum length of 255.].: webob.exc.HTTPBadRequest: Invalid input for target_tenant. Reason: '1234123412341234123412341234123412341234123412341234123412341234123412341234123412341234123412341234123412341234123412341234123412341234123412341234123412341234123412341234123412341234123412341234123412341234123412341234123412341234123412341234123412341234123412341234123412341234123412341234123412341234123412341234123412341234123412341234123412341234123412341234123412341234123412341234123412341234' exceeds maximum length of 255.
2026-07-02 11:18:13.213 10 INFO neutron.api.v2.resource [None req-3092769e-4f27-4094-9f50-97b775e8658d 12850d85468643a39e33c5770df3c25f 9e9d23fb0f174fc3accebb7c7f51f339 - - default default] create failed (client error): Invalid input for target_tenant. Reason: '1234123412341234123412341234123412341234123412341234123412341234123412341234123412341234123412341234123412341234123412341234123412341234123412341234123412341234123412341234123412341234123412341234123412341234123412341234123412341234123412341234123412341234123412341234123412341234123412341234123412341234123412341234123412341234123412341234123412341234123412341234123412341234123412341234123412341234' exceeds maximum length of 255.
2026-07-02 11:18:13.214 10 INFO neutron.api.wsgi [None req-3092769e-4f27-4094-9f50-97b775e8658d 12850d85468643a39e33c5770df3c25f 9e9d23fb0f174fc3accebb7c7f51f339 - - default default] 10.0.0.23 "POST /v2.0/rbac-policies HTTP/1.1" status: 400 len: 750 time: 0.0064118
2026-07-02 11:18:13.375 9 WARNING neutron.scheduler.dhcp_agent_scheduler [None req-2b21cea6-1be3-42e3-a45b-1d8f3175f809 809546c40622466eab81955a0e6ed384 71e882d222df497e90e9ecb84daba34c - - default default] No more DHCP agents
2026-07-02 11:18:13.378 9 WARNING neutron.api.rpc.agentnotifiers.dhcp_rpc_agent_api [None req-2b21cea6-1be3-42e3-a45b-1d8f3175f809 809546c40622466eab81955a0e6ed384 71e882d222df497e90e9ecb84daba34c - - default default] Unable to schedule network b4b93c4a-7954-4f0f-8c54-889fa731554e: no agents available; will retry on subsequent port and subnet creation events.
2026-07-02 11:18:13.455 9 INFO neutron.db.ovn_revision_numbers_db [None req-2b21cea6-1be3-42e3-a45b-1d8f3175f809 809546c40622466eab81955a0e6ed384 71e882d222df497e90e9ecb84daba34c - - default default] Successfully bumped revision number for resource 4d558e47-1433-466f-95b2-35aafbf88d18 (type: ports) to 1
2026-07-02 11:18:13.497 9 INFO neutron.api.wsgi [None req-2b21cea6-1be3-42e3-a45b-1d8f3175f809 809546c40622466eab81955a0e6ed384 71e882d222df497e90e9ecb84daba34c - - default default] 10.0.0.23 "POST /v2.0/ports HTTP/1.1" status: 201 len: 942 time: 0.3824425
2026-07-02 11:18:13.507 10 WARNING neutron_lib.context [None req-52fd2db4-69a0-4c74-9149-8d686ba29c3a 809546c40622466eab81955a0e6ed384 71e882d222df497e90e9ecb84daba34c - - default default] Method 'is_advsvc' is deprecated since 2023.2 release (neutron-lib 3.8.0) and will be removed once support for the old RBAC API policies will be removed from Neutron. Please use method 'is_service_role' instead.
2026-07-02 11:18:13.687 9 INFO neutron.services.segments.plugin [-] Segment 86d421b5-4529-4daf-ad0e-1c787d8f18d3 resource provider aggregate not found
2026-07-02 11:18:13.691 9 INFO neutron.services.segments.plugin [-] Segment 86d421b5-4529-4daf-ad0e-1c787d8f18d3 resource provider aggregate not found
