2026-07-02 11:17:54.725 9 INFO neutron.api.wsgi [req-32fee3cb-bb0b-4323-a7fa-2e5e24319091 req-c961b265-4d6f-4a65-b3d8-69e6cf1d7627 b68455894e2941a7a32efb8914ecbb43 8d4c9ff6589743c1be49933ce8408a83 - - default default] 10.0.0.231 "GET /v2.0/ports?device_id=61258874-5c26-4201-9339-79739769b4ec HTTP/1.1" status: 200 len: 210 time: 0.0270131
2026-07-02 11:17:54.829 10 INFO neutron.db.ovn_revision_numbers_db [None req-8d7976d2-4a0f-4031-b396-5bf283e2167a - - - - - -] Successfully bumped revision number for resource a4b54dc1-d01d-4db1-a912-9a3aece2a20c (type: ports) to 2
2026-07-02 11:17:54.857 10 INFO neutron.db.ovn_revision_numbers_db [None req-8d7976d2-4a0f-4031-b396-5bf283e2167a - - - - - -] Successfully bumped revision number for resource c1c7803e-ecfb-4a4a-84ea-65bdb95b6ddd (type: subnets) to 0
2026-07-02 11:17:54.872 10 INFO neutron.api.wsgi [None req-e4851551-d390-413e-af13-72f4240b6672 9d5b1667206a494aa1a94400103e89c8 a2d10ccbde9d4388b1b275afe02ecd1b - - default default] 10.0.0.23 "POST /v2.0/subnets HTTP/1.1" status: 201 len: 825 time: 0.7935860
2026-07-02 11:17:54.883 10 WARNING neutron_lib.context [None req-6c1f8b30-bbc5-4dd7-bf33-84bec4234f08 9d5b1667206a494aa1a94400103e89c8 a2d10ccbde9d4388b1b275afe02ecd1b - - default default] Method 'is_advsvc' is deprecated since 2023.2 release (neutron-lib 3.8.0) and will be removed once support for the old RBAC API policies will be removed from Neutron. Please use method 'is_service_role' instead.
2026-07-02 11:17:55.005 10 INFO neutron.db.ovn_revision_numbers_db [None req-6c1f8b30-bbc5-4dd7-bf33-84bec4234f08 9d5b1667206a494aa1a94400103e89c8 a2d10ccbde9d4388b1b275afe02ecd1b - - default default] Successfully bumped revision number for resource 9510ee0b-ce57-44d0-839b-dd816369c9d8 (type: routers) to 1
2026-07-02 11:17:55.021 10 INFO neutron.api.wsgi [None req-6c1f8b30-bbc5-4dd7-bf33-84bec4234f08 9d5b1667206a494aa1a94400103e89c8 a2d10ccbde9d4388b1b275afe02ecd1b - - default default] 10.0.0.23 "POST /v2.0/routers HTTP/1.1" status: 201 len: 802 time: 0.1424241
2026-07-02 11:17:55.033 10 WARNING neutron_lib.context [None req-11798f3f-b578-450e-bc4e-6870c145dbfe 9d5b1667206a494aa1a94400103e89c8 a2d10ccbde9d4388b1b275afe02ecd1b - - default default] Method 'is_advsvc' is deprecated since 2023.2 release (neutron-lib 3.8.0) and will be removed once support for the old RBAC API policies will be removed from Neutron. Please use method 'is_service_role' instead.
2026-07-02 11:17:55.254 10 INFO neutron.services.segments.plugin [-] Segment d3d2789b-b7ae-43a5-8bd7-fbd216dc3a43 resource provider aggregate not found
2026-07-02 11:17:55.266 10 INFO neutron.services.segments.plugin [-] Segment d3d2789b-b7ae-43a5-8bd7-fbd216dc3a43 resource provider aggregate not found
2026-07-02 11:17:55.277 10 INFO neutron.services.segments.plugin [-] Segment d3d2789b-b7ae-43a5-8bd7-fbd216dc3a43 resource provider not found; error: Placement Client Error (4xx): {"errors": [{"status": 404, "title": "Not Found", "detail": "The resource could not be found.\n\n No resource provider with uuid d3d2789b-b7ae-43a5-8bd7-fbd216dc3a43 found for delete ", "request_id": "req-b05f2880-18e6-4b6d-9fd0-e8c8b8bb7353"}]}
2026-07-02 11:17:55.291 10 INFO neutron.services.segments.plugin [-] Segment d3d2789b-b7ae-43a5-8bd7-fbd216dc3a43 resource provider not found; error: Placement Client Error (4xx): {"errors": [{"status": 404, "title": "Not Found", "detail": "The resource could not be found.\n\n No resource provider with uuid d3d2789b-b7ae-43a5-8bd7-fbd216dc3a43 found for delete ", "request_id": "req-e4e44ef9-822b-4195-a1f8-d1772046772a"}]}
2026-07-02 11:17:55.328 10 WARNING neutron.scheduler.dhcp_agent_scheduler [None req-11798f3f-b578-450e-bc4e-6870c145dbfe 9d5b1667206a494aa1a94400103e89c8 a2d10ccbde9d4388b1b275afe02ecd1b - - default default] No more DHCP agents
2026-07-02 11:17:55.329 10 WARNING neutron.api.rpc.agentnotifiers.dhcp_rpc_agent_api [None req-11798f3f-b578-450e-bc4e-6870c145dbfe 9d5b1667206a494aa1a94400103e89c8 a2d10ccbde9d4388b1b275afe02ecd1b - - default default] Unable to schedule network 3a02512f-ec97-49f3-bef0-4e5c12e31001: no agents available; will retry on subsequent port and subnet creation events.
2026-07-02 11:17:55.456 10 INFO neutron.db.ovn_revision_numbers_db [None req-11798f3f-b578-450e-bc4e-6870c145dbfe 9d5b1667206a494aa1a94400103e89c8 a2d10ccbde9d4388b1b275afe02ecd1b - - default default] Successfully bumped revision number for resource fa65151b-f8c6-47bc-9725-716a079485e2 (type: ports) to 1
2026-07-02 11:17:55.479 10 INFO neutron.api.wsgi [None req-11798f3f-b578-450e-bc4e-6870c145dbfe 9d5b1667206a494aa1a94400103e89c8 a2d10ccbde9d4388b1b275afe02ecd1b - - default default] 10.0.0.23 "POST /v2.0/ports HTTP/1.1" status: 201 len: 1150 time: 0.4506757 /var/lib/openstack/lib/python3.12/site-packages/pycadf/identifier.py:71: UserWarning: Invalid uuid: neutron. To ensure interoperability, identifiers should be a valid uuid. warnings.warn(('Invalid uuid: %s. To ensure interoperability, '
2026-07-02 11:17:55.821 9 INFO neutron.api.wsgi [req-a59fcd20-d247-46ea-8ae4-6e95436d2b03 req-250034ed-ddb9-49e0-8c5f-6deb229a51f6 b68455894e2941a7a32efb8914ecbb43 8d4c9ff6589743c1be49933ce8408a83 - - default default] 10.0.0.231 "GET /v2.0/ports?device_id=61258874-5c26-4201-9339-79739769b4ec HTTP/1.1" status: 200 len: 210 time: 0.0253100
2026-07-02 11:17:55.884 10 WARNING neutron.plugins.ml2.drivers.ovn.mech_driver.ovsdb.ovn_client [None req-7ff49783-616e-40a6-ac35-82c5937f73f2 - - - - - -] No port found with ID 22ffa87a-31af-4bb3-b3a6-270c77b33a78: RuntimeError: No port found with ID 22ffa87a-31af-4bb3-b3a6-270c77b33a78
2026-07-02 11:17:55.908 9 INFO neutron.api.wsgi [req-7da417d2-d44f-47b1-bf8e-f472d004356a req-0ad8ab87-17c5-4df0-8182-ba77a0b3307d 8a249008453048d08b9f9bcf1b2c7eb4 d337f472c6ab4947837e1dfa394d5a17 - - default default] 10.0.0.231 "GET /v2.0/ports?device_id=daadc5c1-03ac-4bc9-82a5-82480fe38a05 HTTP/1.1" status: 200 len: 1174 time: 0.0526676
2026-07-02 11:17:55.945 9 INFO neutron.api.wsgi [req-7da417d2-d44f-47b1-bf8e-f472d004356a req-0026d695-8da5-4aff-ae65-182abc2418ca 8a249008453048d08b9f9bcf1b2c7eb4 d337f472c6ab4947837e1dfa394d5a17 - - default default] 10.0.0.231 "GET /v2.0/security-groups?id=9aae2cc1-c598-4825-b928-8ba95f3bc769&fields=id&fields=name HTTP/1.1" status: 200 len: 286 time: 0.0318606
2026-07-02 11:17:56.034 9 INFO neutron.plugins.ml2.drivers.ovn.mech_driver.mech_driver [None req-47509105-14cb-4c38-b410-4046cde38054 - - - - - -] OVN reports status up for port: fa65151b-f8c6-47bc-9725-716a079485e2
2026-07-02 11:17:56.042 9 INFO neutron.plugins.ml2.plugin [None req-47509105-14cb-4c38-b410-4046cde38054 - - - - - -] Attempt 1 to provision port fa65151b-f8c6-47bc-9725-716a079485e2
2026-07-02 11:17:56.062 10 INFO neutron.db.ovn_revision_numbers_db [None req-c9d27014-9486-4dfb-8835-8acadc556dc6 9d5b1667206a494aa1a94400103e89c8 a2d10ccbde9d4388b1b275afe02ecd1b - - default default] Successfully bumped revision number for resource fa65151b-f8c6-47bc-9725-716a079485e2 (type: ports) to 2
2026-07-02 11:17:56.343 9 INFO neutron.db.ovn_revision_numbers_db [None req-47509105-14cb-4c38-b410-4046cde38054 - - - - - -] Successfully bumped revision number for resource fa65151b-f8c6-47bc-9725-716a079485e2 (type: ports) to 3
2026-07-02 11:17:56.644 10 INFO neutron.db.ovn_revision_numbers_db [None req-c9d27014-9486-4dfb-8835-8acadc556dc6 9d5b1667206a494aa1a94400103e89c8 a2d10ccbde9d4388b1b275afe02ecd1b - - default default] Successfully bumped revision number for resource fa65151b-f8c6-47bc-9725-716a079485e2 (type: ports) to 3
2026-07-02 11:17:56.698 10 WARNING neutron.scheduler.dhcp_agent_scheduler [None req-c9d27014-9486-4dfb-8835-8acadc556dc6 9d5b1667206a494aa1a94400103e89c8 a2d10ccbde9d4388b1b275afe02ecd1b - - default default] No more DHCP agents
2026-07-02 11:17:56.699 10 WARNING neutron.api.rpc.agentnotifiers.dhcp_rpc_agent_api [None req-c9d27014-9486-4dfb-8835-8acadc556dc6 9d5b1667206a494aa1a94400103e89c8 a2d10ccbde9d4388b1b275afe02ecd1b - - default default] Unable to schedule network 3a02512f-ec97-49f3-bef0-4e5c12e31001: no agents available; will retry on subsequent port and subnet creation events.
2026-07-02 11:17:56.754 9 INFO neutron.api.wsgi [-] 10.0.0.197 "GET / HTTP/1.1" status: 200 len: 247 time: 0.0042822
2026-07-02 11:17:56.758 9 INFO neutron.api.wsgi [-] 10.0.0.197 "GET / HTTP/1.1" status: 200 len: 247 time: 0.0024202
2026-07-02 11:17:56.869 10 INFO neutron.db.ovn_revision_numbers_db [None req-c9d27014-9486-4dfb-8835-8acadc556dc6 9d5b1667206a494aa1a94400103e89c8 a2d10ccbde9d4388b1b275afe02ecd1b - - default default] Successfully bumped revision number for resource fa65151b-f8c6-47bc-9725-716a079485e2 (type: router_ports) to 3
2026-07-02 11:17:56.875 10 INFO neutron.api.wsgi [None req-c9d27014-9486-4dfb-8835-8acadc556dc6 9d5b1667206a494aa1a94400103e89c8 a2d10ccbde9d4388b1b275afe02ecd1b - - default default] 10.0.0.23 "PUT /v2.0/routers/9510ee0b-ce57-44d0-839b-dd816369c9d8/add_router_interface HTTP/1.1" status: 200 len: 503 time: 1.3863990 /var/lib/openstack/lib/python3.12/site-packages/pycadf/identifier.py:71: UserWarning: Invalid uuid: neutron. To ensure interoperability, identifiers should be a valid uuid. warnings.warn(('Invalid uuid: %s. To ensure interoperability, '
2026-07-02 11:17:56.919 10 INFO neutron.api.wsgi [None req-1f1d71cd-a5fb-4d97-a3b0-7d5442cdafcb 9d5b1667206a494aa1a94400103e89c8 a2d10ccbde9d4388b1b275afe02ecd1b - - default default] 10.0.0.23 "GET /v2.0/ports/fa65151b-f8c6-47bc-9725-716a079485e2 HTTP/1.1" status: 200 len: 1208 time: 0.0387900 /var/lib/openstack/lib/python3.12/site-packages/pycadf/identifier.py:71: UserWarning: Invalid uuid: neutron. To ensure interoperability, identifiers should be a valid uuid. warnings.warn(('Invalid uuid: %s. To ensure interoperability, '
2026-07-02 11:17:57.009 10 INFO neutron.api.wsgi [None req-166a38f4-3c83-4ca4-8e7b-0149b62e4662 b68455894e2941a7a32efb8914ecbb43 8d4c9ff6589743c1be49933ce8408a83 - - default default] 10.0.0.23 "DELETE /v2.0/security-groups/65128b75-a3d5-4caa-b3cc-8eac10daf7ed HTTP/1.1" status: 204 len: 168 time: 0.1120245 /var/lib/openstack/lib/python3.12/site-packages/pycadf/identifier.py:71: UserWarning: Invalid uuid: neutron. To ensure interoperability, identifiers should be a valid uuid. warnings.warn(('Invalid uuid: %s. To ensure interoperability, '
2026-07-02 11:17:57.021 10 INFO neutron.api.v2.resource [None req-0dd8a0fb-bbb8-410f-b635-e0dd019c83d3 b68455894e2941a7a32efb8914ecbb43 8d4c9ff6589743c1be49933ce8408a83 - - default default] show failed (client error): The resource could not be found.
2026-07-02 11:17:57.022 10 INFO neutron.api.wsgi [None req-0dd8a0fb-bbb8-410f-b635-e0dd019c83d3 b68455894e2941a7a32efb8914ecbb43 8d4c9ff6589743c1be49933ce8408a83 - - default default] 10.0.0.23 "GET /v2.0/security-groups/65128b75-a3d5-4caa-b3cc-8eac10daf7ed HTTP/1.1" status: 404 len: 347 time: 0.0084300
2026-07-02 11:17:57.047 9 INFO neutron.api.wsgi [req-a23f511a-db2c-40a1-8f24-21b22dc31071 req-cba8827e-e04e-4ab8-8ae2-85ea83b7d2d2 8a249008453048d08b9f9bcf1b2c7eb4 d337f472c6ab4947837e1dfa394d5a17 - - default default] 10.0.0.231 "GET /v2.0/ports?device_id=daadc5c1-03ac-4bc9-82a5-82480fe38a05 HTTP/1.1" status: 200 len: 1174 time: 0.0345719 /var/lib/openstack/lib/python3.12/site-packages/pycadf/identifier.py:71: UserWarning: Invalid uuid: neutron. To ensure interoperability, identifiers should be a valid uuid. warnings.warn(('Invalid uuid: %s. To ensure interoperability, '
2026-07-02 11:17:57.096 9 INFO neutron.api.wsgi [req-a23f511a-db2c-40a1-8f24-21b22dc31071 req-f8814113-2845-414d-8e25-88c57b945a3e 8a249008453048d08b9f9bcf1b2c7eb4 d337f472c6ab4947837e1dfa394d5a17 - - default default] 10.0.0.231 "GET /v2.0/security-groups?id=9aae2cc1-c598-4825-b928-8ba95f3bc769&fields=id&fields=name HTTP/1.1" status: 200 len: 286 time: 0.0428214
2026-07-02 11:17:57.343 10 INFO neutron.api.wsgi [None req-cccaf9b3-3102-4c4f-ae1d-daf2b8c56540 b68455894e2941a7a32efb8914ecbb43 8d4c9ff6589743c1be49933ce8408a83 - - default default] 10.0.0.23 "DELETE /v2.0/floatingips/bd4233ad-b1c0-45bb-9b1d-a616eb475329 HTTP/1.1" status: 204 len: 168 time: 0.3169346
2026-07-02 11:17:57.554 9 INFO neutron.api.wsgi [None req-32fdea66-11d9-40d6-81b4-3c1d635e7547 9d5b1667206a494aa1a94400103e89c8 a2d10ccbde9d4388b1b275afe02ecd1b - - default default] 10.0.0.23 "PUT /v2.0/routers/9510ee0b-ce57-44d0-839b-dd816369c9d8/remove_router_interface HTTP/1.1" status: 200 len: 503 time: 0.6290960 /var/lib/openstack/lib/python3.12/site-packages/pycadf/identifier.py:71: UserWarning: Invalid uuid: neutron. To ensure interoperability, identifiers should be a valid uuid. warnings.warn(('Invalid uuid: %s. To ensure interoperability, '
2026-07-02 11:17:57.644 9 INFO neutron.api.v2.resource [None req-263b44e8-5dc0-40df-8165-1329fda17040 9d5b1667206a494aa1a94400103e89c8 a2d10ccbde9d4388b1b275afe02ecd1b - - default default] remove_router_interface failed (client error): The resource could not be found.
2026-07-02 11:17:57.646 9 INFO neutron.api.wsgi [None req-263b44e8-5dc0-40df-8165-1329fda17040 9d5b1667206a494aa1a94400103e89c8 a2d10ccbde9d4388b1b275afe02ecd1b - - default default] 10.0.0.23 "PUT /v2.0/routers/9510ee0b-ce57-44d0-839b-dd816369c9d8/remove_router_interface HTTP/1.1" status: 404 len: 398 time: 0.0864091
2026-07-02 11:17:57.653 9 INFO neutron.api.wsgi [req-71dcf301-2b1a-4816-9931-bb3ca4c4c4d1 req-81d0dd60-c49c-469e-bc47-6a62f04c0ce5 8a249008453048d08b9f9bcf1b2c7eb4 d337f472c6ab4947837e1dfa394d5a17 - - default default] 199.19.213.66 "GET /v2.0/ports?device_id=daadc5c1-03ac-4bc9-82a5-82480fe38a05 HTTP/1.1" status: 200 len: 1174 time: 0.0550239
2026-07-02 11:17:57.669 9 INFO neutron.api.wsgi [None req-a2bd0035-de9b-44b8-9b28-7c4a4a8b75ab 9d5b1667206a494aa1a94400103e89c8 a2d10ccbde9d4388b1b275afe02ecd1b - - default default] 10.0.0.23 "GET /v2.0/ports?device_id=9510ee0b-ce57-44d0-839b-dd816369c9d8 HTTP/1.1" status: 200 len: 205 time: 0.0148668
2026-07-02 11:17:57.843 9 INFO neutron.api.wsgi [None req-4cf1578d-7e42-48e3-b8df-eb2fb2da11f1 9d5b1667206a494aa1a94400103e89c8 a2d10ccbde9d4388b1b275afe02ecd1b - - default default] 10.0.0.23 "DELETE /v2.0/routers/9510ee0b-ce57-44d0-839b-dd816369c9d8 HTTP/1.1" status: 204 len: 168 time: 0.1686742
2026-07-02 11:17:57.975 9 INFO neutron.api.wsgi [req-71dcf301-2b1a-4816-9931-bb3ca4c4c4d1 req-0762a9b2-5f27-4e87-8b7a-f8bc91147a63 8a249008453048d08b9f9bcf1b2c7eb4 d337f472c6ab4947837e1dfa394d5a17 - - default default] 199.19.213.66 "DELETE /v2.0/ports/1e245e05-1eab-413d-966f-0511ff1651a2 HTTP/1.1" status: 204 len: 173 time: 0.3162861
2026-07-02 11:17:58.022 9 INFO neutron.notifiers.nova [-] Nova event matching ['req-b523265b-9a07-4acf-bed7-57ab81b783d8'] response: {'server_uuid': 'daadc5c1-03ac-4bc9-82a5-82480fe38a05', 'name': 'network-vif-deleted', 'tag': '1e245e05-1eab-413d-966f-0511ff1651a2', 'status': 'completed', 'code': 200}
2026-07-02 11:17:58.026 9 INFO neutron.api.wsgi [None req-5dd40741-54ce-4c39-9458-e6439f13f65f 9d5b1667206a494aa1a94400103e89c8 a2d10ccbde9d4388b1b275afe02ecd1b - - default default] 10.0.0.23 "DELETE /v2.0/subnets/c1c7803e-ecfb-4a4a-84ea-65bdb95b6ddd HTTP/1.1" status: 204 len: 168 time: 0.1776741
2026-07-02 11:17:58.180 9 INFO neutron.api.wsgi [req-8479051f-a0c7-4225-8b1d-54c3f5564522 req-72fb29ba-7327-4058-96c4-c2626c56ff63 8a249008453048d08b9f9bcf1b2c7eb4 d337f472c6ab4947837e1dfa394d5a17 - - default default] 10.0.0.231 "GET /v2.0/ports?device_id=daadc5c1-03ac-4bc9-82a5-82480fe38a05 HTTP/1.1" status: 200 len: 210 time: 0.0199144
2026-07-02 11:17:58.349 10 INFO neutron.api.wsgi [None req-3092764a-6837-476a-a68f-c7e01226fde5 83ff6a123b694938a8cf1b9adfc98d93 ef4b28797ef941f2a8192da8b88acea1 - - default default] 10.0.0.23 "PUT /v2.0/routers/ea2485d6-5033-4df0-814f-b70a20839f23/remove_router_interface HTTP/1.1" status: 200 len: 503 time: 1.0006351 /var/lib/openstack/lib/python3.12/site-packages/pycadf/identifier.py:71: UserWarning: Invalid uuid: neutron. To ensure interoperability, identifiers should be a valid uuid. warnings.warn(('Invalid uuid: %s. To ensure interoperability, '
2026-07-02 11:17:58.378 9 INFO neutron.services.segments.plugin [-] Segment 91c8a59f-6610-467e-9129-6420fd788b50 resource provider aggregate not found
2026-07-02 11:17:58.384 9 INFO neutron.services.segments.plugin [-] Segment 91c8a59f-6610-467e-9129-6420fd788b50 resource provider aggregate not found
2026-07-02 11:17:58.396 9 INFO neutron.services.segments.plugin [-] Segment 91c8a59f-6610-467e-9129-6420fd788b50 resource provider not found; error: Placement Client Error (4xx): {"errors": [{"status": 404, "title": "Not Found", "detail": "The resource could not be found.\n\n No resource provider with uuid 91c8a59f-6610-467e-9129-6420fd788b50 found for delete ", "request_id": "req-5147c824-0f8d-4c7d-8289-4a0dd720d741"}]}
2026-07-02 11:17:58.397 9 INFO neutron.services.segments.plugin [-] Segment 91c8a59f-6610-467e-9129-6420fd788b50 resource provider not found; error: Placement Client Error (4xx): {"errors": [{"status": 404, "title": "Not Found", "detail": "The resource could not be found.\n\n No resource provider with uuid 91c8a59f-6610-467e-9129-6420fd788b50 found for delete ", "request_id": "req-6f51b6f4-1d30-4f81-802e-4e3663955806"}]}
2026-07-02 11:17:58.414 9 INFO neutron.api.wsgi [None req-3eb8ebcc-259b-46e2-aa02-b85802d6951c 9d5b1667206a494aa1a94400103e89c8 a2d10ccbde9d4388b1b275afe02ecd1b - - default default] 10.0.0.23 "DELETE /v2.0/networks/3a02512f-ec97-49f3-bef0-4e5c12e31001 HTTP/1.1" status: 204 len: 168 time: 0.3815608
2026-07-02 11:17:58.424 9 WARNING neutron_lib.context [None req-8115fb7e-13ed-441a-9ff8-547b0cd9cfa2 9d5b1667206a494aa1a94400103e89c8 a2d10ccbde9d4388b1b275afe02ecd1b - - default default] Method 'is_advsvc' is deprecated since 2023.2 release (neutron-lib 3.8.0) and will be removed once support for the old RBAC API policies will be removed from Neutron. Please use method 'is_service_role' instead.
2026-07-02 11:17:58.507 9 INFO neutron.db.segments_db [None req-8115fb7e-13ed-441a-9ff8-547b0cd9cfa2 9d5b1667206a494aa1a94400103e89c8 a2d10ccbde9d4388b1b275afe02ecd1b - - default default] Added segment 9dd05c4c-479f-4734-9b97-15dda853ed78 of type geneve for network 414c0d03-3831-4f99-9891-5b8037e3056d
2026-07-02 11:17:58.619 9 INFO neutron.db.ovn_revision_numbers_db [None req-8115fb7e-13ed-441a-9ff8-547b0cd9cfa2 9d5b1667206a494aa1a94400103e89c8 a2d10ccbde9d4388b1b275afe02ecd1b - - default default] Successfully bumped revision number for resource 414c0d03-3831-4f99-9891-5b8037e3056d (type: networks) to 1
2026-07-02 11:17:58.776 9 WARNING neutron.scheduler.dhcp_agent_scheduler [None req-8115fb7e-13ed-441a-9ff8-547b0cd9cfa2 9d5b1667206a494aa1a94400103e89c8 a2d10ccbde9d4388b1b275afe02ecd1b - - default default] No more DHCP agents
2026-07-02 11:17:58.778 9 WARNING neutron.api.rpc.agentnotifiers.dhcp_rpc_agent_api [None req-8115fb7e-13ed-441a-9ff8-547b0cd9cfa2 9d5b1667206a494aa1a94400103e89c8 a2d10ccbde9d4388b1b275afe02ecd1b - - default default] Unable to schedule network 414c0d03-3831-4f99-9891-5b8037e3056d: no agents available; will retry on subsequent port and subnet creation events.
2026-07-02 11:17:58.840 9 INFO neutron.db.ovn_revision_numbers_db [None req-8115fb7e-13ed-441a-9ff8-547b0cd9cfa2 9d5b1667206a494aa1a94400103e89c8 a2d10ccbde9d4388b1b275afe02ecd1b - - default default] Successfully bumped revision number for resource fadc0b80-0bf9-42b2-9418-731baa67174f (type: ports) to 1
2026-07-02 11:17:58.866 9 INFO neutron.api.wsgi [None req-8115fb7e-13ed-441a-9ff8-547b0cd9cfa2 9d5b1667206a494aa1a94400103e89c8 a2d10ccbde9d4388b1b275afe02ecd1b - - default default] 10.0.0.23 "POST /v2.0/networks HTTP/1.1" status: 201 len: 828 time: 0.4446576
2026-07-02 11:17:58.877 9 WARNING neutron_lib.context [None req-1fd98919-9087-420c-8021-0f333063eeb6 9d5b1667206a494aa1a94400103e89c8 a2d10ccbde9d4388b1b275afe02ecd1b - - default default] Method 'is_advsvc' is deprecated since 2023.2 release (neutron-lib 3.8.0) and will be removed once support for the old RBAC API policies will be removed from Neutron. Please use method 'is_service_role' instead.
2026-07-02 11:17:59.025 10 INFO neutron.api.wsgi [None req-e209732d-40de-4023-91af-2243450daab8 83ff6a123b694938a8cf1b9adfc98d93 ef4b28797ef941f2a8192da8b88acea1 - - default default] 10.0.0.23 "DELETE /v2.0/routers/ea2485d6-5033-4df0-814f-b70a20839f23 HTTP/1.1" status: 204 len: 168 time: 0.6705582
2026-07-02 11:17:59.062 9 WARNING neutron.scheduler.dhcp_agent_scheduler [None req-1fd98919-9087-420c-8021-0f333063eeb6 9d5b1667206a494aa1a94400103e89c8 a2d10ccbde9d4388b1b275afe02ecd1b - - default default] No more DHCP agents
2026-07-02 11:17:59.064 9 WARNING neutron.api.rpc.agentnotifiers.dhcp_rpc_agent_api [None req-1fd98919-9087-420c-8021-0f333063eeb6 9d5b1667206a494aa1a94400103e89c8 a2d10ccbde9d4388b1b275afe02ecd1b - - default default] Unable to schedule network 414c0d03-3831-4f99-9891-5b8037e3056d: no agents available; will retry on subsequent port and subnet creation events.
2026-07-02 11:17:59.171 10 INFO neutron.api.wsgi [None req-12f0570e-d5bc-4533-b1d1-4e0c30b305ea 83ff6a123b694938a8cf1b9adfc98d93 ef4b28797ef941f2a8192da8b88acea1 - - default default] 10.0.0.23 "DELETE /v2.0/subnets/51691670-6edb-452c-9b74-33e68396a9ef HTTP/1.1" status: 204 len: 168 time: 0.1406987
2026-07-02 11:17:59.286 9 INFO neutron.api.wsgi [req-4476cdab-92ed-4388-975c-824d3a675eb0 req-3f8816e1-2d9b-42c6-b93f-18f3604840ba 8a249008453048d08b9f9bcf1b2c7eb4 d337f472c6ab4947837e1dfa394d5a17 - - default default] 10.0.0.231 "GET /v2.0/ports?device_id=daadc5c1-03ac-4bc9-82a5-82480fe38a05 HTTP/1.1" status: 200 len: 210 time: 0.0320311
2026-07-02 11:17:59.461 10 INFO neutron.services.segments.plugin [-] Segment 6d06f093-f201-4137-a750-4f1ce912b99f resource provider aggregate not found
2026-07-02 11:17:59.465 10 INFO neutron.services.segments.plugin [-] Segment 6d06f093-f201-4137-a750-4f1ce912b99f resource provider aggregate not found
2026-07-02 11:17:59.480 10 INFO neutron.services.segments.plugin [-] Segment 6d06f093-f201-4137-a750-4f1ce912b99f resource provider not found; error: Placement Client Error (4xx): {"errors": [{"status": 404, "title": "Not Found", "detail": "The resource could not be found.\n\n No resource provider with uuid 6d06f093-f201-4137-a750-4f1ce912b99f found for delete ", "request_id": "req-55d2866d-f3dd-4834-b2b2-e8104de75bf1"}]}
2026-07-02 11:17:59.482 10 INFO neutron.services.segments.plugin [-] Segment 6d06f093-f201-4137-a750-4f1ce912b99f resource provider not found; error: Placement Client Error (4xx): {"errors": [{"status": 404, "title": "Not Found", "detail": "The resource could not be found.\n\n No resource provider with uuid 6d06f093-f201-4137-a750-4f1ce912b99f found for delete ", "request_id": "req-c8bbda73-67d9-424a-ba29-0a612e7e4ee0"}]}
2026-07-02 11:17:59.494 10 INFO neutron.api.wsgi [None req-c176121c-5ec7-4a8c-abe2-c0756dbea32c 83ff6a123b694938a8cf1b9adfc98d93 ef4b28797ef941f2a8192da8b88acea1 - - default default] 10.0.0.23 "DELETE /v2.0/networks/cdc80a5d-7b51-47ba-ad1e-46ddad2ac2a7 HTTP/1.1" status: 204 len: 168 time: 0.3177843
2026-07-02 11:17:59.524 9 INFO neutron.db.ovn_revision_numbers_db [None req-e5de0e87-b16b-4033-9aa9-fbdc8c6896c1 - - - - - -] Successfully bumped revision number for resource fadc0b80-0bf9-42b2-9418-731baa67174f (type: ports) to 2
2026-07-02 11:17:59.557 9 INFO neutron.db.ovn_revision_numbers_db [None req-e5de0e87-b16b-4033-9aa9-fbdc8c6896c1 - - - - - -] Successfully bumped revision number for resource ca7c03f8-efa1-4fde-afda-e02536c13f3d (type: subnets) to 0
2026-07-02 11:17:59.572 9 INFO neutron.api.wsgi [None req-1fd98919-9087-420c-8021-0f333063eeb6 9d5b1667206a494aa1a94400103e89c8 a2d10ccbde9d4388b1b275afe02ecd1b - - default default] 10.0.0.23 "POST /v2.0/subnets HTTP/1.1" status: 201 len: 825 time: 0.6992152
2026-07-02 11:17:59.583 9 WARNING neutron_lib.context [None req-30c7686a-6488-44e5-9c1c-8d4aa656fcff 9d5b1667206a494aa1a94400103e89c8 a2d10ccbde9d4388b1b275afe02ecd1b - - default default] Method 'is_advsvc' is deprecated since 2023.2 release (neutron-lib 3.8.0) and will be removed once support for the old RBAC API policies will be removed from Neutron. Please use method 'is_service_role' instead.
2026-07-02 11:17:59.689 10 INFO neutron.api.wsgi [None req-547c75f5-8a09-4d4b-bbf2-092291e19f33 83ff6a123b694938a8cf1b9adfc98d93 ef4b28797ef941f2a8192da8b88acea1 - - default default] 10.0.0.23 "GET /v2.0/security-groups?tenant_id=8d4c9ff6589743c1be49933ce8408a83&name=default HTTP/1.1" status: 200 len: 3120 time: 0.0271013
2026-07-02 11:17:59.694 9 INFO neutron.db.ovn_revision_numbers_db [None req-30c7686a-6488-44e5-9c1c-8d4aa656fcff 9d5b1667206a494aa1a94400103e89c8 a2d10ccbde9d4388b1b275afe02ecd1b - - default default] Successfully bumped revision number for resource 6391c2d7-efd6-4e74-bf34-24aad4914681 (type: routers) to 1
2026-07-02 11:17:59.714 9 INFO neutron.api.wsgi [None req-30c7686a-6488-44e5-9c1c-8d4aa656fcff 9d5b1667206a494aa1a94400103e89c8 a2d10ccbde9d4388b1b275afe02ecd1b - - default default] 10.0.0.23 "POST /v2.0/routers HTTP/1.1" status: 201 len: 802 time: 0.1365066
2026-07-02 11:17:59.905 10 INFO neutron.api.wsgi [None req-8639ba2e-ac67-4c43-a7ec-83c62818c1a1 83ff6a123b694938a8cf1b9adfc98d93 ef4b28797ef941f2a8192da8b88acea1 - - default default] 10.0.0.23 "DELETE /v2.0/security-groups/fe32cd9c-493f-4f61-8ba2-10bd38e4d3bc HTTP/1.1" status: 204 len: 168 time: 0.2108741
2026-07-02 11:18:00.289 9 WARNING neutron.scheduler.dhcp_agent_scheduler [None req-099b7022-b1e1-46a5-b338-1016d5256af6 9d5b1667206a494aa1a94400103e89c8 a2d10ccbde9d4388b1b275afe02ecd1b - - default default] No more DHCP agents
2026-07-02 11:18:00.291 9 WARNING neutron.api.rpc.agentnotifiers.dhcp_rpc_agent_api [None req-099b7022-b1e1-46a5-b338-1016d5256af6 9d5b1667206a494aa1a94400103e89c8 a2d10ccbde9d4388b1b275afe02ecd1b - - default default] Unable to schedule network 414c0d03-3831-4f99-9891-5b8037e3056d: no agents available; will retry on subsequent port and subnet creation events.
2026-07-02 11:18:00.398 9 INFO neutron.api.wsgi [req-9c81896c-f200-4435-8260-5ec648283699 req-dcb1fbf4-94b5-498f-864c-1c925bdb5bda 8a249008453048d08b9f9bcf1b2c7eb4 d337f472c6ab4947837e1dfa394d5a17 - - default default] 10.0.0.231 "GET /v2.0/ports?device_id=daadc5c1-03ac-4bc9-82a5-82480fe38a05 HTTP/1.1" status: 200 len: 210 time: 0.0319519
2026-07-02 11:18:00.466 9 INFO neutron.db.ovn_revision_numbers_db [None req-099b7022-b1e1-46a5-b338-1016d5256af6 9d5b1667206a494aa1a94400103e89c8 a2d10ccbde9d4388b1b275afe02ecd1b - - default default] Successfully bumped revision number for resource 9aeb48de-5cc1-4dc7-9fdf-f26b4dfa5250 (type: ports) to 1
2026-07-02 11:18:00.929 10 INFO neutron.plugins.ml2.drivers.ovn.mech_driver.mech_driver [None req-7ff49783-616e-40a6-ac35-82c5937f73f2 - - - - - -] OVN reports status up for port: 9aeb48de-5cc1-4dc7-9fdf-f26b4dfa5250
2026-07-02 11:18:00.936 10 INFO neutron.plugins.ml2.plugin [None req-7ff49783-616e-40a6-ac35-82c5937f73f2 - - - - - -] Attempt 1 to provision port 9aeb48de-5cc1-4dc7-9fdf-f26b4dfa5250
2026-07-02 11:18:00.948 9 INFO neutron.db.ovn_revision_numbers_db [None req-099b7022-b1e1-46a5-b338-1016d5256af6 9d5b1667206a494aa1a94400103e89c8 a2d10ccbde9d4388b1b275afe02ecd1b - - default default] Successfully bumped revision number for resource 9aeb48de-5cc1-4dc7-9fdf-f26b4dfa5250 (type: ports) to 1
2026-07-02 11:18:00.996 9 WARNING neutron.scheduler.dhcp_agent_scheduler [None req-099b7022-b1e1-46a5-b338-1016d5256af6 9d5b1667206a494aa1a94400103e89c8 a2d10ccbde9d4388b1b275afe02ecd1b - - default default] No more DHCP agents
2026-07-02 11:18:00.998 9 WARNING neutron.api.rpc.agentnotifiers.dhcp_rpc_agent_api [None req-099b7022-b1e1-46a5-b338-1016d5256af6 9d5b1667206a494aa1a94400103e89c8 a2d10ccbde9d4388b1b275afe02ecd1b - - default default] Unable to schedule network 414c0d03-3831-4f99-9891-5b8037e3056d: no agents available; will retry on subsequent port and subnet creation events.
2026-07-02 11:18:01.150 9 INFO neutron.db.ovn_revision_numbers_db [None req-099b7022-b1e1-46a5-b338-1016d5256af6 9d5b1667206a494aa1a94400103e89c8 a2d10ccbde9d4388b1b275afe02ecd1b - - default default] Successfully bumped revision number for resource 9aeb48de-5cc1-4dc7-9fdf-f26b4dfa5250 (type: router_ports) to 1
2026-07-02 11:18:01.155 9 INFO neutron.api.wsgi [None req-099b7022-b1e1-46a5-b338-1016d5256af6 9d5b1667206a494aa1a94400103e89c8 a2d10ccbde9d4388b1b275afe02ecd1b - - default default] 10.0.0.23 "PUT /v2.0/routers/6391c2d7-efd6-4e74-bf34-24aad4914681/add_router_interface HTTP/1.1" status: 200 len: 503 time: 1.4353256
2026-07-02 11:18:01.191 9 INFO neutron.api.wsgi [None req-1eda826d-c126-4ab1-ae34-88316de558b1 9d5b1667206a494aa1a94400103e89c8 a2d10ccbde9d4388b1b275afe02ecd1b - - default default] 10.0.0.23 "GET /v2.0/ports/9aeb48de-5cc1-4dc7-9fdf-f26b4dfa5250 HTTP/1.1" status: 200 len: 1137 time: 0.0307977
2026-07-02 11:18:01.242 9 INFO neutron.api.wsgi [None req-227e244b-d714-406f-ad8a-8ebc95a46888 9d5b1667206a494aa1a94400103e89c8 a2d10ccbde9d4388b1b275afe02ecd1b - - default default] 10.0.0.23 "GET /v2.0/ports/9aeb48de-5cc1-4dc7-9fdf-f26b4dfa5250 HTTP/1.1" status: 200 len: 1137 time: 0.0422227
2026-07-02 11:18:01.335 10 INFO neutron.db.ovn_revision_numbers_db [None req-7ff49783-616e-40a6-ac35-82c5937f73f2 - - - - - -] Successfully bumped revision number for resource 9aeb48de-5cc1-4dc7-9fdf-f26b4dfa5250 (type: ports) to 2
2026-07-02 11:18:01.361 9 WARNING neutron.plugins.ml2.drivers.ovn.mech_driver.ovsdb.ovn_client [None req-89410c46-bd4c-4992-9c92-6bba60e355f6 - - - - - -] No port found with ID fa65151b-f8c6-47bc-9725-716a079485e2: RuntimeError: No port found with ID fa65151b-f8c6-47bc-9725-716a079485e2
2026-07-02 11:18:01.361 9 INFO neutron.plugins.ml2.drivers.ovn.mech_driver.mech_driver [None req-89410c46-bd4c-4992-9c92-6bba60e355f6 - - - - - -] OVN reports status down for port: 1e245e05-1eab-413d-966f-0511ff1651a2
2026-07-02 11:18:01.844 10 INFO neutron.api.wsgi [None req-1e465ac3-e30a-400f-924d-c61416fc1eb7 9d5b1667206a494aa1a94400103e89c8 a2d10ccbde9d4388b1b275afe02ecd1b - - default default] 10.0.0.23 "PUT /v2.0/routers/6391c2d7-efd6-4e74-bf34-24aad4914681/remove_router_interface HTTP/1.1" status: 200 len: 503 time: 0.5907421 /var/lib/openstack/lib/python3.12/site-packages/pycadf/identifier.py:71: UserWarning: Invalid uuid: neutron. To ensure interoperability, identifiers should be a valid uuid. warnings.warn(('Invalid uuid: %s. To ensure interoperability, '
2026-07-02 11:18:01.872 10 INFO neutron.api.wsgi [None req-560619dc-422a-4576-8896-9baff9c923ed 9d5b1667206a494aa1a94400103e89c8 a2d10ccbde9d4388b1b275afe02ecd1b - - default default] 10.0.0.23 "GET /v2.0/ports?device_id=6391c2d7-efd6-4e74-bf34-24aad4914681 HTTP/1.1" status: 200 len: 205 time: 0.0228851
2026-07-02 11:18:02.074 10 INFO neutron.api.wsgi [None req-a3bc953b-42d2-4cce-8c93-c921e3c02380 9d5b1667206a494aa1a94400103e89c8 a2d10ccbde9d4388b1b275afe02ecd1b - - default default] 10.0.0.23 "DELETE /v2.0/routers/6391c2d7-efd6-4e74-bf34-24aad4914681 HTTP/1.1" status: 204 len: 168 time: 0.1957550
2026-07-02 11:18:02.242 10 INFO neutron.api.wsgi [None req-def44526-e1f5-457d-b6f7-00fbf0c8f065 9d5b1667206a494aa1a94400103e89c8 a2d10ccbde9d4388b1b275afe02ecd1b - - default default] 10.0.0.23 "DELETE /v2.0/subnets/ca7c03f8-efa1-4fde-afda-e02536c13f3d HTTP/1.1" status: 204 len: 168 time: 0.1619689
2026-07-02 11:18:02.499 10 INFO neutron.services.segments.plugin [-] Segment 9dd05c4c-479f-4734-9b97-15dda853ed78 resource provider aggregate not found
2026-07-02 11:18:02.503 10 INFO neutron.services.segments.plugin [-] Segment 9dd05c4c-479f-4734-9b97-15dda853ed78 resource provider aggregate not found
2026-07-02 11:18:02.515 10 INFO neutron.services.segments.plugin [-] Segment 9dd05c4c-479f-4734-9b97-15dda853ed78 resource provider not found; error: Placement Client Error (4xx): {"errors": [{"status": 404, "title": "Not Found", "detail": "The resource could not be found.\n\n No resource provider with uuid 9dd05c4c-479f-4734-9b97-15dda853ed78 found for delete ", "request_id": "req-62311641-9f09-4f59-ab5f-c7ee9731cb7a"}]}
2026-07-02 11:18:02.517 10 INFO neutron.services.segments.plugin [-] Segment 9dd05c4c-479f-4734-9b97-15dda853ed78 resource provider not found; error: Placement Client Error (4xx): {"errors": [{"status": 404, "title": "Not Found", "detail": "The resource could not be found.\n\n No resource provider with uuid 9dd05c4c-479f-4734-9b97-15dda853ed78 found for delete ", "request_id": "req-9e33234a-0d0c-40c7-aaf0-d31004cfd141"}]}
2026-07-02 11:18:02.548 10 INFO neutron.api.wsgi [None req-3ed346dc-5937-4f4c-a0cf-847fef1eec54 9d5b1667206a494aa1a94400103e89c8 a2d10ccbde9d4388b1b275afe02ecd1b - - default default] 10.0.0.23 "DELETE /v2.0/networks/414c0d03-3831-4f99-9891-5b8037e3056d HTTP/1.1" status: 204 len: 168 time: 0.3002889
2026-07-02 11:18:02.561 10 WARNING neutron_lib.context [None req-9a0f5d0b-e3ae-4461-a47c-a82a39b64599 9d5b1667206a494aa1a94400103e89c8 a2d10ccbde9d4388b1b275afe02ecd1b - - default default] Method 'is_advsvc' is deprecated since 2023.2 release (neutron-lib 3.8.0) and will be removed once support for the old RBAC API policies will be removed from Neutron. Please use method 'is_service_role' instead.
2026-07-02 11:18:02.864 10 INFO neutron.db.ovn_revision_numbers_db [None req-120914ba-26e9-4869-a28b-aa5abe187dff 83ff6a123b694938a8cf1b9adfc98d93 ef4b28797ef941f2a8192da8b88acea1 - - default default] Successfully bumped revision number for resource 98e53e7b-4ccc-42ec-ac2a-066d390ada02 (type: security_groups) to 1
2026-07-02 11:18:02.877 10 INFO neutron.db.ovn_revision_numbers_db [None req-120914ba-26e9-4869-a28b-aa5abe187dff 83ff6a123b694938a8cf1b9adfc98d93 ef4b28797ef941f2a8192da8b88acea1 - - default default] Successfully bumped revision number for resource 529770a9-b5fa-48be-8257-7ab279271ed1 (type: security_group_rules) to 0
2026-07-02 11:18:02.896 10 INFO neutron.db.ovn_revision_numbers_db [None req-120914ba-26e9-4869-a28b-aa5abe187dff 83ff6a123b694938a8cf1b9adfc98d93 ef4b28797ef941f2a8192da8b88acea1 - - default default] Successfully bumped revision number for resource cec98e18-2b21-4f2a-9462-5ff4b9dfe828 (type: security_group_rules) to 0
2026-07-02 11:18:02.920 10 INFO neutron.db.ovn_revision_numbers_db [None req-120914ba-26e9-4869-a28b-aa5abe187dff 83ff6a123b694938a8cf1b9adfc98d93 ef4b28797ef941f2a8192da8b88acea1 - - default default] Successfully bumped revision number for resource ea13a18c-ddd1-401f-8488-a95031fd2def (type: security_group_rules) to 0
2026-07-02 11:18:02.937 10 INFO neutron.db.ovn_revision_numbers_db [None req-120914ba-26e9-4869-a28b-aa5abe187dff 83ff6a123b694938a8cf1b9adfc98d93 ef4b28797ef941f2a8192da8b88acea1 - - default default] Successfully bumped revision number for resource f9fa9456-a9ac-4540-9356-593ba79f2455 (type: security_group_rules) to 0
2026-07-02 11:18:02.961 10 WARNING neutron.scheduler.dhcp_agent_scheduler [None req-9a0f5d0b-e3ae-4461-a47c-a82a39b64599 9d5b1667206a494aa1a94400103e89c8 a2d10ccbde9d4388b1b275afe02ecd1b - - default default] No more DHCP agents
2026-07-02 11:18:02.962 10 WARNING neutron.api.rpc.agentnotifiers.dhcp_rpc_agent_api [None req-9a0f5d0b-e3ae-4461-a47c-a82a39b64599 9d5b1667206a494aa1a94400103e89c8 a2d10ccbde9d4388b1b275afe02ecd1b - - default default] Unable to schedule network 5aa32851-cb45-4eb3-bf52-e9f816c51679: no agents available; will retry on subsequent port and subnet creation events.
2026-07-02 11:18:02.973 10 INFO neutron.api.wsgi [None req-120914ba-26e9-4869-a28b-aa5abe187dff 83ff6a123b694938a8cf1b9adfc98d93 ef4b28797ef941f2a8192da8b88acea1 - - default default] 10.0.0.23 "GET /v2.0/security-groups?tenant_id=df591c11bed847409647c36d4a426a5d&name=default HTTP/1.1" status: 200 len: 3120 time: 0.3794758
2026-07-02 11:18:03.101 10 INFO neutron.db.ovn_revision_numbers_db [None req-9a0f5d0b-e3ae-4461-a47c-a82a39b64599 9d5b1667206a494aa1a94400103e89c8 a2d10ccbde9d4388b1b275afe02ecd1b - - default default] Successfully bumped revision number for resource 979a2831-ce6b-473a-aecf-5454e5a99775 (type: ports) to 1
2026-07-02 11:18:03.207 10 INFO neutron.api.wsgi [None req-8cda8a67-b821-415d-b96d-3a5e19d8a2ab 83ff6a123b694938a8cf1b9adfc98d93 ef4b28797ef941f2a8192da8b88acea1 - - default default] 10.0.0.23 "DELETE /v2.0/security-groups/98e53e7b-4ccc-42ec-ac2a-066d390ada02 HTTP/1.1" status: 204 len: 168 time: 0.2277665
2026-07-02 11:18:03.639 9 INFO neutron.api.wsgi [None req-80b73984-94e3-4410-b11b-2300df0573ed 83ff6a123b694938a8cf1b9adfc98d93 ef4b28797ef941f2a8192da8b88acea1 - - default default] 10.0.0.23 "PUT /v2.0/routers/34042864-07ea-4946-8996-de5de195cba4/remove_router_interface HTTP/1.1" status: 200 len: 503 time: 1.0081058 /var/lib/openstack/lib/python3.12/site-packages/pycadf/identifier.py:71: UserWarning: Invalid uuid: neutron. To ensure interoperability, identifiers should be a valid uuid. warnings.warn(('Invalid uuid: %s. To ensure interoperability, '
2026-07-02 11:18:03.738 10 INFO neutron.plugins.ml2.drivers.ovn.mech_driver.ovsdb.commands [None req-5f9fa494-ea92-42cf-85a0-02e2d2ca8ed7 - - - - - -] Schedule LRP lrp-979a2831-ce6b-473a-aecf-5454e5a99775 on gateway 8ccc8b3f-7475-4ea5-9c47-373a24777b6b with priority 1
2026-07-02 11:18:03.771 10 INFO neutron.db.ovn_revision_numbers_db [None req-9a0f5d0b-e3ae-4461-a47c-a82a39b64599 9d5b1667206a494aa1a94400103e89c8 a2d10ccbde9d4388b1b275afe02ecd1b - - default default] Successfully bumped revision number for resource 979a2831-ce6b-473a-aecf-5454e5a99775 (type: router_ports) to 1
2026-07-02 11:18:03.826 10 INFO neutron.db.ovn_revision_numbers_db [None req-9a0f5d0b-e3ae-4461-a47c-a82a39b64599 9d5b1667206a494aa1a94400103e89c8 a2d10ccbde9d4388b1b275afe02ecd1b - - default default] Successfully bumped revision number for resource 7bd3af90-2475-41d8-a4f6-03486d275305 (type: routers) to 2
2026-07-02 11:18:03.841 10 INFO neutron.api.wsgi [None req-9a0f5d0b-e3ae-4461-a47c-a82a39b64599 9d5b1667206a494aa1a94400103e89c8 a2d10ccbde9d4388b1b275afe02ecd1b - - default default] 10.0.0.23 "POST /v2.0/routers HTTP/1.1" status: 201 len: 1146 time: 1.2866156
2026-07-02 11:18:03.915 10 INFO neutron.api.wsgi [None req-5069fef1-3768-4089-99cc-c42e3c2727a4 9d5b1667206a494aa1a94400103e89c8 a2d10ccbde9d4388b1b275afe02ecd1b - - default default] 10.0.0.23 "GET /v2.0/routers/7bd3af90-2475-41d8-a4f6-03486d275305 HTTP/1.1" status: 200 len: 1147 time: 0.0699308
2026-07-02 11:18:03.998 9 INFO neutron.api.wsgi [None req-42da546f-7bae-48c8-ba0b-3905e3292d0d 9d5b1667206a494aa1a94400103e89c8 a2d10ccbde9d4388b1b275afe02ecd1b - - default default] 10.0.0.23 "GET /v2.0/routers HTTP/1.1" status: 200 len: 1150 time: 0.0779727
2026-07-02 11:18:04.370 9 INFO neutron.api.wsgi [None req-401669e6-9d6c-4721-8502-7fd1d3c40a08 83ff6a123b694938a8cf1b9adfc98d93 ef4b28797ef941f2a8192da8b88acea1 - - default default] 10.0.0.23 "DELETE /v2.0/routers/34042864-07ea-4946-8996-de5de195cba4 HTTP/1.1" status: 204 len: 168 time: 0.7269528
2026-07-02 11:18:04.693 10 INFO neutron.db.ovn_revision_numbers_db [None req-4050334d-5834-4e70-b4c7-c23be09a1a1e 9d5b1667206a494aa1a94400103e89c8 a2d10ccbde9d4388b1b275afe02ecd1b - - default default] Successfully bumped revision number for resource 7bd3af90-2475-41d8-a4f6-03486d275305 (type: routers) to 3
2026-07-02 11:18:04.697 10 INFO neutron.api.wsgi [None req-4050334d-5834-4e70-b4c7-c23be09a1a1e 9d5b1667206a494aa1a94400103e89c8 a2d10ccbde9d4388b1b275afe02ecd1b - - default default] 10.0.0.23 "PUT /v2.0/routers/7bd3af90-2475-41d8-a4f6-03486d275305 HTTP/1.1" status: 200 len: 1154 time: 0.6944358
2026-07-02 11:18:04.752 9 INFO neutron.api.wsgi [None req-3174eeb3-19d2-42ca-b967-160c2d4e7627 9d5b1667206a494aa1a94400103e89c8 a2d10ccbde9d4388b1b275afe02ecd1b - - default default] 10.0.0.23 "GET /v2.0/routers/7bd3af90-2475-41d8-a4f6-03486d275305 HTTP/1.1" status: 200 len: 1154 time: 0.0483100
2026-07-02 11:18:04.771 10 INFO neutron.api.wsgi [None req-47a1019a-ad2e-4793-bf05-d94f1ff3dd0a 83ff6a123b694938a8cf1b9adfc98d93 ef4b28797ef941f2a8192da8b88acea1 - - default default] 10.0.0.23 "DELETE /v2.0/subnets/49dbea66-1014-46f6-91de-135df9007e59 HTTP/1.1" status: 204 len: 168 time: 0.3931329
2026-07-02 11:18:04.777 10 INFO neutron.api.wsgi [None req-ea12103d-a44f-4212-97e3-83b63f217bc9 9d5b1667206a494aa1a94400103e89c8 a2d10ccbde9d4388b1b275afe02ecd1b - - default default] 10.0.0.23 "GET /v2.0/ports?device_id=7bd3af90-2475-41d8-a4f6-03486d275305 HTTP/1.1" status: 200 len: 205 time: 0.0167313
2026-07-02 11:18:04.929 9 INFO neutron.db.ovn_revision_numbers_db [None req-d9452e30-3c3e-4d8a-ad1c-ebe384417564 83ff6a123b694938a8cf1b9adfc98d93 ef4b28797ef941f2a8192da8b88acea1 - - default default] Successfully bumped revision number for resource 85914c26-97ec-4478-94c7-e50b9ee19e9c (type: security_groups) to 1
2026-07-02 11:18:04.941 9 INFO neutron.db.ovn_revision_numbers_db [None req-d9452e30-3c3e-4d8a-ad1c-ebe384417564 83ff6a123b694938a8cf1b9adfc98d93 ef4b28797ef941f2a8192da8b88acea1 - - default default] Successfully bumped revision number for resource 6c617a4b-20ea-4524-b474-ca2a8431cece (type: security_group_rules) to 0
2026-07-02 11:18:04.955 9 INFO neutron.db.ovn_revision_numbers_db [None req-d9452e30-3c3e-4d8a-ad1c-ebe384417564 83ff6a123b694938a8cf1b9adfc98d93 ef4b28797ef941f2a8192da8b88acea1 - - default default] Successfully bumped revision number for resource 97f8e716-62a5-42c0-bcef-094ca9721a33 (type: security_group_rules) to 0
2026-07-02 11:18:04.974 9 INFO neutron.db.ovn_revision_numbers_db [None req-d9452e30-3c3e-4d8a-ad1c-ebe384417564 83ff6a123b694938a8cf1b9adfc98d93 ef4b28797ef941f2a8192da8b88acea1 - - default default] Successfully bumped revision number for resource b1d2ef5d-f994-40db-83e7-fec6c730cb17 (type: security_group_rules) to 0
2026-07-02 11:18:04.990 9 INFO neutron.db.ovn_revision_numbers_db [None req-d9452e30-3c3e-4d8a-ad1c-ebe384417564 83ff6a123b694938a8cf1b9adfc98d93 ef4b28797ef941f2a8192da8b88acea1 - - default default] Successfully bumped revision number for resource e20da83c-69bb-40f9-b42d-2da3294bf142 (type: security_group_rules) to 0
2026-07-02 11:18:05.031 9 INFO neutron.api.wsgi [None req-d9452e30-3c3e-4d8a-ad1c-ebe384417564 83ff6a123b694938a8cf1b9adfc98d93 ef4b28797ef941f2a8192da8b88acea1 - - default default] 10.0.0.23 "GET /v2.0/security-groups?tenant_id=96efb78a18804fa58537608aa9101ee1&name=default HTTP/1.1" status: 200 len: 3120 time: 0.4217749
2026-07-02 11:18:05.072 9 INFO neutron.services.segments.plugin [-] Segment 3168a20f-a505-4730-ba0d-14a35d21757a resource provider aggregate not found
2026-07-02 11:18:05.075 9 INFO neutron.services.segments.plugin [-] Segment 3168a20f-a505-4730-ba0d-14a35d21757a resource provider aggregate not found
2026-07-02 11:18:05.085 9 INFO neutron.services.segments.plugin [-] Segment 3168a20f-a505-4730-ba0d-14a35d21757a resource provider not found; error: Placement Client Error (4xx): {"errors": [{"status": 404, "title": "Not Found", "detail": "The resource could not be found.\n\n No resource provider with uuid 3168a20f-a505-4730-ba0d-14a35d21757a found for delete ", "request_id": "req-ff961fea-447a-431e-b647-e2a29e8ca8eb"}]}
2026-07-02 11:18:05.087 9 INFO neutron.services.segments.plugin [-] Segment 3168a20f-a505-4730-ba0d-14a35d21757a resource provider not found; error: Placement Client Error (4xx): {"errors": [{"status": 404, "title": "Not Found", "detail": "The resource could not be found.\n\n No resource provider with uuid 3168a20f-a505-4730-ba0d-14a35d21757a found for delete ", "request_id": "req-1f883dc7-2c65-461d-b3d7-5d50b7f2503c"}]}
2026-07-02 11:18:05.111 9 INFO neutron.api.wsgi [None req-9c094401-4a88-4336-bab5-e7f261a63dde 83ff6a123b694938a8cf1b9adfc98d93 ef4b28797ef941f2a8192da8b88acea1 - - default default] 10.0.0.23 "DELETE /v2.0/networks/d7126de0-e24f-4143-bb49-64a750eaab81 HTTP/1.1" status: 204 len: 168 time: 0.3341186
2026-07-02 11:18:05.251 9 INFO neutron.api.wsgi [None req-5529ce03-65c8-4d18-b9cf-0064a0eeed75 83ff6a123b694938a8cf1b9adfc98d93 ef4b28797ef941f2a8192da8b88acea1 - - default default] 10.0.0.23 "GET /v2.0/security-groups?tenant_id=d337f472c6ab4947837e1dfa394d5a17&name=default HTTP/1.1" status: 200 len: 3120 time: 0.0333855
2026-07-02 11:18:05.261 9 INFO neutron.api.wsgi [None req-63c3a7e8-60a6-428f-9189-0dca286d2ee5 83ff6a123b694938a8cf1b9adfc98d93 ef4b28797ef941f2a8192da8b88acea1 - - default default] 10.0.0.23 "DELETE /v2.0/security-groups/85914c26-97ec-4478-94c7-e50b9ee19e9c HTTP/1.1" status: 204 len: 168 time: 0.2238605
2026-07-02 11:18:05.458 10 INFO neutron.api.wsgi [None req-ee5cb09d-e00b-4338-a779-2eaf046d4bf9 9d5b1667206a494aa1a94400103e89c8 a2d10ccbde9d4388b1b275afe02ecd1b - - default default] 10.0.0.23 "DELETE /v2.0/routers/7bd3af90-2475-41d8-a4f6-03486d275305 HTTP/1.1" status: 204 len: 168 time: 0.6747634
2026-07-02 11:18:05.487 9 INFO neutron.api.wsgi [None req-f0b405d2-afcc-47d1-9f30-03d77789acab 9d5b1667206a494aa1a94400103e89c8 a2d10ccbde9d4388b1b275afe02ecd1b - - default default] 10.0.0.23 "GET /v2.0/ports?device_id=7bd3af90-2475-41d8-a4f6-03486d275305 HTTP/1.1" status: 200 len: 205 time: 0.0190551
2026-07-02 11:18:05.509 9 INFO neutron.api.v2.resource [None req-67799572-17c1-46ba-b4d8-c502a041bd49 9d5b1667206a494aa1a94400103e89c8 a2d10ccbde9d4388b1b275afe02ecd1b - - default default] delete failed (client error): The resource could not be found.
2026-07-02 11:18:05.511 9 INFO neutron.api.wsgi [None req-67799572-17c1-46ba-b4d8-c502a041bd49 9d5b1667206a494aa1a94400103e89c8 a2d10ccbde9d4388b1b275afe02ecd1b - - default default] 10.0.0.23 "DELETE /v2.0/routers/7bd3af90-2475-41d8-a4f6-03486d275305 HTTP/1.1" status: 404 len: 336 time: 0.0194561
2026-07-02 11:18:05.512 10 INFO neutron.api.wsgi [None req-9af12ffb-e429-46bc-9f63-3e02c3a8baa0 83ff6a123b694938a8cf1b9adfc98d93 ef4b28797ef941f2a8192da8b88acea1 - - default default] 10.0.0.23 "DELETE /v2.0/security-groups/9aae2cc1-c598-4825-b928-8ba95f3bc769 HTTP/1.1" status: 204 len: 168 time: 0.2555413
2026-07-02 11:18:05.530 10 INFO neutron.api.wsgi [None req-2b4b9bff-a496-4d66-b5cc-330a6694254e 9d5b1667206a494aa1a94400103e89c8 a2d10ccbde9d4388b1b275afe02ecd1b - - default default] 10.0.0.23 "GET /v2.0/ports?device_id=6391c2d7-efd6-4e74-bf34-24aad4914681 HTTP/1.1" status: 200 len: 205 time: 0.0156901
2026-07-02 11:18:05.549 10 INFO neutron.api.v2.resource [None req-082e4a4d-b120-4981-819a-de5c1bb6e49a 9d5b1667206a494aa1a94400103e89c8 a2d10ccbde9d4388b1b275afe02ecd1b - - default default] delete failed (client error): The resource could not be found.
2026-07-02 11:18:05.551 10 INFO neutron.api.wsgi [None req-082e4a4d-b120-4981-819a-de5c1bb6e49a 9d5b1667206a494aa1a94400103e89c8 a2d10ccbde9d4388b1b275afe02ecd1b - - default default] 10.0.0.23 "DELETE /v2.0/routers/6391c2d7-efd6-4e74-bf34-24aad4914681 HTTP/1.1" status: 404 len: 336 time: 0.0163233
2026-07-02 11:18:05.566 10 INFO neutron.pecan_wsgi.hooks.translation [None req-5c6a6272-6617-48e4-8879-b52d9d86efac 9d5b1667206a494aa1a94400103e89c8 a2d10ccbde9d4388b1b275afe02ecd1b - - default default] DELETE failed (client error): The resource could not be found.
2026-07-02 11:18:05.568 10 INFO neutron.api.wsgi [None req-5c6a6272-6617-48e4-8879-b52d9d86efac 9d5b1667206a494aa1a94400103e89c8 a2d10ccbde9d4388b1b275afe02ecd1b - - default default] 10.0.0.23 "DELETE /v2.0/subnets/ca7c03f8-efa1-4fde-afda-e02536c13f3d HTTP/1.1" status: 404 len: 337 time: 0.0135763
2026-07-02 11:18:05.587 10 INFO neutron.api.wsgi [None req-6171b1bf-9a65-406d-994a-c37a7dc0d194 9d5b1667206a494aa1a94400103e89c8 a2d10ccbde9d4388b1b275afe02ecd1b - - default default] 10.0.0.23 "GET /v2.0/ports?device_id=9510ee0b-ce57-44d0-839b-dd816369c9d8 HTTP/1.1" status: 200 len: 205 time: 0.0148253
2026-07-02 11:18:05.607 10 INFO neutron.api.v2.resource [None req-5301161e-a885-4d0e-b4d6-1c224d591d08 9d5b1667206a494aa1a94400103e89c8 a2d10ccbde9d4388b1b275afe02ecd1b - - default default] delete failed (client error): The resource could not be found.
2026-07-02 11:18:05.607 10 INFO neutron.api.wsgi [None req-5301161e-a885-4d0e-b4d6-1c224d591d08 9d5b1667206a494aa1a94400103e89c8 a2d10ccbde9d4388b1b275afe02ecd1b - - default default] 10.0.0.23 "DELETE /v2.0/routers/9510ee0b-ce57-44d0-839b-dd816369c9d8 HTTP/1.1" status: 404 len: 336 time: 0.0162592
2026-07-02 11:18:05.632 10 INFO neutron.pecan_wsgi.hooks.translation [None req-fcf1540a-5a18-4db0-aa09-c54d38bf8b96 9d5b1667206a494aa1a94400103e89c8 a2d10ccbde9d4388b1b275afe02ecd1b - - default default] DELETE failed (client error): The resource could not be found.
2026-07-02 11:18:05.635 10 INFO neutron.api.wsgi [None req-fcf1540a-5a18-4db0-aa09-c54d38bf8b96 9d5b1667206a494aa1a94400103e89c8 a2d10ccbde9d4388b1b275afe02ecd1b - - default default] 10.0.0.23 "DELETE /v2.0/subnets/c1c7803e-ecfb-4a4a-84ea-65bdb95b6ddd HTTP/1.1" status: 404 len: 337 time: 0.0218062
2026-07-02 11:18:05.658 10 INFO neutron.api.wsgi [None req-70eac59b-ecf6-4e6a-b0fb-c576af77249e 9d5b1667206a494aa1a94400103e89c8 a2d10ccbde9d4388b1b275afe02ecd1b - - default default] 10.0.0.23 "GET /v2.0/ports?device_id=8082318d-5d69-47e8-b68a-6c618f055040 HTTP/1.1" status: 200 len: 205 time: 0.0181351
2026-07-02 11:18:05.679 10 INFO neutron.api.v2.resource [None req-7164b3f9-0361-425a-9478-e07c52c78fbe 9d5b1667206a494aa1a94400103e89c8 a2d10ccbde9d4388b1b275afe02ecd1b - - default default] delete failed (client error): The resource could not be found.
2026-07-02 11:18:05.680 10 INFO neutron.api.wsgi [None req-7164b3f9-0361-425a-9478-e07c52c78fbe 9d5b1667206a494aa1a94400103e89c8 a2d10ccbde9d4388b1b275afe02ecd1b - - default default] 10.0.0.23 "DELETE /v2.0/routers/8082318d-5d69-47e8-b68a-6c618f055040 HTTP/1.1" status: 404 len: 336 time: 0.0169876
2026-07-02 11:18:05.698 10 INFO neutron.pecan_wsgi.hooks.translation [None req-9db6bf66-ff73-4caf-bf26-16c3a16eb28a 9d5b1667206a494aa1a94400103e89c8 a2d10ccbde9d4388b1b275afe02ecd1b - - default default] DELETE failed (client error): The resource could not be found.
