+ COMMAND=start + start + for KEYSTONE_WSGI_SCRIPT in keystone-wsgi-public ++ type -p keystone-wsgi-public + cp -a /var/lib/openstack/bin/keystone-wsgi-public /var/www/cgi-bin/keystone/ + '[' -f /etc/apache2/envvars ']' + source /etc/apache2/envvars ++ unset HOME ++ '[' '' '!=' '' ']' ++ SUFFIX= ++ export APACHE_RUN_USER=www-data ++ APACHE_RUN_USER=www-data ++ export APACHE_RUN_GROUP=www-data ++ APACHE_RUN_GROUP=www-data ++ export APACHE_PID_FILE=/var/run/apache2/apache2.pid ++ APACHE_PID_FILE=/var/run/apache2/apache2.pid ++ export APACHE_RUN_DIR=/var/run/apache2 ++ APACHE_RUN_DIR=/var/run/apache2 ++ export APACHE_LOCK_DIR=/var/lock/apache2 ++ APACHE_LOCK_DIR=/var/lock/apache2 ++ export APACHE_LOG_DIR=/var/log/apache2 ++ APACHE_LOG_DIR=/var/log/apache2 ++ export LANG=C ++ LANG=C ++ export LANG + '[' -f /var/run/apache2/apache2.pid ']' + exec apache2 -DFOREGROUND AH00558: apache2: Could not reliably determine the server's fully qualified domain name, using 10.0.0.36. Set the 'ServerName' directive globally to suppress this message AH00558: apache2: Could not reliably determine the server's fully qualified domain name, using 10.0.0.36. Set the 'ServerName' directive globally to suppress this message
[Sat Jun 27 19:12:04.835336 2026] [mpm_event:notice] [pid 1:tid 139788648363904] AH00489: Apache/2.4.58 (Ubuntu) mod_wsgi/5.0.0 Python/3.12 configured -- resuming normal operations
[Sat Jun 27 19:12:04.835471 2026] [core:notice] [pid 1:tid 139788648363904] AH00094: Command line: 'apache2 -D FOREGROUND'
[Sat Jun 27 19:13:07.555234 2026] [wsgi:error] [pid 11:tid 139788011591360] /var/lib/openstack/lib/python3.12/site-packages/oslo_utils/importutils.py:77: EventletDeprecationWarning:
[Sat Jun 27 19:13:07.555333 2026] [wsgi:error] [pid 11:tid 139788011591360] Eventlet is deprecated. It is currently being maintained in bugfix mode, and
[Sat Jun 27 19:13:07.555347 2026] [wsgi:error] [pid 11:tid 139788011591360] we strongly recommend against using it for new projects.
[Sat Jun 27 19:13:07.555357 2026] [wsgi:error] [pid 11:tid 139788011591360]
[Sat Jun 27 19:13:07.555370 2026] [wsgi:error] [pid 11:tid 139788011591360] If you are already using Eventlet, we recommend migrating to a different
[Sat Jun 27 19:13:07.555381 2026] [wsgi:error] [pid 11:tid 139788011591360] framework. For more detail see
[Sat Jun 27 19:13:07.555392 2026] [wsgi:error] [pid 11:tid 139788011591360] https://eventlet.readthedocs.io/en/latest/asyncio/migration.html
[Sat Jun 27 19:13:07.555402 2026] [wsgi:error] [pid 11:tid 139788011591360]
[Sat Jun 27 19:13:07.555411 2026] [wsgi:error] [pid 11:tid 139788011591360] __import__(import_str)
[Sat Jun 27 19:13:07.559225 2026] [wsgi:error] [pid 12:tid 139788011591360] /var/lib/openstack/lib/python3.12/site-packages/oslo_utils/importutils.py:77: EventletDeprecationWarning:
[Sat Jun 27 19:13:07.559259 2026] [wsgi:error] [pid 12:tid 139788011591360] Eventlet is deprecated. It is currently being maintained in bugfix mode, and
[Sat Jun 27 19:13:07.559261 2026] [wsgi:error] [pid 12:tid 139788011591360] we strongly recommend against using it for new projects.
[Sat Jun 27 19:13:07.559262 2026] [wsgi:error] [pid 12:tid 139788011591360]
[Sat Jun 27 19:13:07.559264 2026] [wsgi:error] [pid 12:tid 139788011591360] If you are already using Eventlet, we recommend migrating to a different
[Sat Jun 27 19:13:07.559265 2026] [wsgi:error] [pid 12:tid 139788011591360] framework. For more detail see
[Sat Jun 27 19:13:07.559266 2026] [wsgi:error] [pid 12:tid 139788011591360] https://eventlet.readthedocs.io/en/latest/asyncio/migration.html
[Sat Jun 27 19:13:07.559267 2026] [wsgi:error] [pid 12:tid 139788011591360]
[Sat Jun 27 19:13:07.559268 2026] [wsgi:error] [pid 12:tid 139788011591360] __import__(import_str) 10.0.0.114 - - [27/Jun/2026:19:13:06 +0000] "GET /v3/ HTTP/1.1" 200 249 10.0.0.114 - - [27/Jun/2026:19:13:06 +0000] "GET /v3/ HTTP/1.1" 200 249
[Sat Jun 27 19:13:19.810192 2026] [wsgi:error] [pid 10:tid 139788011591360] /var/lib/openstack/lib/python3.12/site-packages/oslo_utils/importutils.py:77: EventletDeprecationWarning:
[Sat Jun 27 19:13:19.810228 2026] [wsgi:error] [pid 10:tid 139788011591360] Eventlet is deprecated. It is currently being maintained in bugfix mode, and
[Sat Jun 27 19:13:19.810230 2026] [wsgi:error] [pid 10:tid 139788011591360] we strongly recommend against using it for new projects.
[Sat Jun 27 19:13:19.810231 2026] [wsgi:error] [pid 10:tid 139788011591360]
[Sat Jun 27 19:13:19.810232 2026] [wsgi:error] [pid 10:tid 139788011591360] If you are already using Eventlet, we recommend migrating to a different
[Sat Jun 27 19:13:19.810234 2026] [wsgi:error] [pid 10:tid 139788011591360] framework. For more detail see
[Sat Jun 27 19:13:19.810235 2026] [wsgi:error] [pid 10:tid 139788011591360] https://eventlet.readthedocs.io/en/latest/asyncio/migration.html
[Sat Jun 27 19:13:19.810236 2026] [wsgi:error] [pid 10:tid 139788011591360]
[Sat Jun 27 19:13:19.810237 2026] [wsgi:error] [pid 10:tid 139788011591360] __import__(import_str) 10.0.0.111 - - [27/Jun/2026:19:13:18 +0000] "GET / HTTP/1.1" 300 295
[Sat Jun 27 19:13:25.117254 2026] [wsgi:error] [pid 9:tid 139788011591360] /var/lib/openstack/lib/python3.12/site-packages/oslo_utils/importutils.py:77: EventletDeprecationWarning:
[Sat Jun 27 19:13:25.117289 2026] [wsgi:error] [pid 9:tid 139788011591360] Eventlet is deprecated. It is currently being maintained in bugfix mode, and
[Sat Jun 27 19:13:25.117290 2026] [wsgi:error] [pid 9:tid 139788011591360] we strongly recommend against using it for new projects.
[Sat Jun 27 19:13:25.117292 2026] [wsgi:error] [pid 9:tid 139788011591360]
[Sat Jun 27 19:13:25.117293 2026] [wsgi:error] [pid 9:tid 139788011591360] If you are already using Eventlet, we recommend migrating to a different
[Sat Jun 27 19:13:25.117294 2026] [wsgi:error] [pid 9:tid 139788011591360] framework. For more detail see
[Sat Jun 27 19:13:25.117295 2026] [wsgi:error] [pid 9:tid 139788011591360] https://eventlet.readthedocs.io/en/latest/asyncio/migration.html
[Sat Jun 27 19:13:25.117296 2026] [wsgi:error] [pid 9:tid 139788011591360]
[Sat Jun 27 19:13:25.117297 2026] [wsgi:error] [pid 9:tid 139788011591360] __import__(import_str)
[Sat Jun 27 19:13:29.731361 2026] [wsgi:error] [pid 9:tid 139788011591360] [remote 10.0.0.111:41448] 2026-06-27 19:13:29.727 9 WARNING keystone.identity.core [None req-e363d898-7ddf-4f92-ab4f-ada061f2dbb5 - - - - - -] Invalid domain name (atmosphere) found in config file name: keystone.exception.DomainNotFound: Could not find domain: atmosphere.
[Sat Jun 27 19:13:29.795718 2026] [wsgi:error] [pid 9:tid 139788011591360] [remote 10.0.0.111:41448] 2026-06-27 19:13:29.795 9 WARNING keystone.common.password_hashing [None req-e363d898-7ddf-4f92-ab4f-ada061f2dbb5 - - - - - -] Truncating password to algorithm specific maximum length 72 characters.
[Sat Jun 27 19:13:30.094886 2026] [wsgi:error] [pid 9:tid 139788011591360] [remote 10.0.0.111:41448] 2026-06-27 19:13:30.094 9 WARNING keystone.common.fernet_utils [None req-e363d898-7ddf-4f92-ab4f-ada061f2dbb5 - - - - - -] key_repository is world readable: /etc/keystone/fernet-keys/ 10.0.0.111 - - [27/Jun/2026:19:13:24 +0000] "POST /v3/auth/tokens HTTP/1.1" 201 1360
[Sat Jun 27 19:13:30.457681 2026] [wsgi:error] [pid 11:tid 139788011591360] [remote 10.0.0.111:41448] 2026-06-27 19:13:30.455 11 WARNING keystone.identity.core [None req-e95bfb10-8856-471f-9dbe-c9341f8f0de8 - - - - - -] Invalid domain name (atmosphere) found in config file name: keystone.exception.DomainNotFound: Could not find domain: atmosphere. 10.0.0.111 - - [27/Jun/2026:19:13:30 +0000] "POST /v3/domains HTTP/1.1" 201 261 10.0.0.16 - - [27/Jun/2026:19:13:42 +0000] "GET / HTTP/1.1" 300 295
[Sat Jun 27 19:13:42.494515 2026] [wsgi:error] [pid 10:tid 139788011591360] [remote 10.0.0.16:58064] 2026-06-27 19:13:42.493 10 WARNING keystone.common.password_hashing [None req-c0c6cb60-0531-4a4b-8bba-db34c42d0f5f - - - - - -] Truncating password to algorithm specific maximum length 72 characters.
[Sat Jun 27 19:13:42.769757 2026] [wsgi:error] [pid 10:tid 139788011591360] [remote 10.0.0.16:58064] 2026-06-27 19:13:42.769 10 WARNING keystone.common.fernet_utils [None req-c0c6cb60-0531-4a4b-8bba-db34c42d0f5f - - - - - -] key_repository is world readable: /etc/keystone/fernet-keys/ 10.0.0.16 - - [27/Jun/2026:19:13:42 +0000] "POST /v3/auth/tokens HTTP/1.1" 201 1360 10.0.0.16 - - [27/Jun/2026:19:13:42 +0000] "GET /v3/roles/admin HTTP/1.1" 404 83
[Sat Jun 27 19:13:43.023984 2026] [wsgi:error] [pid 11:tid 139788011591360] [remote 10.0.0.16:58064] 2026-06-27 19:13:43.023 11 WARNING keystone.common.rbac_enforcer.enforcer [None req-b1ae59e7-50f3-4061-846d-7b4eee20c3b4 d720293a93e741c2b05b8a5af993e635 59c98a248bc6485cb42f1c83d07883a7 - - default default] Deprecated policy rules found. Use oslopolicy-policy-generator and oslopolicy-policy-upgrade to detect and resolve deprecated policies in your configuration. 10.0.0.16 - - [27/Jun/2026:19:13:42 +0000] "GET /v3/roles?name=admin HTTP/1.1" 200 389
[Sat Jun 27 19:13:43.516950 2026] [wsgi:error] [pid 12:tid 139788011591360] [remote 10.0.0.16:58064] 2026-06-27 19:13:43.516 12 WARNING keystone.common.rbac_enforcer.enforcer [None req-3929193a-3623-457e-b930-0516c5603bc1 d720293a93e741c2b05b8a5af993e635 59c98a248bc6485cb42f1c83d07883a7 - - default default] Deprecated policy rules found. Use oslopolicy-policy-generator and oslopolicy-policy-upgrade to detect and resolve deprecated policies in your configuration. 10.0.0.16 - - [27/Jun/2026:19:13:43 +0000] "GET /v3/users/admin-RegionOne HTTP/1.1" 404 93
[Sat Jun 27 19:13:43.664522 2026] [wsgi:error] [pid 10:tid 139788011591360] [remote 10.0.0.16:58064] 2026-06-27 19:13:43.664 10 WARNING keystone.common.rbac_enforcer.enforcer [None req-808a13f9-47ec-42fc-af97-c8bf2c7203fa d720293a93e741c2b05b8a5af993e635 59c98a248bc6485cb42f1c83d07883a7 - - default default] Deprecated policy rules found. Use oslopolicy-policy-generator and oslopolicy-policy-upgrade to detect and resolve deprecated policies in your configuration. 10.0.0.16 - - [27/Jun/2026:19:13:43 +0000] "GET /v3/users?name=admin-RegionOne HTTP/1.1" 200 422
[Sat Jun 27 19:13:43.820213 2026] [wsgi:error] [pid 9:tid 139788011591360] [remote 10.0.0.16:58064] 2026-06-27 19:13:43.819 9 WARNING keystone.common.rbac_enforcer.enforcer [None req-4d130f2b-de11-4b0f-83a6-3e4621471749 d720293a93e741c2b05b8a5af993e635 59c98a248bc6485cb42f1c83d07883a7 - - default default] Deprecated policy rules found. Use oslopolicy-policy-generator and oslopolicy-policy-upgrade to detect and resolve deprecated policies in your configuration. 10.0.0.16 - - [27/Jun/2026:19:13:43 +0000] "GET /v3/domains/default HTTP/1.1" 200 224 10.0.0.16 - - [27/Jun/2026:19:13:43 +0000] "PUT /v3/domains/default/users/d720293a93e741c2b05b8a5af993e635/roles/ddb35a06739844fc9154a25d8fe7b7f3 HTTP/1.1" 204 - 10.0.0.114 - - [27/Jun/2026:19:13:53 +0000] "GET / HTTP/1.1" 300 281 10.0.0.114 - - [27/Jun/2026:19:13:54 +0000] "GET /v3 HTTP/1.1" 200 266
[Sat Jun 27 19:13:54.593493 2026] [wsgi:error] [pid 9:tid 139788011591360] [remote 10.0.0.114:54006] 2026-06-27 19:13:54.593 9 WARNING keystone.common.password_hashing [None req-b587c5e0-177d-4358-a2ce-197456e35608 - - - - - -] Truncating password to algorithm specific maximum length 72 characters.
[Sat Jun 27 19:13:54.863634 2026] [wsgi:error] [pid 9:tid 139788011591360] [remote 10.0.0.114:54006] 2026-06-27 19:13:54.863 9 WARNING keystone.common.fernet_utils [None req-b587c5e0-177d-4358-a2ce-197456e35608 - - - - - -] key_repository is world readable: /etc/keystone/fernet-keys/ 10.0.0.114 - - [27/Jun/2026:19:13:54 +0000] "POST /v3/auth/tokens HTTP/1.1" 201 1360 10.0.0.114 - - [27/Jun/2026:19:13:54 +0000] "GET / HTTP/1.1" 300 281 10.0.0.114 - - [27/Jun/2026:19:13:54 +0000] "GET /v3/domains/atmosphere HTTP/1.1" 404 90 10.0.0.114 - - [27/Jun/2026:19:13:55 +0000] "GET /v3/domains?name=atmosphere HTTP/1.1" 200 370 10.0.0.114 - - [27/Jun/2026:19:13:55 +0000] "GET /v3/domains/7152e168e7e4430bb04224c67f5d12ee HTTP/1.1" 200 247 10.0.0.114 - - [27/Jun/2026:19:13:55 +0000] "GET /v3 HTTP/1.1" 200 266
[Sat Jun 27 19:13:55.938586 2026] [wsgi:error] [pid 12:tid 139788011591360] [remote 10.0.0.114:54006] 2026-06-27 19:13:55.938 12 WARNING keystone.common.password_hashing [None req-d1afa84e-5d37-43c6-a45d-4b3e7e46c172 - - - - - -] Truncating password to algorithm specific maximum length 72 characters.
[Sat Jun 27 19:13:56.207405 2026] [wsgi:error] [pid 12:tid 139788011591360] [remote 10.0.0.114:54006] 2026-06-27 19:13:56.207 12 WARNING keystone.common.fernet_utils [None req-d1afa84e-5d37-43c6-a45d-4b3e7e46c172 - - - - - -] key_repository is world readable: /etc/keystone/fernet-keys/ 10.0.0.114 - - [27/Jun/2026:19:13:55 +0000] "POST /v3/auth/tokens HTTP/1.1" 201 1360 10.0.0.114 - - [27/Jun/2026:19:13:56 +0000] "GET / HTTP/1.1" 300 281 10.0.0.114 - - [27/Jun/2026:19:13:56 +0000] "GET /v3/OS-FEDERATION/identity_providers/atmosphere HTTP/1.1" 404 101 10.0.0.114 - - [27/Jun/2026:19:13:56 +0000] "GET /v3/OS-FEDERATION/identity_providers HTTP/1.1" 200 156 10.0.0.114 - - [27/Jun/2026:19:13:56 +0000] "PUT /v3/OS-FEDERATION/identity_providers/atmosphere HTTP/1.1" 201 342 10.0.0.114 - - [27/Jun/2026:19:13:56 +0000] "GET /v3 HTTP/1.1" 200 266
[Sat Jun 27 19:13:57.013750 2026] [wsgi:error] [pid 9:tid 139788011591360] [remote 10.0.0.114:54006] 2026-06-27 19:13:57.013 9 WARNING keystone.common.password_hashing [None req-4cc52019-34ed-40de-882b-16d82cd664db - - - - - -] Truncating password to algorithm specific maximum length 72 characters.
[Sat Jun 27 19:13:57.284490 2026] [wsgi:error] [pid 9:tid 139788011591360] [remote 10.0.0.114:54006] 2026-06-27 19:13:57.284 9 WARNING keystone.common.fernet_utils [None req-4cc52019-34ed-40de-882b-16d82cd664db - - - - - -] key_repository is world readable: /etc/keystone/fernet-keys/ 10.0.0.114 - - [27/Jun/2026:19:13:56 +0000] "POST /v3/auth/tokens HTTP/1.1" 201 1360 10.0.0.114 - - [27/Jun/2026:19:13:57 +0000] "GET / HTTP/1.1" 300 281 10.0.0.114 - - [27/Jun/2026:19:13:57 +0000] "GET /v3/OS-FEDERATION/mappings/atmosphere-openid HTTP/1.1" 404 98 10.0.0.114 - - [27/Jun/2026:19:13:57 +0000] "GET /v3/OS-FEDERATION/mappings HTTP/1.1" 200 136 10.0.0.114 - - [27/Jun/2026:19:13:57 +0000] "PUT /v3/OS-FEDERATION/mappings/atmosphere-openid HTTP/1.1" 201 357 10.0.0.114 - - [27/Jun/2026:19:13:58 +0000] "GET /v3 HTTP/1.1" 200 266
[Sat Jun 27 19:13:58.147331 2026] [wsgi:error] [pid 12:tid 139788011591360] [remote 10.0.0.114:53996] 2026-06-27 19:13:58.147 12 WARNING keystone.common.password_hashing [None req-181f0746-2660-4bec-b50e-6cf86a90847d - - - - - -] Truncating password to algorithm specific maximum length 72 characters.
[Sat Jun 27 19:13:58.413810 2026] [wsgi:error] [pid 12:tid 139788011591360] [remote 10.0.0.114:53996] 2026-06-27 19:13:58.413 12 WARNING keystone.common.fernet_utils [None req-181f0746-2660-4bec-b50e-6cf86a90847d - - - - - -] key_repository is world readable: /etc/keystone/fernet-keys/ 10.0.0.114 - - [27/Jun/2026:19:13:58 +0000] "POST /v3/auth/tokens HTTP/1.1" 201 1360 10.0.0.114 - - [27/Jun/2026:19:13:58 +0000] "GET / HTTP/1.1" 300 281 10.0.0.114 - - [27/Jun/2026:19:13:58 +0000] "GET /v3/OS-FEDERATION/identity_providers/atmosphere/protocols/openid?idp_id=atmosphere HTTP/1.1" 404 131 10.0.0.114 - - [27/Jun/2026:19:13:58 +0000] "GET /v3/OS-FEDERATION/identity_providers/atmosphere/protocols HTTP/1.1" 200 168 10.0.0.114 - - [27/Jun/2026:19:13:58 +0000] "PUT /v3/OS-FEDERATION/identity_providers/atmosphere/protocols/openid HTTP/1.1" 201 224 10.0.0.114 - - [27/Jun/2026:19:14:06 +0000] "GET /v3/ HTTP/1.1" 200 249 10.0.0.114 - - [27/Jun/2026:19:14:06 +0000] "GET /v3/ HTTP/1.1" 200 249 10.0.0.114 - - [27/Jun/2026:19:15:06 +0000] "GET /v3/ HTTP/1.1" 200 249 10.0.0.114 - - [27/Jun/2026:19:15:06 +0000] "GET /v3/ HTTP/1.1" 200 249 10.0.0.88 - - [27/Jun/2026:19:15:22 +0000] "GET / HTTP/1.1" 300 295
[Sat Jun 27 19:15:22.093525 2026] [wsgi:error] [pid 10:tid 139788011591360] [remote 10.0.0.88:40150] 2026-06-27 19:15:22.093 10 WARNING keystone.common.password_hashing [None req-5486a97d-c571-4337-8110-65f746179872 - - - - - -] Truncating password to algorithm specific maximum length 72 characters.
[Sat Jun 27 19:15:22.372362 2026] [wsgi:error] [pid 10:tid 139788011591360] [remote 10.0.0.88:40150] 2026-06-27 19:15:22.372 10 WARNING keystone.common.fernet_utils [None req-5486a97d-c571-4337-8110-65f746179872 - - - - - -] key_repository is world readable: /etc/keystone/fernet-keys/ 10.0.0.88 - - [27/Jun/2026:19:15:22 +0000] "POST /v3/auth/tokens HTTP/1.1" 201 1360 10.0.0.88 - - [27/Jun/2026:19:15:22 +0000] "GET /v3/services HTTP/1.1" 200 355 10.0.0.88 - - [27/Jun/2026:19:15:26 +0000] "GET / HTTP/1.1" 300 295
[Sat Jun 27 19:15:26.075842 2026] [wsgi:error] [pid 12:tid 139788011591360] [remote 10.0.0.88:40162] 2026-06-27 19:15:26.075 12 WARNING keystone.common.password_hashing [None req-e0576163-4562-4487-ae0d-e5c0431fe781 - - - - - -] Truncating password to algorithm specific maximum length 72 characters.
[Sat Jun 27 19:15:26.346939 2026] [wsgi:error] [pid 12:tid 139788011591360] [remote 10.0.0.88:40162] 2026-06-27 19:15:26.346 12 WARNING keystone.common.fernet_utils [None req-e0576163-4562-4487-ae0d-e5c0431fe781 - - - - - -] key_repository is world readable: /etc/keystone/fernet-keys/ 10.0.0.88 - - [27/Jun/2026:19:15:26 +0000] "POST /v3/auth/tokens HTTP/1.1" 201 1360 10.0.0.88 - - [27/Jun/2026:19:15:26 +0000] "GET /v3/services HTTP/1.1" 200 355 10.0.0.88 - - [27/Jun/2026:19:15:29 +0000] "GET / HTTP/1.1" 300 295
[Sat Jun 27 19:15:30.026072 2026] [wsgi:error] [pid 11:tid 139788011591360] [remote 10.0.0.88:37812] 2026-06-27 19:15:30.025 11 WARNING keystone.common.password_hashing [None req-6352f815-c4ba-4b85-9f9e-57c5b49c7c74 - - - - - -] Truncating password to algorithm specific maximum length 72 characters.
[Sat Jun 27 19:15:30.321055 2026] [wsgi:error] [pid 11:tid 139788011591360] [remote 10.0.0.88:37812] 2026-06-27 19:15:30.320 11 WARNING keystone.common.fernet_utils [None req-6352f815-c4ba-4b85-9f9e-57c5b49c7c74 - - - - - -] key_repository is world readable: /etc/keystone/fernet-keys/ 10.0.0.88 - - [27/Jun/2026:19:15:29 +0000] "POST /v3/auth/tokens HTTP/1.1" 201 1360 10.0.0.88 - - [27/Jun/2026:19:15:30 +0000] "GET /v3/services HTTP/1.1" 200 355 10.0.0.88 - - [27/Jun/2026:19:15:33 +0000] "GET / HTTP/1.1" 300 295
[Sat Jun 27 19:15:33.949440 2026] [wsgi:error] [pid 9:tid 139788011591360] [remote 10.0.0.88:37818] 2026-06-27 19:15:33.949 9 WARNING keystone.common.password_hashing [None req-e997330d-f309-4c2f-9683-38e48e2b369a - - - - - -] Truncating password to algorithm specific maximum length 72 characters.
[Sat Jun 27 19:15:34.217697 2026] [wsgi:error] [pid 9:tid 139788011591360] [remote 10.0.0.88:37818] 2026-06-27 19:15:34.217 9 WARNING keystone.common.fernet_utils [None req-e997330d-f309-4c2f-9683-38e48e2b369a - - - - - -] key_repository is world readable: /etc/keystone/fernet-keys/ 10.0.0.88 - - [27/Jun/2026:19:15:33 +0000] "POST /v3/auth/tokens HTTP/1.1" 201 1360 10.0.0.88 - - [27/Jun/2026:19:15:34 +0000] "POST /v3/services HTTP/1.1" 201 296 10.0.0.203 - - [27/Jun/2026:19:15:45 +0000] "GET / HTTP/1.1" 300 295
[Sat Jun 27 19:15:45.371754 2026] [wsgi:error] [pid 10:tid 139788011591360] [remote 10.0.0.203:59774] 2026-06-27 19:15:45.371 10 WARNING keystone.common.password_hashing [None req-3f701eb7-1e2b-4676-8450-2b27e424f8fb - - - - - -] Truncating password to algorithm specific maximum length 72 characters. 10.0.0.203 - - [27/Jun/2026:19:15:45 +0000] "GET / HTTP/1.1" 300 295
[Sat Jun 27 19:15:45.530666 2026] [wsgi:error] [pid 11:tid 139788011591360] [remote 10.0.0.203:59784] 2026-06-27 19:15:45.530 11 WARNING keystone.common.password_hashing [None req-7f38a7b1-c002-420d-962b-caad26b7a93d - - - - - -] Truncating password to algorithm specific maximum length 72 characters. 10.0.0.203 - - [27/Jun/2026:19:15:45 +0000] "GET / HTTP/1.1" 300 295
[Sat Jun 27 19:15:45.554897 2026] [wsgi:error] [pid 9:tid 139788011591360] [remote 10.0.0.203:59794] 2026-06-27 19:15:45.554 9 WARNING keystone.common.password_hashing [None req-6d947185-c394-4cd3-8e9a-7aaca06a3df1 - - - - - -] Truncating password to algorithm specific maximum length 72 characters.
[Sat Jun 27 19:15:45.644499 2026] [wsgi:error] [pid 10:tid 139788011591360] [remote 10.0.0.203:59774] 2026-06-27 19:15:45.644 10 WARNING keystone.common.fernet_utils [None req-3f701eb7-1e2b-4676-8450-2b27e424f8fb - - - - - -] key_repository is world readable: /etc/keystone/fernet-keys/ 10.0.0.203 - - [27/Jun/2026:19:15:45 +0000] "POST /v3/auth/tokens HTTP/1.1" 201 1464 10.0.0.203 - - [27/Jun/2026:19:15:45 +0000] "GET /v3/services HTTP/1.1" 200 639
[Sat Jun 27 19:15:45.813005 2026] [wsgi:error] [pid 11:tid 139788011591360] [remote 10.0.0.203:59784] 2026-06-27 19:15:45.812 11 WARNING keystone.common.fernet_utils [None req-7f38a7b1-c002-420d-962b-caad26b7a93d - - - - - -] key_repository is world readable: /etc/keystone/fernet-keys/ 10.0.0.203 - - [27/Jun/2026:19:15:45 +0000] "POST /v3/auth/tokens HTTP/1.1" 201 1464
[Sat Jun 27 19:15:45.839707 2026] [wsgi:error] [pid 9:tid 139788011591360] [remote 10.0.0.203:59794] 2026-06-27 19:15:45.839 9 WARNING keystone.common.fernet_utils [None req-6d947185-c394-4cd3-8e9a-7aaca06a3df1 - - - - - -] key_repository is world readable: /etc/keystone/fernet-keys/ 10.0.0.203 - - [27/Jun/2026:19:15:45 +0000] "POST /v3/auth/tokens HTTP/1.1" 201 1464 10.0.0.203 - - [27/Jun/2026:19:15:45 +0000] "GET /v3/services HTTP/1.1" 200 639 10.0.0.203 - - [27/Jun/2026:19:15:45 +0000] "GET /v3/services HTTP/1.1" 200 639 10.0.0.203 - - [27/Jun/2026:19:15:47 +0000] "GET / HTTP/1.1" 300 295
[Sat Jun 27 19:15:47.270933 2026] [wsgi:error] [pid 9:tid 139788011591360] [remote 10.0.0.203:59810] 2026-06-27 19:15:47.270 9 WARNING keystone.common.password_hashing [None req-bfb3a614-c82d-4e34-8594-bf6b80c5320c - - - - - -] Truncating password to algorithm specific maximum length 72 characters. 10.0.0.203 - - [27/Jun/2026:19:15:47 +0000] "GET / HTTP/1.1" 300 295
[Sat Jun 27 19:15:47.496480 2026] [wsgi:error] [pid 12:tid 139788011591360] [remote 10.0.0.203:59824] 2026-06-27 19:15:47.496 12 WARNING keystone.common.password_hashing [None req-1c80afb8-e129-4bf3-977b-1bbc937c5008 - - - - - -] Truncating password to algorithm specific maximum length 72 characters. 10.0.0.203 - - [27/Jun/2026:19:15:47 +0000] "GET / HTTP/1.1" 300 295
[Sat Jun 27 19:15:47.536512 2026] [wsgi:error] [pid 9:tid 139788011591360] [remote 10.0.0.203:59810] 2026-06-27 19:15:47.536 9 WARNING keystone.common.fernet_utils [None req-bfb3a614-c82d-4e34-8594-bf6b80c5320c - - - - - -] key_repository is world readable: /etc/keystone/fernet-keys/ 10.0.0.203 - - [27/Jun/2026:19:15:47 +0000] "POST /v3/auth/tokens HTTP/1.1" 201 1464
[Sat Jun 27 19:15:47.577775 2026] [wsgi:error] [pid 10:tid 139788011591360] [remote 10.0.0.203:59834] 2026-06-27 19:15:47.577 10 WARNING keystone.common.password_hashing [None req-309c8cf3-f01f-48d6-beaa-e5e13b6b3cea - - - - - -] Truncating password to algorithm specific maximum length 72 characters. 10.0.0.203 - - [27/Jun/2026:19:15:47 +0000] "GET /v3/endpoints HTTP/1.1" 200 1227 10.0.0.203 - - [27/Jun/2026:19:15:47 +0000] "GET /v3/services/ccac223c74c24314b06b6f39b7a88d96 HTTP/1.1" 200 233 10.0.0.203 - - [27/Jun/2026:19:15:47 +0000] "GET /v3/services/ccac223c74c24314b06b6f39b7a88d96 HTTP/1.1" 200 233 10.0.0.203 - - [27/Jun/2026:19:15:47 +0000] "GET /v3/services/ccac223c74c24314b06b6f39b7a88d96 HTTP/1.1" 200 233
[Sat Jun 27 19:15:47.778640 2026] [wsgi:error] [pid 12:tid 139788011591360] [remote 10.0.0.203:59824] 2026-06-27 19:15:47.778 12 WARNING keystone.common.fernet_utils [None req-1c80afb8-e129-4bf3-977b-1bbc937c5008 - - - - - -] key_repository is world readable: /etc/keystone/fernet-keys/ 10.0.0.203 - - [27/Jun/2026:19:15:47 +0000] "POST /v3/auth/tokens HTTP/1.1" 201 1464
[Sat Jun 27 19:15:47.863295 2026] [wsgi:error] [pid 10:tid 139788011591360] [remote 10.0.0.203:59834] 2026-06-27 19:15:47.863 10 WARNING keystone.common.fernet_utils [None req-309c8cf3-f01f-48d6-beaa-e5e13b6b3cea - - - - - -] key_repository is world readable: /etc/keystone/fernet-keys/ 10.0.0.203 - - [27/Jun/2026:19:15:47 +0000] "POST /v3/auth/tokens HTTP/1.1" 201 1464 10.0.0.203 - - [27/Jun/2026:19:15:47 +0000] "GET /v3/endpoints HTTP/1.1" 200 1227 10.0.0.203 - - [27/Jun/2026:19:15:47 +0000] "GET /v3/services/ccac223c74c24314b06b6f39b7a88d96 HTTP/1.1" 200 233 10.0.0.203 - - [27/Jun/2026:19:15:47 +0000] "GET /v3/services/ccac223c74c24314b06b6f39b7a88d96 HTTP/1.1" 200 233 10.0.0.203 - - [27/Jun/2026:19:15:47 +0000] "GET /v3/services/ccac223c74c24314b06b6f39b7a88d96 HTTP/1.1" 200 233 10.0.0.203 - - [27/Jun/2026:19:15:47 +0000] "GET /v3/endpoints HTTP/1.1" 200 1227 10.0.0.203 - - [27/Jun/2026:19:15:47 +0000] "GET /v3/services/ccac223c74c24314b06b6f39b7a88d96 HTTP/1.1" 200 233 10.0.0.203 - - [27/Jun/2026:19:15:48 +0000] "GET /v3/services/ccac223c74c24314b06b6f39b7a88d96 HTTP/1.1" 200 233 10.0.0.203 - - [27/Jun/2026:19:15:48 +0000] "GET /v3/services/ccac223c74c24314b06b6f39b7a88d96 HTTP/1.1" 200 233 10.0.0.203 - - [27/Jun/2026:19:15:49 +0000] "GET / HTTP/1.1" 300 295
[Sat Jun 27 19:15:49.185171 2026] [wsgi:error] [pid 9:tid 139788011591360] [remote 10.0.0.203:59850] 2026-06-27 19:15:49.185 9 WARNING keystone.common.password_hashing [None req-0c924644-a281-44c1-9927-c0028f70c47f - - - - - -] Truncating password to algorithm specific maximum length 72 characters. 10.0.0.203 - - [27/Jun/2026:19:15:49 +0000] "GET / HTTP/1.1" 300 295
[Sat Jun 27 19:15:49.424412 2026] [wsgi:error] [pid 10:tid 139788011591360] [remote 10.0.0.203:59862] 2026-06-27 19:15:49.424 10 WARNING keystone.common.password_hashing [None req-efddc006-4759-4d27-89f2-4f0a83d32537 - - - - - -] Truncating password to algorithm specific maximum length 72 characters.
[Sat Jun 27 19:15:49.461695 2026] [wsgi:error] [pid 9:tid 139788011591360] [remote 10.0.0.203:59850] 2026-06-27 19:15:49.461 9 WARNING keystone.common.fernet_utils [None req-0c924644-a281-44c1-9927-c0028f70c47f - - - - - -] key_repository is world readable: /etc/keystone/fernet-keys/ 10.0.0.203 - - [27/Jun/2026:19:15:49 +0000] "GET / HTTP/1.1" 300 295 10.0.0.203 - - [27/Jun/2026:19:15:49 +0000] "POST /v3/auth/tokens HTTP/1.1" 201 1464
[Sat Jun 27 19:15:49.488306 2026] [wsgi:error] [pid 12:tid 139788011591360] [remote 10.0.0.203:59868] 2026-06-27 19:15:49.488 12 WARNING keystone.common.password_hashing [None req-3719a73b-1a38-4c5d-8c1a-be0a75df9c82 - - - - - -] Truncating password to algorithm specific maximum length 72 characters. 10.0.0.203 - - [27/Jun/2026:19:15:49 +0000] "GET /v3/services/42403beb064a4308a3eb7c216ee19995 HTTP/1.1" 200 296 10.0.0.203 - - [27/Jun/2026:19:15:49 +0000] "GET /v3/regions/RegionOne HTTP/1.1" 200 173 10.0.0.203 - - [27/Jun/2026:19:15:49 +0000] "POST /v3/endpoints HTTP/1.1" 201 380
[Sat Jun 27 19:15:49.709490 2026] [wsgi:error] [pid 10:tid 139788011591360] [remote 10.0.0.203:59862] 2026-06-27 19:15:49.709 10 WARNING keystone.common.fernet_utils [None req-efddc006-4759-4d27-89f2-4f0a83d32537 - - - - - -] key_repository is world readable: /etc/keystone/fernet-keys/ 10.0.0.203 - - [27/Jun/2026:19:15:49 +0000] "POST /v3/auth/tokens HTTP/1.1" 201 1641
[Sat Jun 27 19:15:49.763403 2026] [wsgi:error] [pid 12:tid 139788011591360] [remote 10.0.0.203:59868] 2026-06-27 19:15:49.763 12 WARNING keystone.common.fernet_utils [None req-3719a73b-1a38-4c5d-8c1a-be0a75df9c82 - - - - - -] key_repository is world readable: /etc/keystone/fernet-keys/ 10.0.0.203 - - [27/Jun/2026:19:15:49 +0000] "POST /v3/auth/tokens HTTP/1.1" 201 1641 10.0.0.203 - - [27/Jun/2026:19:15:49 +0000] "GET /v3/services/42403beb064a4308a3eb7c216ee19995 HTTP/1.1" 200 296 10.0.0.203 - - [27/Jun/2026:19:15:49 +0000] "GET /v3/regions/RegionOne HTTP/1.1" 200 173 10.0.0.203 - - [27/Jun/2026:19:15:49 +0000] "GET /v3/services/42403beb064a4308a3eb7c216ee19995 HTTP/1.1" 200 296 10.0.0.203 - - [27/Jun/2026:19:15:49 +0000] "GET /v3/regions/RegionOne HTTP/1.1" 200 173 10.0.0.203 - - [27/Jun/2026:19:15:49 +0000] "POST /v3/endpoints HTTP/1.1" 201 370 10.0.0.203 - - [27/Jun/2026:19:15:49 +0000] "POST /v3/endpoints HTTP/1.1" 201 383 10.0.0.203 - - [27/Jun/2026:19:15:51 +0000] "GET / HTTP/1.1" 300 295
[Sat Jun 27 19:15:51.087961 2026] [wsgi:error] [pid 9:tid 139788011591360] [remote 10.0.0.203:56752] 2026-06-27 19:15:51.087 9 WARNING keystone.common.password_hashing [None req-1f88c40b-f5da-412d-9a6e-7f52d4d671fb - - - - - -] Truncating password to algorithm specific maximum length 72 characters.
[Sat Jun 27 19:15:51.357388 2026] [wsgi:error] [pid 9:tid 139788011591360] [remote 10.0.0.203:56752] 2026-06-27 19:15:51.357 9 WARNING keystone.common.fernet_utils [None req-1f88c40b-f5da-412d-9a6e-7f52d4d671fb - - - - - -] key_repository is world readable: /etc/keystone/fernet-keys/ 10.0.0.203 - - [27/Jun/2026:19:15:51 +0000] "POST /v3/auth/tokens HTTP/1.1" 201 1992 10.0.0.203 - - [27/Jun/2026:19:15:51 +0000] "GET / HTTP/1.1" 300 295
[Sat Jun 27 19:15:51.438001 2026] [wsgi:error] [pid 12:tid 139788011591360] [remote 10.0.0.203:56768] 2026-06-27 19:15:51.437 12 WARNING keystone.common.password_hashing [None req-ccdec58c-ca53-4435-94db-89b33e2835a7 - - - - - -] Truncating password to algorithm specific maximum length 72 characters. 10.0.0.203 - - [27/Jun/2026:19:15:51 +0000] "GET /v3/endpoints/caeef9e453cb466c952d28a5a91eec33 HTTP/1.1" 200 380 10.0.0.203 - - [27/Jun/2026:19:15:51 +0000] "GET /v3/services/42403beb064a4308a3eb7c216ee19995 HTTP/1.1" 200 296 10.0.0.203 - - [27/Jun/2026:19:15:51 +0000] "GET / HTTP/1.1" 300 295
[Sat Jun 27 19:15:51.569342 2026] [wsgi:error] [pid 10:tid 139788011591360] [remote 10.0.0.203:56776] 2026-06-27 19:15:51.569 10 WARNING keystone.common.password_hashing [None req-af8dea6b-e4bc-4536-aeab-53981e1055c9 - - - - - -] Truncating password to algorithm specific maximum length 72 characters.
[Sat Jun 27 19:15:51.717834 2026] [wsgi:error] [pid 12:tid 139788011591360] [remote 10.0.0.203:56768] 2026-06-27 19:15:51.717 12 WARNING keystone.common.fernet_utils [None req-ccdec58c-ca53-4435-94db-89b33e2835a7 - - - - - -] key_repository is world readable: /etc/keystone/fernet-keys/ 10.0.0.203 - - [27/Jun/2026:19:15:51 +0000] "POST /v3/auth/tokens HTTP/1.1" 201 1992 10.0.0.203 - - [27/Jun/2026:19:15:51 +0000] "GET /v3/endpoints/84f4970a76a84c9f836ee1d696b0904e HTTP/1.1" 200 370
[Sat Jun 27 19:15:51.848205 2026] [wsgi:error] [pid 10:tid 139788011591360] [remote 10.0.0.203:56776] 2026-06-27 19:15:51.848 10 WARNING keystone.common.fernet_utils [None req-af8dea6b-e4bc-4536-aeab-53981e1055c9 - - - - - -] key_repository is world readable: /etc/keystone/fernet-keys/ 10.0.0.203 - - [27/Jun/2026:19:15:51 +0000] "POST /v3/auth/tokens HTTP/1.1" 201 1992 10.0.0.203 - - [27/Jun/2026:19:15:51 +0000] "GET /v3/services/42403beb064a4308a3eb7c216ee19995 HTTP/1.1" 200 296 10.0.0.203 - - [27/Jun/2026:19:15:51 +0000] "GET /v3/endpoints/6755c5d594894f0b8012353a7323638c HTTP/1.1" 200 383 10.0.0.203 - - [27/Jun/2026:19:15:51 +0000] "GET /v3/services/42403beb064a4308a3eb7c216ee19995 HTTP/1.1" 200 296 10.0.0.186 - - [27/Jun/2026:19:16:03 +0000] "GET / HTTP/1.1" 300 295
[Sat Jun 27 19:16:03.416921 2026] [wsgi:error] [pid 11:tid 139788011591360] [remote 10.0.0.186:37620] 2026-06-27 19:16:03.416 11 WARNING keystone.common.password_hashing [None req-1f797156-526a-4678-84e8-68296d478ada - - - - - -] Truncating password to algorithm specific maximum length 72 characters.
[Sat Jun 27 19:16:03.692773 2026] [wsgi:error] [pid 11:tid 139788011591360] [remote 10.0.0.186:37620] 2026-06-27 19:16:03.692 11 WARNING keystone.common.fernet_utils [None req-1f797156-526a-4678-84e8-68296d478ada - - - - - -] key_repository is world readable: /etc/keystone/fernet-keys/ 10.0.0.186 - - [27/Jun/2026:19:16:03 +0000] "POST /v3/auth/tokens HTTP/1.1" 201 1992 10.0.0.186 - - [27/Jun/2026:19:16:03 +0000] "POST /v3/domains HTTP/1.1" 201 284 10.0.0.186 - - [27/Jun/2026:19:16:05 +0000] "GET / HTTP/1.1" 300 295
[Sat Jun 27 19:16:05.391344 2026] [wsgi:error] [pid 10:tid 139788011591360] [remote 10.0.0.186:37624] 2026-06-27 19:16:05.390 10 WARNING keystone.common.password_hashing [None req-afa7358e-1b98-4b72-a86a-5bb1a8d9f30c - - - - - -] Truncating password to algorithm specific maximum length 72 characters.
[Sat Jun 27 19:16:05.665298 2026] [wsgi:error] [pid 10:tid 139788011591360] [remote 10.0.0.186:37624] 2026-06-27 19:16:05.665 10 WARNING keystone.common.fernet_utils [None req-afa7358e-1b98-4b72-a86a-5bb1a8d9f30c - - - - - -] key_repository is world readable: /etc/keystone/fernet-keys/ 10.0.0.186 - - [27/Jun/2026:19:16:05 +0000] "POST /v3/auth/tokens HTTP/1.1" 201 1992
[Sat Jun 27 19:16:05.849094 2026] [wsgi:error] [pid 11:tid 139788011591360] [remote 10.0.0.186:37624] 2026-06-27 19:16:05.835 11 ERROR keystone.server.flask.application [None req-b09840ab-eb66-4001-a8ae-97f903709b32 d720293a93e741c2b05b8a5af993e635 59c98a248bc6485cb42f1c83d07883a7 - - default default] Conflict occurred attempting to store project - it is not permitted to have two projects acting as domains with the same name: service.: keystone.exception.Conflict: Conflict occurred attempting to store project - it is not permitted to have two projects acting as domains with the same name: service.
[Sat Jun 27 19:16:05.849117 2026] [wsgi:error] [pid 11:tid 139788011591360] [remote 10.0.0.186:37624] 2026-06-27 19:16:05.835 11 ERROR keystone.server.flask.application
Traceback (most recent call last):
[Sat Jun 27 19:16:05.849119 2026] [wsgi:error] [pid 11:tid 139788011591360] [remote 10.0.0.186:37624] 2026-06-27 19:16:05.835 11 ERROR keystone.server.flask.application
File "/var/lib/openstack/lib/python3.12/site-packages/sqlalchemy/engine/base.py", line 1969, in _exec_single_context
[Sat Jun 27 19:16:05.849122 2026] [wsgi:error] [pid 11:tid 139788011591360] [remote 10.0.0.186:37624] 2026-06-27 19:16:05.835 11 ERROR keystone.server.flask.application self.dialect.do_execute(
[Sat Jun 27 19:16:05.849124 2026] [wsgi:error] [pid 11:tid 139788011591360] [remote 10.0.0.186:37624] 2026-06-27 19:16:05.835 11 ERROR keystone.server.flask.application
File "/var/lib/openstack/lib/python3.12/site-packages/sqlalchemy/engine/default.py", line 952, in do_execute
[Sat Jun 27 19:16:05.849126 2026] [wsgi:error] [pid 11:tid 139788011591360] [remote 10.0.0.186:37624] 2026-06-27 19:16:05.835 11 ERROR keystone.server.flask.application cursor.execute(statement, parameters)
[Sat Jun 27 19:16:05.849129 2026] [wsgi:error] [pid 11:tid 139788011591360] [remote 10.0.0.186:37624] 2026-06-27 19:16:05.835 11 ERROR keystone.server.flask.application
File "/var/lib/openstack/lib/python3.12/site-packages/pymysql/cursors.py", line 159, in execute
[Sat Jun 27 19:16:05.849131 2026] [wsgi:error] [pid 11:tid 139788011591360] [remote 10.0.0.186:37624] 2026-06-27 19:16:05.835 11 ERROR keystone.server.flask.application result = self._query(query)
[Sat Jun 27 19:16:05.849132 2026] [wsgi:error] [pid 11:tid 139788011591360] [remote 10.0.0.186:37624] 2026-06-27 19:16:05.835 11 ERROR keystone.server.flask.application ^^^^^^^^^^^^^^^^^^
[Sat Jun 27 19:16:05.849134 2026] [wsgi:error] [pid 11:tid 139788011591360] [remote 10.0.0.186:37624] 2026-06-27 19:16:05.835 11 ERROR keystone.server.flask.application
File "/var/lib/openstack/lib/python3.12/site-packages/pymysql/cursors.py", line 330, in _query
[Sat Jun 27 19:16:05.849136 2026] [wsgi:error] [pid 11:tid 139788011591360] [remote 10.0.0.186:37624] 2026-06-27 19:16:05.835 11 ERROR keystone.server.flask.application conn.query(q)
[Sat Jun 27 19:16:05.849138 2026] [wsgi:error] [pid 11:tid 139788011591360] [remote 10.0.0.186:37624] 2026-06-27 19:16:05.835 11 ERROR keystone.server.flask.application
File "/var/lib/openstack/lib/python3.12/site-packages/pymysql/connections.py", line 582, in query
[Sat Jun 27 19:16:05.849140 2026] [wsgi:error] [pid 11:tid 139788011591360] [remote 10.0.0.186:37624] 2026-06-27 19:16:05.835 11 ERROR keystone.server.flask.application self._affected_rows = self._read_query_result(unbuffered=unbuffered)
[Sat Jun 27 19:16:05.849142 2026] [wsgi:error] [pid 11:tid 139788011591360] [remote 10.0.0.186:37624] 2026-06-27 19:16:05.835 11 ERROR keystone.server.flask.application ^^^^^^^^^^^^^^^^^^^^^^^^^^^^^^^^^^^^^^^^^^^^^^
[Sat Jun 27 19:16:05.849144 2026] [wsgi:error] [pid 11:tid 139788011591360] [remote 10.0.0.186:37624] 2026-06-27 19:16:05.835 11 ERROR keystone.server.flask.application
File "/var/lib/openstack/lib/python3.12/site-packages/pymysql/connections.py", line 847, in _read_query_result
[Sat Jun 27 19:16:05.849146 2026] [wsgi:error] [pid 11:tid 139788011591360] [remote 10.0.0.186:37624] 2026-06-27 19:16:05.835 11 ERROR keystone.server.flask.application result.read()
[Sat Jun 27 19:16:05.849176 2026] [wsgi:error] [pid 11:tid 139788011591360] [remote 10.0.0.186:37624] 2026-06-27 19:16:05.835 11 ERROR keystone.server.flask.application
File "/var/lib/openstack/lib/python3.12/site-packages/pymysql/connections.py", line 1245, in read
[Sat Jun 27 19:16:05.849181 2026] [wsgi:error] [pid 11:tid 139788011591360] [remote 10.0.0.186:37624] 2026-06-27 19:16:05.835 11 ERROR keystone.server.flask.application first_packet = self.connection._read_packet()
[Sat Jun 27 19:16:05.849183 2026] [wsgi:error] [pid 11:tid 139788011591360] [remote 10.0.0.186:37624] 2026-06-27 19:16:05.835 11 ERROR keystone.server.flask.application ^^^^^^^^^^^^^^^^^^^^^^^^^^^^^^
[Sat Jun 27 19:16:05.849185 2026] [wsgi:error] [pid 11:tid 139788011591360] [remote 10.0.0.186:37624] 2026-06-27 19:16:05.835 11 ERROR keystone.server.flask.application
File "/var/lib/openstack/lib/python3.12/site-packages/pymysql/connections.py", line 803, in _read_packet
[Sat Jun 27 19:16:05.849187 2026] [wsgi:error] [pid 11:tid 139788011591360] [remote 10.0.0.186:37624] 2026-06-27 19:16:05.835 11 ERROR keystone.server.flask.application packet.raise_for_error()
[Sat Jun 27 19:16:05.849188 2026] [wsgi:error] [pid 11:tid 139788011591360] [remote 10.0.0.186:37624] 2026-06-27 19:16:05.835 11 ERROR keystone.server.flask.application
File "/var/lib/openstack/lib/python3.12/site-packages/pymysql/protocol.py", line 219, in raise_for_error
[Sat Jun 27 19:16:05.849190 2026] [wsgi:error] [pid 11:tid 139788011591360] [remote 10.0.0.186:37624] 2026-06-27 19:16:05.835 11 ERROR keystone.server.flask.application err.raise_mysql_exception(self._data)
[Sat Jun 27 19:16:05.849192 2026] [wsgi:error] [pid 11:tid 139788011591360] [remote 10.0.0.186:37624] 2026-06-27 19:16:05.835 11 ERROR keystone.server.flask.application
File "/var/lib/openstack/lib/python3.12/site-packages/pymysql/err.py", line 154, in raise_mysql_exception
[Sat Jun 27 19:16:05.849194 2026] [wsgi:error] [pid 11:tid 139788011591360] [remote 10.0.0.186:37624] 2026-06-27 19:16:05.835 11 ERROR keystone.server.flask.application raise errorclass(errno, errval, sqlstate=sqlstate)
[Sat Jun 27 19:16:05.849196 2026] [wsgi:error] [pid 11:tid 139788011591360] [remote 10.0.0.186:37624] 2026-06-27 19:16:05.835 11 ERROR keystone.server.flask.application pymysql.err.IntegrityError: (1062, "Duplicate entry '<>-service' for key 'project.ixu_project_name_domain_id'")
[Sat Jun 27 19:16:05.849198 2026] [wsgi:error] [pid 11:tid 139788011591360] [remote 10.0.0.186:37624] 2026-06-27 19:16:05.835 11 ERROR keystone.server.flask.application
[Sat Jun 27 19:16:05.849200 2026] [wsgi:error] [pid 11:tid 139788011591360] [remote 10.0.0.186:37624] 2026-06-27 19:16:05.835 11 ERROR keystone.server.flask.application The above exception was the direct cause of the following exception:
[Sat Jun 27 19:16:05.849202 2026] [wsgi:error] [pid 11:tid 139788011591360] [remote 10.0.0.186:37624] 2026-06-27 19:16:05.835 11 ERROR keystone.server.flask.application
[Sat Jun 27 19:16:05.849204 2026] [wsgi:error] [pid 11:tid 139788011591360] [remote 10.0.0.186:37624] 2026-06-27 19:16:05.835 11 ERROR keystone.server.flask.application
Traceback (most recent call last):
[Sat Jun 27 19:16:05.849206 2026] [wsgi:error] [pid 11:tid 139788011591360] [remote 10.0.0.186:37624] 2026-06-27 19:16:05.835 11 ERROR keystone.server.flask.application
File "/var/lib/openstack/lib/python3.12/site-packages/keystone/common/sql/core.py", line 575, in wrapper
[Sat Jun 27 19:16:05.849208 2026] [wsgi:error] [pid 11:tid 139788011591360] [remote 10.0.0.186:37624] 2026-06-27 19:16:05.835 11 ERROR keystone.server.flask.application return method(*args, **kwargs)
[Sat Jun 27 19:16:05.849210 2026] [wsgi:error] [pid 11:tid 139788011591360] [remote 10.0.0.186:37624] 2026-06-27 19:16:05.835 11 ERROR keystone.server.flask.application ^^^^^^^^^^^^^^^^^^^^^^^
[Sat Jun 27 19:16:05.849212 2026] [wsgi:error] [pid 11:tid 139788011591360] [remote 10.0.0.186:37624] 2026-06-27 19:16:05.835 11 ERROR keystone.server.flask.application
File "/var/lib/openstack/lib/python3.12/site-packages/keystone/resource/backends/sql.py", line 278, in create_project
[Sat Jun 27 19:16:05.849214 2026] [wsgi:error] [pid 11:tid 139788011591360] [remote 10.0.0.186:37624] 2026-06-27 19:16:05.835 11 ERROR keystone.server.flask.application with sql.session_for_write() as session:
[Sat Jun 27 19:16:05.849216 2026] [wsgi:error] [pid 11:tid 139788011591360] [remote 10.0.0.186:37624] 2026-06-27 19:16:05.835 11 ERROR keystone.server.flask.application
File "/usr/lib/python3.12/contextlib.py", line 144, in __exit__
[Sat Jun 27 19:16:05.849218 2026] [wsgi:error] [pid 11:tid 139788011591360] [remote 10.0.0.186:37624] 2026-06-27 19:16:05.835 11 ERROR keystone.server.flask.application next(self.gen)
[Sat Jun 27 19:16:05.849220 2026] [wsgi:error] [pid 11:tid 139788011591360] [remote 10.0.0.186:37624] 2026-06-27 19:16:05.835 11 ERROR keystone.server.flask.application
File "/var/lib/openstack/lib/python3.12/site-packages/oslo_db/sqlalchemy/enginefacade.py", line 1175, in _transaction_scope
[Sat Jun 27 19:16:05.849223 2026] [wsgi:error] [pid 11:tid 139788011591360] [remote 10.0.0.186:37624] 2026-06-27 19:16:05.835 11 ERROR keystone.server.flask.application with current._produce_block(
[Sat Jun 27 19:16:05.849225 2026] [wsgi:error] [pid 11:tid 139788011591360] [remote 10.0.0.186:37624] 2026-06-27 19:16:05.835 11 ERROR keystone.server.flask.application
File "/usr/lib/python3.12/contextlib.py", line 144, in __exit__
[Sat Jun 27 19:16:05.849227 2026] [wsgi:error] [pid 11:tid 139788011591360] [remote 10.0.0.186:37624] 2026-06-27 19:16:05.835 11 ERROR keystone.server.flask.application next(self.gen)
[Sat Jun 27 19:16:05.849229 2026] [wsgi:error] [pid 11:tid 139788011591360] [remote 10.0.0.186:37624] 2026-06-27 19:16:05.835 11 ERROR keystone.server.flask.application
File "/var/lib/openstack/lib/python3.12/site-packages/oslo_db/sqlalchemy/enginefacade.py", line 837, in _session
[Sat Jun 27 19:16:05.849250 2026] [wsgi:error] [pid 11:tid 139788011591360] [remote 10.0.0.186:37624] 2026-06-27 19:16:05.835 11 ERROR keystone.server.flask.application with excutils.save_and_reraise_exception():
[Sat Jun 27 19:16:05.849257 2026] [wsgi:error] [pid 11:tid 139788011591360] [remote 10.0.0.186:37624] 2026-06-27 19:16:05.835 11 ERROR keystone.server.flask.application
File "/var/lib/openstack/lib/python3.12/site-packages/oslo_utils/excutils.py", line 266, in __exit__
[Sat Jun 27 19:16:05.849259 2026] [wsgi:error] [pid 11:tid 139788011591360] [remote 10.0.0.186:37624] 2026-06-27 19:16:05.835 11 ERROR keystone.server.flask.application self.force_reraise()
[Sat Jun 27 19:16:05.849261 2026] [wsgi:error] [pid 11:tid 139788011591360] [remote 10.0.0.186:37624] 2026-06-27 19:16:05.835 11 ERROR keystone.server.flask.application
File "/var/lib/openstack/lib/python3.12/site-packages/oslo_utils/excutils.py", line 232, in force_reraise
[Sat Jun 27 19:16:05.849279 2026] [wsgi:error] [pid 11:tid 139788011591360] [remote 10.0.0.186:37624] 2026-06-27 19:16:05.835 11 ERROR keystone.server.flask.application raise self.value
[Sat Jun 27 19:16:05.849285 2026] [wsgi:error] [pid 11:tid 139788011591360] [remote 10.0.0.186:37624] 2026-06-27 19:16:05.835 11 ERROR keystone.server.flask.application
File "/var/lib/openstack/lib/python3.12/site-packages/oslo_db/sqlalchemy/enginefacade.py", line 835, in _session
[Sat Jun 27 19:16:05.849287 2026] [wsgi:error] [pid 11:tid 139788011591360] [remote 10.0.0.186:37624] 2026-06-27 19:16:05.835 11 ERROR keystone.server.flask.application self._end_session_transaction(self.session)
[Sat Jun 27 19:16:05.849290 2026] [wsgi:error] [pid 11:tid 139788011591360] [remote 10.0.0.186:37624] 2026-06-27 19:16:05.835 11 ERROR keystone.server.flask.application
File "/var/lib/openstack/lib/python3.12/site-packages/oslo_db/sqlalchemy/enginefacade.py", line 748, in _end_session_transaction
[Sat Jun 27 19:16:05.849292 2026] [wsgi:error] [pid 11:tid 139788011591360] [remote 10.0.0.186:37624] 2026-06-27 19:16:05.835 11 ERROR keystone.server.flask.application session.commit()
[Sat Jun 27 19:16:05.849294 2026] [wsgi:error] [pid 11:tid 139788011591360] [remote 10.0.0.186:37624] 2026-06-27 19:16:05.835 11 ERROR keystone.server.flask.application
File "/var/lib/openstack/lib/python3.12/site-packages/sqlalchemy/orm/session.py", line 2034, in commit
[Sat Jun 27 19:16:05.849296 2026] [wsgi:error] [pid 11:tid 139788011591360] [remote 10.0.0.186:37624] 2026-06-27 19:16:05.835 11 ERROR keystone.server.flask.application trans.commit(_to_root=True)
[Sat Jun 27 19:16:05.849298 2026] [wsgi:error] [pid 11:tid 139788011591360] [remote 10.0.0.186:37624] 2026-06-27 19:16:05.835 11 ERROR keystone.server.flask.application File "", line 2, in commit
[Sat Jun 27 19:16:05.849300 2026] [wsgi:error] [pid 11:tid 139788011591360] [remote 10.0.0.186:37624] 2026-06-27 19:16:05.835 11 ERROR keystone.server.flask.application
File "/var/lib/openstack/lib/python3.12/site-packages/sqlalchemy/orm/state_changes.py", line 137, in _go
[Sat Jun 27 19:16:05.849302 2026] [wsgi:error] [pid 11:tid 139788011591360] [remote 10.0.0.186:37624] 2026-06-27 19:16:05.835 11 ERROR keystone.server.flask.application ret_value = fn(self, *arg, **kw)
[Sat Jun 27 19:16:05.849304 2026] [wsgi:error] [pid 11:tid 139788011591360] [remote 10.0.0.186:37624] 2026-06-27 19:16:05.835 11 ERROR keystone.server.flask.application ^^^^^^^^^^^^^^^^^^^^
[Sat Jun 27 19:16:05.849306 2026] [wsgi:error] [pid 11:tid 139788011591360] [remote 10.0.0.186:37624] 2026-06-27 19:16:05.835 11 ERROR keystone.server.flask.application
File "/var/lib/openstack/lib/python3.12/site-packages/sqlalchemy/orm/session.py", line 1315, in commit
[Sat Jun 27 19:16:05.849309 2026] [wsgi:error] [pid 11:tid 139788011591360] [remote 10.0.0.186:37624] 2026-06-27 19:16:05.835 11 ERROR keystone.server.flask.application self._prepare_impl()
[Sat Jun 27 19:16:05.849311 2026] [wsgi:error] [pid 11:tid 139788011591360] [remote 10.0.0.186:37624] 2026-06-27 19:16:05.835 11 ERROR keystone.server.flask.application File "", line 2, in _prepare_impl
[Sat Jun 27 19:16:05.849313 2026] [wsgi:error] [pid 11:tid 139788011591360] [remote 10.0.0.186:37624] 2026-06-27 19:16:05.835 11 ERROR keystone.server.flask.application
File "/var/lib/openstack/lib/python3.12/site-packages/sqlalchemy/orm/state_changes.py", line 137, in _go
[Sat Jun 27 19:16:05.849315 2026] [wsgi:error] [pid 11:tid 139788011591360] [remote 10.0.0.186:37624] 2026-06-27 19:16:05.835 11 ERROR keystone.server.flask.application ret_value = fn(self, *arg, **kw)
[Sat Jun 27 19:16:05.849317 2026] [wsgi:error] [pid 11:tid 139788011591360] [remote 10.0.0.186:37624] 2026-06-27 19:16:05.835 11 ERROR keystone.server.flask.application ^^^^^^^^^^^^^^^^^^^^
[Sat Jun 27 19:16:05.849319 2026] [wsgi:error] [pid 11:tid 139788011591360] [remote 10.0.0.186:37624] 2026-06-27 19:16:05.835 11 ERROR keystone.server.flask.application
File "/var/lib/openstack/lib/python3.12/site-packages/sqlalchemy/orm/session.py", line 1290, in _prepare_impl
[Sat Jun 27 19:16:05.849321 2026] [wsgi:error] [pid 11:tid 139788011591360] [remote 10.0.0.186:37624] 2026-06-27 19:16:05.835 11 ERROR keystone.server.flask.application self.session.flush()
[Sat Jun 27 19:16:05.849324 2026] [wsgi:error] [pid 11:tid 139788011591360] [remote 10.0.0.186:37624] 2026-06-27 19:16:05.835 11 ERROR keystone.server.flask.application
File "/var/lib/openstack/lib/python3.12/site-packages/sqlalchemy/orm/session.py", line 4352, in flush
[Sat Jun 27 19:16:05.849326 2026] [wsgi:error] [pid 11:tid 139788011591360] [remote 10.0.0.186:37624] 2026-06-27 19:16:05.835 11 ERROR keystone.server.flask.application self._flush(objects)
[Sat Jun 27 19:16:05.849328 2026] [wsgi:error] [pid 11:tid 139788011591360] [remote 10.0.0.186:37624] 2026-06-27 19:16:05.835 11 ERROR keystone.server.flask.application
File "/var/lib/openstack/lib/python3.12/site-packages/sqlalchemy/orm/session.py", line 4487, in _flush
[Sat Jun 27 19:16:05.849330 2026] [wsgi:error] [pid 11:tid 139788011591360] [remote 10.0.0.186:37624] 2026-06-27 19:16:05.835 11 ERROR keystone.server.flask.application with util.safe_reraise():
[Sat Jun 27 19:16:05.849333 2026] [wsgi:error] [pid 11:tid 139788011591360] [remote 10.0.0.186:37624] 2026-06-27 19:16:05.835 11 ERROR keystone.server.flask.application
File "/var/lib/openstack/lib/python3.12/site-packages/sqlalchemy/util/langhelpers.py", line 122, in __exit__
[Sat Jun 27 19:16:05.849335 2026] [wsgi:error] [pid 11:tid 139788011591360] [remote 10.0.0.186:37624] 2026-06-27 19:16:05.835 11 ERROR keystone.server.flask.application raise exc_value.with_traceback(exc_tb)
[Sat Jun 27 19:16:05.849337 2026] [wsgi:error] [pid 11:tid 139788011591360] [remote 10.0.0.186:37624] 2026-06-27 19:16:05.835 11 ERROR keystone.server.flask.application
File "/var/lib/openstack/lib/python3.12/site-packages/sqlalchemy/orm/session.py", line 4448, in _flush
[Sat Jun 27 19:16:05.849340 2026] [wsgi:error] [pid 11:tid 139788011591360] [remote 10.0.0.186:37624] 2026-06-27 19:16:05.835 11 ERROR keystone.server.flask.application flush_context.execute()
[Sat Jun 27 19:16:05.849398 2026] [wsgi:error] [pid 11:tid 139788011591360] [remote 10.0.0.186:37624] 2026-06-27 19:16:05.835 11 ERROR keystone.server.flask.application
File "/var/lib/openstack/lib/python3.12/site-packages/sqlalchemy/orm/unitofwork.py", line 465, in execute
