Apr 13 02:26:45.532803 np0000165404 devstack@neutron-api.service[104326]: DEBUG neutron.plugins.ml2.drivers.ovn.mech_driver.ovsdb.ovsdb_monitor [-] Hash Ring: Node 6b6cbd30da765ab2b7580164e1341fa2 (host: np0000165404) handling event "update" for row 5a4df132-d673-4bcb-8985-1694b0f5555c (table: NB_Global) {{(pid=104326) notify /opt/stack/neutron/neutron/plugins/ml2/drivers/ovn/mech_driver/ovsdb/ovsdb_monitor.py:914}}
Apr 13 02:26:45.533086 np0000165404 devstack@neutron-api.service[104329]: DEBUG neutron.plugins.ml2.drivers.ovn.mech_driver.ovsdb.ovsdb_monitor [-] Hash Ring: Node 5660cc523ff953e1ad6013f3be779fc5 (host: np0000165404) handling event "update" for row 5a4df132-d673-4bcb-8985-1694b0f5555c (table: NB_Global) {{(pid=104329) notify /opt/stack/neutron/neutron/plugins/ml2/drivers/ovn/mech_driver/ovsdb/ovsdb_monitor.py:914}}
Apr 13 02:26:45.534116 np0000165404 devstack@neutron-api.service[104326]: DEBUG neutron.plugins.ml2.drivers.ovn.mech_driver.ovsdb.ovsdb_monitor [-] ChassisOVNAgentWriteEvent : Matched Chassis_Private, update, None None {{(pid=104326) matches /opt/stack/neutron/neutron/plugins/ml2/drivers/ovn/mech_driver/ovsdb/ovsdb_monitor.py:64}}
Apr 13 02:26:45.534226 np0000165404 devstack@neutron-api.service[104329]: DEBUG neutron.common.ovn.hash_ring_manager [-] Allow caching, nodes 4>=4 {{(pid=104329) _wait_startup_before_caching /opt/stack/neutron/neutron/common/ovn/hash_ring_manager.py:65}}
Apr 13 02:26:45.534341 np0000165404 devstack@neutron-api.service[104329]: DEBUG neutron.plugins.ml2.drivers.ovn.mech_driver.ovsdb.ovsdb_monitor [-] Hash Ring: Node 5660cc523ff953e1ad6013f3be779fc5 (host: np0000165404) handling event "update" for row 55493eba-7817-4c5e-b2ec-5e85d2022498 (table: Chassis_Private) {{(pid=104329) notify /opt/stack/neutron/neutron/plugins/ml2/drivers/ovn/mech_driver/ovsdb/ovsdb_monitor.py:914}}
Apr 13 02:26:45.534455 np0000165404 devstack@neutron-api.service[104326]: DEBUG neutron.plugins.ml2.drivers.ovn.mech_driver.ovsdb.ovsdb_monitor [-] Hash Ring: Node 6b6cbd30da765ab2b7580164e1341fa2 (host: np0000165404) handling event "update" for row 55493eba-7817-4c5e-b2ec-5e85d2022498 (table: Chassis_Private) {{(pid=104326) notify /opt/stack/neutron/neutron/plugins/ml2/drivers/ovn/mech_driver/ovsdb/ovsdb_monitor.py:914}}
Apr 13 02:26:45.534824 np0000165404 devstack@neutron-api.service[104327]: DEBUG neutron.plugins.ml2.drivers.ovn.mech_driver.ovsdb.ovsdb_monitor [-] ChassisOVNAgentWriteEvent : Matched Chassis_Private, update, None None {{(pid=104327) matches /opt/stack/neutron/neutron/plugins/ml2/drivers/ovn/mech_driver/ovsdb/ovsdb_monitor.py:64}}
Apr 13 02:26:45.535307 np0000165404 devstack@neutron-api.service[104329]: DEBUG neutron.plugins.ml2.drivers.ovn.mech_driver.ovsdb.ovsdb_monitor [-] ChassisOVNAgentWriteEvent : Matched Chassis_Private, update, None None {{(pid=104329) matches /opt/stack/neutron/neutron/plugins/ml2/drivers/ovn/mech_driver/ovsdb/ovsdb_monitor.py:64}}
Apr 13 02:26:45.535568 np0000165404 devstack@neutron-api.service[104329]: DEBUG neutron.plugins.ml2.drivers.ovn.mech_driver.ovsdb.ovsdb_monitor [-] Hash Ring: Node 5660cc523ff953e1ad6013f3be779fc5 (host: np0000165404) handling event "update" for row 55493eba-7817-4c5e-b2ec-5e85d2022498 (table: Chassis_Private) {{(pid=104329) notify /opt/stack/neutron/neutron/plugins/ml2/drivers/ovn/mech_driver/ovsdb/ovsdb_monitor.py:914}}
Apr 13 02:26:45.540394 np0000165404 devstack@neutron-api.service[104328]: DEBUG neutron.plugins.ml2.drivers.ovn.mech_driver.ovsdb.ovsdb_monitor [-] ChassisAgentWriteEvent : Matched Chassis_Private, update, None None {{(pid=104328) matches /opt/stack/neutron/neutron/plugins/ml2/drivers/ovn/mech_driver/ovsdb/ovsdb_monitor.py:64}}
Apr 13 02:26:45.542855 np0000165404 devstack@neutron-api.service[104328]: DEBUG neutron.plugins.ml2.drivers.ovn.mech_driver.ovsdb.ovsdb_monitor [-] ChassisOVNAgentWriteEvent : Matched Chassis_Private, update, None None {{(pid=104328) matches /opt/stack/neutron/neutron/plugins/ml2/drivers/ovn/mech_driver/ovsdb/ovsdb_monitor.py:64}}
Apr 13 02:26:45.595739 np0000165404 devstack@neutron-api.service[104328]: DEBUG neutron.plugins.ml2.drivers.helpers [None req-7ac7d0ee-27ac-4b2c-9f05-d1d6db28a539 admin admin] geneve segment allocate from pool success with {'geneve_vni': 9827} {{(pid=104328) allocate_partially_specified_segment /opt/stack/neutron/neutron/plugins/ml2/drivers/helpers.py:142}}
Apr 13 02:26:45.608622 np0000165404 devstack@neutron-api.service[104328]: DEBUG neutron_lib.callbacks.manager [None req-7ac7d0ee-27ac-4b2c-9f05-d1d6db28a539 admin admin] Publish callbacks ['neutron.services.segments.db._add_segment_host_mapping_for_segment-8256305736024', 'neutron.plugins.ml2.plugin.Ml2Plugin._handle_segment_change-1331333'] for segment (fc828dcf-3d7e-43ae-8834-15fe4ef972cc), precommit_create {{(pid=104328) _notify_loop /opt/stack/data/venv/lib/python3.12/site-packages/neutron_lib/callbacks/manager.py:184}}
Apr 13 02:26:45.608987 np0000165404 devstack@neutron-api.service[104328]: INFO neutron.db.segments_db [None req-7ac7d0ee-27ac-4b2c-9f05-d1d6db28a539 admin admin] Added segment fc828dcf-3d7e-43ae-8834-15fe4ef972cc of type geneve for network 502f9eaa-3837-4765-a87e-ce900d573d5d
Apr 13 02:26:45.659106 np0000165404 devstack@neutron-api.service[104328]: DEBUG neutron_lib.callbacks.manager [None req-7ac7d0ee-27ac-4b2c-9f05-d1d6db28a539 admin admin] Publish callbacks ['neutron.services.auto_allocate.db._ensure_external_network_default_value_callback-8256304471574'] for network (502f9eaa-3837-4765-a87e-ce900d573d5d), precommit_create {{(pid=104328) _notify_loop /opt/stack/data/venv/lib/python3.12/site-packages/neutron_lib/callbacks/manager.py:184}}
Apr 13 02:26:45.682827 np0000165404 devstack@neutron-api.service[104328]: DEBUG neutron.plugins.ml2.drivers.ovn.mech_driver.mech_driver [None req-7ac7d0ee-27ac-4b2c-9f05-d1d6db28a539 admin admin] Validating network segment with type geneve, segmentation ID 9827, physical network None {{(pid=104328) _validate_network_segments /opt/stack/neutron/neutron/plugins/ml2/drivers/ovn/mech_driver/mech_driver.py:631}}
Apr 13 02:26:45.682827 np0000165404 devstack@neutron-api.service[104328]: DEBUG neutron.db.ovn_revision_numbers_db [None req-7ac7d0ee-27ac-4b2c-9f05-d1d6db28a539 admin admin] create_initial_revision uuid=502f9eaa-3837-4765-a87e-ce900d573d5d, type=networks, rev=-1 {{(pid=104328) create_initial_revision /opt/stack/neutron/neutron/db/ovn_revision_numbers_db.py:98}}
Apr 13 02:26:45.701240 np0000165404 devstack@neutron-api.service[104328]: DEBUG neutron_lib.callbacks.manager [None req-7ac7d0ee-27ac-4b2c-9f05-d1d6db28a539 admin admin] Publish callbacks ['neutron.plugins.ml2.ovo_rpc._ObjectChangeHandler.handle_event-3855331'] for network (502f9eaa-3837-4765-a87e-ce900d573d5d), after_create {{(pid=104328) _notify_loop /opt/stack/data/venv/lib/python3.12/site-packages/neutron_lib/callbacks/manager.py:184}}
Apr 13 02:26:45.767904 np0000165404 devstack@neutron-api.service[104328]: DEBUG neutron.api.rpc.handlers.resources_rpc [None req-7ac7d0ee-27ac-4b2c-9f05-d1d6db28a539 admin admin] Pushing event updated for resources: {'Network': ['ID=502f9eaa-3837-4765-a87e-ce900d573d5d,revision_number=1']} {{(pid=104328) push /opt/stack/neutron/neutron/api/rpc/handlers/resources_rpc.py:237}}
Apr 13 02:26:45.777711 np0000165404 devstack@neutron-api.service[104328]: DEBUG ovsdbapp.backend.ovs_idl.transaction [-] Running txn n=1 command(idx=0): AddNetworkCommand(_result=None, network_uuid=502f9eaa-3837-4765-a87e-ce900d573d5d, may_exist=True, columns={'external_ids': {'neutron:network_name': 'private', 'neutron:mtu': '1372', 'neutron:revision_number': '1', 'neutron:availability_zone_hints': '', 'neutron:provnet-network-type': 'geneve'}, 'other_config': {'mcast_snoop': 'false', 'mcast_flood_unregistered': 'false', 'vlan-passthru': 'false'}}) {{(pid=104328) do_commit /opt/stack/data/venv/lib/python3.12/site-packages/ovsdbapp/backend/ovs_idl/transaction.py:89}}
Apr 13 02:26:45.778546 np0000165404 devstack@neutron-api.service[104328]: DEBUG neutron.common.ovn.utils [-] OVS persist_uuid supported=True {{(pid=104328) ovs_persist_uuid_supported /opt/stack/neutron/neutron/common/ovn/utils.py:1527}}
Apr 13 02:26:45.784000 np0000165404 devstack@neutron-api.service[104329]: DEBUG neutron.plugins.ml2.drivers.ovn.mech_driver.ovsdb.ovsdb_monitor [-] Hash Ring: Node 5660cc523ff953e1ad6013f3be779fc5 (host: np0000165404) handling event "create" for row 502f9eaa-3837-4765-a87e-ce900d573d5d (table: Logical_Switch) {{(pid=104329) notify /opt/stack/neutron/neutron/plugins/ml2/drivers/ovn/mech_driver/ovsdb/ovsdb_monitor.py:914}}
Apr 13 02:26:45.784114 np0000165404 devstack@neutron-api.service[104327]: DEBUG neutron.plugins.ml2.drivers.ovn.mech_driver.ovsdb.ovsdb_monitor [-] Hash Ring: Node 29ecf387bbbd5a45a9feadb6c131a725 (host: np0000165404) handling event "create" for row 502f9eaa-3837-4765-a87e-ce900d573d5d (table: Logical_Switch) {{(pid=104327) notify /opt/stack/neutron/neutron/plugins/ml2/drivers/ovn/mech_driver/ovsdb/ovsdb_monitor.py:914}}
Apr 13 02:26:45.791332 np0000165404 devstack@neutron-api.service[104329]: DEBUG neutron.plugins.ml2.drivers.ovn.mech_driver.ovsdb.ovsdb_monitor [-] Hash Ring: Node 5660cc523ff953e1ad6013f3be779fc5 (host: np0000165404) handling event "create" for row e4c3f04e-38ff-4ec0-8150-c8b4c8676a9c (table: Datapath_Binding) {{(pid=104329) notify /opt/stack/neutron/neutron/plugins/ml2/drivers/ovn/mech_driver/ovsdb/ovsdb_monitor.py:914}}
Apr 13 02:26:45.791817 np0000165404 devstack@neutron-api.service[104327]: DEBUG neutron.plugins.ml2.drivers.ovn.mech_driver.ovsdb.ovsdb_monitor [-] Hash Ring: Node 29ecf387bbbd5a45a9feadb6c131a725 (host: np0000165404) handling event "create" for row e4c3f04e-38ff-4ec0-8150-c8b4c8676a9c (table: Datapath_Binding) {{(pid=104327) notify /opt/stack/neutron/neutron/plugins/ml2/drivers/ovn/mech_driver/ovsdb/ovsdb_monitor.py:914}}
Apr 13 02:26:45.824947 np0000165404 devstack@neutron-api.service[104328]: INFO neutron.db.ovn_revision_numbers_db [None req-7ac7d0ee-27ac-4b2c-9f05-d1d6db28a539 admin admin] Successfully bumped revision number for resource 502f9eaa-3837-4765-a87e-ce900d573d5d (type: networks) to 1
Apr 13 02:26:45.889560 np0000165404 devstack@neutron-api.service[104328]: DEBUG neutron_lib.callbacks.manager [None req-7ac7d0ee-27ac-4b2c-9f05-d1d6db28a539 admin admin] Publish callbacks ['neutron.plugins.ml2.plugin.SecurityGroupDbMixin._ensure_default_security_group_handler-1063601'] for port (None), before_create {{(pid=104328) _notify_loop /opt/stack/data/venv/lib/python3.12/site-packages/neutron_lib/callbacks/manager.py:184}}
Apr 13 02:26:46.190507 np0000165404 devstack@neutron-api.service[104328]: DEBUG neutron_lib.callbacks.manager [None req-7ac7d0ee-27ac-4b2c-9f05-d1d6db28a539 admin admin] Publish callbacks ['neutron.plugins.ml2.drivers.ovn.mech_driver.mech_driver.OVNMechanismDriver._validate_allowed_address_pairs-869188'] for allowed_address_pair (a11f735f-b8eb-4d3e-88b4-9045be5b41a4), before_create {{(pid=104328) _notify_loop /opt/stack/data/venv/lib/python3.12/site-packages/neutron_lib/callbacks/manager.py:184}}
Apr 13 02:26:46.191425 np0000165404 devstack@neutron-api.service[104328]: DEBUG neutron_lib.callbacks.manager [None req-7ac7d0ee-27ac-4b2c-9f05-d1d6db28a539 admin admin] Publish callbacks [] for port (a11f735f-b8eb-4d3e-88b4-9045be5b41a4), precommit_create {{(pid=104328) _notify_loop /opt/stack/data/venv/lib/python3.12/site-packages/neutron_lib/callbacks/manager.py:184}}
Apr 13 02:26:46.191425 np0000165404 devstack@neutron-api.service[104328]: DEBUG neutron.plugins.ml2.drivers.ovn.mech_driver.mech_driver [None req-7ac7d0ee-27ac-4b2c-9f05-d1d6db28a539 admin admin] No provisioning block for port a11f735f-b8eb-4d3e-88b4-9045be5b41a4 since it does not have a host {{(pid=104328) _is_port_provisioning_required /opt/stack/neutron/neutron/plugins/ml2/drivers/ovn/mech_driver/mech_driver.py:884}}
Apr 13 02:26:46.191425 np0000165404 devstack@neutron-api.service[104328]: DEBUG neutron.db.ovn_revision_numbers_db [None req-7ac7d0ee-27ac-4b2c-9f05-d1d6db28a539 admin admin] create_initial_revision uuid=a11f735f-b8eb-4d3e-88b4-9045be5b41a4, type=ports, rev=-1 {{(pid=104328) create_initial_revision /opt/stack/neutron/neutron/db/ovn_revision_numbers_db.py:98}}
Apr 13 02:26:46.262784 np0000165404 devstack@neutron-api.service[104328]: DEBUG neutron_lib.callbacks.manager [None req-7ac7d0ee-27ac-4b2c-9f05-d1d6db28a539 admin admin] Publish callbacks ['neutron.plugins.ml2.ovo_rpc._ObjectChangeHandler.handle_event-3855166'] for port (a11f735f-b8eb-4d3e-88b4-9045be5b41a4), after_create {{(pid=104328) _notify_loop /opt/stack/data/venv/lib/python3.12/site-packages/neutron_lib/callbacks/manager.py:184}}
Apr 13 02:26:46.322158 np0000165404 devstack@neutron-api.service[104328]: DEBUG neutron.api.rpc.handlers.resources_rpc [None req-7ac7d0ee-27ac-4b2c-9f05-d1d6db28a539 admin admin] Pushing event updated for resources: {'Port': ['ID=a11f735f-b8eb-4d3e-88b4-9045be5b41a4,revision_number=1']} {{(pid=104328) push /opt/stack/neutron/neutron/api/rpc/handlers/resources_rpc.py:237}}
Apr 13 02:26:46.365564 np0000165404 devstack@neutron-api.service[104328]: DEBUG ovsdbapp.backend.ovs_idl.transaction [-] Running txn n=1 command(idx=0): AddLSwitchPortCommand(_result=None, lport=a11f735f-b8eb-4d3e-88b4-9045be5b41a4, lswitch=neutron-502f9eaa-3837-4765-a87e-ce900d573d5d, may_exist=True, network_uuid=502f9eaa-3837-4765-a87e-ce900d573d5d, columns={'addresses': ['fa:16:3e:6f:6e:53'], 'external_ids': {'neutron:port_name': '', 'neutron:device_id': 'ovnmeta-502f9eaa-3837-4765-a87e-ce900d573d5d', 'neutron:project_id': '741f416f69fc42edadc65006fdc851d9', 'neutron:cidrs': '', 'neutron:device_owner': 'network:distributed', 'neutron:subnet_pool_addr_scope4': '', 'neutron:subnet_pool_addr_scope6': '', 'neutron:network_name': 'neutron-502f9eaa-3837-4765-a87e-ce900d573d5d', 'neutron:security_group_ids': '', 'neutron:revision_number': '1', 'neutron:vnic_type': 'normal', 'neutron:port_capabilities': '', 'neutron:mtu': ''}, 'parent_name': [], 'tag': [], 'enabled': True, 'options': {}, 'type': 'localport', 'port_security': [], 'dhcpv4_options': [], 'dhcpv6_options': []}) {{(pid=104328) do_commit /opt/stack/data/venv/lib/python3.12/site-packages/ovsdbapp/backend/ovs_idl/transaction.py:89}}
Apr 13 02:26:46.366271 np0000165404 devstack@neutron-api.service[104328]: DEBUG ovsdbapp.backend.ovs_idl.transaction [-] Running txn n=1 command(idx=1): QoSDelCommand(_result=None, switch=neutron-502f9eaa-3837-4765-a87e-ce900d573d5d, conditions=[('direction', '=', 'to-lport'), ('priority', '=', 2002), ('match', '=', 'outport == "a11f735f-b8eb-4d3e-88b4-9045be5b41a4"')], if_exists=True) {{(pid=104328) do_commit /opt/stack/data/venv/lib/python3.12/site-packages/ovsdbapp/backend/ovs_idl/transaction.py:89}}
Apr 13 02:26:46.366530 np0000165404 devstack@neutron-api.service[104328]: DEBUG ovsdbapp.backend.ovs_idl.transaction [-] Running txn n=1 command(idx=2): QoSDelCommand(_result=None, switch=neutron-502f9eaa-3837-4765-a87e-ce900d573d5d, conditions=[('direction', '=', 'from-lport'), ('priority', '=', 2002), ('match', '=', 'inport == "a11f735f-b8eb-4d3e-88b4-9045be5b41a4"')], if_exists=True) {{(pid=104328) do_commit /opt/stack/data/venv/lib/python3.12/site-packages/ovsdbapp/backend/ovs_idl/transaction.py:89}}
Apr 13 02:26:46.369717 np0000165404 devstack@neutron-api.service[104328]: DEBUG neutron.plugins.ml2.drivers.ovn.mech_driver.ovsdb.ovsdb_monitor [-] Hash Ring: Node 75304bde44535ec29efac6a9cbf05617 (host: np0000165404) handling event "create" for row fa216f46-0cd7-458d-80f4-09c193ed6051 (table: Logical_Switch_Port) {{(pid=104328) notify /opt/stack/neutron/neutron/plugins/ml2/drivers/ovn/mech_driver/ovsdb/ovsdb_monitor.py:914}}
Apr 13 02:26:46.371221 np0000165404 devstack@neutron-api.service[104328]: DEBUG ovsdbapp.backend.ovs_idl.event [-] Matched CREATE: LogicalSwitchPortCreateEvent(events=('create',), table='Logical_Switch_Port', conditions=[], old_conditions=None), priority=20 to row=Logical_Switch_Port(uuid=fa216f46-0cd7-458d-80f4-09c193ed6051, addresses=['fa:16:3e:6f:6e:53'], dhcpv4_options=[], dhcpv6_options=[], dynamic_addresses=[], enabled=True, external_ids={'neutron:cidrs': '', 'neutron:device_id': 'ovnmeta-502f9eaa-3837-4765-a87e-ce900d573d5d', 'neutron:device_owner': 'network:distributed', 'neutron:mtu': '', 'neutron:network_name': 'neutron-502f9eaa-3837-4765-a87e-ce900d573d5d', 'neutron:port_capabilities': '', 'neutron:port_name': '', 'neutron:project_id': '741f416f69fc42edadc65006fdc851d9', 'neutron:revision_number': '1', 'neutron:security_group_ids': '', 'neutron:subnet_pool_addr_scope4': '', 'neutron:subnet_pool_addr_scope6': '', 'neutron:vnic_type': 'normal'}, ha_chassis_group=[], mirror_rules=[], name='a11f735f-b8eb-4d3e-88b4-9045be5b41a4', options={}, parent_name=[], port_security=[], tag=[], tag_request=[], type='localport', up=[]) old= {{(pid=104328) matches /opt/stack/data/venv/lib/python3.12/site-packages/ovsdbapp/backend/ovs_idl/event.py:55}}
Apr 13 02:26:46.372235 np0000165404 devstack@neutron-api.service[104329]: DEBUG neutron.plugins.ml2.drivers.ovn.mech_driver.ovsdb.ovsdb_monitor [-] Hash Ring: Node 5660cc523ff953e1ad6013f3be779fc5 (host: np0000165404) handling event "update" for row 502f9eaa-3837-4765-a87e-ce900d573d5d (table: Logical_Switch) {{(pid=104329) notify /opt/stack/neutron/neutron/plugins/ml2/drivers/ovn/mech_driver/ovsdb/ovsdb_monitor.py:914}}
Apr 13 02:26:46.372235 np0000165404 devstack@neutron-api.service[104329]: DEBUG neutron.plugins.ml2.drivers.ovn.mech_driver.ovsdb.ovsdb_monitor [-] Hash Ring: Node 5660cc523ff953e1ad6013f3be779fc5 (host: np0000165404) handling event "create" for row fa216f46-0cd7-458d-80f4-09c193ed6051 (table: Logical_Switch_Port) {{(pid=104329) notify /opt/stack/neutron/neutron/plugins/ml2/drivers/ovn/mech_driver/ovsdb/ovsdb_monitor.py:914}}
Apr 13 02:26:46.372566 np0000165404 devstack@neutron-api.service[104328]: INFO neutron.plugins.ml2.drivers.ovn.mech_driver.mech_driver [-] OVN reports status down for port: a11f735f-b8eb-4d3e-88b4-9045be5b41a4
Apr 13 02:26:46.373281 np0000165404 devstack@neutron-api.service[104328]: DEBUG neutron.plugins.ml2.drivers.ovn.mech_driver.ovsdb.ovsdb_monitor [-] Hash Ring: Node 75304bde44535ec29efac6a9cbf05617 (host: np0000165404) handling event "update" for row fa216f46-0cd7-458d-80f4-09c193ed6051 (table: Logical_Switch_Port) {{(pid=104328) notify /opt/stack/neutron/neutron/plugins/ml2/drivers/ovn/mech_driver/ovsdb/ovsdb_monitor.py:914}}
Apr 13 02:26:46.374013 np0000165404 devstack@neutron-api.service[104327]: DEBUG neutron.plugins.ml2.drivers.ovn.mech_driver.ovsdb.ovsdb_monitor [-] Hash Ring: Node 29ecf387bbbd5a45a9feadb6c131a725 (host: np0000165404) handling event "update" for row 502f9eaa-3837-4765-a87e-ce900d573d5d (table: Logical_Switch) {{(pid=104327) notify /opt/stack/neutron/neutron/plugins/ml2/drivers/ovn/mech_driver/ovsdb/ovsdb_monitor.py:914}}
Apr 13 02:26:46.374255 np0000165404 devstack@neutron-api.service[104329]: DEBUG ovsdbapp.backend.ovs_idl.event [-] Matched CREATE: LogicalSwitchPortCreateEvent(events=('create',), table='Logical_Switch_Port', conditions=[], old_conditions=None), priority=20 to row=Logical_Switch_Port(uuid=fa216f46-0cd7-458d-80f4-09c193ed6051, addresses=['fa:16:3e:6f:6e:53'], dhcpv4_options=[], dhcpv6_options=[], dynamic_addresses=[], enabled=True, external_ids={'neutron:cidrs': '', 'neutron:device_id': 'ovnmeta-502f9eaa-3837-4765-a87e-ce900d573d5d', 'neutron:device_owner': 'network:distributed', 'neutron:mtu': '', 'neutron:network_name': 'neutron-502f9eaa-3837-4765-a87e-ce900d573d5d', 'neutron:port_capabilities': '', 'neutron:port_name': '', 'neutron:project_id': '741f416f69fc42edadc65006fdc851d9', 'neutron:revision_number': '1', 'neutron:security_group_ids': '', 'neutron:subnet_pool_addr_scope4': '', 'neutron:subnet_pool_addr_scope6': '', 'neutron:vnic_type': 'normal'}, ha_chassis_group=[], mirror_rules=[], name='a11f735f-b8eb-4d3e-88b4-9045be5b41a4', options={}, parent_name=[], port_security=[], tag=[], tag_request=[], type='localport', up=[]) old= {{(pid=104329) matches /opt/stack/data/venv/lib/python3.12/site-packages/ovsdbapp/backend/ovs_idl/event.py:55}}
Apr 13 02:26:46.374686 np0000165404 devstack@neutron-api.service[104327]: DEBUG neutron.plugins.ml2.drivers.ovn.mech_driver.ovsdb.ovsdb_monitor [-] Hash Ring: Node 29ecf387bbbd5a45a9feadb6c131a725 (host: np0000165404) handling event "create" for row fa216f46-0cd7-458d-80f4-09c193ed6051 (table: Logical_Switch_Port) {{(pid=104327) notify /opt/stack/neutron/neutron/plugins/ml2/drivers/ovn/mech_driver/ovsdb/ovsdb_monitor.py:914}}
Apr 13 02:26:46.375254 np0000165404 devstack@neutron-api.service[104326]: DEBUG neutron.plugins.ml2.drivers.ovn.mech_driver.ovsdb.ovsdb_monitor [-] Hash Ring: Node 6b6cbd30da765ab2b7580164e1341fa2 (host: np0000165404) handling event "create" for row 19db3c5c-46e3-4ceb-894e-72f36d3817b6 (table: Port_Binding) {{(pid=104326) notify /opt/stack/neutron/neutron/plugins/ml2/drivers/ovn/mech_driver/ovsdb/ovsdb_monitor.py:914}}
Apr 13 02:26:46.375638 np0000165404 devstack@neutron-api.service[104327]: DEBUG ovsdbapp.backend.ovs_idl.event [-] Matched CREATE: LogicalSwitchPortCreateEvent(events=('create',), table='Logical_Switch_Port', conditions=[], old_conditions=None), priority=20 to row=Logical_Switch_Port(uuid=fa216f46-0cd7-458d-80f4-09c193ed6051, addresses=['fa:16:3e:6f:6e:53'], dhcpv4_options=[], dhcpv6_options=[], dynamic_addresses=[], enabled=True, external_ids={'neutron:cidrs': '', 'neutron:device_id': 'ovnmeta-502f9eaa-3837-4765-a87e-ce900d573d5d', 'neutron:device_owner': 'network:distributed', 'neutron:mtu': '', 'neutron:network_name': 'neutron-502f9eaa-3837-4765-a87e-ce900d573d5d', 'neutron:port_capabilities': '', 'neutron:port_name': '', 'neutron:project_id': '741f416f69fc42edadc65006fdc851d9', 'neutron:revision_number': '1', 'neutron:security_group_ids': '', 'neutron:subnet_pool_addr_scope4': '', 'neutron:subnet_pool_addr_scope6': '', 'neutron:vnic_type': 'normal'}, ha_chassis_group=[], mirror_rules=[], name='a11f735f-b8eb-4d3e-88b4-9045be5b41a4', options={}, parent_name=[], port_security=[], tag=[], tag_request=[], type='localport', up=[]) old= {{(pid=104327) matches /opt/stack/data/venv/lib/python3.12/site-packages/ovsdbapp/backend/ovs_idl/event.py:55}}
Apr 13 02:26:46.375830 np0000165404 devstack@neutron-api.service[104329]: INFO neutron.plugins.ml2.drivers.ovn.mech_driver.mech_driver [-] OVN reports status down for port: a11f735f-b8eb-4d3e-88b4-9045be5b41a4
Apr 13 02:26:46.377485 np0000165404 devstack@neutron-api.service[104327]: INFO neutron.plugins.ml2.drivers.ovn.mech_driver.mech_driver [-] OVN reports status down for port: a11f735f-b8eb-4d3e-88b4-9045be5b41a4
Apr 13 02:26:46.377615 np0000165404 devstack@neutron-api.service[104329]: DEBUG neutron.plugins.ml2.drivers.ovn.mech_driver.ovsdb.ovsdb_monitor [-] Hash Ring: Node 5660cc523ff953e1ad6013f3be779fc5 (host: np0000165404) handling event "update" for row fa216f46-0cd7-458d-80f4-09c193ed6051 (table: Logical_Switch_Port) {{(pid=104329) notify /opt/stack/neutron/neutron/plugins/ml2/drivers/ovn/mech_driver/ovsdb/ovsdb_monitor.py:914}}
Apr 13 02:26:46.377971 np0000165404 devstack@neutron-api.service[104327]: DEBUG neutron.plugins.ml2.drivers.ovn.mech_driver.ovsdb.ovsdb_monitor [-] Hash Ring: Node 29ecf387bbbd5a45a9feadb6c131a725 (host: np0000165404) handling event "update" for row fa216f46-0cd7-458d-80f4-09c193ed6051 (table: Logical_Switch_Port) {{(pid=104327) notify /opt/stack/neutron/neutron/plugins/ml2/drivers/ovn/mech_driver/ovsdb/ovsdb_monitor.py:914}}
Apr 13 02:26:46.378619 np0000165404 devstack@neutron-api.service[104329]: DEBUG neutron.plugins.ml2.drivers.ovn.mech_driver.ovsdb.ovsdb_monitor [-] Hash Ring: Node 5660cc523ff953e1ad6013f3be779fc5 (host: np0000165404) handling event "create" for row 19db3c5c-46e3-4ceb-894e-72f36d3817b6 (table: Port_Binding) {{(pid=104329) notify /opt/stack/neutron/neutron/plugins/ml2/drivers/ovn/mech_driver/ovsdb/ovsdb_monitor.py:914}}
Apr 13 02:26:46.440502 np0000165404 devstack@neutron-api.service[104327]: DEBUG neutron.db.provisioning_blocks [None req-ad892007-ab95-464a-afdf-18b7d29a75bc None None] Transition to ACTIVE for port object a11f735f-b8eb-4d3e-88b4-9045be5b41a4 will not be triggered until provisioned by entity L2. {{(pid=104327) add_provisioning_component /opt/stack/neutron/neutron/db/provisioning_blocks.py:74}}
Apr 13 02:26:46.447164 np0000165404 devstack@neutron-api.service[104329]: DEBUG neutron_lib.db.api [None req-35ab59d3-6dea-4a20-83b6-36c55438bab1 None None] Retry wrapper got retriable exception: Failed to create a duplicate ProvisioningBlock: for attribute(s) ['provisioningblocks.PRIMARY'] with value(s) 14-L2 {{(pid=104329) wrapped /opt/stack/data/venv/lib/python3.12/site-packages/neutron_lib/db/api.py:185}}
Apr 13 02:26:46.447625 np0000165404 devstack@neutron-api.service[104329]: DEBUG oslo_db.api [None req-35ab59d3-6dea-4a20-83b6-36c55438bab1 None None] Performing DB retry for function neutron.db.provisioning_blocks.add_provisioning_component {{(pid=104329) wrapper /opt/stack/data/venv/lib/python3.12/site-packages/oslo_db/api.py:155}}
Apr 13 02:26:46.470580 np0000165404 devstack@neutron-api.service[104328]: INFO neutron.db.ovn_revision_numbers_db [None req-7ac7d0ee-27ac-4b2c-9f05-d1d6db28a539 admin admin] Successfully bumped revision number for resource a11f735f-b8eb-4d3e-88b4-9045be5b41a4 (type: ports) to 1
Apr 13 02:26:46.480273 np0000165404 devstack@neutron-api.service[104327]: DEBUG neutron.plugins.ml2.plugin [None req-ad892007-ab95-464a-afdf-18b7d29a75bc None None] Current status of the port a11f735f-b8eb-4d3e-88b4-9045be5b41a4 is: DOWN; New status is: DOWN {{(pid=104327) _update_individual_port_db_status /opt/stack/neutron/neutron/plugins/ml2/plugin.py:2468}}
Apr 13 02:26:46.480936 np0000165404 devstack@neutron-api.service[104327]: INFO neutron.plugins.ml2.drivers.ovn.mech_driver.ovsdb.extensions.qos [None req-ad892007-ab95-464a-afdf-18b7d29a75bc None None] Starting OVNClientQosExtension
Apr 13 02:26:46.481053 np0000165404 devstack@neutron-api.service[104327]: INFO neutron.plugins.ml2.drivers.ovn.mech_driver.ovsdb.extensions.placement [None req-ad892007-ab95-464a-afdf-18b7d29a75bc None None] Starting OVNClientPlacementExtension
Apr 13 02:26:46.483900 np0000165404 devstack@neutron-api.service[104327]: DEBUG ovsdbapp.backend.ovs_idl.transaction [-] Running txn n=1 command(idx=0): DbRemoveCommand(_result=None, table=Logical_Switch_Port, record=a11f735f-b8eb-4d3e-88b4-9045be5b41a4, column=external_ids, values=('neutron:host_id',), keyvalues={}, if_exists=True) {{(pid=104327) do_commit /opt/stack/data/venv/lib/python3.12/site-packages/ovsdbapp/backend/ovs_idl/transaction.py:89}}
Apr 13 02:26:46.485789 np0000165404 devstack@neutron-api.service[104328]: DEBUG neutron.db.provisioning_blocks [None req-1659f7b2-661a-4f06-b869-c6661a280741 None None] Ignored duplicate provisioning block setup for port a11f735f-b8eb-4d3e-88b4-9045be5b41a4 by entity L2. {{(pid=104328) add_provisioning_component /opt/stack/neutron/neutron/db/provisioning_blocks.py:69}}
Apr 13 02:26:46.520013 np0000165404 devstack@neutron-api.service[104328]: DEBUG neutron.pecan_wsgi.hooks.policy_enforcement [None req-7ac7d0ee-27ac-4b2c-9f05-d1d6db28a539 admin admin] Attributes excluded by policy engine: ['standard_attr_id'] {{(pid=104328) _exclude_attributes_by_policy /opt/stack/neutron/neutron/pecan_wsgi/hooks/policy_enforcement.py:258}}
Apr 13 02:26:46.520566 np0000165404 devstack@neutron-api.service[104328]: DEBUG neutron_lib.callbacks.manager [None req-7ac7d0ee-27ac-4b2c-9f05-d1d6db28a539 admin admin] Publish callbacks [] for network (None), before_response {{(pid=104328) _notify_loop /opt/stack/data/venv/lib/python3.12/site-packages/neutron_lib/callbacks/manager.py:184}}
Apr 13 02:26:46.561406 np0000165404 devstack@neutron-api.service[104328]: [pid: 104328|app: 0|req: 1/5] 199.204.45.222 () {68 vars in 1357 bytes} [Mon Apr 13 02:26:44 2026] POST /networking/v2.0/networks => generated 680 bytes in 1741 msecs (HTTP/1.1 201) 4 headers in 162 bytes (1 switches on core 0)
Apr 13 02:26:46.565561 np0000165404 devstack@neutron-api.service[104328]: DEBUG neutron.plugins.ml2.plugin [None req-1659f7b2-661a-4f06-b869-c6661a280741 None None] Current status of the port a11f735f-b8eb-4d3e-88b4-9045be5b41a4 is: DOWN; New status is: DOWN {{(pid=104328) _update_individual_port_db_status /opt/stack/neutron/neutron/plugins/ml2/plugin.py:2468}}
Apr 13 02:26:46.567975 np0000165404 devstack@neutron-api.service[104328]: DEBUG ovsdbapp.backend.ovs_idl.transaction [-] Running txn n=1 command(idx=0): DbRemoveCommand(_result=None, table=Logical_Switch_Port, record=a11f735f-b8eb-4d3e-88b4-9045be5b41a4, column=external_ids, values=('neutron:host_id',), keyvalues={}, if_exists=True) {{(pid=104328) do_commit /opt/stack/data/venv/lib/python3.12/site-packages/ovsdbapp/backend/ovs_idl/transaction.py:89}}
Apr 13 02:26:46.977213 np0000165404 devstack@neutron-api.service[104329]: DEBUG neutron.db.provisioning_blocks [None req-35ab59d3-6dea-4a20-83b6-36c55438bab1 None None] Ignored duplicate provisioning block setup for port a11f735f-b8eb-4d3e-88b4-9045be5b41a4 by entity L2. {{(pid=104329) add_provisioning_component /opt/stack/neutron/neutron/db/provisioning_blocks.py:69}}
Apr 13 02:26:47.103460 np0000165404 devstack@neutron-api.service[104329]: DEBUG neutron.plugins.ml2.plugin [None req-35ab59d3-6dea-4a20-83b6-36c55438bab1 None None] Current status of the port a11f735f-b8eb-4d3e-88b4-9045be5b41a4 is: DOWN; New status is: DOWN {{(pid=104329) _update_individual_port_db_status /opt/stack/neutron/neutron/plugins/ml2/plugin.py:2468}}
Apr 13 02:26:47.118381 np0000165404 devstack@neutron-api.service[104329]: DEBUG ovsdbapp.backend.ovs_idl.transaction [-] Running txn n=1 command(idx=0): DbRemoveCommand(_result=None, table=Logical_Switch_Port, record=a11f735f-b8eb-4d3e-88b4-9045be5b41a4, column=external_ids, values=('neutron:host_id',), keyvalues={}, if_exists=True) {{(pid=104329) do_commit /opt/stack/data/venv/lib/python3.12/site-packages/ovsdbapp/backend/ovs_idl/transaction.py:89}}
Apr 13 02:26:47.262815 np0000165404 devstack@neutron-api.service[104329]: DEBUG neutron.policy [None req-9c50479d-35db-40aa-8ca8-db1b6d853250 admin admin] Loaded default policies from ['neutron'] under neutron.policies entry points {{(pid=104329) register_rules /opt/stack/neutron/neutron/policy.py:65}}
Apr 13 02:26:47.364420 np0000165404 devstack@neutron-api.service[104329]: DEBUG neutron.pecan_wsgi.hooks.policy_enforcement [None req-9c50479d-35db-40aa-8ca8-db1b6d853250 admin admin] Attributes excluded by policy engine: ['standard_attr_id'] {{(pid=104329) _exclude_attributes_by_policy /opt/stack/neutron/neutron/pecan_wsgi/hooks/policy_enforcement.py:258}}
Apr 13 02:26:47.365373 np0000165404 devstack@neutron-api.service[104329]: [pid: 104329|app: 0|req: 3/6] 199.204.45.222 () {64 vars in 1415 bytes} [Mon Apr 13 02:26:46 2026] GET /networking/v2.0/networks/502f9eaa-3837-4765-a87e-ce900d573d5d => generated 661 bytes in 424 msecs (HTTP/1.1 200) 4 headers in 157 bytes (1 switches on core 0)
Apr 13 02:26:47.383824 np0000165404 devstack@neutron-api.service[104326]: DEBUG neutron.api.wsgi [None req-09fb9238-399a-4685-8e27-160e4c8c0292 admin admin] Missing Content-Type {{(pid=104326) get_content_type /opt/stack/neutron/neutron/api/wsgi.py:85}}
Apr 13 02:26:47.395258 np0000165404 devstack@neutron-api.service[104326]: [pid: 104326|app: 0|req: 2/7] 199.204.45.222 () {64 vars in 1424 bytes} [Mon Apr 13 02:26:47 2026] GET /networking/v2.0/subnetpools/9fe92a21-ea57-4f52-ba36-9273946db9fc => generated 533 bytes in 16 msecs (HTTP/1.1 200) 4 headers in 157 bytes (1 switches on core 0)
Apr 13 02:26:47.414110 np0000165404 devstack@neutron-api.service[104327]: DEBUG neutron.api.v2.base [None req-873ff2d8-2686-4fc5-a5cf-82bc9b9b1ea7 admin admin] Request body: {'subnet': {'gateway_ip': '10.1.0.1', 'network_id': '502f9eaa-3837-4765-a87e-ce900d573d5d', 'subnetpool_id': '9fe92a21-ea57-4f52-ba36-9273946db9fc', 'name': 'private-subnet', 'ip_version': 4}} {{(pid=104327) prepare_request_body /opt/stack/neutron/neutron/api/v2/base.py:729}}
Apr 13 02:26:47.433330 np0000165404 devstack@neutron-api.service[104327]: DEBUG neutron.pecan_wsgi.hooks.quota_enforcement [None req-873ff2d8-2686-4fc5-a5cf-82bc9b9b1ea7 admin admin] Made reservation on behalf of 741f416f69fc42edadc65006fdc851d9 for: {'subnet': 1} {{(pid=104327) before /opt/stack/neutron/neutron/pecan_wsgi/hooks/quota_enforcement.py:66}}
Apr 13 02:26:47.437809 np0000165404 devstack@neutron-api.service[104327]: DEBUG neutron_lib.callbacks.manager [None req-873ff2d8-2686-4fc5-a5cf-82bc9b9b1ea7 admin admin] Publish callbacks [] for subnet (None), before_create {{(pid=104327) _notify_loop /opt/stack/data/venv/lib/python3.12/site-packages/neutron_lib/callbacks/manager.py:184}}
Apr 13 02:26:47.811012 np0000165404 devstack@neutron-api.service[104327]: DEBUG neutron.db.ovn_revision_numbers_db [None req-873ff2d8-2686-4fc5-a5cf-82bc9b9b1ea7 admin admin] create_initial_revision uuid=ec3fc259-030a-4aec-aea0-1b0738c4e8c6, type=subnets, rev=-1 {{(pid=104327) create_initial_revision /opt/stack/neutron/neutron/db/ovn_revision_numbers_db.py:98}}
Apr 13 02:26:47.818160 np0000165404 devstack@neutron-api.service[104327]: DEBUG neutron_lib.callbacks.manager [None req-873ff2d8-2686-4fc5-a5cf-82bc9b9b1ea7 admin admin] Publish callbacks ['neutron.plugins.ml2.ovo_rpc._ObjectChangeHandler.handle_event-3861140'] for subnet (ec3fc259-030a-4aec-aea0-1b0738c4e8c6), after_create {{(pid=104327) _notify_loop /opt/stack/data/venv/lib/python3.12/site-packages/neutron_lib/callbacks/manager.py:184}}
Apr 13 02:26:47.835622 np0000165404 devstack@neutron-api.service[104327]: DEBUG neutron.api.rpc.handlers.resources_rpc [None req-873ff2d8-2686-4fc5-a5cf-82bc9b9b1ea7 admin admin] Pushing event updated for resources: {'Subnet': ['ID=ec3fc259-030a-4aec-aea0-1b0738c4e8c6,revision_number=0']} {{(pid=104327) push /opt/stack/neutron/neutron/api/rpc/handlers/resources_rpc.py:237}}
Apr 13 02:26:47.841987 np0000165404 devstack@neutron-api.service[104327]: DEBUG neutron.api.rpc.callbacks.version_manager [None req-873ff2d8-2686-4fc5-a5cf-82bc9b9b1ea7 admin admin] Tracked resource versions report:
Apr 13 02:26:47.841987 np0000165404 devstack@neutron-api.service[104327]: pushed versions:
Apr 13 02:26:47.841987 np0000165404 devstack@neutron-api.service[104327]: { 'AddressGroup': {'1.2'},
Apr 13 02:26:47.841987 np0000165404 devstack@neutron-api.service[104327]: 'Agent': {'1.1'},
Apr 13 02:26:47.841987 np0000165404 devstack@neutron-api.service[104327]: 'ConntrackHelper': {'1.0'},
Apr 13 02:26:47.841987 np0000165404 devstack@neutron-api.service[104327]: 'LocalIPAssociation': {'1.0'},
Apr 13 02:26:47.841987 np0000165404 devstack@neutron-api.service[104327]: 'Log': {'1.0'},
Apr 13 02:26:47.841987 np0000165404 devstack@neutron-api.service[104327]: 'NDPProxy': {'1.0'},
Apr 13 02:26:47.841987 np0000165404 devstack@neutron-api.service[104327]: 'Network': {'1.2'},
Apr 13 02:26:47.841987 np0000165404 devstack@neutron-api.service[104327]: 'Port': {'1.10'},
Apr 13 02:26:47.841987 np0000165404 devstack@neutron-api.service[104327]: 'PortForwarding': {'1.3'},
Apr 13 02:26:47.841987 np0000165404 devstack@neutron-api.service[104327]: 'QosPolicy': {'1.10'},
Apr 13 02:26:47.841987 np0000165404 devstack@neutron-api.service[104327]: 'SecurityGroup': {'1.6'},
Apr 13 02:26:47.841987 np0000165404 devstack@neutron-api.service[104327]: 'SecurityGroupRule': {'1.3'},
Apr 13 02:26:47.841987 np0000165404 devstack@neutron-api.service[104327]: 'SubPort': {'1.0'},
Apr 13 02:26:47.841987 np0000165404 devstack@neutron-api.service[104327]: 'Subnet': {'1.2'},
Apr 13 02:26:47.841987 np0000165404 devstack@neutron-api.service[104327]: 'Trunk': {'1.1'}}
Apr 13 02:26:47.841987 np0000165404 devstack@neutron-api.service[104327]: consumer versions:
Apr 13 02:26:47.841987 np0000165404 devstack@neutron-api.service[104327]: { OVN Controller Gateway agent@np0000165404: {},
Apr 13 02:26:47.841987 np0000165404 devstack@neutron-api.service[104327]: OVN Neutron agent@np0000165404: {}}
Apr 13 02:26:47.841987 np0000165404 devstack@neutron-api.service[104327]: {{(pid=104327) report /opt/stack/neutron/neutron/api/rpc/callbacks/version_manager.py:183}}
Apr 13 02:26:47.948482 np0000165404 devstack@neutron-api.service[104327]: DEBUG neutron_lib.callbacks.manager [None req-873ff2d8-2686-4fc5-a5cf-82bc9b9b1ea7 admin admin] Publish callbacks ['neutron.plugins.ml2.plugin.SecurityGroupDbMixin._ensure_default_security_group_handler-54595', 'neutron.services.ovn_l3.plugin.OVNL3RouterPlugin._port_update-8256304041988', 'neutron.db.l3_db.L3_NAT_dbonly_mixin._prevent_internal_ip_change_for_fip-8256305578418'] for port (a11f735f-b8eb-4d3e-88b4-9045be5b41a4), before_update {{(pid=104327) _notify_loop /opt/stack/data/venv/lib/python3.12/site-packages/neutron_lib/callbacks/manager.py:184}}
Apr 13 02:26:48.098941 np0000165404 devstack@neutron-api.service[104327]: DEBUG neutron.db.db_base_plugin_common [None req-873ff2d8-2686-4fc5-a5cf-82bc9b9b1ea7 admin admin] Allocated IP 10.1.0.2 (502f9eaa-3837-4765-a87e-ce900d573d5d/ec3fc259-030a-4aec-aea0-1b0738c4e8c6/a11f735f-b8eb-4d3e-88b4-9045be5b41a4) {{(pid=104327) _store_ip_allocation /opt/stack/neutron/neutron/db/db_base_plugin_common.py:131}}
Apr 13 02:26:48.198868 np0000165404 devstack@neutron-api.service[104327]: DEBUG neutron_lib.callbacks.manager [None req-873ff2d8-2686-4fc5-a5cf-82bc9b9b1ea7 admin admin] Publish callbacks [] for port (a11f735f-b8eb-4d3e-88b4-9045be5b41a4), precommit_update {{(pid=104327) _notify_loop /opt/stack/data/venv/lib/python3.12/site-packages/neutron_lib/callbacks/manager.py:184}}
Apr 13 02:26:48.199169 np0000165404 devstack@neutron-api.service[104327]: DEBUG neutron.plugins.ml2.drivers.ovn.mech_driver.mech_driver [None req-873ff2d8-2686-4fc5-a5cf-82bc9b9b1ea7 admin admin] No provisioning block for port a11f735f-b8eb-4d3e-88b4-9045be5b41a4 since it does not have a host {{(pid=104327) _is_port_provisioning_required /opt/stack/neutron/neutron/plugins/ml2/drivers/ovn/mech_driver/mech_driver.py:884}}
Apr 13 02:26:48.212413 np0000165404 devstack@neutron-api.service[104327]: DEBUG neutron_lib.callbacks.manager [None req-873ff2d8-2686-4fc5-a5cf-82bc9b9b1ea7 admin admin] Publish callbacks ['neutron.plugins.ml2.ovo_rpc._ObjectChangeHandler.handle_event-3861149', 'neutron.db.l3_db.L3RpcNotifierMixin._notify_gateway_port_ip_changed-8256305580986', 'neutron.services.ovn_l3.plugin.OVNL3RouterPlugin._port_update-8256304041988'] for port (a11f735f-b8eb-4d3e-88b4-9045be5b41a4), after_update {{(pid=104327) _notify_loop /opt/stack/data/venv/lib/python3.12/site-packages/neutron_lib/callbacks/manager.py:184}}
Apr 13 02:26:48.262782 np0000165404 devstack@neutron-api.service[104327]: DEBUG neutron.api.rpc.handlers.resources_rpc [None req-873ff2d8-2686-4fc5-a5cf-82bc9b9b1ea7 admin admin] Pushing event updated for resources: {'Port': ['ID=a11f735f-b8eb-4d3e-88b4-9045be5b41a4,revision_number=2']} {{(pid=104327) push /opt/stack/neutron/neutron/api/rpc/handlers/resources_rpc.py:237}}
Apr 13 02:26:48.409810 np0000165404 devstack@neutron-api.service[104327]: DEBUG ovsdbapp.backend.ovs_idl.transaction [-] Running txn n=1 command(idx=0): CheckRevisionNumberCommand(_result=None, name=a11f735f-b8eb-4d3e-88b4-9045be5b41a4, resource={'id': 'a11f735f-b8eb-4d3e-88b4-9045be5b41a4', 'name': '', 'network_id': '502f9eaa-3837-4765-a87e-ce900d573d5d', 'project_id': '741f416f69fc42edadc65006fdc851d9', 'mac_address': 'fa:16:3e:6f:6e:53', 'admin_state_up': True, 'status': 'DOWN', 'device_id': 'ovnmeta-502f9eaa-3837-4765-a87e-ce900d573d5d', 'device_owner': 'network:distributed', 'standard_attr_id': 14, 'fixed_ips': [{'subnet_id': 'ec3fc259-030a-4aec-aea0-1b0738c4e8c6', 'ip_address': '10.1.0.2'}], 'allowed_address_pairs': [], 'extra_dhcp_opts': [], 'security_groups': [], 'description': '', 'binding:vnic_type': 'normal', 'binding:profile': {}, 'binding:host_id': '', 'binding:vif_type': 'unbound', 'binding:vif_details': {}, 'port_security_enabled': False, 'tags': [], 'created_at': '2026-04-13T02:26:45Z', 'updated_at': '2026-04-13T02:26:48Z', 'revision_number': 2, 'tenant_id': '741f416f69fc42edadc65006fdc851d9', 'network': {'id': '502f9eaa-3837-4765-a87e-ce900d573d5d', 'name': 'private', 'tenant_id': '741f416f69fc42edadc65006fdc851d9', 'project_id': '741f416f69fc42edadc65006fdc851d9', 'admin_state_up': True, 'mtu': 1372, 'status': 'ACTIVE', 'subnets': ['ec3fc259-030a-4aec-aea0-1b0738c4e8c6'], 'standard_attr_id': 12, 'shared': False, 'availability_zone_hints': [], 'availability_zones': [], 'ipv4_address_scope': None, 'ipv6_address_scope': None, 'router:external': False, 'qinq': False, 'vlan_transparent': False, 'description': '', 'port_security_enabled': True, 'tags': [], 'created_at': '2026-04-13T02:26:45Z', 'updated_at': '2026-04-13T02:26:47Z', 'revision_number': 2, 'provider:network_type': 'geneve', 'provider:physical_network': None, 'provider:segmentation_id': 9827}}, resource_type=ports, if_exists=True) {{(pid=104327) do_commit /opt/stack/data/venv/lib/python3.12/site-packages/ovsdbapp/backend/ovs_idl/transaction.py:89}}
Apr 13 02:26:48.410587 np0000165404 devstack@neutron-api.service[104327]: DEBUG ovsdbapp.backend.ovs_idl.transaction [-] Running txn n=1 command(idx=1): AddDHCPOptionsCommand(_result=None, columns={'cidr': '10.1.0.0/26', 'options': {'server_id': '10.1.0.1', 'lease_time': '43200', 'mtu': '1372', 'router': '10.1.0.1', 'server_mac': 'fa:16:3e:8e:80:ac', 'dns_server': '{127.0.0.53}', 'classless_static_route': '{169.254.169.254/32,10.1.0.2, 0.0.0.0/0,10.1.0.1}'}, 'external_ids': {'subnet_id': 'ec3fc259-030a-4aec-aea0-1b0738c4e8c6', 'neutron:network_id': '502f9eaa-3837-4765-a87e-ce900d573d5d', 'neutron:revision_number': '0'}}, may_exist=True, subnet_id=ec3fc259-030a-4aec-aea0-1b0738c4e8c6, port_id=None, new_insert=False) {{(pid=104327) do_commit /opt/stack/data/venv/lib/python3.12/site-packages/ovsdbapp/backend/ovs_idl/transaction.py:89}}
Apr 13 02:26:48.411148 np0000165404 devstack@neutron-api.service[104327]: DEBUG ovsdbapp.backend.ovs_idl.transaction [-] Running txn n=1 command(idx=2): SetLSwitchPortCommand(_result=None, lport=a11f735f-b8eb-4d3e-88b4-9045be5b41a4, external_ids_update=None, columns={'external_ids': {'neutron:port_name': '', 'neutron:device_id': 'ovnmeta-502f9eaa-3837-4765-a87e-ce900d573d5d', 'neutron:project_id': '741f416f69fc42edadc65006fdc851d9', 'neutron:cidrs': '10.1.0.2/26', 'neutron:device_owner': 'network:distributed', 'neutron:subnet_pool_addr_scope4': '', 'neutron:subnet_pool_addr_scope6': '', 'neutron:network_name': 'neutron-502f9eaa-3837-4765-a87e-ce900d573d5d', 'neutron:security_group_ids': '', 'neutron:revision_number': '2', 'neutron:vnic_type': 'normal', 'neutron:port_capabilities': '', 'neutron:mtu': ''}, 'parent_name': [], 'tag': [], 'options': {}, 'enabled': True, 'port_security': [], 'dhcpv4_options': [], 'dhcpv6_options': [], 'type': 'localport', 'addresses': ['fa:16:3e:6f:6e:53 10.1.0.2'], 'ha_chassis_group': []}, if_exists=False) {{(pid=104327) do_commit /opt/stack/data/venv/lib/python3.12/site-packages/ovsdbapp/backend/ovs_idl/transaction.py:89}}
Apr 13 02:26:48.412618 np0000165404 devstack@neutron-api.service[104327]: DEBUG ovsdbapp.backend.ovs_idl.transaction [-] Running txn n=1 command(idx=3): PgDelPortCommand(_result=None, port_group=neutron_pg_drop, lsp=['a11f735f-b8eb-4d3e-88b4-9045be5b41a4'], if_exists=False) {{(pid=104327) do_commit /opt/stack/data/venv/lib/python3.12/site-packages/ovsdbapp/backend/ovs_idl/transaction.py:89}}
Apr 13 02:26:48.417706 np0000165404 devstack@neutron-api.service[104327]: DEBUG neutron.plugins.ml2.drivers.ovn.mech_driver.ovsdb.ovsdb_monitor [-] Hash Ring: Node 29ecf387bbbd5a45a9feadb6c131a725 (host: np0000165404) handling event "update" for row fa216f46-0cd7-458d-80f4-09c193ed6051 (table: Logical_Switch_Port) {{(pid=104327) notify /opt/stack/neutron/neutron/plugins/ml2/drivers/ovn/mech_driver/ovsdb/ovsdb_monitor.py:914}}
Apr 13 02:26:48.418689 np0000165404 devstack@neutron-api.service[104328]: DEBUG neutron.plugins.ml2.drivers.ovn.mech_driver.ovsdb.ovsdb_monitor [-] Hash Ring: Node 75304bde44535ec29efac6a9cbf05617 (host: np0000165404) handling event "update" for row fa216f46-0cd7-458d-80f4-09c193ed6051 (table: Logical_Switch_Port) {{(pid=104328) notify /opt/stack/neutron/neutron/plugins/ml2/drivers/ovn/mech_driver/ovsdb/ovsdb_monitor.py:914}}
Apr 13 02:26:48.419505 np0000165404 devstack@neutron-api.service[104329]: DEBUG neutron.plugins.ml2.drivers.ovn.mech_driver.ovsdb.ovsdb_monitor [-] Hash Ring: Node 5660cc523ff953e1ad6013f3be779fc5 (host: np0000165404) handling event "create" for row 93ccf5da-9a5b-4544-8d68-f76797c1ad42 (table: DHCP_Options) {{(pid=104329) notify /opt/stack/neutron/neutron/plugins/ml2/drivers/ovn/mech_driver/ovsdb/ovsdb_monitor.py:914}}
Apr 13 02:26:48.421586 np0000165404 devstack@neutron-api.service[104329]: DEBUG neutron.plugins.ml2.drivers.ovn.mech_driver.ovsdb.ovsdb_monitor [-] Hash Ring: Node 5660cc523ff953e1ad6013f3be779fc5 (host: np0000165404) handling event "update" for row fa216f46-0cd7-458d-80f4-09c193ed6051 (table: Logical_Switch_Port) {{(pid=104329) notify /opt/stack/neutron/neutron/plugins/ml2/drivers/ovn/mech_driver/ovsdb/ovsdb_monitor.py:914}}
Apr 13 02:26:48.421749 np0000165404 devstack@neutron-api.service[104326]: DEBUG neutron.plugins.ml2.drivers.ovn.mech_driver.ovsdb.ovsdb_monitor [-] Hash Ring: Node 6b6cbd30da765ab2b7580164e1341fa2 (host: np0000165404) handling event "update" for row 19db3c5c-46e3-4ceb-894e-72f36d3817b6 (table: Port_Binding) {{(pid=104326) notify /opt/stack/neutron/neutron/plugins/ml2/drivers/ovn/mech_driver/ovsdb/ovsdb_monitor.py:914}}
Apr 13 02:26:48.422536 np0000165404 devstack@neutron-api.service[104329]: DEBUG neutron.plugins.ml2.drivers.ovn.mech_driver.ovsdb.ovsdb_monitor [-] Hash Ring: Node 5660cc523ff953e1ad6013f3be779fc5 (host: np0000165404) handling event "update" for row 19db3c5c-46e3-4ceb-894e-72f36d3817b6 (table: Port_Binding) {{(pid=104329) notify /opt/stack/neutron/neutron/plugins/ml2/drivers/ovn/mech_driver/ovsdb/ovsdb_monitor.py:914}}
Apr 13 02:26:48.448190 np0000165404 devstack@neutron-api.service[104327]: INFO neutron.db.ovn_revision_numbers_db [None req-873ff2d8-2686-4fc5-a5cf-82bc9b9b1ea7 admin admin] Successfully bumped revision number for resource a11f735f-b8eb-4d3e-88b4-9045be5b41a4 (type: ports) to 2
Apr 13 02:26:48.459186 np0000165404 devstack@neutron-api.service[104327]: DEBUG neutron.plugins.ml2.plugin [None req-873ff2d8-2686-4fc5-a5cf-82bc9b9b1ea7 admin admin] In _notify_port_updated(), no bound segment for port a11f735f-b8eb-4d3e-88b4-9045be5b41a4 on network 502f9eaa-3837-4765-a87e-ce900d573d5d {{(pid=104327) _notify_port_updated /opt/stack/neutron/neutron/plugins/ml2/plugin.py:1036}}
Apr 13 02:26:48.488799 np0000165404 devstack@neutron-api.service[104327]: INFO neutron.db.ovn_revision_numbers_db [None req-873ff2d8-2686-4fc5-a5cf-82bc9b9b1ea7 admin admin] Successfully bumped revision number for resource ec3fc259-030a-4aec-aea0-1b0738c4e8c6 (type: subnets) to 0
Apr 13 02:26:48.490057 np0000165404 devstack@neutron-api.service[104327]: DEBUG neutron.pecan_wsgi.hooks.policy_enforcement [None req-873ff2d8-2686-4fc5-a5cf-82bc9b9b1ea7 admin admin] Attributes excluded by policy engine: ['standard_attr_id', 'shared', 'network'] {{(pid=104327) _exclude_attributes_by_policy /opt/stack/neutron/neutron/pecan_wsgi/hooks/policy_enforcement.py:258}}
Apr 13 02:26:48.490317 np0000165404 devstack@neutron-api.service[104327]: DEBUG neutron_lib.callbacks.manager [None req-873ff2d8-2686-4fc5-a5cf-82bc9b9b1ea7 admin admin] Publish callbacks [] for subnet (None), before_response {{(pid=104327) _notify_loop /opt/stack/data/venv/lib/python3.12/site-packages/neutron_lib/callbacks/manager.py:184}}
Apr 13 02:26:48.502256 np0000165404 devstack@neutron-api.service[104327]: [pid: 104327|app: 0|req: 2/8] 199.204.45.222 () {68 vars in 1355 bytes} [Mon Apr 13 02:26:47 2026] POST /networking/v2.0/subnets => generated 666 bytes in 1094 msecs (HTTP/1.1 201) 4 headers in 162 bytes (1 switches on core 0)
Apr 13 02:26:49.034879 np0000165404 devstack@neutron-api.service[104328]: DEBUG neutron.pecan_wsgi.hooks.policy_enforcement [None req-1a4f7832-871a-4bae-8597-ee92af8bc982 admin admin] Attributes excluded by policy engine: ['standard_attr_id'] {{(pid=104328) _exclude_attributes_by_policy /opt/stack/neutron/neutron/pecan_wsgi/hooks/policy_enforcement.py:258}}
Apr 13 02:26:49.035577 np0000165404 devstack@neutron-api.service[104328]: [pid: 104328|app: 0|req: 2/9] 199.204.45.222 () {64 vars in 1415 bytes} [Mon Apr 13 02:26:48 2026] GET /networking/v2.0/networks/502f9eaa-3837-4765-a87e-ce900d573d5d => generated 699 bytes in 52 msecs (HTTP/1.1 200) 4 headers in 157 bytes (1 switches on core 0)
Apr 13 02:26:49.058010 np0000165404 devstack@neutron-api.service[104329]: DEBUG neutron.api.wsgi [None req-fba5b6e9-33a8-4d3d-a96d-696f22a7e4ac admin admin] Missing Content-Type {{(pid=104329) get_content_type /opt/stack/neutron/neutron/api/wsgi.py:85}}
Apr 13 02:26:49.074871 np0000165404 devstack@neutron-api.service[104329]: [pid: 104329|app: 0|req: 4/10] 199.204.45.222 () {64 vars in 1424 bytes} [Mon Apr 13 02:26:49 2026] GET /networking/v2.0/subnetpools/5a3c965b-8996-4785-a77d-0364a128329c => generated 543 bytes in 21 msecs (HTTP/1.1 200) 4 headers in 157 bytes (1 switches on core 0)
Apr 13 02:26:49.091362 np0000165404 devstack@neutron-api.service[104326]: DEBUG neutron.api.v2.base [None req-2198a5af-1df0-444a-83f2-c269dfe7aba6 admin admin] Request body: {'subnet': {'ipv6_ra_mode': 'slaac', 'ipv6_address_mode': 'slaac', 'network_id': '502f9eaa-3837-4765-a87e-ce900d573d5d', 'subnetpool_id': '5a3c965b-8996-4785-a77d-0364a128329c', 'name': 'ipv6-private-subnet', 'ip_version': 6}} {{(pid=104326) prepare_request_body /opt/stack/neutron/neutron/api/v2/base.py:729}}
