+ COMMAND=start + start + for KEYSTONE_WSGI_SCRIPT in keystone-wsgi-public ++ type -p keystone-wsgi-public + cp -a /var/lib/openstack/bin/keystone-wsgi-public /var/www/cgi-bin/keystone/ + '[' -f /etc/apache2/envvars ']' + source /etc/apache2/envvars ++ unset HOME ++ '[' '' '!=' '' ']' ++ SUFFIX= ++ export APACHE_RUN_USER=www-data ++ APACHE_RUN_USER=www-data ++ export APACHE_RUN_GROUP=www-data ++ APACHE_RUN_GROUP=www-data ++ export APACHE_PID_FILE=/var/run/apache2/apache2.pid ++ APACHE_PID_FILE=/var/run/apache2/apache2.pid ++ export APACHE_RUN_DIR=/var/run/apache2 ++ APACHE_RUN_DIR=/var/run/apache2 ++ export APACHE_LOCK_DIR=/var/lock/apache2 ++ APACHE_LOCK_DIR=/var/lock/apache2 ++ export APACHE_LOG_DIR=/var/log/apache2 ++ APACHE_LOG_DIR=/var/log/apache2 ++ export LANG=C ++ LANG=C ++ export LANG + '[' -f /var/run/apache2/apache2.pid ']' + exec apache2 -DFOREGROUND AH00558: apache2: Could not reliably determine the server's fully qualified domain name, using 10.0.0.21. Set the 'ServerName' directive globally to suppress this message AH00558: apache2: Could not reliably determine the server's fully qualified domain name, using 10.0.0.21. Set the 'ServerName' directive globally to suppress this message
[Mon Jun 29 06:05:03.426404 2026] [mpm_event:notice] [pid 1:tid 139803333007232] AH00489: Apache/2.4.58 (Ubuntu) mod_wsgi/5.0.0 Python/3.12 configured -- resuming normal operations
[Mon Jun 29 06:05:03.426586 2026] [core:notice] [pid 1:tid 139803333007232] AH00094: Command line: 'apache2 -D FOREGROUND'
[Mon Jun 29 06:06:02.168852 2026] [wsgi:error] [pid 11:tid 139802695186112] /var/lib/openstack/lib/python3.12/site-packages/oslo_utils/importutils.py:77: EventletDeprecationWarning:
[Mon Jun 29 06:06:02.168969 2026] [wsgi:error] [pid 11:tid 139802695186112] Eventlet is deprecated. It is currently being maintained in bugfix mode, and
[Mon Jun 29 06:06:02.168982 2026] [wsgi:error] [pid 11:tid 139802695186112] we strongly recommend against using it for new projects.
[Mon Jun 29 06:06:02.168992 2026] [wsgi:error] [pid 11:tid 139802695186112]
[Mon Jun 29 06:06:02.169002 2026] [wsgi:error] [pid 11:tid 139802695186112] If you are already using Eventlet, we recommend migrating to a different
[Mon Jun 29 06:06:02.169014 2026] [wsgi:error] [pid 11:tid 139802695186112] framework. For more detail see
[Mon Jun 29 06:06:02.169024 2026] [wsgi:error] [pid 11:tid 139802695186112] https://eventlet.readthedocs.io/en/latest/asyncio/migration.html
[Mon Jun 29 06:06:02.169035 2026] [wsgi:error] [pid 11:tid 139802695186112]
[Mon Jun 29 06:06:02.169045 2026] [wsgi:error] [pid 11:tid 139802695186112] __import__(import_str)
[Mon Jun 29 06:06:02.228920 2026] [wsgi:error] [pid 9:tid 139802695186112] /var/lib/openstack/lib/python3.12/site-packages/oslo_utils/importutils.py:77: EventletDeprecationWarning:
[Mon Jun 29 06:06:02.228969 2026] [wsgi:error] [pid 9:tid 139802695186112] Eventlet is deprecated. It is currently being maintained in bugfix mode, and
[Mon Jun 29 06:06:02.228971 2026] [wsgi:error] [pid 9:tid 139802695186112] we strongly recommend against using it for new projects.
[Mon Jun 29 06:06:02.228972 2026] [wsgi:error] [pid 9:tid 139802695186112]
[Mon Jun 29 06:06:02.228974 2026] [wsgi:error] [pid 9:tid 139802695186112] If you are already using Eventlet, we recommend migrating to a different
[Mon Jun 29 06:06:02.228975 2026] [wsgi:error] [pid 9:tid 139802695186112] framework. For more detail see
[Mon Jun 29 06:06:02.228976 2026] [wsgi:error] [pid 9:tid 139802695186112] https://eventlet.readthedocs.io/en/latest/asyncio/migration.html
[Mon Jun 29 06:06:02.228977 2026] [wsgi:error] [pid 9:tid 139802695186112]
[Mon Jun 29 06:06:02.228978 2026] [wsgi:error] [pid 9:tid 139802695186112] __import__(import_str) 10.0.0.196 - - [29/Jun/2026:06:06:01 +0000] "GET /v3/ HTTP/1.1" 200 249 10.0.0.196 - - [29/Jun/2026:06:06:01 +0000] "GET /v3/ HTTP/1.1" 200 249
[Mon Jun 29 06:06:15.526981 2026] [wsgi:error] [pid 12:tid 139802695186112] /var/lib/openstack/lib/python3.12/site-packages/oslo_utils/importutils.py:77: EventletDeprecationWarning:
[Mon Jun 29 06:06:15.527030 2026] [wsgi:error] [pid 12:tid 139802695186112] Eventlet is deprecated. It is currently being maintained in bugfix mode, and
[Mon Jun 29 06:06:15.527032 2026] [wsgi:error] [pid 12:tid 139802695186112] we strongly recommend against using it for new projects.
[Mon Jun 29 06:06:15.527033 2026] [wsgi:error] [pid 12:tid 139802695186112]
[Mon Jun 29 06:06:15.527034 2026] [wsgi:error] [pid 12:tid 139802695186112] If you are already using Eventlet, we recommend migrating to a different
[Mon Jun 29 06:06:15.527036 2026] [wsgi:error] [pid 12:tid 139802695186112] framework. For more detail see
[Mon Jun 29 06:06:15.527037 2026] [wsgi:error] [pid 12:tid 139802695186112] https://eventlet.readthedocs.io/en/latest/asyncio/migration.html
[Mon Jun 29 06:06:15.527038 2026] [wsgi:error] [pid 12:tid 139802695186112]
[Mon Jun 29 06:06:15.527039 2026] [wsgi:error] [pid 12:tid 139802695186112] __import__(import_str) 10.0.0.115 - - [29/Jun/2026:06:06:14 +0000] "GET / HTTP/1.1" 300 295
[Mon Jun 29 06:06:20.810739 2026] [wsgi:error] [pid 10:tid 139802695186112] /var/lib/openstack/lib/python3.12/site-packages/oslo_utils/importutils.py:77: EventletDeprecationWarning:
[Mon Jun 29 06:06:20.810798 2026] [wsgi:error] [pid 10:tid 139802695186112] Eventlet is deprecated. It is currently being maintained in bugfix mode, and
[Mon Jun 29 06:06:20.810801 2026] [wsgi:error] [pid 10:tid 139802695186112] we strongly recommend against using it for new projects.
[Mon Jun 29 06:06:20.810802 2026] [wsgi:error] [pid 10:tid 139802695186112]
[Mon Jun 29 06:06:20.810804 2026] [wsgi:error] [pid 10:tid 139802695186112] If you are already using Eventlet, we recommend migrating to a different
[Mon Jun 29 06:06:20.810806 2026] [wsgi:error] [pid 10:tid 139802695186112] framework. For more detail see
[Mon Jun 29 06:06:20.810807 2026] [wsgi:error] [pid 10:tid 139802695186112] https://eventlet.readthedocs.io/en/latest/asyncio/migration.html
[Mon Jun 29 06:06:20.810809 2026] [wsgi:error] [pid 10:tid 139802695186112]
[Mon Jun 29 06:06:20.810810 2026] [wsgi:error] [pid 10:tid 139802695186112] __import__(import_str)
[Mon Jun 29 06:06:25.619063 2026] [wsgi:error] [pid 10:tid 139802695186112] [remote 10.0.0.115:57508] 2026-06-29 06:06:25.616 10 WARNING keystone.identity.core [None req-c4c3ca7c-a925-41bb-837a-3466cb0660d9 - - - - - -] Invalid domain name (atmosphere) found in config file name: keystone.exception.DomainNotFound: Could not find domain: atmosphere.
[Mon Jun 29 06:06:25.668059 2026] [wsgi:error] [pid 10:tid 139802695186112] [remote 10.0.0.115:57508] 2026-06-29 06:06:25.667 10 WARNING keystone.common.password_hashing [None req-c4c3ca7c-a925-41bb-837a-3466cb0660d9 - - - - - -] Truncating password to algorithm specific maximum length 72 characters.
[Mon Jun 29 06:06:25.956879 2026] [wsgi:error] [pid 10:tid 139802695186112] [remote 10.0.0.115:57508] 2026-06-29 06:06:25.956 10 WARNING keystone.common.fernet_utils [None req-c4c3ca7c-a925-41bb-837a-3466cb0660d9 - - - - - -] key_repository is world readable: /etc/keystone/fernet-keys/ 10.0.0.115 - - [29/Jun/2026:06:06:19 +0000] "POST /v3/auth/tokens HTTP/1.1" 201 1360
[Mon Jun 29 06:06:26.372671 2026] [wsgi:error] [pid 9:tid 139802695186112] [remote 10.0.0.115:57508] 2026-06-29 06:06:26.369 9 WARNING keystone.identity.core [None req-d73c9f3a-ff2c-4b24-86ed-12dcfd8e9209 - - - - - -] Invalid domain name (atmosphere) found in config file name: keystone.exception.DomainNotFound: Could not find domain: atmosphere. 10.0.0.115 - - [29/Jun/2026:06:06:26 +0000] "POST /v3/domains HTTP/1.1" 201 261 10.0.0.32 - - [29/Jun/2026:06:06:37 +0000] "GET / HTTP/1.1" 300 295
[Mon Jun 29 06:06:38.360993 2026] [wsgi:error] [pid 12:tid 139802695186112] [remote 10.0.0.32:49444] 2026-06-29 06:06:38.360 12 WARNING keystone.common.password_hashing [None req-b6ea0c00-438b-4a53-9acd-ca4517a1a10a - - - - - -] Truncating password to algorithm specific maximum length 72 characters.
[Mon Jun 29 06:06:38.636038 2026] [wsgi:error] [pid 12:tid 139802695186112] [remote 10.0.0.32:49444] 2026-06-29 06:06:38.635 12 WARNING keystone.common.fernet_utils [None req-b6ea0c00-438b-4a53-9acd-ca4517a1a10a - - - - - -] key_repository is world readable: /etc/keystone/fernet-keys/ 10.0.0.32 - - [29/Jun/2026:06:06:38 +0000] "POST /v3/auth/tokens HTTP/1.1" 201 1360 10.0.0.32 - - [29/Jun/2026:06:06:38 +0000] "GET /v3/roles/admin HTTP/1.1" 404 83
[Mon Jun 29 06:06:38.882158 2026] [wsgi:error] [pid 9:tid 139802695186112] [remote 10.0.0.32:49444] 2026-06-29 06:06:38.881 9 WARNING keystone.common.rbac_enforcer.enforcer [None req-5be1af1c-a995-4942-b156-daca3b29445c dd6b9022e23e4c52ad7a29b524afc008 087a4c0d845c4ec7b77f7cb7595508f1 - - default default] Deprecated policy rules found. Use oslopolicy-policy-generator and oslopolicy-policy-upgrade to detect and resolve deprecated policies in your configuration. 10.0.0.32 - - [29/Jun/2026:06:06:38 +0000] "GET /v3/roles?name=admin HTTP/1.1" 200 389
[Mon Jun 29 06:06:39.428642 2026] [wsgi:error] [pid 11:tid 139802695186112] [remote 10.0.0.32:49444] 2026-06-29 06:06:39.428 11 WARNING keystone.common.rbac_enforcer.enforcer [None req-d4cd1bdb-03e3-4c51-8dd6-eb537a3cde69 dd6b9022e23e4c52ad7a29b524afc008 087a4c0d845c4ec7b77f7cb7595508f1 - - default default] Deprecated policy rules found. Use oslopolicy-policy-generator and oslopolicy-policy-upgrade to detect and resolve deprecated policies in your configuration. 10.0.0.32 - - [29/Jun/2026:06:06:39 +0000] "GET /v3/users/admin-RegionOne HTTP/1.1" 404 93
[Mon Jun 29 06:06:39.595004 2026] [wsgi:error] [pid 12:tid 139802695186112] [remote 10.0.0.32:49444] 2026-06-29 06:06:39.594 12 WARNING keystone.common.rbac_enforcer.enforcer [None req-d4000838-6023-4984-a211-ea8615d08e3d dd6b9022e23e4c52ad7a29b524afc008 087a4c0d845c4ec7b77f7cb7595508f1 - - default default] Deprecated policy rules found. Use oslopolicy-policy-generator and oslopolicy-policy-upgrade to detect and resolve deprecated policies in your configuration. 10.0.0.32 - - [29/Jun/2026:06:06:39 +0000] "GET /v3/users?name=admin-RegionOne HTTP/1.1" 200 422
[Mon Jun 29 06:06:39.785435 2026] [wsgi:error] [pid 10:tid 139802695186112] [remote 10.0.0.32:49444] 2026-06-29 06:06:39.785 10 WARNING keystone.common.rbac_enforcer.enforcer [None req-6dcef80a-4b56-41bb-b92f-cbeb190d8fa2 dd6b9022e23e4c52ad7a29b524afc008 087a4c0d845c4ec7b77f7cb7595508f1 - - default default] Deprecated policy rules found. Use oslopolicy-policy-generator and oslopolicy-policy-upgrade to detect and resolve deprecated policies in your configuration. 10.0.0.32 - - [29/Jun/2026:06:06:39 +0000] "GET /v3/domains/default HTTP/1.1" 200 224 10.0.0.32 - - [29/Jun/2026:06:06:39 +0000] "PUT /v3/domains/default/users/dd6b9022e23e4c52ad7a29b524afc008/roles/7fd5210dfc6241b9a5d57449968c9f41 HTTP/1.1" 204 - 10.0.0.196 - - [29/Jun/2026:06:06:49 +0000] "GET / HTTP/1.1" 300 281 10.0.0.196 - - [29/Jun/2026:06:06:50 +0000] "GET /v3 HTTP/1.1" 200 266
[Mon Jun 29 06:06:50.739611 2026] [wsgi:error] [pid 10:tid 139802695186112] [remote 10.0.0.196:58486] 2026-06-29 06:06:50.739 10 WARNING keystone.common.password_hashing [None req-14706e0f-597e-48cb-95fc-226daa6bf33f - - - - - -] Truncating password to algorithm specific maximum length 72 characters.
[Mon Jun 29 06:06:51.025130 2026] [wsgi:error] [pid 10:tid 139802695186112] [remote 10.0.0.196:58486] 2026-06-29 06:06:51.024 10 WARNING keystone.common.fernet_utils [None req-14706e0f-597e-48cb-95fc-226daa6bf33f - - - - - -] key_repository is world readable: /etc/keystone/fernet-keys/ 10.0.0.196 - - [29/Jun/2026:06:06:50 +0000] "POST /v3/auth/tokens HTTP/1.1" 201 1360 10.0.0.196 - - [29/Jun/2026:06:06:51 +0000] "GET / HTTP/1.1" 300 281 10.0.0.196 - - [29/Jun/2026:06:06:51 +0000] "GET /v3/domains/atmosphere HTTP/1.1" 404 90 10.0.0.196 - - [29/Jun/2026:06:06:51 +0000] "GET /v3/domains?name=atmosphere HTTP/1.1" 200 370 10.0.0.196 - - [29/Jun/2026:06:06:51 +0000] "GET /v3/domains/efe35d41cb2445929f570ac8d3c4b877 HTTP/1.1" 200 247 10.0.0.196 - - [29/Jun/2026:06:06:52 +0000] "GET /v3 HTTP/1.1" 200 266
[Mon Jun 29 06:06:52.160810 2026] [wsgi:error] [pid 11:tid 139802695186112] [remote 10.0.0.196:38568] 2026-06-29 06:06:52.160 11 WARNING keystone.common.password_hashing [None req-9543dd88-9bb5-46cc-a714-be8dbc55aef2 - - - - - -] Truncating password to algorithm specific maximum length 72 characters.
[Mon Jun 29 06:06:52.449985 2026] [wsgi:error] [pid 11:tid 139802695186112] [remote 10.0.0.196:38568] 2026-06-29 06:06:52.449 11 WARNING keystone.common.fernet_utils [None req-9543dd88-9bb5-46cc-a714-be8dbc55aef2 - - - - - -] key_repository is world readable: /etc/keystone/fernet-keys/ 10.0.0.196 - - [29/Jun/2026:06:06:52 +0000] "POST /v3/auth/tokens HTTP/1.1" 201 1360 10.0.0.196 - - [29/Jun/2026:06:06:52 +0000] "GET / HTTP/1.1" 300 281 10.0.0.196 - - [29/Jun/2026:06:06:52 +0000] "GET /v3/OS-FEDERATION/identity_providers/atmosphere HTTP/1.1" 404 101 10.0.0.196 - - [29/Jun/2026:06:06:52 +0000] "GET /v3/OS-FEDERATION/identity_providers HTTP/1.1" 200 156 10.0.0.196 - - [29/Jun/2026:06:06:52 +0000] "PUT /v3/OS-FEDERATION/identity_providers/atmosphere HTTP/1.1" 201 342 10.0.0.196 - - [29/Jun/2026:06:06:53 +0000] "GET /v3 HTTP/1.1" 200 266
[Mon Jun 29 06:06:53.288309 2026] [wsgi:error] [pid 10:tid 139802695186112] [remote 10.0.0.196:38568] 2026-06-29 06:06:53.288 10 WARNING keystone.common.password_hashing [None req-76f4191b-e0a2-4cfe-a625-c84ddb8069a6 - - - - - -] Truncating password to algorithm specific maximum length 72 characters.
[Mon Jun 29 06:06:53.564311 2026] [wsgi:error] [pid 10:tid 139802695186112] [remote 10.0.0.196:38568] 2026-06-29 06:06:53.564 10 WARNING keystone.common.fernet_utils [None req-76f4191b-e0a2-4cfe-a625-c84ddb8069a6 - - - - - -] key_repository is world readable: /etc/keystone/fernet-keys/ 10.0.0.196 - - [29/Jun/2026:06:06:53 +0000] "POST /v3/auth/tokens HTTP/1.1" 201 1360 10.0.0.196 - - [29/Jun/2026:06:06:53 +0000] "GET / HTTP/1.1" 300 281 10.0.0.196 - - [29/Jun/2026:06:06:53 +0000] "GET /v3/OS-FEDERATION/mappings/atmosphere-openid HTTP/1.1" 404 98 10.0.0.196 - - [29/Jun/2026:06:06:53 +0000] "GET /v3/OS-FEDERATION/mappings HTTP/1.1" 200 136 10.0.0.196 - - [29/Jun/2026:06:06:53 +0000] "PUT /v3/OS-FEDERATION/mappings/atmosphere-openid HTTP/1.1" 201 357 10.0.0.196 - - [29/Jun/2026:06:06:54 +0000] "GET /v3 HTTP/1.1" 200 266
[Mon Jun 29 06:06:54.351478 2026] [wsgi:error] [pid 11:tid 139802695186112] [remote 10.0.0.196:38568] 2026-06-29 06:06:54.351 11 WARNING keystone.common.password_hashing [None req-7ef4d944-c1d5-4ac1-8cb4-124a5f3444b5 - - - - - -] Truncating password to algorithm specific maximum length 72 characters.
[Mon Jun 29 06:06:54.641427 2026] [wsgi:error] [pid 11:tid 139802695186112] [remote 10.0.0.196:38568] 2026-06-29 06:06:54.641 11 WARNING keystone.common.fernet_utils [None req-7ef4d944-c1d5-4ac1-8cb4-124a5f3444b5 - - - - - -] key_repository is world readable: /etc/keystone/fernet-keys/ 10.0.0.196 - - [29/Jun/2026:06:06:54 +0000] "POST /v3/auth/tokens HTTP/1.1" 201 1360 10.0.0.196 - - [29/Jun/2026:06:06:54 +0000] "GET / HTTP/1.1" 300 281 10.0.0.196 - - [29/Jun/2026:06:06:54 +0000] "GET /v3/OS-FEDERATION/identity_providers/atmosphere/protocols/openid?idp_id=atmosphere HTTP/1.1" 404 131 10.0.0.196 - - [29/Jun/2026:06:06:54 +0000] "GET /v3/OS-FEDERATION/identity_providers/atmosphere/protocols HTTP/1.1" 200 168 10.0.0.196 - - [29/Jun/2026:06:06:54 +0000] "PUT /v3/OS-FEDERATION/identity_providers/atmosphere/protocols/openid HTTP/1.1" 201 224 10.0.0.196 - - [29/Jun/2026:06:07:01 +0000] "GET /v3/ HTTP/1.1" 200 249 10.0.0.196 - - [29/Jun/2026:06:07:01 +0000] "GET /v3/ HTTP/1.1" 200 249 10.0.0.196 - - [29/Jun/2026:06:08:01 +0000] "GET /v3/ HTTP/1.1" 200 249 10.0.0.196 - - [29/Jun/2026:06:08:01 +0000] "GET /v3/ HTTP/1.1" 200 249 10.0.0.126 - - [29/Jun/2026:06:08:19 +0000] "GET / HTTP/1.1" 300 295
[Mon Jun 29 06:08:19.870227 2026] [wsgi:error] [pid 10:tid 139802695186112] [remote 10.0.0.126:54766] 2026-06-29 06:08:19.870 10 WARNING keystone.common.password_hashing [None req-2a01c309-c582-45fa-9337-21a78d261762 - - - - - -] Truncating password to algorithm specific maximum length 72 characters.
[Mon Jun 29 06:08:20.144330 2026] [wsgi:error] [pid 10:tid 139802695186112] [remote 10.0.0.126:54766] 2026-06-29 06:08:20.144 10 WARNING keystone.common.fernet_utils [None req-2a01c309-c582-45fa-9337-21a78d261762 - - - - - -] key_repository is world readable: /etc/keystone/fernet-keys/ 10.0.0.126 - - [29/Jun/2026:06:08:19 +0000] "POST /v3/auth/tokens HTTP/1.1" 201 1360 10.0.0.126 - - [29/Jun/2026:06:08:20 +0000] "GET /v3/services HTTP/1.1" 200 355 10.0.0.126 - - [29/Jun/2026:06:08:24 +0000] "GET / HTTP/1.1" 300 295
[Mon Jun 29 06:08:24.070321 2026] [wsgi:error] [pid 12:tid 139802695186112] [remote 10.0.0.126:34340] 2026-06-29 06:08:24.070 12 WARNING keystone.common.password_hashing [None req-b0ae551d-1632-471f-8b34-00f3685aee02 - - - - - -] Truncating password to algorithm specific maximum length 72 characters.
[Mon Jun 29 06:08:24.345005 2026] [wsgi:error] [pid 12:tid 139802695186112] [remote 10.0.0.126:34340] 2026-06-29 06:08:24.344 12 WARNING keystone.common.fernet_utils [None req-b0ae551d-1632-471f-8b34-00f3685aee02 - - - - - -] key_repository is world readable: /etc/keystone/fernet-keys/ 10.0.0.126 - - [29/Jun/2026:06:08:24 +0000] "POST /v3/auth/tokens HTTP/1.1" 201 1360 10.0.0.126 - - [29/Jun/2026:06:08:24 +0000] "GET /v3/services HTTP/1.1" 200 355 10.0.0.126 - - [29/Jun/2026:06:08:27 +0000] "GET / HTTP/1.1" 300 295
[Mon Jun 29 06:08:27.962396 2026] [wsgi:error] [pid 11:tid 139802695186112] [remote 10.0.0.126:34356] 2026-06-29 06:08:27.962 11 WARNING keystone.common.password_hashing [None req-0f6733bd-0fc0-4fc4-a301-6d3c7db2631d - - - - - -] Truncating password to algorithm specific maximum length 72 characters.
[Mon Jun 29 06:08:28.235556 2026] [wsgi:error] [pid 11:tid 139802695186112] [remote 10.0.0.126:34356] 2026-06-29 06:08:28.235 11 WARNING keystone.common.fernet_utils [None req-0f6733bd-0fc0-4fc4-a301-6d3c7db2631d - - - - - -] key_repository is world readable: /etc/keystone/fernet-keys/ 10.0.0.126 - - [29/Jun/2026:06:08:27 +0000] "POST /v3/auth/tokens HTTP/1.1" 201 1360 10.0.0.126 - - [29/Jun/2026:06:08:28 +0000] "GET /v3/services HTTP/1.1" 200 355 10.0.0.126 - - [29/Jun/2026:06:08:32 +0000] "GET / HTTP/1.1" 300 295
[Mon Jun 29 06:08:32.200779 2026] [wsgi:error] [pid 9:tid 139802695186112] [remote 10.0.0.126:36802] 2026-06-29 06:08:32.200 9 WARNING keystone.common.password_hashing [None req-2aade7fc-12e5-40f0-9eac-36cee95bfe4a - - - - - -] Truncating password to algorithm specific maximum length 72 characters.
[Mon Jun 29 06:08:32.495251 2026] [wsgi:error] [pid 9:tid 139802695186112] [remote 10.0.0.126:36802] 2026-06-29 06:08:32.493 9 WARNING keystone.common.fernet_utils [None req-2aade7fc-12e5-40f0-9eac-36cee95bfe4a - - - - - -] key_repository is world readable: /etc/keystone/fernet-keys/ 10.0.0.126 - - [29/Jun/2026:06:08:32 +0000] "POST /v3/auth/tokens HTTP/1.1" 201 1360 10.0.0.126 - - [29/Jun/2026:06:08:32 +0000] "POST /v3/services HTTP/1.1" 201 296 10.0.0.56 - - [29/Jun/2026:06:08:43 +0000] "GET / HTTP/1.1" 300 295
[Mon Jun 29 06:08:43.324410 2026] [wsgi:error] [pid 10:tid 139802695186112] [remote 10.0.0.56:42192] 2026-06-29 06:08:43.324 10 WARNING keystone.common.password_hashing [None req-6784f3e8-2423-44d1-bc39-db7419137bd8 - - - - - -] Truncating password to algorithm specific maximum length 72 characters. 10.0.0.56 - - [29/Jun/2026:06:08:43 +0000] "GET / HTTP/1.1" 300 295
[Mon Jun 29 06:08:43.355049 2026] [wsgi:error] [pid 11:tid 139802695186112] [remote 10.0.0.56:42204] 2026-06-29 06:08:43.354 11 WARNING keystone.common.password_hashing [None req-031ca657-67bd-4fc5-8fa5-7d686e2a6cc5 - - - - - -] Truncating password to algorithm specific maximum length 72 characters. 10.0.0.56 - - [29/Jun/2026:06:08:43 +0000] "GET / HTTP/1.1" 300 295
[Mon Jun 29 06:08:43.433890 2026] [wsgi:error] [pid 9:tid 139802695186112] [remote 10.0.0.56:42208] 2026-06-29 06:08:43.433 9 WARNING keystone.common.password_hashing [None req-3d943184-e694-42c5-a3ec-7db63a1219e2 - - - - - -] Truncating password to algorithm specific maximum length 72 characters.
[Mon Jun 29 06:08:43.605180 2026] [wsgi:error] [pid 10:tid 139802695186112] [remote 10.0.0.56:42192] 2026-06-29 06:08:43.604 10 WARNING keystone.common.fernet_utils [None req-6784f3e8-2423-44d1-bc39-db7419137bd8 - - - - - -] key_repository is world readable: /etc/keystone/fernet-keys/ 10.0.0.56 - - [29/Jun/2026:06:08:43 +0000] "POST /v3/auth/tokens HTTP/1.1" 201 1464
[Mon Jun 29 06:08:43.630221 2026] [wsgi:error] [pid 11:tid 139802695186112] [remote 10.0.0.56:42204] 2026-06-29 06:08:43.630 11 WARNING keystone.common.fernet_utils [None req-031ca657-67bd-4fc5-8fa5-7d686e2a6cc5 - - - - - -] key_repository is world readable: /etc/keystone/fernet-keys/ 10.0.0.56 - - [29/Jun/2026:06:08:43 +0000] "POST /v3/auth/tokens HTTP/1.1" 201 1464
[Mon Jun 29 06:08:43.718443 2026] [wsgi:error] [pid 9:tid 139802695186112] [remote 10.0.0.56:42208] 2026-06-29 06:08:43.718 9 WARNING keystone.common.fernet_utils [None req-3d943184-e694-42c5-a3ec-7db63a1219e2 - - - - - -] key_repository is world readable: /etc/keystone/fernet-keys/ 10.0.0.56 - - [29/Jun/2026:06:08:43 +0000] "POST /v3/auth/tokens HTTP/1.1" 201 1464 10.0.0.56 - - [29/Jun/2026:06:08:43 +0000] "GET /v3/services HTTP/1.1" 200 639 10.0.0.56 - - [29/Jun/2026:06:08:43 +0000] "GET /v3/services HTTP/1.1" 200 639 10.0.0.56 - - [29/Jun/2026:06:08:43 +0000] "GET /v3/services HTTP/1.1" 200 639 10.0.0.56 - - [29/Jun/2026:06:08:45 +0000] "GET / HTTP/1.1" 300 295
[Mon Jun 29 06:08:45.450955 2026] [wsgi:error] [pid 12:tid 139802695186112] [remote 10.0.0.56:42214] 2026-06-29 06:08:45.450 12 WARNING keystone.common.password_hashing [None req-5cd0b944-071b-48f8-a15c-afdaf72a65a4 - - - - - -] Truncating password to algorithm specific maximum length 72 characters. 10.0.0.56 - - [29/Jun/2026:06:08:45 +0000] "GET / HTTP/1.1" 300 295
[Mon Jun 29 06:08:45.580810 2026] [wsgi:error] [pid 11:tid 139802695186112] [remote 10.0.0.56:42222] 2026-06-29 06:08:45.580 11 WARNING keystone.common.password_hashing [None req-6852c39d-7047-4957-b7f4-9b3c36bfc5b8 - - - - - -] Truncating password to algorithm specific maximum length 72 characters. 10.0.0.56 - - [29/Jun/2026:06:08:45 +0000] "GET / HTTP/1.1" 300 295
[Mon Jun 29 06:08:45.686742 2026] [wsgi:error] [pid 10:tid 139802695186112] [remote 10.0.0.56:42232] 2026-06-29 06:08:45.686 10 WARNING keystone.common.password_hashing [None req-3335d481-c81f-4739-a562-af36a77595fc - - - - - -] Truncating password to algorithm specific maximum length 72 characters.
[Mon Jun 29 06:08:45.725068 2026] [wsgi:error] [pid 12:tid 139802695186112] [remote 10.0.0.56:42214] 2026-06-29 06:08:45.724 12 WARNING keystone.common.fernet_utils [None req-5cd0b944-071b-48f8-a15c-afdaf72a65a4 - - - - - -] key_repository is world readable: /etc/keystone/fernet-keys/ 10.0.0.56 - - [29/Jun/2026:06:08:45 +0000] "POST /v3/auth/tokens HTTP/1.1" 201 1464 10.0.0.56 - - [29/Jun/2026:06:08:45 +0000] "GET /v3/endpoints HTTP/1.1" 200 1227
[Mon Jun 29 06:08:45.852901 2026] [wsgi:error] [pid 11:tid 139802695186112] [remote 10.0.0.56:42222] 2026-06-29 06:08:45.852 11 WARNING keystone.common.fernet_utils [None req-6852c39d-7047-4957-b7f4-9b3c36bfc5b8 - - - - - -] key_repository is world readable: /etc/keystone/fernet-keys/ 10.0.0.56 - - [29/Jun/2026:06:08:45 +0000] "POST /v3/auth/tokens HTTP/1.1" 201 1464 10.0.0.56 - - [29/Jun/2026:06:08:45 +0000] "GET /v3/services/c4174a4599a24066a128201f48bf5fde HTTP/1.1" 200 233 10.0.0.56 - - [29/Jun/2026:06:08:45 +0000] "GET /v3/services/c4174a4599a24066a128201f48bf5fde HTTP/1.1" 200 233 10.0.0.56 - - [29/Jun/2026:06:08:45 +0000] "GET /v3/services/c4174a4599a24066a128201f48bf5fde HTTP/1.1" 200 233
[Mon Jun 29 06:08:45.956221 2026] [wsgi:error] [pid 10:tid 139802695186112] [remote 10.0.0.56:42232] 2026-06-29 06:08:45.956 10 WARNING keystone.common.fernet_utils [None req-3335d481-c81f-4739-a562-af36a77595fc - - - - - -] key_repository is world readable: /etc/keystone/fernet-keys/ 10.0.0.56 - - [29/Jun/2026:06:08:45 +0000] "POST /v3/auth/tokens HTTP/1.1" 201 1464 10.0.0.56 - - [29/Jun/2026:06:08:45 +0000] "GET /v3/endpoints HTTP/1.1" 200 1227 10.0.0.56 - - [29/Jun/2026:06:08:45 +0000] "GET /v3/services/c4174a4599a24066a128201f48bf5fde HTTP/1.1" 200 233 10.0.0.56 - - [29/Jun/2026:06:08:46 +0000] "GET /v3/services/c4174a4599a24066a128201f48bf5fde HTTP/1.1" 200 233 10.0.0.56 - - [29/Jun/2026:06:08:46 +0000] "GET /v3/services/c4174a4599a24066a128201f48bf5fde HTTP/1.1" 200 233 10.0.0.56 - - [29/Jun/2026:06:08:46 +0000] "GET /v3/endpoints HTTP/1.1" 200 1227 10.0.0.56 - - [29/Jun/2026:06:08:46 +0000] "GET /v3/services/c4174a4599a24066a128201f48bf5fde HTTP/1.1" 200 233 10.0.0.56 - - [29/Jun/2026:06:08:46 +0000] "GET /v3/services/c4174a4599a24066a128201f48bf5fde HTTP/1.1" 200 233 10.0.0.56 - - [29/Jun/2026:06:08:46 +0000] "GET /v3/services/c4174a4599a24066a128201f48bf5fde HTTP/1.1" 200 233 10.0.0.56 - - [29/Jun/2026:06:08:47 +0000] "GET / HTTP/1.1" 300 295
[Mon Jun 29 06:08:47.509626 2026] [wsgi:error] [pid 9:tid 139802695186112] [remote 10.0.0.56:42246] 2026-06-29 06:08:47.509 9 WARNING keystone.common.password_hashing [None req-c159fa15-290b-400f-91b1-16ae4579f196 - - - - - -] Truncating password to algorithm specific maximum length 72 characters. 10.0.0.56 - - [29/Jun/2026:06:08:47 +0000] "GET / HTTP/1.1" 300 295
[Mon Jun 29 06:08:47.614799 2026] [wsgi:error] [pid 11:tid 139802695186112] [remote 10.0.0.56:42248] 2026-06-29 06:08:47.614 11 WARNING keystone.common.password_hashing [None req-51787c2b-3118-43b3-901a-c58a172bc9de - - - - - -] Truncating password to algorithm specific maximum length 72 characters.
[Mon Jun 29 06:08:47.786981 2026] [wsgi:error] [pid 9:tid 139802695186112] [remote 10.0.0.56:42246] 2026-06-29 06:08:47.786 9 WARNING keystone.common.fernet_utils [None req-c159fa15-290b-400f-91b1-16ae4579f196 - - - - - -] key_repository is world readable: /etc/keystone/fernet-keys/ 10.0.0.56 - - [29/Jun/2026:06:08:47 +0000] "POST /v3/auth/tokens HTTP/1.1" 201 1464 10.0.0.56 - - [29/Jun/2026:06:08:47 +0000] "GET / HTTP/1.1" 300 295
[Mon Jun 29 06:08:47.846574 2026] [wsgi:error] [pid 12:tid 139802695186112] [remote 10.0.0.56:42262] 2026-06-29 06:08:47.846 12 WARNING keystone.common.password_hashing [None req-0f1db001-0b88-4e19-a464-fa553074c9d3 - - - - - -] Truncating password to algorithm specific maximum length 72 characters.
[Mon Jun 29 06:08:47.889171 2026] [wsgi:error] [pid 11:tid 139802695186112] [remote 10.0.0.56:42248] 2026-06-29 06:08:47.888 11 WARNING keystone.common.fernet_utils [None req-51787c2b-3118-43b3-901a-c58a172bc9de - - - - - -] key_repository is world readable: /etc/keystone/fernet-keys/ 10.0.0.56 - - [29/Jun/2026:06:08:47 +0000] "POST /v3/auth/tokens HTTP/1.1" 201 1464 10.0.0.56 - - [29/Jun/2026:06:08:47 +0000] "GET /v3/services/6ff3076e5a2a4ae38b756ae168575b34 HTTP/1.1" 200 296 10.0.0.56 - - [29/Jun/2026:06:08:47 +0000] "GET /v3/regions/RegionOne HTTP/1.1" 200 173 10.0.0.56 - - [29/Jun/2026:06:08:47 +0000] "POST /v3/endpoints HTTP/1.1" 201 380 10.0.0.56 - - [29/Jun/2026:06:08:47 +0000] "GET /v3/services/6ff3076e5a2a4ae38b756ae168575b34 HTTP/1.1" 200 296 10.0.0.56 - - [29/Jun/2026:06:08:48 +0000] "GET /v3/regions/RegionOne HTTP/1.1" 200 173 10.0.0.56 - - [29/Jun/2026:06:08:48 +0000] "POST /v3/endpoints HTTP/1.1" 201 383
[Mon Jun 29 06:08:48.127477 2026] [wsgi:error] [pid 12:tid 139802695186112] [remote 10.0.0.56:42262] 2026-06-29 06:08:48.127 12 WARNING keystone.common.fernet_utils [None req-0f1db001-0b88-4e19-a464-fa553074c9d3 - - - - - -] key_repository is world readable: /etc/keystone/fernet-keys/ 10.0.0.56 - - [29/Jun/2026:06:08:47 +0000] "POST /v3/auth/tokens HTTP/1.1" 201 1823 10.0.0.56 - - [29/Jun/2026:06:08:48 +0000] "GET /v3/services/6ff3076e5a2a4ae38b756ae168575b34 HTTP/1.1" 200 296 10.0.0.56 - - [29/Jun/2026:06:08:48 +0000] "GET /v3/regions/RegionOne HTTP/1.1" 200 173 10.0.0.56 - - [29/Jun/2026:06:08:48 +0000] "POST /v3/endpoints HTTP/1.1" 201 370 10.0.0.56 - - [29/Jun/2026:06:08:49 +0000] "GET / HTTP/1.1" 300 295
[Mon Jun 29 06:08:49.634463 2026] [wsgi:error] [pid 9:tid 139802695186112] [remote 10.0.0.56:42264] 2026-06-29 06:08:49.634 9 WARNING keystone.common.password_hashing [None req-e3bc3d64-b817-4972-9bcc-832a432ea8ab - - - - - -] Truncating password to algorithm specific maximum length 72 characters. 10.0.0.56 - - [29/Jun/2026:06:08:49 +0000] "GET / HTTP/1.1" 300 295
[Mon Jun 29 06:08:49.803834 2026] [wsgi:error] [pid 11:tid 139802695186112] [remote 10.0.0.56:42270] 2026-06-29 06:08:49.803 11 WARNING keystone.common.password_hashing [None req-4059074d-9552-43e0-a75e-1c9047778d28 - - - - - -] Truncating password to algorithm specific maximum length 72 characters.
[Mon Jun 29 06:08:49.907943 2026] [wsgi:error] [pid 9:tid 139802695186112] [remote 10.0.0.56:42264] 2026-06-29 06:08:49.907 9 WARNING keystone.common.fernet_utils [None req-e3bc3d64-b817-4972-9bcc-832a432ea8ab - - - - - -] key_repository is world readable: /etc/keystone/fernet-keys/ 10.0.0.56 - - [29/Jun/2026:06:08:49 +0000] "POST /v3/auth/tokens HTTP/1.1" 201 1992 10.0.0.56 - - [29/Jun/2026:06:08:49 +0000] "GET / HTTP/1.1" 300 295
[Mon Jun 29 06:08:49.968397 2026] [wsgi:error] [pid 10:tid 139802695186112] [remote 10.0.0.56:42284] 2026-06-29 06:08:49.968 10 WARNING keystone.common.password_hashing [None req-ec7618a4-9129-4406-b3d9-c5e611280e24 - - - - - -] Truncating password to algorithm specific maximum length 72 characters. 10.0.0.56 - - [29/Jun/2026:06:08:50 +0000] "GET /v3/endpoints/a3dc41bda2cc422ab1bd4913e11e463a HTTP/1.1" 200 383 10.0.0.56 - - [29/Jun/2026:06:08:50 +0000] "GET /v3/services/6ff3076e5a2a4ae38b756ae168575b34 HTTP/1.1" 200 296
[Mon Jun 29 06:08:50.080164 2026] [wsgi:error] [pid 11:tid 139802695186112] [remote 10.0.0.56:42270] 2026-06-29 06:08:50.080 11 WARNING keystone.common.fernet_utils [None req-4059074d-9552-43e0-a75e-1c9047778d28 - - - - - -] key_repository is world readable: /etc/keystone/fernet-keys/ 10.0.0.56 - - [29/Jun/2026:06:08:49 +0000] "POST /v3/auth/tokens HTTP/1.1" 201 1992 10.0.0.56 - - [29/Jun/2026:06:08:50 +0000] "GET /v3/endpoints/d05b45de74dc40b0a722a044876289e4 HTTP/1.1" 200 380 10.0.0.56 - - [29/Jun/2026:06:08:50 +0000] "GET /v3/services/6ff3076e5a2a4ae38b756ae168575b34 HTTP/1.1" 200 296
[Mon Jun 29 06:08:50.247465 2026] [wsgi:error] [pid 10:tid 139802695186112] [remote 10.0.0.56:42284] 2026-06-29 06:08:50.247 10 WARNING keystone.common.fernet_utils [None req-ec7618a4-9129-4406-b3d9-c5e611280e24 - - - - - -] key_repository is world readable: /etc/keystone/fernet-keys/ 10.0.0.56 - - [29/Jun/2026:06:08:49 +0000] "POST /v3/auth/tokens HTTP/1.1" 201 1992 10.0.0.56 - - [29/Jun/2026:06:08:50 +0000] "GET /v3/endpoints/a5d60ab64adf4a7c959ab0a3d54cc60b HTTP/1.1" 200 370 10.0.0.56 - - [29/Jun/2026:06:08:50 +0000] "GET /v3/services/6ff3076e5a2a4ae38b756ae168575b34 HTTP/1.1" 200 296 10.0.0.196 - - [29/Jun/2026:06:09:01 +0000] "GET /v3/ HTTP/1.1" 200 249 10.0.0.196 - - [29/Jun/2026:06:09:01 +0000] "GET /v3/ HTTP/1.1" 200 249 10.0.0.13 - - [29/Jun/2026:06:09:02 +0000] "GET / HTTP/1.1" 300 295
[Mon Jun 29 06:09:02.428202 2026] [wsgi:error] [pid 9:tid 139802695186112] [remote 10.0.0.13:41076] 2026-06-29 06:09:02.427 9 WARNING keystone.common.password_hashing [None req-a8a44094-f993-4221-988c-7ae8bee70cfe - - - - - -] Truncating password to algorithm specific maximum length 72 characters.
[Mon Jun 29 06:09:02.701215 2026] [wsgi:error] [pid 9:tid 139802695186112] [remote 10.0.0.13:41076] 2026-06-29 06:09:02.700 9 WARNING keystone.common.fernet_utils [None req-a8a44094-f993-4221-988c-7ae8bee70cfe - - - - - -] key_repository is world readable: /etc/keystone/fernet-keys/ 10.0.0.13 - - [29/Jun/2026:06:09:02 +0000] "POST /v3/auth/tokens HTTP/1.1" 201 1992 10.0.0.13 - - [29/Jun/2026:06:09:02 +0000] "POST /v3/domains HTTP/1.1" 201 284 10.0.0.13 - - [29/Jun/2026:06:09:04 +0000] "GET / HTTP/1.1" 300 295
[Mon Jun 29 06:09:04.861352 2026] [wsgi:error] [pid 11:tid 139802695186112] [remote 10.0.0.13:41084] 2026-06-29 06:09:04.861 11 WARNING keystone.common.password_hashing [None req-5f4cb36b-fbd8-4960-bd6f-aca2bfa4f851 - - - - - -] Truncating password to algorithm specific maximum length 72 characters.
[Mon Jun 29 06:09:05.135843 2026] [wsgi:error] [pid 11:tid 139802695186112] [remote 10.0.0.13:41084] 2026-06-29 06:09:05.135 11 WARNING keystone.common.fernet_utils [None req-5f4cb36b-fbd8-4960-bd6f-aca2bfa4f851 - - - - - -] key_repository is world readable: /etc/keystone/fernet-keys/ 10.0.0.13 - - [29/Jun/2026:06:09:04 +0000] "POST /v3/auth/tokens HTTP/1.1" 201 1992
[Mon Jun 29 06:09:05.345876 2026] [wsgi:error] [pid 9:tid 139802695186112] [remote 10.0.0.13:41084] 2026-06-29 06:09:05.329 9 ERROR keystone.server.flask.application [None req-31368d4f-3437-42bf-9941-8f415dc8e34b dd6b9022e23e4c52ad7a29b524afc008 087a4c0d845c4ec7b77f7cb7595508f1 - - default default] Conflict occurred attempting to store project - it is not permitted to have two projects acting as domains with the same name: service.: keystone.exception.Conflict: Conflict occurred attempting to store project - it is not permitted to have two projects acting as domains with the same name: service.
[Mon Jun 29 06:09:05.345919 2026] [wsgi:error] [pid 9:tid 139802695186112] [remote 10.0.0.13:41084] 2026-06-29 06:09:05.329 9 ERROR keystone.server.flask.application
Traceback (most recent call last):
[Mon Jun 29 06:09:05.345925 2026] [wsgi:error] [pid 9:tid 139802695186112] [remote 10.0.0.13:41084] 2026-06-29 06:09:05.329 9 ERROR keystone.server.flask.application
File "/var/lib/openstack/lib/python3.12/site-packages/sqlalchemy/engine/base.py", line 1969, in _exec_single_context
[Mon Jun 29 06:09:05.345930 2026] [wsgi:error] [pid 9:tid 139802695186112] [remote 10.0.0.13:41084] 2026-06-29 06:09:05.329 9 ERROR keystone.server.flask.application self.dialect.do_execute(
[Mon Jun 29 06:09:05.345935 2026] [wsgi:error] [pid 9:tid 139802695186112] [remote 10.0.0.13:41084] 2026-06-29 06:09:05.329 9 ERROR keystone.server.flask.application
File "/var/lib/openstack/lib/python3.12/site-packages/sqlalchemy/engine/default.py", line 952, in do_execute
[Mon Jun 29 06:09:05.345941 2026] [wsgi:error] [pid 9:tid 139802695186112] [remote 10.0.0.13:41084] 2026-06-29 06:09:05.329 9 ERROR keystone.server.flask.application cursor.execute(statement, parameters)
[Mon Jun 29 06:09:05.345946 2026] [wsgi:error] [pid 9:tid 139802695186112] [remote 10.0.0.13:41084] 2026-06-29 06:09:05.329 9 ERROR keystone.server.flask.application
File "/var/lib/openstack/lib/python3.12/site-packages/pymysql/cursors.py", line 159, in execute
[Mon Jun 29 06:09:05.345950 2026] [wsgi:error] [pid 9:tid 139802695186112] [remote 10.0.0.13:41084] 2026-06-29 06:09:05.329 9 ERROR keystone.server.flask.application result = self._query(query)
[Mon Jun 29 06:09:05.345955 2026] [wsgi:error] [pid 9:tid 139802695186112] [remote 10.0.0.13:41084] 2026-06-29 06:09:05.329 9 ERROR keystone.server.flask.application ^^^^^^^^^^^^^^^^^^
[Mon Jun 29 06:09:05.345959 2026] [wsgi:error] [pid 9:tid 139802695186112] [remote 10.0.0.13:41084] 2026-06-29 06:09:05.329 9 ERROR keystone.server.flask.application
File "/var/lib/openstack/lib/python3.12/site-packages/pymysql/cursors.py", line 330, in _query
[Mon Jun 29 06:09:05.345964 2026] [wsgi:error] [pid 9:tid 139802695186112] [remote 10.0.0.13:41084] 2026-06-29 06:09:05.329 9 ERROR keystone.server.flask.application conn.query(q)
[Mon Jun 29 06:09:05.345969 2026] [wsgi:error] [pid 9:tid 139802695186112] [remote 10.0.0.13:41084] 2026-06-29 06:09:05.329 9 ERROR keystone.server.flask.application
File "/var/lib/openstack/lib/python3.12/site-packages/pymysql/connections.py", line 582, in query
[Mon Jun 29 06:09:05.345974 2026] [wsgi:error] [pid 9:tid 139802695186112] [remote 10.0.0.13:41084] 2026-06-29 06:09:05.329 9 ERROR keystone.server.flask.application self._affected_rows = self._read_query_result(unbuffered=unbuffered)
[Mon Jun 29 06:09:05.345978 2026] [wsgi:error] [pid 9:tid 139802695186112] [remote 10.0.0.13:41084] 2026-06-29 06:09:05.329 9 ERROR keystone.server.flask.application ^^^^^^^^^^^^^^^^^^^^^^^^^^^^^^^^^^^^^^^^^^^^^^
[Mon Jun 29 06:09:05.345983 2026] [wsgi:error] [pid 9:tid 139802695186112] [remote 10.0.0.13:41084] 2026-06-29 06:09:05.329 9 ERROR keystone.server.flask.application
File "/var/lib/openstack/lib/python3.12/site-packages/pymysql/connections.py", line 847, in _read_query_result
[Mon Jun 29 06:09:05.345988 2026] [wsgi:error] [pid 9:tid 139802695186112] [remote 10.0.0.13:41084] 2026-06-29 06:09:05.329 9 ERROR keystone.server.flask.application result.read()
[Mon Jun 29 06:09:05.345992 2026] [wsgi:error] [pid 9:tid 139802695186112] [remote 10.0.0.13:41084] 2026-06-29 06:09:05.329 9 ERROR keystone.server.flask.application
File "/var/lib/openstack/lib/python3.12/site-packages/pymysql/connections.py", line 1245, in read
[Mon Jun 29 06:09:05.345997 2026] [wsgi:error] [pid 9:tid 139802695186112] [remote 10.0.0.13:41084] 2026-06-29 06:09:05.329 9 ERROR keystone.server.flask.application first_packet = self.connection._read_packet()
[Mon Jun 29 06:09:05.346001 2026] [wsgi:error] [pid 9:tid 139802695186112] [remote 10.0.0.13:41084] 2026-06-29 06:09:05.329 9 ERROR keystone.server.flask.application ^^^^^^^^^^^^^^^^^^^^^^^^^^^^^^
[Mon Jun 29 06:09:05.346005 2026] [wsgi:error] [pid 9:tid 139802695186112] [remote 10.0.0.13:41084] 2026-06-29 06:09:05.329 9 ERROR keystone.server.flask.application
File "/var/lib/openstack/lib/python3.12/site-packages/pymysql/connections.py", line 803, in _read_packet
[Mon Jun 29 06:09:05.346009 2026] [wsgi:error] [pid 9:tid 139802695186112] [remote 10.0.0.13:41084] 2026-06-29 06:09:05.329 9 ERROR keystone.server.flask.application packet.raise_for_error()
[Mon Jun 29 06:09:05.346013 2026] [wsgi:error] [pid 9:tid 139802695186112] [remote 10.0.0.13:41084] 2026-06-29 06:09:05.329 9 ERROR keystone.server.flask.application
File "/var/lib/openstack/lib/python3.12/site-packages/pymysql/protocol.py", line 219, in raise_for_error
[Mon Jun 29 06:09:05.346018 2026] [wsgi:error] [pid 9:tid 139802695186112] [remote 10.0.0.13:41084] 2026-06-29 06:09:05.329 9 ERROR keystone.server.flask.application err.raise_mysql_exception(self._data)
[Mon Jun 29 06:09:05.346022 2026] [wsgi:error] [pid 9:tid 139802695186112] [remote 10.0.0.13:41084] 2026-06-29 06:09:05.329 9 ERROR keystone.server.flask.application
File "/var/lib/openstack/lib/python3.12/site-packages/pymysql/err.py", line 154, in raise_mysql_exception
[Mon Jun 29 06:09:05.346028 2026] [wsgi:error] [pid 9:tid 139802695186112] [remote 10.0.0.13:41084] 2026-06-29 06:09:05.329 9 ERROR keystone.server.flask.application raise errorclass(errno, errval, sqlstate=sqlstate)
[Mon Jun 29 06:09:05.346032 2026] [wsgi:error] [pid 9:tid 139802695186112] [remote 10.0.0.13:41084] 2026-06-29 06:09:05.329 9 ERROR keystone.server.flask.application pymysql.err.IntegrityError: (1062, "Duplicate entry '<>-service' for key 'project.ixu_project_name_domain_id'")
[Mon Jun 29 06:09:05.346038 2026] [wsgi:error] [pid 9:tid 139802695186112] [remote 10.0.0.13:41084] 2026-06-29 06:09:05.329 9 ERROR keystone.server.flask.application
[Mon Jun 29 06:09:05.346042 2026] [wsgi:error] [pid 9:tid 139802695186112] [remote 10.0.0.13:41084] 2026-06-29 06:09:05.329 9 ERROR keystone.server.flask.application The above exception was the direct cause of the following exception:
[Mon Jun 29 06:09:05.346047 2026] [wsgi:error] [pid 9:tid 139802695186112] [remote 10.0.0.13:41084] 2026-06-29 06:09:05.329 9 ERROR keystone.server.flask.application
[Mon Jun 29 06:09:05.346051 2026] [wsgi:error] [pid 9:tid 139802695186112] [remote 10.0.0.13:41084] 2026-06-29 06:09:05.329 9 ERROR keystone.server.flask.application
Traceback (most recent call last):
[Mon Jun 29 06:09:05.346056 2026] [wsgi:error] [pid 9:tid 139802695186112] [remote 10.0.0.13:41084] 2026-06-29 06:09:05.329 9 ERROR keystone.server.flask.application
File "/var/lib/openstack/lib/python3.12/site-packages/keystone/common/sql/core.py", line 575, in wrapper
[Mon Jun 29 06:09:05.346061 2026] [wsgi:error] [pid 9:tid 139802695186112] [remote 10.0.0.13:41084] 2026-06-29 06:09:05.329 9 ERROR keystone.server.flask.application return method(*args, **kwargs)
[Mon Jun 29 06:09:05.346066 2026] [wsgi:error] [pid 9:tid 139802695186112] [remote 10.0.0.13:41084] 2026-06-29 06:09:05.329 9 ERROR keystone.server.flask.application ^^^^^^^^^^^^^^^^^^^^^^^
[Mon Jun 29 06:09:05.346070 2026] [wsgi:error] [pid 9:tid 139802695186112] [remote 10.0.0.13:41084] 2026-06-29 06:09:05.329 9 ERROR keystone.server.flask.application
File "/var/lib/openstack/lib/python3.12/site-packages/keystone/resource/backends/sql.py", line 278, in create_project
[Mon Jun 29 06:09:05.346075 2026] [wsgi:error] [pid 9:tid 139802695186112] [remote 10.0.0.13:41084] 2026-06-29 06:09:05.329 9 ERROR keystone.server.flask.application with sql.session_for_write() as session:
[Mon Jun 29 06:09:05.346080 2026] [wsgi:error] [pid 9:tid 139802695186112] [remote 10.0.0.13:41084] 2026-06-29 06:09:05.329 9 ERROR keystone.server.flask.application
File "/usr/lib/python3.12/contextlib.py", line 144, in __exit__
[Mon Jun 29 06:09:05.346085 2026] [wsgi:error] [pid 9:tid 139802695186112] [remote 10.0.0.13:41084] 2026-06-29 06:09:05.329 9 ERROR keystone.server.flask.application next(self.gen)
[Mon Jun 29 06:09:05.346089 2026] [wsgi:error] [pid 9:tid 139802695186112] [remote 10.0.0.13:41084] 2026-06-29 06:09:05.329 9 ERROR keystone.server.flask.application
File "/var/lib/openstack/lib/python3.12/site-packages/oslo_db/sqlalchemy/enginefacade.py", line 1175, in _transaction_scope
[Mon Jun 29 06:09:05.346094 2026] [wsgi:error] [pid 9:tid 139802695186112] [remote 10.0.0.13:41084] 2026-06-29 06:09:05.329 9 ERROR keystone.server.flask.application with current._produce_block(
[Mon Jun 29 06:09:05.346099 2026] [wsgi:error] [pid 9:tid 139802695186112] [remote 10.0.0.13:41084] 2026-06-29 06:09:05.329 9 ERROR keystone.server.flask.application
File "/usr/lib/python3.12/contextlib.py", line 144, in __exit__
[Mon Jun 29 06:09:05.346103 2026] [wsgi:error] [pid 9:tid 139802695186112] [remote 10.0.0.13:41084] 2026-06-29 06:09:05.329 9 ERROR keystone.server.flask.application next(self.gen)
[Mon Jun 29 06:09:05.346108 2026] [wsgi:error] [pid 9:tid 139802695186112] [remote 10.0.0.13:41084] 2026-06-29 06:09:05.329 9 ERROR keystone.server.flask.application
File "/var/lib/openstack/lib/python3.12/site-packages/oslo_db/sqlalchemy/enginefacade.py", line 837, in _session
[Mon Jun 29 06:09:05.346113 2026] [wsgi:error] [pid 9:tid 139802695186112] [remote 10.0.0.13:41084] 2026-06-29 06:09:05.329 9 ERROR keystone.server.flask.application with excutils.save_and_reraise_exception():
[Mon Jun 29 06:09:05.346117 2026] [wsgi:error] [pid 9:tid 139802695186112] [remote 10.0.0.13:41084] 2026-06-29 06:09:05.329 9 ERROR keystone.server.flask.application
File "/var/lib/openstack/lib/python3.12/site-packages/oslo_utils/excutils.py", line 266, in __exit__
[Mon Jun 29 06:09:05.346123 2026] [wsgi:error] [pid 9:tid 139802695186112] [remote 10.0.0.13:41084] 2026-06-29 06:09:05.329 9 ERROR keystone.server.flask.application self.force_reraise()
[Mon Jun 29 06:09:05.346127 2026] [wsgi:error] [pid 9:tid 139802695186112] [remote 10.0.0.13:41084] 2026-06-29 06:09:05.329 9 ERROR keystone.server.flask.application
File "/var/lib/openstack/lib/python3.12/site-packages/oslo_utils/excutils.py", line 232, in force_reraise
[Mon Jun 29 06:09:05.346132 2026] [wsgi:error] [pid 9:tid 139802695186112] [remote 10.0.0.13:41084] 2026-06-29 06:09:05.329 9 ERROR keystone.server.flask.application raise self.value
[Mon Jun 29 06:09:05.346137 2026] [wsgi:error] [pid 9:tid 139802695186112] [remote 10.0.0.13:41084] 2026-06-29 06:09:05.329 9 ERROR keystone.server.flask.application
File "/var/lib/openstack/lib/python3.12/site-packages/oslo_db/sqlalchemy/enginefacade.py", line 835, in _session
[Mon Jun 29 06:09:05.346142 2026] [wsgi:error] [pid 9:tid 139802695186112] [remote 10.0.0.13:41084] 2026-06-29 06:09:05.329 9 ERROR keystone.server.flask.application self._end_session_transaction(self.session)
[Mon Jun 29 06:09:05.346147 2026] [wsgi:error] [pid 9:tid 139802695186112] [remote 10.0.0.13:41084] 2026-06-29 06:09:05.329 9 ERROR keystone.server.flask.application
File "/var/lib/openstack/lib/python3.12/site-packages/oslo_db/sqlalchemy/enginefacade.py", line 748, in _end_session_transaction
[Mon Jun 29 06:09:05.346152 2026] [wsgi:error] [pid 9:tid 139802695186112] [remote 10.0.0.13:41084] 2026-06-29 06:09:05.329 9 ERROR keystone.server.flask.application session.commit()
[Mon Jun 29 06:09:05.346157 2026] [wsgi:error] [pid 9:tid 139802695186112] [remote 10.0.0.13:41084] 2026-06-29 06:09:05.329 9 ERROR keystone.server.flask.application
File "/var/lib/openstack/lib/python3.12/site-packages/sqlalchemy/orm/session.py", line 2034, in commit
[Mon Jun 29 06:09:05.346162 2026] [wsgi:error] [pid 9:tid 139802695186112] [remote 10.0.0.13:41084] 2026-06-29 06:09:05.329 9 ERROR keystone.server.flask.application trans.commit(_to_root=True)
[Mon Jun 29 06:09:05.346166 2026] [wsgi:error] [pid 9:tid 139802695186112] [remote 10.0.0.13:41084] 2026-06-29 06:09:05.329 9 ERROR keystone.server.flask.application File "", line 2, in commit
[Mon Jun 29 06:09:05.346171 2026] [wsgi:error] [pid 9:tid 139802695186112] [remote 10.0.0.13:41084] 2026-06-29 06:09:05.329 9 ERROR keystone.server.flask.application
File "/var/lib/openstack/lib/python3.12/site-packages/sqlalchemy/orm/state_changes.py", line 137, in _go
[Mon Jun 29 06:09:05.346176 2026] [wsgi:error] [pid 9:tid 139802695186112] [remote 10.0.0.13:41084] 2026-06-29 06:09:05.329 9 ERROR keystone.server.flask.application ret_value = fn(self, *arg, **kw)
[Mon Jun 29 06:09:05.346181 2026] [wsgi:error] [pid 9:tid 139802695186112] [remote 10.0.0.13:41084] 2026-06-29 06:09:05.329 9 ERROR keystone.server.flask.application ^^^^^^^^^^^^^^^^^^^^
[Mon Jun 29 06:09:05.346185 2026] [wsgi:error] [pid 9:tid 139802695186112] [remote 10.0.0.13:41084] 2026-06-29 06:09:05.329 9 ERROR keystone.server.flask.application
File "/var/lib/openstack/lib/python3.12/site-packages/sqlalchemy/orm/session.py", line 1315, in commit
[Mon Jun 29 06:09:05.346190 2026] [wsgi:error] [pid 9:tid 139802695186112] [remote 10.0.0.13:41084] 2026-06-29 06:09:05.329 9 ERROR keystone.server.flask.application self._prepare_impl()
[Mon Jun 29 06:09:05.346195 2026] [wsgi:error] [pid 9:tid 139802695186112] [remote 10.0.0.13:41084] 2026-06-29 06:09:05.329 9 ERROR keystone.server.flask.application File "", line 2, in _prepare_impl
[Mon Jun 29 06:09:05.346200 2026] [wsgi:error] [pid 9:tid 139802695186112] [remote 10.0.0.13:41084] 2026-06-29 06:09:05.329 9 ERROR keystone.server.flask.application
File "/var/lib/openstack/lib/python3.12/site-packages/sqlalchemy/orm/state_changes.py", line 137, in _go
[Mon Jun 29 06:09:05.346205 2026] [wsgi:error] [pid 9:tid 139802695186112] [remote 10.0.0.13:41084] 2026-06-29 06:09:05.329 9 ERROR keystone.server.flask.application ret_value = fn(self, *arg, **kw)
[Mon Jun 29 06:09:05.346209 2026] [wsgi:error] [pid 9:tid 139802695186112] [remote 10.0.0.13:41084] 2026-06-29 06:09:05.329 9 ERROR keystone.server.flask.application ^^^^^^^^^^^^^^^^^^^^
[Mon Jun 29 06:09:05.346214 2026] [wsgi:error] [pid 9:tid 139802695186112] [remote 10.0.0.13:41084] 2026-06-29 06:09:05.329 9 ERROR keystone.server.flask.application
File "/var/lib/openstack/lib/python3.12/site-packages/sqlalchemy/orm/session.py", line 1290, in _prepare_impl
[Mon Jun 29 06:09:05.346219 2026] [wsgi:error] [pid 9:tid 139802695186112] [remote 10.0.0.13:41084] 2026-06-29 06:09:05.329 9 ERROR keystone.server.flask.application self.session.flush()
[Mon Jun 29 06:09:05.346224 2026] [wsgi:error] [pid 9:tid 139802695186112] [remote 10.0.0.13:41084] 2026-06-29 06:09:05.329 9 ERROR keystone.server.flask.application
File "/var/lib/openstack/lib/python3.12/site-packages/sqlalchemy/orm/session.py", line 4352, in flush
[Mon Jun 29 06:09:05.346229 2026] [wsgi:error] [pid 9:tid 139802695186112] [remote 10.0.0.13:41084] 2026-06-29 06:09:05.329 9 ERROR keystone.server.flask.application self._flush(objects)
[Mon Jun 29 06:09:05.346234 2026] [wsgi:error] [pid 9:tid 139802695186112] [remote 10.0.0.13:41084] 2026-06-29 06:09:05.329 9 ERROR keystone.server.flask.application
File "/var/lib/openstack/lib/python3.12/site-packages/sqlalchemy/orm/session.py", line 4487, in _flush
[Mon Jun 29 06:09:05.346239 2026] [wsgi:error] [pid 9:tid 139802695186112] [remote 10.0.0.13:41084] 2026-06-29 06:09:05.329 9 ERROR keystone.server.flask.application with util.safe_reraise():
[Mon Jun 29 06:09:05.346244 2026] [wsgi:error] [pid 9:tid 139802695186112] [remote 10.0.0.13:41084] 2026-06-29 06:09:05.329 9 ERROR keystone.server.flask.application
File "/var/lib/openstack/lib/python3.12/site-packages/sqlalchemy/util/langhelpers.py", line 122, in __exit__
[Mon Jun 29 06:09:05.346249 2026] [wsgi:error] [pid 9:tid 139802695186112] [remote 10.0.0.13:41084] 2026-06-29 06:09:05.329 9 ERROR keystone.server.flask.application raise exc_value.with_traceback(exc_tb)
[Mon Jun 29 06:09:05.346253 2026] [wsgi:error] [pid 9:tid 139802695186112] [remote 10.0.0.13:41084] 2026-06-29 06:09:05.329 9 ERROR keystone.server.flask.application
File "/var/lib/openstack/lib/python3.12/site-packages/sqlalchemy/orm/session.py", line 4448, in _flush
[Mon Jun 29 06:09:05.346259 2026] [wsgi:error] [pid 9:tid 139802695186112] [remote 10.0.0.13:41084] 2026-06-29 06:09:05.329 9 ERROR keystone.server.flask.application flush_context.execute()
[Mon Jun 29 06:09:05.346263 2026] [wsgi:error] [pid 9:tid 139802695186112] [remote 10.0.0.13:41084] 2026-06-29 06:09:05.329 9 ERROR keystone.server.flask.application
File "/var/lib/openstack/lib/python3.12/site-packages/sqlalchemy/orm/unitofwork.py", line 465, in execute
