2026-05-05 03:37:47.719 7 INFO neutron.notifiers.nova [-] Nova event matching ['req-2ab1aba1-eb2c-4d1b-a20d-0aa97e9a643d'] response: {'server_uuid': '2676fb4c-761a-4c5b-8029-3b3f436b4eda', 'name': 'network-vif-deleted', 'tag': '10eac24d-9e84-42f7-b60b-b5c70e0615a2', 'status': 'completed', 'code': 200} [pid: 7|app: 0|req: 508/1058] 10.0.0.204 () {34 vars in 990 bytes} [Tue May 5 03:37:47 2026] GET /v2.0/ports?device_id=036c4d8f-92ab-42ac-b989-9cd908d5f205 => generated 975 bytes in 91 msecs (HTTP/1.1 200) 4 headers in 157 bytes (1 switches on core 0) [pid: 7|app: 0|req: 509/1059] 10.0.0.204 () {34 vars in 1040 bytes} [Tue May 5 03:37:47 2026] GET /v2.0/security-groups?id=abd9098a-808c-4307-b7b0-c51d5d5d3bf7&fields=id&fields=name => generated 88 bytes in 31 msecs (HTTP/1.1 200) 4 headers in 156 bytes (1 switches on core 0) [pid: 7|app: 0|req: 510/1060] 199.19.213.44 () {34 vars in 993 bytes} [Tue May 5 03:37:48 2026] GET /v2.0/ports?device_id=036c4d8f-92ab-42ac-b989-9cd908d5f205 => generated 975 bytes in 34 msecs (HTTP/1.1 200) 4 headers in 157 bytes (1 switches on core 0)
2026-05-05 03:37:48.073 8 INFO neutron.db.l3_db [None req-a5cae4fe-a3a0-4223-b261-a3d010f91140 5fef7ee6e7da47df8322dcec81ca87d9 100194f4318f4ee49d9fce27cda9e40d - - default default] Floating IP 6753b10c-2803-4a13-ac43-c49486810f96 associated. External IP: 10.96.250.216, port: 258765ba-f242-4d79-9b6f-b4a4718d1da3.
2026-05-05 03:37:48.173 7 INFO neutron_taas.services.taas.taas_plugin [req-58d810a0-352f-48e2-ac45-d16f34cb0068 req-6cf7acf2-9521-4435-b51d-083b73f7ac88 4cb8dc4476004deabbcb031d2ac8a34c 061fd288e47449eda9fffa9c2e557f14 - - default default] TaaS: Handle Delete Port: 6d183f5c-4e5b-4fa4-952a-f9df2957ce85
2026-05-05 03:37:48.177 7 INFO neutron_taas.services.taas.tap_mirror_plugin [req-58d810a0-352f-48e2-ac45-d16f34cb0068 req-6cf7acf2-9521-4435-b51d-083b73f7ac88 4cb8dc4476004deabbcb031d2ac8a34c 061fd288e47449eda9fffa9c2e557f14 - - default default] Tap Mirror: Handle Delete Port: 6d183f5c-4e5b-4fa4-952a-f9df2957ce85 [pid: 7|app: 0|req: 511/1061] 199.19.213.44 () {36 vars in 996 bytes} [Tue May 5 03:37:48 2026] DELETE /v2.0/ports/6d183f5c-4e5b-4fa4-952a-f9df2957ce85 => generated 0 bytes in 236 msecs (HTTP/1.1 204) 3 headers in 131 bytes (1 switches on core 0) [pid: 8|app: 0|req: 551/1062] 10.0.0.233 () {34 vars in 677 bytes} [Tue May 5 03:37:47 2026] POST /v2.0/floatingips => generated 843 bytes in 917 msecs (HTTP/1.1 201) 4 headers in 162 bytes (1 switches on core 0)
2026-05-05 03:37:48.520 7 INFO neutron.db.l3_db [None req-3d35dab2-9ba6-4d55-a4fa-b8ad499cd427 5fef7ee6e7da47df8322dcec81ca87d9 100194f4318f4ee49d9fce27cda9e40d - - default default] Floating IP 6753b10c-2803-4a13-ac43-c49486810f96 disassociated. External IP: 10.96.250.216, port: 258765ba-f242-4d79-9b6f-b4a4718d1da3. [pid: 8|app: 0|req: 552/1063] 10.0.0.204 () {34 vars in 990 bytes} [Tue May 5 03:37:48 2026] GET /v2.0/ports?device_id=2676fb4c-761a-4c5b-8029-3b3f436b4eda => generated 12 bytes in 28 msecs (HTTP/1.1 200) 4 headers in 156 bytes (1 switches on core 0) [pid: 7|app: 0|req: 512/1064] 10.0.0.233 () {34 vars in 749 bytes} [Tue May 5 03:37:48 2026] PUT /v2.0/floatingips/6753b10c-2803-4a13-ac43-c49486810f96 => generated 552 bytes in 434 msecs (HTTP/1.1 200) 4 headers in 157 bytes (1 switches on core 0)
2026-05-05 03:37:48.985 8 INFO neutron_taas.services.taas.taas_plugin [None req-2a82d8a0-7206-43a3-9f46-b0bfec703838 5fef7ee6e7da47df8322dcec81ca87d9 100194f4318f4ee49d9fce27cda9e40d - - default default] TaaS: Handle Delete Port: 49f80420-3473-40c9-a187-d3a281421dff
2026-05-05 03:37:48.990 8 INFO neutron_taas.services.taas.tap_mirror_plugin [None req-2a82d8a0-7206-43a3-9f46-b0bfec703838 5fef7ee6e7da47df8322dcec81ca87d9 100194f4318f4ee49d9fce27cda9e40d - - default default] Tap Mirror: Handle Delete Port: 49f80420-3473-40c9-a187-d3a281421dff [pid: 7|app: 0|req: 513/1065] 10.0.0.204 () {34 vars in 990 bytes} [Tue May 5 03:37:48 2026] GET /v2.0/ports?device_id=036c4d8f-92ab-42ac-b989-9cd908d5f205 => generated 12 bytes in 25 msecs (HTTP/1.1 200) 4 headers in 156 bytes (1 switches on core 0) [pid: 8|app: 0|req: 553/1066] 10.0.0.233 () {32 vars in 732 bytes} [Tue May 5 03:37:48 2026] DELETE /v2.0/floatingips/6753b10c-2803-4a13-ac43-c49486810f96 => generated 0 bytes in 304 msecs (HTTP/1.1 204) 2 headers in 112 bytes (1 switches on core 0)
2026-05-05 03:37:49.777 7 INFO neutron.notifiers.nova [-] Nova event matching ['req-5d11c31a-7dbe-45c2-a574-c1c74bbb8698'] response: {'server_uuid': '036c4d8f-92ab-42ac-b989-9cd908d5f205', 'name': 'network-vif-deleted', 'tag': '6d183f5c-4e5b-4fa4-952a-f9df2957ce85', 'status': 'completed', 'code': 200}
2026-05-05 03:37:49.783 7 INFO neutron.db.l3_db [None req-e254eb6a-f522-4822-8ef5-c213dcac06e5 5fef7ee6e7da47df8322dcec81ca87d9 100194f4318f4ee49d9fce27cda9e40d - - default default] Floating IP 913ce5af-4506-481c-9eff-c023cc8cba98 associated. External IP: 10.96.250.218, port: f2ecaa4b-7515-4be4-a570-01bc4bd31b4a.
2026-05-05 03:37:49.855 8 WARNING neutron.db.securitygroups_db [None req-d8f9673f-4929-4909-aa85-e732f3397ece 39260928a78e4a18a48e991cef0523dc a943b0f4f04741d982f98fbcdc44adc8 - - default default] project_id key not found in filters, using tenant_id instead. This support has been deprecated and will be removed in a future release. [pid: 8|app: 0|req: 554/1067] 10.0.0.233 () {32 vars in 774 bytes} [Tue May 5 03:37:49 2026] GET /v2.0/security-groups?tenant_id=38086a662cc941278ad4e68b4d9564f4&name=default => generated 2925 bytes in 333 msecs (HTTP/1.1 200) 4 headers in 158 bytes (1 switches on core 0) [pid: 8|app: 0|req: 555/1068] 10.0.0.204 () {34 vars in 990 bytes} [Tue May 5 03:37:49 2026] GET /v2.0/ports?device_id=2676fb4c-761a-4c5b-8029-3b3f436b4eda => generated 12 bytes in 17 msecs (HTTP/1.1 200) 4 headers in 156 bytes (1 switches on core 0) [pid: 8|app: 0|req: 556/1069] 10.0.0.233 () {32 vars in 740 bytes} [Tue May 5 03:37:49 2026] DELETE /v2.0/security-groups/d9c1516f-e763-4fd3-9c78-c13b822431e4 => generated 0 bytes in 101 msecs (HTTP/1.1 204) 2 headers in 112 bytes (1 switches on core 0) [pid: 8|app: 0|req: 557/1070] 10.0.0.204 () {34 vars in 990 bytes} [Tue May 5 03:37:50 2026] GET /v2.0/ports?device_id=036c4d8f-92ab-42ac-b989-9cd908d5f205 => generated 12 bytes in 19 msecs (HTTP/1.1 200) 4 headers in 156 bytes (1 switches on core 0) [pid: 7|app: 0|req: 514/1071] 10.0.0.233 () {34 vars in 677 bytes} [Tue May 5 03:37:49 2026] POST /v2.0/floatingips => generated 842 bytes in 980 msecs (HTTP/1.1 201) 4 headers in 162 bytes (1 switches on core 0) [pid: 8|app: 0|req: 558/1072] 10.0.0.233 () {32 vars in 729 bytes} [Tue May 5 03:37:50 2026] GET /v2.0/floatingips/913ce5af-4506-481c-9eff-c023cc8cba98 => generated 842 bytes in 34 msecs (HTTP/1.1 200) 4 headers in 157 bytes (1 switches on core 0)
2026-05-05 03:37:50.196 8 WARNING neutron.db.securitygroups_db [None req-c00937c6-82f6-4e25-93c9-b7732cbf840e 39260928a78e4a18a48e991cef0523dc a943b0f4f04741d982f98fbcdc44adc8 - - default default] project_id key not found in filters, using tenant_id instead. This support has been deprecated and will be removed in a future release. [pid: 7|app: 0|req: 515/1073] 10.0.0.233 () {32 vars in 655 bytes} [Tue May 5 03:37:50 2026] GET /v2.0/floatingips => generated 845 bytes in 67 msecs (HTTP/1.1 200) 4 headers in 157 bytes (1 switches on core 0) [pid: 8|app: 0|req: 559/1074] 10.0.0.233 () {32 vars in 774 bytes} [Tue May 5 03:37:50 2026] GET /v2.0/security-groups?tenant_id=2adc0aa9b473486dae9b0b2f7f100d9b&name=default => generated 2925 bytes in 129 msecs (HTTP/1.1 200) 4 headers in 158 bytes (1 switches on core 0) [pid: 8|app: 0|req: 560/1075] 10.0.0.233 () {32 vars in 740 bytes} [Tue May 5 03:37:50 2026] DELETE /v2.0/security-groups/907ecd00-cca9-46a0-b3c5-5c0d0a119d6a => generated 0 bytes in 83 msecs (HTTP/1.1 204) 2 headers in 112 bytes (1 switches on core 0)
2026-05-05 03:37:50.591 7 INFO neutron.db.l3_db [None req-1965e5f5-b857-44d2-89a8-1814d00fa465 5fef7ee6e7da47df8322dcec81ca87d9 100194f4318f4ee49d9fce27cda9e40d - - default default] Floating IP 913ce5af-4506-481c-9eff-c023cc8cba98 associated. External IP: 10.96.250.218, port: f2ecaa4b-7515-4be4-a570-01bc4bd31b4a. [pid: 8|app: 0|req: 561/1076] 10.0.0.204 () {34 vars in 990 bytes} [Tue May 5 03:37:51 2026] GET /v2.0/ports?device_id=2676fb4c-761a-4c5b-8029-3b3f436b4eda => generated 12 bytes in 18 msecs (HTTP/1.1 200) 4 headers in 156 bytes (1 switches on core 0) [pid: 7|app: 0|req: 516/1077] 10.0.0.233 () {34 vars in 749 bytes} [Tue May 5 03:37:50 2026] PUT /v2.0/floatingips/913ce5af-4506-481c-9eff-c023cc8cba98 => generated 843 bytes in 873 msecs (HTTP/1.1 200) 4 headers in 157 bytes (1 switches on core 0) [pid: 7|app: 0|req: 517/1078] 10.0.0.204 () {34 vars in 990 bytes} [Tue May 5 03:37:51 2026] GET /v2.0/ports?device_id=036c4d8f-92ab-42ac-b989-9cd908d5f205 => generated 12 bytes in 24 msecs (HTTP/1.1 200) 4 headers in 156 bytes (1 switches on core 0)
2026-05-05 03:37:51.255 8 INFO neutron.db.l3_db [None req-2eaaa691-b1ac-4b86-8dfc-7032f7e566d0 5fef7ee6e7da47df8322dcec81ca87d9 100194f4318f4ee49d9fce27cda9e40d - - default default] Floating IP 913ce5af-4506-481c-9eff-c023cc8cba98 disassociated. External IP: 10.96.250.218, port: 258765ba-f242-4d79-9b6f-b4a4718d1da3. [pid: 8|app: 0|req: 562/1079] 10.0.0.233 () {34 vars in 749 bytes} [Tue May 5 03:37:51 2026] PUT /v2.0/floatingips/913ce5af-4506-481c-9eff-c023cc8cba98 => generated 552 bytes in 414 msecs (HTTP/1.1 200) 4 headers in 157 bytes (1 switches on core 0)
2026-05-05 03:37:51.642 7 INFO neutron_taas.services.taas.taas_plugin [None req-e17be604-5c9e-4cbc-bd42-ea14ee3d559b 5fef7ee6e7da47df8322dcec81ca87d9 100194f4318f4ee49d9fce27cda9e40d - - default default] TaaS: Handle Delete Port: 34ae1175-7100-4b54-8198-e95c2111660e
2026-05-05 03:37:51.644 7 INFO neutron_taas.services.taas.tap_mirror_plugin [None req-e17be604-5c9e-4cbc-bd42-ea14ee3d559b 5fef7ee6e7da47df8322dcec81ca87d9 100194f4318f4ee49d9fce27cda9e40d - - default default] Tap Mirror: Handle Delete Port: 34ae1175-7100-4b54-8198-e95c2111660e [pid: 7|app: 0|req: 518/1080] 10.0.0.233 () {32 vars in 732 bytes} [Tue May 5 03:37:51 2026] DELETE /v2.0/floatingips/913ce5af-4506-481c-9eff-c023cc8cba98 => generated 0 bytes in 254 msecs (HTTP/1.1 204) 2 headers in 112 bytes (1 switches on core 0)
2026-05-05 03:37:51.827 8 INFO neutron.api.v2.resource [None req-b0d1321c-7b9c-4566-88e5-d396215b3202 5fef7ee6e7da47df8322dcec81ca87d9 100194f4318f4ee49d9fce27cda9e40d - - default default] delete failed (client error): The resource could not be found. [pid: 8|app: 0|req: 563/1081] 10.0.0.233 () {32 vars in 732 bytes} [Tue May 5 03:37:51 2026] DELETE /v2.0/floatingips/913ce5af-4506-481c-9eff-c023cc8cba98 => generated 144 bytes in 22 msecs (HTTP/1.1 404) 4 headers in 164 bytes (1 switches on core 0)
2026-05-05 03:37:51.960 7 INFO neutron_taas.services.taas.taas_plugin [None req-2a75e8d5-2fa8-41f0-a185-dedbbc64f4f3 5fef7ee6e7da47df8322dcec81ca87d9 100194f4318f4ee49d9fce27cda9e40d - - default default] TaaS: Handle Delete Port: 258765ba-f242-4d79-9b6f-b4a4718d1da3
2026-05-05 03:37:51.963 7 INFO neutron_taas.services.taas.tap_mirror_plugin [None req-2a75e8d5-2fa8-41f0-a185-dedbbc64f4f3 5fef7ee6e7da47df8322dcec81ca87d9 100194f4318f4ee49d9fce27cda9e40d - - default default] Tap Mirror: Handle Delete Port: 258765ba-f242-4d79-9b6f-b4a4718d1da3 [pid: 7|app: 0|req: 519/1082] 10.0.0.233 () {32 vars in 720 bytes} [Tue May 5 03:37:51 2026] DELETE /v2.0/ports/258765ba-f242-4d79-9b6f-b4a4718d1da3 => generated 0 bytes in 275 msecs (HTTP/1.1 204) 3 headers in 131 bytes (1 switches on core 0)
2026-05-05 03:37:52.242 8 INFO neutron_taas.services.taas.taas_plugin [None req-3d129985-b95d-4e0b-84d2-18233fa29009 5fef7ee6e7da47df8322dcec81ca87d9 100194f4318f4ee49d9fce27cda9e40d - - default default] TaaS: Handle Delete Port: f2ecaa4b-7515-4be4-a570-01bc4bd31b4a
2026-05-05 03:37:52.244 8 INFO neutron_taas.services.taas.tap_mirror_plugin [None req-3d129985-b95d-4e0b-84d2-18233fa29009 5fef7ee6e7da47df8322dcec81ca87d9 100194f4318f4ee49d9fce27cda9e40d - - default default] Tap Mirror: Handle Delete Port: f2ecaa4b-7515-4be4-a570-01bc4bd31b4a [pid: 7|app: 0|req: 520/1083] 10.0.0.233 () {32 vars in 740 bytes} [Tue May 5 03:37:52 2026] DELETE /v2.0/security-groups/96a67ce8-8841-4e49-926c-fd650f5dcee1 => generated 0 bytes in 104 msecs (HTTP/1.1 204) 2 headers in 112 bytes (1 switches on core 0)
2026-05-05 03:37:52.300 7 INFO neutron.api.v2.resource [None req-a3e0be3b-4b6a-410c-a1d1-7c7a60e4e612 474efbe8350a49128ff115005eb98883 ebe9da0f045e4f088966143f8fa5ce74 - - default default] show failed (client error): The resource could not be found. [pid: 7|app: 0|req: 521/1084] 10.0.0.233 () {32 vars in 737 bytes} [Tue May 5 03:37:52 2026] GET /v2.0/security-groups/96a67ce8-8841-4e49-926c-fd650f5dcee1 => generated 146 bytes in 10 msecs (HTTP/1.1 404) 4 headers in 164 bytes (1 switches on core 0) [pid: 8|app: 0|req: 564/1085] 10.0.0.233 () {32 vars in 720 bytes} [Tue May 5 03:37:52 2026] DELETE /v2.0/ports/f2ecaa4b-7515-4be4-a570-01bc4bd31b4a => generated 0 bytes in 238 msecs (HTTP/1.1 204) 3 headers in 131 bytes (1 switches on core 0) [pid: 8|app: 0|req: 565/1086] 10.0.0.204 () {34 vars in 990 bytes} [Tue May 5 03:37:52 2026] GET /v2.0/ports?device_id=036c4d8f-92ab-42ac-b989-9cd908d5f205 => generated 12 bytes in 19 msecs (HTTP/1.1 200) 4 headers in 156 bytes (1 switches on core 0)
2026-05-05 03:37:52.408 7 INFO neutron_taas.services.taas.taas_plugin [None req-a3f07478-1854-4169-8311-005f801e129b 474efbe8350a49128ff115005eb98883 ebe9da0f045e4f088966143f8fa5ce74 - - default default] TaaS: Handle Delete Port: 9193b9ab-241a-42f5-9525-4e7c1de5f113
2026-05-05 03:37:52.410 7 INFO neutron_taas.services.taas.tap_mirror_plugin [None req-a3f07478-1854-4169-8311-005f801e129b 474efbe8350a49128ff115005eb98883 ebe9da0f045e4f088966143f8fa5ce74 - - default default] Tap Mirror: Handle Delete Port: 9193b9ab-241a-42f5-9525-4e7c1de5f113 [pid: 8|app: 0|req: 566/1087] 10.0.0.233 () {32 vars in 736 bytes} [Tue May 5 03:37:52 2026] GET /v2.0/ports?device_id=3250a60f-776b-4a8e-bdd7-f09c3c763706 => generated 958 bytes in 41 msecs (HTTP/1.1 200) 4 headers in 157 bytes (1 switches on core 0) [pid: 7|app: 0|req: 522/1088] 10.0.0.233 () {32 vars in 732 bytes} [Tue May 5 03:37:52 2026] DELETE /v2.0/floatingips/f6cf4985-eca9-4d01-a3ba-cbe37c88a0c1 => generated 0 bytes in 263 msecs (HTTP/1.1 204) 2 headers in 112 bytes (1 switches on core 0)
2026-05-05 03:37:52.662 7 WARNING neutron.db.securitygroups_db [None req-e765f704-d734-4ca1-a7e0-48f6b4a38d7b 39260928a78e4a18a48e991cef0523dc a943b0f4f04741d982f98fbcdc44adc8 - - default default] project_id key not found in filters, using tenant_id instead. This support has been deprecated and will be removed in a future release.
2026-05-05 03:37:52.755 8 INFO neutron_taas.services.taas.taas_plugin [None req-b22c2253-7155-4eef-bda2-221262e5a303 5fef7ee6e7da47df8322dcec81ca87d9 100194f4318f4ee49d9fce27cda9e40d - - default default] TaaS: Handle Delete Port: 613dde60-2039-4a1e-850a-383b89cc7b23
2026-05-05 03:37:52.758 8 INFO neutron_taas.services.taas.tap_mirror_plugin [None req-b22c2253-7155-4eef-bda2-221262e5a303 5fef7ee6e7da47df8322dcec81ca87d9 100194f4318f4ee49d9fce27cda9e40d - - default default] Tap Mirror: Handle Delete Port: 613dde60-2039-4a1e-850a-383b89cc7b23 [pid: 7|app: 0|req: 523/1089] 10.0.0.233 () {32 vars in 774 bytes} [Tue May 5 03:37:52 2026] GET /v2.0/security-groups?tenant_id=4075051524f84b7c8dc3260cb82c5bf2&name=default => generated 2925 bytes in 210 msecs (HTTP/1.1 200) 4 headers in 158 bytes (1 switches on core 0)
2026-05-05 03:37:53.102 7 INFO neutron_taas.services.taas.taas_plugin [None req-0e6102d9-3f39-4874-884a-40a581eb38b4 39260928a78e4a18a48e991cef0523dc a943b0f4f04741d982f98fbcdc44adc8 - - default default] TaaS: Handle Delete Port: 03bb0aaf-9cd0-4b3e-a518-3ca1c73a2042
2026-05-05 03:37:53.105 7 INFO neutron_taas.services.taas.tap_mirror_plugin [None req-0e6102d9-3f39-4874-884a-40a581eb38b4 39260928a78e4a18a48e991cef0523dc a943b0f4f04741d982f98fbcdc44adc8 - - default default] Tap Mirror: Handle Delete Port: 03bb0aaf-9cd0-4b3e-a518-3ca1c73a2042 [pid: 8|app: 0|req: 567/1090] 10.0.0.233 () {34 vars in 789 bytes} [Tue May 5 03:37:52 2026] PUT /v2.0/routers/3250a60f-776b-4a8e-bdd7-f09c3c763706/remove_router_interface => generated 310 bytes in 766 msecs (HTTP/1.1 200) 4 headers in 157 bytes (1 switches on core 0) [pid: 8|app: 0|req: 568/1091] 10.0.0.233 () {32 vars in 740 bytes} [Tue May 5 03:37:53 2026] DELETE /v2.0/security-groups/a908fa70-cb33-4399-a76e-c37ddb4f9455 => generated 0 bytes in 89 msecs (HTTP/1.1 204) 2 headers in 112 bytes (1 switches on core 0)
2026-05-05 03:37:53.450 8 INFO neutron_taas.services.taas.taas_plugin [None req-551904c5-716b-4b7a-853b-5cbd1993897f 5fef7ee6e7da47df8322dcec81ca87d9 100194f4318f4ee49d9fce27cda9e40d - - default default] TaaS: Handle Delete Port: b3edc4fd-c0dd-4e5f-adf3-72fdf675fd97
2026-05-05 03:37:53.453 8 INFO neutron_taas.services.taas.tap_mirror_plugin [None req-551904c5-716b-4b7a-853b-5cbd1993897f 5fef7ee6e7da47df8322dcec81ca87d9 100194f4318f4ee49d9fce27cda9e40d - - default default] Tap Mirror: Handle Delete Port: b3edc4fd-c0dd-4e5f-adf3-72fdf675fd97 [pid: 7|app: 0|req: 524/1092] 10.0.0.233 () {34 vars in 789 bytes} [Tue May 5 03:37:52 2026] PUT /v2.0/routers/2d80e987-aed4-4d84-aa0a-45be42a106ac/remove_router_interface => generated 310 bytes in 853 msecs (HTTP/1.1 200) 4 headers in 157 bytes (1 switches on core 0)
2026-05-05 03:37:53.682 8 INFO neutron_taas.services.taas.taas_plugin [None req-551904c5-716b-4b7a-853b-5cbd1993897f 5fef7ee6e7da47df8322dcec81ca87d9 100194f4318f4ee49d9fce27cda9e40d - - default default] TaaS: Handle Delete Port: 48383db8-26c2-439a-8439-15e9982a366a
2026-05-05 03:37:53.685 8 INFO neutron_taas.services.taas.tap_mirror_plugin [None req-551904c5-716b-4b7a-853b-5cbd1993897f 5fef7ee6e7da47df8322dcec81ca87d9 100194f4318f4ee49d9fce27cda9e40d - - default default] Tap Mirror: Handle Delete Port: 48383db8-26c2-439a-8439-15e9982a366a
2026-05-05 03:37:53.961 7 INFO neutron_taas.services.taas.taas_plugin [None req-d4049f6f-c7dc-4541-b048-82e4bf7271bc 39260928a78e4a18a48e991cef0523dc a943b0f4f04741d982f98fbcdc44adc8 - - default default] TaaS: Handle Delete Port: 105b6b39-02b1-4fea-95cf-d08c4b7cb9f9
2026-05-05 03:37:53.964 7 INFO neutron_taas.services.taas.tap_mirror_plugin [None req-d4049f6f-c7dc-4541-b048-82e4bf7271bc 39260928a78e4a18a48e991cef0523dc a943b0f4f04741d982f98fbcdc44adc8 - - default default] Tap Mirror: Handle Delete Port: 105b6b39-02b1-4fea-95cf-d08c4b7cb9f9
2026-05-05 03:37:53.989 8 INFO neutron.services.segments.plugin [-] Segment 1fb3f947-ca74-4ccc-93ac-45be3e4b9ff9 resource provider aggregate not found
2026-05-05 03:37:53.994 8 INFO neutron.services.segments.plugin [-] Segment 1fb3f947-ca74-4ccc-93ac-45be3e4b9ff9 resource provider aggregate not found
2026-05-05 03:37:54.012 8 INFO neutron.services.segments.plugin [-] Segment 1fb3f947-ca74-4ccc-93ac-45be3e4b9ff9 resource provider not found; error: Placement Client Error (4xx): {"errors": [{"status": 404, "title": "Not Found", "detail": "The resource could not be found.\n\n No resource provider with uuid 1fb3f947-ca74-4ccc-93ac-45be3e4b9ff9 found for delete ", "request_id": "req-b60b9cbe-fcd3-413a-abec-77c9a51237f4"}]}
2026-05-05 03:37:54.015 8 INFO neutron.services.segments.plugin [-] Segment 1fb3f947-ca74-4ccc-93ac-45be3e4b9ff9 resource provider not found; error: Placement Client Error (4xx): {"errors": [{"status": 404, "title": "Not Found", "detail": "The resource could not be found.\n\n No resource provider with uuid 1fb3f947-ca74-4ccc-93ac-45be3e4b9ff9 found for delete ", "request_id": "req-c178974f-29f3-45d5-b46d-948e04d2b358"}]}
2026-05-05 03:37:54.021 8 INFO neutron.db.l3_hamode_db [None req-551904c5-716b-4b7a-853b-5cbd1993897f 5fef7ee6e7da47df8322dcec81ca87d9 100194f4318f4ee49d9fce27cda9e40d - - default default] HA network ffea5023-f3d3-4815-b4cc-075246f1b0df was deleted as no HA routers are present in project 100194f4318f4ee49d9fce27cda9e40d. [pid: 8|app: 0|req: 569/1093] 10.0.0.233 () {32 vars in 724 bytes} [Tue May 5 03:37:53 2026] DELETE /v2.0/routers/3250a60f-776b-4a8e-bdd7-f09c3c763706 => generated 0 bytes in 749 msecs (HTTP/1.1 204) 2 headers in 112 bytes (1 switches on core 0)
2026-05-05 03:37:54.188 8 INFO neutron_taas.services.taas.taas_plugin [None req-9f1492b2-1a4f-4ca8-b6d1-b648f62fa09b 39260928a78e4a18a48e991cef0523dc a943b0f4f04741d982f98fbcdc44adc8 - - default default] TaaS: Handle Delete Port: d2e01bd6-55aa-416c-93d0-663dc494f712
2026-05-05 03:37:54.190 8 INFO neutron_taas.services.taas.tap_mirror_plugin [None req-9f1492b2-1a4f-4ca8-b6d1-b648f62fa09b 39260928a78e4a18a48e991cef0523dc a943b0f4f04741d982f98fbcdc44adc8 - - default default] Tap Mirror: Handle Delete Port: d2e01bd6-55aa-416c-93d0-663dc494f712
2026-05-05 03:37:54.388 8 INFO neutron_taas.services.taas.taas_plugin [None req-9f1492b2-1a4f-4ca8-b6d1-b648f62fa09b 39260928a78e4a18a48e991cef0523dc a943b0f4f04741d982f98fbcdc44adc8 - - default default] TaaS: Handle Delete Port: 555abd8a-54d0-4b74-ba7a-d83c34b78c17
2026-05-05 03:37:54.390 8 INFO neutron_taas.services.taas.tap_mirror_plugin [None req-9f1492b2-1a4f-4ca8-b6d1-b648f62fa09b 39260928a78e4a18a48e991cef0523dc a943b0f4f04741d982f98fbcdc44adc8 - - default default] Tap Mirror: Handle Delete Port: 555abd8a-54d0-4b74-ba7a-d83c34b78c17 [pid: 7|app: 0|req: 525/1094] 10.0.0.233 () {34 vars in 789 bytes} [Tue May 5 03:37:53 2026] PUT /v2.0/routers/75848c89-0c59-4254-8327-88716f9b2eb1/remove_router_interface => generated 310 bytes in 819 msecs (HTTP/1.1 200) 4 headers in 157 bytes (1 switches on core 0) [pid: 7|app: 0|req: 526/1095] 10.0.0.233 () {32 vars in 724 bytes} [Tue May 5 03:37:54 2026] DELETE /v2.0/subnets/1f59ef38-e7e3-4ce0-b711-6381c9a4856b => generated 0 bytes in 123 msecs (HTTP/1.1 204) 3 headers in 131 bytes (1 switches on core 0)
2026-05-05 03:37:54.640 8 INFO neutron.db.l3_hamode_db [None req-9f1492b2-1a4f-4ca8-b6d1-b648f62fa09b 39260928a78e4a18a48e991cef0523dc a943b0f4f04741d982f98fbcdc44adc8 - - default default] HA network 741b6590-2302-4ee6-a5cf-789593aca532 was deleted as no HA routers are present in project ebe9da0f045e4f088966143f8fa5ce74. [pid: 8|app: 0|req: 570/1096] 10.0.0.233 () {32 vars in 724 bytes} [Tue May 5 03:37:54 2026] DELETE /v2.0/routers/2d80e987-aed4-4d84-aa0a-45be42a106ac => generated 0 bytes in 617 msecs (HTTP/1.1 204) 2 headers in 112 bytes (1 switches on core 0)
2026-05-05 03:37:54.751 7 INFO neutron_taas.services.taas.taas_plugin [None req-8224e096-0968-4b0c-8742-3cecd183467d 39260928a78e4a18a48e991cef0523dc a943b0f4f04741d982f98fbcdc44adc8 - - default default] TaaS: Handle Delete Port: 0db1b58e-dc54-4b6f-bf35-6e16e1795b3d
2026-05-05 03:37:54.753 7 INFO neutron_taas.services.taas.tap_mirror_plugin [None req-8224e096-0968-4b0c-8742-3cecd183467d 39260928a78e4a18a48e991cef0523dc a943b0f4f04741d982f98fbcdc44adc8 - - default default] Tap Mirror: Handle Delete Port: 0db1b58e-dc54-4b6f-bf35-6e16e1795b3d [pid: 8|app: 0|req: 571/1097] 10.0.0.233 () {32 vars in 726 bytes} [Tue May 5 03:37:54 2026] DELETE /v2.0/networks/3840b622-e1c9-40fd-9b6a-96bab348d833 => generated 0 bytes in 137 msecs (HTTP/1.1 204) 3 headers in 131 bytes (1 switches on core 0) [pid: 8|app: 0|req: 572/1098] 10.0.0.233 () {32 vars in 724 bytes} [Tue May 5 03:37:54 2026] DELETE /v2.0/subnets/21d746d2-7108-4552-bfcc-558f6943d2df => generated 0 bytes in 142 msecs (HTTP/1.1 204) 3 headers in 131 bytes (1 switches on core 0)
2026-05-05 03:37:55.019 7 INFO neutron_taas.services.taas.taas_plugin [None req-8224e096-0968-4b0c-8742-3cecd183467d 39260928a78e4a18a48e991cef0523dc a943b0f4f04741d982f98fbcdc44adc8 - - default default] TaaS: Handle Delete Port: b3be7477-ac43-447c-891d-bee3d70725e2
2026-05-05 03:37:55.021 7 INFO neutron_taas.services.taas.tap_mirror_plugin [None req-8224e096-0968-4b0c-8742-3cecd183467d 39260928a78e4a18a48e991cef0523dc a943b0f4f04741d982f98fbcdc44adc8 - - default default] Tap Mirror: Handle Delete Port: b3be7477-ac43-447c-891d-bee3d70725e2
2026-05-05 03:37:55.304 8 INFO neutron.db.segments_db [None req-2d2614db-b8e6-497c-bb0a-d3ee6eaf4d47 2e5df5e3950e4b3d9f5ff256df811b0b d30f142dffc8471e8182c6a84ba73b56 - - default default] Added segment 6768f50a-200c-446f-8470-0a6431800d57 of type vxlan for network ef618f4a-d484-49a3-8254-6a8730d9ad82
2026-05-05 03:37:55.333 7 INFO neutron.services.segments.plugin [-] Segment 56d073f0-9706-44f3-bae2-32b0c28ed7eb resource provider aggregate not found
2026-05-05 03:37:55.337 7 INFO neutron.services.segments.plugin [-] Segment 56d073f0-9706-44f3-bae2-32b0c28ed7eb resource provider aggregate not found
2026-05-05 03:37:55.356 7 INFO neutron.services.segments.plugin [-] Segment 56d073f0-9706-44f3-bae2-32b0c28ed7eb resource provider not found; error: Placement Client Error (4xx): {"errors": [{"status": 404, "title": "Not Found", "detail": "The resource could not be found.\n\n No resource provider with uuid 56d073f0-9706-44f3-bae2-32b0c28ed7eb found for delete ", "request_id": "req-a2ded8e7-2577-4162-b679-895a0335f3fa"}]}
2026-05-05 03:37:55.356 7 INFO neutron.db.l3_hamode_db [None req-8224e096-0968-4b0c-8742-3cecd183467d 39260928a78e4a18a48e991cef0523dc a943b0f4f04741d982f98fbcdc44adc8 - - default default] HA network a4499888-c49e-4cab-b590-82aa94e1537a was deleted as no HA routers are present in project 061fd288e47449eda9fffa9c2e557f14.
2026-05-05 03:37:55.358 7 INFO neutron.services.segments.plugin [-] Segment 56d073f0-9706-44f3-bae2-32b0c28ed7eb resource provider not found; error: Placement Client Error (4xx): {"errors": [{"status": 404, "title": "Not Found", "detail": "The resource could not be found.\n\n No resource provider with uuid 56d073f0-9706-44f3-bae2-32b0c28ed7eb found for delete ", "request_id": "req-f57dd8fd-9f47-4471-9016-98a1f8745534"}]} [pid: 7|app: 0|req: 527/1099] 10.0.0.233 () {32 vars in 724 bytes} [Tue May 5 03:37:54 2026] DELETE /v2.0/routers/75848c89-0c59-4254-8327-88716f9b2eb1 => generated 0 bytes in 786 msecs (HTTP/1.1 204) 2 headers in 112 bytes (1 switches on core 0) [pid: 8|app: 0|req: 573/1100] 10.0.0.233 () {34 vars in 670 bytes} [Tue May 5 03:37:54 2026] POST /v2.0/networks => generated 649 bytes in 447 msecs (HTTP/1.1 201) 4 headers in 162 bytes (1 switches on core 0)
2026-05-05 03:37:55.410 8 WARNING neutron.db.securitygroups_db [None req-e4788f42-0431-4f9b-92d2-3de6566be8d1 39260928a78e4a18a48e991cef0523dc a943b0f4f04741d982f98fbcdc44adc8 - - default default] project_id key not found in filters, using tenant_id instead. This support has been deprecated and will be removed in a future release. [pid: 8|app: 0|req: 574/1101] 10.0.0.233 () {32 vars in 774 bytes} [Tue May 5 03:37:55 2026] GET /v2.0/security-groups?tenant_id=100194f4318f4ee49d9fce27cda9e40d&name=default => generated 2925 bytes in 66 msecs (HTTP/1.1 200) 4 headers in 158 bytes (1 switches on core 0)
2026-05-05 03:37:55.450 7 INFO neutron_taas.services.taas.taas_plugin [None req-4601a642-b8ee-43a2-9847-8f8113dbd84b 39260928a78e4a18a48e991cef0523dc a943b0f4f04741d982f98fbcdc44adc8 - - default default] TaaS: Handle Delete Port: 618f6ac1-df80-4970-9041-beb3ef96052c
2026-05-05 03:37:55.453 7 INFO neutron_taas.services.taas.tap_mirror_plugin [None req-4601a642-b8ee-43a2-9847-8f8113dbd84b 39260928a78e4a18a48e991cef0523dc a943b0f4f04741d982f98fbcdc44adc8 - - default default] Tap Mirror: Handle Delete Port: 618f6ac1-df80-4970-9041-beb3ef96052c [pid: 8|app: 0|req: 575/1102] 10.0.0.233 () {32 vars in 724 bytes} [Tue May 5 03:37:55 2026] DELETE /v2.0/subnets/a0234b60-a8d4-43b3-9e78-fe0193d29f83 => generated 0 bytes in 131 msecs (HTTP/1.1 204) 3 headers in 131 bytes (1 switches on core 0) [pid: 7|app: 0|req: 528/1103] 10.0.0.233 () {32 vars in 726 bytes} [Tue May 5 03:37:55 2026] DELETE /v2.0/networks/5faf8856-c368-4432-9be0-7fcdc84ca96f => generated 0 bytes in 277 msecs (HTTP/1.1 204) 3 headers in 131 bytes (1 switches on core 0) [pid: 7|app: 0|req: 529/1104] 10.0.0.233 () {32 vars in 740 bytes} [Tue May 5 03:37:55 2026] DELETE /v2.0/security-groups/617bc287-22cd-4aef-afd6-3558d7dbd7ce => generated 0 bytes in 96 msecs (HTTP/1.1 204) 2 headers in 112 bytes (1 switches on core 0)
2026-05-05 03:37:55.823 7 INFO neutron_taas.services.taas.taas_plugin [None req-62cdd1eb-c870-45ff-9991-66f592176fae 39260928a78e4a18a48e991cef0523dc a943b0f4f04741d982f98fbcdc44adc8 - - default default] TaaS: Handle Delete Port: 6df0c82e-225b-4c27-9a46-abf52939054a
2026-05-05 03:37:55.826 7 INFO neutron_taas.services.taas.tap_mirror_plugin [None req-62cdd1eb-c870-45ff-9991-66f592176fae 39260928a78e4a18a48e991cef0523dc a943b0f4f04741d982f98fbcdc44adc8 - - default default] Tap Mirror: Handle Delete Port: 6df0c82e-225b-4c27-9a46-abf52939054a [pid: 8|app: 0|req: 576/1105] 10.0.0.233 () {34 vars in 665 bytes} [Tue May 5 03:37:55 2026] POST /v2.0/ports => generated 779 bytes in 278 msecs (HTTP/1.1 201) 4 headers in 162 bytes (1 switches on core 0) /var/lib/openstack/lib/python3.12/site-packages/pycadf/identifier.py:70: UserWarning: Invalid uuid: neutron. To ensure interoperability, identifiers should be a valid uuid. warnings.warn(('Invalid uuid: %s. To ensure interoperability, '
2026-05-05 03:37:55.854 8 WARNING neutron.db.securitygroups_db [None req-af23bee8-f124-4f1f-af11-5f6a253eb6bb 39260928a78e4a18a48e991cef0523dc a943b0f4f04741d982f98fbcdc44adc8 - - default default] project_id key not found in filters, using tenant_id instead. This support has been deprecated and will be removed in a future release. [pid: 8|app: 0|req: 577/1106] 10.0.0.233 () {32 vars in 774 bytes} [Tue May 5 03:37:55 2026] GET /v2.0/security-groups?tenant_id=ebe9da0f045e4f088966143f8fa5ce74&name=default => generated 2925 bytes in 28 msecs (HTTP/1.1 200) 4 headers in 158 bytes (1 switches on core 0)
2026-05-05 03:37:55.929 8 INFO neutron.db.segments_db [None req-042b0cf0-8d51-489a-9823-7b3f81bed64d 2e5df5e3950e4b3d9f5ff256df811b0b d30f142dffc8471e8182c6a84ba73b56 - - default default] Added segment 8e5e9108-622a-4ea6-923d-84c9cf43b3b7 of type vxlan for network f784af81-9981-4b5f-b183-0e65790c2425 [pid: 8|app: 0|req: 578/1107] 10.0.0.233 () {34 vars in 670 bytes} [Tue May 5 03:37:55 2026] POST /v2.0/networks => generated 635 bytes in 126 msecs (HTTP/1.1 201) 4 headers in 162 bytes (1 switches on core 0) [pid: 7|app: 0|req: 530/1108] 10.0.0.233 () {32 vars in 726 bytes} [Tue May 5 03:37:55 2026] DELETE /v2.0/networks/a4f5cf67-57fb-48eb-af41-3fc5feee9f95 => generated 0 bytes in 278 msecs (HTTP/1.1 204) 3 headers in 131 bytes (1 switches on core 0)
2026-05-05 03:37:56.032 8 INFO neutron.services.segments.plugin [-] Segment 2e3641cd-5d9f-4ee9-ae7b-ced0cd7419c0 resource provider aggregate not found
2026-05-05 03:37:56.036 8 INFO neutron.services.segments.plugin [-] Segment 2e3641cd-5d9f-4ee9-ae7b-ced0cd7419c0 resource provider aggregate not found
2026-05-05 03:37:56.051 8 INFO neutron.services.segments.plugin [-] Segment 2e3641cd-5d9f-4ee9-ae7b-ced0cd7419c0 resource provider not found; error: Placement Client Error (4xx): {"errors": [{"status": 404, "title": "Not Found", "detail": "The resource could not be found.\n\n No resource provider with uuid 2e3641cd-5d9f-4ee9-ae7b-ced0cd7419c0 found for delete ", "request_id": "req-c13e25e9-6bad-437d-b0e1-8fd3b4b1e649"}]}
2026-05-05 03:37:56.059 8 INFO neutron.services.segments.plugin [-] Segment 2e3641cd-5d9f-4ee9-ae7b-ced0cd7419c0 resource provider not found; error: Placement Client Error (4xx): {"errors": [{"status": 404, "title": "Not Found", "detail": "The resource could not be found.\n\n No resource provider with uuid 2e3641cd-5d9f-4ee9-ae7b-ced0cd7419c0 found for delete ", "request_id": "req-21a9b812-1e64-4ef2-b9ec-31913ae41584"}]}
2026-05-05 03:37:56.066 8 INFO neutron.services.segments.plugin [-] Segment 1ad1f579-5398-4c54-a6f9-eefc1e785e7b resource provider aggregate not found
2026-05-05 03:37:56.083 8 INFO neutron.services.segments.plugin [-] Segment 1ad1f579-5398-4c54-a6f9-eefc1e785e7b resource provider not found; error: Placement Client Error (4xx): {"errors": [{"status": 404, "title": "Not Found", "detail": "The resource could not be found.\n\n No resource provider with uuid 1ad1f579-5398-4c54-a6f9-eefc1e785e7b found for delete ", "request_id": "req-67e365b9-2e18-4b6b-b319-98f175fda5a8"}]}
2026-05-05 03:37:56.089 8 INFO neutron.services.segments.plugin [-] Segment 1ad1f579-5398-4c54-a6f9-eefc1e785e7b resource provider aggregate not found
2026-05-05 03:37:56.108 8 INFO neutron.services.segments.plugin [-] Segment 1ad1f579-5398-4c54-a6f9-eefc1e785e7b resource provider not found; error: Placement Client Error (4xx): {"errors": [{"status": 404, "title": "Not Found", "detail": "The resource could not be found.\n\n No resource provider with uuid 1ad1f579-5398-4c54-a6f9-eefc1e785e7b found for delete ", "request_id": "req-a260ce90-c227-4555-a315-918aa47b730a"}]} [pid: 8|app: 0|req: 579/1109] 10.0.0.233 () {32 vars in 740 bytes} [Tue May 5 03:37:56 2026] DELETE /v2.0/security-groups/5b86ff60-d678-45b6-b83c-bf1f19c675d3 => generated 0 bytes in 125 msecs (HTTP/1.1 204) 2 headers in 112 bytes (1 switches on core 0)
2026-05-05 03:37:56.178 8 WARNING neutron.db.securitygroups_db [None req-717990a7-8a81-4b55-8401-ca7995ee133f 39260928a78e4a18a48e991cef0523dc a943b0f4f04741d982f98fbcdc44adc8 - - default default] project_id key not found in filters, using tenant_id instead. This support has been deprecated and will be removed in a future release. [pid: 8|app: 0|req: 580/1110] 10.0.0.233 () {32 vars in 774 bytes} [Tue May 5 03:37:56 2026] GET /v2.0/security-groups?tenant_id=061fd288e47449eda9fffa9c2e557f14&name=default => generated 2925 bytes in 27 msecs (HTTP/1.1 200) 4 headers in 158 bytes (1 switches on core 0) [pid: 7|app: 0|req: 531/1111] 10.0.0.233 () {34 vars in 669 bytes} [Tue May 5 03:37:56 2026] POST /v2.0/subnets => generated 646 bytes in 244 msecs (HTTP/1.1 201) 4 headers in 162 bytes (1 switches on core 0) [pid: 8|app: 0|req: 581/1112] 10.0.0.233 () {32 vars in 740 bytes} [Tue May 5 03:37:56 2026] DELETE /v2.0/security-groups/abd9098a-808c-4307-b7b0-c51d5d5d3bf7 => generated 0 bytes in 81 msecs (HTTP/1.1 204) 2 headers in 112 bytes (1 switches on core 0) [pid: 7|app: 0|req: 532/1113] 10.0.0.233 () {34 vars in 665 bytes} [Tue May 5 03:37:56 2026] POST /v2.0/ports => generated 965 bytes in 310 msecs (HTTP/1.1 201) 4 headers in 162 bytes (1 switches on core 0)
2026-05-05 03:37:56.738 8 INFO neutron_taas.services.taas.taas_plugin [None req-6cf80db3-6cc9-4960-8ed8-119a1684ee47 2e5df5e3950e4b3d9f5ff256df811b0b d30f142dffc8471e8182c6a84ba73b56 - - default default] TaaS: Handle Delete Port: 45eabc9e-d23f-4643-a15e-3418afdfdd82
2026-05-05 03:37:56.742 8 INFO neutron_taas.services.taas.tap_mirror_plugin [None req-6cf80db3-6cc9-4960-8ed8-119a1684ee47 2e5df5e3950e4b3d9f5ff256df811b0b d30f142dffc8471e8182c6a84ba73b56 - - default default] Tap Mirror: Handle Delete Port: 45eabc9e-d23f-4643-a15e-3418afdfdd82 [pid: 8|app: 0|req: 582/1114] 10.0.0.233 () {32 vars in 720 bytes} [Tue May 5 03:37:56 2026] DELETE /v2.0/ports/45eabc9e-d23f-4643-a15e-3418afdfdd82 => generated 0 bytes in 252 msecs (HTTP/1.1 204) 3 headers in 131 bytes (1 switches on core 0) /var/lib/openstack/lib/python3.12/site-packages/pycadf/identifier.py:70: UserWarning: Invalid uuid: neutron. To ensure interoperability, identifiers should be a valid uuid. warnings.warn(('Invalid uuid: %s. To ensure interoperability, '
2026-05-05 03:37:56.855 7 INFO neutron.pecan_wsgi.hooks.translation [None req-e4781301-1bab-4420-97ec-883d09477ddd 2e5df5e3950e4b3d9f5ff256df811b0b d30f142dffc8471e8182c6a84ba73b56 - - default default] DELETE failed (client error): The resource could not be found. [pid: 7|app: 0|req: 533/1115] 10.0.0.233 () {32 vars in 720 bytes} [Tue May 5 03:37:56 2026] DELETE /v2.0/ports/45eabc9e-d23f-4643-a15e-3418afdfdd82 => generated 132 bytes in 18 msecs (HTTP/1.1 404) 4 headers in 164 bytes (1 switches on core 0)
2026-05-05 03:37:56.874 8 INFO neutron.pecan_wsgi.hooks.translation [None req-5c36a9c1-8b99-480d-aec8-0ec012dc3ac9 2e5df5e3950e4b3d9f5ff256df811b0b d30f142dffc8471e8182c6a84ba73b56 - - default default] GET failed (client error): The resource could not be found. [pid: 8|app: 0|req: 583/1116] 10.0.0.233 () {32 vars in 717 bytes} [Tue May 5 03:37:56 2026] GET /v2.0/ports/45eabc9e-d23f-4643-a15e-3418afdfdd82 => generated 132 bytes in 13 msecs (HTTP/1.1 404) 4 headers in 164 bytes (1 switches on core 0) [pid: 7|app: 0|req: 534/1117] 10.0.0.233 () {32 vars in 724 bytes} [Tue May 5 03:37:56 2026] DELETE /v2.0/subnets/69d2bedc-4970-4ad5-8f69-83a950298937 => generated 0 bytes in 117 msecs (HTTP/1.1 204) 3 headers in 131 bytes (1 switches on core 0) [pid: 8|app: 0|req: 584/1118] 10.0.0.233 () {32 vars in 726 bytes} [Tue May 5 03:37:57 2026] DELETE /v2.0/networks/f784af81-9981-4b5f-b183-0e65790c2425 => generated 0 bytes in 124 msecs (HTTP/1.1 204) 3 headers in 131 bytes (1 switches on core 0)
2026-05-05 03:37:57.232 7 INFO neutron.db.segments_db [None req-af939d46-c706-4f5c-87f0-56c181f33902 2e5df5e3950e4b3d9f5ff256df811b0b d30f142dffc8471e8182c6a84ba73b56 - - default default] Added segment ac5b2ccc-b3df-4bf2-9504-b1e2877e9187 of type vxlan for network 7218db87-c9ec-4fe8-a584-bfbccfa50fad [pid: 7|app: 0|req: 535/1119] 10.0.0.233 () {34 vars in 670 bytes} [Tue May 5 03:37:57 2026] POST /v2.0/networks => generated 636 bytes in 163 msecs (HTTP/1.1 201) 4 headers in 162 bytes (1 switches on core 0)
2026-05-05 03:37:57.394 7 INFO neutron.services.segments.plugin [-] Segment 7b859a3f-0a35-4ab3-a8be-79ddf78987d4 resource provider aggregate not found
2026-05-05 03:37:57.408 7 INFO neutron.services.segments.plugin [-] Segment 7b859a3f-0a35-4ab3-a8be-79ddf78987d4 resource provider not found; error: Placement Client Error (4xx): {"errors": [{"status": 404, "title": "Not Found", "detail": "The resource could not be found.\n\n No resource provider with uuid 7b859a3f-0a35-4ab3-a8be-79ddf78987d4 found for delete ", "request_id": "req-067fab24-ffa3-45be-84e7-7677b1098ceb"}]}
2026-05-05 03:37:57.410 7 INFO neutron.services.segments.plugin [-] Segment 7b859a3f-0a35-4ab3-a8be-79ddf78987d4 resource provider aggregate not found
2026-05-05 03:37:57.425 7 INFO neutron.services.segments.plugin [-] Segment 8ccc7486-605a-4fbb-812e-baef89fc4935 resource provider aggregate not found
2026-05-05 03:37:57.427 7 INFO neutron.services.segments.plugin [-] Segment 7b859a3f-0a35-4ab3-a8be-79ddf78987d4 resource provider not found; error: Placement Client Error (4xx): {"errors": [{"status": 404, "title": "Not Found", "detail": "The resource could not be found.\n\n No resource provider with uuid 7b859a3f-0a35-4ab3-a8be-79ddf78987d4 found for delete ", "request_id": "req-c930db9b-2306-421b-89db-dfcfc8d39fb8"}]}
2026-05-05 03:37:57.445 7 INFO neutron.services.segments.plugin [-] Segment 8ccc7486-605a-4fbb-812e-baef89fc4935 resource provider not found; error: Placement Client Error (4xx): {"errors": [{"status": 404, "title": "Not Found", "detail": "The resource could not be found.\n\n No resource provider with uuid 8ccc7486-605a-4fbb-812e-baef89fc4935 found for delete ", "request_id": "req-f06344ec-0c0d-4607-9273-7711d55de7d1"}]}
2026-05-05 03:37:57.458 7 INFO neutron.services.segments.plugin [-] Segment 8ccc7486-605a-4fbb-812e-baef89fc4935 resource provider aggregate not found
2026-05-05 03:37:57.474 7 INFO neutron.services.segments.plugin [-] Segment 8ccc7486-605a-4fbb-812e-baef89fc4935 resource provider not found; error: Placement Client Error (4xx): {"errors": [{"status": 404, "title": "Not Found", "detail": "The resource could not be found.\n\n No resource provider with uuid 8ccc7486-605a-4fbb-812e-baef89fc4935 found for delete ", "request_id": "req-d826b812-eda1-4b19-b62e-c6b61529049d"}]} [pid: 8|app: 0|req: 585/1120] 10.0.0.233 () {34 vars in 669 bytes} [Tue May 5 03:37:57 2026] POST /v2.0/subnets => generated 646 bytes in 257 msecs (HTTP/1.1 201) 4 headers in 162 bytes (1 switches on core 0) [pid: 8|app: 0|req: 586/1121] 10.0.0.233 () {34 vars in 665 bytes} [Tue May 5 03:37:57 2026] POST /v2.0/ports => generated 924 bytes in 293 msecs (HTTP/1.1 201) 4 headers in 162 bytes (1 switches on core 0)
2026-05-05 03:37:57.888 7 INFO neutron.db.segments_db [None req-17fa9de5-a1cc-43b5-a9e5-78c75d2d2292 85fa64100327400ea1fff35a8d9ba833 2003d862fcd9410d88378b3a0dcb4e55 - - default default] Added segment 7f1e0830-ca56-478a-bff8-be9116a7ec78 of type vxlan for network 77ecbc39-e738-44d5-b7aa-cb4720ecf55e
2026-05-05 03:37:57.945 7 INFO neutron.db.segments_db [None req-17fa9de5-a1cc-43b5-a9e5-78c75d2d2292 85fa64100327400ea1fff35a8d9ba833 2003d862fcd9410d88378b3a0dcb4e55 - - default default] Added segment eaaea24b-d989-416c-8284-befcb3f4be86 of type vxlan for network b0c3ddf8-6de3-470a-b413-ded2b9a73043
2026-05-05 03:37:57.970 8 INFO neutron_taas.services.taas.taas_plugin [None req-ee3e2bac-9364-46a2-ba5b-1b6c96ced446 2e5df5e3950e4b3d9f5ff256df811b0b d30f142dffc8471e8182c6a84ba73b56 - - default default] TaaS: Handle Delete Port: f346903a-b23b-472b-9c32-3efc4e04ea8a
2026-05-05 03:37:57.973 8 INFO neutron_taas.services.taas.tap_mirror_plugin [None req-ee3e2bac-9364-46a2-ba5b-1b6c96ced446 2e5df5e3950e4b3d9f5ff256df811b0b d30f142dffc8471e8182c6a84ba73b56 - - default default] Tap Mirror: Handle Delete Port: f346903a-b23b-472b-9c32-3efc4e04ea8a [pid: 7|app: 0|req: 536/1122] 10.0.0.233 () {34 vars in 670 bytes} [Tue May 5 03:37:57 2026] POST /v2.0/networks => generated 1246 bytes in 481 msecs (HTTP/1.1 201) 4 headers in 163 bytes (1 switches on core 0) [pid: 8|app: 0|req: 587/1123] 10.0.0.233 () {32 vars in 720 bytes} [Tue May 5 03:37:57 2026] DELETE /v2.0/ports/f346903a-b23b-472b-9c32-3efc4e04ea8a => generated 0 bytes in 181 msecs (HTTP/1.1 204) 3 headers in 131 bytes (1 switches on core 0)
2026-05-05 03:37:58.116 8 INFO neutron.services.segments.plugin [-] Segment 8e5e9108-622a-4ea6-923d-84c9cf43b3b7 resource provider aggregate not found
2026-05-05 03:37:58.140 8 INFO neutron.services.segments.plugin [-] Segment 8e5e9108-622a-4ea6-923d-84c9cf43b3b7 resource provider not found; error: Placement Client Error (4xx): {"errors": [{"status": 404, "title": "Not Found", "detail": "The resource could not be found.\n\n No resource provider with uuid 8e5e9108-622a-4ea6-923d-84c9cf43b3b7 found for delete ", "request_id": "req-02f4d308-fbd2-4823-bc68-9f5dfbe4d7df"}]} [pid: 8|app: 0|req: 588/1124] 10.0.0.233 () {32 vars in 649 bytes} [Tue May 5 03:37:58 2026] GET /v2.0/networks => generated 1845 bytes in 81 msecs (HTTP/1.1 200) 4 headers in 158 bytes (1 switches on core 0)
2026-05-05 03:37:58.148 8 INFO neutron.services.segments.plugin [-] Segment 8e5e9108-622a-4ea6-923d-84c9cf43b3b7 resource provider aggregate not found
2026-05-05 03:37:58.166 8 INFO neutron.pecan_wsgi.hooks.translation [None req-a2984195-f653-4240-9ad2-7dcfdadef030 2e5df5e3950e4b3d9f5ff256df811b0b d30f142dffc8471e8182c6a84ba73b56 - - default default] GET failed (client error): The resource could not be found. [pid: 8|app: 0|req: 589/1125] 10.0.0.233 () {32 vars in 717 bytes} [Tue May 5 03:37:58 2026] GET /v2.0/ports/f346903a-b23b-472b-9c32-3efc4e04ea8a => generated 132 bytes in 21 msecs (HTTP/1.1 404) 4 headers in 164 bytes (1 switches on core 0)
2026-05-05 03:37:58.179 8 INFO neutron.services.segments.plugin [-] Segment 8e5e9108-622a-4ea6-923d-84c9cf43b3b7 resource provider not found; error: Placement Client Error (4xx): {"errors": [{"status": 404, "title": "Not Found", "detail": "The resource could not be found.\n\n No resource provider with uuid 8e5e9108-622a-4ea6-923d-84c9cf43b3b7 found for delete ", "request_id": "req-50b32c20-6990-4899-b079-8d85355f64df"}]} [pid: 8|app: 0|req: 590/1126] 10.0.0.233 () {32 vars in 726 bytes} [Tue May 5 03:37:58 2026] DELETE /v2.0/networks/77ecbc39-e738-44d5-b7aa-cb4720ecf55e => generated 0 bytes in 115 msecs (HTTP/1.1 204) 3 headers in 131 bytes (1 switches on core 0)
2026-05-05 03:37:58.302 7 INFO neutron.db.segments_db [None req-30e6c0c9-5d50-413e-86b9-8640a18d561d 39260928a78e4a18a48e991cef0523dc a943b0f4f04741d982f98fbcdc44adc8 - - default default] Added segment 1944fa5c-dc1e-4378-a85e-127899e5eb1e of type vxlan for network da32f435-13e0-43b1-af4b-5817719f7f0f [pid: 8|app: 0|req: 591/1127] 10.0.0.233 () {32 vars in 724 bytes} [Tue May 5 03:37:58 2026] DELETE /v2.0/subnets/820f0829-246a-43af-bd1c-5c1e67b84227 => generated 0 bytes in 109 msecs (HTTP/1.1 204) 3 headers in 131 bytes (1 switches on core 0) [pid: 7|app: 0|req: 537/1128] 10.0.0.233 () {34 vars in 671 bytes} [Tue May 5 03:37:58 2026] POST /v2.0/networks => generated 743 bytes in 358 msecs (HTTP/1.1 201) 4 headers in 162 bytes (1 switches on core 0) [pid: 8|app: 0|req: 592/1129] 10.0.0.233 () {32 vars in 726 bytes} [Tue May 5 03:37:58 2026] DELETE /v2.0/networks/b0c3ddf8-6de3-470a-b413-ded2b9a73043 => generated 0 bytes in 114 msecs (HTTP/1.1 204) 3 headers in 131 bytes (1 switches on core 0) [pid: 7|app: 0|req: 538/1130] 10.0.0.233 () {32 vars in 726 bytes} [Tue May 5 03:37:58 2026] DELETE /v2.0/networks/7218db87-c9ec-4fe8-a584-bfbccfa50fad => generated 0 bytes in 132 msecs (HTTP/1.1 204) 3 headers in 131 bytes (1 switches on core 0) [pid: 7|app: 0|req: 539/1131] 10.0.0.233 () {32 vars in 649 bytes} [Tue May 5 03:37:58 2026] GET /v2.0/networks => generated 651 bytes in 51 msecs (HTTP/1.1 200) 4 headers in 157 bytes (1 switches on core 0) [pid: 8|app: 0|req: 593/1132] 10.0.0.233 () {34 vars in 669 bytes} [Tue May 5 03:37:58 2026] POST /v2.0/subnets => generated 690 bytes in 216 msecs (HTTP/1.1 201) 4 headers in 162 bytes (1 switches on core 0)
2026-05-05 03:37:58.788 8 INFO neutron.db.segments_db [None req-cca69f4c-d7a8-4202-aa0e-8c889fedb99d 85fa64100327400ea1fff35a8d9ba833 2003d862fcd9410d88378b3a0dcb4e55 - - default default] Added segment 7ef44d73-0c25-4379-9c07-89af8ac8615f of type vxlan for network 1261b81f-2218-4cef-acb5-9ac5e5f371e4 [pid: 7|app: 0|req: 540/1133] 10.0.0.233 () {34 vars in 665 bytes} [Tue May 5 03:37:58 2026] POST /v2.0/ports => generated 779 bytes in 260 msecs (HTTP/1.1 201) 4 headers in 162 bytes (1 switches on core 0) /var/lib/openstack/lib/python3.12/site-packages/pycadf/identifier.py:70: UserWarning: Invalid uuid: neutron. To ensure interoperability, identifiers should be a valid uuid. warnings.warn(('Invalid uuid: %s. To ensure interoperability, ' [pid: 8|app: 0|req: 594/1134] 10.0.0.233 () {34 vars in 670 bytes} [Tue May 5 03:37:58 2026] POST /v2.0/networks => generated 654 bytes in 145 msecs (HTTP/1.1 201) 4 headers in 162 bytes (1 switches on core 0)
2026-05-05 03:37:58.900 7 INFO neutron.db.segments_db [None req-a311981c-abdd-4c45-b660-1628017f058e 39260928a78e4a18a48e991cef0523dc a943b0f4f04741d982f98fbcdc44adc8 - - default default] Added segment 03d40420-d980-4ffd-a4ee-a32180e373c2 of type vxlan for network da729770-dfca-49cd-84a2-d3e683357b58 [pid: 8|app: 0|req: 595/1135] 10.0.0.233 () {34 vars in 737 bytes} [Tue May 5 03:37:58 2026] PUT /v2.0/ports/dcc5019e-9226-4096-9879-19c9b685422b => generated 752 bytes in 168 msecs (HTTP/1.1 200) 4 headers in 157 bytes (1 switches on core 0) /var/lib/openstack/lib/python3.12/site-packages/pycadf/identifier.py:70: UserWarning: Invalid uuid: neutron. To ensure interoperability, identifiers should be a valid uuid. warnings.warn(('Invalid uuid: %s. To ensure interoperability, '
2026-05-05 03:37:59.084 8 INFO neutron.db.segments_db [None req-c729fbc7-fcd3-40ee-9529-8fd98db8f923 85fa64100327400ea1fff35a8d9ba833 2003d862fcd9410d88378b3a0dcb4e55 - - default default] Added segment 211f2536-d471-40cd-9f1b-398036dc0bab of type vxlan for network 1161f8e2-0b5f-4d34-ae50-ea0e25287414
2026-05-05 03:37:59.104 7 INFO neutron.db.l3_hamode_db [None req-a311981c-abdd-4c45-b660-1628017f058e 39260928a78e4a18a48e991cef0523dc dfd92ee1f48f495ca6fafa294e2e221a - - default default] Number of active agents lower than max_l3_agents_per_router. L3 agents available: 1 [pid: 8|app: 0|req: 596/1136] 10.0.0.233 () {34 vars in 670 bytes} [Tue May 5 03:37:59 2026] POST /v2.0/networks => generated 654 bytes in 139 msecs (HTTP/1.1 201) 4 headers in 162 bytes (1 switches on core 0)
2026-05-05 03:37:59.281 8 INFO neutron_taas.services.taas.taas_plugin [None req-377d545b-7b44-4473-aade-b5d3f60799fa 2e5df5e3950e4b3d9f5ff256df811b0b d30f142dffc8471e8182c6a84ba73b56 - - default default] TaaS: Handle Delete Port: dcc5019e-9226-4096-9879-19c9b685422b
2026-05-05 03:37:59.284 8 INFO neutron_taas.services.taas.tap_mirror_plugin [None req-377d545b-7b44-4473-aade-b5d3f60799fa 2e5df5e3950e4b3d9f5ff256df811b0b d30f142dffc8471e8182c6a84ba73b56 - - default default] Tap Mirror: Handle Delete Port: dcc5019e-9226-4096-9879-19c9b685422b [pid: 8|app: 0|req: 599/1139] 10.0.0.233 () {32 vars in 720 bytes} [Tue May 5 03:37:59 2026] DELETE /v2.0/ports/dcc5019e-9226-4096-9879-19c9b685422b => generated 0 bytes in 175 msecs (HTTP/1.1 204) 3 headers in 131 bytes (1 switches on core 0)
2026-05-05 03:37:59.473 7 INFO neutron.services.segments.plugin [-] Segment ac5b2ccc-b3df-4bf2-9504-b1e2877e9187 resource provider aggregate not found
2026-05-05 03:37:59.492 7 INFO neutron.services.segments.plugin [-] Segment ac5b2ccc-b3df-4bf2-9504-b1e2877e9187 resource provider not found; error: Placement Client Error (4xx): {"errors": [{"status": 404, "title": "Not Found", "detail": "The resource could not be found.\n\n No resource provider with uuid ac5b2ccc-b3df-4bf2-9504-b1e2877e9187 found for delete ", "request_id": "req-ae8121d2-0e7c-4f5f-8402-f3195f34bf34"}]}
2026-05-05 03:37:59.493 7 INFO neutron.services.segments.plugin [-] Segment ac5b2ccc-b3df-4bf2-9504-b1e2877e9187 resource provider aggregate not found
2026-05-05 03:37:59.506 7 INFO neutron.services.segments.plugin [-] Segment ac5b2ccc-b3df-4bf2-9504-b1e2877e9187 resource provider not found; error: Placement Client Error (4xx): {"errors": [{"status": 404, "title": "Not Found", "detail": "The resource could not be found.\n\n No resource provider with uuid ac5b2ccc-b3df-4bf2-9504-b1e2877e9187 found for delete ", "request_id": "req-a35f1d9c-8861-4bf0-aaa8-45cedde6c586"}]}
