2026-05-05 03:44:33.903 7 INFO neutron.api.v2.resource [None req-9cf7e601-3d89-4ad6-b3c9-a3091b066597 13e010f985a14223aa69785a0ea348d3 680f292940264a3b9c8d845fd94dca52 - - default default] show failed (client error): The resource could not be found. [pid: 7|app: 0|req: 1447/3033] 10.0.0.233 () {32 vars in 729 bytes} [Tue May 5 03:44:33 2026] GET /v2.0/floatingips/c697718b-95a1-482b-a96f-44a37f8aaa91 => generated 144 bytes in 19 msecs (HTTP/1.1 404) 4 headers in 164 bytes (1 switches on core 0)
2026-05-05 03:44:33.917 8 INFO neutron.notifiers.nova [-] Nova event matching ['req-35e89e25-1e10-45bc-af5a-41f54ab4fa9a'] response: {'name': 'network-changed', 'server_uuid': 'e01bc0ad-4070-42d9-b32b-f3d301a9f843', 'tag': '1e6a7f76-3bf2-426a-9b37-8c5c07832f5a', 'status': 'completed', 'code': 200} [pid: 8|app: 0|req: 1587/3034] 10.0.0.204 () {34 vars in 990 bytes} [Tue May 5 03:44:34 2026] GET /v2.0/ports?device_id=e01bc0ad-4070-42d9-b32b-f3d301a9f843 => generated 1200 bytes in 85 msecs (HTTP/1.1 200) 4 headers in 158 bytes (1 switches on core 0) [pid: 7|app: 0|req: 1448/3035] 10.0.0.204 () {34 vars in 1040 bytes} [Tue May 5 03:44:34 2026] GET /v2.0/security-groups?id=855e8e87-635d-497a-b6d4-dfacb9bc3bff&fields=id&fields=name => generated 112 bytes in 38 msecs (HTTP/1.1 200) 4 headers in 157 bytes (1 switches on core 0) [pid: 8|app: 0|req: 1588/3036] 199.19.213.44 () {34 vars in 1079 bytes} [Tue May 5 03:44:34 2026] GET /v2.0/ports?tenant_id=680f292940264a3b9c8d845fd94dca52&device_id=e01bc0ad-4070-42d9-b32b-f3d301a9f843 => generated 1469 bytes in 34 msecs (HTTP/1.1 200) 4 headers in 158 bytes (1 switches on core 0) [pid: 7|app: 0|req: 1449/3037] 199.19.213.44 () {34 vars in 985 bytes} [Tue May 5 03:44:34 2026] GET /v2.0/networks?id=ae0ee442-847a-4061-bfef-5b2f55c96847 => generated 800 bytes in 50 msecs (HTTP/1.1 200) 4 headers in 157 bytes (1 switches on core 0) [pid: 8|app: 0|req: 1589/3038] 199.19.213.44 () {34 vars in 1057 bytes} [Tue May 5 03:44:34 2026] GET /v2.0/floatingips?fixed_ip_address=10.2.2.132&port_id=1e6a7f76-3bf2-426a-9b37-8c5c07832f5a => generated 19 bytes in 20 msecs (HTTP/1.1 200) 4 headers in 156 bytes (1 switches on core 0) [pid: 7|app: 0|req: 1450/3039] 199.19.213.44 () {34 vars in 1103 bytes} [Tue May 5 03:44:34 2026] GET /v2.0/floatingips?fixed_ip_address=fd77%3A1457%3A4cf0%3A26a8%3A%3A35&port_id=1e6a7f76-3bf2-426a-9b37-8c5c07832f5a => generated 19 bytes in 27 msecs (HTTP/1.1 200) 4 headers in 156 bytes (1 switches on core 0) [pid: 8|app: 0|req: 1590/3040] 199.19.213.44 () {34 vars in 1063 bytes} [Tue May 5 03:44:34 2026] GET /v2.0/subnets?id=3f2b277b-83f3-4115-858b-bec018c9f667&id=aa54a3ae-1d52-475c-bbb7-2799bb9844b7 => generated 1415 bytes in 33 msecs (HTTP/1.1 200) 4 headers in 158 bytes (1 switches on core 0) [pid: 7|app: 0|req: 1451/3041] 199.19.213.44 () {34 vars in 1051 bytes} [Tue May 5 03:44:34 2026] GET /v2.0/ports?network_id=ae0ee442-847a-4061-bfef-5b2f55c96847&device_owner=network%3Adhcp => generated 1461 bytes in 32 msecs (HTTP/1.1 200) 4 headers in 158 bytes (1 switches on core 0) [pid: 8|app: 0|req: 1591/3042] 199.19.213.44 () {34 vars in 1051 bytes} [Tue May 5 03:44:34 2026] GET /v2.0/ports?network_id=ae0ee442-847a-4061-bfef-5b2f55c96847&device_owner=network%3Adhcp => generated 1461 bytes in 37 msecs (HTTP/1.1 200) 4 headers in 158 bytes (1 switches on core 0) [pid: 7|app: 0|req: 1452/3043] 199.19.213.44 () {34 vars in 1011 bytes} [Tue May 5 03:44:34 2026] GET /v2.0/networks/ae0ee442-847a-4061-bfef-5b2f55c96847?fields=segments => generated 14 bytes in 36 msecs (HTTP/1.1 200) 4 headers in 156 bytes (1 switches on core 0) [pid: 8|app: 0|req: 1592/3044] 199.19.213.44 () {34 vars in 1111 bytes} [Tue May 5 03:44:34 2026] GET /v2.0/networks/ae0ee442-847a-4061-bfef-5b2f55c96847?fields=provider%3Aphysical_network&fields=provider%3Anetwork_type => generated 78 bytes in 40 msecs (HTTP/1.1 200) 4 headers in 156 bytes (1 switches on core 0) [pid: 7|app: 0|req: 1453/3045] 199.19.213.44 () {34 vars in 993 bytes} [Tue May 5 03:44:36 2026] GET /v2.0/ports?device_id=e01bc0ad-4070-42d9-b32b-f3d301a9f843 => generated 1200 bytes in 71 msecs (HTTP/1.1 200) 4 headers in 158 bytes (1 switches on core 0)
2026-05-05 03:44:36.665 8 INFO neutron_taas.services.taas.taas_plugin [req-779e4520-7538-44e6-ba45-56f5281417e7 req-8271027e-a924-4e06-868e-604eb4885ad9 13e010f985a14223aa69785a0ea348d3 680f292940264a3b9c8d845fd94dca52 - - default default] TaaS: Handle Delete Port: 1e6a7f76-3bf2-426a-9b37-8c5c07832f5a
2026-05-05 03:44:36.669 8 INFO neutron_taas.services.taas.tap_mirror_plugin [req-779e4520-7538-44e6-ba45-56f5281417e7 req-8271027e-a924-4e06-868e-604eb4885ad9 13e010f985a14223aa69785a0ea348d3 680f292940264a3b9c8d845fd94dca52 - - default default] Tap Mirror: Handle Delete Port: 1e6a7f76-3bf2-426a-9b37-8c5c07832f5a [pid: 8|app: 0|req: 1593/3046] 199.19.213.44 () {36 vars in 996 bytes} [Tue May 5 03:44:36 2026] DELETE /v2.0/ports/1e6a7f76-3bf2-426a-9b37-8c5c07832f5a => generated 0 bytes in 264 msecs (HTTP/1.1 204) 3 headers in 131 bytes (1 switches on core 0)
2026-05-05 03:44:36.845 8 INFO neutron.notifiers.nova [-] Nova event matching ['req-b7ed101b-6aba-4c3b-93d1-5795a902684e'] response: {'server_uuid': 'e01bc0ad-4070-42d9-b32b-f3d301a9f843', 'name': 'network-vif-deleted', 'tag': '1e6a7f76-3bf2-426a-9b37-8c5c07832f5a', 'status': 'completed', 'code': 200} [pid: 7|app: 0|req: 1454/3047] 10.0.0.204 () {34 vars in 990 bytes} [Tue May 5 03:44:39 2026] GET /v2.0/ports?device_id=e01bc0ad-4070-42d9-b32b-f3d301a9f843 => generated 12 bytes in 21 msecs (HTTP/1.1 200) 4 headers in 156 bytes (1 switches on core 0)
2026-05-05 03:44:44.486 7 INFO neutron_taas.services.taas.taas_plugin [None req-97b12036-83fa-4399-a21f-450a70343abf 13e010f985a14223aa69785a0ea348d3 680f292940264a3b9c8d845fd94dca52 - - default default] TaaS: Handle Delete Port: 9314acbe-5e31-42f5-a0b7-409306381523
2026-05-05 03:44:44.489 7 INFO neutron_taas.services.taas.tap_mirror_plugin [None req-97b12036-83fa-4399-a21f-450a70343abf 13e010f985a14223aa69785a0ea348d3 680f292940264a3b9c8d845fd94dca52 - - default default] Tap Mirror: Handle Delete Port: 9314acbe-5e31-42f5-a0b7-409306381523
2026-05-05 03:44:44.664 7 INFO neutron.db.l3_db [None req-97b12036-83fa-4399-a21f-450a70343abf 13e010f985a14223aa69785a0ea348d3 680f292940264a3b9c8d845fd94dca52 - - default default] Floating IP 08d5a337-4862-4ddb-b0f9-8055464e7024 disassociated (deleted). External IP: 10.96.250.201, port: 61ac1e00-0263-4e11-a5e3-a2085f1ad47d. [pid: 7|app: 0|req: 1456/3050] 10.0.0.233 () {32 vars in 732 bytes} [Tue May 5 03:44:44 2026] DELETE /v2.0/floatingips/08d5a337-4862-4ddb-b0f9-8055464e7024 => generated 0 bytes in 622 msecs (HTTP/1.1 204) 2 headers in 112 bytes (1 switches on core 0)
2026-05-05 03:44:45.016 8 INFO neutron.api.v2.resource [None req-55d29f54-8b64-4eb0-bf1b-700ce012a6fe 13e010f985a14223aa69785a0ea348d3 680f292940264a3b9c8d845fd94dca52 - - default default] show failed (client error): The resource could not be found. [pid: 8|app: 0|req: 1595/3051] 10.0.0.233 () {32 vars in 729 bytes} [Tue May 5 03:44:44 2026] GET /v2.0/floatingips/08d5a337-4862-4ddb-b0f9-8055464e7024 => generated 144 bytes in 18 msecs (HTTP/1.1 404) 4 headers in 164 bytes (1 switches on core 0)
2026-05-05 03:44:45.028 7 INFO neutron.notifiers.nova [-] Nova event matching ['req-551c369a-ed56-4e41-85b0-fc772edd7965'] response: {'name': 'network-changed', 'server_uuid': '9811c86d-0167-4e53-90a9-056a143603b2', 'tag': '61ac1e00-0263-4e11-a5e3-a2085f1ad47d', 'status': 'completed', 'code': 200} [pid: 7|app: 0|req: 1457/3052] 10.0.0.204 () {34 vars in 990 bytes} [Tue May 5 03:44:45 2026] GET /v2.0/ports?device_id=9811c86d-0167-4e53-90a9-056a143603b2 => generated 1200 bytes in 80 msecs (HTTP/1.1 200) 4 headers in 158 bytes (1 switches on core 0) [pid: 8|app: 0|req: 1596/3053] 10.0.0.204 () {34 vars in 1040 bytes} [Tue May 5 03:44:45 2026] GET /v2.0/security-groups?id=855e8e87-635d-497a-b6d4-dfacb9bc3bff&fields=id&fields=name => generated 112 bytes in 29 msecs (HTTP/1.1 200) 4 headers in 157 bytes (1 switches on core 0) [pid: 7|app: 0|req: 1458/3054] 199.19.213.44 () {34 vars in 1079 bytes} [Tue May 5 03:44:45 2026] GET /v2.0/ports?tenant_id=680f292940264a3b9c8d845fd94dca52&device_id=9811c86d-0167-4e53-90a9-056a143603b2 => generated 1469 bytes in 36 msecs (HTTP/1.1 200) 4 headers in 158 bytes (1 switches on core 0) [pid: 8|app: 0|req: 1597/3055] 199.19.213.44 () {34 vars in 985 bytes} [Tue May 5 03:44:45 2026] GET /v2.0/networks?id=311d4ea4-b434-470b-8f18-6f8801dcca5e => generated 801 bytes in 46 msecs (HTTP/1.1 200) 4 headers in 157 bytes (1 switches on core 0) [pid: 7|app: 0|req: 1459/3056] 199.19.213.44 () {34 vars in 1057 bytes} [Tue May 5 03:44:45 2026] GET /v2.0/floatingips?fixed_ip_address=10.2.1.160&port_id=61ac1e00-0263-4e11-a5e3-a2085f1ad47d => generated 19 bytes in 14 msecs (HTTP/1.1 200) 4 headers in 156 bytes (1 switches on core 0) [pid: 8|app: 0|req: 1598/3057] 199.19.213.44 () {34 vars in 1103 bytes} [Tue May 5 03:44:45 2026] GET /v2.0/floatingips?fixed_ip_address=fd7b%3Af9f7%3Afff%3A4eca%3A%3A3e6&port_id=61ac1e00-0263-4e11-a5e3-a2085f1ad47d => generated 19 bytes in 20 msecs (HTTP/1.1 200) 4 headers in 156 bytes (1 switches on core 0) [pid: 7|app: 0|req: 1460/3058] 199.19.213.44 () {34 vars in 1063 bytes} [Tue May 5 03:44:45 2026] GET /v2.0/subnets?id=8b599b20-0c49-4aa8-a3fa-00d35e9d4b0f&id=46ebb34e-c0db-42cc-a0b1-04390aa48bc2 => generated 1410 bytes in 28 msecs (HTTP/1.1 200) 4 headers in 158 bytes (1 switches on core 0) [pid: 8|app: 0|req: 1599/3059] 199.19.213.44 () {34 vars in 1051 bytes} [Tue May 5 03:44:45 2026] GET /v2.0/ports?network_id=311d4ea4-b434-470b-8f18-6f8801dcca5e&device_owner=network%3Adhcp => generated 1457 bytes in 36 msecs (HTTP/1.1 200) 4 headers in 158 bytes (1 switches on core 0) [pid: 7|app: 0|req: 1461/3060] 199.19.213.44 () {34 vars in 1051 bytes} [Tue May 5 03:44:45 2026] GET /v2.0/ports?network_id=311d4ea4-b434-470b-8f18-6f8801dcca5e&device_owner=network%3Adhcp => generated 1457 bytes in 33 msecs (HTTP/1.1 200) 4 headers in 158 bytes (1 switches on core 0) [pid: 8|app: 0|req: 1600/3061] 199.19.213.44 () {34 vars in 1011 bytes} [Tue May 5 03:44:45 2026] GET /v2.0/networks/311d4ea4-b434-470b-8f18-6f8801dcca5e?fields=segments => generated 14 bytes in 38 msecs (HTTP/1.1 200) 4 headers in 156 bytes (1 switches on core 0) [pid: 7|app: 0|req: 1462/3062] 199.19.213.44 () {34 vars in 1111 bytes} [Tue May 5 03:44:45 2026] GET /v2.0/networks/311d4ea4-b434-470b-8f18-6f8801dcca5e?fields=provider%3Aphysical_network&fields=provider%3Anetwork_type => generated 78 bytes in 46 msecs (HTTP/1.1 200) 4 headers in 156 bytes (1 switches on core 0) [pid: 8|app: 0|req: 1601/3063] 199.19.213.44 () {34 vars in 993 bytes} [Tue May 5 03:44:47 2026] GET /v2.0/ports?device_id=9811c86d-0167-4e53-90a9-056a143603b2 => generated 1200 bytes in 72 msecs (HTTP/1.1 200) 4 headers in 158 bytes (1 switches on core 0)
2026-05-05 03:44:47.733 7 INFO neutron_taas.services.taas.taas_plugin [req-189c276d-22bb-4164-a3fe-d060e0299d93 req-e70abf59-c42d-47b4-af1a-84f61e8577da 13e010f985a14223aa69785a0ea348d3 680f292940264a3b9c8d845fd94dca52 - - default default] TaaS: Handle Delete Port: 61ac1e00-0263-4e11-a5e3-a2085f1ad47d
2026-05-05 03:44:47.736 7 INFO neutron_taas.services.taas.tap_mirror_plugin [req-189c276d-22bb-4164-a3fe-d060e0299d93 req-e70abf59-c42d-47b4-af1a-84f61e8577da 13e010f985a14223aa69785a0ea348d3 680f292940264a3b9c8d845fd94dca52 - - default default] Tap Mirror: Handle Delete Port: 61ac1e00-0263-4e11-a5e3-a2085f1ad47d [pid: 7|app: 0|req: 1463/3064] 199.19.213.44 () {36 vars in 996 bytes} [Tue May 5 03:44:47 2026] DELETE /v2.0/ports/61ac1e00-0263-4e11-a5e3-a2085f1ad47d => generated 0 bytes in 261 msecs (HTTP/1.1 204) 3 headers in 131 bytes (1 switches on core 0)
2026-05-05 03:44:47.939 7 INFO neutron.notifiers.nova [-] Nova event matching ['req-d3081908-5c1b-4048-b036-598e0073b7a6'] response: {'server_uuid': '9811c86d-0167-4e53-90a9-056a143603b2', 'name': 'network-vif-deleted', 'tag': '61ac1e00-0263-4e11-a5e3-a2085f1ad47d', 'status': 'completed', 'code': 200} [pid: 8|app: 0|req: 1602/3065] 10.0.0.204 () {34 vars in 990 bytes} [Tue May 5 03:44:50 2026] GET /v2.0/ports?device_id=9811c86d-0167-4e53-90a9-056a143603b2 => generated 12 bytes in 22 msecs (HTTP/1.1 200) 4 headers in 156 bytes (1 switches on core 0) [pid: 7|app: 0|req: 1464/3066] 10.0.0.233 () {32 vars in 750 bytes} [Tue May 5 03:44:55 2026] DELETE /v2.0/security-group-rules/86c3f292-953a-4c79-a233-5311a01e186b => generated 0 bytes in 83 msecs (HTTP/1.1 204) 2 headers in 112 bytes (1 switches on core 0)
2026-05-05 03:44:55.517 8 INFO neutron.api.v2.resource [None req-79dc351e-8f70-4788-b0d2-7311021fc83d 13e010f985a14223aa69785a0ea348d3 680f292940264a3b9c8d845fd94dca52 - - default default] show failed (client error): The resource could not be found. [pid: 8|app: 0|req: 1603/3067] 10.0.0.233 () {32 vars in 747 bytes} [Tue May 5 03:44:55 2026] GET /v2.0/security-group-rules/86c3f292-953a-4c79-a233-5311a01e186b => generated 155 bytes in 8 msecs (HTTP/1.1 404) 4 headers in 164 bytes (1 switches on core 0) [pid: 7|app: 0|req: 1465/3068] 10.0.0.233 () {32 vars in 750 bytes} [Tue May 5 03:44:55 2026] DELETE /v2.0/security-group-rules/6fa6afa2-56fb-4e41-bd0e-69d04fe17d3a => generated 0 bytes in 60 msecs (HTTP/1.1 204) 2 headers in 112 bytes (1 switches on core 0)
2026-05-05 03:44:55.597 8 INFO neutron.api.v2.resource [None req-6fce7518-2d1e-4bea-9fa2-6dfe56f4ae16 13e010f985a14223aa69785a0ea348d3 680f292940264a3b9c8d845fd94dca52 - - default default] show failed (client error): The resource could not be found. [pid: 8|app: 0|req: 1604/3069] 10.0.0.233 () {32 vars in 747 bytes} [Tue May 5 03:44:55 2026] GET /v2.0/security-group-rules/6fa6afa2-56fb-4e41-bd0e-69d04fe17d3a => generated 155 bytes in 11 msecs (HTTP/1.1 404) 4 headers in 164 bytes (1 switches on core 0) [pid: 7|app: 0|req: 1466/3070] 10.0.0.233 () {32 vars in 750 bytes} [Tue May 5 03:44:55 2026] DELETE /v2.0/security-group-rules/d924c02d-034e-44d5-9d31-80d5ef7d75bf => generated 0 bytes in 57 msecs (HTTP/1.1 204) 2 headers in 112 bytes (1 switches on core 0)
2026-05-05 03:44:55.676 8 INFO neutron.api.v2.resource [None req-60612cb3-281a-49b0-8f45-11a7b806bc20 13e010f985a14223aa69785a0ea348d3 680f292940264a3b9c8d845fd94dca52 - - default default] show failed (client error): The resource could not be found. [pid: 8|app: 0|req: 1605/3071] 10.0.0.233 () {32 vars in 747 bytes} [Tue May 5 03:44:55 2026] GET /v2.0/security-group-rules/d924c02d-034e-44d5-9d31-80d5ef7d75bf => generated 155 bytes in 13 msecs (HTTP/1.1 404) 4 headers in 164 bytes (1 switches on core 0) [pid: 7|app: 0|req: 1467/3072] 10.0.0.233 () {32 vars in 750 bytes} [Tue May 5 03:44:55 2026] DELETE /v2.0/security-group-rules/12476346-9712-496a-8d7c-f935ea785d90 => generated 0 bytes in 55 msecs (HTTP/1.1 204) 2 headers in 112 bytes (1 switches on core 0)
2026-05-05 03:44:55.750 8 INFO neutron.api.v2.resource [None req-dc061a26-ad82-4206-8524-07f64b2727a8 13e010f985a14223aa69785a0ea348d3 680f292940264a3b9c8d845fd94dca52 - - default default] show failed (client error): The resource could not be found. [pid: 8|app: 0|req: 1606/3073] 10.0.0.233 () {32 vars in 747 bytes} [Tue May 5 03:44:55 2026] GET /v2.0/security-group-rules/12476346-9712-496a-8d7c-f935ea785d90 => generated 155 bytes in 11 msecs (HTTP/1.1 404) 4 headers in 164 bytes (1 switches on core 0) [pid: 7|app: 0|req: 1468/3074] 10.0.0.233 () {32 vars in 750 bytes} [Tue May 5 03:44:55 2026] DELETE /v2.0/security-group-rules/d40f37fe-642d-40ac-be7a-578a6604cee4 => generated 0 bytes in 61 msecs (HTTP/1.1 204) 2 headers in 112 bytes (1 switches on core 0)
2026-05-05 03:44:55.830 8 INFO neutron.api.v2.resource [None req-1a2b8e60-329e-49ba-a07f-d0b5488f06d2 13e010f985a14223aa69785a0ea348d3 680f292940264a3b9c8d845fd94dca52 - - default default] show failed (client error): The resource could not be found. [pid: 8|app: 0|req: 1607/3075] 10.0.0.233 () {32 vars in 747 bytes} [Tue May 5 03:44:55 2026] GET /v2.0/security-group-rules/d40f37fe-642d-40ac-be7a-578a6604cee4 => generated 155 bytes in 10 msecs (HTTP/1.1 404) 4 headers in 164 bytes (1 switches on core 0) [pid: 7|app: 0|req: 1469/3076] 10.0.0.233 () {32 vars in 750 bytes} [Tue May 5 03:44:55 2026] DELETE /v2.0/security-group-rules/a751e18d-fce3-47d7-ae32-c4f148c49936 => generated 0 bytes in 54 msecs (HTTP/1.1 204) 2 headers in 112 bytes (1 switches on core 0)
2026-05-05 03:44:55.904 8 INFO neutron.api.v2.resource [None req-73ef23f7-c8eb-4aa3-80b2-9c29e0f84929 13e010f985a14223aa69785a0ea348d3 680f292940264a3b9c8d845fd94dca52 - - default default] show failed (client error): The resource could not be found. [pid: 8|app: 0|req: 1608/3077] 10.0.0.233 () {32 vars in 747 bytes} [Tue May 5 03:44:55 2026] GET /v2.0/security-group-rules/a751e18d-fce3-47d7-ae32-c4f148c49936 => generated 155 bytes in 12 msecs (HTTP/1.1 404) 4 headers in 164 bytes (1 switches on core 0) [pid: 7|app: 0|req: 1470/3078] 10.0.0.233 () {32 vars in 750 bytes} [Tue May 5 03:44:55 2026] DELETE /v2.0/security-group-rules/f7735884-133b-4e44-b0f3-b746b2719ebb => generated 0 bytes in 64 msecs (HTTP/1.1 204) 2 headers in 112 bytes (1 switches on core 0)
2026-05-05 03:44:55.989 8 INFO neutron.api.v2.resource [None req-7bf0b968-95eb-40fa-92db-a6a8de82b32c 13e010f985a14223aa69785a0ea348d3 680f292940264a3b9c8d845fd94dca52 - - default default] show failed (client error): The resource could not be found. [pid: 8|app: 0|req: 1609/3079] 10.0.0.233 () {32 vars in 747 bytes} [Tue May 5 03:44:55 2026] GET /v2.0/security-group-rules/f7735884-133b-4e44-b0f3-b746b2719ebb => generated 155 bytes in 12 msecs (HTTP/1.1 404) 4 headers in 164 bytes (1 switches on core 0) [pid: 7|app: 0|req: 1471/3080] 10.0.0.233 () {32 vars in 750 bytes} [Tue May 5 03:44:55 2026] DELETE /v2.0/security-group-rules/bd01df85-af56-4889-a6d0-a8c45de3a581 => generated 0 bytes in 73 msecs (HTTP/1.1 204) 2 headers in 112 bytes (1 switches on core 0)
2026-05-05 03:44:56.081 8 INFO neutron.api.v2.resource [None req-1887d3ff-b977-4701-997e-dde84e488386 13e010f985a14223aa69785a0ea348d3 680f292940264a3b9c8d845fd94dca52 - - default default] show failed (client error): The resource could not be found. [pid: 8|app: 0|req: 1610/3081] 10.0.0.233 () {32 vars in 747 bytes} [Tue May 5 03:44:56 2026] GET /v2.0/security-group-rules/bd01df85-af56-4889-a6d0-a8c45de3a581 => generated 155 bytes in 11 msecs (HTTP/1.1 404) 4 headers in 164 bytes (1 switches on core 0) [pid: 7|app: 0|req: 1472/3082] 10.0.0.233 () {32 vars in 750 bytes} [Tue May 5 03:44:56 2026] DELETE /v2.0/security-group-rules/a6193dde-1a95-4e41-9802-bea4328d26c7 => generated 0 bytes in 62 msecs (HTTP/1.1 204) 2 headers in 112 bytes (1 switches on core 0)
2026-05-05 03:44:56.164 8 INFO neutron.api.v2.resource [None req-286df185-13ce-483e-b8f8-915d5a9c0f43 13e010f985a14223aa69785a0ea348d3 680f292940264a3b9c8d845fd94dca52 - - default default] show failed (client error): The resource could not be found. [pid: 8|app: 0|req: 1611/3083] 10.0.0.233 () {32 vars in 747 bytes} [Tue May 5 03:44:56 2026] GET /v2.0/security-group-rules/a6193dde-1a95-4e41-9802-bea4328d26c7 => generated 155 bytes in 13 msecs (HTTP/1.1 404) 4 headers in 164 bytes (1 switches on core 0) [pid: 7|app: 0|req: 1473/3084] 10.0.0.233 () {32 vars in 750 bytes} [Tue May 5 03:44:56 2026] DELETE /v2.0/security-group-rules/5c2dec76-6a2b-4c52-b4e6-1655acf4b360 => generated 0 bytes in 65 msecs (HTTP/1.1 204) 2 headers in 112 bytes (1 switches on core 0)
2026-05-05 03:44:56.249 8 INFO neutron.api.v2.resource [None req-74db4338-bc8a-4eb0-89c4-2f79733ff535 13e010f985a14223aa69785a0ea348d3 680f292940264a3b9c8d845fd94dca52 - - default default] show failed (client error): The resource could not be found. [pid: 8|app: 0|req: 1612/3085] 10.0.0.233 () {32 vars in 747 bytes} [Tue May 5 03:44:56 2026] GET /v2.0/security-group-rules/5c2dec76-6a2b-4c52-b4e6-1655acf4b360 => generated 155 bytes in 10 msecs (HTTP/1.1 404) 4 headers in 164 bytes (1 switches on core 0) [pid: 7|app: 0|req: 1474/3086] 10.0.0.233 () {32 vars in 750 bytes} [Tue May 5 03:44:56 2026] DELETE /v2.0/security-group-rules/30fdb569-a44a-48da-a4cd-61c33649f108 => generated 0 bytes in 59 msecs (HTTP/1.1 204) 2 headers in 112 bytes (1 switches on core 0)
2026-05-05 03:44:56.330 8 INFO neutron.api.v2.resource [None req-dc1df718-803d-4b73-b001-a6bfae49c497 13e010f985a14223aa69785a0ea348d3 680f292940264a3b9c8d845fd94dca52 - - default default] show failed (client error): The resource could not be found. [pid: 8|app: 0|req: 1613/3087] 10.0.0.233 () {32 vars in 747 bytes} [Tue May 5 03:44:56 2026] GET /v2.0/security-group-rules/30fdb569-a44a-48da-a4cd-61c33649f108 => generated 155 bytes in 12 msecs (HTTP/1.1 404) 4 headers in 164 bytes (1 switches on core 0) [pid: 7|app: 0|req: 1475/3088] 10.0.0.233 () {32 vars in 740 bytes} [Tue May 5 03:44:56 2026] DELETE /v2.0/security-groups/855e8e87-635d-497a-b6d4-dfacb9bc3bff => generated 0 bytes in 77 msecs (HTTP/1.1 204) 2 headers in 112 bytes (1 switches on core 0)
2026-05-05 03:44:56.431 8 INFO neutron.api.v2.resource [None req-96bb72c2-3335-46a4-9b80-9a6cf75c3a9a 13e010f985a14223aa69785a0ea348d3 680f292940264a3b9c8d845fd94dca52 - - default default] show failed (client error): The resource could not be found. [pid: 8|app: 0|req: 1614/3089] 10.0.0.233 () {32 vars in 737 bytes} [Tue May 5 03:44:56 2026] GET /v2.0/security-groups/855e8e87-635d-497a-b6d4-dfacb9bc3bff => generated 146 bytes in 14 msecs (HTTP/1.1 404) 4 headers in 164 bytes (1 switches on core 0)
2026-05-05 03:44:56.790 7 INFO neutron_taas.services.taas.taas_plugin [None req-aa93af05-a268-4fb9-b2b7-6a2370e30b91 13e010f985a14223aa69785a0ea348d3 680f292940264a3b9c8d845fd94dca52 - - default default] TaaS: Handle Delete Port: dd773368-bf3d-43c2-9ff4-59f9a0262679
2026-05-05 03:44:56.793 7 INFO neutron_taas.services.taas.tap_mirror_plugin [None req-aa93af05-a268-4fb9-b2b7-6a2370e30b91 13e010f985a14223aa69785a0ea348d3 680f292940264a3b9c8d845fd94dca52 - - default default] Tap Mirror: Handle Delete Port: dd773368-bf3d-43c2-9ff4-59f9a0262679 [pid: 7|app: 0|req: 1476/3090] 10.0.0.233 () {34 vars in 789 bytes} [Tue May 5 03:44:56 2026] PUT /v2.0/routers/753c705d-1d4c-4c6f-b847-593d22e2d8da/remove_router_interface => generated 310 bytes in 812 msecs (HTTP/1.1 200) 4 headers in 157 bytes (1 switches on core 0)
2026-05-05 03:44:57.417 8 INFO neutron.api.v2.resource [None req-31d7f830-d7b6-4cd1-a3ab-837fa14657b3 13e010f985a14223aa69785a0ea348d3 680f292940264a3b9c8d845fd94dca52 - - default default] remove_router_interface failed (client error): The resource could not be found. [pid: 8|app: 0|req: 1615/3091] 10.0.0.233 () {34 vars in 789 bytes} [Tue May 5 03:44:57 2026] PUT /v2.0/routers/753c705d-1d4c-4c6f-b847-593d22e2d8da/remove_router_interface => generated 198 bytes in 127 msecs (HTTP/1.1 404) 4 headers in 164 bytes (1 switches on core 0)
2026-05-05 03:44:57.777 7 INFO neutron_taas.services.taas.taas_plugin [None req-529b3034-66bb-4d2a-9e35-2fca5673765a 13e010f985a14223aa69785a0ea348d3 680f292940264a3b9c8d845fd94dca52 - - default default] TaaS: Handle Delete Port: 03637a07-31ff-48a6-90c3-cf9f91aac39b
2026-05-05 03:44:57.781 7 INFO neutron_taas.services.taas.tap_mirror_plugin [None req-529b3034-66bb-4d2a-9e35-2fca5673765a 13e010f985a14223aa69785a0ea348d3 680f292940264a3b9c8d845fd94dca52 - - default default] Tap Mirror: Handle Delete Port: 03637a07-31ff-48a6-90c3-cf9f91aac39b [pid: 7|app: 0|req: 1477/3092] 10.0.0.233 () {34 vars in 789 bytes} [Tue May 5 03:44:57 2026] PUT /v2.0/routers/753c705d-1d4c-4c6f-b847-593d22e2d8da/remove_router_interface => generated 310 bytes in 863 msecs (HTTP/1.1 200) 4 headers in 157 bytes (1 switches on core 0)
2026-05-05 03:44:58.453 8 INFO neutron.api.v2.resource [None req-ca34d5d4-316f-41df-9699-c11c440ce501 13e010f985a14223aa69785a0ea348d3 680f292940264a3b9c8d845fd94dca52 - - default default] remove_router_interface failed (client error): The resource could not be found. [pid: 8|app: 0|req: 1616/3093] 10.0.0.233 () {34 vars in 789 bytes} [Tue May 5 03:44:58 2026] PUT /v2.0/routers/753c705d-1d4c-4c6f-b847-593d22e2d8da/remove_router_interface => generated 198 bytes in 163 msecs (HTTP/1.1 404) 4 headers in 164 bytes (1 switches on core 0)
2026-05-05 03:44:58.840 7 INFO neutron_taas.services.taas.taas_plugin [None req-42fcb971-748b-43a9-b87e-2237315b37b0 13e010f985a14223aa69785a0ea348d3 680f292940264a3b9c8d845fd94dca52 - - default default] TaaS: Handle Delete Port: a4718561-7a78-44e5-8bb7-280e1ac60d1d
2026-05-05 03:44:58.844 7 INFO neutron_taas.services.taas.tap_mirror_plugin [None req-42fcb971-748b-43a9-b87e-2237315b37b0 13e010f985a14223aa69785a0ea348d3 680f292940264a3b9c8d845fd94dca52 - - default default] Tap Mirror: Handle Delete Port: a4718561-7a78-44e5-8bb7-280e1ac60d1d [pid: 7|app: 0|req: 1478/3096] 10.0.0.233 () {34 vars in 789 bytes} [Tue May 5 03:44:58 2026] PUT /v2.0/routers/753c705d-1d4c-4c6f-b847-593d22e2d8da/remove_router_interface => generated 310 bytes in 962 msecs (HTTP/1.1 200) 4 headers in 157 bytes (1 switches on core 0)
2026-05-05 03:44:59.580 8 INFO neutron.api.v2.resource [None req-5d1043ae-a151-4c5b-98e8-79ee3d47b306 13e010f985a14223aa69785a0ea348d3 680f292940264a3b9c8d845fd94dca52 - - default default] remove_router_interface failed (client error): The resource could not be found. [pid: 8|app: 0|req: 1619/3097] 10.0.0.233 () {34 vars in 789 bytes} [Tue May 5 03:44:59 2026] PUT /v2.0/routers/753c705d-1d4c-4c6f-b847-593d22e2d8da/remove_router_interface => generated 198 bytes in 156 msecs (HTTP/1.1 404) 4 headers in 164 bytes (1 switches on core 0)
2026-05-05 03:44:59.798 7 INFO neutron_taas.services.taas.taas_plugin [None req-e6524868-a9b3-444a-aedc-d65116a63015 13e010f985a14223aa69785a0ea348d3 680f292940264a3b9c8d845fd94dca52 - - default default] TaaS: Handle Delete Port: e10e801d-abb0-4e1f-80b3-56c46c85b435
2026-05-05 03:44:59.801 7 INFO neutron_taas.services.taas.tap_mirror_plugin [None req-e6524868-a9b3-444a-aedc-d65116a63015 13e010f985a14223aa69785a0ea348d3 680f292940264a3b9c8d845fd94dca52 - - default default] Tap Mirror: Handle Delete Port: e10e801d-abb0-4e1f-80b3-56c46c85b435
2026-05-05 03:45:00.060 7 INFO neutron_taas.services.taas.taas_plugin [None req-e6524868-a9b3-444a-aedc-d65116a63015 13e010f985a14223aa69785a0ea348d3 680f292940264a3b9c8d845fd94dca52 - - default default] TaaS: Handle Delete Port: 481b325b-1d84-462e-90ef-363f1e9c4b77
2026-05-05 03:45:00.062 7 INFO neutron_taas.services.taas.tap_mirror_plugin [None req-e6524868-a9b3-444a-aedc-d65116a63015 13e010f985a14223aa69785a0ea348d3 680f292940264a3b9c8d845fd94dca52 - - default default] Tap Mirror: Handle Delete Port: 481b325b-1d84-462e-90ef-363f1e9c4b77
2026-05-05 03:45:00.390 7 INFO neutron.db.l3_hamode_db [None req-e6524868-a9b3-444a-aedc-d65116a63015 13e010f985a14223aa69785a0ea348d3 680f292940264a3b9c8d845fd94dca52 - - default default] HA network 856a6134-ed67-41cc-9b40-e9216ceb32d4 was deleted as no HA routers are present in project 680f292940264a3b9c8d845fd94dca52. [pid: 7|app: 0|req: 1479/3098] 10.0.0.233 () {32 vars in 724 bytes} [Tue May 5 03:44:59 2026] DELETE /v2.0/routers/753c705d-1d4c-4c6f-b847-593d22e2d8da => generated 0 bytes in 808 msecs (HTTP/1.1 204) 2 headers in 112 bytes (1 switches on core 0)
2026-05-05 03:45:00.396 7 INFO neutron.services.segments.plugin [-] Segment d69751bc-b2e3-458f-ad6e-7ad94e66b8b7 resource provider aggregate not found
2026-05-05 03:45:00.407 7 INFO neutron.services.segments.plugin [-] Segment d69751bc-b2e3-458f-ad6e-7ad94e66b8b7 resource provider aggregate not found
2026-05-05 03:45:00.413 7 INFO neutron.services.segments.plugin [-] Segment d69751bc-b2e3-458f-ad6e-7ad94e66b8b7 resource provider not found; error: Placement Client Error (4xx): {"errors": [{"status": 404, "title": "Not Found", "detail": "The resource could not be found.\n\n No resource provider with uuid d69751bc-b2e3-458f-ad6e-7ad94e66b8b7 found for delete ", "request_id": "req-96d5a442-30a6-4ada-8f60-7591f5e4b68f"}]}
2026-05-05 03:45:00.418 8 INFO neutron.api.v2.resource [None req-fedf180a-592d-4e0c-9d11-52a4ad845e32 13e010f985a14223aa69785a0ea348d3 680f292940264a3b9c8d845fd94dca52 - - default default] show failed (client error): The resource could not be found. [pid: 8|app: 0|req: 1620/3099] 10.0.0.233 () {32 vars in 721 bytes} [Tue May 5 03:45:00 2026] GET /v2.0/routers/753c705d-1d4c-4c6f-b847-593d22e2d8da => generated 135 bytes in 18 msecs (HTTP/1.1 404) 4 headers in 164 bytes (1 switches on core 0)
2026-05-05 03:45:00.432 7 INFO neutron.services.segments.plugin [-] Segment d69751bc-b2e3-458f-ad6e-7ad94e66b8b7 resource provider not found; error: Placement Client Error (4xx): {"errors": [{"status": 404, "title": "Not Found", "detail": "The resource could not be found.\n\n No resource provider with uuid d69751bc-b2e3-458f-ad6e-7ad94e66b8b7 found for delete ", "request_id": "req-8ed1dd7e-2d5b-41f9-88e3-8be4a1779c6c"}]} [pid: 7|app: 0|req: 1480/3100] 10.0.0.233 () {32 vars in 724 bytes} [Tue May 5 03:45:00 2026] DELETE /v2.0/subnets/aa54a3ae-1d52-475c-bbb7-2799bb9844b7 => generated 0 bytes in 143 msecs (HTTP/1.1 204) 3 headers in 131 bytes (1 switches on core 0)
2026-05-05 03:45:00.589 8 INFO neutron.pecan_wsgi.hooks.translation [None req-b130738b-b944-410f-9f58-f381a8ae72e5 13e010f985a14223aa69785a0ea348d3 680f292940264a3b9c8d845fd94dca52 - - default default] GET failed (client error): The resource could not be found. [pid: 8|app: 0|req: 1621/3101] 10.0.0.233 () {32 vars in 721 bytes} [Tue May 5 03:45:00 2026] GET /v2.0/subnets/aa54a3ae-1d52-475c-bbb7-2799bb9844b7 => generated 136 bytes in 21 msecs (HTTP/1.1 404) 4 headers in 164 bytes (1 switches on core 0) [pid: 7|app: 0|req: 1481/3102] 10.0.0.233 () {32 vars in 724 bytes} [Tue May 5 03:45:00 2026] DELETE /v2.0/subnets/3f2b277b-83f3-4115-858b-bec018c9f667 => generated 0 bytes in 115 msecs (HTTP/1.1 204) 3 headers in 131 bytes (1 switches on core 0)
2026-05-05 03:45:00.733 8 INFO neutron.pecan_wsgi.hooks.translation [None req-dbb8b795-5871-4dc4-bf38-0c9afb5d2829 13e010f985a14223aa69785a0ea348d3 680f292940264a3b9c8d845fd94dca52 - - default default] GET failed (client error): The resource could not be found. [pid: 8|app: 0|req: 1622/3103] 10.0.0.233 () {32 vars in 721 bytes} [Tue May 5 03:45:00 2026] GET /v2.0/subnets/3f2b277b-83f3-4115-858b-bec018c9f667 => generated 136 bytes in 10 msecs (HTTP/1.1 404) 4 headers in 164 bytes (1 switches on core 0)
2026-05-05 03:45:00.825 7 INFO neutron_taas.services.taas.taas_plugin [None req-888cf854-a07e-414f-bf94-0a43b91f39b1 13e010f985a14223aa69785a0ea348d3 680f292940264a3b9c8d845fd94dca52 - - default default] TaaS: Handle Delete Port: 0b5406ca-b762-4d09-8831-4fec86765524
2026-05-05 03:45:00.827 7 INFO neutron_taas.services.taas.tap_mirror_plugin [None req-888cf854-a07e-414f-bf94-0a43b91f39b1 13e010f985a14223aa69785a0ea348d3 680f292940264a3b9c8d845fd94dca52 - - default default] Tap Mirror: Handle Delete Port: 0b5406ca-b762-4d09-8831-4fec86765524 [pid: 7|app: 0|req: 1482/3104] 10.0.0.233 () {32 vars in 726 bytes} [Tue May 5 03:45:00 2026] DELETE /v2.0/networks/ae0ee442-847a-4061-bfef-5b2f55c96847 => generated 0 bytes in 245 msecs (HTTP/1.1 204) 3 headers in 131 bytes (1 switches on core 0)
2026-05-05 03:45:01.003 8 INFO neutron.pecan_wsgi.hooks.translation [None req-9c9e8105-2219-4555-90e1-fa815a845472 13e010f985a14223aa69785a0ea348d3 680f292940264a3b9c8d845fd94dca52 - - default default] GET failed (client error): The resource could not be found. [pid: 8|app: 0|req: 1623/3105] 10.0.0.233 () {32 vars in 723 bytes} [Tue May 5 03:45:00 2026] GET /v2.0/networks/ae0ee442-847a-4061-bfef-5b2f55c96847 => generated 138 bytes in 15 msecs (HTTP/1.1 404) 4 headers in 164 bytes (1 switches on core 0) [pid: 7|app: 0|req: 1483/3106] 10.0.0.233 () {32 vars in 724 bytes} [Tue May 5 03:45:01 2026] DELETE /v2.0/subnets/46ebb34e-c0db-42cc-a0b1-04390aa48bc2 => generated 0 bytes in 121 msecs (HTTP/1.1 204) 3 headers in 131 bytes (1 switches on core 0)
2026-05-05 03:45:01.151 8 INFO neutron.pecan_wsgi.hooks.translation [None req-9976b7f1-22e3-46bd-ae0e-2a9a378dd791 13e010f985a14223aa69785a0ea348d3 680f292940264a3b9c8d845fd94dca52 - - default default] GET failed (client error): The resource could not be found. [pid: 8|app: 0|req: 1624/3107] 10.0.0.233 () {32 vars in 721 bytes} [Tue May 5 03:45:01 2026] GET /v2.0/subnets/46ebb34e-c0db-42cc-a0b1-04390aa48bc2 => generated 136 bytes in 19 msecs (HTTP/1.1 404) 4 headers in 164 bytes (1 switches on core 0) [pid: 7|app: 0|req: 1484/3108] 10.0.0.233 () {32 vars in 724 bytes} [Tue May 5 03:45:01 2026] DELETE /v2.0/subnets/8b599b20-0c49-4aa8-a3fa-00d35e9d4b0f => generated 0 bytes in 166 msecs (HTTP/1.1 204) 3 headers in 131 bytes (1 switches on core 0)
2026-05-05 03:45:01.340 8 INFO neutron.pecan_wsgi.hooks.translation [None req-b4a924cd-76f3-4931-9c1a-81ce94cb8e3e 13e010f985a14223aa69785a0ea348d3 680f292940264a3b9c8d845fd94dca52 - - default default] GET failed (client error): The resource could not be found. [pid: 8|app: 0|req: 1625/3109] 10.0.0.233 () {32 vars in 721 bytes} [Tue May 5 03:45:01 2026] GET /v2.0/subnets/8b599b20-0c49-4aa8-a3fa-00d35e9d4b0f => generated 136 bytes in 14 msecs (HTTP/1.1 404) 4 headers in 164 bytes (1 switches on core 0)
2026-05-05 03:45:01.447 7 INFO neutron_taas.services.taas.taas_plugin [None req-b3063f30-94c8-4dce-8138-612663ce392d 13e010f985a14223aa69785a0ea348d3 680f292940264a3b9c8d845fd94dca52 - - default default] TaaS: Handle Delete Port: 9ed43b04-aa1b-4817-bcd2-4e2185f22b1d
2026-05-05 03:45:01.450 7 INFO neutron_taas.services.taas.tap_mirror_plugin [None req-b3063f30-94c8-4dce-8138-612663ce392d 13e010f985a14223aa69785a0ea348d3 680f292940264a3b9c8d845fd94dca52 - - default default] Tap Mirror: Handle Delete Port: 9ed43b04-aa1b-4817-bcd2-4e2185f22b1d [pid: 7|app: 0|req: 1485/3110] 10.0.0.233 () {32 vars in 726 bytes} [Tue May 5 03:45:01 2026] DELETE /v2.0/networks/311d4ea4-b434-470b-8f18-6f8801dcca5e => generated 0 bytes in 286 msecs (HTTP/1.1 204) 3 headers in 131 bytes (1 switches on core 0)
2026-05-05 03:45:01.650 8 INFO neutron.pecan_wsgi.hooks.translation [None req-3030ef7e-d7ef-4a20-a4cf-76d1d52e4254 13e010f985a14223aa69785a0ea348d3 680f292940264a3b9c8d845fd94dca52 - - default default] GET failed (client error): The resource could not be found. [pid: 8|app: 0|req: 1626/3111] 10.0.0.233 () {32 vars in 723 bytes} [Tue May 5 03:45:01 2026] GET /v2.0/networks/311d4ea4-b434-470b-8f18-6f8801dcca5e => generated 138 bytes in 15 msecs (HTTP/1.1 404) 4 headers in 164 bytes (1 switches on core 0) [pid: 7|app: 0|req: 1486/3112] 10.0.0.233 () {32 vars in 724 bytes} [Tue May 5 03:45:01 2026] DELETE /v2.0/subnets/d608aa85-c62c-405c-9761-71520816f546 => generated 0 bytes in 155 msecs (HTTP/1.1 204) 3 headers in 131 bytes (1 switches on core 0)
2026-05-05 03:45:01.826 8 INFO neutron.pecan_wsgi.hooks.translation [None req-acf38f79-76e8-4578-bf35-5c472eba6c24 13e010f985a14223aa69785a0ea348d3 680f292940264a3b9c8d845fd94dca52 - - default default] GET failed (client error): The resource could not be found. [pid: 8|app: 0|req: 1627/3113] 10.0.0.233 () {32 vars in 721 bytes} [Tue May 5 03:45:01 2026] GET /v2.0/subnets/d608aa85-c62c-405c-9761-71520816f546 => generated 136 bytes in 14 msecs (HTTP/1.1 404) 4 headers in 164 bytes (1 switches on core 0) [pid: 7|app: 0|req: 1487/3114] 10.0.0.233 () {32 vars in 724 bytes} [Tue May 5 03:45:01 2026] DELETE /v2.0/subnets/2fb97430-de1c-416a-8f90-a32588af2db1 => generated 0 bytes in 157 msecs (HTTP/1.1 204) 3 headers in 131 bytes (1 switches on core 0)
2026-05-05 03:45:02.007 8 INFO neutron.pecan_wsgi.hooks.translation [None req-74b81c54-030e-4f56-b85e-60cbb361da86 13e010f985a14223aa69785a0ea348d3 680f292940264a3b9c8d845fd94dca52 - - default default] GET failed (client error): The resource could not be found. [pid: 8|app: 0|req: 1628/3115] 10.0.0.233 () {32 vars in 721 bytes} [Tue May 5 03:45:01 2026] GET /v2.0/subnets/2fb97430-de1c-416a-8f90-a32588af2db1 => generated 136 bytes in 15 msecs (HTTP/1.1 404) 4 headers in 164 bytes (1 switches on core 0)
2026-05-05 03:45:02.103 7 INFO neutron_taas.services.taas.taas_plugin [None req-d0d466da-4afb-4079-89f0-549f97f20703 13e010f985a14223aa69785a0ea348d3 680f292940264a3b9c8d845fd94dca52 - - default default] TaaS: Handle Delete Port: bbbe6ffb-edb8-4158-9d54-fca4f3cfe628
2026-05-05 03:45:02.105 7 INFO neutron_taas.services.taas.tap_mirror_plugin [None req-d0d466da-4afb-4079-89f0-549f97f20703 13e010f985a14223aa69785a0ea348d3 680f292940264a3b9c8d845fd94dca52 - - default default] Tap Mirror: Handle Delete Port: bbbe6ffb-edb8-4158-9d54-fca4f3cfe628 [pid: 7|app: 0|req: 1488/3116] 10.0.0.233 () {32 vars in 726 bytes} [Tue May 5 03:45:02 2026] DELETE /v2.0/networks/1bf8dfe1-d3df-4acf-9280-7e8653fdeaba => generated 0 bytes in 273 msecs (HTTP/1.1 204) 3 headers in 131 bytes (1 switches on core 0)
2026-05-05 03:45:02.302 8 INFO neutron.pecan_wsgi.hooks.translation [None req-6d8687f0-4c31-41dc-9047-66a795a6fda8 13e010f985a14223aa69785a0ea348d3 680f292940264a3b9c8d845fd94dca52 - - default default] GET failed (client error): The resource could not be found. [pid: 8|app: 0|req: 1629/3117] 10.0.0.233 () {32 vars in 723 bytes} [Tue May 5 03:45:02 2026] GET /v2.0/networks/1bf8dfe1-d3df-4acf-9280-7e8653fdeaba => generated 138 bytes in 14 msecs (HTTP/1.1 404) 4 headers in 164 bytes (1 switches on core 0)
2026-05-05 03:45:02.433 7 INFO neutron.services.segments.plugin [-] Segment 549162e9-771a-48db-b210-2481b3ae65f0 resource provider aggregate not found
2026-05-05 03:45:02.447 7 INFO neutron.services.segments.plugin [-] Segment 549162e9-771a-48db-b210-2481b3ae65f0 resource provider not found; error: Placement Client Error (4xx): {"errors": [{"status": 404, "title": "Not Found", "detail": "The resource could not be found.\n\n No resource provider with uuid 549162e9-771a-48db-b210-2481b3ae65f0 found for delete ", "request_id": "req-296537d2-fc51-4869-a698-437cd224fb5b"}]}
2026-05-05 03:45:02.457 7 INFO neutron.services.segments.plugin [-] Segment 549162e9-771a-48db-b210-2481b3ae65f0 resource provider aggregate not found
2026-05-05 03:45:02.461 7 INFO neutron.services.segments.plugin [-] Segment dcde25ce-8742-4e3c-9617-fbba294310b5 resource provider aggregate not found
2026-05-05 03:45:02.473 7 INFO neutron.services.segments.plugin [-] Segment dcde25ce-8742-4e3c-9617-fbba294310b5 resource provider not found; error: Placement Client Error (4xx): {"errors": [{"status": 404, "title": "Not Found", "detail": "The resource could not be found.\n\n No resource provider with uuid dcde25ce-8742-4e3c-9617-fbba294310b5 found for delete ", "request_id": "req-12394f4e-e034-4835-8b33-d28b6aec3675"}]}
2026-05-05 03:45:02.476 7 INFO neutron.services.segments.plugin [-] Segment 549162e9-771a-48db-b210-2481b3ae65f0 resource provider not found; error: Placement Client Error (4xx): {"errors": [{"status": 404, "title": "Not Found", "detail": "The resource could not be found.\n\n No resource provider with uuid 549162e9-771a-48db-b210-2481b3ae65f0 found for delete ", "request_id": "req-8152200a-e8f6-47af-ae69-9f483bc7377c"}]}
2026-05-05 03:45:02.482 7 INFO neutron.services.segments.plugin [-] Segment 85d409a6-a845-4077-a311-add292d6b8af resource provider aggregate not found
2026-05-05 03:45:02.491 7 INFO neutron.services.segments.plugin [-] Segment dcde25ce-8742-4e3c-9617-fbba294310b5 resource provider aggregate not found
2026-05-05 03:45:02.496 7 INFO neutron.services.segments.plugin [-] Segment 85d409a6-a845-4077-a311-add292d6b8af resource provider not found; error: Placement Client Error (4xx): {"errors": [{"status": 404, "title": "Not Found", "detail": "The resource could not be found.\n\n No resource provider with uuid 85d409a6-a845-4077-a311-add292d6b8af found for delete ", "request_id": "req-fc5fa06b-5e11-4ae2-9f15-41e234f00181"}]}
2026-05-05 03:45:02.507 7 INFO neutron.services.segments.plugin [-] Segment dcde25ce-8742-4e3c-9617-fbba294310b5 resource provider not found; error: Placement Client Error (4xx): {"errors": [{"status": 404, "title": "Not Found", "detail": "The resource could not be found.\n\n No resource provider with uuid dcde25ce-8742-4e3c-9617-fbba294310b5 found for delete ", "request_id": "req-4bbbf23c-9025-4adb-a943-19a37a9823d8"}]}
2026-05-05 03:45:02.518 7 INFO neutron.services.segments.plugin [-] Segment 85d409a6-a845-4077-a311-add292d6b8af resource provider aggregate not found
2026-05-05 03:45:02.531 7 INFO neutron.services.segments.plugin [-] Segment 85d409a6-a845-4077-a311-add292d6b8af resource provider not found; error: Placement Client Error (4xx): {"errors": [{"status": 404, "title": "Not Found", "detail": "The resource could not be found.\n\n No resource provider with uuid 85d409a6-a845-4077-a311-add292d6b8af found for delete ", "request_id": "req-ff4ee0b6-3a05-4aba-b872-3e7c42130c75"}]}
2026-05-05 03:45:04.134 7 WARNING neutron.db.securitygroups_db [None req-30eaba59-a043-4b82-8c02-fa3e5a55f3eb 39260928a78e4a18a48e991cef0523dc a943b0f4f04741d982f98fbcdc44adc8 - - default default] project_id key not found in filters, using tenant_id instead. This support has been deprecated and will be removed in a future release. [pid: 7|app: 0|req: 1489/3118] 10.0.0.233 () {32 vars in 774 bytes} [Tue May 5 03:45:03 2026] GET /v2.0/security-groups?tenant_id=680f292940264a3b9c8d845fd94dca52&name=default => generated 2925 bytes in 165 msecs (HTTP/1.1 200) 4 headers in 158 bytes (1 switches on core 0) [pid: 8|app: 0|req: 1630/3119] 10.0.0.233 () {32 vars in 740 bytes} [Tue May 5 03:45:04 2026] DELETE /v2.0/security-groups/f3d29c54-a734-4fd9-88bd-5f43f2d6bee2 => generated 0 bytes in 89 msecs (HTTP/1.1 204) 2 headers in 112 bytes (1 switches on core 0)
2026-05-05 03:45:04.340 7 WARNING neutron.db.securitygroups_db [None req-f0cb0974-ff99-40b5-884e-c298ae0f5d5b 39260928a78e4a18a48e991cef0523dc a943b0f4f04741d982f98fbcdc44adc8 - - default default] project_id key not found in filters, using tenant_id instead. This support has been deprecated and will be removed in a future release. [pid: 7|app: 0|req: 1490/3120] 10.0.0.233 () {32 vars in 774 bytes} [Tue May 5 03:45:04 2026] GET /v2.0/security-groups?tenant_id=c08d508f41574faaa0309f4c3fdaee04&name=default => generated 2929 bytes in 136 msecs (HTTP/1.1 200) 4 headers in 158 bytes (1 switches on core 0) [pid: 8|app: 0|req: 1631/3121] 10.0.0.233 () {32 vars in 740 bytes} [Tue May 5 03:45:04 2026] DELETE /v2.0/security-groups/bc93a3e7-291d-4bb2-aacf-a5566828f54f => generated 0 bytes in 85 msecs (HTTP/1.1 204) 2 headers in 112 bytes (1 switches on core 0)
2026-05-05 03:45:04.696 7 WARNING neutron.db.securitygroups_db [None req-c70e1192-0ba6-40d6-974c-18950622b29a 39260928a78e4a18a48e991cef0523dc a943b0f4f04741d982f98fbcdc44adc8 - - default default] project_id key not found in filters, using tenant_id instead. This support has been deprecated and will be removed in a future release. [pid: 7|app: 0|req: 1491/3122] 10.0.0.233 () {32 vars in 774 bytes} [Tue May 5 03:45:04 2026] GET /v2.0/security-groups?tenant_id=ae6d928be3c04ee89283ec4a839b8655&name=default => generated 2929 bytes in 126 msecs (HTTP/1.1 200) 4 headers in 158 bytes (1 switches on core 0) [pid: 8|app: 0|req: 1632/3123] 10.0.0.233 () {32 vars in 740 bytes} [Tue May 5 03:45:04 2026] DELETE /v2.0/security-groups/cf6e0085-f8d8-43fe-8d48-3f6ea6498033 => generated 0 bytes in 95 msecs (HTTP/1.1 204) 2 headers in 112 bytes (1 switches on core 0)
2026-05-05 03:45:05.075 7 WARNING neutron.db.securitygroups_db [None req-0b670fb3-2ab9-4cb4-84a8-a4a7799aa15c 39260928a78e4a18a48e991cef0523dc a943b0f4f04741d982f98fbcdc44adc8 - - default default] project_id key not found in filters, using tenant_id instead. This support has been deprecated and will be removed in a future release. [pid: 7|app: 0|req: 1492/3124] 10.0.0.233 () {32 vars in 774 bytes} [Tue May 5 03:45:05 2026] GET /v2.0/security-groups?tenant_id=042ccd77c9504874abf1a775c63679e1&name=default => generated 2929 bytes in 118 msecs (HTTP/1.1 200) 4 headers in 158 bytes (1 switches on core 0) [pid: 8|app: 0|req: 1633/3125] 10.0.0.233 () {32 vars in 740 bytes} [Tue May 5 03:45:05 2026] DELETE /v2.0/security-groups/675d2f43-0356-4c76-8cca-bd3f4f527d54 => generated 0 bytes in 87 msecs (HTTP/1.1 204) 2 headers in 112 bytes (1 switches on core 0)
2026-05-05 03:45:05.392 7 WARNING neutron.db.securitygroups_db [None req-43f3bbf4-d2cb-4e4e-a07c-b335b04b9a68 39260928a78e4a18a48e991cef0523dc a943b0f4f04741d982f98fbcdc44adc8 - - default default] project_id key not found in filters, using tenant_id instead. This support has been deprecated and will be removed in a future release. [pid: 7|app: 0|req: 1493/3126] 10.0.0.233 () {32 vars in 774 bytes} [Tue May 5 03:45:05 2026] GET /v2.0/security-groups?tenant_id=81048dd83fa1466f95c139084e4d0d92&name=default => generated 2929 bytes in 126 msecs (HTTP/1.1 200) 4 headers in 158 bytes (1 switches on core 0) [pid: 8|app: 0|req: 1634/3127] 10.0.0.233 () {32 vars in 740 bytes} [Tue May 5 03:45:05 2026] DELETE /v2.0/security-groups/22e74e51-77ba-471e-80d2-dffa3d6fbb6c => generated 0 bytes in 89 msecs (HTTP/1.1 204) 2 headers in 112 bytes (1 switches on core 0)
2026-05-05 03:45:05.721 7 WARNING neutron.db.securitygroups_db [None req-6a1deaf3-bf1b-4815-9f11-bccfce36cc9f 39260928a78e4a18a48e991cef0523dc a943b0f4f04741d982f98fbcdc44adc8 - - default default] project_id key not found in filters, using tenant_id instead. This support has been deprecated and will be removed in a future release. [pid: 7|app: 0|req: 1494/3128] 10.0.0.233 () {32 vars in 774 bytes} [Tue May 5 03:45:05 2026] GET /v2.0/security-groups?tenant_id=254c16fc017c49808ed9f6f83969dd81&name=default => generated 2929 bytes in 123 msecs (HTTP/1.1 200) 4 headers in 158 bytes (1 switches on core 0) [pid: 8|app: 0|req: 1635/3129] 10.0.0.233 () {32 vars in 740 bytes} [Tue May 5 03:45:05 2026] DELETE /v2.0/security-groups/5a4e1551-e637-4364-981a-33304f220fcc => generated 0 bytes in 86 msecs (HTTP/1.1 204) 2 headers in 112 bytes (1 switches on core 0)
2026-05-05 03:45:06.065 7 WARNING neutron.db.securitygroups_db [None req-90b81388-d1e3-471b-aa31-f043b009ce81 39260928a78e4a18a48e991cef0523dc a943b0f4f04741d982f98fbcdc44adc8 - - default default] project_id key not found in filters, using tenant_id instead. This support has been deprecated and will be removed in a future release. [pid: 7|app: 0|req: 1495/3130] 10.0.0.233 () {32 vars in 774 bytes} [Tue May 5 03:45:06 2026] GET /v2.0/security-groups?tenant_id=b6898ad2eea14258af629d8b12f5ac02&name=default => generated 2929 bytes in 122 msecs (HTTP/1.1 200) 4 headers in 158 bytes (1 switches on core 0) [pid: 8|app: 0|req: 1636/3131] 10.0.0.233 () {32 vars in 740 bytes} [Tue May 5 03:45:06 2026] DELETE /v2.0/security-groups/b2b3666e-ff7e-47ba-9bdc-4a1b8516076b => generated 0 bytes in 87 msecs (HTTP/1.1 204) 2 headers in 112 bytes (1 switches on core 0)
2026-05-05 03:45:10.524 7 INFO neutron.db.segments_db [None req-fecc99a9-a2bc-466d-b9c9-41996a879831 5c91662263c647a39f5e87ad11354ac2 7562058ca79e44d88c76d17653c36d89 - - default default] Added segment 72e1426e-f550-48e1-ba4f-598ec06eae62 of type vxlan for network 86c81b97-5ca8-45cd-b2e5-376cb7ba76c0 [pid: 7|app: 0|req: 1496/3132] 10.0.0.233 () {34 vars in 670 bytes} [Tue May 5 03:45:10 2026] POST /v2.0/networks => generated 632 bytes in 369 msecs (HTTP/1.1 201) 4 headers in 162 bytes (1 switches on core 0)
2026-05-05 03:45:10.657 8 INFO neutron.db.segments_db [None req-79774cb7-6bec-4dd0-aec5-ad2ebb121147 5c91662263c647a39f5e87ad11354ac2 7562058ca79e44d88c76d17653c36d89 - - default default] Added segment 26193292-ef78-4cdd-9fbb-753d086adb3b of type vxlan for network 33364904-9166-4042-9b99-968e80c0b7b5 [pid: 8|app: 0|req: 1637/3133] 10.0.0.233 () {34 vars in 670 bytes} [Tue May 5 03:45:10 2026] POST /v2.0/networks => generated 632 bytes in 117 msecs (HTTP/1.1 201) 4 headers in 162 bytes (1 switches on core 0)
2026-05-05 03:45:10.782 7 INFO neutron.db.segments_db [None req-2915b0d3-5a52-4b96-b534-7d02a81c95fd 5c91662263c647a39f5e87ad11354ac2 7562058ca79e44d88c76d17653c36d89 - - default default] Added segment 8867c165-b946-4a39-b5da-c5470de26988 of type vxlan for network 761a1d9f-a8a6-4112-b38b-5119891d7b1b [pid: 7|app: 0|req: 1497/3134] 10.0.0.233 () {34 vars in 670 bytes} [Tue May 5 03:45:10 2026] POST /v2.0/networks => generated 631 bytes in 132 msecs (HTTP/1.1 201) 4 headers in 162 bytes (1 switches on core 0)
2026-05-05 03:45:10.916 8 INFO neutron.db.segments_db [None req-72c69f8c-9bcb-4a38-a35f-d5a1052316bd 5c91662263c647a39f5e87ad11354ac2 7562058ca79e44d88c76d17653c36d89 - - default default] Added segment deae44b1-a353-409f-aac9-3e47881b45de of type vxlan for network 206a6650-9503-455f-8a22-cde0935a433e [pid: 8|app: 0|req: 1638/3135] 10.0.0.233 () {34 vars in 670 bytes} [Tue May 5 03:45:10 2026] POST /v2.0/networks => generated 632 bytes in 129 msecs (HTTP/1.1 201) 4 headers in 162 bytes (1 switches on core 0)
