2026-05-05 03:40:25.062 8 INFO cinder.api.v3.volumes [None req-ae45d564-e0e6-4474-aee0-9426b1e0b1c8 6e60f587e59b431cbdbf386eb76c18ff a8118aac1c0f4cf58092888c29658e78 - - default default] Delete volume with id: ce4fbd4d-b9f8-4f57-ba79-925064012d27 /var/lib/openstack/lib/python3.12/site-packages/oslo_context/context.py:101: DeprecationWarning: Policy enforcement is depending on the value of is_admin. This key is deprecated. Please update your policy file to use the standard policy values. warnings.warn(
2026-05-05 03:40:25.074 8 INFO cinder.volume.api [None req-ae45d564-e0e6-4474-aee0-9426b1e0b1c8 6e60f587e59b431cbdbf386eb76c18ff a8118aac1c0f4cf58092888c29658e78 - - default default] Volume info retrieved successfully.
2026-05-05 03:40:25.097 8 INFO cinder.volume.api [None req-ae45d564-e0e6-4474-aee0-9426b1e0b1c8 6e60f587e59b431cbdbf386eb76c18ff a8118aac1c0f4cf58092888c29658e78 - - default default] Delete volume request issued successfully.
2026-05-05 03:40:25.098 8 INFO cinder.api.openstack.wsgi [None req-ae45d564-e0e6-4474-aee0-9426b1e0b1c8 6e60f587e59b431cbdbf386eb76c18ff a8118aac1c0f4cf58092888c29658e78 - - default default] http://cinder-api.openstack.svc.cluster.local:8776/v3/a8118aac1c0f4cf58092888c29658e78/volumes/ce4fbd4d-b9f8-4f57-ba79-925064012d27 returned with HTTP 202 [pid: 8|app: 0|req: 425/856] 10.0.0.233 () {32 vars in 778 bytes} [Tue May 5 03:40:25 2026] DELETE /v3/a8118aac1c0f4cf58092888c29658e78/volumes/ce4fbd4d-b9f8-4f57-ba79-925064012d27 => generated 0 bytes in 42 msecs (HTTP/1.1 202) 6 headers in 233 bytes (1 switches on core 0) /var/lib/openstack/lib/python3.12/site-packages/pycadf/identifier.py:70: UserWarning: Invalid uuid: cinderv3. To ensure interoperability, identifiers should be a valid uuid. warnings.warn(('Invalid uuid: %s. To ensure interoperability, '
2026-05-05 03:40:25.111 7 INFO cinder.api.openstack.wsgi [None req-4490c8f7-594a-42a8-8465-62e689da5a6f 6e60f587e59b431cbdbf386eb76c18ff a8118aac1c0f4cf58092888c29658e78 - - default default] GET http://cinder-api.openstack.svc.cluster.local:8776/v3/a8118aac1c0f4cf58092888c29658e78/volumes/ce4fbd4d-b9f8-4f57-ba79-925064012d27 /var/lib/openstack/lib/python3.12/site-packages/oslo_context/context.py:101: DeprecationWarning: Policy enforcement is depending on the value of is_admin. This key is deprecated. Please update your policy file to use the standard policy values. warnings.warn(
2026-05-05 03:40:25.127 7 INFO cinder.volume.api [None req-4490c8f7-594a-42a8-8465-62e689da5a6f 6e60f587e59b431cbdbf386eb76c18ff a8118aac1c0f4cf58092888c29658e78 - - default default] Volume info retrieved successfully.
2026-05-05 03:40:25.132 7 INFO cinder.api.openstack.wsgi [None req-4490c8f7-594a-42a8-8465-62e689da5a6f 6e60f587e59b431cbdbf386eb76c18ff a8118aac1c0f4cf58092888c29658e78 - - default default] http://cinder-api.openstack.svc.cluster.local:8776/v3/a8118aac1c0f4cf58092888c29658e78/volumes/ce4fbd4d-b9f8-4f57-ba79-925064012d27 returned with HTTP 200 [pid: 7|app: 0|req: 432/857] 10.0.0.233 () {32 vars in 775 bytes} [Tue May 5 03:40:25 2026] GET /v3/a8118aac1c0f4cf58092888c29658e78/volumes/ce4fbd4d-b9f8-4f57-ba79-925064012d27 => generated 967 bytes in 25 msecs (HTTP/1.1 200) 7 headers in 285 bytes (1 switches on core 0) /var/lib/openstack/lib/python3.12/site-packages/pycadf/identifier.py:70: UserWarning: Invalid uuid: cinderv3. To ensure interoperability, identifiers should be a valid uuid. warnings.warn(('Invalid uuid: %s. To ensure interoperability, '
2026-05-05 03:40:26.149 8 INFO cinder.api.openstack.wsgi [None req-7497cd37-c392-4e37-ada9-7214f945c757 6e60f587e59b431cbdbf386eb76c18ff a8118aac1c0f4cf58092888c29658e78 - - default default] GET http://cinder-api.openstack.svc.cluster.local:8776/v3/a8118aac1c0f4cf58092888c29658e78/volumes/ce4fbd4d-b9f8-4f57-ba79-925064012d27
2026-05-05 03:40:26.156 8 INFO cinder.api.openstack.wsgi [None req-7497cd37-c392-4e37-ada9-7214f945c757 6e60f587e59b431cbdbf386eb76c18ff a8118aac1c0f4cf58092888c29658e78 - - default default] http://cinder-api.openstack.svc.cluster.local:8776/v3/a8118aac1c0f4cf58092888c29658e78/volumes/ce4fbd4d-b9f8-4f57-ba79-925064012d27 returned with HTTP 404 [pid: 8|app: 0|req: 426/858] 10.0.0.233 () {32 vars in 775 bytes} [Tue May 5 03:40:26 2026] GET /v3/a8118aac1c0f4cf58092888c29658e78/volumes/ce4fbd4d-b9f8-4f57-ba79-925064012d27 => generated 109 bytes in 13 msecs (HTTP/1.1 404) 7 headers in 292 bytes (1 switches on core 0) /var/lib/openstack/lib/python3.12/site-packages/pycadf/identifier.py:70: UserWarning: Invalid uuid: cinderv3. To ensure interoperability, identifiers should be a valid uuid. warnings.warn(('Invalid uuid: %s. To ensure interoperability, '
2026-05-05 03:40:27.808 7 INFO cinder.api.openstack.wsgi [None req-4a0f426f-a49a-46e3-a540-34c40cbbbc23 39260928a78e4a18a48e991cef0523dc a943b0f4f04741d982f98fbcdc44adc8 - - default default] GET http://cinder-api.openstack.svc.cluster.local:8776/v3/a943b0f4f04741d982f98fbcdc44adc8/volumes/detail?all_tenants=true
2026-05-05 03:40:27.818 7 INFO cinder.volume.api [None req-4a0f426f-a49a-46e3-a540-34c40cbbbc23 39260928a78e4a18a48e991cef0523dc a943b0f4f04741d982f98fbcdc44adc8 - - default default] Get all volumes completed successfully.
2026-05-05 03:40:27.821 7 INFO cinder.api.openstack.wsgi [None req-4a0f426f-a49a-46e3-a540-34c40cbbbc23 39260928a78e4a18a48e991cef0523dc a943b0f4f04741d982f98fbcdc44adc8 - - default default] http://cinder-api.openstack.svc.cluster.local:8776/v3/a943b0f4f04741d982f98fbcdc44adc8/volumes/detail?all_tenants=true returned with HTTP 200 [pid: 7|app: 0|req: 433/859] 10.0.0.49 () {28 vars in 683 bytes} [Tue May 5 03:40:27 2026] GET /v3/a943b0f4f04741d982f98fbcdc44adc8/volumes/detail?all_tenants=true => generated 15 bytes in 151 msecs (HTTP/1.1 200) 7 headers in 284 bytes (1 switches on core 0)
2026-05-05 03:40:27.835 8 INFO cinder.api.openstack.wsgi [None req-416caa18-eecb-46e3-8a2b-436b886225e9 39260928a78e4a18a48e991cef0523dc a943b0f4f04741d982f98fbcdc44adc8 - - default default] GET http://cinder-api.openstack.svc.cluster.local:8776/v3/a943b0f4f04741d982f98fbcdc44adc8/snapshots?all_tenants=true
2026-05-05 03:40:27.840 8 INFO cinder.volume.api [None req-416caa18-eecb-46e3-8a2b-436b886225e9 39260928a78e4a18a48e991cef0523dc a943b0f4f04741d982f98fbcdc44adc8 - - default default] Get all snapshots completed successfully.
2026-05-05 03:40:27.840 8 INFO cinder.api.openstack.wsgi [None req-416caa18-eecb-46e3-8a2b-436b886225e9 39260928a78e4a18a48e991cef0523dc a943b0f4f04741d982f98fbcdc44adc8 - - default default] http://cinder-api.openstack.svc.cluster.local:8776/v3/a943b0f4f04741d982f98fbcdc44adc8/snapshots?all_tenants=true returned with HTTP 200 [pid: 8|app: 0|req: 427/860] 10.0.0.49 () {28 vars in 673 bytes} [Tue May 5 03:40:27 2026] GET /v3/a943b0f4f04741d982f98fbcdc44adc8/snapshots?all_tenants=true => generated 17 bytes in 13 msecs (HTTP/1.1 200) 7 headers in 284 bytes (1 switches on core 0)
2026-05-05 03:40:27.959 7 INFO cinder.api.openstack.wsgi [None req-65a962a5-b8d9-4060-acae-80587e880a5c 39260928a78e4a18a48e991cef0523dc a943b0f4f04741d982f98fbcdc44adc8 - - default default] GET http://cinder-api.openstack.svc.cluster.local:8776/v3/a943b0f4f04741d982f98fbcdc44adc8/os-quota-sets/042ccd77c9504874abf1a775c63679e1?usage=true
2026-05-05 03:40:27.984 7 INFO cinder.api.openstack.wsgi [None req-65a962a5-b8d9-4060-acae-80587e880a5c 39260928a78e4a18a48e991cef0523dc a943b0f4f04741d982f98fbcdc44adc8 - - default default] http://cinder-api.openstack.svc.cluster.local:8776/v3/a943b0f4f04741d982f98fbcdc44adc8/os-quota-sets/042ccd77c9504874abf1a775c63679e1?usage=true returned with HTTP 200 [pid: 7|app: 0|req: 434/861] 10.0.0.49 () {28 vars in 735 bytes} [Tue May 5 03:40:27 2026] GET /v3/a943b0f4f04741d982f98fbcdc44adc8/os-quota-sets/042ccd77c9504874abf1a775c63679e1?usage=true => generated 847 bytes in 31 msecs (HTTP/1.1 200) 7 headers in 285 bytes (1 switches on core 0)
2026-05-05 03:40:27.992 8 INFO cinder.api.openstack.wsgi [None req-e5ae9ef2-a9b2-4d9c-94b3-b3782d4145e0 39260928a78e4a18a48e991cef0523dc a943b0f4f04741d982f98fbcdc44adc8 - - default default] GET http://cinder-api.openstack.svc.cluster.local:8776/v3/a943b0f4f04741d982f98fbcdc44adc8/os-quota-sets/51bb7e5ea963475b8ceb8fea2c6d9a58?usage=true
2026-05-05 03:40:28.012 8 INFO cinder.api.openstack.wsgi [None req-e5ae9ef2-a9b2-4d9c-94b3-b3782d4145e0 39260928a78e4a18a48e991cef0523dc a943b0f4f04741d982f98fbcdc44adc8 - - default default] http://cinder-api.openstack.svc.cluster.local:8776/v3/a943b0f4f04741d982f98fbcdc44adc8/os-quota-sets/51bb7e5ea963475b8ceb8fea2c6d9a58?usage=true returned with HTTP 200 [pid: 8|app: 0|req: 428/862] 10.0.0.49 () {28 vars in 735 bytes} [Tue May 5 03:40:27 2026] GET /v3/a943b0f4f04741d982f98fbcdc44adc8/os-quota-sets/51bb7e5ea963475b8ceb8fea2c6d9a58?usage=true => generated 847 bytes in 25 msecs (HTTP/1.1 200) 7 headers in 285 bytes (1 switches on core 0)
2026-05-05 03:40:28.019 7 INFO cinder.api.openstack.wsgi [None req-9e81810b-30d1-4404-88ef-340aeee8d2ba 39260928a78e4a18a48e991cef0523dc a943b0f4f04741d982f98fbcdc44adc8 - - default default] GET http://cinder-api.openstack.svc.cluster.local:8776/v3/a943b0f4f04741d982f98fbcdc44adc8/os-quota-sets/5323d7ad5cdc47cbb012f916dd4b0cfd?usage=true
2026-05-05 03:40:28.043 7 INFO cinder.api.openstack.wsgi [None req-9e81810b-30d1-4404-88ef-340aeee8d2ba 39260928a78e4a18a48e991cef0523dc a943b0f4f04741d982f98fbcdc44adc8 - - default default] http://cinder-api.openstack.svc.cluster.local:8776/v3/a943b0f4f04741d982f98fbcdc44adc8/os-quota-sets/5323d7ad5cdc47cbb012f916dd4b0cfd?usage=true returned with HTTP 200 [pid: 7|app: 0|req: 435/863] 10.0.0.49 () {28 vars in 735 bytes} [Tue May 5 03:40:28 2026] GET /v3/a943b0f4f04741d982f98fbcdc44adc8/os-quota-sets/5323d7ad5cdc47cbb012f916dd4b0cfd?usage=true => generated 847 bytes in 30 msecs (HTTP/1.1 200) 7 headers in 285 bytes (1 switches on core 0)
2026-05-05 03:40:28.053 8 INFO cinder.api.openstack.wsgi [None req-31937f4a-d904-46c9-a7b1-68ab8985b14a 39260928a78e4a18a48e991cef0523dc a943b0f4f04741d982f98fbcdc44adc8 - - default default] GET http://cinder-api.openstack.svc.cluster.local:8776/v3/a943b0f4f04741d982f98fbcdc44adc8/os-quota-sets/56ed5cd5b93f49c79086b46c1b756618?usage=true
2026-05-05 03:40:28.068 8 INFO cinder.api.openstack.wsgi [None req-31937f4a-d904-46c9-a7b1-68ab8985b14a 39260928a78e4a18a48e991cef0523dc a943b0f4f04741d982f98fbcdc44adc8 - - default default] http://cinder-api.openstack.svc.cluster.local:8776/v3/a943b0f4f04741d982f98fbcdc44adc8/os-quota-sets/56ed5cd5b93f49c79086b46c1b756618?usage=true returned with HTTP 200 [pid: 8|app: 0|req: 429/864] 10.0.0.49 () {28 vars in 735 bytes} [Tue May 5 03:40:28 2026] GET /v3/a943b0f4f04741d982f98fbcdc44adc8/os-quota-sets/56ed5cd5b93f49c79086b46c1b756618?usage=true => generated 847 bytes in 20 msecs (HTTP/1.1 200) 7 headers in 285 bytes (1 switches on core 0)
2026-05-05 03:40:28.083 7 INFO cinder.api.openstack.wsgi [None req-b0e47679-a537-4d03-afeb-b0460192d809 39260928a78e4a18a48e991cef0523dc a943b0f4f04741d982f98fbcdc44adc8 - - default default] GET http://cinder-api.openstack.svc.cluster.local:8776/v3/a943b0f4f04741d982f98fbcdc44adc8/os-quota-sets/5ae9dcfb1873499caf197723b183cb44?usage=true
2026-05-05 03:40:28.144 8 INFO cinder.api.openstack.wsgi [None req-31937f4a-d904-46c9-a7b1-68ab8985b14a 39260928a78e4a18a48e991cef0523dc a943b0f4f04741d982f98fbcdc44adc8 - - default default] GET http://10.0.0.102:8776/
2026-05-05 03:40:28.145 8 INFO cinder.api.openstack.wsgi [None req-31937f4a-d904-46c9-a7b1-68ab8985b14a 39260928a78e4a18a48e991cef0523dc a943b0f4f04741d982f98fbcdc44adc8 - - default default] http://10.0.0.102:8776/ returned with HTTP 300
2026-05-05 03:40:28.146 8 INFO cinder.api.openstack.wsgi [None req-31937f4a-d904-46c9-a7b1-68ab8985b14a 39260928a78e4a18a48e991cef0523dc a943b0f4f04741d982f98fbcdc44adc8 - - default default] GET http://10.0.0.102:8776/
2026-05-05 03:40:28.146 8 INFO cinder.api.openstack.wsgi [None req-31937f4a-d904-46c9-a7b1-68ab8985b14a 39260928a78e4a18a48e991cef0523dc a943b0f4f04741d982f98fbcdc44adc8 - - default default] http://10.0.0.102:8776/ returned with HTTP 300
2026-05-05 03:40:28.152 7 INFO cinder.api.openstack.wsgi [None req-b0e47679-a537-4d03-afeb-b0460192d809 39260928a78e4a18a48e991cef0523dc a943b0f4f04741d982f98fbcdc44adc8 - - default default] http://cinder-api.openstack.svc.cluster.local:8776/v3/a943b0f4f04741d982f98fbcdc44adc8/os-quota-sets/5ae9dcfb1873499caf197723b183cb44?usage=true returned with HTTP 200 [pid: 7|app: 0|req: 436/867] 10.0.0.49 () {28 vars in 735 bytes} [Tue May 5 03:40:28 2026] GET /v3/a943b0f4f04741d982f98fbcdc44adc8/os-quota-sets/5ae9dcfb1873499caf197723b183cb44?usage=true => generated 845 bytes in 78 msecs (HTTP/1.1 200) 7 headers in 285 bytes (1 switches on core 0)
2026-05-05 03:40:28.160 8 INFO cinder.api.openstack.wsgi [None req-18f5e7d5-c7b6-4585-82a9-15117a273813 39260928a78e4a18a48e991cef0523dc a943b0f4f04741d982f98fbcdc44adc8 - - default default] GET http://cinder-api.openstack.svc.cluster.local:8776/v3/a943b0f4f04741d982f98fbcdc44adc8/os-quota-sets/a943b0f4f04741d982f98fbcdc44adc8?usage=true
2026-05-05 03:40:28.181 8 INFO cinder.api.openstack.wsgi [None req-18f5e7d5-c7b6-4585-82a9-15117a273813 39260928a78e4a18a48e991cef0523dc a943b0f4f04741d982f98fbcdc44adc8 - - default default] http://cinder-api.openstack.svc.cluster.local:8776/v3/a943b0f4f04741d982f98fbcdc44adc8/os-quota-sets/a943b0f4f04741d982f98fbcdc44adc8?usage=true returned with HTTP 200 [pid: 8|app: 0|req: 432/868] 10.0.0.49 () {28 vars in 735 bytes} [Tue May 5 03:40:28 2026] GET /v3/a943b0f4f04741d982f98fbcdc44adc8/os-quota-sets/a943b0f4f04741d982f98fbcdc44adc8?usage=true => generated 845 bytes in 25 msecs (HTTP/1.1 200) 7 headers in 285 bytes (1 switches on core 0)
2026-05-05 03:40:28.189 7 INFO cinder.api.openstack.wsgi [None req-5e646000-20c8-4b99-8b79-88f128fa9c4b 39260928a78e4a18a48e991cef0523dc a943b0f4f04741d982f98fbcdc44adc8 - - default default] GET http://cinder-api.openstack.svc.cluster.local:8776/v3/a943b0f4f04741d982f98fbcdc44adc8/os-quota-sets/e5904a6ba81f4d51a027fec404702831?usage=true
2026-05-05 03:40:28.208 7 INFO cinder.api.openstack.wsgi [None req-5e646000-20c8-4b99-8b79-88f128fa9c4b 39260928a78e4a18a48e991cef0523dc a943b0f4f04741d982f98fbcdc44adc8 - - default default] http://cinder-api.openstack.svc.cluster.local:8776/v3/a943b0f4f04741d982f98fbcdc44adc8/os-quota-sets/e5904a6ba81f4d51a027fec404702831?usage=true returned with HTTP 200 [pid: 7|app: 0|req: 437/869] 10.0.0.49 () {28 vars in 735 bytes} [Tue May 5 03:40:28 2026] GET /v3/a943b0f4f04741d982f98fbcdc44adc8/os-quota-sets/e5904a6ba81f4d51a027fec404702831?usage=true => generated 847 bytes in 25 msecs (HTTP/1.1 200) 7 headers in 285 bytes (1 switches on core 0)
2026-05-05 03:40:28.217 8 INFO cinder.api.openstack.wsgi [None req-3621b8a4-9c34-4e20-825f-330dcf58f07d 39260928a78e4a18a48e991cef0523dc a943b0f4f04741d982f98fbcdc44adc8 - - default default] GET http://cinder-api.openstack.svc.cluster.local:8776/v3/a943b0f4f04741d982f98fbcdc44adc8/os-quota-sets/f4147fc2b70040c0a5ff4567bab15927?usage=true
2026-05-05 03:40:28.233 8 INFO cinder.api.openstack.wsgi [None req-3621b8a4-9c34-4e20-825f-330dcf58f07d 39260928a78e4a18a48e991cef0523dc a943b0f4f04741d982f98fbcdc44adc8 - - default default] http://cinder-api.openstack.svc.cluster.local:8776/v3/a943b0f4f04741d982f98fbcdc44adc8/os-quota-sets/f4147fc2b70040c0a5ff4567bab15927?usage=true returned with HTTP 200 [pid: 8|app: 0|req: 433/870] 10.0.0.49 () {28 vars in 735 bytes} [Tue May 5 03:40:28 2026] GET /v3/a943b0f4f04741d982f98fbcdc44adc8/os-quota-sets/f4147fc2b70040c0a5ff4567bab15927?usage=true => generated 847 bytes in 21 msecs (HTTP/1.1 200) 7 headers in 285 bytes (1 switches on core 0)
2026-05-05 03:40:28.243 7 INFO cinder.api.openstack.wsgi [None req-52854200-ffc8-4230-b3a7-d0ab2b4bf8aa 39260928a78e4a18a48e991cef0523dc a943b0f4f04741d982f98fbcdc44adc8 - - default default] GET http://cinder-api.openstack.svc.cluster.local:8776/v3/a943b0f4f04741d982f98fbcdc44adc8/volumes/detail?all_tenants=true
2026-05-05 03:40:28.251 7 INFO cinder.volume.api [None req-52854200-ffc8-4230-b3a7-d0ab2b4bf8aa 39260928a78e4a18a48e991cef0523dc a943b0f4f04741d982f98fbcdc44adc8 - - default default] Get all volumes completed successfully.
2026-05-05 03:40:28.253 7 INFO cinder.api.openstack.wsgi [None req-52854200-ffc8-4230-b3a7-d0ab2b4bf8aa 39260928a78e4a18a48e991cef0523dc a943b0f4f04741d982f98fbcdc44adc8 - - default default] http://cinder-api.openstack.svc.cluster.local:8776/v3/a943b0f4f04741d982f98fbcdc44adc8/volumes/detail?all_tenants=true returned with HTTP 200 [pid: 7|app: 0|req: 438/871] 10.0.0.49 () {28 vars in 683 bytes} [Tue May 5 03:40:28 2026] GET /v3/a943b0f4f04741d982f98fbcdc44adc8/volumes/detail?all_tenants=true => generated 15 bytes in 16 msecs (HTTP/1.1 200) 7 headers in 284 bytes (1 switches on core 0)
2026-05-05 03:40:28.260 8 INFO cinder.api.openstack.wsgi [None req-060f7484-c4c8-498a-b286-a8b9e67be689 39260928a78e4a18a48e991cef0523dc a943b0f4f04741d982f98fbcdc44adc8 - - default default] GET http://cinder-api.openstack.svc.cluster.local:8776/v3/a943b0f4f04741d982f98fbcdc44adc8/os-services
2026-05-05 03:40:28.264 8 INFO cinder.api.openstack.wsgi [None req-060f7484-c4c8-498a-b286-a8b9e67be689 39260928a78e4a18a48e991cef0523dc a943b0f4f04741d982f98fbcdc44adc8 - - default default] http://cinder-api.openstack.svc.cluster.local:8776/v3/a943b0f4f04741d982f98fbcdc44adc8/os-services returned with HTTP 200 [pid: 8|app: 0|req: 434/872] 10.0.0.49 () {28 vars in 644 bytes} [Tue May 5 03:40:28 2026] GET /v3/a943b0f4f04741d982f98fbcdc44adc8/os-services => generated 646 bytes in 8 msecs (HTTP/1.1 200) 7 headers in 285 bytes (1 switches on core 0)
2026-05-05 03:40:28.272 7 INFO cinder.api.openstack.wsgi [None req-4d493aeb-76c7-482f-8dec-c3432d468982 39260928a78e4a18a48e991cef0523dc a943b0f4f04741d982f98fbcdc44adc8 - - default default] GET http://cinder-api.openstack.svc.cluster.local:8776/v3/a943b0f4f04741d982f98fbcdc44adc8/scheduler-stats/get_pools?detail=true
2026-05-05 03:40:28.777 7 INFO cinder.api.openstack.wsgi [None req-4d493aeb-76c7-482f-8dec-c3432d468982 39260928a78e4a18a48e991cef0523dc a943b0f4f04741d982f98fbcdc44adc8 - - default default] http://cinder-api.openstack.svc.cluster.local:8776/v3/a943b0f4f04741d982f98fbcdc44adc8/scheduler-stats/get_pools?detail=true returned with HTTP 200 [pid: 7|app: 0|req: 439/873] 10.0.0.49 () {28 vars in 695 bytes} [Tue May 5 03:40:28 2026] GET /v3/a943b0f4f04741d982f98fbcdc44adc8/scheduler-stats/get_pools?detail=true => generated 670 bytes in 512 msecs (HTTP/1.1 200) 7 headers in 285 bytes (1 switches on core 0)
2026-05-05 03:40:38.144 7 INFO cinder.api.openstack.wsgi [None req-4d493aeb-76c7-482f-8dec-c3432d468982 39260928a78e4a18a48e991cef0523dc a943b0f4f04741d982f98fbcdc44adc8 - - default default] GET http://10.0.0.102:8776/
2026-05-05 03:40:38.144 8 INFO cinder.api.openstack.wsgi [None req-060f7484-c4c8-498a-b286-a8b9e67be689 39260928a78e4a18a48e991cef0523dc a943b0f4f04741d982f98fbcdc44adc8 - - default default] GET http://10.0.0.102:8776/
2026-05-05 03:40:38.145 7 INFO cinder.api.openstack.wsgi [None req-4d493aeb-76c7-482f-8dec-c3432d468982 39260928a78e4a18a48e991cef0523dc a943b0f4f04741d982f98fbcdc44adc8 - - default default] http://10.0.0.102:8776/ returned with HTTP 300
2026-05-05 03:40:38.146 8 INFO cinder.api.openstack.wsgi [None req-060f7484-c4c8-498a-b286-a8b9e67be689 39260928a78e4a18a48e991cef0523dc a943b0f4f04741d982f98fbcdc44adc8 - - default default] http://10.0.0.102:8776/ returned with HTTP 300
2026-05-05 03:40:48.147 8 INFO cinder.api.openstack.wsgi [None req-060f7484-c4c8-498a-b286-a8b9e67be689 39260928a78e4a18a48e991cef0523dc a943b0f4f04741d982f98fbcdc44adc8 - - default default] GET http://10.0.0.102:8776/
2026-05-05 03:40:48.148 8 INFO cinder.api.openstack.wsgi [None req-060f7484-c4c8-498a-b286-a8b9e67be689 39260928a78e4a18a48e991cef0523dc a943b0f4f04741d982f98fbcdc44adc8 - - default default] http://10.0.0.102:8776/ returned with HTTP 300
2026-05-05 03:40:48.148 7 INFO cinder.api.openstack.wsgi [None req-4d493aeb-76c7-482f-8dec-c3432d468982 39260928a78e4a18a48e991cef0523dc a943b0f4f04741d982f98fbcdc44adc8 - - default default] GET http://10.0.0.102:8776/
2026-05-05 03:40:48.150 7 INFO cinder.api.openstack.wsgi [None req-4d493aeb-76c7-482f-8dec-c3432d468982 39260928a78e4a18a48e991cef0523dc a943b0f4f04741d982f98fbcdc44adc8 - - default default] http://10.0.0.102:8776/ returned with HTTP 300
2026-05-05 03:40:58.145 8 INFO cinder.api.openstack.wsgi [None req-060f7484-c4c8-498a-b286-a8b9e67be689 39260928a78e4a18a48e991cef0523dc a943b0f4f04741d982f98fbcdc44adc8 - - default default] GET http://10.0.0.102:8776/
2026-05-05 03:40:58.145 8 INFO cinder.api.openstack.wsgi [None req-060f7484-c4c8-498a-b286-a8b9e67be689 39260928a78e4a18a48e991cef0523dc a943b0f4f04741d982f98fbcdc44adc8 - - default default] http://10.0.0.102:8776/ returned with HTTP 300
2026-05-05 03:40:58.147 7 INFO cinder.api.openstack.wsgi [None req-4d493aeb-76c7-482f-8dec-c3432d468982 39260928a78e4a18a48e991cef0523dc a943b0f4f04741d982f98fbcdc44adc8 - - default default] GET http://10.0.0.102:8776/
2026-05-05 03:40:58.148 7 INFO cinder.api.openstack.wsgi [None req-4d493aeb-76c7-482f-8dec-c3432d468982 39260928a78e4a18a48e991cef0523dc a943b0f4f04741d982f98fbcdc44adc8 - - default default] http://10.0.0.102:8776/ returned with HTTP 300
2026-05-05 03:41:08.144 8 INFO cinder.api.openstack.wsgi [None req-060f7484-c4c8-498a-b286-a8b9e67be689 39260928a78e4a18a48e991cef0523dc a943b0f4f04741d982f98fbcdc44adc8 - - default default] GET http://10.0.0.102:8776/
2026-05-05 03:41:08.144 7 INFO cinder.api.openstack.wsgi [None req-4d493aeb-76c7-482f-8dec-c3432d468982 39260928a78e4a18a48e991cef0523dc a943b0f4f04741d982f98fbcdc44adc8 - - default default] GET http://10.0.0.102:8776/
2026-05-05 03:41:08.145 8 INFO cinder.api.openstack.wsgi [None req-060f7484-c4c8-498a-b286-a8b9e67be689 39260928a78e4a18a48e991cef0523dc a943b0f4f04741d982f98fbcdc44adc8 - - default default] http://10.0.0.102:8776/ returned with HTTP 300
2026-05-05 03:41:08.146 7 INFO cinder.api.openstack.wsgi [None req-4d493aeb-76c7-482f-8dec-c3432d468982 39260928a78e4a18a48e991cef0523dc a943b0f4f04741d982f98fbcdc44adc8 - - default default] http://10.0.0.102:8776/ returned with HTTP 300
2026-05-05 03:41:18.145 8 INFO cinder.api.openstack.wsgi [None req-060f7484-c4c8-498a-b286-a8b9e67be689 39260928a78e4a18a48e991cef0523dc a943b0f4f04741d982f98fbcdc44adc8 - - default default] GET http://10.0.0.102:8776/
2026-05-05 03:41:18.145 7 INFO cinder.api.openstack.wsgi [None req-4d493aeb-76c7-482f-8dec-c3432d468982 39260928a78e4a18a48e991cef0523dc a943b0f4f04741d982f98fbcdc44adc8 - - default default] GET http://10.0.0.102:8776/
2026-05-05 03:41:18.146 7 INFO cinder.api.openstack.wsgi [None req-4d493aeb-76c7-482f-8dec-c3432d468982 39260928a78e4a18a48e991cef0523dc a943b0f4f04741d982f98fbcdc44adc8 - - default default] http://10.0.0.102:8776/ returned with HTTP 300
2026-05-05 03:41:18.147 8 INFO cinder.api.openstack.wsgi [None req-060f7484-c4c8-498a-b286-a8b9e67be689 39260928a78e4a18a48e991cef0523dc a943b0f4f04741d982f98fbcdc44adc8 - - default default] http://10.0.0.102:8776/ returned with HTTP 300
2026-05-05 03:41:27.847 8 INFO cinder.api.openstack.wsgi [None req-df9f0fe1-e44b-4334-8695-e80ea7a56b7e 39260928a78e4a18a48e991cef0523dc a943b0f4f04741d982f98fbcdc44adc8 - - default default] GET http://cinder-api.openstack.svc.cluster.local:8776/v3/a943b0f4f04741d982f98fbcdc44adc8/os-services
2026-05-05 03:41:27.853 8 INFO cinder.api.openstack.wsgi [None req-df9f0fe1-e44b-4334-8695-e80ea7a56b7e 39260928a78e4a18a48e991cef0523dc a943b0f4f04741d982f98fbcdc44adc8 - - default default] http://cinder-api.openstack.svc.cluster.local:8776/v3/a943b0f4f04741d982f98fbcdc44adc8/os-services returned with HTTP 200 [pid: 8|app: 0|req: 440/884] 10.0.0.49 () {28 vars in 644 bytes} [Tue May 5 03:41:27 2026] GET /v3/a943b0f4f04741d982f98fbcdc44adc8/os-services => generated 646 bytes in 138 msecs (HTTP/1.1 200) 7 headers in 285 bytes (1 switches on core 0)
2026-05-05 03:41:27.865 7 INFO cinder.api.openstack.wsgi [None req-8a9f4b59-2153-4faa-b8f2-1f75f0bd1c2b 39260928a78e4a18a48e991cef0523dc a943b0f4f04741d982f98fbcdc44adc8 - - default default] GET http://cinder-api.openstack.svc.cluster.local:8776/v3/a943b0f4f04741d982f98fbcdc44adc8/volumes/detail?all_tenants=true
2026-05-05 03:41:27.874 7 INFO cinder.volume.api [None req-8a9f4b59-2153-4faa-b8f2-1f75f0bd1c2b 39260928a78e4a18a48e991cef0523dc a943b0f4f04741d982f98fbcdc44adc8 - - default default] Get all volumes completed successfully.
2026-05-05 03:41:27.877 7 INFO cinder.api.openstack.wsgi [None req-8a9f4b59-2153-4faa-b8f2-1f75f0bd1c2b 39260928a78e4a18a48e991cef0523dc a943b0f4f04741d982f98fbcdc44adc8 - - default default] http://cinder-api.openstack.svc.cluster.local:8776/v3/a943b0f4f04741d982f98fbcdc44adc8/volumes/detail?all_tenants=true returned with HTTP 200 [pid: 7|app: 0|req: 445/885] 10.0.0.49 () {28 vars in 683 bytes} [Tue May 5 03:41:27 2026] GET /v3/a943b0f4f04741d982f98fbcdc44adc8/volumes/detail?all_tenants=true => generated 15 bytes in 20 msecs (HTTP/1.1 200) 7 headers in 284 bytes (1 switches on core 0)
2026-05-05 03:41:27.887 8 INFO cinder.api.openstack.wsgi [None req-a6aad94e-e2c1-4193-94e8-09903566afc3 39260928a78e4a18a48e991cef0523dc a943b0f4f04741d982f98fbcdc44adc8 - - default default] GET http://cinder-api.openstack.svc.cluster.local:8776/v3/a943b0f4f04741d982f98fbcdc44adc8/snapshots?all_tenants=true
2026-05-05 03:41:27.895 8 INFO cinder.volume.api [None req-a6aad94e-e2c1-4193-94e8-09903566afc3 39260928a78e4a18a48e991cef0523dc a943b0f4f04741d982f98fbcdc44adc8 - - default default] Get all snapshots completed successfully.
2026-05-05 03:41:27.896 8 INFO cinder.api.openstack.wsgi [None req-a6aad94e-e2c1-4193-94e8-09903566afc3 39260928a78e4a18a48e991cef0523dc a943b0f4f04741d982f98fbcdc44adc8 - - default default] http://cinder-api.openstack.svc.cluster.local:8776/v3/a943b0f4f04741d982f98fbcdc44adc8/snapshots?all_tenants=true returned with HTTP 200 [pid: 8|app: 0|req: 441/886] 10.0.0.49 () {28 vars in 673 bytes} [Tue May 5 03:41:27 2026] GET /v3/a943b0f4f04741d982f98fbcdc44adc8/snapshots?all_tenants=true => generated 17 bytes in 16 msecs (HTTP/1.1 200) 7 headers in 284 bytes (1 switches on core 0)
2026-05-05 03:41:27.910 7 INFO cinder.api.openstack.wsgi [None req-77130bd4-023a-4741-afa1-90cfafbf3688 39260928a78e4a18a48e991cef0523dc a943b0f4f04741d982f98fbcdc44adc8 - - default default] GET http://cinder-api.openstack.svc.cluster.local:8776/v3/a943b0f4f04741d982f98fbcdc44adc8/volumes/detail?all_tenants=true
2026-05-05 03:41:27.919 7 INFO cinder.volume.api [None req-77130bd4-023a-4741-afa1-90cfafbf3688 39260928a78e4a18a48e991cef0523dc a943b0f4f04741d982f98fbcdc44adc8 - - default default] Get all volumes completed successfully.
2026-05-05 03:41:27.920 7 INFO cinder.api.openstack.wsgi [None req-77130bd4-023a-4741-afa1-90cfafbf3688 39260928a78e4a18a48e991cef0523dc a943b0f4f04741d982f98fbcdc44adc8 - - default default] http://cinder-api.openstack.svc.cluster.local:8776/v3/a943b0f4f04741d982f98fbcdc44adc8/volumes/detail?all_tenants=true returned with HTTP 200 [pid: 7|app: 0|req: 446/887] 10.0.0.49 () {28 vars in 683 bytes} [Tue May 5 03:41:27 2026] GET /v3/a943b0f4f04741d982f98fbcdc44adc8/volumes/detail?all_tenants=true => generated 15 bytes in 16 msecs (HTTP/1.1 200) 7 headers in 284 bytes (1 switches on core 0)
2026-05-05 03:41:27.932 8 INFO cinder.api.openstack.wsgi [None req-b4e332cb-91d4-4091-9db1-629db5f4d5c2 39260928a78e4a18a48e991cef0523dc a943b0f4f04741d982f98fbcdc44adc8 - - default default] GET http://cinder-api.openstack.svc.cluster.local:8776/v3/a943b0f4f04741d982f98fbcdc44adc8/scheduler-stats/get_pools?detail=true
2026-05-05 03:41:28.145 7 INFO cinder.api.openstack.wsgi [None req-77130bd4-023a-4741-afa1-90cfafbf3688 39260928a78e4a18a48e991cef0523dc a943b0f4f04741d982f98fbcdc44adc8 - - default default] GET http://10.0.0.102:8776/
2026-05-05 03:41:28.146 7 INFO cinder.api.openstack.wsgi [None req-77130bd4-023a-4741-afa1-90cfafbf3688 39260928a78e4a18a48e991cef0523dc a943b0f4f04741d982f98fbcdc44adc8 - - default default] http://10.0.0.102:8776/ returned with HTTP 300
2026-05-05 03:41:28.147 7 INFO cinder.api.openstack.wsgi [None req-77130bd4-023a-4741-afa1-90cfafbf3688 39260928a78e4a18a48e991cef0523dc a943b0f4f04741d982f98fbcdc44adc8 - - default default] GET http://10.0.0.102:8776/
2026-05-05 03:41:28.147 7 INFO cinder.api.openstack.wsgi [None req-77130bd4-023a-4741-afa1-90cfafbf3688 39260928a78e4a18a48e991cef0523dc a943b0f4f04741d982f98fbcdc44adc8 - - default default] http://10.0.0.102:8776/ returned with HTTP 300
2026-05-05 03:41:28.435 8 INFO cinder.api.openstack.wsgi [None req-b4e332cb-91d4-4091-9db1-629db5f4d5c2 39260928a78e4a18a48e991cef0523dc a943b0f4f04741d982f98fbcdc44adc8 - - default default] http://cinder-api.openstack.svc.cluster.local:8776/v3/a943b0f4f04741d982f98fbcdc44adc8/scheduler-stats/get_pools?detail=true returned with HTTP 200 [pid: 8|app: 0|req: 442/890] 10.0.0.49 () {28 vars in 695 bytes} [Tue May 5 03:41:27 2026] GET /v3/a943b0f4f04741d982f98fbcdc44adc8/scheduler-stats/get_pools?detail=true => generated 670 bytes in 512 msecs (HTTP/1.1 200) 7 headers in 285 bytes (1 switches on core 0)
2026-05-05 03:41:28.475 7 INFO cinder.api.openstack.wsgi [None req-7d66f26e-0913-466c-b3b9-e2f839856654 39260928a78e4a18a48e991cef0523dc a943b0f4f04741d982f98fbcdc44adc8 - - default default] GET http://cinder-api.openstack.svc.cluster.local:8776/v3/a943b0f4f04741d982f98fbcdc44adc8/os-quota-sets/042ccd77c9504874abf1a775c63679e1?usage=true
2026-05-05 03:41:28.495 7 INFO cinder.api.openstack.wsgi [None req-7d66f26e-0913-466c-b3b9-e2f839856654 39260928a78e4a18a48e991cef0523dc a943b0f4f04741d982f98fbcdc44adc8 - - default default] http://cinder-api.openstack.svc.cluster.local:8776/v3/a943b0f4f04741d982f98fbcdc44adc8/os-quota-sets/042ccd77c9504874abf1a775c63679e1?usage=true returned with HTTP 200 [pid: 7|app: 0|req: 449/891] 10.0.0.49 () {28 vars in 735 bytes} [Tue May 5 03:41:28 2026] GET /v3/a943b0f4f04741d982f98fbcdc44adc8/os-quota-sets/042ccd77c9504874abf1a775c63679e1?usage=true => generated 847 bytes in 27 msecs (HTTP/1.1 200) 7 headers in 285 bytes (1 switches on core 0)
2026-05-05 03:41:28.506 8 INFO cinder.api.openstack.wsgi [None req-7f30940b-ebca-431c-b4df-be80a08c8777 39260928a78e4a18a48e991cef0523dc a943b0f4f04741d982f98fbcdc44adc8 - - default default] GET http://cinder-api.openstack.svc.cluster.local:8776/v3/a943b0f4f04741d982f98fbcdc44adc8/os-quota-sets/254c16fc017c49808ed9f6f83969dd81?usage=true
2026-05-05 03:41:28.533 8 INFO cinder.api.openstack.wsgi [None req-7f30940b-ebca-431c-b4df-be80a08c8777 39260928a78e4a18a48e991cef0523dc a943b0f4f04741d982f98fbcdc44adc8 - - default default] http://cinder-api.openstack.svc.cluster.local:8776/v3/a943b0f4f04741d982f98fbcdc44adc8/os-quota-sets/254c16fc017c49808ed9f6f83969dd81?usage=true returned with HTTP 200 [pid: 8|app: 0|req: 443/892] 10.0.0.49 () {28 vars in 735 bytes} [Tue May 5 03:41:28 2026] GET /v3/a943b0f4f04741d982f98fbcdc44adc8/os-quota-sets/254c16fc017c49808ed9f6f83969dd81?usage=true => generated 847 bytes in 35 msecs (HTTP/1.1 200) 7 headers in 285 bytes (1 switches on core 0)
2026-05-05 03:41:28.543 7 INFO cinder.api.openstack.wsgi [None req-dccd06f1-ecf7-4b7d-a625-56a6602ed3a0 39260928a78e4a18a48e991cef0523dc a943b0f4f04741d982f98fbcdc44adc8 - - default default] GET http://cinder-api.openstack.svc.cluster.local:8776/v3/a943b0f4f04741d982f98fbcdc44adc8/os-quota-sets/5323d7ad5cdc47cbb012f916dd4b0cfd?usage=true
2026-05-05 03:41:28.564 7 INFO cinder.api.openstack.wsgi [None req-dccd06f1-ecf7-4b7d-a625-56a6602ed3a0 39260928a78e4a18a48e991cef0523dc a943b0f4f04741d982f98fbcdc44adc8 - - default default] http://cinder-api.openstack.svc.cluster.local:8776/v3/a943b0f4f04741d982f98fbcdc44adc8/os-quota-sets/5323d7ad5cdc47cbb012f916dd4b0cfd?usage=true returned with HTTP 200 [pid: 7|app: 0|req: 450/893] 10.0.0.49 () {28 vars in 735 bytes} [Tue May 5 03:41:28 2026] GET /v3/a943b0f4f04741d982f98fbcdc44adc8/os-quota-sets/5323d7ad5cdc47cbb012f916dd4b0cfd?usage=true => generated 847 bytes in 27 msecs (HTTP/1.1 200) 7 headers in 285 bytes (1 switches on core 0)
2026-05-05 03:41:28.577 8 INFO cinder.api.openstack.wsgi [None req-13cad17b-a1a3-485e-ab5c-b2712d20f4fa 39260928a78e4a18a48e991cef0523dc a943b0f4f04741d982f98fbcdc44adc8 - - default default] GET http://cinder-api.openstack.svc.cluster.local:8776/v3/a943b0f4f04741d982f98fbcdc44adc8/os-quota-sets/5ae9dcfb1873499caf197723b183cb44?usage=true
2026-05-05 03:41:28.595 8 INFO cinder.api.openstack.wsgi [None req-13cad17b-a1a3-485e-ab5c-b2712d20f4fa 39260928a78e4a18a48e991cef0523dc a943b0f4f04741d982f98fbcdc44adc8 - - default default] http://cinder-api.openstack.svc.cluster.local:8776/v3/a943b0f4f04741d982f98fbcdc44adc8/os-quota-sets/5ae9dcfb1873499caf197723b183cb44?usage=true returned with HTTP 200 [pid: 8|app: 0|req: 444/894] 10.0.0.49 () {28 vars in 735 bytes} [Tue May 5 03:41:28 2026] GET /v3/a943b0f4f04741d982f98fbcdc44adc8/os-quota-sets/5ae9dcfb1873499caf197723b183cb44?usage=true => generated 845 bytes in 27 msecs (HTTP/1.1 200) 7 headers in 285 bytes (1 switches on core 0)
2026-05-05 03:41:28.608 7 INFO cinder.api.openstack.wsgi [None req-9cbfbcd7-8483-4c03-a9b8-507c7cd8b59c 39260928a78e4a18a48e991cef0523dc a943b0f4f04741d982f98fbcdc44adc8 - - default default] GET http://cinder-api.openstack.svc.cluster.local:8776/v3/a943b0f4f04741d982f98fbcdc44adc8/os-quota-sets/680f292940264a3b9c8d845fd94dca52?usage=true
2026-05-05 03:41:28.633 7 INFO cinder.api.openstack.wsgi [None req-9cbfbcd7-8483-4c03-a9b8-507c7cd8b59c 39260928a78e4a18a48e991cef0523dc a943b0f4f04741d982f98fbcdc44adc8 - - default default] http://cinder-api.openstack.svc.cluster.local:8776/v3/a943b0f4f04741d982f98fbcdc44adc8/os-quota-sets/680f292940264a3b9c8d845fd94dca52?usage=true returned with HTTP 200 [pid: 7|app: 0|req: 451/895] 10.0.0.49 () {28 vars in 735 bytes} [Tue May 5 03:41:28 2026] GET /v3/a943b0f4f04741d982f98fbcdc44adc8/os-quota-sets/680f292940264a3b9c8d845fd94dca52?usage=true => generated 847 bytes in 35 msecs (HTTP/1.1 200) 7 headers in 285 bytes (1 switches on core 0)
2026-05-05 03:41:28.644 8 INFO cinder.api.openstack.wsgi [None req-49d69ac4-b38f-42ff-b983-ea41cafca801 39260928a78e4a18a48e991cef0523dc a943b0f4f04741d982f98fbcdc44adc8 - - default default] GET http://cinder-api.openstack.svc.cluster.local:8776/v3/a943b0f4f04741d982f98fbcdc44adc8/os-quota-sets/81048dd83fa1466f95c139084e4d0d92?usage=true
2026-05-05 03:41:28.664 8 INFO cinder.api.openstack.wsgi [None req-49d69ac4-b38f-42ff-b983-ea41cafca801 39260928a78e4a18a48e991cef0523dc a943b0f4f04741d982f98fbcdc44adc8 - - default default] http://cinder-api.openstack.svc.cluster.local:8776/v3/a943b0f4f04741d982f98fbcdc44adc8/os-quota-sets/81048dd83fa1466f95c139084e4d0d92?usage=true returned with HTTP 200 [pid: 8|app: 0|req: 445/896] 10.0.0.49 () {28 vars in 735 bytes} [Tue May 5 03:41:28 2026] GET /v3/a943b0f4f04741d982f98fbcdc44adc8/os-quota-sets/81048dd83fa1466f95c139084e4d0d92?usage=true => generated 847 bytes in 27 msecs (HTTP/1.1 200) 7 headers in 285 bytes (1 switches on core 0)
2026-05-05 03:41:28.680 7 INFO cinder.api.openstack.wsgi [None req-17c963fe-441d-46a9-aa23-b8f6b97238c0 39260928a78e4a18a48e991cef0523dc a943b0f4f04741d982f98fbcdc44adc8 - - default default] GET http://cinder-api.openstack.svc.cluster.local:8776/v3/a943b0f4f04741d982f98fbcdc44adc8/os-quota-sets/a943b0f4f04741d982f98fbcdc44adc8?usage=true
2026-05-05 03:41:28.702 7 INFO cinder.api.openstack.wsgi [None req-17c963fe-441d-46a9-aa23-b8f6b97238c0 39260928a78e4a18a48e991cef0523dc a943b0f4f04741d982f98fbcdc44adc8 - - default default] http://cinder-api.openstack.svc.cluster.local:8776/v3/a943b0f4f04741d982f98fbcdc44adc8/os-quota-sets/a943b0f4f04741d982f98fbcdc44adc8?usage=true returned with HTTP 200 [pid: 7|app: 0|req: 452/897] 10.0.0.49 () {28 vars in 735 bytes} [Tue May 5 03:41:28 2026] GET /v3/a943b0f4f04741d982f98fbcdc44adc8/os-quota-sets/a943b0f4f04741d982f98fbcdc44adc8?usage=true => generated 845 bytes in 35 msecs (HTTP/1.1 200) 7 headers in 285 bytes (1 switches on core 0)
2026-05-05 03:41:28.716 8 INFO cinder.api.openstack.wsgi [None req-1df0f86d-2de1-41ef-a3f1-967a83f0d3ab 39260928a78e4a18a48e991cef0523dc a943b0f4f04741d982f98fbcdc44adc8 - - default default] GET http://cinder-api.openstack.svc.cluster.local:8776/v3/a943b0f4f04741d982f98fbcdc44adc8/os-quota-sets/ae6d928be3c04ee89283ec4a839b8655?usage=true
2026-05-05 03:41:28.752 8 INFO cinder.api.openstack.wsgi [None req-1df0f86d-2de1-41ef-a3f1-967a83f0d3ab 39260928a78e4a18a48e991cef0523dc a943b0f4f04741d982f98fbcdc44adc8 - - default default] http://cinder-api.openstack.svc.cluster.local:8776/v3/a943b0f4f04741d982f98fbcdc44adc8/os-quota-sets/ae6d928be3c04ee89283ec4a839b8655?usage=true returned with HTTP 200 [pid: 8|app: 0|req: 446/898] 10.0.0.49 () {28 vars in 735 bytes} [Tue May 5 03:41:28 2026] GET /v3/a943b0f4f04741d982f98fbcdc44adc8/os-quota-sets/ae6d928be3c04ee89283ec4a839b8655?usage=true => generated 847 bytes in 47 msecs (HTTP/1.1 200) 7 headers in 285 bytes (1 switches on core 0)
2026-05-05 03:41:28.766 7 INFO cinder.api.openstack.wsgi [None req-6aaddaab-6287-4808-92f8-1573c311f42d 39260928a78e4a18a48e991cef0523dc a943b0f4f04741d982f98fbcdc44adc8 - - default default] GET http://cinder-api.openstack.svc.cluster.local:8776/v3/a943b0f4f04741d982f98fbcdc44adc8/os-quota-sets/b6898ad2eea14258af629d8b12f5ac02?usage=true
2026-05-05 03:41:28.786 7 INFO cinder.api.openstack.wsgi [None req-6aaddaab-6287-4808-92f8-1573c311f42d 39260928a78e4a18a48e991cef0523dc a943b0f4f04741d982f98fbcdc44adc8 - - default default] http://cinder-api.openstack.svc.cluster.local:8776/v3/a943b0f4f04741d982f98fbcdc44adc8/os-quota-sets/b6898ad2eea14258af629d8b12f5ac02?usage=true returned with HTTP 200 [pid: 7|app: 0|req: 453/899] 10.0.0.49 () {28 vars in 735 bytes} [Tue May 5 03:41:28 2026] GET /v3/a943b0f4f04741d982f98fbcdc44adc8/os-quota-sets/b6898ad2eea14258af629d8b12f5ac02?usage=true => generated 847 bytes in 30 msecs (HTTP/1.1 200) 7 headers in 285 bytes (1 switches on core 0)
2026-05-05 03:41:28.797 8 INFO cinder.api.openstack.wsgi [None req-1027e563-8fb2-431f-aeab-df302b8717f5 39260928a78e4a18a48e991cef0523dc a943b0f4f04741d982f98fbcdc44adc8 - - default default] GET http://cinder-api.openstack.svc.cluster.local:8776/v3/a943b0f4f04741d982f98fbcdc44adc8/os-quota-sets/c08d508f41574faaa0309f4c3fdaee04?usage=true
2026-05-05 03:41:28.818 8 INFO cinder.api.openstack.wsgi [None req-1027e563-8fb2-431f-aeab-df302b8717f5 39260928a78e4a18a48e991cef0523dc a943b0f4f04741d982f98fbcdc44adc8 - - default default] http://cinder-api.openstack.svc.cluster.local:8776/v3/a943b0f4f04741d982f98fbcdc44adc8/os-quota-sets/c08d508f41574faaa0309f4c3fdaee04?usage=true returned with HTTP 200 [pid: 8|app: 0|req: 447/900] 10.0.0.49 () {28 vars in 735 bytes} [Tue May 5 03:41:28 2026] GET /v3/a943b0f4f04741d982f98fbcdc44adc8/os-quota-sets/c08d508f41574faaa0309f4c3fdaee04?usage=true => generated 847 bytes in 28 msecs (HTTP/1.1 200) 7 headers in 285 bytes (1 switches on core 0)
2026-05-05 03:41:28.831 7 INFO cinder.api.openstack.wsgi [None req-fcd3fcf4-23a4-44a9-9e77-cb20b2e64a8d 39260928a78e4a18a48e991cef0523dc a943b0f4f04741d982f98fbcdc44adc8 - - default default] GET http://cinder-api.openstack.svc.cluster.local:8776/v3/a943b0f4f04741d982f98fbcdc44adc8/os-quota-sets/ce4f41f3816547b693b64725c3f13638?usage=true
2026-05-05 03:41:28.854 7 INFO cinder.api.openstack.wsgi [None req-fcd3fcf4-23a4-44a9-9e77-cb20b2e64a8d 39260928a78e4a18a48e991cef0523dc a943b0f4f04741d982f98fbcdc44adc8 - - default default] http://cinder-api.openstack.svc.cluster.local:8776/v3/a943b0f4f04741d982f98fbcdc44adc8/os-quota-sets/ce4f41f3816547b693b64725c3f13638?usage=true returned with HTTP 200 [pid: 7|app: 0|req: 454/901] 10.0.0.49 () {28 vars in 735 bytes} [Tue May 5 03:41:28 2026] GET /v3/a943b0f4f04741d982f98fbcdc44adc8/os-quota-sets/ce4f41f3816547b693b64725c3f13638?usage=true => generated 847 bytes in 31 msecs (HTTP/1.1 200) 7 headers in 285 bytes (1 switches on core 0)
2026-05-05 03:41:38.145 8 INFO cinder.api.openstack.wsgi [None req-1027e563-8fb2-431f-aeab-df302b8717f5 39260928a78e4a18a48e991cef0523dc a943b0f4f04741d982f98fbcdc44adc8 - - default default] GET http://10.0.0.102:8776/
2026-05-05 03:41:38.146 7 INFO cinder.api.openstack.wsgi [None req-fcd3fcf4-23a4-44a9-9e77-cb20b2e64a8d 39260928a78e4a18a48e991cef0523dc a943b0f4f04741d982f98fbcdc44adc8 - - default default] GET http://10.0.0.102:8776/
2026-05-05 03:41:38.146 8 INFO cinder.api.openstack.wsgi [None req-1027e563-8fb2-431f-aeab-df302b8717f5 39260928a78e4a18a48e991cef0523dc a943b0f4f04741d982f98fbcdc44adc8 - - default default] http://10.0.0.102:8776/ returned with HTTP 300
2026-05-05 03:41:38.147 7 INFO cinder.api.openstack.wsgi [None req-fcd3fcf4-23a4-44a9-9e77-cb20b2e64a8d 39260928a78e4a18a48e991cef0523dc a943b0f4f04741d982f98fbcdc44adc8 - - default default] http://10.0.0.102:8776/ returned with HTTP 300
2026-05-05 03:41:43.859 8 INFO cinder.api.openstack.wsgi [None req-513fb221-49d3-4f87-bb69-10e8de55e547 39260928a78e4a18a48e991cef0523dc a943b0f4f04741d982f98fbcdc44adc8 - - default default] POST http://cinder-api.openstack.svc.cluster.local:8776/v3/a943b0f4f04741d982f98fbcdc44adc8/volumes
2026-05-05 03:41:44.311 8 INFO cinder.api.v3.volumes [None req-513fb221-49d3-4f87-bb69-10e8de55e547 39260928a78e4a18a48e991cef0523dc a943b0f4f04741d982f98fbcdc44adc8 - - default default] Create volume of 16 GB
2026-05-05 03:41:44.318 8 INFO cinder.volume.api [None req-513fb221-49d3-4f87-bb69-10e8de55e547 39260928a78e4a18a48e991cef0523dc a943b0f4f04741d982f98fbcdc44adc8 - - default default] Availability Zones retrieved successfully.
2026-05-05 03:41:44.521 8 INFO cinder.volume.api [None req-513fb221-49d3-4f87-bb69-10e8de55e547 39260928a78e4a18a48e991cef0523dc a943b0f4f04741d982f98fbcdc44adc8 - - default default] Create volume request issued successfully.
2026-05-05 03:41:44.522 8 INFO cinder.api.openstack.wsgi [None req-513fb221-49d3-4f87-bb69-10e8de55e547 39260928a78e4a18a48e991cef0523dc a943b0f4f04741d982f98fbcdc44adc8 - - default default] http://cinder-api.openstack.svc.cluster.local:8776/v3/a943b0f4f04741d982f98fbcdc44adc8/volumes returned with HTTP 202 [pid: 8|app: 0|req: 449/904] 199.19.213.44 () {34 vars in 733 bytes} [Tue May 5 03:41:43 2026] POST /v3/a943b0f4f04741d982f98fbcdc44adc8/volumes => generated 846 bytes in 702 msecs (HTTP/1.1 202) 7 headers in 291 bytes (1 switches on core 0)
2026-05-05 03:41:44.538 7 INFO cinder.api.openstack.wsgi [req-513fb221-49d3-4f87-bb69-10e8de55e547 req-c615901a-269a-481e-adba-a8c0ec9d16ca 39260928a78e4a18a48e991cef0523dc a943b0f4f04741d982f98fbcdc44adc8 - - default default] GET http://cinder-api.openstack.svc.cluster.local:8776/v3/a943b0f4f04741d982f98fbcdc44adc8/volumes/5d12b5b5-f60e-4594-b82c-1f912c141911 /var/lib/openstack/lib/python3.12/site-packages/oslo_context/context.py:101: DeprecationWarning: Policy enforcement is depending on the value of is_admin. This key is deprecated. Please update your policy file to use the standard policy values. warnings.warn(
2026-05-05 03:41:44.570 7 INFO cinder.volume.api [req-513fb221-49d3-4f87-bb69-10e8de55e547 req-c615901a-269a-481e-adba-a8c0ec9d16ca 39260928a78e4a18a48e991cef0523dc a943b0f4f04741d982f98fbcdc44adc8 - - default default] Volume info retrieved successfully.
2026-05-05 03:41:44.574 7 INFO cinder.api.openstack.wsgi [req-513fb221-49d3-4f87-bb69-10e8de55e547 req-c615901a-269a-481e-adba-a8c0ec9d16ca 39260928a78e4a18a48e991cef0523dc a943b0f4f04741d982f98fbcdc44adc8 - - default default] http://cinder-api.openstack.svc.cluster.local:8776/v3/a943b0f4f04741d982f98fbcdc44adc8/volumes/5d12b5b5-f60e-4594-b82c-1f912c141911 returned with HTTP 200 [pid: 7|app: 0|req: 456/905] 199.19.213.44 () {32 vars in 824 bytes} [Tue May 5 03:41:44 2026] GET /v3/a943b0f4f04741d982f98fbcdc44adc8/volumes/5d12b5b5-f60e-4594-b82c-1f912c141911 => generated 1025 bytes in 44 msecs (HTTP/1.1 200) 7 headers in 286 bytes (1 switches on core 0)
2026-05-05 03:41:48.145 7 INFO cinder.api.openstack.wsgi [req-513fb221-49d3-4f87-bb69-10e8de55e547 req-c615901a-269a-481e-adba-a8c0ec9d16ca 39260928a78e4a18a48e991cef0523dc a943b0f4f04741d982f98fbcdc44adc8 - - default default] GET http://10.0.0.102:8776/
2026-05-05 03:41:48.145 8 INFO cinder.api.openstack.wsgi [None req-513fb221-49d3-4f87-bb69-10e8de55e547 39260928a78e4a18a48e991cef0523dc a943b0f4f04741d982f98fbcdc44adc8 - - default default] GET http://10.0.0.102:8776/
2026-05-05 03:41:48.146 7 INFO cinder.api.openstack.wsgi [req-513fb221-49d3-4f87-bb69-10e8de55e547 req-c615901a-269a-481e-adba-a8c0ec9d16ca 39260928a78e4a18a48e991cef0523dc a943b0f4f04741d982f98fbcdc44adc8 - - default default] http://10.0.0.102:8776/ returned with HTTP 300
2026-05-05 03:41:48.146 8 INFO cinder.api.openstack.wsgi [None req-513fb221-49d3-4f87-bb69-10e8de55e547 39260928a78e4a18a48e991cef0523dc a943b0f4f04741d982f98fbcdc44adc8 - - default default] http://10.0.0.102:8776/ returned with HTTP 300 /var/lib/openstack/lib/python3.12/site-packages/pycadf/identifier.py:70: UserWarning: Invalid uuid: cinderv3. To ensure interoperability, identifiers should be a valid uuid. warnings.warn(('Invalid uuid: %s. To ensure interoperability, '
2026-05-05 03:41:49.585 7 INFO cinder.api.openstack.wsgi [req-513fb221-49d3-4f87-bb69-10e8de55e547 req-71b54372-2c9e-4803-9724-24a093e7bb18 39260928a78e4a18a48e991cef0523dc a943b0f4f04741d982f98fbcdc44adc8 - - default default] GET http://cinder-api.openstack.svc.cluster.local:8776/v3/a943b0f4f04741d982f98fbcdc44adc8/volumes/5d12b5b5-f60e-4594-b82c-1f912c141911 /var/lib/openstack/lib/python3.12/site-packages/oslo_context/context.py:101: DeprecationWarning: Policy enforcement is depending on the value of is_admin. This key is deprecated. Please update your policy file to use the standard policy values. warnings.warn(
2026-05-05 03:41:49.603 7 INFO cinder.volume.api [req-513fb221-49d3-4f87-bb69-10e8de55e547 req-71b54372-2c9e-4803-9724-24a093e7bb18 39260928a78e4a18a48e991cef0523dc a943b0f4f04741d982f98fbcdc44adc8 - - default default] Volume info retrieved successfully.
2026-05-05 03:41:49.609 7 INFO cinder.api.openstack.wsgi [req-513fb221-49d3-4f87-bb69-10e8de55e547 req-71b54372-2c9e-4803-9724-24a093e7bb18 39260928a78e4a18a48e991cef0523dc a943b0f4f04741d982f98fbcdc44adc8 - - default default] http://cinder-api.openstack.svc.cluster.local:8776/v3/a943b0f4f04741d982f98fbcdc44adc8/volumes/5d12b5b5-f60e-4594-b82c-1f912c141911 returned with HTTP 200 [pid: 7|app: 0|req: 458/908] 199.19.213.44 () {32 vars in 824 bytes} [Tue May 5 03:41:49 2026] GET /v3/a943b0f4f04741d982f98fbcdc44adc8/volumes/5d12b5b5-f60e-4594-b82c-1f912c141911 => generated 1489 bytes in 30 msecs (HTTP/1.1 200) 7 headers in 286 bytes (1 switches on core 0) /var/lib/openstack/lib/python3.12/site-packages/pycadf/identifier.py:70: UserWarning: Invalid uuid: cinderv3. To ensure interoperability, identifiers should be a valid uuid. warnings.warn(('Invalid uuid: %s. To ensure interoperability, '
2026-05-05 03:41:50.093 8 INFO cinder.api.openstack.wsgi [req-389ea749-c187-4b9e-b77a-ebd21259b4ca req-d37ce699-2dff-432d-9d0c-62c5b356929b 39260928a78e4a18a48e991cef0523dc a943b0f4f04741d982f98fbcdc44adc8 - - default default] GET http://cinder-api.openstack.svc.cluster.local:8776/v3/a943b0f4f04741d982f98fbcdc44adc8/volumes/5d12b5b5-f60e-4594-b82c-1f912c141911 /var/lib/openstack/lib/python3.12/site-packages/oslo_context/context.py:101: DeprecationWarning: Policy enforcement is depending on the value of is_admin. This key is deprecated. Please update your policy file to use the standard policy values. warnings.warn(
2026-05-05 03:41:50.107 8 INFO cinder.volume.api [req-389ea749-c187-4b9e-b77a-ebd21259b4ca req-d37ce699-2dff-432d-9d0c-62c5b356929b 39260928a78e4a18a48e991cef0523dc a943b0f4f04741d982f98fbcdc44adc8 - - default default] Volume info retrieved successfully.
2026-05-05 03:41:50.112 8 INFO cinder.api.openstack.wsgi [req-389ea749-c187-4b9e-b77a-ebd21259b4ca req-d37ce699-2dff-432d-9d0c-62c5b356929b 39260928a78e4a18a48e991cef0523dc a943b0f4f04741d982f98fbcdc44adc8 - - default default] http://cinder-api.openstack.svc.cluster.local:8776/v3/a943b0f4f04741d982f98fbcdc44adc8/volumes/5d12b5b5-f60e-4594-b82c-1f912c141911 returned with HTTP 200 [pid: 8|app: 0|req: 451/909] 10.0.0.204 () {34 vars in 1028 bytes} [Tue May 5 03:41:50 2026] GET /v3/a943b0f4f04741d982f98fbcdc44adc8/volumes/5d12b5b5-f60e-4594-b82c-1f912c141911 => generated 1489 bytes in 63 msecs (HTTP/1.1 200) 7 headers in 286 bytes (1 switches on core 0) /var/lib/openstack/lib/python3.12/site-packages/pycadf/identifier.py:70: UserWarning: Invalid uuid: cinderv3. To ensure interoperability, identifiers should be a valid uuid. warnings.warn(('Invalid uuid: %s. To ensure interoperability, '
2026-05-05 03:41:50.481 7 INFO cinder.api.openstack.wsgi [req-389ea749-c187-4b9e-b77a-ebd21259b4ca req-4e11f853-e05d-45ed-9592-e4b7cb780ec6 39260928a78e4a18a48e991cef0523dc a943b0f4f04741d982f98fbcdc44adc8 - - default default] GET http://cinder-api.openstack.svc.cluster.local:8776/v3/a943b0f4f04741d982f98fbcdc44adc8/volumes/5d12b5b5-f60e-4594-b82c-1f912c141911 /var/lib/openstack/lib/python3.12/site-packages/oslo_context/context.py:101: DeprecationWarning: Policy enforcement is depending on the value of is_admin. This key is deprecated. Please update your policy file to use the standard policy values. warnings.warn(
2026-05-05 03:41:50.495 7 INFO cinder.volume.api [req-389ea749-c187-4b9e-b77a-ebd21259b4ca req-4e11f853-e05d-45ed-9592-e4b7cb780ec6 39260928a78e4a18a48e991cef0523dc a943b0f4f04741d982f98fbcdc44adc8 - - default default] Volume info retrieved successfully.
