Feb 17 20:44:03.098444 np0000156165 devstack@neutron-api.service[103535]: INFO neutron.api.extensions [None req-21091004-3881-4897-a791-d297f26230de None None] Loaded extension: security-groups-rules-belongs-to-default-sg
Feb 17 20:44:03.098578 np0000156165 devstack@neutron-api.service[103537]: DEBUG neutron.api.v2.resource_helper [None req-ddb75b72-7744-4a0b-abcd-29570a5a9d8a None None] Service FLAVORS assigned prefix: {{(pid=103537) build_resource_info /opt/stack/neutron/neutron/api/v2/resource_helper.py:77}}
Feb 17 20:44:03.098774 np0000156165 devstack@neutron-api.service[103535]: DEBUG neutron.api.extensions [None req-21091004-3881-4897-a791-d297f26230de None None] Loading extension file: security_groups_shared_filtering.py {{(pid=103535) _load_all_extensions_from_path /opt/stack/neutron/neutron/api/extensions.py:449}}
Feb 17 20:44:03.098774 np0000156165 devstack@neutron-api.service[103535]: DEBUG neutron.api.extensions [None req-21091004-3881-4897-a791-d297f26230de None None] Ext name="Security group filtering on the shared field" alias="security-groups-shared-filtering" description="Support filtering security groups on the shared field" updated="2021-10-05T09:00:00-00:00" {{(pid=103535) _check_extension /opt/stack/neutron/neutron/api/extensions.py:415}}
Feb 17 20:44:03.098856 np0000156165 devstack@neutron-api.service[103538]: DEBUG neutron.api.extensions [None req-0bd3cd84-6422-4ce7-a722-7d4ec2f13bff None None] Extended resource: auto-allocated-topology {{(pid=103538) __init__ /opt/stack/neutron/neutron/api/extensions.py:156}}
Feb 17 20:44:03.099053 np0000156165 devstack@neutron-api.service[103535]: INFO neutron.api.extensions [None req-21091004-3881-4897-a791-d297f26230de None None] Loaded extension: security-groups-shared-filtering
Feb 17 20:44:03.099053 np0000156165 devstack@neutron-api.service[103535]: DEBUG neutron.api.extensions [None req-21091004-3881-4897-a791-d297f26230de None None] Loading extension file: securitygroup.py {{(pid=103535) _load_all_extensions_from_path /opt/stack/neutron/neutron/api/extensions.py:449}}
Feb 17 20:44:03.099322 np0000156165 devstack@neutron-api.service[103538]: DEBUG neutron.api.extensions [None req-0bd3cd84-6422-4ce7-a722-7d4ec2f13bff None None] Extended resource: availability_zones {{(pid=103538) __init__ /opt/stack/neutron/neutron/api/extensions.py:156}}
Feb 17 20:44:03.099605 np0000156165 devstack@neutron-api.service[103537]: DEBUG neutron.api.v2.resource_helper [None req-ddb75b72-7744-4a0b-abcd-29570a5a9d8a None None] Service L3_ROUTER_NAT assigned prefix: {{(pid=103537) build_resource_info /opt/stack/neutron/neutron/api/v2/resource_helper.py:77}}
Feb 17 20:44:03.099605 np0000156165 devstack@neutron-api.service[103537]: DEBUG neutron.api.v2.resource_helper [None req-ddb75b72-7744-4a0b-abcd-29570a5a9d8a None None] Service L3_ROUTER_NAT assigned prefix: {{(pid=103537) build_resource_info /opt/stack/neutron/neutron/api/v2/resource_helper.py:77}}
Feb 17 20:44:03.099899 np0000156165 devstack@neutron-api.service[103538]: DEBUG neutron.api.extensions [None req-0bd3cd84-6422-4ce7-a722-7d4ec2f13bff None None] Extended resource: dhcp-networks {{(pid=103538) __init__ /opt/stack/neutron/neutron/api/extensions.py:156}}
Feb 17 20:44:03.100168 np0000156165 devstack@neutron-api.service[103537]: INFO neutron.quota.resource_registry [None req-ddb75b72-7744-4a0b-abcd-29570a5a9d8a None None] Creating instance of TrackedResource for resource:router
Feb 17 20:44:03.100168 np0000156165 devstack@neutron-api.service[103537]: INFO neutron.quota.resource_registry [None req-ddb75b72-7744-4a0b-abcd-29570a5a9d8a None None] Creating instance of TrackedResource for resource:floatingip
Feb 17 20:44:03.100464 np0000156165 devstack@neutron-api.service[103538]: DEBUG neutron.api.extensions [None req-0bd3cd84-6422-4ce7-a722-7d4ec2f13bff None None] Extended resource: dhcp-agents {{(pid=103538) __init__ /opt/stack/neutron/neutron/api/extensions.py:156}}
Feb 17 20:44:03.100464 np0000156165 devstack@neutron-api.service[103538]: DEBUG neutron.api.extensions [None req-0bd3cd84-6422-4ce7-a722-7d4ec2f13bff None None] Extended resource: routers {{(pid=103538) __init__ /opt/stack/neutron/neutron/api/extensions.py:156}}
Feb 17 20:44:03.100808 np0000156165 devstack@neutron-api.service[103537]: DEBUG neutron_lib.callbacks.manager [None req-ddb75b72-7744-4a0b-abcd-29570a5a9d8a None None] Subscribe: > rbac-policy before_create 55550000, False {{(pid=103537) subscribe /opt/stack/data/venv/lib/python3.12/site-packages/neutron_lib/callbacks/manager.py:52}}
Feb 17 20:44:03.100808 np0000156165 devstack@neutron-api.service[103537]: DEBUG neutron_lib.callbacks.manager [None req-ddb75b72-7744-4a0b-abcd-29570a5a9d8a None None] Subscribe: > rbac-policy before_update 55550000, False {{(pid=103537) subscribe /opt/stack/data/venv/lib/python3.12/site-packages/neutron_lib/callbacks/manager.py:52}}
Feb 17 20:44:03.100808 np0000156165 devstack@neutron-api.service[103537]: DEBUG neutron_lib.callbacks.manager [None req-ddb75b72-7744-4a0b-abcd-29570a5a9d8a None None] Subscribe: > rbac-policy before_delete 55550000, False {{(pid=103537) subscribe /opt/stack/data/venv/lib/python3.12/site-packages/neutron_lib/callbacks/manager.py:52}}
Feb 17 20:44:03.101027 np0000156165 devstack@neutron-api.service[103535]: DEBUG neutron.api.extensions [None req-21091004-3881-4897-a791-d297f26230de None None] Ext name="security-group" alias="security-group" description="The security groups extension." updated="2012-10-05T10:00:00-00:00" {{(pid=103535) _check_extension /opt/stack/neutron/neutron/api/extensions.py:415}}
Feb 17 20:44:03.101298 np0000156165 devstack@neutron-api.service[103535]: INFO neutron.api.extensions [None req-21091004-3881-4897-a791-d297f26230de None None] Loaded extension: security-group
Feb 17 20:44:03.101461 np0000156165 devstack@neutron-api.service[103538]: DEBUG neutron.api.extensions [None req-0bd3cd84-6422-4ce7-a722-7d4ec2f13bff None None] Extended resource: flavors {{(pid=103538) __init__ /opt/stack/neutron/neutron/api/extensions.py:156}}
Feb 17 20:44:03.101632 np0000156165 devstack@neutron-api.service[103535]: DEBUG neutron.api.extensions [None req-21091004-3881-4897-a791-d297f26230de None None] Loading extension file: segment.py {{(pid=103535) _load_all_extensions_from_path /opt/stack/neutron/neutron/api/extensions.py:449}}
Feb 17 20:44:03.101953 np0000156165 devstack@neutron-api.service[103537]: INFO neutron.quota.resource_registry [None req-ddb75b72-7744-4a0b-abcd-29570a5a9d8a None None] Creating instance of CountableResource for resource:rbac_policy
Feb 17 20:44:03.102336 np0000156165 devstack@neutron-api.service[103538]: DEBUG neutron.api.extensions [None req-0bd3cd84-6422-4ce7-a722-7d4ec2f13bff None None] Extended resource: service_profiles {{(pid=103538) __init__ /opt/stack/neutron/neutron/api/extensions.py:156}}
Feb 17 20:44:03.102844 np0000156165 devstack@neutron-api.service[103535]: DEBUG neutron.api.extensions [None req-21091004-3881-4897-a791-d297f26230de None None] Ext name="Segment" alias="segment" description="Segments extension." updated="2016-02-24T17:00:00-00:00" {{(pid=103535) _check_extension /opt/stack/neutron/neutron/api/extensions.py:415}}
Feb 17 20:44:03.102844 np0000156165 devstack@neutron-api.service[103535]: INFO neutron.api.extensions [None req-21091004-3881-4897-a791-d297f26230de None None] Extension segment not supported by any of loaded plugins
Feb 17 20:44:03.103260 np0000156165 devstack@neutron-api.service[103538]: DEBUG neutron.api.extensions [None req-0bd3cd84-6422-4ce7-a722-7d4ec2f13bff None None] Extended resource: next_providers {{(pid=103538) __init__ /opt/stack/neutron/neutron/api/extensions.py:156}}
Feb 17 20:44:03.103508 np0000156165 devstack@neutron-api.service[103537]: INFO neutron.quota.resource_registry [None req-ddb75b72-7744-4a0b-abcd-29570a5a9d8a None None] Creating instance of TrackedResource for resource:security_group
Feb 17 20:44:03.103718 np0000156165 devstack@neutron-api.service[103535]: DEBUG neutron.api.extensions [None req-21091004-3881-4897-a791-d297f26230de None None] Loading extension file: segments_peer_subnet_host_routes.py {{(pid=103535) _load_all_extensions_from_path /opt/stack/neutron/neutron/api/extensions.py:449}}
Feb 17 20:44:03.103718 np0000156165 devstack@neutron-api.service[103535]: DEBUG neutron.api.extensions [None req-21091004-3881-4897-a791-d297f26230de None None] Ext name="Segments peer-subnet host routes" alias="segments-peer-subnet-host-routes" description="Add host routes to subnets on a routed network (segments)" updated="2018-06-12T10:00:00-00:00" {{(pid=103535) _check_extension /opt/stack/neutron/neutron/api/extensions.py:415}}
Feb 17 20:44:03.104002 np0000156165 devstack@neutron-api.service[103537]: INFO neutron.quota.resource_registry [None req-ddb75b72-7744-4a0b-abcd-29570a5a9d8a None None] Creating instance of TrackedResource for resource:security_group_rule
Feb 17 20:44:03.104144 np0000156165 devstack@neutron-api.service[103538]: DEBUG neutron.api.extensions [None req-0bd3cd84-6422-4ce7-a722-7d4ec2f13bff None None] Extended resource: service_profiles {{(pid=103538) __init__ /opt/stack/neutron/neutron/api/extensions.py:156}}
Feb 17 20:44:03.104316 np0000156165 devstack@neutron-api.service[103535]: INFO neutron.api.extensions [None req-21091004-3881-4897-a791-d297f26230de None None] Extension segments-peer-subnet-host-routes not supported by any of loaded plugins
Feb 17 20:44:03.104316 np0000156165 devstack@neutron-api.service[103535]: DEBUG neutron.api.extensions [None req-21091004-3881-4897-a791-d297f26230de None None] Loading extension file: servicetype.py {{(pid=103535) _load_all_extensions_from_path /opt/stack/neutron/neutron/api/extensions.py:449}}
Feb 17 20:44:03.104432 np0000156165 devstack@neutron-api.service[103537]: DEBUG neutron.api.v2.resource_helper [None req-ddb75b72-7744-4a0b-abcd-29570a5a9d8a None None] Service CORE assigned prefix: {{(pid=103537) build_resource_info /opt/stack/neutron/neutron/api/v2/resource_helper.py:77}}
Feb 17 20:44:03.104505 np0000156165 devstack@neutron-api.service[103535]: DEBUG neutron.api.extensions [None req-21091004-3881-4897-a791-d297f26230de None None] Ext name="Neutron Service Type Management" alias="service-type" description="API for retrieving service providers for Neutron advanced services" updated="2013-01-20T00:00:00-00:00" {{(pid=103535) _check_extension /opt/stack/neutron/neutron/api/extensions.py:415}}
Feb 17 20:44:03.104626 np0000156165 devstack@neutron-api.service[103538]: DEBUG neutron.api.extensions [None req-0bd3cd84-6422-4ce7-a722-7d4ec2f13bff None None] Extended resource: floatingip-pools {{(pid=103538) __init__ /opt/stack/neutron/neutron/api/extensions.py:156}}
Feb 17 20:44:03.104656 np0000156165 devstack@neutron-api.service[103537]: INFO neutron.quota.resource_registry [None req-ddb75b72-7744-4a0b-abcd-29570a5a9d8a None None] Creating instance of TrackedResource for resource:subnetpool
Feb 17 20:44:03.104776 np0000156165 devstack@neutron-api.service[103535]: INFO neutron.api.extensions [None req-21091004-3881-4897-a791-d297f26230de None None] Loaded extension: service-type
Feb 17 20:44:03.104859 np0000156165 devstack@neutron-api.service[103537]: WARNING neutron.quota.resource_registry [None req-ddb75b72-7744-4a0b-abcd-29570a5a9d8a None None] subnetpool is already registered
Feb 17 20:44:03.104918 np0000156165 devstack@neutron-api.service[103535]: DEBUG neutron.api.extensions [None req-21091004-3881-4897-a791-d297f26230de None None] Loading extension file: sorting.py {{(pid=103535) _load_all_extensions_from_path /opt/stack/neutron/neutron/api/extensions.py:449}}
Feb 17 20:44:03.104987 np0000156165 devstack@neutron-api.service[103538]: DEBUG neutron.api.extensions [None req-0bd3cd84-6422-4ce7-a722-7d4ec2f13bff None None] Extended resource: routers {{(pid=103538) __init__ /opt/stack/neutron/neutron/api/extensions.py:156}}
Feb 17 20:44:03.105050 np0000156165 devstack@neutron-api.service[103535]: DEBUG neutron.api.extensions [None req-21091004-3881-4897-a791-d297f26230de None None] Ext name="Sorting support" alias="sorting" description="Extension that indicates that sorting is enabled." updated="2016-06-12T00:00:00-00:00" {{(pid=103535) _check_extension /opt/stack/neutron/neutron/api/extensions.py:415}}
Feb 17 20:44:03.105050 np0000156165 devstack@neutron-api.service[103535]: INFO neutron.api.extensions [None req-21091004-3881-4897-a791-d297f26230de None None] Loaded extension: sorting
Feb 17 20:44:03.105050 np0000156165 devstack@neutron-api.service[103535]: DEBUG neutron.api.extensions [None req-21091004-3881-4897-a791-d297f26230de None None] Loading extension file: standard_attr_segment.py {{(pid=103535) _load_all_extensions_from_path /opt/stack/neutron/neutron/api/extensions.py:449}}
Feb 17 20:44:03.105050 np0000156165 devstack@neutron-api.service[103535]: DEBUG neutron.api.extensions [None req-21091004-3881-4897-a791-d297f26230de None None] Ext name="Standard Attribute Segment Extension" alias="standard-attr-segment" description="Add standard attributes to Segment resource" updated="2018-04-09T10:00:00-00:00" {{(pid=103535) _check_extension /opt/stack/neutron/neutron/api/extensions.py:415}}
Feb 17 20:44:03.105214 np0000156165 devstack@neutron-api.service[103538]: DEBUG neutron.api.extensions [None req-0bd3cd84-6422-4ce7-a722-7d4ec2f13bff None None] Extended resource: floatingips {{(pid=103538) __init__ /opt/stack/neutron/neutron/api/extensions.py:156}}
Feb 17 20:44:03.105337 np0000156165 devstack@neutron-api.service[103535]: INFO neutron.api.extensions [None req-21091004-3881-4897-a791-d297f26230de None None] Extension standard-attr-segment not supported by any of loaded plugins
Feb 17 20:44:03.105337 np0000156165 devstack@neutron-api.service[103535]: DEBUG neutron.api.extensions [None req-21091004-3881-4897-a791-d297f26230de None None] Loading extension file: standardattrdescription.py {{(pid=103535) _load_all_extensions_from_path /opt/stack/neutron/neutron/api/extensions.py:449}}
Feb 17 20:44:03.105661 np0000156165 devstack@neutron-api.service[103538]: DEBUG neutron.api.extensions [None req-0bd3cd84-6422-4ce7-a722-7d4ec2f13bff None None] Extended resource: network-ip-availabilities {{(pid=103538) __init__ /opt/stack/neutron/neutron/api/extensions.py:156}}
Feb 17 20:44:03.105691 np0000156165 devstack@neutron-api.service[103535]: DEBUG neutron.api.extensions [None req-21091004-3881-4897-a791-d297f26230de None None] Ext name="standard-attr-description" alias="standard-attr-description" description="Extension to add descriptions to standard attributes" updated="2016-02-10T10:00:00-00:00" {{(pid=103535) _check_extension /opt/stack/neutron/neutron/api/extensions.py:415}}
Feb 17 20:44:03.105964 np0000156165 devstack@neutron-api.service[103535]: INFO neutron.api.extensions [None req-21091004-3881-4897-a791-d297f26230de None None] Loaded extension: standard-attr-description
Feb 17 20:44:03.106058 np0000156165 devstack@neutron-api.service[103535]: DEBUG neutron.api.extensions [None req-21091004-3881-4897-a791-d297f26230de None None] Loading extension file: stateful_security_group.py {{(pid=103535) _load_all_extensions_from_path /opt/stack/neutron/neutron/api/extensions.py:449}}
Feb 17 20:44:03.106172 np0000156165 devstack@neutron-api.service[103537]: DEBUG neutron.api.v2.resource_helper [None req-ddb75b72-7744-4a0b-abcd-29570a5a9d8a None None] Service L3_ROUTER_NAT assigned prefix: {{(pid=103537) build_resource_info /opt/stack/neutron/neutron/api/v2/resource_helper.py:77}}
Feb 17 20:44:03.106200 np0000156165 devstack@neutron-api.service[103538]: DEBUG neutron.api.extensions [None req-0bd3cd84-6422-4ce7-a722-7d4ec2f13bff None None] Extended resource: network-ip-availabilities {{(pid=103538) __init__ /opt/stack/neutron/neutron/api/extensions.py:156}}
Feb 17 20:44:03.106423 np0000156165 devstack@neutron-api.service[103535]: DEBUG neutron.api.extensions [None req-21091004-3881-4897-a791-d297f26230de None None] Ext name="Stateful security group" alias="stateful-security-group" description="Indicates if the security group is stateful or not" updated="2019-11-26T09:00:00-00:00" {{(pid=103535) _check_extension /opt/stack/neutron/neutron/api/extensions.py:415}}
Feb 17 20:44:03.106592 np0000156165 devstack@neutron-api.service[103537]: DEBUG neutron.api.v2.resource_helper [None req-ddb75b72-7744-4a0b-abcd-29570a5a9d8a None None] Service FLAVORS assigned prefix: {{(pid=103537) build_resource_info /opt/stack/neutron/neutron/api/v2/resource_helper.py:77}}
Feb 17 20:44:03.106691 np0000156165 devstack@neutron-api.service[103535]: INFO neutron.api.extensions [None req-21091004-3881-4897-a791-d297f26230de None None] Loaded extension: stateful-security-group
Feb 17 20:44:03.106727 np0000156165 devstack@neutron-api.service[103538]: DEBUG neutron.api.extensions [None req-0bd3cd84-6422-4ce7-a722-7d4ec2f13bff None None] Extended resource: bindings {{(pid=103538) __init__ /opt/stack/neutron/neutron/api/extensions.py:156}}
Feb 17 20:44:03.106845 np0000156165 devstack@neutron-api.service[103535]: DEBUG neutron.api.extensions [None req-21091004-3881-4897-a791-d297f26230de None None] Loading extension file: stdattrs_common.py {{(pid=103535) _load_all_extensions_from_path /opt/stack/neutron/neutron/api/extensions.py:449}}
Feb 17 20:44:03.107135 np0000156165 devstack@neutron-api.service[103535]: WARNING neutron.api.extensions [None req-21091004-3881-4897-a791-d297f26230de None None] Did not find expected name "Stdattrs_common" in /opt/stack/neutron/neutron/extensions/stdattrs_common.py
Feb 17 20:44:03.107267 np0000156165 devstack@neutron-api.service[103535]: DEBUG neutron.api.extensions [None req-21091004-3881-4897-a791-d297f26230de None None] Loading extension file: subnet_dns_publish_fixed_ip.py {{(pid=103535) _load_all_extensions_from_path /opt/stack/neutron/neutron/api/extensions.py:449}}
Feb 17 20:44:03.107419 np0000156165 devstack@neutron-api.service[103538]: DEBUG neutron.api.extensions [None req-0bd3cd84-6422-4ce7-a722-7d4ec2f13bff None None] Extended resource: quotas {{(pid=103538) __init__ /opt/stack/neutron/neutron/api/extensions.py:156}}
Feb 17 20:44:03.107479 np0000156165 devstack@neutron-api.service[103537]: DEBUG neutron.api.v2.resource_helper [None req-ddb75b72-7744-4a0b-abcd-29570a5a9d8a None None] Service L3_ROUTER_NAT assigned prefix: {{(pid=103537) build_resource_info /opt/stack/neutron/neutron/api/v2/resource_helper.py:77}}
Feb 17 20:44:03.107574 np0000156165 devstack@neutron-api.service[103535]: DEBUG neutron.api.extensions [None req-21091004-3881-4897-a791-d297f26230de None None] Ext name="Subnet DNS publish fixed IP" alias="subnet-dns-publish-fixed-ip" description="Support choosing to publish DNS records for IPs from a subnet" updated="2019-05-24T10:00:00-00:00" {{(pid=103535) _check_extension /opt/stack/neutron/neutron/api/extensions.py:415}}
Feb 17 20:44:03.107822 np0000156165 devstack@neutron-api.service[103537]: DEBUG neutron.api.v2.resource_helper [None req-ddb75b72-7744-4a0b-abcd-29570a5a9d8a None None] Service L3_ROUTER_NAT assigned prefix: {{(pid=103537) build_resource_info /opt/stack/neutron/neutron/api/v2/resource_helper.py:77}}
Feb 17 20:44:03.107853 np0000156165 devstack@neutron-api.service[103535]: INFO neutron.api.extensions [None req-21091004-3881-4897-a791-d297f26230de None None] Loaded extension: subnet-dns-publish-fixed-ip
Feb 17 20:44:03.107961 np0000156165 devstack@neutron-api.service[103535]: DEBUG neutron.api.extensions [None req-21091004-3881-4897-a791-d297f26230de None None] Loading extension file: subnet_external_network.py {{(pid=103535) _load_all_extensions_from_path /opt/stack/neutron/neutron/api/extensions.py:449}}
Feb 17 20:44:03.108021 np0000156165 devstack@neutron-api.service[103537]: INFO neutron.quota.resource_registry [None req-ddb75b72-7744-4a0b-abcd-29570a5a9d8a None None] Creating instance of TrackedResource for resource:router
Feb 17 20:44:03.108184 np0000156165 devstack@neutron-api.service[103537]: WARNING neutron.quota.resource_registry [None req-ddb75b72-7744-4a0b-abcd-29570a5a9d8a None None] router is already registered
Feb 17 20:44:03.108311 np0000156165 devstack@neutron-api.service[103535]: DEBUG neutron.api.extensions [None req-21091004-3881-4897-a791-d297f26230de None None] Ext name="Subnet belongs to an external network" alias="subnet-external-network" description="Informs if the subnet belongs to an external network" updated="2024-02-05T18:00:00-00:00" {{(pid=103535) _check_extension /opt/stack/neutron/neutron/api/extensions.py:415}}
Feb 17 20:44:03.108565 np0000156165 devstack@neutron-api.service[103535]: INFO neutron.api.extensions [None req-21091004-3881-4897-a791-d297f26230de None None] Loaded extension: subnet-external-network
Feb 17 20:44:03.108657 np0000156165 devstack@neutron-api.service[103537]: INFO neutron.quota.resource_registry [None req-ddb75b72-7744-4a0b-abcd-29570a5a9d8a None None] Creating instance of TrackedResource for resource:floatingip
Feb 17 20:44:03.108686 np0000156165 devstack@neutron-api.service[103535]: DEBUG neutron.api.extensions [None req-21091004-3881-4897-a791-d297f26230de None None] Loading extension file: subnet_onboard.py {{(pid=103535) _load_all_extensions_from_path /opt/stack/neutron/neutron/api/extensions.py:449}}
Feb 17 20:44:03.108783 np0000156165 devstack@neutron-api.service[103537]: WARNING neutron.quota.resource_registry [None req-ddb75b72-7744-4a0b-abcd-29570a5a9d8a None None] floatingip is already registered
Feb 17 20:44:03.108816 np0000156165 devstack@neutron-api.service[103538]: DEBUG neutron.api.extensions [None req-0bd3cd84-6422-4ce7-a722-7d4ec2f13bff None None] Extended resource: quotas {{(pid=103538) __init__ /opt/stack/neutron/neutron/api/extensions.py:156}}
Feb 17 20:44:03.109444 np0000156165 devstack@neutron-api.service[103535]: DEBUG neutron.api.extensions [None req-21091004-3881-4897-a791-d297f26230de None None] Ext name="Subnet Onboard" alias="subnet_onboard" description="Provides support for onboarding subnets into subnet pools" updated="2018-12-18T09:00:00-00:00" {{(pid=103535) _check_extension /opt/stack/neutron/neutron/api/extensions.py:415}}
Feb 17 20:44:03.109613 np0000156165 devstack@neutron-api.service[103535]: INFO neutron.api.extensions [None req-21091004-3881-4897-a791-d297f26230de None None] Extension subnet_onboard not supported by any of loaded plugins
Feb 17 20:44:03.109725 np0000156165 devstack@neutron-api.service[103535]: DEBUG neutron.api.extensions [None req-21091004-3881-4897-a791-d297f26230de None None] Loading extension file: subnet_segmentid_writable.py {{(pid=103535) _load_all_extensions_from_path /opt/stack/neutron/neutron/api/extensions.py:449}}
Feb 17 20:44:03.109871 np0000156165 devstack@neutron-api.service[103538]: DEBUG neutron.api.extensions [None req-0bd3cd84-6422-4ce7-a722-7d4ec2f13bff None None] Extended resource: rbac-policies {{(pid=103538) __init__ /opt/stack/neutron/neutron/api/extensions.py:156}}
Feb 17 20:44:03.110035 np0000156165 devstack@neutron-api.service[103537]: INFO neutron.quota.resource_registry [None req-ddb75b72-7744-4a0b-abcd-29570a5a9d8a None None] Creating instance of CountableResource for resource:rbac_policy
Feb 17 20:44:03.110170 np0000156165 devstack@neutron-api.service[103535]: DEBUG neutron.api.extensions [None req-21091004-3881-4897-a791-d297f26230de None None] Ext name="Subnet SegmentID (writable)" alias="subnet-segmentid-writable" description="Provides a writable segment_id attribute for a subnet resource." updated="2018-03-12T00:00:00-00:00" {{(pid=103535) _check_extension /opt/stack/neutron/neutron/api/extensions.py:415}}
Feb 17 20:44:03.110287 np0000156165 devstack@neutron-api.service[103537]: WARNING neutron.quota.resource_registry [None req-ddb75b72-7744-4a0b-abcd-29570a5a9d8a None None] rbac_policy is already registered
Feb 17 20:44:03.110317 np0000156165 devstack@neutron-api.service[103535]: INFO neutron.api.extensions [None req-21091004-3881-4897-a791-d297f26230de None None] Extension subnet-segmentid-writable not supported by any of loaded plugins
Feb 17 20:44:03.110478 np0000156165 devstack@neutron-api.service[103535]: DEBUG neutron.api.extensions [None req-21091004-3881-4897-a791-d297f26230de None None] Loading extension file: subnet_service_types.py {{(pid=103535) _load_all_extensions_from_path /opt/stack/neutron/neutron/api/extensions.py:449}}
Feb 17 20:44:03.110601 np0000156165 devstack@neutron-api.service[103537]: INFO neutron.quota.resource_registry [None req-ddb75b72-7744-4a0b-abcd-29570a5a9d8a None None] Creating instance of TrackedResource for resource:security_group
Feb 17 20:44:03.110702 np0000156165 devstack@neutron-api.service[103537]: WARNING neutron.quota.resource_registry [None req-ddb75b72-7744-4a0b-abcd-29570a5a9d8a None None] security_group is already registered
Feb 17 20:44:03.110732 np0000156165 devstack@neutron-api.service[103535]: DEBUG neutron.api.extensions [None req-21091004-3881-4897-a791-d297f26230de None None] Ext name="Subnet service types" alias="subnet-service-types" description="Provides ability to set the subnet service_types field" updated="2016-03-15T18:00:00-00:00" {{(pid=103535) _check_extension /opt/stack/neutron/neutron/api/extensions.py:415}}
Feb 17 20:44:03.111019 np0000156165 devstack@neutron-api.service[103535]: INFO neutron.api.extensions [None req-21091004-3881-4897-a791-d297f26230de None None] Loaded extension: subnet-service-types
Feb 17 20:44:03.111044 np0000156165 devstack@neutron-api.service[103537]: INFO neutron.quota.resource_registry [None req-ddb75b72-7744-4a0b-abcd-29570a5a9d8a None None] Creating instance of TrackedResource for resource:security_group_rule
Feb 17 20:44:03.111172 np0000156165 devstack@neutron-api.service[103535]: DEBUG neutron.api.extensions [None req-21091004-3881-4897-a791-d297f26230de None None] Loading extension file: subnetallocation.py {{(pid=103535) _load_all_extensions_from_path /opt/stack/neutron/neutron/api/extensions.py:449}}
Feb 17 20:44:03.111202 np0000156165 devstack@neutron-api.service[103537]: WARNING neutron.quota.resource_registry [None req-ddb75b72-7744-4a0b-abcd-29570a5a9d8a None None] security_group_rule is already registered
Feb 17 20:44:03.111498 np0000156165 devstack@neutron-api.service[103535]: DEBUG neutron.api.extensions [None req-21091004-3881-4897-a791-d297f26230de None None] Ext name="Subnet Allocation" alias="subnet_allocation" description="Enables allocation of subnets from a subnet pool" updated="2015-03-30T10:00:00-00:00" {{(pid=103535) _check_extension /opt/stack/neutron/neutron/api/extensions.py:415}}
Feb 17 20:44:03.111991 np0000156165 devstack@neutron-api.service[103537]: DEBUG neutron.api.v2.resource_helper [None req-ddb75b72-7744-4a0b-abcd-29570a5a9d8a None None] Service CORE assigned prefix: {{(pid=103537) build_resource_info /opt/stack/neutron/neutron/api/v2/resource_helper.py:77}}
Feb 17 20:44:03.112105 np0000156165 devstack@neutron-api.service[103535]: INFO neutron.api.extensions [None req-21091004-3881-4897-a791-d297f26230de None None] Loaded extension: subnet_allocation
Feb 17 20:44:03.112161 np0000156165 devstack@neutron-api.service[103537]: INFO neutron.quota.resource_registry [None req-ddb75b72-7744-4a0b-abcd-29570a5a9d8a None None] Creating instance of TrackedResource for resource:subnetpool
Feb 17 20:44:03.112239 np0000156165 devstack@neutron-api.service[103535]: DEBUG neutron.api.extensions [None req-21091004-3881-4897-a791-d297f26230de None None] Loading extension file: subnetpool_prefix_ops.py {{(pid=103535) _load_all_extensions_from_path /opt/stack/neutron/neutron/api/extensions.py:449}}
Feb 17 20:44:03.112291 np0000156165 devstack@neutron-api.service[103537]: WARNING neutron.quota.resource_registry [None req-ddb75b72-7744-4a0b-abcd-29570a5a9d8a None None] subnetpool is already registered
Feb 17 20:44:03.112352 np0000156165 devstack@neutron-api.service[103535]: DEBUG neutron.api.extensions [None req-21091004-3881-4897-a791-d297f26230de None None] Ext name="Subnet Pool Prefix Operations" alias="subnetpool-prefix-ops" description="Provides support for adjusting the prefix list of subnet pools" updated="2019-02-08T10:00:00-00:00" {{(pid=103535) _check_extension /opt/stack/neutron/neutron/api/extensions.py:415}}
Feb 17 20:44:03.112550 np0000156165 devstack@neutron-api.service[103537]: DEBUG neutron.api.extensions [None req-ddb75b72-7744-4a0b-abcd-29570a5a9d8a None None] Extended resource: extensions {{(pid=103537) __init__ /opt/stack/neutron/neutron/api/extensions.py:156}}
Feb 17 20:44:03.112654 np0000156165 devstack@neutron-api.service[103535]: INFO neutron.api.extensions [None req-21091004-3881-4897-a791-d297f26230de None None] Loaded extension: subnetpool-prefix-ops
Feb 17 20:44:03.112654 np0000156165 devstack@neutron-api.service[103535]: DEBUG neutron.api.extensions [None req-21091004-3881-4897-a791-d297f26230de None None] Loading extension file: tag_creation.py {{(pid=103535) _load_all_extensions_from_path /opt/stack/neutron/neutron/api/extensions.py:449}}
Feb 17 20:44:03.112986 np0000156165 devstack@neutron-api.service[103535]: DEBUG neutron.api.extensions [None req-21091004-3881-4897-a791-d297f26230de None None] Ext name="Tag creation extension" alias="tag-creation" description="Allow to create multiple tags for a resource" updated="2024-23-07T10:00:00-00:00" {{(pid=103535) _check_extension /opt/stack/neutron/neutron/api/extensions.py:415}}
Feb 17 20:44:03.113235 np0000156165 devstack@neutron-api.service[103535]: INFO neutron.api.extensions [None req-21091004-3881-4897-a791-d297f26230de None None] Loaded extension: tag-creation
Feb 17 20:44:03.113313 np0000156165 devstack@neutron-api.service[103537]: DEBUG neutron.api.extensions [None req-ddb75b72-7744-4a0b-abcd-29570a5a9d8a None None] Extended resource: address-groups {{(pid=103537) __init__ /opt/stack/neutron/neutron/api/extensions.py:156}}
Feb 17 20:44:03.113391 np0000156165 devstack@neutron-api.service[103535]: DEBUG neutron.api.extensions [None req-21091004-3881-4897-a791-d297f26230de None None] Loading extension file: tag_ports_during_bulk_creation.py {{(pid=103535) _load_all_extensions_from_path /opt/stack/neutron/neutron/api/extensions.py:449}}
Feb 17 20:44:03.113693 np0000156165 devstack@neutron-api.service[103535]: DEBUG neutron.api.extensions [None req-21091004-3881-4897-a791-d297f26230de None None] Ext name="Tag Ports During Bulk Creation" alias="tag-ports-during-bulk-creation" description="Allow to tag ports during bulk creation" updated="2019-12-29T19:00:00-00:00" {{(pid=103535) _check_extension /opt/stack/neutron/neutron/api/extensions.py:415}}
Feb 17 20:44:03.113949 np0000156165 devstack@neutron-api.service[103535]: INFO neutron.api.extensions [None req-21091004-3881-4897-a791-d297f26230de None None] Extension tag-ports-during-bulk-creation not supported by any of loaded plugins
Feb 17 20:44:03.114002 np0000156165 devstack@neutron-api.service[103537]: DEBUG neutron.api.extensions [None req-ddb75b72-7744-4a0b-abcd-29570a5a9d8a None None] Extended resource: address-scopes {{(pid=103537) __init__ /opt/stack/neutron/neutron/api/extensions.py:156}}
Feb 17 20:44:03.114090 np0000156165 devstack@neutron-api.service[103535]: DEBUG neutron.api.extensions [None req-21091004-3881-4897-a791-d297f26230de None None] Loading extension file: tagging.py {{(pid=103535) _load_all_extensions_from_path /opt/stack/neutron/neutron/api/extensions.py:449}}
Feb 17 20:44:03.114612 np0000156165 devstack@neutron-api.service[103537]: DEBUG neutron.api.extensions [None req-ddb75b72-7744-4a0b-abcd-29570a5a9d8a None None] Extended resource: agents {{(pid=103537) __init__ /opt/stack/neutron/neutron/api/extensions.py:156}}
Feb 17 20:44:03.115410 np0000156165 devstack@neutron-api.service[103535]: DEBUG neutron.api.extensions [None req-21091004-3881-4897-a791-d297f26230de None None] Ext name="Tag support for resources with standard attribute: port, subnet, subnetpool, network, security_group, router, floatingip, policy, trunk, network_segment_range" alias="standard-attr-tag" description="Enables to set tag on resources with standard attribute." updated="2017-01-01T00:00:00-00:00" {{(pid=103535) _check_extension /opt/stack/neutron/neutron/api/extensions.py:415}}
Feb 17 20:44:03.115681 np0000156165 devstack@neutron-api.service[103535]: INFO neutron.api.extensions [None req-21091004-3881-4897-a791-d297f26230de None None] Loaded extension: standard-attr-tag
Feb 17 20:44:03.115893 np0000156165 devstack@neutron-api.service[103535]: DEBUG neutron.api.extensions [None req-21091004-3881-4897-a791-d297f26230de None None] Loading extension file: timestamp.py {{(pid=103535) _load_all_extensions_from_path /opt/stack/neutron/neutron/api/extensions.py:449}}
Feb 17 20:44:03.116160 np0000156165 devstack@neutron-api.service[103535]: DEBUG neutron.api.extensions [None req-21091004-3881-4897-a791-d297f26230de None None] Ext name="Resource timestamps" alias="standard-attr-timestamp" description="Adds created_at and updated_at fields to all Neutron resources that have Neutron standard attributes." updated="2016-09-12T10:00:00-00:00" {{(pid=103535) _check_extension /opt/stack/neutron/neutron/api/extensions.py:415}}
Feb 17 20:44:03.116252 np0000156165 devstack@neutron-api.service[103537]: DEBUG neutron.api.extensions [None req-ddb75b72-7744-4a0b-abcd-29570a5a9d8a None None] Extended resource: auto-allocated-topology {{(pid=103537) __init__ /opt/stack/neutron/neutron/api/extensions.py:156}}
Feb 17 20:44:03.116411 np0000156165 devstack@neutron-api.service[103535]: INFO neutron.api.extensions [None req-21091004-3881-4897-a791-d297f26230de None None] Loaded extension: standard-attr-timestamp
Feb 17 20:44:03.116529 np0000156165 devstack@neutron-api.service[103535]: DEBUG neutron.api.extensions [None req-21091004-3881-4897-a791-d297f26230de None None] Loading extension file: trunk.py {{(pid=103535) _load_all_extensions_from_path /opt/stack/neutron/neutron/api/extensions.py:449}}
Feb 17 20:44:03.116890 np0000156165 devstack@neutron-api.service[103535]: DEBUG neutron.api.extensions [None req-21091004-3881-4897-a791-d297f26230de None None] Ext name="Trunk Extension" alias="trunk" description="Provides support for trunk ports" updated="2016-01-01T10:00:00-00:00" {{(pid=103535) _check_extension /opt/stack/neutron/neutron/api/extensions.py:415}}
Feb 17 20:44:03.116986 np0000156165 devstack@neutron-api.service[103537]: DEBUG neutron.api.extensions [None req-ddb75b72-7744-4a0b-abcd-29570a5a9d8a None None] Extended resource: availability_zones {{(pid=103537) __init__ /opt/stack/neutron/neutron/api/extensions.py:156}}
Feb 17 20:44:03.117190 np0000156165 devstack@neutron-api.service[103535]: INFO neutron.api.extensions [None req-21091004-3881-4897-a791-d297f26230de None None] Extension trunk not supported by any of loaded plugins
Feb 17 20:44:03.117297 np0000156165 devstack@neutron-api.service[103535]: DEBUG neutron.api.extensions [None req-21091004-3881-4897-a791-d297f26230de None None] Loading extension file: trunk_details.py {{(pid=103535) _load_all_extensions_from_path /opt/stack/neutron/neutron/api/extensions.py:449}}
Feb 17 20:44:03.117542 np0000156165 devstack@neutron-api.service[103537]: DEBUG neutron.api.extensions [None req-ddb75b72-7744-4a0b-abcd-29570a5a9d8a None None] Extended resource: dhcp-networks {{(pid=103537) __init__ /opt/stack/neutron/neutron/api/extensions.py:156}}
Feb 17 20:44:03.117606 np0000156165 devstack@neutron-api.service[103535]: DEBUG neutron.api.extensions [None req-21091004-3881-4897-a791-d297f26230de None None] Ext name="Trunk port details" alias="trunk-details" description="Expose trunk port details" updated="2016-01-01T10:00:00-00:00" {{(pid=103535) _check_extension /opt/stack/neutron/neutron/api/extensions.py:415}}
Feb 17 20:44:03.117840 np0000156165 devstack@neutron-api.service[103535]: INFO neutron.api.extensions [None req-21091004-3881-4897-a791-d297f26230de None None] Extension trunk-details not supported by any of loaded plugins
Feb 17 20:44:03.117962 np0000156165 devstack@neutron-api.service[103535]: DEBUG neutron.api.extensions [None req-21091004-3881-4897-a791-d297f26230de None None] Loading extension file: uplink_status_propagation.py {{(pid=103535) _load_all_extensions_from_path /opt/stack/neutron/neutron/api/extensions.py:449}}
Feb 17 20:44:03.118343 np0000156165 devstack@neutron-api.service[103537]: DEBUG neutron.api.extensions [None req-ddb75b72-7744-4a0b-abcd-29570a5a9d8a None None] Extended resource: dhcp-agents {{(pid=103537) __init__ /opt/stack/neutron/neutron/api/extensions.py:156}}
Feb 17 20:44:03.118410 np0000156165 devstack@neutron-api.service[103535]: DEBUG neutron.api.extensions [None req-21091004-3881-4897-a791-d297f26230de None None] Ext name="Uplink status propagation extension" alias="uplink-status-propagation" description="Provides ability to propagate port uplink status." updated="2018-05-31T18:00:00-00:00" {{(pid=103535) _check_extension /opt/stack/neutron/neutron/api/extensions.py:415}}
Feb 17 20:44:03.118571 np0000156165 devstack@neutron-api.service[103535]: INFO neutron.api.extensions [None req-21091004-3881-4897-a791-d297f26230de None None] Extension uplink-status-propagation not supported by any of loaded plugins
Feb 17 20:44:03.118697 np0000156165 devstack@neutron-api.service[103535]: DEBUG neutron.api.extensions [None req-21091004-3881-4897-a791-d297f26230de None None] Loading extension file: uplink_status_propagation_updatable.py {{(pid=103535) _load_all_extensions_from_path /opt/stack/neutron/neutron/api/extensions.py:449}}
Feb 17 20:44:03.118888 np0000156165 devstack@neutron-api.service[103537]: DEBUG neutron.api.extensions [None req-ddb75b72-7744-4a0b-abcd-29570a5a9d8a None None] Extended resource: routers {{(pid=103537) __init__ /opt/stack/neutron/neutron/api/extensions.py:156}}
Feb 17 20:44:03.119056 np0000156165 devstack@neutron-api.service[103535]: DEBUG neutron.api.extensions [None req-21091004-3881-4897-a791-d297f26230de None None] Ext name="Uplink status propagation updatable extension" alias="uplink-status-propagation-updatable" description="Provides ability to update the port uplink status." updated="2024-09-03T18:00:00-00:00" {{(pid=103535) _check_extension /opt/stack/neutron/neutron/api/extensions.py:415}}
Feb 17 20:44:03.119271 np0000156165 devstack@neutron-api.service[103535]: INFO neutron.api.extensions [None req-21091004-3881-4897-a791-d297f26230de None None] Extension uplink-status-propagation-updatable not supported by any of loaded plugins
Feb 17 20:44:03.119426 np0000156165 devstack@neutron-api.service[103535]: DEBUG neutron.api.extensions [None req-21091004-3881-4897-a791-d297f26230de None None] Loading extension file: vlantransparent.py {{(pid=103535) _load_all_extensions_from_path /opt/stack/neutron/neutron/api/extensions.py:449}}
Feb 17 20:44:03.119767 np0000156165 devstack@neutron-api.service[103535]: DEBUG neutron.api.extensions [None req-21091004-3881-4897-a791-d297f26230de None None] Ext name="Vlantransparent" alias="vlan-transparent" description="Provides Vlan Transparent Networks" updated="2015-03-23T09:00:00-00:00" {{(pid=103535) _check_extension /opt/stack/neutron/neutron/api/extensions.py:415}}
Feb 17 20:44:03.120180 np0000156165 devstack@neutron-api.service[103537]: DEBUG neutron.api.extensions [None req-ddb75b72-7744-4a0b-abcd-29570a5a9d8a None None] Extended resource: flavors {{(pid=103537) __init__ /opt/stack/neutron/neutron/api/extensions.py:156}}
Feb 17 20:44:03.120318 np0000156165 devstack@neutron-api.service[103535]: INFO neutron.api.extensions [None req-21091004-3881-4897-a791-d297f26230de None None] Loaded extension: vlan-transparent
Feb 17 20:44:03.120559 np0000156165 devstack@neutron-api.service[103537]: DEBUG neutron.api.extensions [None req-ddb75b72-7744-4a0b-abcd-29570a5a9d8a None None] Extended resource: service_profiles {{(pid=103537) __init__ /opt/stack/neutron/neutron/api/extensions.py:156}}
Feb 17 20:44:03.121169 np0000156165 devstack@neutron-api.service[103537]: DEBUG neutron.api.extensions [None req-ddb75b72-7744-4a0b-abcd-29570a5a9d8a None None] Extended resource: next_providers {{(pid=103537) __init__ /opt/stack/neutron/neutron/api/extensions.py:156}}
Feb 17 20:44:03.121851 np0000156165 devstack@neutron-api.service[103537]: DEBUG neutron.api.extensions [None req-ddb75b72-7744-4a0b-abcd-29570a5a9d8a None None] Extended resource: service_profiles {{(pid=103537) __init__ /opt/stack/neutron/neutron/api/extensions.py:156}}
Feb 17 20:44:03.122533 np0000156165 devstack@neutron-api.service[103535]: INFO neutron.quota.resource_registry [None req-21091004-3881-4897-a791-d297f26230de None None] Creating instance of TrackedResource for resource:network
Feb 17 20:44:03.122624 np0000156165 devstack@neutron-api.service[103537]: DEBUG neutron.api.extensions [None req-ddb75b72-7744-4a0b-abcd-29570a5a9d8a None None] Extended resource: floatingip-pools {{(pid=103537) __init__ /opt/stack/neutron/neutron/api/extensions.py:156}}
Feb 17 20:44:03.122866 np0000156165 devstack@neutron-api.service[103535]: INFO neutron.quota.resource_registry [None req-21091004-3881-4897-a791-d297f26230de None None] Creating instance of TrackedResource for resource:subnet
Feb 17 20:44:03.123055 np0000156165 devstack@neutron-api.service[103535]: INFO neutron.quota.resource_registry [None req-21091004-3881-4897-a791-d297f26230de None None] Creating instance of TrackedResource for resource:subnetpool
Feb 17 20:44:03.123159 np0000156165 devstack@neutron-api.service[103537]: DEBUG neutron.api.extensions [None req-ddb75b72-7744-4a0b-abcd-29570a5a9d8a None None] Extended resource: routers {{(pid=103537) __init__ /opt/stack/neutron/neutron/api/extensions.py:156}}
Feb 17 20:44:03.123259 np0000156165 devstack@neutron-api.service[103535]: INFO neutron.quota.resource_registry [None req-21091004-3881-4897-a791-d297f26230de None None] Creating instance of TrackedResource for resource:port
Feb 17 20:44:03.124191 np0000156165 devstack@neutron-api.service[103537]: DEBUG neutron.api.extensions [None req-ddb75b72-7744-4a0b-abcd-29570a5a9d8a None None] Extended resource: floatingips {{(pid=103537) __init__ /opt/stack/neutron/neutron/api/extensions.py:156}}
Feb 17 20:44:03.124791 np0000156165 devstack@neutron-api.service[103537]: DEBUG neutron.api.extensions [None req-ddb75b72-7744-4a0b-abcd-29570a5a9d8a None None] Extended resource: network-ip-availabilities {{(pid=103537) __init__ /opt/stack/neutron/neutron/api/extensions.py:156}}
Feb 17 20:44:03.124935 np0000156165 devstack@neutron-api.service[103535]: DEBUG neutron.api.v2.resource_helper [None req-21091004-3881-4897-a791-d297f26230de None None] Service L3_ROUTER_NAT assigned prefix: {{(pid=103535) build_resource_info /opt/stack/neutron/neutron/api/v2/resource_helper.py:77}}
Feb 17 20:44:03.125259 np0000156165 devstack@neutron-api.service[103535]: DEBUG neutron.api.v2.resource_helper [None req-21091004-3881-4897-a791-d297f26230de None None] Service FLAVORS assigned prefix: {{(pid=103535) build_resource_info /opt/stack/neutron/neutron/api/v2/resource_helper.py:77}}
Feb 17 20:44:03.125373 np0000156165 devstack@neutron-api.service[103537]: DEBUG neutron.api.extensions [None req-ddb75b72-7744-4a0b-abcd-29570a5a9d8a None None] Extended resource: network-ip-availabilities {{(pid=103537) __init__ /opt/stack/neutron/neutron/api/extensions.py:156}}
Feb 17 20:44:03.125926 np0000156165 devstack@neutron-api.service[103537]: DEBUG neutron.api.extensions [None req-ddb75b72-7744-4a0b-abcd-29570a5a9d8a None None] Extended resource: bindings {{(pid=103537) __init__ /opt/stack/neutron/neutron/api/extensions.py:156}}
Feb 17 20:44:03.126115 np0000156165 devstack@neutron-api.service[103535]: DEBUG neutron.api.v2.resource_helper [None req-21091004-3881-4897-a791-d297f26230de None None] Service L3_ROUTER_NAT assigned prefix: {{(pid=103535) build_resource_info /opt/stack/neutron/neutron/api/v2/resource_helper.py:77}}
Feb 17 20:44:03.126520 np0000156165 devstack@neutron-api.service[103535]: DEBUG neutron.api.v2.resource_helper [None req-21091004-3881-4897-a791-d297f26230de None None] Service L3_ROUTER_NAT assigned prefix: {{(pid=103535) build_resource_info /opt/stack/neutron/neutron/api/v2/resource_helper.py:77}}
Feb 17 20:44:03.126640 np0000156165 devstack@neutron-api.service[103535]: INFO neutron.quota.resource_registry [None req-21091004-3881-4897-a791-d297f26230de None None] Creating instance of TrackedResource for resource:router
Feb 17 20:44:03.126801 np0000156165 devstack@neutron-api.service[103537]: DEBUG neutron.api.extensions [None req-ddb75b72-7744-4a0b-abcd-29570a5a9d8a None None] Extended resource: quotas {{(pid=103537) __init__ /opt/stack/neutron/neutron/api/extensions.py:156}}
Feb 17 20:44:03.126957 np0000156165 devstack@neutron-api.service[103535]: INFO neutron.quota.resource_registry [None req-21091004-3881-4897-a791-d297f26230de None None] Creating instance of TrackedResource for resource:floatingip
Feb 17 20:44:03.127724 np0000156165 devstack@neutron-api.service[103537]: DEBUG neutron.api.extensions [None req-ddb75b72-7744-4a0b-abcd-29570a5a9d8a None None] Extended resource: quotas {{(pid=103537) __init__ /opt/stack/neutron/neutron/api/extensions.py:156}}
Feb 17 20:44:03.127973 np0000156165 devstack@neutron-api.service[103535]: DEBUG neutron_lib.callbacks.manager [None req-21091004-3881-4897-a791-d297f26230de None None] Subscribe: > rbac-policy before_create 55550000, False {{(pid=103535) subscribe /opt/stack/data/venv/lib/python3.12/site-packages/neutron_lib/callbacks/manager.py:52}}
Feb 17 20:44:03.128137 np0000156165 devstack@neutron-api.service[103535]: DEBUG neutron_lib.callbacks.manager [None req-21091004-3881-4897-a791-d297f26230de None None] Subscribe: > rbac-policy before_update 55550000, False {{(pid=103535) subscribe /opt/stack/data/venv/lib/python3.12/site-packages/neutron_lib/callbacks/manager.py:52}}
Feb 17 20:44:03.128223 np0000156165 devstack@neutron-api.service[103535]: DEBUG neutron_lib.callbacks.manager [None req-21091004-3881-4897-a791-d297f26230de None None] Subscribe: > rbac-policy before_delete 55550000, False {{(pid=103535) subscribe /opt/stack/data/venv/lib/python3.12/site-packages/neutron_lib/callbacks/manager.py:52}}
Feb 17 20:44:03.128565 np0000156165 devstack@neutron-api.service[103537]: DEBUG neutron.api.extensions [None req-ddb75b72-7744-4a0b-abcd-29570a5a9d8a None None] Extended resource: rbac-policies {{(pid=103537) __init__ /opt/stack/neutron/neutron/api/extensions.py:156}}
Feb 17 20:44:03.129352 np0000156165 devstack@neutron-api.service[103537]: DEBUG neutron.api.extensions [None req-ddb75b72-7744-4a0b-abcd-29570a5a9d8a None None] Extended resource: default-security-group-rules {{(pid=103537) __init__ /opt/stack/neutron/neutron/api/extensions.py:156}}
Feb 17 20:44:03.129441 np0000156165 devstack@neutron-api.service[103535]: INFO neutron.quota.resource_registry [None req-21091004-3881-4897-a791-d297f26230de None None] Creating instance of CountableResource for resource:rbac_policy
Feb 17 20:44:03.129877 np0000156165 devstack@neutron-api.service[103535]: INFO neutron.quota.resource_registry [None req-21091004-3881-4897-a791-d297f26230de None None] Creating instance of TrackedResource for resource:security_group
Feb 17 20:44:03.130086 np0000156165 devstack@neutron-api.service[103537]: DEBUG neutron.api.extensions [None req-ddb75b72-7744-4a0b-abcd-29570a5a9d8a None None] Extended resource: security-groups {{(pid=103537) __init__ /opt/stack/neutron/neutron/api/extensions.py:156}}
Feb 17 20:44:03.130271 np0000156165 devstack@neutron-api.service[103535]: INFO neutron.quota.resource_registry [None req-21091004-3881-4897-a791-d297f26230de None None] Creating instance of TrackedResource for resource:security_group_rule
Feb 17 20:44:03.130744 np0000156165 devstack@neutron-api.service[103537]: DEBUG neutron.api.extensions [None req-ddb75b72-7744-4a0b-abcd-29570a5a9d8a None None] Extended resource: security-group-rules {{(pid=103537) __init__ /opt/stack/neutron/neutron/api/extensions.py:156}}
Feb 17 20:44:03.130892 np0000156165 devstack@neutron-api.service[103535]: DEBUG neutron.api.v2.resource_helper [None req-21091004-3881-4897-a791-d297f26230de None None] Service CORE assigned prefix: {{(pid=103535) build_resource_info /opt/stack/neutron/neutron/api/v2/resource_helper.py:77}}
Feb 17 20:44:03.131001 np0000156165 devstack@neutron-api.service[103535]: INFO neutron.quota.resource_registry [None req-21091004-3881-4897-a791-d297f26230de None None] Creating instance of TrackedResource for resource:subnetpool
Feb 17 20:44:03.131141 np0000156165 devstack@neutron-api.service[103535]: WARNING neutron.quota.resource_registry [None req-21091004-3881-4897-a791-d297f26230de None None] subnetpool is already registered
Feb 17 20:44:03.131493 np0000156165 devstack@neutron-api.service[103537]: DEBUG neutron.api.extensions [None req-ddb75b72-7744-4a0b-abcd-29570a5a9d8a None None] Extended resource: service-providers {{(pid=103537) __init__ /opt/stack/neutron/neutron/api/extensions.py:156}}
Feb 17 20:44:03.132166 np0000156165 devstack@neutron-api.service[103537]: DEBUG neutron.api.extensions [None req-ddb75b72-7744-4a0b-abcd-29570a5a9d8a None None] Extended resource: subnetpools {{(pid=103537) __init__ /opt/stack/neutron/neutron/api/extensions.py:156}}
Feb 17 20:44:03.133121 np0000156165 devstack@neutron-api.service[103537]: DEBUG neutron.api.extensions [None req-ddb75b72-7744-4a0b-abcd-29570a5a9d8a None None] Extended resource: tags {{(pid=103537) __init__ /opt/stack/neutron/neutron/api/extensions.py:156}}
Feb 17 20:44:03.133183 np0000156165 devstack@neutron-api.service[103535]: DEBUG neutron.api.v2.resource_helper [None req-21091004-3881-4897-a791-d297f26230de None None] Service L3_ROUTER_NAT assigned prefix: {{(pid=103535) build_resource_info /opt/stack/neutron/neutron/api/v2/resource_helper.py:77}}
Feb 17 20:44:03.133556 np0000156165 devstack@neutron-api.service[103535]: DEBUG neutron.api.v2.resource_helper [None req-21091004-3881-4897-a791-d297f26230de None None] Service FLAVORS assigned prefix: {{(pid=103535) build_resource_info /opt/stack/neutron/neutron/api/v2/resource_helper.py:77}}
