Jul 02 01:03:23.484574 np0000183845 devstack@neutron-api.service[102139]: DEBUG neutron_lib.callbacks.manager [None req-d0cd7c32-e9f5-48eb-805a-d826c21a219d None None] Subscribe: > port after_delete 55550000, False {{(pid=102139) subscribe /opt/stack/data/venv/lib/python3.12/site-packages/neutron_lib/callbacks/manager.py:52}}
Jul 02 01:03:23.484574 np0000183845 devstack@neutron-api.service[102139]: DEBUG neutron_lib.callbacks.manager [None req-d0cd7c32-e9f5-48eb-805a-d826c21a219d None None] Subscribe: > subnet after_create 55550000, False {{(pid=102139) subscribe /opt/stack/data/venv/lib/python3.12/site-packages/neutron_lib/callbacks/manager.py:52}}
Jul 02 01:03:23.484623 np0000183845 devstack@neutron-api.service[102141]: DEBUG neutron.api.extensions [None req-5735b678-8df6-4c6c-8702-5e0d4002701f None None] Ext name="IP address substring filtering" alias="ip-substring-filtering" description="Provides IP address substring filtering when listing ports" updated="2017-11-28T09:00:00-00:00" {{(pid=102141) _check_extension /opt/stack/neutron/neutron/api/extensions.py:415}}
Jul 02 01:03:23.484700 np0000183845 devstack@neutron-api.service[102139]: DEBUG neutron_lib.callbacks.manager [None req-d0cd7c32-e9f5-48eb-805a-d826c21a219d None None] Subscribe: > subnet after_update 55550000, False {{(pid=102139) subscribe /opt/stack/data/venv/lib/python3.12/site-packages/neutron_lib/callbacks/manager.py:52}}
Jul 02 01:03:23.484832 np0000183845 devstack@neutron-api.service[102141]: INFO neutron.api.extensions [None req-5735b678-8df6-4c6c-8702-5e0d4002701f None None] Extension ip-substring-filtering not supported by any of loaded plugins
Jul 02 01:03:23.485033 np0000183845 devstack@neutron-api.service[102139]: DEBUG neutron_lib.callbacks.manager [None req-d0cd7c32-e9f5-48eb-805a-d826c21a219d None None] Subscribe: > subnet after_delete 55550000, False {{(pid=102139) subscribe /opt/stack/data/venv/lib/python3.12/site-packages/neutron_lib/callbacks/manager.py:52}}
Jul 02 01:03:23.485193 np0000183845 devstack@neutron-api.service[102141]: DEBUG neutron.api.extensions [None req-5735b678-8df6-4c6c-8702-5e0d4002701f None None] Loading extension file: l2_adjacency.py {{(pid=102141) _load_all_extensions_from_path /opt/stack/neutron/neutron/api/extensions.py:449}}
Jul 02 01:03:23.485376 np0000183845 devstack@neutron-api.service[102139]: DEBUG neutron_lib.callbacks.manager [None req-d0cd7c32-e9f5-48eb-805a-d826c21a219d None None] Subscribe: > network after_create 55550000, False {{(pid=102139) subscribe /opt/stack/data/venv/lib/python3.12/site-packages/neutron_lib/callbacks/manager.py:52}}
Jul 02 01:03:23.485376 np0000183845 devstack@neutron-api.service[102139]: DEBUG neutron_lib.callbacks.manager [None req-d0cd7c32-e9f5-48eb-805a-d826c21a219d None None] Subscribe: > network after_update 55550000, False {{(pid=102139) subscribe /opt/stack/data/venv/lib/python3.12/site-packages/neutron_lib/callbacks/manager.py:52}}
Jul 02 01:03:23.485504 np0000183845 devstack@neutron-api.service[102141]: DEBUG neutron.api.extensions [None req-5735b678-8df6-4c6c-8702-5e0d4002701f None None] Ext name="L2 Adjacency" alias="l2_adjacency" description="Display L2 Adjacency for Neutron Networks." updated="2016-04-12T16:00:00-00:00" {{(pid=102141) _check_extension /opt/stack/neutron/neutron/api/extensions.py:415}}
Jul 02 01:03:23.485554 np0000183845 devstack@neutron-api.service[102139]: DEBUG neutron_lib.callbacks.manager [None req-d0cd7c32-e9f5-48eb-805a-d826c21a219d None None] Subscribe: > network after_delete 55550000, False {{(pid=102139) subscribe /opt/stack/data/venv/lib/python3.12/site-packages/neutron_lib/callbacks/manager.py:52}}
Jul 02 01:03:23.485554 np0000183845 devstack@neutron-api.service[102139]: DEBUG neutron_lib.callbacks.manager [None req-d0cd7c32-e9f5-48eb-805a-d826c21a219d None None] Subscribe: > security_group after_create 55550000, False {{(pid=102139) subscribe /opt/stack/data/venv/lib/python3.12/site-packages/neutron_lib/callbacks/manager.py:52}}
Jul 02 01:03:23.485606 np0000183845 devstack@neutron-api.service[102141]: INFO neutron.api.extensions [None req-5735b678-8df6-4c6c-8702-5e0d4002701f None None] Extension l2_adjacency not supported by any of loaded plugins
Jul 02 01:03:23.485630 np0000183845 devstack@neutron-api.service[102139]: DEBUG neutron_lib.callbacks.manager [None req-d0cd7c32-e9f5-48eb-805a-d826c21a219d None None] Subscribe: > security_group after_update 55550000, False {{(pid=102139) subscribe /opt/stack/data/venv/lib/python3.12/site-packages/neutron_lib/callbacks/manager.py:52}}
Jul 02 01:03:23.485678 np0000183845 devstack@neutron-api.service[102141]: DEBUG neutron.api.extensions [None req-5735b678-8df6-4c6c-8702-5e0d4002701f None None] Loading extension file: l3.py {{(pid=102141) _load_all_extensions_from_path /opt/stack/neutron/neutron/api/extensions.py:449}}
Jul 02 01:03:23.485700 np0000183845 devstack@neutron-api.service[102139]: DEBUG neutron_lib.callbacks.manager [None req-d0cd7c32-e9f5-48eb-805a-d826c21a219d None None] Subscribe: > security_group after_delete 55550000, False {{(pid=102139) subscribe /opt/stack/data/venv/lib/python3.12/site-packages/neutron_lib/callbacks/manager.py:52}}
Jul 02 01:03:23.485700 np0000183845 devstack@neutron-api.service[102139]: DEBUG neutron_lib.callbacks.manager [None req-d0cd7c32-e9f5-48eb-805a-d826c21a219d None None] Subscribe: > security_group_rule after_create 55550000, False {{(pid=102139) subscribe /opt/stack/data/venv/lib/python3.12/site-packages/neutron_lib/callbacks/manager.py:52}}
Jul 02 01:03:23.485700 np0000183845 devstack@neutron-api.service[102139]: DEBUG neutron_lib.callbacks.manager [None req-d0cd7c32-e9f5-48eb-805a-d826c21a219d None None] Subscribe: > security_group_rule after_update 55550000, False {{(pid=102139) subscribe /opt/stack/data/venv/lib/python3.12/site-packages/neutron_lib/callbacks/manager.py:52}}
Jul 02 01:03:23.485927 np0000183845 devstack@neutron-api.service[102139]: DEBUG neutron_lib.callbacks.manager [None req-d0cd7c32-e9f5-48eb-805a-d826c21a219d None None] Subscribe: > security_group_rule after_delete 55550000, False {{(pid=102139) subscribe /opt/stack/data/venv/lib/python3.12/site-packages/neutron_lib/callbacks/manager.py:52}}
Jul 02 01:03:23.486127 np0000183845 devstack@neutron-api.service[102141]: DEBUG neutron.api.extensions [None req-5735b678-8df6-4c6c-8702-5e0d4002701f None None] Ext name="Neutron L3 Router" alias="router" description="Router abstraction for basic L3 forwarding between L2 Neutron networks and access to external networks via a NAT gateway." updated="2012-07-20T10:00:00-00:00" {{(pid=102141) _check_extension /opt/stack/neutron/neutron/api/extensions.py:415}}
Jul 02 01:03:23.486311 np0000183845 devstack@neutron-api.service[102139]: DEBUG neutron_lib.callbacks.manager [None req-d0cd7c32-e9f5-48eb-805a-d826c21a219d None None] Subscribe: > address_group after_create 55550000, False {{(pid=102139) subscribe /opt/stack/data/venv/lib/python3.12/site-packages/neutron_lib/callbacks/manager.py:52}}
Jul 02 01:03:23.486469 np0000183845 devstack@neutron-api.service[102141]: INFO neutron.api.extensions [None req-5735b678-8df6-4c6c-8702-5e0d4002701f None None] Loaded extension: router
Jul 02 01:03:23.486596 np0000183845 devstack@neutron-api.service[102139]: DEBUG neutron_lib.callbacks.manager [None req-d0cd7c32-e9f5-48eb-805a-d826c21a219d None None] Subscribe: > address_group after_update 55550000, False {{(pid=102139) subscribe /opt/stack/data/venv/lib/python3.12/site-packages/neutron_lib/callbacks/manager.py:52}}
Jul 02 01:03:23.486654 np0000183845 devstack@neutron-api.service[102141]: DEBUG neutron.api.extensions [None req-5735b678-8df6-4c6c-8702-5e0d4002701f None None] Loading extension file: l3_agent_scheduler_ha_chassis_priority.py {{(pid=102141) _load_all_extensions_from_path /opt/stack/neutron/neutron/api/extensions.py:449}}
Jul 02 01:03:23.486702 np0000183845 devstack@neutron-api.service[102139]: DEBUG neutron_lib.callbacks.manager [None req-d0cd7c32-e9f5-48eb-805a-d826c21a219d None None] Subscribe: > address_group after_delete 55550000, False {{(pid=102139) subscribe /opt/stack/data/venv/lib/python3.12/site-packages/neutron_lib/callbacks/manager.py:52}}
Jul 02 01:03:23.486702 np0000183845 devstack@neutron-api.service[102139]: DEBUG neutron.plugins.ml2.ovo_rpc [None req-d0cd7c32-e9f5-48eb-805a-d826c21a219d None None] ML2 OVO RPC backend initialized. {{(pid=102139) __init__ /opt/stack/neutron/neutron/plugins/ml2/ovo_rpc.py:117}}
Jul 02 01:03:23.486745 np0000183845 devstack@neutron-api.service[102141]: DEBUG neutron.api.extensions [None req-5735b678-8df6-4c6c-8702-5e0d4002701f None None] Ext name="L3 Agent Scheduler HA Chassis Priority" alias="l3-agent-scheduler-ha-chassis-priority" description="Exposes the HA_Chassis priority in the L3 Agent Scheduler API responses and allows setting priority when scheduling a router to a chassis." updated="2026-03-31T00:00:00-00:00" {{(pid=102141) _check_extension /opt/stack/neutron/neutron/api/extensions.py:415}}
Jul 02 01:03:23.486745 np0000183845 devstack@neutron-api.service[102141]: INFO neutron.api.extensions [None req-5735b678-8df6-4c6c-8702-5e0d4002701f None None] Loaded extension: l3-agent-scheduler-ha-chassis-priority
Jul 02 01:03:23.486745 np0000183845 devstack@neutron-api.service[102141]: DEBUG neutron.api.extensions [None req-5735b678-8df6-4c6c-8702-5e0d4002701f None None] Loading extension file: l3_conntrack_helper.py {{(pid=102141) _load_all_extensions_from_path /opt/stack/neutron/neutron/api/extensions.py:449}}
Jul 02 01:03:23.487198 np0000183845 devstack@neutron-api.service[102141]: DEBUG neutron.api.extensions [None req-5735b678-8df6-4c6c-8702-5e0d4002701f None None] Ext name="L3 Conntrack helper" alias="l3-conntrack-helper" description="Allow adding CT target rules for conntrack helper" updated="2019-04-04T10:00:00-00:00" {{(pid=102141) _check_extension /opt/stack/neutron/neutron/api/extensions.py:415}}
Jul 02 01:03:23.487339 np0000183845 devstack@neutron-api.service[102139]: INFO neutron.quota [None req-d0cd7c32-e9f5-48eb-805a-d826c21a219d None None] Loaded quota_driver: .
Jul 02 01:03:23.487495 np0000183845 devstack@neutron-api.service[102139]: INFO neutron.plugins.ml2.plugin [None req-d0cd7c32-e9f5-48eb-805a-d826c21a219d None None] Modular L2 Plugin initialization complete
Jul 02 01:03:23.487637 np0000183845 devstack@neutron-api.service[102141]: INFO neutron.api.extensions [None req-5735b678-8df6-4c6c-8702-5e0d4002701f None None] Extension l3-conntrack-helper not supported by any of loaded plugins
Jul 02 01:03:23.487637 np0000183845 devstack@neutron-api.service[102141]: DEBUG neutron.api.extensions [None req-5735b678-8df6-4c6c-8702-5e0d4002701f None None] Loading extension file: l3_enable_default_route_bfd.py {{(pid=102141) _load_all_extensions_from_path /opt/stack/neutron/neutron/api/extensions.py:449}}
Jul 02 01:03:23.487828 np0000183845 devstack@neutron-api.service[102139]: DEBUG neutron.manager [None req-d0cd7c32-e9f5-48eb-805a-d826c21a219d None None] Loading services supported by the core plugin {{(pid=102139) _load_services_from_core_plugin /opt/stack/neutron/neutron/manager.py:167}}
Jul 02 01:03:23.487828 np0000183845 devstack@neutron-api.service[102139]: INFO neutron.plugins.ml2.managers [None req-d0cd7c32-e9f5-48eb-805a-d826c21a219d None None] Got port-security extension from driver 'port_security'
Jul 02 01:03:23.487916 np0000183845 devstack@neutron-api.service[102141]: DEBUG neutron.api.extensions [None req-5735b678-8df6-4c6c-8702-5e0d4002701f None None] Ext name="Enable Default Route BFD" alias="enable-default-route-bfd" description="Enables configurable BFD behavior for default routes" updated="2023-02-27T00:00:00-00:00" {{(pid=102141) _check_extension /opt/stack/neutron/neutron/api/extensions.py:415}}
Jul 02 01:03:23.487916 np0000183845 devstack@neutron-api.service[102141]: INFO neutron.api.extensions [None req-5735b678-8df6-4c6c-8702-5e0d4002701f None None] Loaded extension: enable-default-route-bfd
Jul 02 01:03:23.487965 np0000183845 devstack@neutron-api.service[102139]: DEBUG neutron.manager [None req-d0cd7c32-e9f5-48eb-805a-d826c21a219d None None] Loading service plugins: ['ovn-router', 'auto_allocate', 'tag', 'timestamp', 'network_ip_availability', 'flavors', 'revisions'] {{(pid=102139) _load_service_plugins /opt/stack/neutron/neutron/manager.py:192}}
Jul 02 01:03:23.488016 np0000183845 devstack@neutron-api.service[102141]: DEBUG neutron.api.extensions [None req-5735b678-8df6-4c6c-8702-5e0d4002701f None None] Loading extension file: l3_enable_default_route_ecmp.py {{(pid=102141) _load_all_extensions_from_path /opt/stack/neutron/neutron/api/extensions.py:449}}
Jul 02 01:03:23.488063 np0000183845 devstack@neutron-api.service[102139]: INFO neutron.manager [None req-d0cd7c32-e9f5-48eb-805a-d826c21a219d None None] Loading Plugin: ovn-router
Jul 02 01:03:23.488298 np0000183845 devstack@neutron-api.service[102141]: DEBUG neutron.api.extensions [None req-5735b678-8df6-4c6c-8702-5e0d4002701f None None] Ext name="Enable Default Route ECMP" alias="enable-default-route-ecmp" description="Enables configurable ECMP behavior for default routes" updated="2023-02-27T00:00:00-00:00" {{(pid=102141) _check_extension /opt/stack/neutron/neutron/api/extensions.py:415}}
Jul 02 01:03:23.488506 np0000183845 devstack@neutron-api.service[102141]: INFO neutron.api.extensions [None req-5735b678-8df6-4c6c-8702-5e0d4002701f None None] Loaded extension: enable-default-route-ecmp
Jul 02 01:03:23.488506 np0000183845 devstack@neutron-api.service[102141]: DEBUG neutron.api.extensions [None req-5735b678-8df6-4c6c-8702-5e0d4002701f None None] Loading extension file: l3_ext_gw_mode.py {{(pid=102141) _load_all_extensions_from_path /opt/stack/neutron/neutron/api/extensions.py:449}}
Jul 02 01:03:23.488768 np0000183845 devstack@neutron-api.service[102141]: DEBUG neutron.api.extensions [None req-5735b678-8df6-4c6c-8702-5e0d4002701f None None] Ext name="Neutron L3 Configurable external gateway mode" alias="ext-gw-mode" description="Extension of the router abstraction for specifying whether SNAT should occur on the external gateway" updated="2013-03-28T10:00:00-00:00" {{(pid=102141) _check_extension /opt/stack/neutron/neutron/api/extensions.py:415}}
Jul 02 01:03:23.488958 np0000183845 devstack@neutron-api.service[102141]: INFO neutron.api.extensions [None req-5735b678-8df6-4c6c-8702-5e0d4002701f None None] Loaded extension: ext-gw-mode
Jul 02 01:03:23.488988 np0000183845 devstack@neutron-api.service[102141]: DEBUG neutron.api.extensions [None req-5735b678-8df6-4c6c-8702-5e0d4002701f None None] Loading extension file: l3_ext_ha_mode.py {{(pid=102141) _load_all_extensions_from_path /opt/stack/neutron/neutron/api/extensions.py:449}}
Jul 02 01:03:23.489312 np0000183845 devstack@neutron-api.service[102141]: DEBUG neutron.api.extensions [None req-5735b678-8df6-4c6c-8702-5e0d4002701f None None] Ext name="HA Router extension" alias="l3-ha" description="Adds HA capability to routers." updated="2014-04-26T00:00:00-00:00" {{(pid=102141) _check_extension /opt/stack/neutron/neutron/api/extensions.py:415}}
Jul 02 01:03:23.489473 np0000183845 devstack@neutron-api.service[102141]: INFO neutron.api.extensions [None req-5735b678-8df6-4c6c-8702-5e0d4002701f None None] Loaded extension: l3-ha
Jul 02 01:03:23.489473 np0000183845 devstack@neutron-api.service[102141]: DEBUG neutron.api.extensions [None req-5735b678-8df6-4c6c-8702-5e0d4002701f None None] Loading extension file: l3_ext_ndp_proxy.py {{(pid=102141) _load_all_extensions_from_path /opt/stack/neutron/neutron/api/extensions.py:449}}
Jul 02 01:03:23.490688 np0000183845 devstack@neutron-api.service[102141]: DEBUG neutron.api.extensions [None req-5735b678-8df6-4c6c-8702-5e0d4002701f None None] Ext name="Router support to enable NDP proxy" alias="l3-ext-ndp-proxy" description="Router extension to enable ndp proxy" updated="2020-08-25T00:00:00-00:00" {{(pid=102141) _check_extension /opt/stack/neutron/neutron/api/extensions.py:415}}
Jul 02 01:03:23.490868 np0000183845 devstack@neutron-api.service[102141]: INFO neutron.api.extensions [None req-5735b678-8df6-4c6c-8702-5e0d4002701f None None] Extension l3-ext-ndp-proxy not supported by any of loaded plugins
Jul 02 01:03:23.491019 np0000183845 devstack@neutron-api.service[102141]: DEBUG neutron.api.extensions [None req-5735b678-8df6-4c6c-8702-5e0d4002701f None None] Loading extension file: l3_extra_gws.py {{(pid=102141) _load_all_extensions_from_path /opt/stack/neutron/neutron/api/extensions.py:449}}
Jul 02 01:03:23.491189 np0000183845 devstack@neutron-api.service[102141]: DEBUG neutron.api.extensions [None req-5735b678-8df6-4c6c-8702-5e0d4002701f None None] Ext name="Neutron L3 External Gateway Multihoming" alias="external-gateway-multihoming" description="Allow multiple external gateway ports per router" updated="2023-01-18T00:00:00-00:00" {{(pid=102141) _check_extension /opt/stack/neutron/neutron/api/extensions.py:415}}
Jul 02 01:03:23.491381 np0000183845 devstack@neutron-api.service[102141]: INFO neutron.api.extensions [None req-5735b678-8df6-4c6c-8702-5e0d4002701f None None] Loaded extension: external-gateway-multihoming
Jul 02 01:03:23.491482 np0000183845 devstack@neutron-api.service[102141]: DEBUG neutron.api.extensions [None req-5735b678-8df6-4c6c-8702-5e0d4002701f None None] Loading extension file: l3_flavors.py {{(pid=102141) _load_all_extensions_from_path /opt/stack/neutron/neutron/api/extensions.py:449}}
Jul 02 01:03:23.491687 np0000183845 devstack@neutron-api.service[102141]: DEBUG neutron.api.extensions [None req-5735b678-8df6-4c6c-8702-5e0d4002701f None None] Ext name="Router Flavor Extension" alias="l3-flavors" description="Flavor support for routers." updated="2016-05-17T00:00:00-00:00" {{(pid=102141) _check_extension /opt/stack/neutron/neutron/api/extensions.py:415}}
Jul 02 01:03:23.491851 np0000183845 devstack@neutron-api.service[102141]: INFO neutron.api.extensions [None req-5735b678-8df6-4c6c-8702-5e0d4002701f None None] Loaded extension: l3-flavors
Jul 02 01:03:23.491954 np0000183845 devstack@neutron-api.service[102141]: DEBUG neutron.api.extensions [None req-5735b678-8df6-4c6c-8702-5e0d4002701f None None] Loading extension file: l3_ndp_proxy.py {{(pid=102141) _load_all_extensions_from_path /opt/stack/neutron/neutron/api/extensions.py:449}}
Jul 02 01:03:23.492231 np0000183845 devstack@neutron-api.service[102141]: DEBUG neutron.api.extensions [None req-5735b678-8df6-4c6c-8702-5e0d4002701f None None] Ext name="name" alias="l3-ndp-proxy" description="description" updated="2021-06-29T10:00:00-00:00" {{(pid=102141) _check_extension /opt/stack/neutron/neutron/api/extensions.py:415}}
Jul 02 01:03:23.492425 np0000183845 devstack@neutron-api.service[102141]: INFO neutron.api.extensions [None req-5735b678-8df6-4c6c-8702-5e0d4002701f None None] Extension l3-ndp-proxy not supported by any of loaded plugins
Jul 02 01:03:23.492486 np0000183845 devstack@neutron-api.service[102141]: DEBUG neutron.api.extensions [None req-5735b678-8df6-4c6c-8702-5e0d4002701f None None] Loading extension file: l3_port_ip_change_not_allowed.py {{(pid=102141) _load_all_extensions_from_path /opt/stack/neutron/neutron/api/extensions.py:449}}
Jul 02 01:03:23.492721 np0000183845 devstack@neutron-api.service[102141]: DEBUG neutron.api.extensions [None req-5735b678-8df6-4c6c-8702-5e0d4002701f None None] Ext name="Prevent L3 router ports IP address change extension" alias="l3-port-ip-change-not-allowed" description="Prevent change of IP address for some L3 router ports" updated="2018-10-09T10:00:00-00:00" {{(pid=102141) _check_extension /opt/stack/neutron/neutron/api/extensions.py:415}}
Jul 02 01:03:23.492931 np0000183845 devstack@neutron-api.service[102141]: INFO neutron.api.extensions [None req-5735b678-8df6-4c6c-8702-5e0d4002701f None None] Extension l3-port-ip-change-not-allowed not supported by any of loaded plugins
Jul 02 01:03:23.492991 np0000183845 devstack@neutron-api.service[102141]: DEBUG neutron.api.extensions [None req-5735b678-8df6-4c6c-8702-5e0d4002701f None None] Loading extension file: l3agentscheduler.py {{(pid=102141) _load_all_extensions_from_path /opt/stack/neutron/neutron/api/extensions.py:449}}
Jul 02 01:03:23.493671 np0000183845 devstack@neutron-api.service[102141]: DEBUG neutron.api.extensions [None req-5735b678-8df6-4c6c-8702-5e0d4002701f None None] Ext name="L3 Agent Scheduler" alias="l3_agent_scheduler" description="Schedule routers among l3 agents" updated="2013-02-07T10:00:00-00:00" {{(pid=102141) _check_extension /opt/stack/neutron/neutron/api/extensions.py:415}}
Jul 02 01:03:23.493835 np0000183845 devstack@neutron-api.service[102141]: INFO neutron.api.extensions [None req-5735b678-8df6-4c6c-8702-5e0d4002701f None None] Loaded extension: l3_agent_scheduler
Jul 02 01:03:23.493885 np0000183845 devstack@neutron-api.service[102141]: DEBUG neutron.api.extensions [None req-5735b678-8df6-4c6c-8702-5e0d4002701f None None] Loading extension file: local_ip.py {{(pid=102141) _load_all_extensions_from_path /opt/stack/neutron/neutron/api/extensions.py:449}}
Jul 02 01:03:23.494166 np0000183845 devstack@neutron-api.service[102141]: DEBUG neutron.api.extensions [None req-5735b678-8df6-4c6c-8702-5e0d4002701f None None] Ext name="Local IP" alias="local_ip" description="Support Node Local Virtual IP" updated="2021-07-26T10:00:00-00:00" {{(pid=102141) _check_extension /opt/stack/neutron/neutron/api/extensions.py:415}}
Jul 02 01:03:23.494348 np0000183845 devstack@neutron-api.service[102141]: INFO neutron.api.extensions [None req-5735b678-8df6-4c6c-8702-5e0d4002701f None None] Extension local_ip not supported by any of loaded plugins
Jul 02 01:03:23.494485 np0000183845 devstack@neutron-api.service[102141]: DEBUG neutron.api.extensions [None req-5735b678-8df6-4c6c-8702-5e0d4002701f None None] Loading extension file: logging.py {{(pid=102141) _load_all_extensions_from_path /opt/stack/neutron/neutron/api/extensions.py:449}}
Jul 02 01:03:23.494728 np0000183845 devstack@neutron-api.service[102141]: DEBUG neutron.api.extensions [None req-5735b678-8df6-4c6c-8702-5e0d4002701f None None] Ext name="Logging API Extension" alias="logging" description="Provides a logging API for resources such as security group and firewall." updated="2017-01-01T10:00:00-00:00" {{(pid=102141) _check_extension /opt/stack/neutron/neutron/api/extensions.py:415}}
Jul 02 01:03:23.494907 np0000183845 devstack@neutron-api.service[102141]: INFO neutron.api.extensions [None req-5735b678-8df6-4c6c-8702-5e0d4002701f None None] Extension logging not supported by any of loaded plugins
Jul 02 01:03:23.495017 np0000183845 devstack@neutron-api.service[102141]: DEBUG neutron.api.extensions [None req-5735b678-8df6-4c6c-8702-5e0d4002701f None None] Loading extension file: metering.py {{(pid=102141) _load_all_extensions_from_path /opt/stack/neutron/neutron/api/extensions.py:449}}
Jul 02 01:03:23.495309 np0000183845 devstack@neutron-api.service[102141]: DEBUG neutron.api.extensions [None req-5735b678-8df6-4c6c-8702-5e0d4002701f None None] Ext name="Neutron Metering" alias="metering" description="Neutron Metering extension." updated="2013-06-12T10:00:00-00:00" {{(pid=102141) _check_extension /opt/stack/neutron/neutron/api/extensions.py:415}}
Jul 02 01:03:23.495497 np0000183845 devstack@neutron-api.service[102141]: INFO neutron.api.extensions [None req-5735b678-8df6-4c6c-8702-5e0d4002701f None None] Extension metering not supported by any of loaded plugins
Jul 02 01:03:23.495562 np0000183845 devstack@neutron-api.service[102141]: DEBUG neutron.api.extensions [None req-5735b678-8df6-4c6c-8702-5e0d4002701f None None] Loading extension file: metering_source_and_destination_fields.py {{(pid=102141) _load_all_extensions_from_path /opt/stack/neutron/neutron/api/extensions.py:449}}
Jul 02 01:03:23.495799 np0000183845 devstack@neutron-api.service[102141]: DEBUG neutron.api.extensions [None req-5735b678-8df6-4c6c-8702-5e0d4002701f None None] Ext name="Neutron Metering with source and destination filtering" alias="metering_source_and_destination_fields" description="Neutron Metering extension that enables the use of source and destination IP prefixes to create metering label rules." updated="2020-08-21T08:12:00-00:00" {{(pid=102141) _check_extension /opt/stack/neutron/neutron/api/extensions.py:415}}
Jul 02 01:03:23.495966 np0000183845 devstack@neutron-api.service[102141]: INFO neutron.api.extensions [None req-5735b678-8df6-4c6c-8702-5e0d4002701f None None] Extension metering_source_and_destination_fields not supported by any of loaded plugins
Jul 02 01:03:23.496055 np0000183845 devstack@neutron-api.service[102141]: DEBUG neutron.api.extensions [None req-5735b678-8df6-4c6c-8702-5e0d4002701f None None] Loading extension file: multiprovidernet.py {{(pid=102141) _load_all_extensions_from_path /opt/stack/neutron/neutron/api/extensions.py:449}}
Jul 02 01:03:23.496308 np0000183845 devstack@neutron-api.service[102141]: DEBUG neutron.api.extensions [None req-5735b678-8df6-4c6c-8702-5e0d4002701f None None] Ext name="Multi Provider Network" alias="multi-provider" description="Expose mapping of virtual networks to multiple physical networks" updated="2013-06-27T10:00:00-00:00" {{(pid=102141) _check_extension /opt/stack/neutron/neutron/api/extensions.py:415}}
Jul 02 01:03:23.496452 np0000183845 devstack@neutron-api.service[102141]: INFO neutron.api.extensions [None req-5735b678-8df6-4c6c-8702-5e0d4002701f None None] Loaded extension: multi-provider
Jul 02 01:03:23.496548 np0000183845 devstack@neutron-api.service[102141]: DEBUG neutron.api.extensions [None req-5735b678-8df6-4c6c-8702-5e0d4002701f None None] Loading extension file: netmtu.py {{(pid=102141) _load_all_extensions_from_path /opt/stack/neutron/neutron/api/extensions.py:449}}
Jul 02 01:03:23.496772 np0000183845 devstack@neutron-api.service[102141]: DEBUG neutron.api.extensions [None req-5735b678-8df6-4c6c-8702-5e0d4002701f None None] Ext name="Network MTU" alias="net-mtu" description="Provides MTU attribute for a network resource." updated="2015-03-25T10:00:00-00:00" {{(pid=102141) _check_extension /opt/stack/neutron/neutron/api/extensions.py:415}}
Jul 02 01:03:23.497016 np0000183845 devstack@neutron-api.service[102141]: INFO neutron.api.extensions [None req-5735b678-8df6-4c6c-8702-5e0d4002701f None None] Loaded extension: net-mtu
Jul 02 01:03:23.497079 np0000183845 devstack@neutron-api.service[102141]: DEBUG neutron.api.extensions [None req-5735b678-8df6-4c6c-8702-5e0d4002701f None None] Loading extension file: netmtu_writable.py {{(pid=102141) _load_all_extensions_from_path /opt/stack/neutron/neutron/api/extensions.py:449}}
Jul 02 01:03:23.497352 np0000183845 devstack@neutron-api.service[102141]: DEBUG neutron.api.extensions [None req-5735b678-8df6-4c6c-8702-5e0d4002701f None None] Ext name="Network MTU (writable)" alias="net-mtu-writable" description="Provides a writable MTU attribute for a network resource." updated="2017-07-12T00:00:00-00:00" {{(pid=102141) _check_extension /opt/stack/neutron/neutron/api/extensions.py:415}}
Jul 02 01:03:23.497487 np0000183845 devstack@neutron-api.service[102141]: INFO neutron.api.extensions [None req-5735b678-8df6-4c6c-8702-5e0d4002701f None None] Loaded extension: net-mtu-writable
Jul 02 01:03:23.497608 np0000183845 devstack@neutron-api.service[102141]: DEBUG neutron.api.extensions [None req-5735b678-8df6-4c6c-8702-5e0d4002701f None None] Loading extension file: network_availability_zone.py {{(pid=102141) _load_all_extensions_from_path /opt/stack/neutron/neutron/api/extensions.py:449}}
Jul 02 01:03:23.497814 np0000183845 devstack@neutron-api.service[102141]: DEBUG neutron.api.extensions [None req-5735b678-8df6-4c6c-8702-5e0d4002701f None None] Ext name="Network Availability Zone" alias="network_availability_zone" description="Availability zone support for network." updated="2015-01-01T10:00:00-00:00" {{(pid=102141) _check_extension /opt/stack/neutron/neutron/api/extensions.py:415}}
Jul 02 01:03:23.498005 np0000183845 devstack@neutron-api.service[102141]: INFO neutron.api.extensions [None req-5735b678-8df6-4c6c-8702-5e0d4002701f None None] Loaded extension: network_availability_zone
Jul 02 01:03:23.498158 np0000183845 devstack@neutron-api.service[102141]: DEBUG neutron.api.extensions [None req-5735b678-8df6-4c6c-8702-5e0d4002701f None None] Loading extension file: network_ha.py {{(pid=102141) _load_all_extensions_from_path /opt/stack/neutron/neutron/api/extensions.py:449}}
Jul 02 01:03:23.498326 np0000183845 devstack@neutron-api.service[102139]: DEBUG neutron_lib.callbacks.manager [None req-d0cd7c32-e9f5-48eb-805a-d826c21a219d None None] Subscribe: > router before_delete 55550000, False {{(pid=102139) subscribe /opt/stack/data/venv/lib/python3.12/site-packages/neutron_lib/callbacks/manager.py:52}}
Jul 02 01:03:23.498455 np0000183845 devstack@neutron-api.service[102141]: DEBUG neutron.api.extensions [None req-5735b678-8df6-4c6c-8702-5e0d4002701f None None] Ext name="Network HA creation flag" alias="network_ha" description="Network high availability creation flag." updated="2023-04-27T10:00:00-00:00" {{(pid=102141) _check_extension /opt/stack/neutron/neutron/api/extensions.py:415}}
Jul 02 01:03:23.498572 np0000183845 devstack@neutron-api.service[102139]: DEBUG neutron_lib.callbacks.manager [None req-d0cd7c32-e9f5-48eb-805a-d826c21a219d None None] Subscribe: port before_update 55550000, False {{(pid=102139) subscribe /opt/stack/data/venv/lib/python3.12/site-packages/neutron_lib/callbacks/manager.py:52}}
Jul 02 01:03:23.498619 np0000183845 devstack@neutron-api.service[102141]: INFO neutron.api.extensions [None req-5735b678-8df6-4c6c-8702-5e0d4002701f None None] Extension network_ha not supported by any of loaded plugins
Jul 02 01:03:23.498680 np0000183845 devstack@neutron-api.service[102139]: DEBUG neutron_lib.callbacks.manager [None req-d0cd7c32-e9f5-48eb-805a-d826c21a219d None None] Subscribe: port after_update 55550000, False {{(pid=102139) subscribe /opt/stack/data/venv/lib/python3.12/site-packages/neutron_lib/callbacks/manager.py:52}}
Jul 02 01:03:23.498711 np0000183845 devstack@neutron-api.service[102141]: DEBUG neutron.api.extensions [None req-5735b678-8df6-4c6c-8702-5e0d4002701f None None] Loading extension file: network_ip_availability.py {{(pid=102141) _load_all_extensions_from_path /opt/stack/neutron/neutron/api/extensions.py:449}}
Jul 02 01:03:23.498739 np0000183845 devstack@neutron-api.service[102139]: DEBUG neutron_lib.callbacks.manager [None req-d0cd7c32-e9f5-48eb-805a-d826c21a219d None None] Subscribe: > port precommit_delete 55550000, False {{(pid=102139) subscribe /opt/stack/data/venv/lib/python3.12/site-packages/neutron_lib/callbacks/manager.py:52}}
Jul 02 01:03:23.498739 np0000183845 devstack@neutron-api.service[102139]: DEBUG neutron_lib.callbacks.manager [None req-d0cd7c32-e9f5-48eb-805a-d826c21a219d None None] Subscribe: port before_update 55550000, False {{(pid=102139) subscribe /opt/stack/data/venv/lib/python3.12/site-packages/neutron_lib/callbacks/manager.py:52}}
Jul 02 01:03:23.498787 np0000183845 devstack@neutron-api.service[102139]: DEBUG neutron_lib.callbacks.manager [None req-d0cd7c32-e9f5-48eb-805a-d826c21a219d None None] Subscribe: port before_delete 55550000, False {{(pid=102139) subscribe /opt/stack/data/venv/lib/python3.12/site-packages/neutron_lib/callbacks/manager.py:52}}
Jul 02 01:03:23.498811 np0000183845 devstack@neutron-api.service[102141]: DEBUG neutron.api.extensions [None req-5735b678-8df6-4c6c-8702-5e0d4002701f None None] Ext name="Network IP Availability" alias="network-ip-availability" description="Provides IP availability data for each network and subnet." updated="2015-09-24T00:00:00-00:00" {{(pid=102141) _check_extension /opt/stack/neutron/neutron/api/extensions.py:415}}
Jul 02 01:03:23.498907 np0000183845 devstack@neutron-api.service[102139]: DEBUG neutron_lib.callbacks.manager [None req-d0cd7c32-e9f5-48eb-805a-d826c21a219d None None] Subscribe: > router precommit_create 55550000, False {{(pid=102139) subscribe /opt/stack/data/venv/lib/python3.12/site-packages/neutron_lib/callbacks/manager.py:52}}
Jul 02 01:03:23.498965 np0000183845 devstack@neutron-api.service[102141]: INFO neutron.api.extensions [None req-5735b678-8df6-4c6c-8702-5e0d4002701f None None] Loaded extension: network-ip-availability
Jul 02 01:03:23.499015 np0000183845 devstack@neutron-api.service[102139]: DEBUG neutron_lib.callbacks.manager [None req-d0cd7c32-e9f5-48eb-805a-d826c21a219d None None] Subscribe: > router precommit_create 55550000, False {{(pid=102139) subscribe /opt/stack/data/venv/lib/python3.12/site-packages/neutron_lib/callbacks/manager.py:52}}
Jul 02 01:03:23.499068 np0000183845 devstack@neutron-api.service[102141]: DEBUG neutron.api.extensions [None req-5735b678-8df6-4c6c-8702-5e0d4002701f None None] Loading extension file: network_ip_availability_details.py {{(pid=102141) _load_all_extensions_from_path /opt/stack/neutron/neutron/api/extensions.py:449}}
Jul 02 01:03:23.499118 np0000183845 devstack@neutron-api.service[102139]: DEBUG neutron_lib.callbacks.manager [None req-d0cd7c32-e9f5-48eb-805a-d826c21a219d None None] Subscribe: > router precommit_update 55550000, False {{(pid=102139) subscribe /opt/stack/data/venv/lib/python3.12/site-packages/neutron_lib/callbacks/manager.py:52}}
Jul 02 01:03:23.499192 np0000183845 devstack@neutron-api.service[102139]: DEBUG neutron_lib.callbacks.manager [None req-d0cd7c32-e9f5-48eb-805a-d826c21a219d None None] Subscribe: subnet after_update 55550000, False {{(pid=102139) subscribe /opt/stack/data/venv/lib/python3.12/site-packages/neutron_lib/callbacks/manager.py:52}}
Jul 02 01:03:23.499295 np0000183845 devstack@neutron-api.service[102141]: DEBUG neutron.api.extensions [None req-5735b678-8df6-4c6c-8702-5e0d4002701f None None] Ext name="Network IP Availability Details Extension" alias="network-ip-availability-details" description="Add ip_availability_details attribute to network-ip-availabilities resource." updated="2025-10-31T00:00:00-00:00" {{(pid=102141) _check_extension /opt/stack/neutron/neutron/api/extensions.py:415}}
Jul 02 01:03:23.499469 np0000183845 devstack@neutron-api.service[102139]: DEBUG neutron.quota.resource_registry [None req-d0cd7c32-e9f5-48eb-805a-d826c21a219d None None] Tracking information for resource: router configured {{(pid=102139) set_tracked_resource /opt/stack/neutron/neutron/quota/resource_registry.py:203}}
Jul 02 01:03:23.499511 np0000183845 devstack@neutron-api.service[102141]: INFO neutron.api.extensions [None req-5735b678-8df6-4c6c-8702-5e0d4002701f None None] Loaded extension: network-ip-availability-details
Jul 02 01:03:23.499574 np0000183845 devstack@neutron-api.service[102141]: DEBUG neutron.api.extensions [None req-5735b678-8df6-4c6c-8702-5e0d4002701f None None] Loading extension file: network_segment_range.py {{(pid=102141) _load_all_extensions_from_path /opt/stack/neutron/neutron/api/extensions.py:449}}
Jul 02 01:03:23.499627 np0000183845 devstack@neutron-api.service[102139]: DEBUG neutron.quota.resource_registry [None req-d0cd7c32-e9f5-48eb-805a-d826c21a219d None None] Tracking information for resource: floatingip configured {{(pid=102139) set_tracked_resource /opt/stack/neutron/neutron/quota/resource_registry.py:203}}
Jul 02 01:03:23.499678 np0000183845 devstack@neutron-api.service[102139]: INFO neutron.services.ovn_l3.plugin [None req-d0cd7c32-e9f5-48eb-805a-d826c21a219d None None] Starting OVNL3RouterPlugin
Jul 02 01:03:23.499867 np0000183845 devstack@neutron-api.service[102141]: DEBUG neutron.api.extensions [None req-5735b678-8df6-4c6c-8702-5e0d4002701f None None] Ext name="Neutron Network Segment Range" alias="network-segment-range" description="Provides support for the network segment range management" updated="2018-11-29T00:00:00-00:00" {{(pid=102141) _check_extension /opt/stack/neutron/neutron/api/extensions.py:415}}
Jul 02 01:03:23.499907 np0000183845 devstack@neutron-api.service[102139]: DEBUG neutron_lib.callbacks.manager [None req-d0cd7c32-e9f5-48eb-805a-d826c21a219d None None] Subscribe: > port_forwarding_plugin after_init 55550000, False {{(pid=102139) subscribe /opt/stack/data/venv/lib/python3.12/site-packages/neutron_lib/callbacks/manager.py:52}}
Jul 02 01:03:23.500038 np0000183845 devstack@neutron-api.service[102141]: INFO neutron.api.extensions [None req-5735b678-8df6-4c6c-8702-5e0d4002701f None None] Extension network-segment-range not supported by any of loaded plugins
Jul 02 01:03:23.500070 np0000183845 devstack@neutron-api.service[102139]: DEBUG neutron_lib.callbacks.manager [None req-d0cd7c32-e9f5-48eb-805a-d826c21a219d None None] Subscribe: > router before_create 55550100, False {{(pid=102139) subscribe /opt/stack/data/venv/lib/python3.12/site-packages/neutron_lib/callbacks/manager.py:52}}
Jul 02 01:03:23.500138 np0000183845 devstack@neutron-api.service[102141]: DEBUG neutron.api.extensions [None req-5735b678-8df6-4c6c-8702-5e0d4002701f None None] Loading extension file: pagination.py {{(pid=102141) _load_all_extensions_from_path /opt/stack/neutron/neutron/api/extensions.py:449}}
Jul 02 01:03:23.500193 np0000183845 devstack@neutron-api.service[102139]: DEBUG neutron_lib.callbacks.manager [None req-d0cd7c32-e9f5-48eb-805a-d826c21a219d None None] Subscribe: > router precommit_delete 55550100, False {{(pid=102139) subscribe /opt/stack/data/venv/lib/python3.12/site-packages/neutron_lib/callbacks/manager.py:52}}
Jul 02 01:03:23.500328 np0000183845 devstack@neutron-api.service[102139]: DEBUG neutron_lib.callbacks.manager [None req-d0cd7c32-e9f5-48eb-805a-d826c21a219d None None] Subscribe: > router precommit_create 55550100, False {{(pid=102139) subscribe /opt/stack/data/venv/lib/python3.12/site-packages/neutron_lib/callbacks/manager.py:52}}
Jul 02 01:03:23.500371 np0000183845 devstack@neutron-api.service[102141]: DEBUG neutron.api.extensions [None req-5735b678-8df6-4c6c-8702-5e0d4002701f None None] Ext name="Pagination support" alias="pagination" description="Extension that indicates that pagination is enabled." updated="2016-06-12T00:00:00-00:00" {{(pid=102141) _check_extension /opt/stack/neutron/neutron/api/extensions.py:415}}
Jul 02 01:03:23.500441 np0000183845 devstack@neutron-api.service[102139]: DEBUG neutron_lib.callbacks.manager [None req-d0cd7c32-e9f5-48eb-805a-d826c21a219d None None] Subscribe: > router precommit_update 55550100, False {{(pid=102139) subscribe /opt/stack/data/venv/lib/python3.12/site-packages/neutron_lib/callbacks/manager.py:52}}
Jul 02 01:03:23.500475 np0000183845 devstack@neutron-api.service[102141]: INFO neutron.api.extensions [None req-5735b678-8df6-4c6c-8702-5e0d4002701f None None] Loaded extension: pagination
Jul 02 01:03:23.500550 np0000183845 devstack@neutron-api.service[102141]: DEBUG neutron.api.extensions [None req-5735b678-8df6-4c6c-8702-5e0d4002701f None None] Loading extension file: port_device_profile.py {{(pid=102141) _load_all_extensions_from_path /opt/stack/neutron/neutron/api/extensions.py:449}}
Jul 02 01:03:23.500770 np0000183845 devstack@neutron-api.service[102141]: DEBUG neutron.api.extensions [None req-5735b678-8df6-4c6c-8702-5e0d4002701f None None] Ext name="Port device profile" alias="port-device-profile" description="Expose the port device profile (Cyborg)" updated="2020-12-17T10:00:00-00:00" {{(pid=102141) _check_extension /opt/stack/neutron/neutron/api/extensions.py:415}}
Jul 02 01:03:23.500974 np0000183845 devstack@neutron-api.service[102141]: INFO neutron.api.extensions [None req-5735b678-8df6-4c6c-8702-5e0d4002701f None None] Loaded extension: port-device-profile
Jul 02 01:03:23.501064 np0000183845 devstack@neutron-api.service[102141]: DEBUG neutron.api.extensions [None req-5735b678-8df6-4c6c-8702-5e0d4002701f None None] Loading extension file: port_hardware_offload_type.py {{(pid=102141) _load_all_extensions_from_path /opt/stack/neutron/neutron/api/extensions.py:449}}
Jul 02 01:03:23.501309 np0000183845 devstack@neutron-api.service[102141]: DEBUG neutron.api.extensions [None req-5735b678-8df6-4c6c-8702-5e0d4002701f None None] Ext name="Port hardware offload" alias="port-hardware-offload-type" description="Expose port hardware offload extension" updated="2023-05-09T10:00:00-00:00" {{(pid=102141) _check_extension /opt/stack/neutron/neutron/api/extensions.py:415}}
Jul 02 01:03:23.501470 np0000183845 devstack@neutron-api.service[102141]: INFO neutron.api.extensions [None req-5735b678-8df6-4c6c-8702-5e0d4002701f None None] Extension port-hardware-offload-type not supported by any of loaded plugins
Jul 02 01:03:23.501558 np0000183845 devstack@neutron-api.service[102141]: DEBUG neutron.api.extensions [None req-5735b678-8df6-4c6c-8702-5e0d4002701f None None] Loading extension file: port_hint_ovs_tx_steering.py {{(pid=102141) _load_all_extensions_from_path /opt/stack/neutron/neutron/api/extensions.py:449}}
Jul 02 01:03:23.501779 np0000183845 devstack@neutron-api.service[102141]: DEBUG neutron.api.extensions [None req-5735b678-8df6-4c6c-8702-5e0d4002701f None None] Ext name="Port hint: Open vSwitch Tx steering" alias="port-hint-ovs-tx-steering" description="Enable Port hint: Open vSwitch Tx steering" updated="2023-01-01T00:00:00-00:00" {{(pid=102141) _check_extension /opt/stack/neutron/neutron/api/extensions.py:415}}
Jul 02 01:03:23.501944 np0000183845 devstack@neutron-api.service[102141]: INFO neutron.api.extensions [None req-5735b678-8df6-4c6c-8702-5e0d4002701f None None] Extension port-hint-ovs-tx-steering not supported by any of loaded plugins
Jul 02 01:03:23.502032 np0000183845 devstack@neutron-api.service[102141]: DEBUG neutron.api.extensions [None req-5735b678-8df6-4c6c-8702-5e0d4002701f None None] Loading extension file: port_hints.py {{(pid=102141) _load_all_extensions_from_path /opt/stack/neutron/neutron/api/extensions.py:449}}
Jul 02 01:03:23.502254 np0000183845 devstack@neutron-api.service[102141]: DEBUG neutron.api.extensions [None req-5735b678-8df6-4c6c-8702-5e0d4002701f None None] Ext name="Port hints" alias="port-hints" description="Backend specific port hints to allow backend specific tuning" updated="2023-01-01T00:00:00-00:00" {{(pid=102141) _check_extension /opt/stack/neutron/neutron/api/extensions.py:415}}
Jul 02 01:03:23.502435 np0000183845 devstack@neutron-api.service[102141]: INFO neutron.api.extensions [None req-5735b678-8df6-4c6c-8702-5e0d4002701f None None] Extension port-hints not supported by any of loaded plugins
Jul 02 01:03:23.502524 np0000183845 devstack@neutron-api.service[102141]: DEBUG neutron.api.extensions [None req-5735b678-8df6-4c6c-8702-5e0d4002701f None None] Loading extension file: port_mac_address_override.py {{(pid=102141) _load_all_extensions_from_path /opt/stack/neutron/neutron/api/extensions.py:449}}
Jul 02 01:03:23.502745 np0000183845 devstack@neutron-api.service[102141]: DEBUG neutron.api.extensions [None req-5735b678-8df6-4c6c-8702-5e0d4002701f None None] Ext name="Neutron Port MAC address override" alias="port-mac-override" description="Allow overriding the MAC address of a direct-physical Port via the active binding profile" updated="2022-03-18T10:00:00-00:00" {{(pid=102141) _check_extension /opt/stack/neutron/neutron/api/extensions.py:415}}
Jul 02 01:03:23.502909 np0000183845 devstack@neutron-api.service[102141]: INFO neutron.api.extensions [None req-5735b678-8df6-4c6c-8702-5e0d4002701f None None] Extension port-mac-override not supported by any of loaded plugins
Jul 02 01:03:23.502998 np0000183845 devstack@neutron-api.service[102141]: DEBUG neutron.api.extensions [None req-5735b678-8df6-4c6c-8702-5e0d4002701f None None] Loading extension file: port_mac_address_regenerate.py {{(pid=102141) _load_all_extensions_from_path /opt/stack/neutron/neutron/api/extensions.py:449}}
Jul 02 01:03:23.503215 np0000183845 devstack@neutron-api.service[102141]: DEBUG neutron.api.extensions [None req-5735b678-8df6-4c6c-8702-5e0d4002701f None None] Ext name="Neutron Port MAC address regenerate" alias="port-mac-address-regenerate" description="Network port MAC address regenerate" updated="2018-05-03T10:00:00-00:00" {{(pid=102141) _check_extension /opt/stack/neutron/neutron/api/extensions.py:415}}
Jul 02 01:03:23.503399 np0000183845 devstack@neutron-api.service[102141]: INFO neutron.api.extensions [None req-5735b678-8df6-4c6c-8702-5e0d4002701f None None] Loaded extension: port-mac-address-regenerate
Jul 02 01:03:23.503489 np0000183845 devstack@neutron-api.service[102141]: DEBUG neutron.api.extensions [None req-5735b678-8df6-4c6c-8702-5e0d4002701f None None] Loading extension file: port_numa_affinity_policy.py {{(pid=102141) _load_all_extensions_from_path /opt/stack/neutron/neutron/api/extensions.py:449}}
Jul 02 01:03:23.503710 np0000183845 devstack@neutron-api.service[102141]: DEBUG neutron.api.extensions [None req-5735b678-8df6-4c6c-8702-5e0d4002701f None None] Ext name="Port NUMA affinity policy" alias="port-numa-affinity-policy" description="Expose the port NUMA affinity policy" updated="2020-07-08T10:00:00-00:00" {{(pid=102141) _check_extension /opt/stack/neutron/neutron/api/extensions.py:415}}
Jul 02 01:03:23.503875 np0000183845 devstack@neutron-api.service[102141]: INFO neutron.api.extensions [None req-5735b678-8df6-4c6c-8702-5e0d4002701f None None] Loaded extension: port-numa-affinity-policy
Jul 02 01:03:23.503914 np0000183845 devstack@neutron-api.service[102139]: DEBUG neutron.services.provider_configuration [None req-d0cd7c32-e9f5-48eb-805a-d826c21a219d None None] Service providers = [] {{(pid=102139) parse_service_provider_opt /opt/stack/neutron/neutron/services/provider_configuration.py:170}}
Jul 02 01:03:23.503978 np0000183845 devstack@neutron-api.service[102141]: DEBUG neutron.api.extensions [None req-5735b678-8df6-4c6c-8702-5e0d4002701f None None] Loading extension file: port_numa_affinity_policy_socket.py {{(pid=102141) _load_all_extensions_from_path /opt/stack/neutron/neutron/api/extensions.py:449}}
Jul 02 01:03:23.504032 np0000183845 devstack@neutron-api.service[102139]: DEBUG neutron.db.servicetype_db [None req-d0cd7c32-e9f5-48eb-805a-d826c21a219d None None] Adding provider configuration for service L3_ROUTER_NAT {{(pid=102139) add_provider_configuration /opt/stack/neutron/neutron/db/servicetype_db.py:45}}
Jul 02 01:03:23.504184 np0000183845 devstack@neutron-api.service[102141]: DEBUG neutron.api.extensions [None req-5735b678-8df6-4c6c-8702-5e0d4002701f None None] Ext name="Port NUMA affinity policy "socket"" alias="port-numa-affinity-policy-socket" description="Adds "socket" to the supported port NUMA affinity policies" updated="2024-02-09T10:00:00-00:00" {{(pid=102141) _check_extension /opt/stack/neutron/neutron/api/extensions.py:415}}
Jul 02 01:03:23.504369 np0000183845 devstack@neutron-api.service[102141]: INFO neutron.api.extensions [None req-5735b678-8df6-4c6c-8702-5e0d4002701f None None] Loaded extension: port-numa-affinity-policy-socket
Jul 02 01:03:23.504456 np0000183845 devstack@neutron-api.service[102141]: DEBUG neutron.api.extensions [None req-5735b678-8df6-4c6c-8702-5e0d4002701f None None] Loading extension file: port_resource_request.py {{(pid=102141) _load_all_extensions_from_path /opt/stack/neutron/neutron/api/extensions.py:449}}
Jul 02 01:03:23.504678 np0000183845 devstack@neutron-api.service[102141]: DEBUG neutron.api.extensions [None req-5735b678-8df6-4c6c-8702-5e0d4002701f None None] Ext name="Port Resource Request" alias="port-resource-request" description="Expose resource request to Port" updated="2018-05-08T10:00:00-00:00" {{(pid=102141) _check_extension /opt/stack/neutron/neutron/api/extensions.py:415}}
Jul 02 01:03:23.504841 np0000183845 devstack@neutron-api.service[102141]: INFO neutron.api.extensions [None req-5735b678-8df6-4c6c-8702-5e0d4002701f None None] Extension port-resource-request not supported by any of loaded plugins
Jul 02 01:03:23.504965 np0000183845 devstack@neutron-api.service[102141]: DEBUG neutron.api.extensions [None req-5735b678-8df6-4c6c-8702-5e0d4002701f None None] Loading extension file: port_resource_request_groups.py {{(pid=102141) _load_all_extensions_from_path /opt/stack/neutron/neutron/api/extensions.py:449}}
Jul 02 01:03:23.505188 np0000183845 devstack@neutron-api.service[102139]: DEBUG neutron_lib.callbacks.manager [None req-d0cd7c32-e9f5-48eb-805a-d826c21a219d None None] Subscribe: > router precommit_create 55549900, False {{(pid=102139) subscribe /opt/stack/data/venv/lib/python3.12/site-packages/neutron_lib/callbacks/manager.py:52}}
Jul 02 01:03:23.505221 np0000183845 devstack@neutron-api.service[102141]: DEBUG neutron.api.extensions [None req-5735b678-8df6-4c6c-8702-5e0d4002701f None None] Ext name="Port Resource Request Groups" alias="port-resource-request-groups" description="Support requesting multiple groups of resources and traits from the same RP subtree in resource_request" updated="2021-08-02T10:00:00-00:00" {{(pid=102141) _check_extension /opt/stack/neutron/neutron/api/extensions.py:415}}
Jul 02 01:03:23.505406 np0000183845 devstack@neutron-api.service[102139]: DEBUG neutron_lib.callbacks.manager [None req-d0cd7c32-e9f5-48eb-805a-d826c21a219d None None] Subscribe: > router_interface after_create 55550000, False {{(pid=102139) subscribe /opt/stack/data/venv/lib/python3.12/site-packages/neutron_lib/callbacks/manager.py:52}}
Jul 02 01:03:23.506064 np0000183845 devstack@neutron-api.service[102141]: INFO neutron.api.extensions [None req-5735b678-8df6-4c6c-8702-5e0d4002701f None None] Extension port-resource-request-groups not supported by any of loaded plugins
Jul 02 01:03:23.506118 np0000183845 devstack@neutron-api.service[102139]: DEBUG neutron_lib.callbacks.manager [None req-d0cd7c32-e9f5-48eb-805a-d826c21a219d None None] Subscribe: > floatingip after_create 55550000, False {{(pid=102139) subscribe /opt/stack/data/venv/lib/python3.12/site-packages/neutron_lib/callbacks/manager.py:52}}
