2026-07-02 04:37:28.797 7 INFO neutron.db.ovn_revision_numbers_db [None req-4fc3f062-4e93-4920-a9bf-848ec9e73b0f 0b0aeb80fb5248ccbacbb0650abef471 7eaf375d38934dbd80020313bf085edf - - default default] Successfully bumped revision number for resource 9d692da0-8e79-459e-803d-fec2e4242c66 (type: networks) to 1 [pid: 8|app: 0|req: 920/1852] 10.0.0.121 () {34 vars in 676 bytes} [Thu Jul 2 04:37:28 2026] POST /v2.0/floatingips => generated 552 bytes in 625 msecs (HTTP/1.1 201) 4 headers in 162 bytes (1 switches on core 0)
2026-07-02 04:37:29.011 7 WARNING neutron.scheduler.dhcp_agent_scheduler [None req-4fc3f062-4e93-4920-a9bf-848ec9e73b0f 0b0aeb80fb5248ccbacbb0650abef471 7eaf375d38934dbd80020313bf085edf - - default default] No more DHCP agents
2026-07-02 04:37:29.012 7 WARNING neutron.api.rpc.agentnotifiers.dhcp_rpc_agent_api [None req-4fc3f062-4e93-4920-a9bf-848ec9e73b0f 0b0aeb80fb5248ccbacbb0650abef471 7eaf375d38934dbd80020313bf085edf - - default default] Unable to schedule network 9d692da0-8e79-459e-803d-fec2e4242c66: no agents available; will retry on subsequent port and subnet creation events.
2026-07-02 04:37:29.059 7 INFO neutron.plugins.ml2.drivers.ovn.mech_driver.mech_driver [None req-dc0d84ad-a497-4807-b89d-7070650a1d00 - - - - - -] OVN reports status down for port: 717153b9-68a7-4a76-8451-51c8cfb5126a
2026-07-02 04:37:29.108 7 INFO neutron.db.ovn_revision_numbers_db [None req-4fc3f062-4e93-4920-a9bf-848ec9e73b0f 0b0aeb80fb5248ccbacbb0650abef471 7eaf375d38934dbd80020313bf085edf - - default default] Successfully bumped revision number for resource 717153b9-68a7-4a76-8451-51c8cfb5126a (type: ports) to 1 [pid: 7|app: 0|req: 933/1853] 10.0.0.121 () {34 vars in 670 bytes} [Thu Jul 2 04:37:28 2026] POST /v2.0/networks => generated 676 bytes in 562 msecs (HTTP/1.1 201) 4 headers in 162 bytes (1 switches on core 0)
2026-07-02 04:37:29.238 8 WARNING neutron.scheduler.dhcp_agent_scheduler [None req-1ff419dc-77d2-436f-a565-ffbf500cb7d3 84c272644fe2408592475a6fb1b0fe39 0a5108b876334ca0b2a39e1f20b38981 - - default default] No more DHCP agents
2026-07-02 04:37:29.239 8 WARNING neutron.api.rpc.agentnotifiers.dhcp_rpc_agent_api [None req-1ff419dc-77d2-436f-a565-ffbf500cb7d3 84c272644fe2408592475a6fb1b0fe39 0a5108b876334ca0b2a39e1f20b38981 - - default default] Unable to schedule network 4b3328e1-89d4-4deb-8a7c-cfcc51851c71: no agents available; will retry on subsequent port and subnet creation events.
2026-07-02 04:37:29.384 7 WARNING neutron.scheduler.dhcp_agent_scheduler [None req-a212560f-63d0-4b89-ac59-33bba1de4b2f 0b0aeb80fb5248ccbacbb0650abef471 7eaf375d38934dbd80020313bf085edf - - default default] No more DHCP agents
2026-07-02 04:37:29.385 7 WARNING neutron.api.rpc.agentnotifiers.dhcp_rpc_agent_api [None req-a212560f-63d0-4b89-ac59-33bba1de4b2f 0b0aeb80fb5248ccbacbb0650abef471 7eaf375d38934dbd80020313bf085edf - - default default] Unable to schedule network 9d692da0-8e79-459e-803d-fec2e4242c66: no agents available; will retry on subsequent port and subnet creation events. [pid: 8|app: 0|req: 921/1854] 10.0.0.121 () {34 vars in 676 bytes} [Thu Jul 2 04:37:28 2026] POST /v2.0/floatingips => generated 552 bytes in 598 msecs (HTTP/1.1 201) 4 headers in 162 bytes (1 switches on core 0) [pid: 8|app: 0|req: 922/1855] 10.0.0.121 () {32 vars in 740 bytes} [Thu Jul 2 04:37:29 2026] DELETE /v2.0/security-groups/d317a09f-45fc-406a-ab2e-c51a87489840 => generated 0 bytes in 150 msecs (HTTP/1.1 204) 2 headers in 112 bytes (1 switches on core 0) [pid: 8|app: 0|req: 923/1856] 10.0.0.121 () {34 vars in 759 bytes} [Thu Jul 2 04:37:29 2026] PUT /v2.0/floatingips/7e3709c6-8e89-46a3-8ce8-c84dc6171cd4/tags => generated 17 bytes in 77 msecs (HTTP/1.1 200) 4 headers in 156 bytes (1 switches on core 0)
2026-07-02 04:37:29.812 8 INFO neutron.api.v2.resource [None req-6b8a7357-5fe4-4665-9ccd-b305843e257e 7c97b493144840e996fdc552f5d2b103 a2e715c1c6de44d4b17ef322bab25300 - - default default] show failed (client error): The resource could not be found. [pid: 8|app: 0|req: 924/1857] 10.0.0.121 () {32 vars in 737 bytes} [Thu Jul 2 04:37:29 2026] GET /v2.0/security-groups/d317a09f-45fc-406a-ab2e-c51a87489840 => generated 146 bytes in 48 msecs (HTTP/1.1 404) 4 headers in 164 bytes (1 switches on core 0)
2026-07-02 04:37:29.816 7 INFO neutron.db.ovn_revision_numbers_db [None req-39b687e5-27f6-43c0-ba39-abc07700ade3 - - - - - -] Successfully bumped revision number for resource 717153b9-68a7-4a76-8451-51c8cfb5126a (type: ports) to 2
2026-07-02 04:37:29.850 7 INFO neutron.db.ovn_revision_numbers_db [None req-39b687e5-27f6-43c0-ba39-abc07700ade3 - - - - - -] Successfully bumped revision number for resource 29d97031-0f59-47bd-95b6-1f33e4e53723 (type: subnets) to 0 [pid: 8|app: 0|req: 925/1858] 10.0.0.121 () {34 vars in 759 bytes} [Thu Jul 2 04:37:29 2026] PUT /v2.0/floatingips/6755bb1f-9c4d-4a88-8e6c-f5fcd8bf8ac1/tags => generated 25 bytes in 50 msecs (HTTP/1.1 200) 4 headers in 156 bytes (1 switches on core 0) [pid: 7|app: 0|req: 934/1859] 10.0.0.121 () {34 vars in 669 bytes} [Thu Jul 2 04:37:29 2026] POST /v2.0/subnets => generated 656 bytes in 693 msecs (HTTP/1.1 201) 4 headers in 162 bytes (1 switches on core 0) [pid: 7|app: 0|req: 935/1860] 10.0.0.121 () {34 vars in 759 bytes} [Thu Jul 2 04:37:29 2026] PUT /v2.0/floatingips/73f889ee-8024-4a79-b8cd-05256ba63b16/tags => generated 34 bytes in 72 msecs (HTTP/1.1 200) 4 headers in 156 bytes (1 switches on core 0)
2026-07-02 04:37:29.982 8 INFO neutron_taas.services.taas.taas_plugin [None req-702e4549-d32d-4f74-bfe7-774ccd6fa641 7c97b493144840e996fdc552f5d2b103 a2e715c1c6de44d4b17ef322bab25300 - - default default] TaaS: Handle Delete Port: 2bda9448-889f-41e5-b876-2d2492578b61
2026-07-02 04:37:29.985 8 INFO neutron_taas.services.taas.tap_mirror_plugin [None req-702e4549-d32d-4f74-bfe7-774ccd6fa641 7c97b493144840e996fdc552f5d2b103 a2e715c1c6de44d4b17ef322bab25300 - - default default] Tap Mirror: Handle Delete Port: 2bda9448-889f-41e5-b876-2d2492578b61
2026-07-02 04:37:30.131 7 WARNING neutron.scheduler.dhcp_agent_scheduler [None req-e54cba7b-9200-49cf-82d8-45aac29cd3b9 0b0aeb80fb5248ccbacbb0650abef471 7eaf375d38934dbd80020313bf085edf - - default default] No more DHCP agents
2026-07-02 04:37:30.132 7 WARNING neutron.api.rpc.agentnotifiers.dhcp_rpc_agent_api [None req-e54cba7b-9200-49cf-82d8-45aac29cd3b9 0b0aeb80fb5248ccbacbb0650abef471 7eaf375d38934dbd80020313bf085edf - - default default] Unable to schedule network 9d692da0-8e79-459e-803d-fec2e4242c66: no agents available; will retry on subsequent port and subnet creation events. [pid: 8|app: 0|req: 926/1861] 10.0.0.121 () {32 vars in 732 bytes} [Thu Jul 2 04:37:29 2026] DELETE /v2.0/floatingips/bc6529b0-b8e8-4f7e-ab1e-b1970cd2c80e => generated 0 bytes in 277 msecs (HTTP/1.1 204) 2 headers in 112 bytes (1 switches on core 0)
2026-07-02 04:37:30.157 7 INFO neutron.db.ovn_revision_numbers_db [None req-e54cba7b-9200-49cf-82d8-45aac29cd3b9 0b0aeb80fb5248ccbacbb0650abef471 7eaf375d38934dbd80020313bf085edf - - default default] Successfully bumped revision number for resource 2d13ad93-4079-4d11-a986-dad1c71b0116 (type: subnets) to 0 [pid: 7|app: 0|req: 936/1862] 10.0.0.121 () {34 vars in 669 bytes} [Thu Jul 2 04:37:29 2026] POST /v2.0/subnets => generated 728 bytes in 230 msecs (HTTP/1.1 201) 4 headers in 162 bytes (1 switches on core 0) [pid: 8|app: 0|req: 927/1863] 10.0.0.121 () {34 vars in 759 bytes} [Thu Jul 2 04:37:30 2026] PUT /v2.0/floatingips/a009d819-3271-4609-bd45-5af1cf7bb48e/tags => generated 19 bytes in 55 msecs (HTTP/1.1 200) 4 headers in 156 bytes (1 switches on core 0)
2026-07-02 04:37:30.505 7 INFO neutron_taas.services.taas.taas_plugin [None req-6832d48e-2e7b-4051-b082-fcbed458b749 b8aa5e22a867415884c8e96a025d9869 699e34e7a8334d28b107bb3fae566c56 - - default default] TaaS: Handle Delete Port: 4cb6b89c-669c-4e91-b972-925ef7632bd5
2026-07-02 04:37:30.509 7 INFO neutron_taas.services.taas.tap_mirror_plugin [None req-6832d48e-2e7b-4051-b082-fcbed458b749 b8aa5e22a867415884c8e96a025d9869 699e34e7a8334d28b107bb3fae566c56 - - default default] Tap Mirror: Handle Delete Port: 4cb6b89c-669c-4e91-b972-925ef7632bd5
2026-07-02 04:37:30.660 8 WARNING neutron.scheduler.dhcp_agent_scheduler [None req-34e4056e-a9a2-4ade-b118-6acf02888efd 0b0aeb80fb5248ccbacbb0650abef471 7eaf375d38934dbd80020313bf085edf - - default default] No more DHCP agents
2026-07-02 04:37:30.662 8 WARNING neutron.api.rpc.agentnotifiers.dhcp_rpc_agent_api [None req-34e4056e-a9a2-4ade-b118-6acf02888efd 0b0aeb80fb5248ccbacbb0650abef471 7eaf375d38934dbd80020313bf085edf - - default default] Unable to schedule network 4b3328e1-89d4-4deb-8a7c-cfcc51851c71: no agents available; will retry on subsequent port and subnet creation events.
2026-07-02 04:37:30.782 7 INFO neutron.plugins.ml2.drivers.ovn.mech_driver.mech_driver [None req-dc0d84ad-a497-4807-b89d-7070650a1d00 - - - - - -] OVN reports status down for port: 8e6a7fe9-49cc-40e7-9f37-8652d8ee315c
2026-07-02 04:37:30.823 8 INFO neutron.db.ovn_revision_numbers_db [None req-34e4056e-a9a2-4ade-b118-6acf02888efd 0b0aeb80fb5248ccbacbb0650abef471 7eaf375d38934dbd80020313bf085edf - - default default] Successfully bumped revision number for resource 8e6a7fe9-49cc-40e7-9f37-8652d8ee315c (type: ports) to 1 [pid: 7|app: 0|req: 937/1864] 10.0.0.121 () {34 vars in 789 bytes} [Thu Jul 2 04:37:30 2026] PUT /v2.0/routers/e9eff497-3677-4d48-9e28-7c54a7e11aa5/remove_router_interface => generated 309 bytes in 1003 msecs (HTTP/1.1 200) 4 headers in 157 bytes (1 switches on core 0) /var/lib/openstack/lib/python3.12/site-packages/pycadf/identifier.py:70: UserWarning: Invalid uuid: neutron. To ensure interoperability, identifiers should be a valid uuid. warnings.warn(('Invalid uuid: %s. To ensure interoperability, ' [pid: 7|app: 0|req: 938/1865] 10.0.0.121 () {32 vars in 672 bytes} [Thu Jul 2 04:37:31 2026] GET /v2.0/floatingips?tags=red => generated 1671 bytes in 57 msecs (HTTP/1.1 200) 4 headers in 158 bytes (1 switches on core 0) [pid: 7|app: 0|req: 939/1866] 10.0.0.113 () {34 vars in 990 bytes} [Thu Jul 2 04:37:31 2026] GET /v2.0/ports?device_id=8aa41f50-8b67-443b-9d88-5ed3cdf48227 => generated 1010 bytes in 93 msecs (HTTP/1.1 200) 4 headers in 158 bytes (1 switches on core 0)
2026-07-02 04:37:31.411 8 INFO neutron.plugins.ml2.drivers.ovn.mech_driver.ovsdb.commands [None req-a3785aeb-1e84-4418-9597-bcc420ae78c4 - - - - - -] Schedule LRP lrp-8e6a7fe9-49cc-40e7-9f37-8652d8ee315c on gateway 6eb9e227-41c3-4c47-b59f-11b30e58115f with priority 1
2026-07-02 04:37:31.497 8 INFO neutron.plugins.ml2.drivers.ovn.mech_driver.ovsdb.ovsdb_monitor [None req-1ab24030-76d1-4da6-a911-8571e6920348 - - - - - -] Router bb4b9e07-f7f2-4422-ae28-98f51b094fd9 is bound to host instance
2026-07-02 04:37:31.563 8 INFO neutron.db.ovn_revision_numbers_db [None req-34e4056e-a9a2-4ade-b118-6acf02888efd 0b0aeb80fb5248ccbacbb0650abef471 7eaf375d38934dbd80020313bf085edf - - default default] Successfully bumped revision number for resource 8e6a7fe9-49cc-40e7-9f37-8652d8ee315c (type: router_ports) to 1
2026-07-02 04:37:31.686 8 INFO neutron.db.ovn_revision_numbers_db [None req-34e4056e-a9a2-4ade-b118-6acf02888efd 0b0aeb80fb5248ccbacbb0650abef471 7eaf375d38934dbd80020313bf085edf - - default default] Successfully bumped revision number for resource bb4b9e07-f7f2-4422-ae28-98f51b094fd9 (type: routers) to 2 [pid: 8|app: 0|req: 928/1867] 10.0.0.121 () {34 vars in 669 bytes} [Thu Jul 2 04:37:30 2026] POST /v2.0/routers => generated 945 bytes in 1519 msecs (HTTP/1.1 201) 4 headers in 162 bytes (1 switches on core 0) [pid: 8|app: 0|req: 929/1868] 10.0.0.121 () {32 vars in 686 bytes} [Thu Jul 2 04:37:31 2026] GET /v2.0/floatingips?tags=red%2Cblue => generated 1128 bytes in 82 msecs (HTTP/1.1 200) 4 headers in 158 bytes (1 switches on core 0) [pid: 8|app: 0|req: 930/1869] 10.0.0.113 () {34 vars in 1120 bytes} [Thu Jul 2 04:37:31 2026] GET /v2.0/security-groups?id=8c685b91-e8b7-4cbe-9d9c-c9a075209c4c&id=2d31da2a-13c7-4272-a685-3e382f8a70cb&fields=id&fields=name => generated 206 bytes in 83 msecs (HTTP/1.1 200) 4 headers in 157 bytes (1 switches on core 0)
2026-07-02 04:37:32.030 7 INFO neutron.plugins.ml2.drivers.ovn.mech_driver.mech_driver [None req-dc0d84ad-a497-4807-b89d-7070650a1d00 - - - - - -] OVN reports status up for port: 8e6a7fe9-49cc-40e7-9f37-8652d8ee315c
2026-07-02 04:37:32.067 7 INFO neutron.plugins.ml2.plugin [None req-dc0d84ad-a497-4807-b89d-7070650a1d00 - - - - - -] Attempt 1 to provision port 8e6a7fe9-49cc-40e7-9f37-8652d8ee315c
2026-07-02 04:37:32.446 7 INFO neutron_taas.services.taas.taas_plugin [None req-80f9a202-fa35-4f0a-9b66-cc246be6db9c b8aa5e22a867415884c8e96a025d9869 699e34e7a8334d28b107bb3fae566c56 - - default default] TaaS: Handle Delete Port: c2bd729b-d9a5-4a08-ac2d-97c4ce4da13c
2026-07-02 04:37:32.449 7 INFO neutron_taas.services.taas.tap_mirror_plugin [None req-80f9a202-fa35-4f0a-9b66-cc246be6db9c b8aa5e22a867415884c8e96a025d9869 699e34e7a8334d28b107bb3fae566c56 - - default default] Tap Mirror: Handle Delete Port: c2bd729b-d9a5-4a08-ac2d-97c4ce4da13c [pid: 7|app: 0|req: 940/1870] 10.0.0.121 () {32 vars in 724 bytes} [Thu Jul 2 04:37:31 2026] DELETE /v2.0/routers/e9eff497-3677-4d48-9e28-7c54a7e11aa5 => generated 0 bytes in 1476 msecs (HTTP/1.1 204) 2 headers in 112 bytes (1 switches on core 0) [pid: 7|app: 0|req: 941/1871] 10.0.0.121 () {32 vars in 682 bytes} [Thu Jul 2 04:37:32 2026] GET /v2.0/floatingips?tags-any=blue => generated 1128 bytes in 51 msecs (HTTP/1.1 200) 4 headers in 158 bytes (1 switches on core 0)
2026-07-02 04:37:33.000 8 WARNING neutron.scheduler.dhcp_agent_scheduler [None req-d3859979-e848-420b-9578-8ff79283d4ec 0b0aeb80fb5248ccbacbb0650abef471 7eaf375d38934dbd80020313bf085edf - - default default] No more DHCP agents
2026-07-02 04:37:33.003 8 WARNING neutron.api.rpc.agentnotifiers.dhcp_rpc_agent_api [None req-d3859979-e848-420b-9578-8ff79283d4ec 0b0aeb80fb5248ccbacbb0650abef471 7eaf375d38934dbd80020313bf085edf - - default default] Unable to schedule network be54fab0-eacf-4142-ae43-a6e22d198a70: no agents available; will retry on subsequent port and subnet creation events. [pid: 7|app: 0|req: 942/1872] 10.0.0.121 () {32 vars in 736 bytes} [Thu Jul 2 04:37:32 2026] GET /v2.0/ports?device_id=8aa41f50-8b67-443b-9d88-5ed3cdf48227 => generated 1248 bytes in 162 msecs (HTTP/1.1 200) 4 headers in 158 bytes (1 switches on core 0) [pid: 7|app: 0|req: 943/1873] 10.0.0.121 () {32 vars in 724 bytes} [Thu Jul 2 04:37:33 2026] DELETE /v2.0/subnets/bc5f6612-266b-408c-8c3f-61e22658ddd3 => generated 0 bytes in 126 msecs (HTTP/1.1 204) 3 headers in 131 bytes (1 switches on core 0) [pid: 7|app: 0|req: 944/1874] 10.0.0.121 () {32 vars in 694 bytes} [Thu Jul 2 04:37:33 2026] GET /v2.0/floatingips?tags-any=red%2Cblue => generated 1671 bytes in 28 msecs (HTTP/1.1 200) 4 headers in 158 bytes (1 switches on core 0)
2026-07-02 04:37:33.255 8 INFO neutron.plugins.ml2.drivers.ovn.mech_driver.mech_driver [None req-654b1e45-a425-449f-98d6-dc778da867d4 - - - - - -] OVN reports status down for port: 55faa71d-5d36-45aa-b6a8-db8f94c86193
2026-07-02 04:37:33.272 8 INFO neutron.db.ovn_revision_numbers_db [None req-4771d9d4-d3c0-4cdc-96ff-07f3798acc6b - - - - - -] Successfully bumped revision number for resource 8e6a7fe9-49cc-40e7-9f37-8652d8ee315c (type: ports) to 4 [pid: 7|app: 0|req: 945/1875] 10.0.0.121 () {32 vars in 858 bytes} [Thu Jul 2 04:37:33 2026] GET /v2.0/floatingips?floating_network_id=4b3328e1-89d4-4deb-8a7c-cfcc51851c71&port_id=9e6d8788-bc7d-4cdb-91a5-818515305be4 => generated 860 bytes in 121 msecs (HTTP/1.1 200) 4 headers in 157 bytes (1 switches on core 0)
2026-07-02 04:37:33.377 8 INFO neutron.db.ovn_revision_numbers_db [None req-d3859979-e848-420b-9578-8ff79283d4ec 0b0aeb80fb5248ccbacbb0650abef471 7eaf375d38934dbd80020313bf085edf - - default default] Successfully bumped revision number for resource 55faa71d-5d36-45aa-b6a8-db8f94c86193 (type: ports) to 1
2026-07-02 04:37:33.425 7 INFO neutron_taas.services.taas.taas_plugin [None req-e76ad330-7e03-459c-9ad1-22a60df4d371 b8aa5e22a867415884c8e96a025d9869 699e34e7a8334d28b107bb3fae566c56 - - default default] TaaS: Handle Delete Port: e9741492-b4e3-4da5-bee0-f7af3bcfc188
2026-07-02 04:37:33.429 7 INFO neutron_taas.services.taas.tap_mirror_plugin [None req-e76ad330-7e03-459c-9ad1-22a60df4d371 b8aa5e22a867415884c8e96a025d9869 699e34e7a8334d28b107bb3fae566c56 - - default default] Tap Mirror: Handle Delete Port: e9741492-b4e3-4da5-bee0-f7af3bcfc188
2026-07-02 04:37:33.603 7 INFO neutron.services.segments.plugin [-] Segment 515112d0-ef4f-4a82-8192-16fdc43593f9 resource provider aggregate not found
2026-07-02 04:37:33.610 7 INFO neutron.services.segments.plugin [-] Segment 515112d0-ef4f-4a82-8192-16fdc43593f9 resource provider aggregate not found
2026-07-02 04:37:33.628 7 INFO neutron.services.segments.plugin [-] Segment 515112d0-ef4f-4a82-8192-16fdc43593f9 resource provider not found; error: Placement Client Error (4xx): {"errors": [{"status": 404, "title": "Not Found", "detail": "The resource could not be found.\n\n No resource provider with uuid 515112d0-ef4f-4a82-8192-16fdc43593f9 found for delete ", "request_id": "req-77446363-10af-4744-92f9-0da484f88175"}]}
2026-07-02 04:37:33.629 7 INFO neutron.services.segments.plugin [-] Segment 515112d0-ef4f-4a82-8192-16fdc43593f9 resource provider not found; error: Placement Client Error (4xx): {"errors": [{"status": 404, "title": "Not Found", "detail": "The resource could not be found.\n\n No resource provider with uuid 515112d0-ef4f-4a82-8192-16fdc43593f9 found for delete ", "request_id": "req-54ed9150-e68b-4533-b361-ea413fc1dedf"}]} [pid: 7|app: 0|req: 946/1876] 10.0.0.121 () {32 vars in 726 bytes} [Thu Jul 2 04:37:33 2026] DELETE /v2.0/networks/c24c0b9a-1704-452f-98ad-95c8625a47cf => generated 0 bytes in 348 msecs (HTTP/1.1 204) 3 headers in 131 bytes (1 switches on core 0) [pid: 7|app: 0|req: 947/1877] 10.0.0.121 () {32 vars in 680 bytes} [Thu Jul 2 04:37:33 2026] GET /v2.0/floatingips?not-tags=red => generated 1100 bytes in 44 msecs (HTTP/1.1 200) 4 headers in 158 bytes (1 switches on core 0) [pid: 7|app: 0|req: 948/1878] 10.0.0.111 () {34 vars in 990 bytes} [Thu Jul 2 04:37:33 2026] GET /v2.0/ports?device_id=8aa41f50-8b67-443b-9d88-5ed3cdf48227 => generated 1248 bytes in 31 msecs (HTTP/1.1 200) 4 headers in 158 bytes (1 switches on core 0) [pid: 7|app: 0|req: 949/1879] 10.0.0.121 () {32 vars in 694 bytes} [Thu Jul 2 04:37:33 2026] GET /v2.0/floatingips?not-tags=red%2Cblue => generated 1643 bytes in 47 msecs (HTTP/1.1 200) 4 headers in 158 bytes (1 switches on core 0) [pid: 7|app: 0|req: 950/1880] 10.0.0.111 () {34 vars in 1120 bytes} [Thu Jul 2 04:37:33 2026] GET /v2.0/security-groups?id=8c685b91-e8b7-4cbe-9d9c-c9a075209c4c&id=2d31da2a-13c7-4272-a685-3e382f8a70cb&fields=id&fields=name => generated 206 bytes in 26 msecs (HTTP/1.1 200) 4 headers in 157 bytes (1 switches on core 0) [pid: 7|app: 0|req: 951/1881] 10.0.0.121 () {32 vars in 690 bytes} [Thu Jul 2 04:37:33 2026] GET /v2.0/floatingips?not-tags-any=blue => generated 1643 bytes in 43 msecs (HTTP/1.1 200) 4 headers in 158 bytes (1 switches on core 0) [pid: 7|app: 0|req: 952/1882] 10.0.0.121 () {32 vars in 774 bytes} [Thu Jul 2 04:37:33 2026] GET /v2.0/security-groups?tenant_id=a2e715c1c6de44d4b17ef322bab25300&name=default => generated 2925 bytes in 21 msecs (HTTP/1.1 200) 4 headers in 158 bytes (1 switches on core 0) [pid: 7|app: 0|req: 953/1883] 10.0.0.121 () {32 vars in 702 bytes} [Thu Jul 2 04:37:33 2026] GET /v2.0/floatingips?not-tags-any=red%2Cblue => generated 1100 bytes in 19 msecs (HTTP/1.1 200) 4 headers in 158 bytes (1 switches on core 0)
2026-07-02 04:37:34.053 8 INFO neutron.db.ovn_revision_numbers_db [None req-4771d9d4-d3c0-4cdc-96ff-07f3798acc6b - - - - - -] Successfully bumped revision number for resource 8e6a7fe9-49cc-40e7-9f37-8652d8ee315c (type: ports) to 5 [pid: 7|app: 0|req: 954/1884] 10.0.0.121 () {32 vars in 740 bytes} [Thu Jul 2 04:37:33 2026] DELETE /v2.0/security-groups/4eba63a3-c823-4c4c-9d9d-6903cd56b85f => generated 0 bytes in 214 msecs (HTTP/1.1 204) 2 headers in 112 bytes (1 switches on core 0)
2026-07-02 04:37:34.219 7 INFO neutron_taas.services.taas.taas_plugin [None req-06065692-5629-4564-9fa8-7e7857be6ed0 84c272644fe2408592475a6fb1b0fe39 0a5108b876334ca0b2a39e1f20b38981 - - default default] TaaS: Handle Delete Port: ca90ce54-fe48-4205-860e-75be5a5aada8
2026-07-02 04:37:34.224 7 INFO neutron_taas.services.taas.tap_mirror_plugin [None req-06065692-5629-4564-9fa8-7e7857be6ed0 84c272644fe2408592475a6fb1b0fe39 0a5108b876334ca0b2a39e1f20b38981 - - default default] Tap Mirror: Handle Delete Port: ca90ce54-fe48-4205-860e-75be5a5aada8 [pid: 7|app: 0|req: 955/1885] 10.0.0.121 () {32 vars in 732 bytes} [Thu Jul 2 04:37:34 2026] DELETE /v2.0/floatingips/7e3709c6-8e89-46a3-8ce8-c84dc6171cd4 => generated 0 bytes in 305 msecs (HTTP/1.1 204) 2 headers in 112 bytes (1 switches on core 0)
2026-07-02 04:37:34.541 7 INFO neutron_taas.services.taas.taas_plugin [None req-d80ad3de-d137-4ae7-8cbd-e397d866d385 84c272644fe2408592475a6fb1b0fe39 0a5108b876334ca0b2a39e1f20b38981 - - default default] TaaS: Handle Delete Port: 4e448547-a873-425f-ae85-a62e02c8e77d
2026-07-02 04:37:34.543 7 INFO neutron_taas.services.taas.tap_mirror_plugin [None req-d80ad3de-d137-4ae7-8cbd-e397d866d385 84c272644fe2408592475a6fb1b0fe39 0a5108b876334ca0b2a39e1f20b38981 - - default default] Tap Mirror: Handle Delete Port: 4e448547-a873-425f-ae85-a62e02c8e77d
2026-07-02 04:37:34.595 8 INFO neutron.plugins.ml2.drivers.ovn.mech_driver.mech_driver [None req-654b1e45-a425-449f-98d6-dc778da867d4 - - - - - -] OVN reports status up for port: 55faa71d-5d36-45aa-b6a8-db8f94c86193
2026-07-02 04:37:34.625 8 INFO neutron.plugins.ml2.plugin [None req-654b1e45-a425-449f-98d6-dc778da867d4 - - - - - -] Attempt 1 to provision port 55faa71d-5d36-45aa-b6a8-db8f94c86193 [pid: 7|app: 0|req: 956/1886] 10.0.0.121 () {32 vars in 732 bytes} [Thu Jul 2 04:37:34 2026] DELETE /v2.0/floatingips/6755bb1f-9c4d-4a88-8e6c-f5fcd8bf8ac1 => generated 0 bytes in 291 msecs (HTTP/1.1 204) 2 headers in 112 bytes (1 switches on core 0)
2026-07-02 04:37:34.756 8 WARNING neutron.scheduler.dhcp_agent_scheduler [None req-d3859979-e848-420b-9578-8ff79283d4ec 0b0aeb80fb5248ccbacbb0650abef471 7eaf375d38934dbd80020313bf085edf - - default default] No more DHCP agents
2026-07-02 04:37:34.759 8 WARNING neutron.api.rpc.agentnotifiers.dhcp_rpc_agent_api [None req-d3859979-e848-420b-9578-8ff79283d4ec 0b0aeb80fb5248ccbacbb0650abef471 7eaf375d38934dbd80020313bf085edf - - default default] Unable to schedule network be54fab0-eacf-4142-ae43-a6e22d198a70: no agents available; will retry on subsequent port and subnet creation events.
2026-07-02 04:37:34.866 7 INFO neutron_taas.services.taas.taas_plugin [None req-947ecfcd-2bad-46f1-8f9d-c1f91e2efeba 84c272644fe2408592475a6fb1b0fe39 0a5108b876334ca0b2a39e1f20b38981 - - default default] TaaS: Handle Delete Port: 8a1c8f40-1324-4bc4-9092-c7d7fc4865bc
2026-07-02 04:37:34.870 7 INFO neutron_taas.services.taas.tap_mirror_plugin [None req-947ecfcd-2bad-46f1-8f9d-c1f91e2efeba 84c272644fe2408592475a6fb1b0fe39 0a5108b876334ca0b2a39e1f20b38981 - - default default] Tap Mirror: Handle Delete Port: 8a1c8f40-1324-4bc4-9092-c7d7fc4865bc [pid: 7|app: 0|req: 957/1887] 10.0.0.121 () {32 vars in 732 bytes} [Thu Jul 2 04:37:34 2026] DELETE /v2.0/floatingips/73f889ee-8024-4a79-b8cd-05256ba63b16 => generated 0 bytes in 345 msecs (HTTP/1.1 204) 2 headers in 112 bytes (1 switches on core 0)
2026-07-02 04:37:35.186 7 INFO neutron_taas.services.taas.taas_plugin [None req-809f0e6a-4650-49a1-b3ba-e117cfe8248b 84c272644fe2408592475a6fb1b0fe39 0a5108b876334ca0b2a39e1f20b38981 - - default default] TaaS: Handle Delete Port: 7050b872-0647-4943-af31-fbc3ea7c12f5
2026-07-02 04:37:35.188 7 INFO neutron_taas.services.taas.tap_mirror_plugin [None req-809f0e6a-4650-49a1-b3ba-e117cfe8248b 84c272644fe2408592475a6fb1b0fe39 0a5108b876334ca0b2a39e1f20b38981 - - default default] Tap Mirror: Handle Delete Port: 7050b872-0647-4943-af31-fbc3ea7c12f5 [pid: 7|app: 0|req: 958/1888] 10.0.0.121 () {32 vars in 732 bytes} [Thu Jul 2 04:37:35 2026] DELETE /v2.0/floatingips/a009d819-3271-4609-bd45-5af1cf7bb48e => generated 0 bytes in 296 msecs (HTTP/1.1 204) 2 headers in 112 bytes (1 switches on core 0)
2026-07-02 04:37:35.482 7 INFO neutron_taas.services.taas.taas_plugin [None req-f523b608-d7b4-4f75-9235-3faf3f78f0ef 84c272644fe2408592475a6fb1b0fe39 0a5108b876334ca0b2a39e1f20b38981 - - default default] TaaS: Handle Delete Port: 3bfe152e-54d9-4c51-a2e6-3269da306264
2026-07-02 04:37:35.485 7 INFO neutron_taas.services.taas.tap_mirror_plugin [None req-f523b608-d7b4-4f75-9235-3faf3f78f0ef 84c272644fe2408592475a6fb1b0fe39 0a5108b876334ca0b2a39e1f20b38981 - - default default] Tap Mirror: Handle Delete Port: 3bfe152e-54d9-4c51-a2e6-3269da306264 [pid: 7|app: 0|req: 959/1889] 10.0.0.121 () {32 vars in 732 bytes} [Thu Jul 2 04:37:35 2026] DELETE /v2.0/floatingips/8eb9d855-0a31-4114-8e99-2bc79824f6b3 => generated 0 bytes in 287 msecs (HTTP/1.1 204) 2 headers in 112 bytes (1 switches on core 0)
2026-07-02 04:37:36.008 8 INFO neutron.db.ovn_revision_numbers_db [None req-654b1e45-a425-449f-98d6-dc778da867d4 - - - - - -] Successfully bumped revision number for resource 55faa71d-5d36-45aa-b6a8-db8f94c86193 (type: ports) to 2
2026-07-02 04:37:36.075 7 INFO neutron.db.ovn_revision_numbers_db [None req-f835e0a0-93c2-4100-bfa7-ddb0bb532e8d b8aa5e22a867415884c8e96a025d9869 699e34e7a8334d28b107bb3fae566c56 - - default default] Successfully bumped revision number for resource e74a57a7-e219-4391-b674-e814f2820dd8 (type: security_groups) to 1
2026-07-02 04:37:36.093 7 INFO neutron.db.ovn_revision_numbers_db [None req-f835e0a0-93c2-4100-bfa7-ddb0bb532e8d b8aa5e22a867415884c8e96a025d9869 699e34e7a8334d28b107bb3fae566c56 - - default default] Successfully bumped revision number for resource 00e95ef0-80d5-4601-bb45-21a047504bcc (type: security_group_rules) to 0
2026-07-02 04:37:36.107 7 INFO neutron.db.ovn_revision_numbers_db [None req-f835e0a0-93c2-4100-bfa7-ddb0bb532e8d b8aa5e22a867415884c8e96a025d9869 699e34e7a8334d28b107bb3fae566c56 - - default default] Successfully bumped revision number for resource 231f91ff-f1ad-41ff-bfa0-fa241bcf3448 (type: security_group_rules) to 0
2026-07-02 04:37:36.121 7 INFO neutron.db.ovn_revision_numbers_db [None req-f835e0a0-93c2-4100-bfa7-ddb0bb532e8d b8aa5e22a867415884c8e96a025d9869 699e34e7a8334d28b107bb3fae566c56 - - default default] Successfully bumped revision number for resource 8b32611f-30d4-4826-beed-c6318eb69484 (type: security_group_rules) to 0
2026-07-02 04:37:36.132 7 INFO neutron.db.ovn_revision_numbers_db [None req-f835e0a0-93c2-4100-bfa7-ddb0bb532e8d b8aa5e22a867415884c8e96a025d9869 699e34e7a8334d28b107bb3fae566c56 - - default default] Successfully bumped revision number for resource d335d762-7e6b-4a66-b192-738f8b81434f (type: security_group_rules) to 0
2026-07-02 04:37:36.195 8 INFO neutron.db.ovn_revision_numbers_db [None req-d3859979-e848-420b-9578-8ff79283d4ec 0b0aeb80fb5248ccbacbb0650abef471 7eaf375d38934dbd80020313bf085edf - - default default] Successfully bumped revision number for resource 55faa71d-5d36-45aa-b6a8-db8f94c86193 (type: router_ports) to 1 [pid: 8|app: 0|req: 931/1890] 10.0.0.121 () {34 vars in 783 bytes} [Thu Jul 2 04:37:31 2026] PUT /v2.0/routers/bb4b9e07-f7f2-4422-ae28-98f51b094fd9/add_router_interface => generated 309 bytes in 4318 msecs (HTTP/1.1 200) 4 headers in 157 bytes (1 switches on core 0)
2026-07-02 04:37:36.210 7 INFO neutron.db.segments_db [None req-f835e0a0-93c2-4100-bfa7-ddb0bb532e8d b8aa5e22a867415884c8e96a025d9869 699e34e7a8334d28b107bb3fae566c56 - - default default] Added segment a0f4dd1a-c467-4700-bcbd-40c9a9dbc7a4 of type geneve for network ddfa0f4a-d67c-40a7-b185-e21c2238cd92 [pid: 8|app: 0|req: 932/1891] 10.0.0.113 () {34 vars in 990 bytes} [Thu Jul 2 04:37:36 2026] GET /v2.0/ports?device_id=8aa41f50-8b67-443b-9d88-5ed3cdf48227 => generated 1010 bytes in 81 msecs (HTTP/1.1 200) 4 headers in 158 bytes (1 switches on core 0)
2026-07-02 04:37:36.341 7 INFO neutron.db.ovn_revision_numbers_db [None req-f835e0a0-93c2-4100-bfa7-ddb0bb532e8d b8aa5e22a867415884c8e96a025d9869 699e34e7a8334d28b107bb3fae566c56 - - default default] Successfully bumped revision number for resource ddfa0f4a-d67c-40a7-b185-e21c2238cd92 (type: networks) to 1
2026-07-02 04:37:36.518 7 WARNING neutron.scheduler.dhcp_agent_scheduler [None req-f835e0a0-93c2-4100-bfa7-ddb0bb532e8d b8aa5e22a867415884c8e96a025d9869 699e34e7a8334d28b107bb3fae566c56 - - default default] No more DHCP agents
2026-07-02 04:37:36.520 7 WARNING neutron.api.rpc.agentnotifiers.dhcp_rpc_agent_api [None req-f835e0a0-93c2-4100-bfa7-ddb0bb532e8d b8aa5e22a867415884c8e96a025d9869 699e34e7a8334d28b107bb3fae566c56 - - default default] Unable to schedule network ddfa0f4a-d67c-40a7-b185-e21c2238cd92: no agents available; will retry on subsequent port and subnet creation events.
2026-07-02 04:37:36.559 7 INFO neutron.plugins.ml2.drivers.ovn.mech_driver.mech_driver [None req-dc0d84ad-a497-4807-b89d-7070650a1d00 - - - - - -] OVN reports status down for port: b8c6b391-462b-4b4d-b54e-9e62e44a1aad
2026-07-02 04:37:36.615 7 INFO neutron.db.ovn_revision_numbers_db [None req-f835e0a0-93c2-4100-bfa7-ddb0bb532e8d b8aa5e22a867415884c8e96a025d9869 699e34e7a8334d28b107bb3fae566c56 - - default default] Successfully bumped revision number for resource b8c6b391-462b-4b4d-b54e-9e62e44a1aad (type: ports) to 1 [pid: 7|app: 0|req: 960/1892] 10.0.0.121 () {34 vars in 671 bytes} [Thu Jul 2 04:37:35 2026] POST /v2.0/networks => generated 787 bytes in 856 msecs (HTTP/1.1 201) 4 headers in 162 bytes (1 switches on core 0) [pid: 7|app: 0|req: 961/1893] 10.0.0.113 () {34 vars in 1120 bytes} [Thu Jul 2 04:37:36 2026] GET /v2.0/security-groups?id=8c685b91-e8b7-4cbe-9d9c-c9a075209c4c&id=2d31da2a-13c7-4272-a685-3e382f8a70cb&fields=id&fields=name => generated 206 bytes in 29 msecs (HTTP/1.1 200) 4 headers in 157 bytes (1 switches on core 0)
2026-07-02 04:37:36.852 8 WARNING neutron.scheduler.dhcp_agent_scheduler [None req-982150c6-d5aa-4d4d-bdfc-f51c54c7ebc0 0b0aeb80fb5248ccbacbb0650abef471 7eaf375d38934dbd80020313bf085edf - - default default] No more DHCP agents
2026-07-02 04:37:36.854 8 WARNING neutron.api.rpc.agentnotifiers.dhcp_rpc_agent_api [None req-982150c6-d5aa-4d4d-bdfc-f51c54c7ebc0 0b0aeb80fb5248ccbacbb0650abef471 7eaf375d38934dbd80020313bf085edf - - default default] Unable to schedule network cdc53ed0-55a0-4396-aa1b-de12868ac887: no agents available; will retry on subsequent port and subnet creation events.
2026-07-02 04:37:36.892 7 INFO neutron.db.ovn_revision_numbers_db [None req-8ada6fa5-a48d-4e77-8905-07867df6912b b8aa5e22a867415884c8e96a025d9869 699e34e7a8334d28b107bb3fae566c56 - - default default] Successfully bumped revision number for resource b3e7bb87-0136-46e8-a295-29bd4c2b4f6c (type: security_groups) to 1
2026-07-02 04:37:36.903 7 INFO neutron.db.ovn_revision_numbers_db [None req-8ada6fa5-a48d-4e77-8905-07867df6912b b8aa5e22a867415884c8e96a025d9869 699e34e7a8334d28b107bb3fae566c56 - - default default] Successfully bumped revision number for resource 303ba09f-bfeb-438f-bc8c-5f5c8ea57032 (type: security_group_rules) to 0
2026-07-02 04:37:36.918 7 INFO neutron.db.ovn_revision_numbers_db [None req-8ada6fa5-a48d-4e77-8905-07867df6912b b8aa5e22a867415884c8e96a025d9869 699e34e7a8334d28b107bb3fae566c56 - - default default] Successfully bumped revision number for resource 358ef199-39e6-48f1-a726-b3f269190ae1 (type: security_group_rules) to 0
2026-07-02 04:37:36.930 7 INFO neutron.db.ovn_revision_numbers_db [None req-8ada6fa5-a48d-4e77-8905-07867df6912b b8aa5e22a867415884c8e96a025d9869 699e34e7a8334d28b107bb3fae566c56 - - default default] Successfully bumped revision number for resource 7d1884ad-f1a7-472d-95eb-d19e450bc5ea (type: security_group_rules) to 0
2026-07-02 04:37:36.942 7 INFO neutron.db.ovn_revision_numbers_db [None req-8ada6fa5-a48d-4e77-8905-07867df6912b b8aa5e22a867415884c8e96a025d9869 699e34e7a8334d28b107bb3fae566c56 - - default default] Successfully bumped revision number for resource 9a4cc96b-4934-4481-8fd1-9f2299fc91af (type: security_group_rules) to 0 [pid: 7|app: 0|req: 962/1894] 10.0.0.121 () {32 vars in 774 bytes} [Thu Jul 2 04:37:36 2026] GET /v2.0/security-groups?tenant_id=d9e8513fbab2425ca3aafec8aa38b06d&name=default => generated 2925 bytes in 324 msecs (HTTP/1.1 200) 4 headers in 158 bytes (1 switches on core 0)
2026-07-02 04:37:37.027 7 INFO neutron.plugins.ml2.drivers.ovn.mech_driver.mech_driver [None req-dc0d84ad-a497-4807-b89d-7070650a1d00 - - - - - -] OVN reports status down for port: 6e73da45-b35c-4d2e-8ede-c4922359d7c3
2026-07-02 04:37:37.047 8 INFO neutron.db.ovn_revision_numbers_db [None req-982150c6-d5aa-4d4d-bdfc-f51c54c7ebc0 0b0aeb80fb5248ccbacbb0650abef471 7eaf375d38934dbd80020313bf085edf - - default default] Successfully bumped revision number for resource 6e73da45-b35c-4d2e-8ede-c4922359d7c3 (type: ports) to 1
2026-07-02 04:37:37.222 7 WARNING neutron.scheduler.dhcp_agent_scheduler [None req-7985f7eb-580b-4507-8cf9-4cb61655b14c b8aa5e22a867415884c8e96a025d9869 699e34e7a8334d28b107bb3fae566c56 - - default default] No more DHCP agents
2026-07-02 04:37:37.224 7 WARNING neutron.api.rpc.agentnotifiers.dhcp_rpc_agent_api [None req-7985f7eb-580b-4507-8cf9-4cb61655b14c b8aa5e22a867415884c8e96a025d9869 699e34e7a8334d28b107bb3fae566c56 - - default default] Unable to schedule network ddfa0f4a-d67c-40a7-b185-e21c2238cd92: no agents available; will retry on subsequent port and subnet creation events.
2026-07-02 04:37:37.673 7 INFO neutron.db.ovn_revision_numbers_db [None req-69de23a6-5ee9-4e86-9730-ac2e2d7199c9 - - - - - -] Successfully bumped revision number for resource b8c6b391-462b-4b4d-b54e-9e62e44a1aad (type: ports) to 2
2026-07-02 04:37:37.713 7 INFO neutron.db.ovn_revision_numbers_db [None req-69de23a6-5ee9-4e86-9730-ac2e2d7199c9 - - - - - -] Successfully bumped revision number for resource 3a4c57c1-9307-4564-a4dd-9efc5270751f (type: subnets) to 0
2026-07-02 04:37:37.734 7 INFO neutron.plugins.ml2.drivers.ovn.mech_driver.mech_driver [None req-dc0d84ad-a497-4807-b89d-7070650a1d00 - - - - - -] OVN reports status up for port: 6e73da45-b35c-4d2e-8ede-c4922359d7c3 [pid: 7|app: 0|req: 963/1895] 10.0.0.121 () {34 vars in 669 bytes} [Thu Jul 2 04:37:37 2026] POST /v2.0/subnets => generated 693 bytes in 730 msecs (HTTP/1.1 201) 4 headers in 162 bytes (1 switches on core 0)
2026-07-02 04:37:37.756 7 INFO neutron.plugins.ml2.plugin [None req-dc0d84ad-a497-4807-b89d-7070650a1d00 - - - - - -] Attempt 1 to provision port 6e73da45-b35c-4d2e-8ede-c4922359d7c3
2026-07-02 04:37:37.820 8 WARNING neutron.scheduler.dhcp_agent_scheduler [None req-982150c6-d5aa-4d4d-bdfc-f51c54c7ebc0 0b0aeb80fb5248ccbacbb0650abef471 7eaf375d38934dbd80020313bf085edf - - default default] No more DHCP agents
2026-07-02 04:37:37.823 8 WARNING neutron.api.rpc.agentnotifiers.dhcp_rpc_agent_api [None req-982150c6-d5aa-4d4d-bdfc-f51c54c7ebc0 0b0aeb80fb5248ccbacbb0650abef471 7eaf375d38934dbd80020313bf085edf - - default default] Unable to schedule network cdc53ed0-55a0-4396-aa1b-de12868ac887: no agents available; will retry on subsequent port and subnet creation events. [pid: 7|app: 0|req: 964/1896] 10.0.0.121 () {32 vars in 740 bytes} [Thu Jul 2 04:37:37 2026] DELETE /v2.0/security-groups/b3e7bb87-0136-46e8-a295-29bd4c2b4f6c => generated 0 bytes in 405 msecs (HTTP/1.1 204) 2 headers in 112 bytes (1 switches on core 0)
2026-07-02 04:37:38.185 8 INFO neutron.db.ovn_revision_numbers_db [None req-982150c6-d5aa-4d4d-bdfc-f51c54c7ebc0 0b0aeb80fb5248ccbacbb0650abef471 7eaf375d38934dbd80020313bf085edf - - default default] Successfully bumped revision number for resource 6e73da45-b35c-4d2e-8ede-c4922359d7c3 (type: router_ports) to 1 [pid: 8|app: 0|req: 933/1897] 10.0.0.121 () {34 vars in 783 bytes} [Thu Jul 2 04:37:36 2026] PUT /v2.0/routers/bb4b9e07-f7f2-4422-ae28-98f51b094fd9/add_router_interface => generated 309 bytes in 1908 msecs (HTTP/1.1 200) 4 headers in 157 bytes (1 switches on core 0) [pid: 8|app: 0|req: 934/1898] 10.0.0.113 () {34 vars in 990 bytes} [Thu Jul 2 04:37:38 2026] GET /v2.0/ports?device_id=8aa41f50-8b67-443b-9d88-5ed3cdf48227 => generated 1010 bytes in 40 msecs (HTTP/1.1 200) 4 headers in 158 bytes (1 switches on core 0) [pid: 8|app: 0|req: 935/1899] 199.204.45.210 () {34 vars in 994 bytes} [Thu Jul 2 04:37:38 2026] GET /v2.0/ports?device_id=8aa41f50-8b67-443b-9d88-5ed3cdf48227 => generated 1010 bytes in 37 msecs (HTTP/1.1 200) 4 headers in 158 bytes (1 switches on core 0)
2026-07-02 04:37:38.736 7 INFO neutron.db.ovn_revision_numbers_db [None req-dc0d84ad-a497-4807-b89d-7070650a1d00 - - - - - -] Successfully bumped revision number for resource 6e73da45-b35c-4d2e-8ede-c4922359d7c3 (type: ports) to 2
2026-07-02 04:37:38.842 8 WARNING neutron.scheduler.dhcp_agent_scheduler [None req-d9b3d539-c4b7-415e-bd7f-9d1b615bb152 0b0aeb80fb5248ccbacbb0650abef471 7eaf375d38934dbd80020313bf085edf - - default default] No more DHCP agents
2026-07-02 04:37:38.844 8 WARNING neutron.api.rpc.agentnotifiers.dhcp_rpc_agent_api [None req-d9b3d539-c4b7-415e-bd7f-9d1b615bb152 0b0aeb80fb5248ccbacbb0650abef471 7eaf375d38934dbd80020313bf085edf - - default default] Unable to schedule network 9d692da0-8e79-459e-803d-fec2e4242c66: no agents available; will retry on subsequent port and subnet creation events.
2026-07-02 04:37:39.015 7 WARNING neutron.scheduler.dhcp_agent_scheduler [None req-a0c23bea-506f-4eec-82a1-5e3f7aff13a7 b8aa5e22a867415884c8e96a025d9869 699e34e7a8334d28b107bb3fae566c56 - - default default] No more DHCP agents
2026-07-02 04:37:39.016 7 WARNING neutron.api.rpc.agentnotifiers.dhcp_rpc_agent_api [None req-a0c23bea-506f-4eec-82a1-5e3f7aff13a7 b8aa5e22a867415884c8e96a025d9869 699e34e7a8334d28b107bb3fae566c56 - - default default] Unable to schedule network 4b3328e1-89d4-4deb-8a7c-cfcc51851c71: no agents available; will retry on subsequent port and subnet creation events.
2026-07-02 04:37:39.025 8 INFO neutron.db.ovn_revision_numbers_db [None req-d9b3d539-c4b7-415e-bd7f-9d1b615bb152 0b0aeb80fb5248ccbacbb0650abef471 7eaf375d38934dbd80020313bf085edf - - default default] Successfully bumped revision number for resource 37274c09-7d9f-4239-8a19-786ca225f67b (type: ports) to 1
2026-07-02 04:37:39.166 7 INFO neutron.db.ovn_revision_numbers_db [None req-a0c23bea-506f-4eec-82a1-5e3f7aff13a7 b8aa5e22a867415884c8e96a025d9869 699e34e7a8334d28b107bb3fae566c56 - - default default] Successfully bumped revision number for resource e1dba093-42bd-4506-833a-534ce1c8b2e3 (type: ports) to 1
2026-07-02 04:37:39.731 8 WARNING neutron.scheduler.dhcp_agent_scheduler [None req-d9b3d539-c4b7-415e-bd7f-9d1b615bb152 0b0aeb80fb5248ccbacbb0650abef471 7eaf375d38934dbd80020313bf085edf - - default default] No more DHCP agents
2026-07-02 04:37:39.733 8 WARNING neutron.api.rpc.agentnotifiers.dhcp_rpc_agent_api [None req-d9b3d539-c4b7-415e-bd7f-9d1b615bb152 0b0aeb80fb5248ccbacbb0650abef471 7eaf375d38934dbd80020313bf085edf - - default default] Unable to schedule network 9d692da0-8e79-459e-803d-fec2e4242c66: no agents available; will retry on subsequent port and subnet creation events.
2026-07-02 04:37:39.740 7 INFO neutron.plugins.ml2.drivers.ovn.mech_driver.ovsdb.commands [None req-66f76f0e-3465-4f9c-8a14-29335adb3dbe - - - - - -] Schedule LRP lrp-e1dba093-42bd-4506-833a-534ce1c8b2e3 on gateway 6eb9e227-41c3-4c47-b59f-11b30e58115f with priority 1
2026-07-02 04:37:39.815 7 INFO neutron.plugins.ml2.drivers.ovn.mech_driver.ovsdb.ovsdb_monitor [None req-6170ec2e-01c5-4c3e-b079-7cf5a12cc7d4 - - - - - -] Router ec7b042f-282f-4857-b91b-79732d692c55 is bound to host instance
2026-07-02 04:37:39.831 7 INFO neutron.db.ovn_revision_numbers_db [None req-a0c23bea-506f-4eec-82a1-5e3f7aff13a7 b8aa5e22a867415884c8e96a025d9869 699e34e7a8334d28b107bb3fae566c56 - - default default] Successfully bumped revision number for resource e1dba093-42bd-4506-833a-534ce1c8b2e3 (type: router_ports) to 1
2026-07-02 04:37:39.949 7 INFO neutron.db.ovn_revision_numbers_db [None req-a0c23bea-506f-4eec-82a1-5e3f7aff13a7 b8aa5e22a867415884c8e96a025d9869 699e34e7a8334d28b107bb3fae566c56 - - default default] Successfully bumped revision number for resource ec7b042f-282f-4857-b91b-79732d692c55 (type: routers) to 2 [pid: 7|app: 0|req: 965/1900] 10.0.0.121 () {34 vars in 669 bytes} [Thu Jul 2 04:37:38 2026] POST /v2.0/routers => generated 971 bytes in 1834 msecs (HTTP/1.1 201) 4 headers in 162 bytes (1 switches on core 0)
2026-07-02 04:37:40.075 8 INFO neutron.db.ovn_revision_numbers_db [None req-d9b3d539-c4b7-415e-bd7f-9d1b615bb152 0b0aeb80fb5248ccbacbb0650abef471 7eaf375d38934dbd80020313bf085edf - - default default] Successfully bumped revision number for resource 37274c09-7d9f-4239-8a19-786ca225f67b (type: router_ports) to 1 [pid: 8|app: 0|req: 936/1901] 10.0.0.121 () {34 vars in 783 bytes} [Thu Jul 2 04:37:38 2026] PUT /v2.0/routers/bb4b9e07-f7f2-4422-ae28-98f51b094fd9/add_router_interface => generated 309 bytes in 1812 msecs (HTTP/1.1 200) 4 headers in 157 bytes (1 switches on core 0) [pid: 8|app: 0|req: 937/1902] 10.0.0.113 () {34 vars in 1120 bytes} [Thu Jul 2 04:37:40 2026] GET /v2.0/security-groups?id=8c685b91-e8b7-4cbe-9d9c-c9a075209c4c&id=2d31da2a-13c7-4272-a685-3e382f8a70cb&fields=id&fields=name => generated 206 bytes in 42 msecs (HTTP/1.1 200) 4 headers in 157 bytes (1 switches on core 0)
2026-07-02 04:37:40.279 8 INFO neutron_taas.services.taas.taas_plugin [req-71363b3a-899b-48e2-84d7-7b599f755264 req-3c087fac-c001-49ef-a97a-336845289b92 e0948a80b9854d4aafa70b452360feba 990e549271a44c7eb3740113270b56ac - - default default] TaaS: Handle Delete Port: 9e6d8788-bc7d-4cdb-91a5-818515305be4
2026-07-02 04:37:40.283 8 INFO neutron_taas.services.taas.tap_mirror_plugin [req-71363b3a-899b-48e2-84d7-7b599f755264 req-3c087fac-c001-49ef-a97a-336845289b92 e0948a80b9854d4aafa70b452360feba 990e549271a44c7eb3740113270b56ac - - default default] Tap Mirror: Handle Delete Port: 9e6d8788-bc7d-4cdb-91a5-818515305be4
2026-07-02 04:37:40.390 7 INFO neutron.db.ovn_revision_numbers_db [None req-8748fa8e-fabb-4dfb-9a25-e32060ce4347 b8aa5e22a867415884c8e96a025d9869 699e34e7a8334d28b107bb3fae566c56 - - default default] Successfully bumped revision number for resource a28712c9-6156-473e-8cec-3c8dd1e0c262 (type: security_groups) to 1
2026-07-02 04:37:40.409 7 INFO neutron.db.ovn_revision_numbers_db [None req-8748fa8e-fabb-4dfb-9a25-e32060ce4347 b8aa5e22a867415884c8e96a025d9869 699e34e7a8334d28b107bb3fae566c56 - - default default] Successfully bumped revision number for resource 8cad0cb2-bb71-465a-bafd-ea2e2f9a116d (type: security_group_rules) to 0
2026-07-02 04:37:40.430 7 INFO neutron.db.ovn_revision_numbers_db [None req-8748fa8e-fabb-4dfb-9a25-e32060ce4347 b8aa5e22a867415884c8e96a025d9869 699e34e7a8334d28b107bb3fae566c56 - - default default] Successfully bumped revision number for resource b0ac7064-7d64-4d02-982a-47dc323e35f5 (type: security_group_rules) to 0
2026-07-02 04:37:40.470 7 INFO neutron.db.ovn_revision_numbers_db [None req-8748fa8e-fabb-4dfb-9a25-e32060ce4347 b8aa5e22a867415884c8e96a025d9869 699e34e7a8334d28b107bb3fae566c56 - - default default] Successfully bumped revision number for resource c788c045-0428-4c7c-afac-3f7395be0b0d (type: security_group_rules) to 0
2026-07-02 04:37:40.482 8 INFO neutron.db.l3_db [req-71363b3a-899b-48e2-84d7-7b599f755264 req-3c087fac-c001-49ef-a97a-336845289b92 e0948a80b9854d4aafa70b452360feba 990e549271a44c7eb3740113270b56ac - - default default] Floating IP 0076d331-ec64-4888-8ac9-66b9f98da0ed disassociated. External IP: 10.96.250.213, port: 9e6d8788-bc7d-4cdb-91a5-818515305be4.
2026-07-02 04:37:40.492 7 INFO neutron.db.ovn_revision_numbers_db [None req-8748fa8e-fabb-4dfb-9a25-e32060ce4347 b8aa5e22a867415884c8e96a025d9869 699e34e7a8334d28b107bb3fae566c56 - - default default] Successfully bumped revision number for resource dab9e570-1f2d-4d69-a83e-6bb5ad619838 (type: security_group_rules) to 0 [pid: 7|app: 0|req: 966/1903] 10.0.0.121 () {32 vars in 774 bytes} [Thu Jul 2 04:37:39 2026] GET /v2.0/security-groups?tenant_id=60b48f8680db44ab9a8511e071431375&name=default => generated 2925 bytes in 565 msecs (HTTP/1.1 200) 4 headers in 158 bytes (1 switches on core 0) [pid: 8|app: 0|req: 938/1906] 199.204.45.210 () {36 vars in 997 bytes} [Thu Jul 2 04:37:40 2026] DELETE /v2.0/ports/9e6d8788-bc7d-4cdb-91a5-818515305be4 => generated 0 bytes in 508 msecs (HTTP/1.1 204) 3 headers in 131 bytes (1 switches on core 0)
2026-07-02 04:37:40.663 8 INFO neutron.notifiers.nova [-] Nova event matching ['req-957d1469-328c-493b-a72e-bc2c49f62ae5'] response: {'server_uuid': '8aa41f50-8b67-443b-9d88-5ed3cdf48227', 'name': 'network-vif-deleted', 'tag': '9e6d8788-bc7d-4cdb-91a5-818515305be4', 'status': 'completed', 'code': 200}
2026-07-02 04:37:40.774 8 INFO neutron.db.ovn_revision_numbers_db [None req-d881e8c5-b156-443a-86eb-98c16b15e4ee 0b0aeb80fb5248ccbacbb0650abef471 7eaf375d38934dbd80020313bf085edf - - default default] Successfully bumped revision number for resource 1b7a109e-dda7-4ebd-ab65-1ac754900436 (type: security_groups) to 1
2026-07-02 04:37:40.787 8 INFO neutron.db.ovn_revision_numbers_db [None req-d881e8c5-b156-443a-86eb-98c16b15e4ee 0b0aeb80fb5248ccbacbb0650abef471 7eaf375d38934dbd80020313bf085edf - - default default] Successfully bumped revision number for resource 3c635380-e153-4000-8de2-b8684e3bb6a3 (type: security_group_rules) to 0
2026-07-02 04:37:40.798 8 INFO neutron.db.ovn_revision_numbers_db [None req-d881e8c5-b156-443a-86eb-98c16b15e4ee 0b0aeb80fb5248ccbacbb0650abef471 7eaf375d38934dbd80020313bf085edf - - default default] Successfully bumped revision number for resource c682980e-2f3f-4df9-9a65-90388a0c2e21 (type: security_group_rules) to 0 [pid: 8|app: 0|req: 939/1907] 10.0.0.121 () {34 vars in 684 bytes} [Thu Jul 2 04:37:40 2026] POST /v2.0/security-groups => generated 1628 bytes in 202 msecs (HTTP/1.1 201) 4 headers in 163 bytes (1 switches on core 0) [pid: 8|app: 0|req: 940/1908] 10.0.0.121 () {32 vars in 740 bytes} [Thu Jul 2 04:37:40 2026] DELETE /v2.0/security-groups/a28712c9-6156-473e-8cec-3c8dd1e0c262 => generated 0 bytes in 244 msecs (HTTP/1.1 204) 2 headers in 112 bytes (1 switches on core 0)
2026-07-02 04:37:41.211 8 INFO neutron.db.ovn_revision_numbers_db [None req-7dd256f2-8362-4947-86f3-9ae515ed7503 0b0aeb80fb5248ccbacbb0650abef471 7eaf375d38934dbd80020313bf085edf - - default default] Successfully bumped revision number for resource 2dd58e08-0971-4707-9659-d2eb0da19d0f (type: security_group_rules) to 0 [pid: 8|app: 0|req: 941/1909] 10.0.0.121 () {34 vars in 695 bytes} [Thu Jul 2 04:37:41 2026] POST /v2.0/security-group-rules => generated 597 bytes in 166 msecs (HTTP/1.1 201) 4 headers in 162 bytes (1 switches on core 0) [pid: 8|app: 0|req: 942/1910] 10.0.0.113 () {34 vars in 990 bytes} [Thu Jul 2 04:37:41 2026] GET /v2.0/ports?device_id=8aa41f50-8b67-443b-9d88-5ed3cdf48227 => generated 12 bytes in 22 msecs (HTTP/1.1 200) 4 headers in 156 bytes (1 switches on core 0)
2026-07-02 04:37:41.424 8 INFO neutron.db.ovn_revision_numbers_db [None req-938a9bf5-f706-4124-963a-5f7b0ce48eea b8aa5e22a867415884c8e96a025d9869 699e34e7a8334d28b107bb3fae566c56 - - default default] Successfully bumped revision number for resource 6aa05896-4d4b-4a74-9d9d-cbb3cab6427e (type: security_groups) to 1
2026-07-02 04:37:41.436 8 INFO neutron.db.ovn_revision_numbers_db [None req-938a9bf5-f706-4124-963a-5f7b0ce48eea b8aa5e22a867415884c8e96a025d9869 699e34e7a8334d28b107bb3fae566c56 - - default default] Successfully bumped revision number for resource 16a89b89-c8eb-4b3f-bf43-f9d7c048f0cd (type: security_group_rules) to 0
2026-07-02 04:37:41.447 8 INFO neutron.db.ovn_revision_numbers_db [None req-938a9bf5-f706-4124-963a-5f7b0ce48eea b8aa5e22a867415884c8e96a025d9869 699e34e7a8334d28b107bb3fae566c56 - - default default] Successfully bumped revision number for resource 3f46d430-fadb-4bd3-9388-10dd6b2fb275 (type: security_group_rules) to 0
2026-07-02 04:37:41.461 8 INFO neutron.db.ovn_revision_numbers_db [None req-938a9bf5-f706-4124-963a-5f7b0ce48eea b8aa5e22a867415884c8e96a025d9869 699e34e7a8334d28b107bb3fae566c56 - - default default] Successfully bumped revision number for resource 7f120c12-d5fb-4a62-98a5-4dc05af2d566 (type: security_group_rules) to 0
2026-07-02 04:37:41.474 8 INFO neutron.db.ovn_revision_numbers_db [None req-938a9bf5-f706-4124-963a-5f7b0ce48eea b8aa5e22a867415884c8e96a025d9869 699e34e7a8334d28b107bb3fae566c56 - - default default] Successfully bumped revision number for resource ed63218f-ed2c-44b6-86e5-c9adbea4e38b (type: security_group_rules) to 0 [pid: 8|app: 0|req: 943/1911] 10.0.0.121 () {32 vars in 774 bytes} [Thu Jul 2 04:37:41 2026] GET /v2.0/security-groups?tenant_id=0a5108b876334ca0b2a39e1f20b38981&name=default => generated 2925 bytes in 240 msecs (HTTP/1.1 200) 4 headers in 158 bytes (1 switches on core 0)
2026-07-02 04:37:41.584 7 WARNING neutron.scheduler.dhcp_agent_scheduler [None req-d4915fed-3874-4959-9f51-60d09089d489 b8aa5e22a867415884c8e96a025d9869 699e34e7a8334d28b107bb3fae566c56 - - default default] No more DHCP agents
2026-07-02 04:37:41.587 7 WARNING neutron.api.rpc.agentnotifiers.dhcp_rpc_agent_api [None req-d4915fed-3874-4959-9f51-60d09089d489 b8aa5e22a867415884c8e96a025d9869 699e34e7a8334d28b107bb3fae566c56 - - default default] Unable to schedule network ddfa0f4a-d67c-40a7-b185-e21c2238cd92: no agents available; will retry on subsequent port and subnet creation events.
2026-07-02 04:37:41.590 7 INFO neutron.db.ovn_revision_numbers_db [None req-c4eb15c0-f21e-48e6-b798-8a4851c53121 - - - - - -] Successfully bumped revision number for resource e1dba093-42bd-4506-833a-534ce1c8b2e3 (type: ports) to 4
