2026-07-02 04:35:31.279 8 INFO neutron_taas.services.taas.tap_mirror_plugin [None req-e47b8800-efb3-444a-8e0d-f225b81a4565 fe06a45dd35b45709572fbf9a553603a a62711616ec54859b444b621ed76b72f - - default default] Tap Mirror: Handle Delete Port: d3c0211a-e4dc-4baf-bac6-479715cf7ccd [pid: 8|app: 0|req: 580/1162] 10.0.0.121 () {32 vars in 720 bytes} [Thu Jul 2 04:35:31 2026] DELETE /v2.0/ports/d3c0211a-e4dc-4baf-bac6-479715cf7ccd => generated 0 bytes in 257 msecs (HTTP/1.1 204) 3 headers in 131 bytes (1 switches on core 0) [pid: 8|app: 0|req: 581/1163] 10.0.0.121 () {32 vars in 643 bytes} [Thu Jul 2 04:35:31 2026] GET /v2.0/ports => generated 1535 bytes in 77 msecs (HTTP/1.1 200) 4 headers in 158 bytes (1 switches on core 0)
2026-07-02 04:35:31.491 7 INFO neutron_taas.services.taas.taas_plugin [None req-4844abe9-26f7-4d18-94fe-624094837800 b8aa5e22a867415884c8e96a025d9869 699e34e7a8334d28b107bb3fae566c56 - - default default] TaaS: Handle Delete Port: b49c7c6f-5ed9-4de7-a809-e0f99be40ef1
2026-07-02 04:35:31.494 7 INFO neutron_taas.services.taas.tap_mirror_plugin [None req-4844abe9-26f7-4d18-94fe-624094837800 b8aa5e22a867415884c8e96a025d9869 699e34e7a8334d28b107bb3fae566c56 - - default default] Tap Mirror: Handle Delete Port: b49c7c6f-5ed9-4de7-a809-e0f99be40ef1
2026-07-02 04:35:31.504 8 INFO neutron.pecan_wsgi.hooks.translation [None req-2399b05b-ff29-4293-8ec5-8e66fce10faa fe06a45dd35b45709572fbf9a553603a a62711616ec54859b444b621ed76b72f - - default default] GET failed (client error): The resource could not be found. [pid: 8|app: 0|req: 582/1164] 10.0.0.121 () {32 vars in 717 bytes} [Thu Jul 2 04:35:31 2026] GET /v2.0/ports/d3c0211a-e4dc-4baf-bac6-479715cf7ccd => generated 132 bytes in 15 msecs (HTTP/1.1 404) 4 headers in 164 bytes (1 switches on core 0) [pid: 8|app: 0|req: 583/1165] 10.0.0.121 () {32 vars in 643 bytes} [Thu Jul 2 04:35:31 2026] GET /v2.0/ports => generated 1535 bytes in 34 msecs (HTTP/1.1 200) 4 headers in 158 bytes (1 switches on core 0) [pid: 8|app: 0|req: 584/1166] 10.0.0.121 () {32 vars in 717 bytes} [Thu Jul 2 04:35:31 2026] GET /v2.0/ports/b0fcc9bb-84c0-467c-bf4e-136c58e26274 => generated 776 bytes in 29 msecs (HTTP/1.1 200) 4 headers in 157 bytes (1 switches on core 0)
2026-07-02 04:35:31.600 8 INFO neutron.pecan_wsgi.hooks.translation [None req-cb7138a4-cb69-4314-996c-e80162deb2ef fe06a45dd35b45709572fbf9a553603a a62711616ec54859b444b621ed76b72f - - default default] DELETE failed (client error): The resource could not be found. [pid: 8|app: 0|req: 585/1167] 10.0.0.121 () {32 vars in 720 bytes} [Thu Jul 2 04:35:31 2026] DELETE /v2.0/ports/f13531e9-056e-473b-bd0c-d889484f3da5 => generated 132 bytes in 19 msecs (HTTP/1.1 404) 4 headers in 164 bytes (1 switches on core 0)
2026-07-02 04:35:31.621 8 INFO neutron.pecan_wsgi.hooks.translation [None req-b2d3d7c2-4e74-4c2f-b32e-fbc75d1e1441 fe06a45dd35b45709572fbf9a553603a a62711616ec54859b444b621ed76b72f - - default default] DELETE failed (client error): The resource could not be found. [pid: 8|app: 0|req: 586/1168] 10.0.0.121 () {32 vars in 724 bytes} [Thu Jul 2 04:35:31 2026] DELETE /v2.0/subnets/e12fb13a-7ad1-4f4f-b531-872c6fa14331 => generated 136 bytes in 15 msecs (HTTP/1.1 404) 4 headers in 164 bytes (1 switches on core 0)
2026-07-02 04:35:31.642 8 INFO neutron.pecan_wsgi.hooks.translation [None req-5ec32448-eb2e-4576-9101-c4d82359dbca fe06a45dd35b45709572fbf9a553603a a62711616ec54859b444b621ed76b72f - - default default] DELETE failed (client error): The resource could not be found. [pid: 8|app: 0|req: 587/1169] 10.0.0.121 () {32 vars in 724 bytes} [Thu Jul 2 04:35:31 2026] DELETE /v2.0/subnets/0121f57c-fefe-40cd-a557-fa6ef26823af => generated 136 bytes in 19 msecs (HTTP/1.1 404) 4 headers in 164 bytes (1 switches on core 0) [pid: 7|app: 0|req: 583/1170] 10.0.0.121 () {34 vars in 789 bytes} [Thu Jul 2 04:35:31 2026] PUT /v2.0/routers/63bcd6db-6ada-4089-937c-b75b5b182aa8/remove_router_interface => generated 309 bytes in 914 msecs (HTTP/1.1 200) 4 headers in 157 bytes (1 switches on core 0) /var/lib/openstack/lib/python3.12/site-packages/pycadf/identifier.py:70: UserWarning: Invalid uuid: neutron. To ensure interoperability, identifiers should be a valid uuid. warnings.warn(('Invalid uuid: %s. To ensure interoperability, ' [pid: 7|app: 0|req: 584/1171] 10.0.0.121 () {32 vars in 740 bytes} [Thu Jul 2 04:35:32 2026] DELETE /v2.0/security-groups/b61e6c12-ca4a-4c70-9ab3-15e38d33a8e4 => generated 0 bytes in 133 msecs (HTTP/1.1 204) 2 headers in 112 bytes (1 switches on core 0)
2026-07-02 04:35:32.365 8 INFO neutron_taas.services.taas.taas_plugin [None req-7abf6959-aea2-43b9-a15f-4eaf1b546d1f fe06a45dd35b45709572fbf9a553603a a62711616ec54859b444b621ed76b72f - - default default] TaaS: Handle Delete Port: b0fcc9bb-84c0-467c-bf4e-136c58e26274
2026-07-02 04:35:32.368 8 INFO neutron_taas.services.taas.tap_mirror_plugin [None req-7abf6959-aea2-43b9-a15f-4eaf1b546d1f fe06a45dd35b45709572fbf9a553603a a62711616ec54859b444b621ed76b72f - - default default] Tap Mirror: Handle Delete Port: b0fcc9bb-84c0-467c-bf4e-136c58e26274 [pid: 8|app: 0|req: 588/1172] 10.0.0.121 () {32 vars in 720 bytes} [Thu Jul 2 04:35:31 2026] DELETE /v2.0/ports/b0fcc9bb-84c0-467c-bf4e-136c58e26274 => generated 0 bytes in 830 msecs (HTTP/1.1 204) 3 headers in 131 bytes (1 switches on core 0)
2026-07-02 04:35:32.568 7 WARNING neutron.scheduler.dhcp_agent_scheduler [None req-5da35071-f72a-4153-9400-bbe34d21bf3e 4b0a28f69d6c402a8d48e5b8ce600783 9ea1a34aa83a4cd087fa4d0d0d814fb8 - - default default] No more DHCP agents
2026-07-02 04:35:32.570 7 WARNING neutron.api.rpc.agentnotifiers.dhcp_rpc_agent_api [None req-5da35071-f72a-4153-9400-bbe34d21bf3e 4b0a28f69d6c402a8d48e5b8ce600783 9ea1a34aa83a4cd087fa4d0d0d814fb8 - - default default] Unable to schedule network d4a1fe6c-f727-4e76-a66e-d7ee796e54e5: no agents available; will retry on subsequent port and subnet creation events.
2026-07-02 04:35:32.619 7 INFO neutron.db.ovn_revision_numbers_db [None req-5da35071-f72a-4153-9400-bbe34d21bf3e 4b0a28f69d6c402a8d48e5b8ce600783 9ea1a34aa83a4cd087fa4d0d0d814fb8 - - default default] Successfully bumped revision number for resource 2265361d-316d-4393-89e0-711276e2a97d (type: subnets) to 0
2026-07-02 04:35:32.651 7 WARNING neutron.scheduler.dhcp_agent_scheduler [None req-5da35071-f72a-4153-9400-bbe34d21bf3e 4b0a28f69d6c402a8d48e5b8ce600783 9ea1a34aa83a4cd087fa4d0d0d814fb8 - - default default] No more DHCP agents
2026-07-02 04:35:32.652 7 WARNING neutron.api.rpc.agentnotifiers.dhcp_rpc_agent_api [None req-5da35071-f72a-4153-9400-bbe34d21bf3e 4b0a28f69d6c402a8d48e5b8ce600783 9ea1a34aa83a4cd087fa4d0d0d814fb8 - - default default] Unable to schedule network 06d29cef-53f5-4568-b1e3-c5bac467ce24: no agents available; will retry on subsequent port and subnet creation events.
2026-07-02 04:35:32.676 7 INFO neutron.db.ovn_revision_numbers_db [None req-5da35071-f72a-4153-9400-bbe34d21bf3e 4b0a28f69d6c402a8d48e5b8ce600783 9ea1a34aa83a4cd087fa4d0d0d814fb8 - - default default] Successfully bumped revision number for resource e31cb370-698d-4748-9bbf-8137ff9cd51e (type: subnets) to 0 [pid: 7|app: 0|req: 585/1173] 10.0.0.121 () {34 vars in 669 bytes} [Thu Jul 2 04:35:32 2026] POST /v2.0/subnets => generated 1324 bytes in 447 msecs (HTTP/1.1 201) 4 headers in 163 bytes (1 switches on core 0)
2026-07-02 04:35:32.705 7 INFO neutron.api.v2.resource [None req-dda4b6b6-c7fb-444a-8611-9d0048d04a07 7eba0d5079944f27b6e0c73188bb0219 5dd4c70207594c26a8dbb8892bd7ebed - - default default] show failed (client error): The resource could not be found. [pid: 7|app: 0|req: 586/1174] 10.0.0.121 () {32 vars in 737 bytes} [Thu Jul 2 04:35:32 2026] GET /v2.0/security-groups/b61e6c12-ca4a-4c70-9ab3-15e38d33a8e4 => generated 146 bytes in 12 msecs (HTTP/1.1 404) 4 headers in 164 bytes (1 switches on core 0)
2026-07-02 04:35:32.777 8 INFO neutron_taas.services.taas.taas_plugin [None req-883edc85-2c39-4159-b2fc-7f7a02703795 b8aa5e22a867415884c8e96a025d9869 699e34e7a8334d28b107bb3fae566c56 - - default default] TaaS: Handle Delete Port: 177df1fc-0299-4a25-8e7a-8414596cb088
2026-07-02 04:35:32.781 8 INFO neutron_taas.services.taas.tap_mirror_plugin [None req-883edc85-2c39-4159-b2fc-7f7a02703795 b8aa5e22a867415884c8e96a025d9869 699e34e7a8334d28b107bb3fae566c56 - - default default] Tap Mirror: Handle Delete Port: 177df1fc-0299-4a25-8e7a-8414596cb088
2026-07-02 04:35:32.836 7 INFO neutron_taas.services.taas.taas_plugin [None req-077eb567-4e95-4d7b-a7b9-21d032133978 fe06a45dd35b45709572fbf9a553603a a62711616ec54859b444b621ed76b72f - - default default] TaaS: Handle Delete Port: 927a3aef-8f28-4ef2-99a2-4d83d505389e
2026-07-02 04:35:32.839 7 INFO neutron_taas.services.taas.tap_mirror_plugin [None req-077eb567-4e95-4d7b-a7b9-21d032133978 fe06a45dd35b45709572fbf9a553603a a62711616ec54859b444b621ed76b72f - - default default] Tap Mirror: Handle Delete Port: 927a3aef-8f28-4ef2-99a2-4d83d505389e
2026-07-02 04:35:33.051 7 INFO neutron.services.segments.plugin [-] Segment e7649910-b706-4292-9679-be2a3395b3bf resource provider aggregate not found
2026-07-02 04:35:33.058 7 INFO neutron.services.segments.plugin [-] Segment e7649910-b706-4292-9679-be2a3395b3bf resource provider aggregate not found
2026-07-02 04:35:33.073 7 INFO neutron.services.segments.plugin [-] Segment e7649910-b706-4292-9679-be2a3395b3bf resource provider not found; error: Placement Client Error (4xx): {"errors": [{"status": 404, "title": "Not Found", "detail": "The resource could not be found.\n\n No resource provider with uuid e7649910-b706-4292-9679-be2a3395b3bf found for delete ", "request_id": "req-0242e988-f0e1-4a99-8fd9-0afef8c46fa2"}]}
2026-07-02 04:35:33.078 7 INFO neutron.services.segments.plugin [-] Segment e7649910-b706-4292-9679-be2a3395b3bf resource provider not found; error: Placement Client Error (4xx): {"errors": [{"status": 404, "title": "Not Found", "detail": "The resource could not be found.\n\n No resource provider with uuid e7649910-b706-4292-9679-be2a3395b3bf found for delete ", "request_id": "req-6603b382-7d65-482e-aa81-4725c2f9e11b"}]} [pid: 7|app: 0|req: 587/1175] 10.0.0.121 () {32 vars in 726 bytes} [Thu Jul 2 04:35:32 2026] DELETE /v2.0/networks/e7858f54-2ea6-4f8c-8559-67ff48f31dd6 => generated 0 bytes in 395 msecs (HTTP/1.1 204) 3 headers in 131 bytes (1 switches on core 0) [pid: 7|app: 0|req: 588/1176] 10.0.0.121 () {32 vars in 647 bytes} [Thu Jul 2 04:35:33 2026] GET /v2.0/subnets => generated 1960 bytes in 42 msecs (HTTP/1.1 200) 4 headers in 158 bytes (1 switches on core 0) [pid: 8|app: 0|req: 589/1177] 10.0.0.121 () {32 vars in 724 bytes} [Thu Jul 2 04:35:32 2026] DELETE /v2.0/routers/63bcd6db-6ada-4089-937c-b75b5b182aa8 => generated 0 bytes in 709 msecs (HTTP/1.1 204) 2 headers in 112 bytes (1 switches on core 0)
2026-07-02 04:35:33.289 7 INFO neutron_taas.services.taas.taas_plugin [None req-8b6364ff-b897-4e39-a45f-98fa571d62a2 7eba0d5079944f27b6e0c73188bb0219 5dd4c70207594c26a8dbb8892bd7ebed - - default default] TaaS: Handle Delete Port: bba5a56c-9ac5-4da5-9291-911ac4bddbfd
2026-07-02 04:35:33.293 7 INFO neutron_taas.services.taas.tap_mirror_plugin [None req-8b6364ff-b897-4e39-a45f-98fa571d62a2 7eba0d5079944f27b6e0c73188bb0219 5dd4c70207594c26a8dbb8892bd7ebed - - default default] Tap Mirror: Handle Delete Port: bba5a56c-9ac5-4da5-9291-911ac4bddbfd [pid: 8|app: 0|req: 590/1178] 10.0.0.121 () {32 vars in 724 bytes} [Thu Jul 2 04:35:33 2026] DELETE /v2.0/subnets/2265361d-316d-4393-89e0-711276e2a97d => generated 0 bytes in 174 msecs (HTTP/1.1 204) 3 headers in 131 bytes (1 switches on core 0) [pid: 7|app: 0|req: 589/1179] 10.0.0.121 () {32 vars in 732 bytes} [Thu Jul 2 04:35:33 2026] DELETE /v2.0/floatingips/c3015878-a50f-444f-9cd7-78a19c830d96 => generated 0 bytes in 309 msecs (HTTP/1.1 204) 2 headers in 112 bytes (1 switches on core 0) [pid: 8|app: 0|req: 591/1180] 10.0.0.121 () {32 vars in 724 bytes} [Thu Jul 2 04:35:33 2026] DELETE /v2.0/subnets/6b6439c1-591b-4ac2-90b6-364e025331c8 => generated 0 bytes in 146 msecs (HTTP/1.1 204) 3 headers in 131 bytes (1 switches on core 0) [pid: 7|app: 0|req: 590/1181] 10.0.0.121 () {32 vars in 724 bytes} [Thu Jul 2 04:35:33 2026] DELETE /v2.0/subnets/e31cb370-698d-4748-9bbf-8137ff9cd51e => generated 0 bytes in 147 msecs (HTTP/1.1 204) 3 headers in 131 bytes (1 switches on core 0)
2026-07-02 04:35:33.715 7 INFO neutron_taas.services.taas.taas_plugin [None req-57795808-1cac-4852-8a24-adaf394b6fa5 b8aa5e22a867415884c8e96a025d9869 699e34e7a8334d28b107bb3fae566c56 - - default default] TaaS: Handle Delete Port: 446490fc-2013-4099-87bd-cadd911b0246
2026-07-02 04:35:33.718 7 INFO neutron_taas.services.taas.tap_mirror_plugin [None req-57795808-1cac-4852-8a24-adaf394b6fa5 b8aa5e22a867415884c8e96a025d9869 699e34e7a8334d28b107bb3fae566c56 - - default default] Tap Mirror: Handle Delete Port: 446490fc-2013-4099-87bd-cadd911b0246
2026-07-02 04:35:33.777 8 INFO neutron_taas.services.taas.taas_plugin [None req-6ace7992-81ec-4015-ab45-6adcfb7bd2bd b8aa5e22a867415884c8e96a025d9869 699e34e7a8334d28b107bb3fae566c56 - - default default] TaaS: Handle Delete Port: 5dd24637-c6ff-4319-9064-cbdebb6f3b54
2026-07-02 04:35:33.780 8 INFO neutron_taas.services.taas.tap_mirror_plugin [None req-6ace7992-81ec-4015-ab45-6adcfb7bd2bd b8aa5e22a867415884c8e96a025d9869 699e34e7a8334d28b107bb3fae566c56 - - default default] Tap Mirror: Handle Delete Port: 5dd24637-c6ff-4319-9064-cbdebb6f3b54 [pid: 7|app: 0|req: 591/1182] 10.0.0.121 () {32 vars in 726 bytes} [Thu Jul 2 04:35:33 2026] DELETE /v2.0/networks/ea43cb25-09c7-4883-8052-c5231e9abbcb => generated 0 bytes in 318 msecs (HTTP/1.1 204) 3 headers in 131 bytes (1 switches on core 0) [pid: 7|app: 0|req: 592/1183] 10.0.0.121 () {32 vars in 647 bytes} [Thu Jul 2 04:35:33 2026] GET /v2.0/subnets => generated 649 bytes in 24 msecs (HTTP/1.1 200) 4 headers in 157 bytes (1 switches on core 0) [pid: 7|app: 0|req: 593/1184] 10.0.0.121 () {32 vars in 774 bytes} [Thu Jul 2 04:35:33 2026] GET /v2.0/security-groups?tenant_id=a62711616ec54859b444b621ed76b72f&name=default => generated 2925 bytes in 107 msecs (HTTP/1.1 200) 4 headers in 158 bytes (1 switches on core 0)
2026-07-02 04:35:34.186 7 INFO neutron_taas.services.taas.taas_plugin [None req-51ec0f6b-3677-4719-9f4e-ec1799eba543 4b0a28f69d6c402a8d48e5b8ce600783 9ea1a34aa83a4cd087fa4d0d0d814fb8 - - default default] TaaS: Handle Delete Port: aca4c200-9d7a-455f-92f3-a387c85154a7
2026-07-02 04:35:34.189 7 INFO neutron_taas.services.taas.tap_mirror_plugin [None req-51ec0f6b-3677-4719-9f4e-ec1799eba543 4b0a28f69d6c402a8d48e5b8ce600783 9ea1a34aa83a4cd087fa4d0d0d814fb8 - - default default] Tap Mirror: Handle Delete Port: aca4c200-9d7a-455f-92f3-a387c85154a7 [pid: 7|app: 0|req: 594/1185] 10.0.0.121 () {32 vars in 726 bytes} [Thu Jul 2 04:35:34 2026] DELETE /v2.0/networks/06d29cef-53f5-4568-b1e3-c5bac467ce24 => generated 0 bytes in 364 msecs (HTTP/1.1 204) 3 headers in 131 bytes (1 switches on core 0) [pid: 7|app: 0|req: 595/1186] 10.0.0.121 () {32 vars in 774 bytes} [Thu Jul 2 04:35:34 2026] GET /v2.0/security-groups?tenant_id=876c4542739148cc8d498c9b217c21f1&name=default => generated 2921 bytes in 26 msecs (HTTP/1.1 200) 4 headers in 158 bytes (1 switches on core 0) [pid: 8|app: 0|req: 592/1187] 10.0.0.121 () {34 vars in 789 bytes} [Thu Jul 2 04:35:33 2026] PUT /v2.0/routers/675722fa-2306-47ca-9a32-0c2937111400/remove_router_interface => generated 309 bytes in 950 msecs (HTTP/1.1 200) 4 headers in 157 bytes (1 switches on core 0) /var/lib/openstack/lib/python3.12/site-packages/pycadf/identifier.py:70: UserWarning: Invalid uuid: neutron. To ensure interoperability, identifiers should be a valid uuid. warnings.warn(('Invalid uuid: %s. To ensure interoperability, '
2026-07-02 04:35:34.584 8 INFO neutron_taas.services.taas.taas_plugin [None req-ae0b5bc1-e1ff-49e3-bcc7-24cb8aff2aec 4b0a28f69d6c402a8d48e5b8ce600783 9ea1a34aa83a4cd087fa4d0d0d814fb8 - - default default] TaaS: Handle Delete Port: f65ffc42-c5f8-4d57-9d6b-da7a1bd4c5db
2026-07-02 04:35:34.588 8 INFO neutron_taas.services.taas.tap_mirror_plugin [None req-ae0b5bc1-e1ff-49e3-bcc7-24cb8aff2aec 4b0a28f69d6c402a8d48e5b8ce600783 9ea1a34aa83a4cd087fa4d0d0d814fb8 - - default default] Tap Mirror: Handle Delete Port: f65ffc42-c5f8-4d57-9d6b-da7a1bd4c5db [pid: 7|app: 0|req: 596/1188] 10.0.0.121 () {32 vars in 740 bytes} [Thu Jul 2 04:35:34 2026] DELETE /v2.0/security-groups/a078b58d-153c-45a6-a7cb-51523b4b21b8 => generated 0 bytes in 189 msecs (HTTP/1.1 204) 2 headers in 112 bytes (1 switches on core 0)
2026-07-02 04:35:34.800 8 INFO neutron.services.segments.plugin [-] Segment 3955d882-3d27-4a1d-9bc5-a4a38444bb0b resource provider aggregate not found
2026-07-02 04:35:34.801 8 INFO neutron.services.segments.plugin [-] Segment 3955d882-3d27-4a1d-9bc5-a4a38444bb0b resource provider aggregate not found [pid: 7|app: 0|req: 597/1189] 10.0.0.121 () {32 vars in 740 bytes} [Thu Jul 2 04:35:34 2026] DELETE /v2.0/security-groups/8aff46ca-4761-4b02-8a1b-44e38df2483c => generated 0 bytes in 181 msecs (HTTP/1.1 204) 2 headers in 112 bytes (1 switches on core 0)
2026-07-02 04:35:34.835 8 INFO neutron.services.segments.plugin [-] Segment 3955d882-3d27-4a1d-9bc5-a4a38444bb0b resource provider not found; error: Placement Client Error (4xx): {"errors": [{"status": 404, "title": "Not Found", "detail": "The resource could not be found.\n\n No resource provider with uuid 3955d882-3d27-4a1d-9bc5-a4a38444bb0b found for delete ", "request_id": "req-1e6da21d-469e-4473-b154-80d882c9b81d"}]}
2026-07-02 04:35:34.838 8 INFO neutron.services.segments.plugin [-] Segment 3955d882-3d27-4a1d-9bc5-a4a38444bb0b resource provider not found; error: Placement Client Error (4xx): {"errors": [{"status": 404, "title": "Not Found", "detail": "The resource could not be found.\n\n No resource provider with uuid 3955d882-3d27-4a1d-9bc5-a4a38444bb0b found for delete ", "request_id": "req-628defad-d387-4da9-ae9a-82e22e9122a2"}]} [pid: 8|app: 0|req: 593/1190] 10.0.0.121 () {32 vars in 726 bytes} [Thu Jul 2 04:35:34 2026] DELETE /v2.0/networks/d4a1fe6c-f727-4e76-a66e-d7ee796e54e5 => generated 0 bytes in 412 msecs (HTTP/1.1 204) 3 headers in 131 bytes (1 switches on core 0)
2026-07-02 04:35:35.043 8 INFO neutron_taas.services.taas.taas_plugin [None req-e3190cb6-801c-4ef7-a9cc-650a710569ce 4b0a28f69d6c402a8d48e5b8ce600783 9ea1a34aa83a4cd087fa4d0d0d814fb8 - - default default] TaaS: Handle Delete Port: 182ce83d-8f8d-44a2-9c7c-808e9cdaed6d
2026-07-02 04:35:35.045 8 INFO neutron_taas.services.taas.tap_mirror_plugin [None req-e3190cb6-801c-4ef7-a9cc-650a710569ce 4b0a28f69d6c402a8d48e5b8ce600783 9ea1a34aa83a4cd087fa4d0d0d814fb8 - - default default] Tap Mirror: Handle Delete Port: 182ce83d-8f8d-44a2-9c7c-808e9cdaed6d
2026-07-02 04:35:35.095 7 INFO neutron.services.segments.plugin [-] Segment 9c71435d-5d22-4979-8523-eaf899fb1421 resource provider aggregate not found
2026-07-02 04:35:35.108 7 INFO neutron.services.segments.plugin [-] Segment 9c71435d-5d22-4979-8523-eaf899fb1421 resource provider aggregate not found
2026-07-02 04:35:35.127 7 INFO neutron.services.segments.plugin [-] Segment 9c71435d-5d22-4979-8523-eaf899fb1421 resource provider not found; error: Placement Client Error (4xx): {"errors": [{"status": 404, "title": "Not Found", "detail": "The resource could not be found.\n\n No resource provider with uuid 9c71435d-5d22-4979-8523-eaf899fb1421 found for delete ", "request_id": "req-51f08d5e-c056-4ca2-a9f0-a4b8d3a6b8bb"}]}
2026-07-02 04:35:35.146 7 INFO neutron.services.segments.plugin [-] Segment 9c71435d-5d22-4979-8523-eaf899fb1421 resource provider not found; error: Placement Client Error (4xx): {"errors": [{"status": 404, "title": "Not Found", "detail": "The resource could not be found.\n\n No resource provider with uuid 9c71435d-5d22-4979-8523-eaf899fb1421 found for delete ", "request_id": "req-25a2ee8f-ca41-403e-a5f9-ae98e801918d"}]}
2026-07-02 04:35:35.156 7 INFO neutron.services.segments.plugin [-] Segment 8ccc0c93-4129-40b8-83cf-67db9706156b resource provider aggregate not found
2026-07-02 04:35:35.174 7 INFO neutron.services.segments.plugin [-] Segment 8ccc0c93-4129-40b8-83cf-67db9706156b resource provider aggregate not found
2026-07-02 04:35:35.196 7 INFO neutron.services.segments.plugin [-] Segment 8ccc0c93-4129-40b8-83cf-67db9706156b resource provider not found; error: Placement Client Error (4xx): {"errors": [{"status": 404, "title": "Not Found", "detail": "The resource could not be found.\n\n No resource provider with uuid 8ccc0c93-4129-40b8-83cf-67db9706156b found for delete ", "request_id": "req-2a519612-fae2-4e66-a817-844e02ad6bd6"}]}
2026-07-02 04:35:35.207 7 INFO neutron.services.segments.plugin [-] Segment 8ccc0c93-4129-40b8-83cf-67db9706156b resource provider not found; error: Placement Client Error (4xx): {"errors": [{"status": 404, "title": "Not Found", "detail": "The resource could not be found.\n\n No resource provider with uuid 8ccc0c93-4129-40b8-83cf-67db9706156b found for delete ", "request_id": "req-f8877805-4f66-41fe-865a-49fe18fa2652"}]}
2026-07-02 04:35:35.230 7 INFO neutron_taas.services.taas.taas_plugin [None req-b4b980a5-abce-4ced-b8da-5b37e4dcfb05 b8aa5e22a867415884c8e96a025d9869 699e34e7a8334d28b107bb3fae566c56 - - default default] TaaS: Handle Delete Port: 2db3935e-866c-4fd0-8fff-45720c66a95c
2026-07-02 04:35:35.234 7 INFO neutron_taas.services.taas.tap_mirror_plugin [None req-b4b980a5-abce-4ced-b8da-5b37e4dcfb05 b8aa5e22a867415884c8e96a025d9869 699e34e7a8334d28b107bb3fae566c56 - - default default] Tap Mirror: Handle Delete Port: 2db3935e-866c-4fd0-8fff-45720c66a95c [pid: 8|app: 0|req: 594/1191] 10.0.0.121 () {32 vars in 726 bytes} [Thu Jul 2 04:35:34 2026] DELETE /v2.0/networks/ece30c94-5963-4dfc-9928-bb65b8bbccad => generated 0 bytes in 406 msecs (HTTP/1.1 204) 3 headers in 131 bytes (1 switches on core 0)
2026-07-02 04:35:35.407 8 INFO neutron_taas.services.taas.taas_plugin [None req-26d735e6-ff24-4a6b-b652-0cd1254cc435 4b0a28f69d6c402a8d48e5b8ce600783 9ea1a34aa83a4cd087fa4d0d0d814fb8 - - default default] TaaS: Handle Delete Port: f3dbff64-e604-4940-9ffc-91ca451ff4eb
2026-07-02 04:35:35.410 8 INFO neutron_taas.services.taas.tap_mirror_plugin [None req-26d735e6-ff24-4a6b-b652-0cd1254cc435 4b0a28f69d6c402a8d48e5b8ce600783 9ea1a34aa83a4cd087fa4d0d0d814fb8 - - default default] Tap Mirror: Handle Delete Port: f3dbff64-e604-4940-9ffc-91ca451ff4eb [pid: 8|app: 0|req: 595/1192] 10.0.0.121 () {32 vars in 726 bytes} [Thu Jul 2 04:35:35 2026] DELETE /v2.0/networks/17436b4c-0a6b-4255-b581-813a740cedd7 => generated 0 bytes in 359 msecs (HTTP/1.1 204) 3 headers in 131 bytes (1 switches on core 0) [pid: 7|app: 0|req: 598/1193] 10.0.0.121 () {32 vars in 724 bytes} [Thu Jul 2 04:35:34 2026] DELETE /v2.0/routers/675722fa-2306-47ca-9a32-0c2937111400 => generated 0 bytes in 869 msecs (HTTP/1.1 204) 2 headers in 112 bytes (1 switches on core 0) [pid: 8|app: 0|req: 596/1194] 10.0.0.121 () {32 vars in 724 bytes} [Thu Jul 2 04:35:35 2026] DELETE /v2.0/subnets/c1add3da-df1a-4263-8a4c-49561a23124f => generated 0 bytes in 166 msecs (HTTP/1.1 204) 3 headers in 131 bytes (1 switches on core 0)
2026-07-02 04:35:36.003 7 INFO neutron_taas.services.taas.taas_plugin [None req-71b9ceb0-df73-4967-aa44-13a0b6098436 b8aa5e22a867415884c8e96a025d9869 699e34e7a8334d28b107bb3fae566c56 - - default default] TaaS: Handle Delete Port: c3e9a1ef-ebbe-44cd-b13a-3563e2d0cca9
2026-07-02 04:35:36.010 7 INFO neutron_taas.services.taas.tap_mirror_plugin [None req-71b9ceb0-df73-4967-aa44-13a0b6098436 b8aa5e22a867415884c8e96a025d9869 699e34e7a8334d28b107bb3fae566c56 - - default default] Tap Mirror: Handle Delete Port: c3e9a1ef-ebbe-44cd-b13a-3563e2d0cca9 [pid: 7|app: 0|req: 599/1195] 10.0.0.121 () {32 vars in 726 bytes} [Thu Jul 2 04:35:35 2026] DELETE /v2.0/networks/fbaab95a-b801-456a-9726-8d38784c6a94 => generated 0 bytes in 359 msecs (HTTP/1.1 204) 3 headers in 131 bytes (1 switches on core 0) [pid: 8|app: 0|req: 597/1196] 10.0.0.121 () {32 vars in 774 bytes} [Thu Jul 2 04:35:36 2026] GET /v2.0/security-groups?tenant_id=9ea1a34aa83a4cd087fa4d0d0d814fb8&name=default => generated 2925 bytes in 156 msecs (HTTP/1.1 200) 4 headers in 158 bytes (1 switches on core 0) [pid: 8|app: 0|req: 598/1197] 10.0.0.121 () {32 vars in 774 bytes} [Thu Jul 2 04:35:36 2026] GET /v2.0/security-groups?tenant_id=5dd4c70207594c26a8dbb8892bd7ebed&name=default => generated 2925 bytes in 31 msecs (HTTP/1.1 200) 4 headers in 158 bytes (1 switches on core 0) [pid: 7|app: 0|req: 600/1198] 10.0.0.121 () {32 vars in 740 bytes} [Thu Jul 2 04:35:36 2026] DELETE /v2.0/security-groups/0176983d-e95f-4100-bf80-a65eb4398cda => generated 0 bytes in 232 msecs (HTTP/1.1 204) 2 headers in 112 bytes (1 switches on core 0)
2026-07-02 04:35:36.684 8 INFO neutron.db.ovn_revision_numbers_db [None req-9d2f5341-fd8e-49b1-be41-5d928eec41d6 de30293df9ec44dc9426871744b479ae 5ce8596715864b789e8df051e3a5bf7c - - default default] Successfully bumped revision number for resource a347ab93-0091-4faf-99f1-c6ff2cdd066b (type: security_groups) to 1
2026-07-02 04:35:36.695 8 INFO neutron.db.ovn_revision_numbers_db [None req-9d2f5341-fd8e-49b1-be41-5d928eec41d6 de30293df9ec44dc9426871744b479ae 5ce8596715864b789e8df051e3a5bf7c - - default default] Successfully bumped revision number for resource 2efa7e15-d387-4cda-b568-b16b2b854d4e (type: security_group_rules) to 0
2026-07-02 04:35:36.705 8 INFO neutron.db.ovn_revision_numbers_db [None req-9d2f5341-fd8e-49b1-be41-5d928eec41d6 de30293df9ec44dc9426871744b479ae 5ce8596715864b789e8df051e3a5bf7c - - default default] Successfully bumped revision number for resource 581474f0-7704-48d1-bfda-1dcda1cb1d5d (type: security_group_rules) to 0
2026-07-02 04:35:36.717 8 INFO neutron.db.ovn_revision_numbers_db [None req-9d2f5341-fd8e-49b1-be41-5d928eec41d6 de30293df9ec44dc9426871744b479ae 5ce8596715864b789e8df051e3a5bf7c - - default default] Successfully bumped revision number for resource 68b84c3d-997a-42ce-a06f-d6b18030e5c6 (type: security_group_rules) to 0
2026-07-02 04:35:36.729 8 INFO neutron.db.ovn_revision_numbers_db [None req-9d2f5341-fd8e-49b1-be41-5d928eec41d6 de30293df9ec44dc9426871744b479ae 5ce8596715864b789e8df051e3a5bf7c - - default default] Successfully bumped revision number for resource 873440f6-0b60-4e06-9864-de740dfb9e37 (type: security_group_rules) to 0 [pid: 7|app: 0|req: 601/1199] 10.0.0.121 () {32 vars in 740 bytes} [Thu Jul 2 04:35:36 2026] DELETE /v2.0/security-groups/c154eed7-5912-487f-a4f8-c7faeaa65257 => generated 0 bytes in 216 msecs (HTTP/1.1 204) 2 headers in 112 bytes (1 switches on core 0)
2026-07-02 04:35:36.799 8 INFO neutron.db.segments_db [None req-9d2f5341-fd8e-49b1-be41-5d928eec41d6 de30293df9ec44dc9426871744b479ae 5ce8596715864b789e8df051e3a5bf7c - - default default] Added segment 36025f87-6428-4702-8a51-d0802438197d of type geneve for network d57d927f-5313-458c-9220-0c304cfa3d20
2026-07-02 04:35:36.857 8 INFO neutron.services.segments.plugin [-] Segment 0e372852-aca7-4fdc-8b85-993998547a77 resource provider aggregate not found
2026-07-02 04:35:36.863 8 INFO neutron.services.segments.plugin [-] Segment 0e372852-aca7-4fdc-8b85-993998547a77 resource provider aggregate not found
2026-07-02 04:35:36.877 8 INFO neutron.services.segments.plugin [-] Segment 0e372852-aca7-4fdc-8b85-993998547a77 resource provider not found; error: Placement Client Error (4xx): {"errors": [{"status": 404, "title": "Not Found", "detail": "The resource could not be found.\n\n No resource provider with uuid 0e372852-aca7-4fdc-8b85-993998547a77 found for delete ", "request_id": "req-8af68de4-6afe-403f-83c7-30a0530e7166"}]}
2026-07-02 04:35:36.893 8 INFO neutron.services.segments.plugin [-] Segment 0e372852-aca7-4fdc-8b85-993998547a77 resource provider not found; error: Placement Client Error (4xx): {"errors": [{"status": 404, "title": "Not Found", "detail": "The resource could not be found.\n\n No resource provider with uuid 0e372852-aca7-4fdc-8b85-993998547a77 found for delete ", "request_id": "req-2f25f00b-3259-4af5-89b2-3803d49ad499"}]}
2026-07-02 04:35:36.897 8 INFO neutron.services.segments.plugin [-] Segment 5f617458-6f02-4947-9fa5-ba04447566fd resource provider aggregate not found
2026-07-02 04:35:36.925 8 INFO neutron.services.segments.plugin [-] Segment 5f617458-6f02-4947-9fa5-ba04447566fd resource provider aggregate not found
2026-07-02 04:35:36.932 8 INFO neutron.services.segments.plugin [-] Segment 5f617458-6f02-4947-9fa5-ba04447566fd resource provider not found; error: Placement Client Error (4xx): {"errors": [{"status": 404, "title": "Not Found", "detail": "The resource could not be found.\n\n No resource provider with uuid 5f617458-6f02-4947-9fa5-ba04447566fd found for delete ", "request_id": "req-318de5d3-4025-491f-a4b8-f1553ec6e077"}]}
2026-07-02 04:35:36.947 8 INFO neutron.services.segments.plugin [-] Segment 5f617458-6f02-4947-9fa5-ba04447566fd resource provider not found; error: Placement Client Error (4xx): {"errors": [{"status": 404, "title": "Not Found", "detail": "The resource could not be found.\n\n No resource provider with uuid 5f617458-6f02-4947-9fa5-ba04447566fd found for delete ", "request_id": "req-a7ecf8c9-eae2-4f14-94ef-b1063549ac4e"}]}
2026-07-02 04:35:36.957 8 INFO neutron.db.ovn_revision_numbers_db [None req-9d2f5341-fd8e-49b1-be41-5d928eec41d6 de30293df9ec44dc9426871744b479ae 5ce8596715864b789e8df051e3a5bf7c - - default default] Successfully bumped revision number for resource d57d927f-5313-458c-9220-0c304cfa3d20 (type: networks) to 1
2026-07-02 04:35:36.986 7 INFO neutron.db.ovn_revision_numbers_db [None req-fc835dd2-4e7e-41d9-8352-f76eea989cdd b8aa5e22a867415884c8e96a025d9869 699e34e7a8334d28b107bb3fae566c56 - - default default] Successfully bumped revision number for resource 9c395ac1-bf26-44cd-97c6-616433087216 (type: security_groups) to 1
2026-07-02 04:35:37.004 7 INFO neutron.db.ovn_revision_numbers_db [None req-fc835dd2-4e7e-41d9-8352-f76eea989cdd b8aa5e22a867415884c8e96a025d9869 699e34e7a8334d28b107bb3fae566c56 - - default default] Successfully bumped revision number for resource 13cd3ca0-2f97-40fa-9761-7ba2deb5203d (type: security_group_rules) to 0
2026-07-02 04:35:37.021 7 INFO neutron.db.ovn_revision_numbers_db [None req-fc835dd2-4e7e-41d9-8352-f76eea989cdd b8aa5e22a867415884c8e96a025d9869 699e34e7a8334d28b107bb3fae566c56 - - default default] Successfully bumped revision number for resource 8165030e-2503-46e2-9a37-bbc7675ee9e7 (type: security_group_rules) to 0
2026-07-02 04:35:37.052 7 INFO neutron.db.ovn_revision_numbers_db [None req-fc835dd2-4e7e-41d9-8352-f76eea989cdd b8aa5e22a867415884c8e96a025d9869 699e34e7a8334d28b107bb3fae566c56 - - default default] Successfully bumped revision number for resource a72e86c3-a9ed-4b7e-a4f5-d7e28f47082f (type: security_group_rules) to 0
2026-07-02 04:35:37.083 7 INFO neutron.db.ovn_revision_numbers_db [None req-fc835dd2-4e7e-41d9-8352-f76eea989cdd b8aa5e22a867415884c8e96a025d9869 699e34e7a8334d28b107bb3fae566c56 - - default default] Successfully bumped revision number for resource f27242b8-e62d-48ca-9b49-f27f27db1d4b (type: security_group_rules) to 0
2026-07-02 04:35:37.110 8 WARNING neutron.scheduler.dhcp_agent_scheduler [None req-9d2f5341-fd8e-49b1-be41-5d928eec41d6 de30293df9ec44dc9426871744b479ae 5ce8596715864b789e8df051e3a5bf7c - - default default] No more DHCP agents
2026-07-02 04:35:37.111 8 WARNING neutron.api.rpc.agentnotifiers.dhcp_rpc_agent_api [None req-9d2f5341-fd8e-49b1-be41-5d928eec41d6 de30293df9ec44dc9426871744b479ae 5ce8596715864b789e8df051e3a5bf7c - - default default] Unable to schedule network d57d927f-5313-458c-9220-0c304cfa3d20: no agents available; will retry on subsequent port and subnet creation events.
2026-07-02 04:35:37.165 8 INFO neutron.plugins.ml2.drivers.ovn.mech_driver.mech_driver [None req-a44d1261-c6ce-4bd9-b0cc-1a2bce03243f - - - - - -] OVN reports status down for port: 1627ba4e-6c3d-47ea-84e5-44d598f952ef
2026-07-02 04:35:37.166 7 INFO neutron.db.segments_db [None req-fc835dd2-4e7e-41d9-8352-f76eea989cdd b8aa5e22a867415884c8e96a025d9869 699e34e7a8334d28b107bb3fae566c56 - - default default] Added segment dc973c73-9539-49da-a5be-6a7e639aee2d of type geneve for network 7e295944-3c3b-4037-97e7-3c52862a551f
2026-07-02 04:35:37.221 7 INFO neutron.services.segments.plugin [-] Segment cba4d7a2-04df-4f4e-859c-b76f028e73bc resource provider aggregate not found
2026-07-02 04:35:37.233 8 INFO neutron.db.ovn_revision_numbers_db [None req-9d2f5341-fd8e-49b1-be41-5d928eec41d6 de30293df9ec44dc9426871744b479ae 5ce8596715864b789e8df051e3a5bf7c - - default default] Successfully bumped revision number for resource 1627ba4e-6c3d-47ea-84e5-44d598f952ef (type: ports) to 1
2026-07-02 04:35:37.235 7 INFO neutron.services.segments.plugin [-] Segment cba4d7a2-04df-4f4e-859c-b76f028e73bc resource provider not found; error: Placement Client Error (4xx): {"errors": [{"status": 404, "title": "Not Found", "detail": "The resource could not be found.\n\n No resource provider with uuid cba4d7a2-04df-4f4e-859c-b76f028e73bc found for delete ", "request_id": "req-c134df43-c587-43fa-9b0b-73a1d5c44fb7"}]}
2026-07-02 04:35:37.245 7 INFO neutron.services.segments.plugin [-] Segment cba4d7a2-04df-4f4e-859c-b76f028e73bc resource provider aggregate not found
2026-07-02 04:35:37.264 7 INFO neutron.services.segments.plugin [-] Segment cba4d7a2-04df-4f4e-859c-b76f028e73bc resource provider not found; error: Placement Client Error (4xx): {"errors": [{"status": 404, "title": "Not Found", "detail": "The resource could not be found.\n\n No resource provider with uuid cba4d7a2-04df-4f4e-859c-b76f028e73bc found for delete ", "request_id": "req-47f8d10c-5b3d-46e0-a7e1-c1e97cc660b9"}]} [pid: 8|app: 0|req: 599/1200] 10.0.0.121 () {34 vars in 670 bytes} [Thu Jul 2 04:35:36 2026] POST /v2.0/networks => generated 670 bytes in 882 msecs (HTTP/1.1 201) 4 headers in 162 bytes (1 switches on core 0)
2026-07-02 04:35:37.356 7 INFO neutron.db.ovn_revision_numbers_db [None req-fc835dd2-4e7e-41d9-8352-f76eea989cdd b8aa5e22a867415884c8e96a025d9869 699e34e7a8334d28b107bb3fae566c56 - - default default] Successfully bumped revision number for resource 7e295944-3c3b-4037-97e7-3c52862a551f (type: networks) to 1
2026-07-02 04:35:37.428 8 INFO neutron.db.segments_db [None req-72a4e812-1ed5-4995-9f66-e109325a75eb de30293df9ec44dc9426871744b479ae 5ce8596715864b789e8df051e3a5bf7c - - default default] Added segment 4c558ec5-dd94-4d1f-9287-5c74dde10598 of type geneve for network 7aa69737-8ebd-45ec-9b34-b6432312d20f
2026-07-02 04:35:37.530 7 WARNING neutron.scheduler.dhcp_agent_scheduler [None req-fc835dd2-4e7e-41d9-8352-f76eea989cdd b8aa5e22a867415884c8e96a025d9869 699e34e7a8334d28b107bb3fae566c56 - - default default] No more DHCP agents
2026-07-02 04:35:37.531 7 WARNING neutron.api.rpc.agentnotifiers.dhcp_rpc_agent_api [None req-fc835dd2-4e7e-41d9-8352-f76eea989cdd b8aa5e22a867415884c8e96a025d9869 699e34e7a8334d28b107bb3fae566c56 - - default default] Unable to schedule network 7e295944-3c3b-4037-97e7-3c52862a551f: no agents available; will retry on subsequent port and subnet creation events.
2026-07-02 04:35:37.537 8 INFO neutron.db.ovn_revision_numbers_db [None req-72a4e812-1ed5-4995-9f66-e109325a75eb de30293df9ec44dc9426871744b479ae 5ce8596715864b789e8df051e3a5bf7c - - default default] Successfully bumped revision number for resource 7aa69737-8ebd-45ec-9b34-b6432312d20f (type: networks) to 1
2026-07-02 04:35:37.607 7 INFO neutron.db.ovn_revision_numbers_db [None req-fc835dd2-4e7e-41d9-8352-f76eea989cdd b8aa5e22a867415884c8e96a025d9869 699e34e7a8334d28b107bb3fae566c56 - - default default] Successfully bumped revision number for resource a4908512-a2d7-4167-8007-9c78b0bd4776 (type: ports) to 1
2026-07-02 04:35:37.630 8 INFO neutron.plugins.ml2.drivers.ovn.mech_driver.mech_driver [None req-a44d1261-c6ce-4bd9-b0cc-1a2bce03243f - - - - - -] OVN reports status down for port: a4908512-a2d7-4167-8007-9c78b0bd4776 [pid: 7|app: 0|req: 602/1201] 10.0.0.121 () {34 vars in 671 bytes} [Thu Jul 2 04:35:36 2026] POST /v2.0/networks => generated 779 bytes in 891 msecs (HTTP/1.1 201) 4 headers in 162 bytes (1 switches on core 0)
2026-07-02 04:35:37.757 7 WARNING neutron.scheduler.dhcp_agent_scheduler [None req-1efb01ac-ff53-4e14-bf56-dcf1cc3c3683 b8aa5e22a867415884c8e96a025d9869 699e34e7a8334d28b107bb3fae566c56 - - default default] No more DHCP agents
2026-07-02 04:35:37.758 7 WARNING neutron.api.rpc.agentnotifiers.dhcp_rpc_agent_api [None req-1efb01ac-ff53-4e14-bf56-dcf1cc3c3683 b8aa5e22a867415884c8e96a025d9869 699e34e7a8334d28b107bb3fae566c56 - - default default] Unable to schedule network 7e295944-3c3b-4037-97e7-3c52862a551f: no agents available; will retry on subsequent port and subnet creation events.
2026-07-02 04:35:37.828 8 WARNING neutron.scheduler.dhcp_agent_scheduler [None req-72a4e812-1ed5-4995-9f66-e109325a75eb de30293df9ec44dc9426871744b479ae 5ce8596715864b789e8df051e3a5bf7c - - default default] No more DHCP agents
2026-07-02 04:35:37.834 8 WARNING neutron.api.rpc.agentnotifiers.dhcp_rpc_agent_api [None req-72a4e812-1ed5-4995-9f66-e109325a75eb de30293df9ec44dc9426871744b479ae 5ce8596715864b789e8df051e3a5bf7c - - default default] Unable to schedule network 7aa69737-8ebd-45ec-9b34-b6432312d20f: no agents available; will retry on subsequent port and subnet creation events.
2026-07-02 04:35:37.926 7 INFO neutron.plugins.ml2.drivers.ovn.mech_driver.mech_driver [None req-20912c4e-140f-48dd-bd45-c05a321e1b12 - - - - - -] OVN reports status down for port: a73e8b6d-a1e2-4b96-9850-64fbe2f2c08b
2026-07-02 04:35:37.936 8 INFO neutron.db.ovn_revision_numbers_db [None req-72a4e812-1ed5-4995-9f66-e109325a75eb de30293df9ec44dc9426871744b479ae 5ce8596715864b789e8df051e3a5bf7c - - default default] Successfully bumped revision number for resource a73e8b6d-a1e2-4b96-9850-64fbe2f2c08b (type: ports) to 1 [pid: 8|app: 0|req: 600/1202] 10.0.0.121 () {34 vars in 670 bytes} [Thu Jul 2 04:35:37 2026] POST /v2.0/networks => generated 672 bytes in 664 msecs (HTTP/1.1 201) 4 headers in 162 bytes (1 switches on core 0)
2026-07-02 04:35:38.188 8 WARNING neutron.scheduler.dhcp_agent_scheduler [None req-8d3a8c4f-71d2-4c9a-b2b2-edd1701d5804 de30293df9ec44dc9426871744b479ae 5ce8596715864b789e8df051e3a5bf7c - - default default] No more DHCP agents
2026-07-02 04:35:38.189 8 WARNING neutron.api.rpc.agentnotifiers.dhcp_rpc_agent_api [None req-8d3a8c4f-71d2-4c9a-b2b2-edd1701d5804 de30293df9ec44dc9426871744b479ae 5ce8596715864b789e8df051e3a5bf7c - - default default] Unable to schedule network d57d927f-5313-458c-9220-0c304cfa3d20: no agents available; will retry on subsequent port and subnet creation events.
2026-07-02 04:35:38.228 8 INFO neutron.db.ovn_revision_numbers_db [None req-8d3a8c4f-71d2-4c9a-b2b2-edd1701d5804 de30293df9ec44dc9426871744b479ae 5ce8596715864b789e8df051e3a5bf7c - - default default] Successfully bumped revision number for resource f369fdfe-f09f-4308-8c7c-9ee7d348a285 (type: subnets) to 0 [pid: 8|app: 0|req: 601/1203] 10.0.0.121 () {34 vars in 669 bytes} [Thu Jul 2 04:35:37 2026] POST /v2.0/subnets => generated 646 bytes in 280 msecs (HTTP/1.1 201) 4 headers in 162 bytes (1 switches on core 0)
2026-07-02 04:35:38.348 7 INFO neutron.db.ovn_revision_numbers_db [None req-3af9fcbe-84c5-4286-a98a-f6dfaf7151ef - - - - - -] Successfully bumped revision number for resource a4908512-a2d7-4167-8007-9c78b0bd4776 (type: ports) to 2
2026-07-02 04:35:38.391 7 INFO neutron.db.ovn_revision_numbers_db [None req-3af9fcbe-84c5-4286-a98a-f6dfaf7151ef - - - - - -] Successfully bumped revision number for resource 41da684f-96d0-4ecf-a25b-a8492eec74c6 (type: subnets) to 0 [pid: 7|app: 0|req: 603/1204] 10.0.0.121 () {34 vars in 669 bytes} [Thu Jul 2 04:35:37 2026] POST /v2.0/subnets => generated 685 bytes in 773 msecs (HTTP/1.1 201) 4 headers in 162 bytes (1 switches on core 0)
2026-07-02 04:35:38.678 7 WARNING neutron.scheduler.dhcp_agent_scheduler [None req-98f71090-1f2c-41a8-bde8-d483f9717085 de30293df9ec44dc9426871744b479ae 5ce8596715864b789e8df051e3a5bf7c - - default default] No more DHCP agents
2026-07-02 04:35:38.679 7 WARNING neutron.api.rpc.agentnotifiers.dhcp_rpc_agent_api [None req-98f71090-1f2c-41a8-bde8-d483f9717085 de30293df9ec44dc9426871744b479ae 5ce8596715864b789e8df051e3a5bf7c - - default default] Unable to schedule network 7aa69737-8ebd-45ec-9b34-b6432312d20f: no agents available; will retry on subsequent port and subnet creation events.
2026-07-02 04:35:38.709 7 INFO neutron.db.ovn_revision_numbers_db [None req-98f71090-1f2c-41a8-bde8-d483f9717085 de30293df9ec44dc9426871744b479ae 5ce8596715864b789e8df051e3a5bf7c - - default default] Successfully bumped revision number for resource f43beeec-491d-4a98-abde-629eff1867ff (type: subnets) to 0
2026-07-02 04:35:38.726 8 INFO neutron.db.ovn_revision_numbers_db [None req-8605ff58-40a7-4465-8282-e0b7d5620729 772aaea036114ad99243d9b5aacb7b81 5e123c79626c43b8b65815d0b92994af - - default default] Successfully bumped revision number for resource 66e72c04-e7f6-469a-af0b-e24c9f44d6fa (type: security_groups) to 1 [pid: 7|app: 0|req: 604/1205] 10.0.0.121 () {34 vars in 669 bytes} [Thu Jul 2 04:35:38 2026] POST /v2.0/subnets => generated 655 bytes in 317 msecs (HTTP/1.1 201) 4 headers in 162 bytes (1 switches on core 0)
2026-07-02 04:35:38.743 8 INFO neutron.db.ovn_revision_numbers_db [None req-8605ff58-40a7-4465-8282-e0b7d5620729 772aaea036114ad99243d9b5aacb7b81 5e123c79626c43b8b65815d0b92994af - - default default] Successfully bumped revision number for resource 4b0cb7b3-d7b1-43d5-ae16-eaf1b55aefbd (type: security_group_rules) to 0
2026-07-02 04:35:38.759 8 INFO neutron.db.ovn_revision_numbers_db [None req-8605ff58-40a7-4465-8282-e0b7d5620729 772aaea036114ad99243d9b5aacb7b81 5e123c79626c43b8b65815d0b92994af - - default default] Successfully bumped revision number for resource 9e0a995f-3edd-4dcc-99a8-e4f3745941eb (type: security_group_rules) to 0
2026-07-02 04:35:38.771 8 INFO neutron.db.ovn_revision_numbers_db [None req-8605ff58-40a7-4465-8282-e0b7d5620729 772aaea036114ad99243d9b5aacb7b81 5e123c79626c43b8b65815d0b92994af - - default default] Successfully bumped revision number for resource bb1f96e7-e08c-4245-888e-efe840f5cf0b (type: security_group_rules) to 0
2026-07-02 04:35:38.806 8 INFO neutron.db.ovn_revision_numbers_db [None req-8605ff58-40a7-4465-8282-e0b7d5620729 772aaea036114ad99243d9b5aacb7b81 5e123c79626c43b8b65815d0b92994af - - default default] Successfully bumped revision number for resource eb87a8e8-ae24-4c59-8724-018e60cfbde3 (type: security_group_rules) to 0
2026-07-02 04:35:38.897 8 INFO neutron.db.segments_db [None req-8605ff58-40a7-4465-8282-e0b7d5620729 772aaea036114ad99243d9b5aacb7b81 5e123c79626c43b8b65815d0b92994af - - default default] Added segment 12f8646a-3660-461b-9b32-ae6416a1d45e of type geneve for network a6095f4c-47f9-46a0-b8f3-3dc40ef2eaba
2026-07-02 04:35:38.991 8 INFO neutron.db.segments_db [None req-8605ff58-40a7-4465-8282-e0b7d5620729 772aaea036114ad99243d9b5aacb7b81 5e123c79626c43b8b65815d0b92994af - - default default] Added segment c10a9677-af8f-4c34-8537-3ff2f784b757 of type geneve for network c7b78039-12dc-4c45-8d87-c7e37e414cb6
2026-07-02 04:35:39.108 8 INFO neutron.db.ovn_revision_numbers_db [None req-8605ff58-40a7-4465-8282-e0b7d5620729 772aaea036114ad99243d9b5aacb7b81 5e123c79626c43b8b65815d0b92994af - - default default] Successfully bumped revision number for resource a6095f4c-47f9-46a0-b8f3-3dc40ef2eaba (type: networks) to 1
2026-07-02 04:35:39.118 7 WARNING neutron.scheduler.dhcp_agent_scheduler [None req-0c5c4737-c5d4-40e0-bf0e-9e579956daae b8aa5e22a867415884c8e96a025d9869 699e34e7a8334d28b107bb3fae566c56 - - default default] No more DHCP agents
2026-07-02 04:35:39.120 7 WARNING neutron.api.rpc.agentnotifiers.dhcp_rpc_agent_api [None req-0c5c4737-c5d4-40e0-bf0e-9e579956daae b8aa5e22a867415884c8e96a025d9869 699e34e7a8334d28b107bb3fae566c56 - - default default] Unable to schedule network 4b3328e1-89d4-4deb-8a7c-cfcc51851c71: no agents available; will retry on subsequent port and subnet creation events.
2026-07-02 04:35:39.248 7 INFO neutron.plugins.ml2.drivers.ovn.mech_driver.mech_driver [None req-20912c4e-140f-48dd-bd45-c05a321e1b12 - - - - - -] OVN reports status down for port: cd81d49f-f3f8-4fe4-a24d-5c78b554b2f1
2026-07-02 04:35:39.307 8 WARNING neutron.scheduler.dhcp_agent_scheduler [None req-8605ff58-40a7-4465-8282-e0b7d5620729 772aaea036114ad99243d9b5aacb7b81 5e123c79626c43b8b65815d0b92994af - - default default] No more DHCP agents
2026-07-02 04:35:39.310 8 WARNING neutron.api.rpc.agentnotifiers.dhcp_rpc_agent_api [None req-8605ff58-40a7-4465-8282-e0b7d5620729 772aaea036114ad99243d9b5aacb7b81 5e123c79626c43b8b65815d0b92994af - - default default] Unable to schedule network a6095f4c-47f9-46a0-b8f3-3dc40ef2eaba: no agents available; will retry on subsequent port and subnet creation events.
2026-07-02 04:35:39.324 7 INFO neutron.db.ovn_revision_numbers_db [None req-0c5c4737-c5d4-40e0-bf0e-9e579956daae b8aa5e22a867415884c8e96a025d9869 699e34e7a8334d28b107bb3fae566c56 - - default default] Successfully bumped revision number for resource cd81d49f-f3f8-4fe4-a24d-5c78b554b2f1 (type: ports) to 1
2026-07-02 04:35:39.386 8 INFO neutron.db.ovn_revision_numbers_db [None req-8605ff58-40a7-4465-8282-e0b7d5620729 772aaea036114ad99243d9b5aacb7b81 5e123c79626c43b8b65815d0b92994af - - default default] Successfully bumped revision number for resource 524dafe2-4502-4f3d-8c68-ada1f15f76a2 (type: ports) to 1
2026-07-02 04:35:39.460 8 INFO neutron.db.ovn_revision_numbers_db [None req-8605ff58-40a7-4465-8282-e0b7d5620729 772aaea036114ad99243d9b5aacb7b81 5e123c79626c43b8b65815d0b92994af - - default default] Successfully bumped revision number for resource c7b78039-12dc-4c45-8d87-c7e37e414cb6 (type: networks) to 1
2026-07-02 04:35:39.481 7 INFO neutron.plugins.ml2.drivers.ovn.mech_driver.mech_driver [None req-20912c4e-140f-48dd-bd45-c05a321e1b12 - - - - - -] OVN reports status down for port: 524dafe2-4502-4f3d-8c68-ada1f15f76a2
2026-07-02 04:35:39.666 8 WARNING neutron.scheduler.dhcp_agent_scheduler [None req-8605ff58-40a7-4465-8282-e0b7d5620729 772aaea036114ad99243d9b5aacb7b81 5e123c79626c43b8b65815d0b92994af - - default default] No more DHCP agents
2026-07-02 04:35:39.667 8 WARNING neutron.api.rpc.agentnotifiers.dhcp_rpc_agent_api [None req-8605ff58-40a7-4465-8282-e0b7d5620729 772aaea036114ad99243d9b5aacb7b81 5e123c79626c43b8b65815d0b92994af - - default default] Unable to schedule network c7b78039-12dc-4c45-8d87-c7e37e414cb6: no agents available; will retry on subsequent port and subnet creation events.
2026-07-02 04:35:39.752 8 INFO neutron.db.ovn_revision_numbers_db [None req-8605ff58-40a7-4465-8282-e0b7d5620729 772aaea036114ad99243d9b5aacb7b81 5e123c79626c43b8b65815d0b92994af - - default default] Successfully bumped revision number for resource e553e541-64e2-4c57-85ef-cfefce2fe336 (type: ports) to 1 [pid: 8|app: 0|req: 602/1206] 10.0.0.121 () {34 vars in 670 bytes} [Thu Jul 2 04:35:38 2026] POST /v2.0/networks => generated 1320 bytes in 1529 msecs (HTTP/1.1 201) 4 headers in 163 bytes (1 switches on core 0)
2026-07-02 04:35:39.877 8 INFO neutron.db.ovn_revision_numbers_db [None req-fe4d92db-c210-4146-9110-b22a86f47da3 de30293df9ec44dc9426871744b479ae 5ce8596715864b789e8df051e3a5bf7c - - default default] Successfully bumped revision number for resource 61b848d7-0bff-456d-8c28-8e6fd235ae08 (type: routers) to 1 [pid: 8|app: 0|req: 603/1207] 10.0.0.121 () {34 vars in 669 bytes} [Thu Jul 2 04:35:39 2026] POST /v2.0/routers => generated 607 bytes in 112 msecs (HTTP/1.1 201) 4 headers in 162 bytes (1 switches on core 0) [pid: 8|app: 0|req: 606/1210] 10.0.0.121 () {32 vars in 649 bytes} [Thu Jul 2 04:35:39 2026] GET /v2.0/networks => generated 1969 bytes in 59 msecs (HTTP/1.1 200) 4 headers in 158 bytes (1 switches on core 0)
2026-07-02 04:35:40.313 8 WARNING neutron.scheduler.dhcp_agent_scheduler [None req-ee878d5c-003b-474f-a397-7f93644b6650 de30293df9ec44dc9426871744b479ae 5ce8596715864b789e8df051e3a5bf7c - - default default] No more DHCP agents
2026-07-02 04:35:40.315 8 WARNING neutron.api.rpc.agentnotifiers.dhcp_rpc_agent_api [None req-ee878d5c-003b-474f-a397-7f93644b6650 de30293df9ec44dc9426871744b479ae 5ce8596715864b789e8df051e3a5bf7c - - default default] Unable to schedule network d57d927f-5313-458c-9220-0c304cfa3d20: no agents available; will retry on subsequent port and subnet creation events.
2026-07-02 04:35:40.419 8 INFO neutron.plugins.ml2.drivers.ovn.mech_driver.mech_driver [None req-a44d1261-c6ce-4bd9-b0cc-1a2bce03243f - - - - - -] OVN reports status down for port: ef0ecd1f-44ea-45c1-9f4a-9e3a4db27873
2026-07-02 04:35:40.488 8 INFO neutron.db.ovn_revision_numbers_db [None req-ee878d5c-003b-474f-a397-7f93644b6650 de30293df9ec44dc9426871744b479ae 5ce8596715864b789e8df051e3a5bf7c - - default default] Successfully bumped revision number for resource ef0ecd1f-44ea-45c1-9f4a-9e3a4db27873 (type: ports) to 1
2026-07-02 04:35:40.547 7 INFO neutron.plugins.ml2.drivers.ovn.mech_driver.mech_driver [None req-20912c4e-140f-48dd-bd45-c05a321e1b12 - - - - - -] OVN reports status down for port: e553e541-64e2-4c57-85ef-cfefce2fe336
2026-07-02 04:35:40.989 8 INFO neutron.plugins.ml2.drivers.ovn.mech_driver.mech_driver [None req-a44d1261-c6ce-4bd9-b0cc-1a2bce03243f - - - - - -] OVN reports status up for port: ef0ecd1f-44ea-45c1-9f4a-9e3a4db27873
2026-07-02 04:35:41.012 8 INFO neutron.plugins.ml2.plugin [None req-a44d1261-c6ce-4bd9-b0cc-1a2bce03243f - - - - - -] Attempt 1 to provision port ef0ecd1f-44ea-45c1-9f4a-9e3a4db27873
2026-07-02 04:35:41.019 7 INFO neutron.plugins.ml2.drivers.ovn.mech_driver.ovsdb.commands [None req-66f76f0e-3465-4f9c-8a14-29335adb3dbe - - - - - -] Schedule LRP lrp-cd81d49f-f3f8-4fe4-a24d-5c78b554b2f1 on gateway 6eb9e227-41c3-4c47-b59f-11b30e58115f with priority 1
2026-07-02 04:35:41.048 7 INFO neutron.plugins.ml2.drivers.ovn.mech_driver.mech_driver [None req-20912c4e-140f-48dd-bd45-c05a321e1b12 - - - - - -] OVN reports status up for port: cd81d49f-f3f8-4fe4-a24d-5c78b554b2f1
