2026-05-19 01:17:24.196 8 INFO placement.requestlog [None req-e7154b2b-9f1d-48f0-8916-4936b0a8f899 e13ef550a1ba452d96d4b4a4b13ce263 0f71a33ebea64831bc2f296ab7b79fe8 - - 6579a68d531e49fa8bf3c91b8ed0fc2d 6579a68d531e49fa8bf3c91b8ed0fc2d] 10.0.0.226 "DELETE /resource_providers/9f0af5b5-8672-4074-bdd8-ad4b24148977" status: 404 len: 246 microversion: 1.1 [pid: 8|app: 0|req: 508/1017] 10.0.0.226 () {34 vars in 816 bytes} [Tue May 19 01:17:24 2026] DELETE /resource_providers/9f0af5b5-8672-4074-bdd8-ad4b24148977 => generated 246 bytes in 16 msecs (HTTP/1.1 404) 6 headers in 231 bytes (1 switches on core 0)
2026-05-19 01:17:26.579 7 INFO placement.requestlog [None req-2394a207-3a9a-4cec-b242-140d28fb9fb1 - - - - - -] 10.0.0.9 "GET /" status: 200 len: 136 microversion: 1.0
2026-05-19 01:17:26.579 8 INFO placement.requestlog [None req-a6355f01-c170-4532-ab14-a26ccdc4dc83 - - - - - -] 10.0.0.9 "GET /" status: 200 len: 136 microversion: 1.0
2026-05-19 01:17:32.970 7 INFO placement.requestlog [req-f806108e-ad0a-42f4-8ae8-217c4da47112 req-4b22db07-76a0-4b91-b955-e4baa8fdcc42 ade599b4b94545599cafcf75a2cb2dd0 0f71a33ebea64831bc2f296ab7b79fe8 - - 6579a68d531e49fa8bf3c91b8ed0fc2d 6579a68d531e49fa8bf3c91b8ed0fc2d] 162.253.55.186 "GET /resource_providers/1f5d8ee2-6249-49a1-89cb-5725541c6a83/allocations" status: 200 len: 55 microversion: 1.0 [pid: 7|app: 0|req: 511/1020] 162.253.55.186 () {32 vars in 857 bytes} [Tue May 19 01:17:32 2026] GET /resource_providers/1f5d8ee2-6249-49a1-89cb-5725541c6a83/allocations => generated 55 bytes in 19 msecs (HTTP/1.1 200) 6 headers in 223 bytes (1 switches on core 0)
2026-05-19 01:17:32.992 8 INFO placement.requestlog [req-f806108e-ad0a-42f4-8ae8-217c4da47112 req-26013ca0-c661-44b3-aeef-a5811bc56e48 ade599b4b94545599cafcf75a2cb2dd0 0f71a33ebea64831bc2f296ab7b79fe8 - - 6579a68d531e49fa8bf3c91b8ed0fc2d 6579a68d531e49fa8bf3c91b8ed0fc2d] 162.253.55.186 "GET /resource_providers/1f5d8ee2-6249-49a1-89cb-5725541c6a83/allocations" status: 200 len: 55 microversion: 1.0 [pid: 8|app: 0|req: 510/1021] 162.253.55.186 () {32 vars in 857 bytes} [Tue May 19 01:17:32 2026] GET /resource_providers/1f5d8ee2-6249-49a1-89cb-5725541c6a83/allocations => generated 55 bytes in 16 msecs (HTTP/1.1 200) 6 headers in 223 bytes (1 switches on core 0)
2026-05-19 01:17:36.579 7 INFO placement.requestlog [None req-5d6ce14c-6e74-41d1-bb5f-9c0ea217f04a - - - - - -] 10.0.0.9 "GET /" status: 200 len: 136 microversion: 1.0
2026-05-19 01:17:36.579 8 INFO placement.requestlog [None req-98acbb55-7923-4830-b7e4-7a6020dc6307 - - - - - -] 10.0.0.9 "GET /" status: 200 len: 136 microversion: 1.0
2026-05-19 01:17:38.655 7 INFO placement.requestlog [None req-fcaa6682-e29c-4739-b5ba-6c5a696685f2 e13ef550a1ba452d96d4b4a4b13ce263 0f71a33ebea64831bc2f296ab7b79fe8 - - 6579a68d531e49fa8bf3c91b8ed0fc2d 6579a68d531e49fa8bf3c91b8ed0fc2d] 10.0.0.226 "GET /resource_providers/dcf3d6f3-f434-46b8-b296-dd1cf4b1f222/aggregates" status: 404 len: 235 microversion: 1.1 [pid: 7|app: 0|req: 513/1024] 10.0.0.226 () {32 vars in 816 bytes} [Tue May 19 01:17:38 2026] GET /resource_providers/dcf3d6f3-f434-46b8-b296-dd1cf4b1f222/aggregates => generated 235 bytes in 122 msecs (HTTP/1.1 404) 5 headers in 202 bytes (1 switches on core 0)
2026-05-19 01:17:38.659 8 INFO placement.requestlog [None req-e7e4eb5f-6e1b-4966-b0f4-efaacf6f5068 e13ef550a1ba452d96d4b4a4b13ce263 0f71a33ebea64831bc2f296ab7b79fe8 - - 6579a68d531e49fa8bf3c91b8ed0fc2d 6579a68d531e49fa8bf3c91b8ed0fc2d] 10.0.0.226 "GET /resource_providers/dcf3d6f3-f434-46b8-b296-dd1cf4b1f222/aggregates" status: 404 len: 235 microversion: 1.1 [pid: 8|app: 0|req: 512/1025] 10.0.0.226 () {32 vars in 816 bytes} [Tue May 19 01:17:38 2026] GET /resource_providers/dcf3d6f3-f434-46b8-b296-dd1cf4b1f222/aggregates => generated 235 bytes in 127 msecs (HTTP/1.1 404) 5 headers in 202 bytes (1 switches on core 0)
2026-05-19 01:17:38.675 7 INFO placement.requestlog [None req-fbc26068-e238-43f9-8834-2710b052fcef e13ef550a1ba452d96d4b4a4b13ce263 0f71a33ebea64831bc2f296ab7b79fe8 - - 6579a68d531e49fa8bf3c91b8ed0fc2d 6579a68d531e49fa8bf3c91b8ed0fc2d] 10.0.0.226 "DELETE /resource_providers/dcf3d6f3-f434-46b8-b296-dd1cf4b1f222" status: 404 len: 246 microversion: 1.1 [pid: 7|app: 0|req: 514/1026] 10.0.0.226 () {34 vars in 816 bytes} [Tue May 19 01:17:38 2026] DELETE /resource_providers/dcf3d6f3-f434-46b8-b296-dd1cf4b1f222 => generated 246 bytes in 11 msecs (HTTP/1.1 404) 6 headers in 231 bytes (1 switches on core 0)
2026-05-19 01:17:38.678 8 INFO placement.requestlog [None req-0b433297-aed8-413e-96c6-36246d89d44c e13ef550a1ba452d96d4b4a4b13ce263 0f71a33ebea64831bc2f296ab7b79fe8 - - 6579a68d531e49fa8bf3c91b8ed0fc2d 6579a68d531e49fa8bf3c91b8ed0fc2d] 10.0.0.226 "DELETE /resource_providers/dcf3d6f3-f434-46b8-b296-dd1cf4b1f222" status: 404 len: 246 microversion: 1.1 [pid: 8|app: 0|req: 513/1027] 10.0.0.226 () {34 vars in 816 bytes} [Tue May 19 01:17:38 2026] DELETE /resource_providers/dcf3d6f3-f434-46b8-b296-dd1cf4b1f222 => generated 246 bytes in 10 msecs (HTTP/1.1 404) 6 headers in 231 bytes (1 switches on core 0)
2026-05-19 01:17:42.424 7 INFO placement.requestlog [None req-1451160b-2861-4c96-8652-665a16d70fcf e13ef550a1ba452d96d4b4a4b13ce263 0f71a33ebea64831bc2f296ab7b79fe8 - - 6579a68d531e49fa8bf3c91b8ed0fc2d 6579a68d531e49fa8bf3c91b8ed0fc2d] 10.0.0.226 "GET /resource_providers/69ab245d-3716-47aa-8f74-c72d7e05d9f3/aggregates" status: 404 len: 235 microversion: 1.1 [pid: 7|app: 0|req: 515/1028] 10.0.0.226 () {32 vars in 816 bytes} [Tue May 19 01:17:42 2026] GET /resource_providers/69ab245d-3716-47aa-8f74-c72d7e05d9f3/aggregates => generated 235 bytes in 7 msecs (HTTP/1.1 404) 5 headers in 202 bytes (1 switches on core 0)
2026-05-19 01:17:42.432 8 INFO placement.requestlog [None req-4f33cc77-2371-4c35-a9ff-5a1676c3c791 e13ef550a1ba452d96d4b4a4b13ce263 0f71a33ebea64831bc2f296ab7b79fe8 - - 6579a68d531e49fa8bf3c91b8ed0fc2d 6579a68d531e49fa8bf3c91b8ed0fc2d] 10.0.0.226 "GET /resource_providers/69ab245d-3716-47aa-8f74-c72d7e05d9f3/aggregates" status: 404 len: 235 microversion: 1.1 [pid: 8|app: 0|req: 514/1029] 10.0.0.226 () {32 vars in 816 bytes} [Tue May 19 01:17:42 2026] GET /resource_providers/69ab245d-3716-47aa-8f74-c72d7e05d9f3/aggregates => generated 235 bytes in 8 msecs (HTTP/1.1 404) 5 headers in 202 bytes (1 switches on core 0)
2026-05-19 01:17:42.443 7 INFO placement.requestlog [None req-e135eb09-6e1d-4a14-ac81-846d893051c2 e13ef550a1ba452d96d4b4a4b13ce263 0f71a33ebea64831bc2f296ab7b79fe8 - - 6579a68d531e49fa8bf3c91b8ed0fc2d 6579a68d531e49fa8bf3c91b8ed0fc2d] 10.0.0.226 "DELETE /resource_providers/69ab245d-3716-47aa-8f74-c72d7e05d9f3" status: 404 len: 246 microversion: 1.1 [pid: 7|app: 0|req: 516/1030] 10.0.0.226 () {34 vars in 816 bytes} [Tue May 19 01:17:42 2026] DELETE /resource_providers/69ab245d-3716-47aa-8f74-c72d7e05d9f3 => generated 246 bytes in 9 msecs (HTTP/1.1 404) 6 headers in 231 bytes (1 switches on core 0)
2026-05-19 01:17:42.453 8 INFO placement.requestlog [None req-7dad6af1-dd5f-45bc-9cee-482ec7e62789 e13ef550a1ba452d96d4b4a4b13ce263 0f71a33ebea64831bc2f296ab7b79fe8 - - 6579a68d531e49fa8bf3c91b8ed0fc2d 6579a68d531e49fa8bf3c91b8ed0fc2d] 10.0.0.226 "DELETE /resource_providers/69ab245d-3716-47aa-8f74-c72d7e05d9f3" status: 404 len: 246 microversion: 1.1 [pid: 8|app: 0|req: 515/1031] 10.0.0.226 () {34 vars in 816 bytes} [Tue May 19 01:17:42 2026] DELETE /resource_providers/69ab245d-3716-47aa-8f74-c72d7e05d9f3 => generated 246 bytes in 12 msecs (HTTP/1.1 404) 6 headers in 231 bytes (1 switches on core 0)
2026-05-19 01:17:42.987 7 INFO placement.requestlog [None req-7c2b9841-8218-4565-8b82-df8e6230ca35 e13ef550a1ba452d96d4b4a4b13ce263 0f71a33ebea64831bc2f296ab7b79fe8 - - 6579a68d531e49fa8bf3c91b8ed0fc2d 6579a68d531e49fa8bf3c91b8ed0fc2d] 10.0.0.226 "GET /resource_providers/6af488ba-b545-41da-9ed2-2421addede02/aggregates" status: 404 len: 235 microversion: 1.1 [pid: 7|app: 0|req: 517/1032] 10.0.0.226 () {32 vars in 816 bytes} [Tue May 19 01:17:42 2026] GET /resource_providers/6af488ba-b545-41da-9ed2-2421addede02/aggregates => generated 235 bytes in 218 msecs (HTTP/1.1 404) 5 headers in 202 bytes (1 switches on core 0)
2026-05-19 01:17:42.993 8 INFO placement.requestlog [None req-168740da-054e-4d59-9717-3476be3473a4 e13ef550a1ba452d96d4b4a4b13ce263 0f71a33ebea64831bc2f296ab7b79fe8 - - 6579a68d531e49fa8bf3c91b8ed0fc2d 6579a68d531e49fa8bf3c91b8ed0fc2d] 10.0.0.226 "GET /resource_providers/6af488ba-b545-41da-9ed2-2421addede02/aggregates" status: 404 len: 235 microversion: 1.1 [pid: 8|app: 0|req: 516/1033] 10.0.0.226 () {32 vars in 816 bytes} [Tue May 19 01:17:42 2026] GET /resource_providers/6af488ba-b545-41da-9ed2-2421addede02/aggregates => generated 235 bytes in 224 msecs (HTTP/1.1 404) 5 headers in 202 bytes (1 switches on core 0)
2026-05-19 01:17:43.005 7 INFO placement.requestlog [None req-82bcc2b4-1bc4-4000-b127-89bde9f8113e e13ef550a1ba452d96d4b4a4b13ce263 0f71a33ebea64831bc2f296ab7b79fe8 - - 6579a68d531e49fa8bf3c91b8ed0fc2d 6579a68d531e49fa8bf3c91b8ed0fc2d] 10.0.0.226 "DELETE /resource_providers/6af488ba-b545-41da-9ed2-2421addede02" status: 404 len: 246 microversion: 1.1 [pid: 7|app: 0|req: 518/1034] 10.0.0.226 () {34 vars in 816 bytes} [Tue May 19 01:17:42 2026] DELETE /resource_providers/6af488ba-b545-41da-9ed2-2421addede02 => generated 246 bytes in 8 msecs (HTTP/1.1 404) 6 headers in 231 bytes (1 switches on core 0)
2026-05-19 01:17:43.005 8 INFO placement.requestlog [None req-3cbe129a-1b57-4ee6-9cb0-f766fd9bad1f e13ef550a1ba452d96d4b4a4b13ce263 0f71a33ebea64831bc2f296ab7b79fe8 - - 6579a68d531e49fa8bf3c91b8ed0fc2d 6579a68d531e49fa8bf3c91b8ed0fc2d] 10.0.0.226 "DELETE /resource_providers/6af488ba-b545-41da-9ed2-2421addede02" status: 404 len: 246 microversion: 1.1 [pid: 8|app: 0|req: 517/1035] 10.0.0.226 () {34 vars in 816 bytes} [Tue May 19 01:17:42 2026] DELETE /resource_providers/6af488ba-b545-41da-9ed2-2421addede02 => generated 246 bytes in 7 msecs (HTTP/1.1 404) 6 headers in 231 bytes (1 switches on core 0)
2026-05-19 01:17:44.467 7 INFO placement.requestlog [None req-6df11dc7-1774-4a9c-a9cd-ac0cb752ab2a e13ef550a1ba452d96d4b4a4b13ce263 0f71a33ebea64831bc2f296ab7b79fe8 - - 6579a68d531e49fa8bf3c91b8ed0fc2d 6579a68d531e49fa8bf3c91b8ed0fc2d] 10.0.0.226 "GET /resource_providers/42124d32-e90c-4b13-acea-ec4ec6ec7211/aggregates" status: 404 len: 235 microversion: 1.1 [pid: 7|app: 0|req: 519/1036] 10.0.0.226 () {32 vars in 816 bytes} [Tue May 19 01:17:44 2026] GET /resource_providers/42124d32-e90c-4b13-acea-ec4ec6ec7211/aggregates => generated 235 bytes in 10 msecs (HTTP/1.1 404) 5 headers in 202 bytes (1 switches on core 0)
2026-05-19 01:17:44.470 8 INFO placement.requestlog [None req-d1c7f07b-d7b8-4128-b611-7aef7b9d9b6d e13ef550a1ba452d96d4b4a4b13ce263 0f71a33ebea64831bc2f296ab7b79fe8 - - 6579a68d531e49fa8bf3c91b8ed0fc2d 6579a68d531e49fa8bf3c91b8ed0fc2d] 10.0.0.226 "GET /resource_providers/42124d32-e90c-4b13-acea-ec4ec6ec7211/aggregates" status: 404 len: 235 microversion: 1.1 [pid: 8|app: 0|req: 518/1037] 10.0.0.226 () {32 vars in 816 bytes} [Tue May 19 01:17:44 2026] GET /resource_providers/42124d32-e90c-4b13-acea-ec4ec6ec7211/aggregates => generated 235 bytes in 8 msecs (HTTP/1.1 404) 5 headers in 202 bytes (1 switches on core 0)
2026-05-19 01:17:44.483 8 INFO placement.requestlog [None req-adb9f11d-587e-4d62-9ba2-b4b488d87bae e13ef550a1ba452d96d4b4a4b13ce263 0f71a33ebea64831bc2f296ab7b79fe8 - - 6579a68d531e49fa8bf3c91b8ed0fc2d 6579a68d531e49fa8bf3c91b8ed0fc2d] 10.0.0.226 "DELETE /resource_providers/42124d32-e90c-4b13-acea-ec4ec6ec7211" status: 404 len: 246 microversion: 1.1 [pid: 8|app: 0|req: 519/1038] 10.0.0.226 () {34 vars in 816 bytes} [Tue May 19 01:17:44 2026] DELETE /resource_providers/42124d32-e90c-4b13-acea-ec4ec6ec7211 => generated 246 bytes in 7 msecs (HTTP/1.1 404) 6 headers in 231 bytes (1 switches on core 0)
2026-05-19 01:17:44.484 7 INFO placement.requestlog [None req-d6cac712-dac2-4f78-bd98-b85f2009be13 e13ef550a1ba452d96d4b4a4b13ce263 0f71a33ebea64831bc2f296ab7b79fe8 - - 6579a68d531e49fa8bf3c91b8ed0fc2d 6579a68d531e49fa8bf3c91b8ed0fc2d] 10.0.0.226 "DELETE /resource_providers/42124d32-e90c-4b13-acea-ec4ec6ec7211" status: 404 len: 246 microversion: 1.1 [pid: 7|app: 0|req: 520/1039] 10.0.0.226 () {34 vars in 816 bytes} [Tue May 19 01:17:44 2026] DELETE /resource_providers/42124d32-e90c-4b13-acea-ec4ec6ec7211 => generated 246 bytes in 10 msecs (HTTP/1.1 404) 6 headers in 231 bytes (1 switches on core 0)
2026-05-19 01:17:44.503 8 INFO placement.requestlog [None req-175761b2-a516-4e2f-8b3f-fc9878ff5283 e13ef550a1ba452d96d4b4a4b13ce263 0f71a33ebea64831bc2f296ab7b79fe8 - - 6579a68d531e49fa8bf3c91b8ed0fc2d 6579a68d531e49fa8bf3c91b8ed0fc2d] 10.0.0.226 "GET /resource_providers/c645f1ba-db98-41ec-a7a5-f7acdd363463/aggregates" status: 404 len: 235 microversion: 1.1 [pid: 8|app: 0|req: 520/1040] 10.0.0.226 () {32 vars in 816 bytes} [Tue May 19 01:17:44 2026] GET /resource_providers/c645f1ba-db98-41ec-a7a5-f7acdd363463/aggregates => generated 235 bytes in 10 msecs (HTTP/1.1 404) 5 headers in 202 bytes (1 switches on core 0)
2026-05-19 01:17:44.508 7 INFO placement.requestlog [None req-3ac818c5-f13b-45fd-861e-91d2fe976e22 e13ef550a1ba452d96d4b4a4b13ce263 0f71a33ebea64831bc2f296ab7b79fe8 - - 6579a68d531e49fa8bf3c91b8ed0fc2d 6579a68d531e49fa8bf3c91b8ed0fc2d] 10.0.0.226 "GET /resource_providers/c645f1ba-db98-41ec-a7a5-f7acdd363463/aggregates" status: 404 len: 235 microversion: 1.1 [pid: 7|app: 0|req: 521/1041] 10.0.0.226 () {32 vars in 816 bytes} [Tue May 19 01:17:44 2026] GET /resource_providers/c645f1ba-db98-41ec-a7a5-f7acdd363463/aggregates => generated 235 bytes in 14 msecs (HTTP/1.1 404) 5 headers in 202 bytes (1 switches on core 0)
2026-05-19 01:17:44.519 8 INFO placement.requestlog [None req-7c240316-0023-4a17-8cba-b7b797c77d19 e13ef550a1ba452d96d4b4a4b13ce263 0f71a33ebea64831bc2f296ab7b79fe8 - - 6579a68d531e49fa8bf3c91b8ed0fc2d 6579a68d531e49fa8bf3c91b8ed0fc2d] 10.0.0.226 "DELETE /resource_providers/c645f1ba-db98-41ec-a7a5-f7acdd363463" status: 404 len: 246 microversion: 1.1 [pid: 8|app: 0|req: 521/1042] 10.0.0.226 () {34 vars in 816 bytes} [Tue May 19 01:17:44 2026] DELETE /resource_providers/c645f1ba-db98-41ec-a7a5-f7acdd363463 => generated 246 bytes in 10 msecs (HTTP/1.1 404) 6 headers in 231 bytes (1 switches on core 0)
2026-05-19 01:17:44.534 7 INFO placement.requestlog [None req-80faa1d4-61f3-4a63-9b0a-0fb2f6a9b8d7 e13ef550a1ba452d96d4b4a4b13ce263 0f71a33ebea64831bc2f296ab7b79fe8 - - 6579a68d531e49fa8bf3c91b8ed0fc2d 6579a68d531e49fa8bf3c91b8ed0fc2d] 10.0.0.226 "DELETE /resource_providers/c645f1ba-db98-41ec-a7a5-f7acdd363463" status: 404 len: 246 microversion: 1.1 [pid: 7|app: 0|req: 522/1043] 10.0.0.226 () {34 vars in 816 bytes} [Tue May 19 01:17:44 2026] DELETE /resource_providers/c645f1ba-db98-41ec-a7a5-f7acdd363463 => generated 246 bytes in 18 msecs (HTTP/1.1 404) 6 headers in 231 bytes (1 switches on core 0)
2026-05-19 01:17:45.028 8 INFO placement.requestlog [None req-f859ed89-ae63-44f7-a707-248fce0c1a5a e13ef550a1ba452d96d4b4a4b13ce263 0f71a33ebea64831bc2f296ab7b79fe8 - - 6579a68d531e49fa8bf3c91b8ed0fc2d 6579a68d531e49fa8bf3c91b8ed0fc2d] 10.0.0.226 "GET /resource_providers/74616a9c-2620-42cf-8c5c-3de642c2ef02/aggregates" status: 404 len: 235 microversion: 1.1 [pid: 8|app: 0|req: 522/1044] 10.0.0.226 () {32 vars in 816 bytes} [Tue May 19 01:17:45 2026] GET /resource_providers/74616a9c-2620-42cf-8c5c-3de642c2ef02/aggregates => generated 235 bytes in 9 msecs (HTTP/1.1 404) 5 headers in 202 bytes (1 switches on core 0)
2026-05-19 01:17:45.030 7 INFO placement.requestlog [None req-22b87aed-33f0-4889-b134-b3b15860e62a e13ef550a1ba452d96d4b4a4b13ce263 0f71a33ebea64831bc2f296ab7b79fe8 - - 6579a68d531e49fa8bf3c91b8ed0fc2d 6579a68d531e49fa8bf3c91b8ed0fc2d] 10.0.0.226 "GET /resource_providers/74616a9c-2620-42cf-8c5c-3de642c2ef02/aggregates" status: 404 len: 235 microversion: 1.1 [pid: 7|app: 0|req: 523/1045] 10.0.0.226 () {32 vars in 816 bytes} [Tue May 19 01:17:45 2026] GET /resource_providers/74616a9c-2620-42cf-8c5c-3de642c2ef02/aggregates => generated 235 bytes in 12 msecs (HTTP/1.1 404) 5 headers in 202 bytes (1 switches on core 0)
2026-05-19 01:17:45.048 8 INFO placement.requestlog [None req-2440085d-8457-49d2-838e-adf277dd3abc e13ef550a1ba452d96d4b4a4b13ce263 0f71a33ebea64831bc2f296ab7b79fe8 - - 6579a68d531e49fa8bf3c91b8ed0fc2d 6579a68d531e49fa8bf3c91b8ed0fc2d] 10.0.0.226 "DELETE /resource_providers/74616a9c-2620-42cf-8c5c-3de642c2ef02" status: 404 len: 246 microversion: 1.1 [pid: 8|app: 0|req: 523/1046] 10.0.0.226 () {34 vars in 816 bytes} [Tue May 19 01:17:45 2026] DELETE /resource_providers/74616a9c-2620-42cf-8c5c-3de642c2ef02 => generated 246 bytes in 7 msecs (HTTP/1.1 404) 6 headers in 231 bytes (1 switches on core 0)
2026-05-19 01:17:45.055 7 INFO placement.requestlog [None req-d4f6f1f3-c9fb-4111-858c-d8dbc63340a0 e13ef550a1ba452d96d4b4a4b13ce263 0f71a33ebea64831bc2f296ab7b79fe8 - - 6579a68d531e49fa8bf3c91b8ed0fc2d 6579a68d531e49fa8bf3c91b8ed0fc2d] 10.0.0.226 "DELETE /resource_providers/74616a9c-2620-42cf-8c5c-3de642c2ef02" status: 404 len: 246 microversion: 1.1 [pid: 7|app: 0|req: 524/1047] 10.0.0.226 () {34 vars in 816 bytes} [Tue May 19 01:17:45 2026] DELETE /resource_providers/74616a9c-2620-42cf-8c5c-3de642c2ef02 => generated 246 bytes in 11 msecs (HTTP/1.1 404) 6 headers in 231 bytes (1 switches on core 0)
2026-05-19 01:17:46.579 8 INFO placement.requestlog [None req-a2b2208c-46b4-4ab6-879f-d2ae2cbe3568 - - - - - -] 10.0.0.9 "GET /" status: 200 len: 136 microversion: 1.0
2026-05-19 01:17:46.579 7 INFO placement.requestlog [None req-7aa8a8d2-723e-4d85-8213-adea04054cc1 - - - - - -] 10.0.0.9 "GET /" status: 200 len: 136 microversion: 1.0
2026-05-19 01:17:51.976 8 INFO placement.requestlog [None req-42db63db-fe4c-471a-a7dc-19d1f2de1d65 e13ef550a1ba452d96d4b4a4b13ce263 0f71a33ebea64831bc2f296ab7b79fe8 - - 6579a68d531e49fa8bf3c91b8ed0fc2d 6579a68d531e49fa8bf3c91b8ed0fc2d] 10.0.0.226 "GET /resource_providers/94acf8e1-a3bf-4b27-962e-45b2e4fde44a/aggregates" status: 404 len: 235 microversion: 1.1 [pid: 8|app: 0|req: 525/1050] 10.0.0.226 () {32 vars in 816 bytes} [Tue May 19 01:17:51 2026] GET /resource_providers/94acf8e1-a3bf-4b27-962e-45b2e4fde44a/aggregates => generated 235 bytes in 10 msecs (HTTP/1.1 404) 5 headers in 202 bytes (1 switches on core 0)
2026-05-19 01:17:51.981 7 INFO placement.requestlog [None req-686bf9d4-4de9-4565-957d-30896c2f6c81 e13ef550a1ba452d96d4b4a4b13ce263 0f71a33ebea64831bc2f296ab7b79fe8 - - 6579a68d531e49fa8bf3c91b8ed0fc2d 6579a68d531e49fa8bf3c91b8ed0fc2d] 10.0.0.226 "GET /resource_providers/94acf8e1-a3bf-4b27-962e-45b2e4fde44a/aggregates" status: 404 len: 235 microversion: 1.1 [pid: 7|app: 0|req: 526/1051] 10.0.0.226 () {32 vars in 816 bytes} [Tue May 19 01:17:51 2026] GET /resource_providers/94acf8e1-a3bf-4b27-962e-45b2e4fde44a/aggregates => generated 235 bytes in 11 msecs (HTTP/1.1 404) 5 headers in 202 bytes (1 switches on core 0)
2026-05-19 01:17:52.006 8 INFO placement.requestlog [None req-f6469e6d-8721-4026-9ca8-02179b0d2b96 e13ef550a1ba452d96d4b4a4b13ce263 0f71a33ebea64831bc2f296ab7b79fe8 - - 6579a68d531e49fa8bf3c91b8ed0fc2d 6579a68d531e49fa8bf3c91b8ed0fc2d] 10.0.0.226 "DELETE /resource_providers/94acf8e1-a3bf-4b27-962e-45b2e4fde44a" status: 404 len: 246 microversion: 1.1 [pid: 8|app: 0|req: 526/1052] 10.0.0.226 () {34 vars in 816 bytes} [Tue May 19 01:17:51 2026] DELETE /resource_providers/94acf8e1-a3bf-4b27-962e-45b2e4fde44a => generated 246 bytes in 17 msecs (HTTP/1.1 404) 6 headers in 231 bytes (1 switches on core 0)
2026-05-19 01:17:52.011 7 INFO placement.requestlog [None req-3999f1f1-3b1d-4d49-9909-180b28958647 e13ef550a1ba452d96d4b4a4b13ce263 0f71a33ebea64831bc2f296ab7b79fe8 - - 6579a68d531e49fa8bf3c91b8ed0fc2d 6579a68d531e49fa8bf3c91b8ed0fc2d] 10.0.0.226 "DELETE /resource_providers/94acf8e1-a3bf-4b27-962e-45b2e4fde44a" status: 404 len: 246 microversion: 1.1 [pid: 7|app: 0|req: 527/1053] 10.0.0.226 () {34 vars in 816 bytes} [Tue May 19 01:17:51 2026] DELETE /resource_providers/94acf8e1-a3bf-4b27-962e-45b2e4fde44a => generated 246 bytes in 19 msecs (HTTP/1.1 404) 6 headers in 231 bytes (1 switches on core 0)
2026-05-19 01:17:56.580 7 INFO placement.requestlog [None req-69978329-007f-44e7-b7e6-33161c11a7fa - - - - - -] 10.0.0.9 "GET /" status: 200 len: 136 microversion: 1.0
2026-05-19 01:17:56.580 8 INFO placement.requestlog [None req-3d479388-df9a-421c-ae9b-b72d5a755a0e - - - - - -] 10.0.0.9 "GET /" status: 200 len: 136 microversion: 1.0
2026-05-19 01:18:06.579 8 INFO placement.requestlog [None req-4b3afc05-8a98-4c46-b143-fff870e3fb8a - - - - - -] 10.0.0.9 "GET /" status: 200 len: 136 microversion: 1.0
2026-05-19 01:18:06.579 7 INFO placement.requestlog [None req-a0e6bad6-93d7-4d73-9c7a-2b6e876e4667 - - - - - -] 10.0.0.9 "GET /" status: 200 len: 136 microversion: 1.0
2026-05-19 01:18:16.580 7 INFO placement.requestlog [None req-264c4afa-bef8-4133-abef-330bddab1456 - - - - - -] 10.0.0.9 "GET /" status: 200 len: 136 microversion: 1.0
2026-05-19 01:18:16.580 8 INFO placement.requestlog [None req-705a5079-a71a-478c-8047-6c8b3626c8d1 - - - - - -] 10.0.0.9 "GET /" status: 200 len: 136 microversion: 1.0
2026-05-19 01:18:18.913 7 INFO placement.requestlog [req-1d967f05-e115-4ac6-b355-8ce099a0f4f9 req-2ecaa823-baca-477a-9003-f56045601e0a ade599b4b94545599cafcf75a2cb2dd0 0f71a33ebea64831bc2f296ab7b79fe8 - - 6579a68d531e49fa8bf3c91b8ed0fc2d 6579a68d531e49fa8bf3c91b8ed0fc2d] 10.0.0.22 "GET /allocation_candidates?limit=1000&resources=DISK_GB%3A1%2CMEMORY_MB%3A512%2CVCPU%3A1&root_required=%21COMPUTE_STATUS_DISABLED" status: 200 len: 2781 microversion: 1.36 [pid: 7|app: 0|req: 531/1060] 10.0.0.22 () {34 vars in 1011 bytes} [Tue May 19 01:18:18 2026] GET /allocation_candidates?limit=1000&resources=DISK_GB%3A1%2CMEMORY_MB%3A512%2CVCPU%3A1&root_required=%21COMPUTE_STATUS_DISABLED => generated 2781 bytes in 148 msecs (HTTP/1.1 200) 8 headers in 297 bytes (1 switches on core 0)
2026-05-19 01:18:18.943 8 INFO placement.requestlog [req-1d967f05-e115-4ac6-b355-8ce099a0f4f9 req-e7030f4e-cf77-4f75-be6d-5238d3ee2fe0 ade599b4b94545599cafcf75a2cb2dd0 0f71a33ebea64831bc2f296ab7b79fe8 - - 6579a68d531e49fa8bf3c91b8ed0fc2d 6579a68d531e49fa8bf3c91b8ed0fc2d] 10.0.0.22 "GET /allocations/9bdc5139-80a7-483c-a1be-c65b121a7318" status: 200 len: 19 microversion: 1.28 [pid: 8|app: 0|req: 530/1061] 10.0.0.22 () {34 vars in 860 bytes} [Tue May 19 01:18:18 2026] GET /allocations/9bdc5139-80a7-483c-a1be-c65b121a7318 => generated 19 bytes in 10 msecs (HTTP/1.1 200) 8 headers in 295 bytes (1 switches on core 0)
2026-05-19 01:18:19.002 7 INFO placement.requestlog [req-1d967f05-e115-4ac6-b355-8ce099a0f4f9 req-c8c099f6-19ec-44ef-9c0c-84b170978bc1 ade599b4b94545599cafcf75a2cb2dd0 0f71a33ebea64831bc2f296ab7b79fe8 - - 6579a68d531e49fa8bf3c91b8ed0fc2d 6579a68d531e49fa8bf3c91b8ed0fc2d] 10.0.0.22 "PUT /allocations/9bdc5139-80a7-483c-a1be-c65b121a7318" status: 204 len: 0 microversion: 1.36 [pid: 7|app: 0|req: 532/1062] 10.0.0.22 () {38 vars in 913 bytes} [Tue May 19 01:18:18 2026] PUT /allocations/9bdc5139-80a7-483c-a1be-c65b121a7318 => generated 0 bytes in 53 msecs (HTTP/1.1 204) 5 headers in 199 bytes (1 switches on core 0)
2026-05-19 01:18:20.402 8 INFO placement.requestlog [req-1d967f05-e115-4ac6-b355-8ce099a0f4f9 req-5f5d8573-83b9-4cc6-b984-88b2fa400274 ade599b4b94545599cafcf75a2cb2dd0 0f71a33ebea64831bc2f296ab7b79fe8 - - 6579a68d531e49fa8bf3c91b8ed0fc2d 6579a68d531e49fa8bf3c91b8ed0fc2d] 162.253.55.186 "GET /allocations/9bdc5139-80a7-483c-a1be-c65b121a7318" status: 200 len: 258 microversion: 1.28 [pid: 8|app: 0|req: 531/1063] 162.253.55.186 () {34 vars in 863 bytes} [Tue May 19 01:18:20 2026] GET /allocations/9bdc5139-80a7-483c-a1be-c65b121a7318 => generated 258 bytes in 15 msecs (HTTP/1.1 200) 8 headers in 296 bytes (1 switches on core 0)
2026-05-19 01:18:21.441 7 INFO placement.requestlog [req-1d967f05-e115-4ac6-b355-8ce099a0f4f9 req-e4870a1e-a5b4-4779-9f37-2aff38073789 ade599b4b94545599cafcf75a2cb2dd0 0f71a33ebea64831bc2f296ab7b79fe8 - - 6579a68d531e49fa8bf3c91b8ed0fc2d 6579a68d531e49fa8bf3c91b8ed0fc2d] 162.253.55.186 "GET /resource_providers/1f5d8ee2-6249-49a1-89cb-5725541c6a83/allocations" status: 200 len: 153 microversion: 1.0 [pid: 7|app: 0|req: 533/1064] 162.253.55.186 () {32 vars in 857 bytes} [Tue May 19 01:18:21 2026] GET /resource_providers/1f5d8ee2-6249-49a1-89cb-5725541c6a83/allocations => generated 153 bytes in 17 msecs (HTTP/1.1 200) 6 headers in 224 bytes (1 switches on core 0)
2026-05-19 01:18:21.462 8 INFO placement.requestlog [req-1d967f05-e115-4ac6-b355-8ce099a0f4f9 req-7fe9b79b-84c1-46f9-8f44-e6abe9c547fd ade599b4b94545599cafcf75a2cb2dd0 0f71a33ebea64831bc2f296ab7b79fe8 - - 6579a68d531e49fa8bf3c91b8ed0fc2d 6579a68d531e49fa8bf3c91b8ed0fc2d] 162.253.55.186 "GET /allocations/9bdc5139-80a7-483c-a1be-c65b121a7318" status: 200 len: 258 microversion: 1.28 [pid: 8|app: 0|req: 532/1065] 162.253.55.186 () {34 vars in 863 bytes} [Tue May 19 01:18:21 2026] GET /allocations/9bdc5139-80a7-483c-a1be-c65b121a7318 => generated 258 bytes in 13 msecs (HTTP/1.1 200) 8 headers in 296 bytes (1 switches on core 0)
2026-05-19 01:18:26.579 8 INFO placement.requestlog [None req-ab138a54-6a10-4fd7-b570-872c180b68a3 - - - - - -] 10.0.0.9 "GET /" status: 200 len: 136 microversion: 1.0
2026-05-19 01:18:26.579 7 INFO placement.requestlog [None req-746cab36-190f-438f-b889-a77c3466151a - - - - - -] 10.0.0.9 "GET /" status: 200 len: 136 microversion: 1.0
2026-05-19 01:18:36.165 8 INFO placement.requestlog [req-548b36ee-d004-4982-8e11-27fb2025cff5 req-53edb285-e582-4f49-848b-87673301b07a ade599b4b94545599cafcf75a2cb2dd0 0f71a33ebea64831bc2f296ab7b79fe8 - - 6579a68d531e49fa8bf3c91b8ed0fc2d 6579a68d531e49fa8bf3c91b8ed0fc2d] 162.253.55.186 "GET /resource_providers/1f5d8ee2-6249-49a1-89cb-5725541c6a83/allocations" status: 200 len: 153 microversion: 1.0 [pid: 8|app: 0|req: 534/1068] 162.253.55.186 () {32 vars in 857 bytes} [Tue May 19 01:18:36 2026] GET /resource_providers/1f5d8ee2-6249-49a1-89cb-5725541c6a83/allocations => generated 153 bytes in 57 msecs (HTTP/1.1 200) 6 headers in 224 bytes (1 switches on core 0)
2026-05-19 01:18:36.192 7 INFO placement.requestlog [req-548b36ee-d004-4982-8e11-27fb2025cff5 req-7daecf3b-f514-47cf-86a4-db6705539c2c ade599b4b94545599cafcf75a2cb2dd0 0f71a33ebea64831bc2f296ab7b79fe8 - - 6579a68d531e49fa8bf3c91b8ed0fc2d 6579a68d531e49fa8bf3c91b8ed0fc2d] 162.253.55.186 "GET /resource_providers?in_tree=1f5d8ee2-6249-49a1-89cb-5725541c6a83" status: 200 len: 798 microversion: 1.14 [pid: 7|app: 0|req: 535/1069] 162.253.55.186 () {34 vars in 892 bytes} [Tue May 19 01:18:36 2026] GET /resource_providers?in_tree=1f5d8ee2-6249-49a1-89cb-5725541c6a83 => generated 798 bytes in 17 msecs (HTTP/1.1 200) 6 headers in 225 bytes (1 switches on core 0)
2026-05-19 01:18:36.214 8 INFO placement.requestlog [req-548b36ee-d004-4982-8e11-27fb2025cff5 req-f16673fd-8504-44ad-89d2-67fb8b43bb0c ade599b4b94545599cafcf75a2cb2dd0 0f71a33ebea64831bc2f296ab7b79fe8 - - 6579a68d531e49fa8bf3c91b8ed0fc2d 6579a68d531e49fa8bf3c91b8ed0fc2d] 162.253.55.186 "GET /resource_providers/1f5d8ee2-6249-49a1-89cb-5725541c6a83/inventories" status: 200 len: 401 microversion: 1.0 [pid: 8|app: 0|req: 535/1070] 162.253.55.186 () {32 vars in 857 bytes} [Tue May 19 01:18:36 2026] GET /resource_providers/1f5d8ee2-6249-49a1-89cb-5725541c6a83/inventories => generated 401 bytes in 14 msecs (HTTP/1.1 200) 6 headers in 224 bytes (1 switches on core 0)
2026-05-19 01:18:36.233 7 INFO placement.requestlog [req-548b36ee-d004-4982-8e11-27fb2025cff5 req-09601be4-414b-477f-b21b-3ab839c7adba ade599b4b94545599cafcf75a2cb2dd0 0f71a33ebea64831bc2f296ab7b79fe8 - - 6579a68d531e49fa8bf3c91b8ed0fc2d 6579a68d531e49fa8bf3c91b8ed0fc2d] 162.253.55.186 "GET /resource_providers/1f5d8ee2-6249-49a1-89cb-5725541c6a83/aggregates" status: 200 len: 54 microversion: 1.19 [pid: 7|app: 0|req: 536/1071] 162.253.55.186 () {34 vars in 899 bytes} [Tue May 19 01:18:36 2026] GET /resource_providers/1f5d8ee2-6249-49a1-89cb-5725541c6a83/aggregates => generated 54 bytes in 15 msecs (HTTP/1.1 200) 8 headers in 295 bytes (1 switches on core 0)
2026-05-19 01:18:36.265 8 INFO placement.requestlog [req-548b36ee-d004-4982-8e11-27fb2025cff5 req-f64decdb-c18c-48a5-b23a-7038a602fb54 ade599b4b94545599cafcf75a2cb2dd0 0f71a33ebea64831bc2f296ab7b79fe8 - - 6579a68d531e49fa8bf3c91b8ed0fc2d 6579a68d531e49fa8bf3c91b8ed0fc2d] 162.253.55.186 "GET /resource_providers/1f5d8ee2-6249-49a1-89cb-5725541c6a83/traits" status: 200 len: 2317 microversion: 1.6 [pid: 8|app: 0|req: 536/1072] 162.253.55.186 () {34 vars in 890 bytes} [Tue May 19 01:18:36 2026] GET /resource_providers/1f5d8ee2-6249-49a1-89cb-5725541c6a83/traits => generated 2317 bytes in 22 msecs (HTTP/1.1 200) 6 headers in 225 bytes (1 switches on core 0)
2026-05-19 01:18:36.286 7 INFO placement.requestlog [req-548b36ee-d004-4982-8e11-27fb2025cff5 req-be77ef5b-e9a9-4e9c-95dd-4a7bd7057768 ade599b4b94545599cafcf75a2cb2dd0 0f71a33ebea64831bc2f296ab7b79fe8 - - 6579a68d531e49fa8bf3c91b8ed0fc2d 6579a68d531e49fa8bf3c91b8ed0fc2d] 162.253.55.186 "GET /resource_providers/1f5d8ee2-6249-49a1-89cb-5725541c6a83/allocations" status: 200 len: 153 microversion: 1.0 [pid: 7|app: 0|req: 537/1073] 162.253.55.186 () {32 vars in 857 bytes} [Tue May 19 01:18:36 2026] GET /resource_providers/1f5d8ee2-6249-49a1-89cb-5725541c6a83/allocations => generated 153 bytes in 13 msecs (HTTP/1.1 200) 6 headers in 224 bytes (1 switches on core 0)
2026-05-19 01:18:36.308 8 INFO placement.requestlog [req-548b36ee-d004-4982-8e11-27fb2025cff5 req-05433576-f45a-40cc-8917-26b966861583 ade599b4b94545599cafcf75a2cb2dd0 0f71a33ebea64831bc2f296ab7b79fe8 - - 6579a68d531e49fa8bf3c91b8ed0fc2d 6579a68d531e49fa8bf3c91b8ed0fc2d] 162.253.55.186 "GET /allocations/9bdc5139-80a7-483c-a1be-c65b121a7318" status: 200 len: 258 microversion: 1.28 [pid: 8|app: 0|req: 537/1074] 162.253.55.186 () {34 vars in 863 bytes} [Tue May 19 01:18:36 2026] GET /allocations/9bdc5139-80a7-483c-a1be-c65b121a7318 => generated 258 bytes in 13 msecs (HTTP/1.1 200) 8 headers in 296 bytes (1 switches on core 0)
2026-05-19 01:18:36.391 7 INFO placement.requestlog [req-b5e26075-ba60-48f8-9f05-04859189652e req-90dedc07-cf62-4d25-8800-69ed143d9fe0 ade599b4b94545599cafcf75a2cb2dd0 0f71a33ebea64831bc2f296ab7b79fe8 - - 6579a68d531e49fa8bf3c91b8ed0fc2d 6579a68d531e49fa8bf3c91b8ed0fc2d] 10.0.0.22 "GET /allocation_candidates?limit=1000&resources=DISK_GB%3A1%2CMEMORY_MB%3A512%2CVCPU%3A1&root_required=%21COMPUTE_STATUS_DISABLED" status: 200 len: 2783 microversion: 1.36 [pid: 7|app: 0|req: 538/1075] 10.0.0.22 () {34 vars in 1011 bytes} [Tue May 19 01:18:36 2026] GET /allocation_candidates?limit=1000&resources=DISK_GB%3A1%2CMEMORY_MB%3A512%2CVCPU%3A1&root_required=%21COMPUTE_STATUS_DISABLED => generated 2783 bytes in 50 msecs (HTTP/1.1 200) 8 headers in 297 bytes (1 switches on core 0)
2026-05-19 01:18:36.420 8 INFO placement.requestlog [req-b5e26075-ba60-48f8-9f05-04859189652e req-c5821844-bace-4bdb-8e41-4a94cb28d4de ade599b4b94545599cafcf75a2cb2dd0 0f71a33ebea64831bc2f296ab7b79fe8 - - 6579a68d531e49fa8bf3c91b8ed0fc2d 6579a68d531e49fa8bf3c91b8ed0fc2d] 10.0.0.22 "GET /allocations/adad13ec-36fc-4160-ac50-0dd00cffb2f3" status: 200 len: 19 microversion: 1.28 [pid: 8|app: 0|req: 538/1076] 10.0.0.22 () {34 vars in 860 bytes} [Tue May 19 01:18:36 2026] GET /allocations/adad13ec-36fc-4160-ac50-0dd00cffb2f3 => generated 19 bytes in 8 msecs (HTTP/1.1 200) 8 headers in 295 bytes (1 switches on core 0)
2026-05-19 01:18:36.476 7 INFO placement.requestlog [req-b5e26075-ba60-48f8-9f05-04859189652e req-f441dfa6-a623-4c95-abfc-ee33ae66d145 ade599b4b94545599cafcf75a2cb2dd0 0f71a33ebea64831bc2f296ab7b79fe8 - - 6579a68d531e49fa8bf3c91b8ed0fc2d 6579a68d531e49fa8bf3c91b8ed0fc2d] 10.0.0.22 "PUT /allocations/adad13ec-36fc-4160-ac50-0dd00cffb2f3" status: 204 len: 0 microversion: 1.36 [pid: 7|app: 0|req: 539/1077] 10.0.0.22 () {38 vars in 913 bytes} [Tue May 19 01:18:36 2026] PUT /allocations/adad13ec-36fc-4160-ac50-0dd00cffb2f3 => generated 0 bytes in 52 msecs (HTTP/1.1 204) 5 headers in 199 bytes (1 switches on core 0)
2026-05-19 01:18:36.579 7 INFO placement.requestlog [None req-819498ff-c3ca-4468-9dc0-f4b0aca790e3 - - - - - -] 10.0.0.9 "GET /" status: 200 len: 136 microversion: 1.0
2026-05-19 01:18:36.579 8 INFO placement.requestlog [None req-825cde30-7c81-4e4e-bf5e-94801f8c04f1 - - - - - -] 10.0.0.9 "GET /" status: 200 len: 136 microversion: 1.0
2026-05-19 01:18:37.979 7 INFO placement.requestlog [req-b5e26075-ba60-48f8-9f05-04859189652e req-59e51fb6-8010-4a47-98aa-25de789b2efd ade599b4b94545599cafcf75a2cb2dd0 0f71a33ebea64831bc2f296ab7b79fe8 - - 6579a68d531e49fa8bf3c91b8ed0fc2d 6579a68d531e49fa8bf3c91b8ed0fc2d] 162.253.55.186 "GET /allocations/adad13ec-36fc-4160-ac50-0dd00cffb2f3" status: 200 len: 258 microversion: 1.28 [pid: 7|app: 0|req: 541/1080] 162.253.55.186 () {34 vars in 863 bytes} [Tue May 19 01:18:37 2026] GET /allocations/adad13ec-36fc-4160-ac50-0dd00cffb2f3 => generated 258 bytes in 11 msecs (HTTP/1.1 200) 8 headers in 296 bytes (1 switches on core 0)
2026-05-19 01:18:39.018 8 INFO placement.requestlog [req-b5e26075-ba60-48f8-9f05-04859189652e req-8487120d-302b-47bb-9630-705b47758a52 ade599b4b94545599cafcf75a2cb2dd0 0f71a33ebea64831bc2f296ab7b79fe8 - - 6579a68d531e49fa8bf3c91b8ed0fc2d 6579a68d531e49fa8bf3c91b8ed0fc2d] 162.253.55.186 "GET /resource_providers/1f5d8ee2-6249-49a1-89cb-5725541c6a83/allocations" status: 200 len: 253 microversion: 1.0 [pid: 8|app: 0|req: 540/1081] 162.253.55.186 () {32 vars in 857 bytes} [Tue May 19 01:18:39 2026] GET /resource_providers/1f5d8ee2-6249-49a1-89cb-5725541c6a83/allocations => generated 253 bytes in 19 msecs (HTTP/1.1 200) 6 headers in 224 bytes (1 switches on core 0)
2026-05-19 01:18:39.036 7 INFO placement.requestlog [req-b5e26075-ba60-48f8-9f05-04859189652e req-eb9d86fc-0f92-4810-a8b7-452d5cc621ad ade599b4b94545599cafcf75a2cb2dd0 0f71a33ebea64831bc2f296ab7b79fe8 - - 6579a68d531e49fa8bf3c91b8ed0fc2d 6579a68d531e49fa8bf3c91b8ed0fc2d] 162.253.55.186 "GET /allocations/adad13ec-36fc-4160-ac50-0dd00cffb2f3" status: 200 len: 258 microversion: 1.28 [pid: 7|app: 0|req: 542/1082] 162.253.55.186 () {34 vars in 863 bytes} [Tue May 19 01:18:39 2026] GET /allocations/adad13ec-36fc-4160-ac50-0dd00cffb2f3 => generated 258 bytes in 11 msecs (HTTP/1.1 200) 8 headers in 296 bytes (1 switches on core 0)
2026-05-19 01:18:39.054 8 INFO placement.requestlog [req-b5e26075-ba60-48f8-9f05-04859189652e req-2ae9e896-2b6b-4e23-82ae-b8a262d3dd4f ade599b4b94545599cafcf75a2cb2dd0 0f71a33ebea64831bc2f296ab7b79fe8 - - 6579a68d531e49fa8bf3c91b8ed0fc2d 6579a68d531e49fa8bf3c91b8ed0fc2d] 162.253.55.186 "GET /allocations/9bdc5139-80a7-483c-a1be-c65b121a7318" status: 200 len: 258 microversion: 1.28 [pid: 8|app: 0|req: 541/1083] 162.253.55.186 () {34 vars in 863 bytes} [Tue May 19 01:18:39 2026] GET /allocations/9bdc5139-80a7-483c-a1be-c65b121a7318 => generated 258 bytes in 13 msecs (HTTP/1.1 200) 8 headers in 296 bytes (1 switches on core 0)
2026-05-19 01:18:46.579 8 INFO placement.requestlog [None req-bd042337-96e6-4bc9-a210-05f9f0b4a531 - - - - - -] 10.0.0.9 "GET /" status: 200 len: 136 microversion: 1.0
2026-05-19 01:18:46.580 7 INFO placement.requestlog [None req-f3315d4c-937d-478f-a139-556bc5359bad - - - - - -] 10.0.0.9 "GET /" status: 200 len: 136 microversion: 1.0
2026-05-19 01:18:56.579 8 INFO placement.requestlog [None req-970c97d2-37a8-4ed6-9d00-6bc16ddb6f7c - - - - - -] 10.0.0.9 "GET /" status: 200 len: 136 microversion: 1.0
2026-05-19 01:18:56.579 7 INFO placement.requestlog [None req-c1074f5d-9cd7-4e46-847f-e1eff522caf2 - - - - - -] 10.0.0.9 "GET /" status: 200 len: 136 microversion: 1.0
2026-05-19 01:19:06.579 7 INFO placement.requestlog [None req-df1e2b78-636c-4214-a255-b741d9c1fe5b - - - - - -] 10.0.0.9 "GET /" status: 200 len: 136 microversion: 1.0
2026-05-19 01:19:06.580 8 INFO placement.requestlog [None req-b865394f-cb06-46ae-b7f6-2043e354daef - - - - - -] 10.0.0.9 "GET /" status: 200 len: 136 microversion: 1.0
2026-05-19 01:19:16.579 7 INFO placement.requestlog [None req-9a59a1f7-f533-4a3b-bb0f-b13f938853bd - - - - - -] 10.0.0.9 "GET /" status: 200 len: 136 microversion: 1.0
2026-05-19 01:19:16.580 8 INFO placement.requestlog [None req-8cc6906b-0792-4ecf-a725-7dbdc98fc774 - - - - - -] 10.0.0.9 "GET /" status: 200 len: 136 microversion: 1.0
2026-05-19 01:19:18.571 7 INFO placement.requestlog [req-53204fac-93dc-4cf8-a55f-b0b74e089449 req-72f84fb1-6d96-4dff-803b-1ed93ae36c37 ade599b4b94545599cafcf75a2cb2dd0 0f71a33ebea64831bc2f296ab7b79fe8 - - 6579a68d531e49fa8bf3c91b8ed0fc2d 6579a68d531e49fa8bf3c91b8ed0fc2d] 10.0.0.22 "GET /allocation_candidates?limit=1000&resources=MEMORY_MB%3A2048%2CVCPU%3A2&root_required=%21COMPUTE_STATUS_DISABLED" status: 200 len: 2771 microversion: 1.36 [pid: 7|app: 0|req: 547/1092] 10.0.0.22 () {34 vars in 985 bytes} [Tue May 19 01:19:18 2026] GET /allocation_candidates?limit=1000&resources=MEMORY_MB%3A2048%2CVCPU%3A2&root_required=%21COMPUTE_STATUS_DISABLED => generated 2771 bytes in 41 msecs (HTTP/1.1 200) 8 headers in 297 bytes (1 switches on core 0)
2026-05-19 01:19:18.602 8 INFO placement.requestlog [req-53204fac-93dc-4cf8-a55f-b0b74e089449 req-292426f2-fa7b-43df-9da4-2f5adbaa07cb ade599b4b94545599cafcf75a2cb2dd0 0f71a33ebea64831bc2f296ab7b79fe8 - - 6579a68d531e49fa8bf3c91b8ed0fc2d 6579a68d531e49fa8bf3c91b8ed0fc2d] 10.0.0.22 "GET /allocations/952fa92c-26ee-430e-8a09-6f63dcc04e40" status: 200 len: 19 microversion: 1.28 [pid: 8|app: 0|req: 546/1093] 10.0.0.22 () {34 vars in 860 bytes} [Tue May 19 01:19:18 2026] GET /allocations/952fa92c-26ee-430e-8a09-6f63dcc04e40 => generated 19 bytes in 10 msecs (HTTP/1.1 200) 8 headers in 295 bytes (1 switches on core 0)
2026-05-19 01:19:18.680 7 INFO placement.requestlog [req-53204fac-93dc-4cf8-a55f-b0b74e089449 req-20e360d9-1184-416f-baf5-f67a80615caf ade599b4b94545599cafcf75a2cb2dd0 0f71a33ebea64831bc2f296ab7b79fe8 - - 6579a68d531e49fa8bf3c91b8ed0fc2d 6579a68d531e49fa8bf3c91b8ed0fc2d] 10.0.0.22 "PUT /allocations/952fa92c-26ee-430e-8a09-6f63dcc04e40" status: 204 len: 0 microversion: 1.36 [pid: 7|app: 0|req: 548/1094] 10.0.0.22 () {38 vars in 913 bytes} [Tue May 19 01:19:18 2026] PUT /allocations/952fa92c-26ee-430e-8a09-6f63dcc04e40 => generated 0 bytes in 71 msecs (HTTP/1.1 204) 5 headers in 199 bytes (1 switches on core 0)
2026-05-19 01:19:20.223 8 INFO placement.requestlog [req-53204fac-93dc-4cf8-a55f-b0b74e089449 req-80617db2-5ad8-4ca8-9d6f-06f2939421fa ade599b4b94545599cafcf75a2cb2dd0 0f71a33ebea64831bc2f296ab7b79fe8 - - 6579a68d531e49fa8bf3c91b8ed0fc2d 6579a68d531e49fa8bf3c91b8ed0fc2d] 162.253.55.186 "GET /allocations/952fa92c-26ee-430e-8a09-6f63dcc04e40" status: 200 len: 245 microversion: 1.28 [pid: 8|app: 0|req: 547/1095] 162.253.55.186 () {34 vars in 863 bytes} [Tue May 19 01:19:20 2026] GET /allocations/952fa92c-26ee-430e-8a09-6f63dcc04e40 => generated 245 bytes in 20 msecs (HTTP/1.1 200) 8 headers in 296 bytes (1 switches on core 0)
2026-05-19 01:19:21.262 7 INFO placement.requestlog [req-53204fac-93dc-4cf8-a55f-b0b74e089449 req-b3ac6aff-bd76-451b-a2f9-b685d1dd7383 ade599b4b94545599cafcf75a2cb2dd0 0f71a33ebea64831bc2f296ab7b79fe8 - - 6579a68d531e49fa8bf3c91b8ed0fc2d 6579a68d531e49fa8bf3c91b8ed0fc2d] 162.253.55.186 "GET /resource_providers/1f5d8ee2-6249-49a1-89cb-5725541c6a83/allocations" status: 200 len: 340 microversion: 1.0 [pid: 7|app: 0|req: 549/1096] 162.253.55.186 () {32 vars in 857 bytes} [Tue May 19 01:19:21 2026] GET /resource_providers/1f5d8ee2-6249-49a1-89cb-5725541c6a83/allocations => generated 340 bytes in 15 msecs (HTTP/1.1 200) 6 headers in 224 bytes (1 switches on core 0)
2026-05-19 01:19:21.285 8 INFO placement.requestlog [req-53204fac-93dc-4cf8-a55f-b0b74e089449 req-d85e0c7d-edf7-4585-bf0f-87a2b16f74c7 ade599b4b94545599cafcf75a2cb2dd0 0f71a33ebea64831bc2f296ab7b79fe8 - - 6579a68d531e49fa8bf3c91b8ed0fc2d 6579a68d531e49fa8bf3c91b8ed0fc2d] 162.253.55.186 "GET /allocations/adad13ec-36fc-4160-ac50-0dd00cffb2f3" status: 200 len: 258 microversion: 1.28 [pid: 8|app: 0|req: 548/1097] 162.253.55.186 () {34 vars in 863 bytes} [Tue May 19 01:19:21 2026] GET /allocations/adad13ec-36fc-4160-ac50-0dd00cffb2f3 => generated 258 bytes in 17 msecs (HTTP/1.1 200) 8 headers in 296 bytes (1 switches on core 0)
2026-05-19 01:19:21.305 7 INFO placement.requestlog [req-53204fac-93dc-4cf8-a55f-b0b74e089449 req-ff0074f5-b8ab-41e6-92bf-781dab538ae6 ade599b4b94545599cafcf75a2cb2dd0 0f71a33ebea64831bc2f296ab7b79fe8 - - 6579a68d531e49fa8bf3c91b8ed0fc2d 6579a68d531e49fa8bf3c91b8ed0fc2d] 162.253.55.186 "GET /allocations/9bdc5139-80a7-483c-a1be-c65b121a7318" status: 200 len: 258 microversion: 1.28 [pid: 7|app: 0|req: 550/1098] 162.253.55.186 () {34 vars in 863 bytes} [Tue May 19 01:19:21 2026] GET /allocations/9bdc5139-80a7-483c-a1be-c65b121a7318 => generated 258 bytes in 11 msecs (HTTP/1.1 200) 8 headers in 296 bytes (1 switches on core 0)
2026-05-19 01:19:21.328 8 INFO placement.requestlog [req-53204fac-93dc-4cf8-a55f-b0b74e089449 req-9d6fe848-1d0b-4d56-9d7d-3297d9a228b0 ade599b4b94545599cafcf75a2cb2dd0 0f71a33ebea64831bc2f296ab7b79fe8 - - 6579a68d531e49fa8bf3c91b8ed0fc2d 6579a68d531e49fa8bf3c91b8ed0fc2d] 162.253.55.186 "GET /allocations/952fa92c-26ee-430e-8a09-6f63dcc04e40" status: 200 len: 245 microversion: 1.28 [pid: 8|app: 0|req: 549/1099] 162.253.55.186 () {34 vars in 863 bytes} [Tue May 19 01:19:21 2026] GET /allocations/952fa92c-26ee-430e-8a09-6f63dcc04e40 => generated 245 bytes in 17 msecs (HTTP/1.1 200) 8 headers in 296 bytes (1 switches on core 0)
2026-05-19 01:19:26.578 7 INFO placement.requestlog [None req-5b765c89-e05e-4698-be51-b53b23723d66 - - - - - -] 10.0.0.9 "GET /" status: 200 len: 136 microversion: 1.0
2026-05-19 01:19:26.579 8 INFO placement.requestlog [None req-b30ee9b1-a8b0-4598-ad31-4f3bfff8bd01 - - - - - -] 10.0.0.9 "GET /" status: 200 len: 136 microversion: 1.0
2026-05-19 01:19:36.252 7 INFO placement.requestlog [req-eab1b9bb-c77e-4cff-bf91-277eb7f8becd req-324077b0-0b3c-4d2b-aebd-72168cee30b4 ade599b4b94545599cafcf75a2cb2dd0 0f71a33ebea64831bc2f296ab7b79fe8 - - 6579a68d531e49fa8bf3c91b8ed0fc2d 6579a68d531e49fa8bf3c91b8ed0fc2d] 162.253.55.186 "GET /resource_providers/1f5d8ee2-6249-49a1-89cb-5725541c6a83/allocations" status: 200 len: 340 microversion: 1.0 [pid: 7|app: 0|req: 552/1102] 162.253.55.186 () {32 vars in 857 bytes} [Tue May 19 01:19:36 2026] GET /resource_providers/1f5d8ee2-6249-49a1-89cb-5725541c6a83/allocations => generated 340 bytes in 18 msecs (HTTP/1.1 200) 6 headers in 224 bytes (1 switches on core 0)
2026-05-19 01:19:36.281 8 INFO placement.requestlog [req-eab1b9bb-c77e-4cff-bf91-277eb7f8becd req-4626f237-8b6f-46f6-aaa0-88d1533bd726 ade599b4b94545599cafcf75a2cb2dd0 0f71a33ebea64831bc2f296ab7b79fe8 - - 6579a68d531e49fa8bf3c91b8ed0fc2d 6579a68d531e49fa8bf3c91b8ed0fc2d] 162.253.55.186 "GET /resource_providers/1f5d8ee2-6249-49a1-89cb-5725541c6a83/allocations" status: 200 len: 340 microversion: 1.0 [pid: 8|app: 0|req: 551/1103] 162.253.55.186 () {32 vars in 857 bytes} [Tue May 19 01:19:36 2026] GET /resource_providers/1f5d8ee2-6249-49a1-89cb-5725541c6a83/allocations => generated 340 bytes in 21 msecs (HTTP/1.1 200) 6 headers in 224 bytes (1 switches on core 0)
2026-05-19 01:19:36.303 7 INFO placement.requestlog [req-eab1b9bb-c77e-4cff-bf91-277eb7f8becd req-5739084e-57b8-4b8d-ab6e-bcd3f59a91b4 ade599b4b94545599cafcf75a2cb2dd0 0f71a33ebea64831bc2f296ab7b79fe8 - - 6579a68d531e49fa8bf3c91b8ed0fc2d 6579a68d531e49fa8bf3c91b8ed0fc2d] 162.253.55.186 "GET /allocations/adad13ec-36fc-4160-ac50-0dd00cffb2f3" status: 200 len: 258 microversion: 1.28 [pid: 7|app: 0|req: 553/1104] 162.253.55.186 () {34 vars in 863 bytes} [Tue May 19 01:19:36 2026] GET /allocations/adad13ec-36fc-4160-ac50-0dd00cffb2f3 => generated 258 bytes in 14 msecs (HTTP/1.1 200) 8 headers in 296 bytes (1 switches on core 0)
2026-05-19 01:19:36.321 8 INFO placement.requestlog [req-eab1b9bb-c77e-4cff-bf91-277eb7f8becd req-68ddd46d-e5f9-43a3-9be3-dcdc800023aa ade599b4b94545599cafcf75a2cb2dd0 0f71a33ebea64831bc2f296ab7b79fe8 - - 6579a68d531e49fa8bf3c91b8ed0fc2d 6579a68d531e49fa8bf3c91b8ed0fc2d] 162.253.55.186 "GET /allocations/9bdc5139-80a7-483c-a1be-c65b121a7318" status: 200 len: 258 microversion: 1.28 [pid: 8|app: 0|req: 552/1105] 162.253.55.186 () {34 vars in 863 bytes} [Tue May 19 01:19:36 2026] GET /allocations/9bdc5139-80a7-483c-a1be-c65b121a7318 => generated 258 bytes in 12 msecs (HTTP/1.1 200) 8 headers in 296 bytes (1 switches on core 0)
2026-05-19 01:19:36.337 7 INFO placement.requestlog [req-eab1b9bb-c77e-4cff-bf91-277eb7f8becd req-806e228b-70c5-4864-8f25-2a9c3d5ea411 ade599b4b94545599cafcf75a2cb2dd0 0f71a33ebea64831bc2f296ab7b79fe8 - - 6579a68d531e49fa8bf3c91b8ed0fc2d 6579a68d531e49fa8bf3c91b8ed0fc2d] 162.253.55.186 "GET /allocations/952fa92c-26ee-430e-8a09-6f63dcc04e40" status: 200 len: 245 microversion: 1.28 [pid: 7|app: 0|req: 554/1106] 162.253.55.186 () {34 vars in 863 bytes} [Tue May 19 01:19:36 2026] GET /allocations/952fa92c-26ee-430e-8a09-6f63dcc04e40 => generated 245 bytes in 13 msecs (HTTP/1.1 200) 8 headers in 296 bytes (1 switches on core 0)
2026-05-19 01:19:36.579 7 INFO placement.requestlog [None req-57ec6ce7-dc4b-4fc0-95b6-d7e48be3f53b - - - - - -] 10.0.0.9 "GET /" status: 200 len: 136 microversion: 1.0
2026-05-19 01:19:36.579 8 INFO placement.requestlog [None req-903a43a4-d6f6-4609-a293-13368ce28962 - - - - - -] 10.0.0.9 "GET /" status: 200 len: 136 microversion: 1.0
2026-05-19 01:19:46.579 8 INFO placement.requestlog [None req-86263187-a5d7-466e-a9b5-0e06744dc7aa - - - - - -] 10.0.0.9 "GET /" status: 200 len: 136 microversion: 1.0
2026-05-19 01:19:46.580 7 INFO placement.requestlog [None req-6ff42a6b-c0d3-441b-aca0-8951b3f04e16 - - - - - -] 10.0.0.9 "GET /" status: 200 len: 136 microversion: 1.0
2026-05-19 01:19:56.579 8 INFO placement.requestlog [None req-f3c23d2d-2c4e-40a3-8a12-e08c5c70ca53 - - - - - -] 10.0.0.9 "GET /" status: 200 len: 136 microversion: 1.0
2026-05-19 01:19:56.579 7 INFO placement.requestlog [None req-86327483-7fc3-4a24-8ca3-8392ea3cf703 - - - - - -] 10.0.0.9 "GET /" status: 200 len: 136 microversion: 1.0
2026-05-19 01:20:06.579 8 INFO placement.requestlog [None req-2bb365cc-8e44-46fe-ab64-d039c1f8906e - - - - - -] 10.0.0.9 "GET /" status: 200 len: 136 microversion: 1.0
2026-05-19 01:20:06.580 7 INFO placement.requestlog [None req-e7288bd6-44bc-4842-a437-9b4929967872 - - - - - -] 10.0.0.9 "GET /" status: 200 len: 136 microversion: 1.0
2026-05-19 01:20:16.579 8 INFO placement.requestlog [None req-ca4f95e4-aaee-44ee-81b7-2479db926528 - - - - - -] 10.0.0.9 "GET /" status: 200 len: 136 microversion: 1.0
2026-05-19 01:20:16.579 7 INFO placement.requestlog [None req-a8733070-cab0-474e-8f8a-51a35927677c - - - - - -] 10.0.0.9 "GET /" status: 200 len: 136 microversion: 1.0
2026-05-19 01:20:26.580 8 INFO placement.requestlog [None req-acc67d8b-8285-44d8-8f26-6accc86cda5f - - - - - -] 10.0.0.9 "GET /" status: 200 len: 136 microversion: 1.0
2026-05-19 01:20:26.581 7 INFO placement.requestlog [None req-2c1f4592-35af-4e6a-bd30-5d0e421aaf18 - - - - - -] 10.0.0.9 "GET /" status: 200 len: 136 microversion: 1.0
2026-05-19 01:20:36.252 8 INFO placement.requestlog [req-b8cac642-7913-4593-a2db-6f5b9e89f19d req-f0b0a090-a073-416b-bc8b-8c7009b9b0f0 ade599b4b94545599cafcf75a2cb2dd0 0f71a33ebea64831bc2f296ab7b79fe8 - - 6579a68d531e49fa8bf3c91b8ed0fc2d 6579a68d531e49fa8bf3c91b8ed0fc2d] 162.253.55.186 "GET /resource_providers/1f5d8ee2-6249-49a1-89cb-5725541c6a83/allocations" status: 200 len: 340 microversion: 1.0 [pid: 8|app: 0|req: 559/1119] 162.253.55.186 () {32 vars in 857 bytes} [Tue May 19 01:20:36 2026] GET /resource_providers/1f5d8ee2-6249-49a1-89cb-5725541c6a83/allocations => generated 340 bytes in 17 msecs (HTTP/1.1 200) 6 headers in 224 bytes (1 switches on core 0)
2026-05-19 01:20:36.276 7 INFO placement.requestlog [req-b8cac642-7913-4593-a2db-6f5b9e89f19d req-01e39e25-a8f6-4301-af41-b3621f3313ad ade599b4b94545599cafcf75a2cb2dd0 0f71a33ebea64831bc2f296ab7b79fe8 - - 6579a68d531e49fa8bf3c91b8ed0fc2d 6579a68d531e49fa8bf3c91b8ed0fc2d] 162.253.55.186 "GET /resource_providers/1f5d8ee2-6249-49a1-89cb-5725541c6a83/allocations" status: 200 len: 340 microversion: 1.0 [pid: 7|app: 0|req: 561/1120] 162.253.55.186 () {32 vars in 857 bytes} [Tue May 19 01:20:36 2026] GET /resource_providers/1f5d8ee2-6249-49a1-89cb-5725541c6a83/allocations => generated 340 bytes in 17 msecs (HTTP/1.1 200) 6 headers in 224 bytes (1 switches on core 0)
2026-05-19 01:20:36.296 8 INFO placement.requestlog [req-b8cac642-7913-4593-a2db-6f5b9e89f19d req-e20aaa96-241e-46ad-8570-409633d93ef3 ade599b4b94545599cafcf75a2cb2dd0 0f71a33ebea64831bc2f296ab7b79fe8 - - 6579a68d531e49fa8bf3c91b8ed0fc2d 6579a68d531e49fa8bf3c91b8ed0fc2d] 162.253.55.186 "GET /allocations/adad13ec-36fc-4160-ac50-0dd00cffb2f3" status: 200 len: 258 microversion: 1.28 [pid: 8|app: 0|req: 560/1121] 162.253.55.186 () {34 vars in 863 bytes} [Tue May 19 01:20:36 2026] GET /allocations/adad13ec-36fc-4160-ac50-0dd00cffb2f3 => generated 258 bytes in 13 msecs (HTTP/1.1 200) 8 headers in 296 bytes (1 switches on core 0)
2026-05-19 01:20:36.315 7 INFO placement.requestlog [req-b8cac642-7913-4593-a2db-6f5b9e89f19d req-c29dcb03-a1a8-4ec3-9c36-8143dd23321f ade599b4b94545599cafcf75a2cb2dd0 0f71a33ebea64831bc2f296ab7b79fe8 - - 6579a68d531e49fa8bf3c91b8ed0fc2d 6579a68d531e49fa8bf3c91b8ed0fc2d] 162.253.55.186 "GET /allocations/9bdc5139-80a7-483c-a1be-c65b121a7318" status: 200 len: 258 microversion: 1.28 [pid: 7|app: 0|req: 562/1122] 162.253.55.186 () {34 vars in 863 bytes} [Tue May 19 01:20:36 2026] GET /allocations/9bdc5139-80a7-483c-a1be-c65b121a7318 => generated 258 bytes in 12 msecs (HTTP/1.1 200) 8 headers in 296 bytes (1 switches on core 0)
