2026-05-19 01:17:43.311 8 INFO neutron_taas.services.taas.tap_mirror_plugin [None req-b6e6038b-9110-4e79-8f82-cb094690e6ea 012803623c8b4f2c83e32082ac97f078 16dff9d09e4d4b33bb166f349ecb3af0 - - default default] Tap Mirror: Handle Delete Port: 48eb5136-8783-428b-8b86-f1790a924d55 [pid: 8|app: 0|req: 1381/2742] 10.0.0.46 () {32 vars in 725 bytes} [Tue May 19 01:17:43 2026] DELETE /v2.0/networks/d3d6e848-c925-415b-9abc-8dcdcf5a1bdb => generated 0 bytes in 319 msecs (HTTP/1.1 204) 3 headers in 131 bytes (1 switches on core 0)
2026-05-19 01:17:43.640 7 INFO neutron_taas.services.taas.taas_plugin [None req-267df88c-5d5a-4c1d-954e-ba858960dd1f 012803623c8b4f2c83e32082ac97f078 16dff9d09e4d4b33bb166f349ecb3af0 - - default default] TaaS: Handle Delete Port: b4b4b7a6-5955-47ce-b16b-409f9f443334
2026-05-19 01:17:43.644 7 INFO neutron_taas.services.taas.tap_mirror_plugin [None req-267df88c-5d5a-4c1d-954e-ba858960dd1f 012803623c8b4f2c83e32082ac97f078 16dff9d09e4d4b33bb166f349ecb3af0 - - default default] Tap Mirror: Handle Delete Port: b4b4b7a6-5955-47ce-b16b-409f9f443334 [pid: 7|app: 0|req: 1362/2743] 10.0.0.46 () {32 vars in 725 bytes} [Tue May 19 01:17:43 2026] DELETE /v2.0/networks/ac5161bd-5be4-4b5b-b909-07bf30bb3d66 => generated 0 bytes in 380 msecs (HTTP/1.1 204) 3 headers in 131 bytes (1 switches on core 0)
2026-05-19 01:17:44.468 7 INFO neutron.services.segments.plugin [-] Segment 42124d32-e90c-4b13-acea-ec4ec6ec7211 resource provider aggregate not found
2026-05-19 01:17:44.472 7 INFO neutron.services.segments.plugin [-] Segment 42124d32-e90c-4b13-acea-ec4ec6ec7211 resource provider aggregate not found
2026-05-19 01:17:44.484 7 INFO neutron.services.segments.plugin [-] Segment 42124d32-e90c-4b13-acea-ec4ec6ec7211 resource provider not found; error: Placement Client Error (4xx): {"errors": [{"status": 404, "title": "Not Found", "detail": "The resource could not be found.\n\n No resource provider with uuid 42124d32-e90c-4b13-acea-ec4ec6ec7211 found for delete ", "request_id": "req-adb9f11d-587e-4d62-9ba2-b4b488d87bae"}]}
2026-05-19 01:17:44.489 7 INFO neutron.services.segments.plugin [-] Segment 42124d32-e90c-4b13-acea-ec4ec6ec7211 resource provider not found; error: Placement Client Error (4xx): {"errors": [{"status": 404, "title": "Not Found", "detail": "The resource could not be found.\n\n No resource provider with uuid 42124d32-e90c-4b13-acea-ec4ec6ec7211 found for delete ", "request_id": "req-d6cac712-dac2-4f78-bd98-b85f2009be13"}]}
2026-05-19 01:17:44.504 7 INFO neutron.services.segments.plugin [-] Segment c645f1ba-db98-41ec-a7a5-f7acdd363463 resource provider aggregate not found
2026-05-19 01:17:44.510 7 INFO neutron.services.segments.plugin [-] Segment c645f1ba-db98-41ec-a7a5-f7acdd363463 resource provider aggregate not found
2026-05-19 01:17:44.520 7 INFO neutron.services.segments.plugin [-] Segment c645f1ba-db98-41ec-a7a5-f7acdd363463 resource provider not found; error: Placement Client Error (4xx): {"errors": [{"status": 404, "title": "Not Found", "detail": "The resource could not be found.\n\n No resource provider with uuid c645f1ba-db98-41ec-a7a5-f7acdd363463 found for delete ", "request_id": "req-7c240316-0023-4a17-8cba-b7b797c77d19"}]}
2026-05-19 01:17:44.536 7 INFO neutron.services.segments.plugin [-] Segment c645f1ba-db98-41ec-a7a5-f7acdd363463 resource provider not found; error: Placement Client Error (4xx): {"errors": [{"status": 404, "title": "Not Found", "detail": "The resource could not be found.\n\n No resource provider with uuid c645f1ba-db98-41ec-a7a5-f7acdd363463 found for delete ", "request_id": "req-80faa1d4-61f3-4a63-9b0a-0fb2f6a9b8d7"}]}
2026-05-19 01:17:44.814 8 WARNING neutron.db.securitygroups_db [None req-52187751-cd0f-49df-b73c-419e7aa2f3e1 fb56dba1f0f1439d8fa87754f7e319ed 1174f8e24abc4b39a1a66f037511dd0d - - default default] project_id key not found in filters, using tenant_id instead. This support has been deprecated and will be removed in a future release.
2026-05-19 01:17:44.946 8 INFO neutron.db.ovn_revision_numbers_db [None req-52187751-cd0f-49df-b73c-419e7aa2f3e1 fb56dba1f0f1439d8fa87754f7e319ed 1174f8e24abc4b39a1a66f037511dd0d - - default default] Successfully bumped revision number for resource 49cb8709-309e-4777-9758-445fa6890224 (type: security_groups) to 1
2026-05-19 01:17:44.961 8 INFO neutron.db.ovn_revision_numbers_db [None req-52187751-cd0f-49df-b73c-419e7aa2f3e1 fb56dba1f0f1439d8fa87754f7e319ed 1174f8e24abc4b39a1a66f037511dd0d - - default default] Successfully bumped revision number for resource 4595ca8d-11a4-45dd-883b-9fb23462ccf0 (type: security_group_rules) to 0
2026-05-19 01:17:44.975 8 INFO neutron.db.ovn_revision_numbers_db [None req-52187751-cd0f-49df-b73c-419e7aa2f3e1 fb56dba1f0f1439d8fa87754f7e319ed 1174f8e24abc4b39a1a66f037511dd0d - - default default] Successfully bumped revision number for resource 9dd42b93-f84b-4392-9907-8506b17537cc (type: security_group_rules) to 0
2026-05-19 01:17:44.986 8 INFO neutron.db.ovn_revision_numbers_db [None req-52187751-cd0f-49df-b73c-419e7aa2f3e1 fb56dba1f0f1439d8fa87754f7e319ed 1174f8e24abc4b39a1a66f037511dd0d - - default default] Successfully bumped revision number for resource ca833cc2-6528-4b49-ab34-0c74866d33c6 (type: security_group_rules) to 0
2026-05-19 01:17:44.997 8 INFO neutron.db.ovn_revision_numbers_db [None req-52187751-cd0f-49df-b73c-419e7aa2f3e1 fb56dba1f0f1439d8fa87754f7e319ed 1174f8e24abc4b39a1a66f037511dd0d - - default default] Successfully bumped revision number for resource cf1a8495-ee0d-4f0f-8cba-febbd199927c (type: security_group_rules) to 0
2026-05-19 01:17:45.030 8 INFO neutron.services.segments.plugin [-] Segment 74616a9c-2620-42cf-8c5c-3de642c2ef02 resource provider aggregate not found
2026-05-19 01:17:45.035 8 INFO neutron.services.segments.plugin [-] Segment 74616a9c-2620-42cf-8c5c-3de642c2ef02 resource provider aggregate not found
2026-05-19 01:17:45.053 8 INFO neutron.services.segments.plugin [-] Segment 74616a9c-2620-42cf-8c5c-3de642c2ef02 resource provider not found; error: Placement Client Error (4xx): {"errors": [{"status": 404, "title": "Not Found", "detail": "The resource could not be found.\n\n No resource provider with uuid 74616a9c-2620-42cf-8c5c-3de642c2ef02 found for delete ", "request_id": "req-2440085d-8457-49d2-838e-adf277dd3abc"}]}
2026-05-19 01:17:45.057 8 INFO neutron.services.segments.plugin [-] Segment 74616a9c-2620-42cf-8c5c-3de642c2ef02 resource provider not found; error: Placement Client Error (4xx): {"errors": [{"status": 404, "title": "Not Found", "detail": "The resource could not be found.\n\n No resource provider with uuid 74616a9c-2620-42cf-8c5c-3de642c2ef02 found for delete ", "request_id": "req-d4f6f1f3-c9fb-4111-858c-d8dbc63340a0"}]} [pid: 8|app: 0|req: 1382/2744] 10.0.0.46 () {32 vars in 773 bytes} [Tue May 19 01:17:44 2026] GET /v2.0/security-groups?tenant_id=95a5956d40764762959b07aa8dd2ba0e&name=default => generated 2929 bytes in 391 msecs (HTTP/1.1 200) 4 headers in 158 bytes (1 switches on core 0) [pid: 7|app: 0|req: 1363/2745] 10.0.0.46 () {32 vars in 739 bytes} [Tue May 19 01:17:45 2026] DELETE /v2.0/security-groups/49cb8709-309e-4777-9758-445fa6890224 => generated 0 bytes in 205 msecs (HTTP/1.1 204) 2 headers in 112 bytes (1 switches on core 0)
2026-05-19 01:17:45.362 8 WARNING neutron.db.securitygroups_db [None req-b4c1f96c-12b7-4440-a627-a2e32f6081e4 fb56dba1f0f1439d8fa87754f7e319ed 1174f8e24abc4b39a1a66f037511dd0d - - default default] project_id key not found in filters, using tenant_id instead. This support has been deprecated and will be removed in a future release.
2026-05-19 01:17:45.488 8 INFO neutron.db.ovn_revision_numbers_db [None req-b4c1f96c-12b7-4440-a627-a2e32f6081e4 fb56dba1f0f1439d8fa87754f7e319ed 1174f8e24abc4b39a1a66f037511dd0d - - default default] Successfully bumped revision number for resource 51089dc1-8c21-42aa-b5ee-c319a4002f01 (type: security_groups) to 1
2026-05-19 01:17:45.499 8 INFO neutron.db.ovn_revision_numbers_db [None req-b4c1f96c-12b7-4440-a627-a2e32f6081e4 fb56dba1f0f1439d8fa87754f7e319ed 1174f8e24abc4b39a1a66f037511dd0d - - default default] Successfully bumped revision number for resource 092dd781-6bb9-43e7-b5c5-b179b92f44b6 (type: security_group_rules) to 0
2026-05-19 01:17:45.510 8 INFO neutron.db.ovn_revision_numbers_db [None req-b4c1f96c-12b7-4440-a627-a2e32f6081e4 fb56dba1f0f1439d8fa87754f7e319ed 1174f8e24abc4b39a1a66f037511dd0d - - default default] Successfully bumped revision number for resource 37068d2b-873a-410f-9723-8cf9b2985a49 (type: security_group_rules) to 0
2026-05-19 01:17:45.521 8 INFO neutron.db.ovn_revision_numbers_db [None req-b4c1f96c-12b7-4440-a627-a2e32f6081e4 fb56dba1f0f1439d8fa87754f7e319ed 1174f8e24abc4b39a1a66f037511dd0d - - default default] Successfully bumped revision number for resource 8d1ed9fc-e32c-4cb5-9637-af432c9ef9a2 (type: security_group_rules) to 0
2026-05-19 01:17:45.532 8 INFO neutron.db.ovn_revision_numbers_db [None req-b4c1f96c-12b7-4440-a627-a2e32f6081e4 fb56dba1f0f1439d8fa87754f7e319ed 1174f8e24abc4b39a1a66f037511dd0d - - default default] Successfully bumped revision number for resource 95e2d2d2-db24-40f2-944e-6d77daf34644 (type: security_group_rules) to 0 [pid: 8|app: 0|req: 1383/2746] 10.0.0.46 () {32 vars in 773 bytes} [Tue May 19 01:17:45 2026] GET /v2.0/security-groups?tenant_id=e858f0aaf4b942e4bf7099660450e2ac&name=default => generated 2929 bytes in 209 msecs (HTTP/1.1 200) 4 headers in 158 bytes (1 switches on core 0) [pid: 7|app: 0|req: 1364/2747] 10.0.0.46 () {32 vars in 739 bytes} [Tue May 19 01:17:45 2026] DELETE /v2.0/security-groups/51089dc1-8c21-42aa-b5ee-c319a4002f01 => generated 0 bytes in 188 msecs (HTTP/1.1 204) 2 headers in 112 bytes (1 switches on core 0)
2026-05-19 01:17:45.902 8 WARNING neutron.db.securitygroups_db [None req-1432cef4-8038-4079-b695-aeb611852ec6 fb56dba1f0f1439d8fa87754f7e319ed 1174f8e24abc4b39a1a66f037511dd0d - - default default] project_id key not found in filters, using tenant_id instead. This support has been deprecated and will be removed in a future release. [pid: 8|app: 0|req: 1384/2748] 10.0.0.46 () {32 vars in 773 bytes} [Tue May 19 01:17:45 2026] GET /v2.0/security-groups?tenant_id=16dff9d09e4d4b33bb166f349ecb3af0&name=default => generated 2929 bytes in 36 msecs (HTTP/1.1 200) 4 headers in 158 bytes (1 switches on core 0) [pid: 7|app: 0|req: 1365/2749] 10.0.0.46 () {32 vars in 739 bytes} [Tue May 19 01:17:45 2026] DELETE /v2.0/security-groups/73654f7c-950c-44b9-ba4f-74d127006a2a => generated 0 bytes in 167 msecs (HTTP/1.1 204) 2 headers in 112 bytes (1 switches on core 0)
2026-05-19 01:17:49.440 8 INFO neutron.db.ovn_revision_numbers_db [None req-4abb1960-3909-4f28-b1ce-c534d9cc3cfd c947e2c2a66c464fab281c22b33a22bd bd340a8a63664858afde12ad68251519 - - default default] Successfully bumped revision number for resource 5cfa20fa-404f-4055-93c4-49d7c8f75dff (type: security_groups) to 1
2026-05-19 01:17:49.454 8 INFO neutron.db.ovn_revision_numbers_db [None req-4abb1960-3909-4f28-b1ce-c534d9cc3cfd c947e2c2a66c464fab281c22b33a22bd bd340a8a63664858afde12ad68251519 - - default default] Successfully bumped revision number for resource 1174fa58-fff3-4813-add2-6a420620a6dd (type: security_group_rules) to 0
2026-05-19 01:17:49.467 8 INFO neutron.db.ovn_revision_numbers_db [None req-4abb1960-3909-4f28-b1ce-c534d9cc3cfd c947e2c2a66c464fab281c22b33a22bd bd340a8a63664858afde12ad68251519 - - default default] Successfully bumped revision number for resource 37f1abac-0d84-4af0-9f6e-f790760a8777 (type: security_group_rules) to 0
2026-05-19 01:17:49.481 8 INFO neutron.db.ovn_revision_numbers_db [None req-4abb1960-3909-4f28-b1ce-c534d9cc3cfd c947e2c2a66c464fab281c22b33a22bd bd340a8a63664858afde12ad68251519 - - default default] Successfully bumped revision number for resource 546f4f26-8926-4827-96bb-ff3febaa1770 (type: security_group_rules) to 0
2026-05-19 01:17:49.493 8 INFO neutron.db.ovn_revision_numbers_db [None req-4abb1960-3909-4f28-b1ce-c534d9cc3cfd c947e2c2a66c464fab281c22b33a22bd bd340a8a63664858afde12ad68251519 - - default default] Successfully bumped revision number for resource eecfe1db-63c0-4ddb-a1bf-579635b3c5f7 (type: security_group_rules) to 0
2026-05-19 01:17:49.562 8 INFO neutron.db.segments_db [None req-4abb1960-3909-4f28-b1ce-c534d9cc3cfd c947e2c2a66c464fab281c22b33a22bd bd340a8a63664858afde12ad68251519 - - default default] Added segment 94acf8e1-a3bf-4b27-962e-45b2e4fde44a of type geneve for network 31f0bcac-9daf-4295-a25a-2a29bc0e2a42
2026-05-19 01:17:49.689 8 INFO neutron.db.ovn_revision_numbers_db [None req-4abb1960-3909-4f28-b1ce-c534d9cc3cfd c947e2c2a66c464fab281c22b33a22bd bd340a8a63664858afde12ad68251519 - - default default] Successfully bumped revision number for resource 31f0bcac-9daf-4295-a25a-2a29bc0e2a42 (type: networks) to 1
2026-05-19 01:17:49.862 8 WARNING neutron.scheduler.dhcp_agent_scheduler [None req-4abb1960-3909-4f28-b1ce-c534d9cc3cfd c947e2c2a66c464fab281c22b33a22bd bd340a8a63664858afde12ad68251519 - - default default] No more DHCP agents
2026-05-19 01:17:49.864 8 WARNING neutron.api.rpc.agentnotifiers.dhcp_rpc_agent_api [None req-4abb1960-3909-4f28-b1ce-c534d9cc3cfd c947e2c2a66c464fab281c22b33a22bd bd340a8a63664858afde12ad68251519 - - default default] Unable to schedule network 31f0bcac-9daf-4295-a25a-2a29bc0e2a42: no agents available; will retry on subsequent port and subnet creation events.
2026-05-19 01:17:49.915 7 INFO neutron.plugins.ml2.drivers.ovn.mech_driver.mech_driver [None req-d235806a-08cb-41b6-87d1-6ef88997ecca - - - - - -] OVN reports status down for port: 5b96131a-e93c-445b-9640-ba5eb66cbec7
2026-05-19 01:17:49.943 8 INFO neutron.db.ovn_revision_numbers_db [None req-4abb1960-3909-4f28-b1ce-c534d9cc3cfd c947e2c2a66c464fab281c22b33a22bd bd340a8a63664858afde12ad68251519 - - default default] Successfully bumped revision number for resource 5b96131a-e93c-445b-9640-ba5eb66cbec7 (type: ports) to 1 [pid: 8|app: 0|req: 1385/2750] 10.0.0.46 () {34 vars in 669 bytes} [Tue May 19 01:17:49 2026] POST /v2.0/networks => generated 670 bytes in 840 msecs (HTTP/1.1 201) 4 headers in 162 bytes (1 switches on core 0)
2026-05-19 01:17:50.251 7 WARNING neutron.scheduler.dhcp_agent_scheduler [None req-6eb89b32-3eaf-4d94-99e7-f3dc97b2531e c947e2c2a66c464fab281c22b33a22bd bd340a8a63664858afde12ad68251519 - - default default] No more DHCP agents
2026-05-19 01:17:50.253 7 WARNING neutron.api.rpc.agentnotifiers.dhcp_rpc_agent_api [None req-6eb89b32-3eaf-4d94-99e7-f3dc97b2531e c947e2c2a66c464fab281c22b33a22bd bd340a8a63664858afde12ad68251519 - - default default] Unable to schedule network 31f0bcac-9daf-4295-a25a-2a29bc0e2a42: no agents available; will retry on subsequent port and subnet creation events.
2026-05-19 01:17:50.312 7 INFO neutron.plugins.ml2.drivers.ovn.mech_driver.mech_driver [None req-d235806a-08cb-41b6-87d1-6ef88997ecca - - - - - -] OVN reports status down for port: ccf0463f-4e9d-483b-bdaa-80c3d8317e23
2026-05-19 01:17:50.368 7 INFO neutron.db.ovn_revision_numbers_db [None req-6eb89b32-3eaf-4d94-99e7-f3dc97b2531e c947e2c2a66c464fab281c22b33a22bd bd340a8a63664858afde12ad68251519 - - default default] Successfully bumped revision number for resource ccf0463f-4e9d-483b-bdaa-80c3d8317e23 (type: ports) to 1 [pid: 7|app: 0|req: 1366/2751] 10.0.0.46 () {34 vars in 663 bytes} [Tue May 19 01:17:49 2026] POST /v2.0/ports => generated 743 bytes in 474 msecs (HTTP/1.1 201) 4 headers in 162 bytes (1 switches on core 0) [pid: 8|app: 0|req: 1386/2752] 10.0.0.46 () {34 vars in 665 bytes} [Tue May 19 01:17:50 2026] POST /v2.0/trunks => generated 409 bytes in 167 msecs (HTTP/1.1 201) 4 headers in 162 bytes (1 switches on core 0) /var/lib/openstack/lib/python3.12/site-packages/pycadf/identifier.py:70: UserWarning: Invalid uuid: neutron. To ensure interoperability, identifiers should be a valid uuid. warnings.warn(('Invalid uuid: %s. To ensure interoperability, '
2026-05-19 01:17:50.656 7 WARNING tagging [None req-388c5d14-0a00-4c9c-86f1-69b1e23a8a8f c947e2c2a66c464fab281c22b33a22bd bd340a8a63664858afde12ad68251519 - - default default] project_id key not found in request, using tenant_id instead. This support has been deprecated and will be removed in a future release. [pid: 7|app: 0|req: 1367/2753] 10.0.0.46 () {34 vars in 748 bytes} [Tue May 19 01:17:50 2026] PUT /v2.0/trunks/6e4ef1a8-d52b-4cf0-a3a1-3a255b6da144/tags => generated 25 bytes in 34 msecs (HTTP/1.1 200) 4 headers in 156 bytes (1 switches on core 0)
2026-05-19 01:17:50.694 8 WARNING tagging [None req-db89a818-9db1-4f0f-bce5-4274060e766c c947e2c2a66c464fab281c22b33a22bd bd340a8a63664858afde12ad68251519 - - default default] project_id key not found in request, using tenant_id instead. This support has been deprecated and will be removed in a future release. [pid: 8|app: 0|req: 1387/2754] 10.0.0.46 () {32 vars in 728 bytes} [Tue May 19 01:17:50 2026] GET /v2.0/trunks/6e4ef1a8-d52b-4cf0-a3a1-3a255b6da144/tags => generated 25 bytes in 24 msecs (HTTP/1.1 200) 4 headers in 156 bytes (1 switches on core 0)
2026-05-19 01:17:50.725 7 WARNING tagging [None req-38e32c0c-a688-43d4-8a89-a2f31cd79bff c947e2c2a66c464fab281c22b33a22bd bd340a8a63664858afde12ad68251519 - - default default] project_id key not found in request, using tenant_id instead. This support has been deprecated and will be removed in a future release. [pid: 7|app: 0|req: 1368/2755] 10.0.0.46 () {34 vars in 759 bytes} [Tue May 19 01:17:50 2026] PUT /v2.0/trunks/6e4ef1a8-d52b-4cf0-a3a1-3a255b6da144/tags/green => generated 4 bytes in 43 msecs (HTTP/1.1 201) 4 headers in 160 bytes (1 switches on core 0)
2026-05-19 01:17:50.770 8 WARNING tagging [None req-96754119-5c55-497d-8b95-d4e6c6ee5957 c947e2c2a66c464fab281c22b33a22bd bd340a8a63664858afde12ad68251519 - - default default] project_id key not found in request, using tenant_id instead. This support has been deprecated and will be removed in a future release. [pid: 8|app: 0|req: 1388/2756] 10.0.0.46 () {32 vars in 728 bytes} [Tue May 19 01:17:50 2026] GET /v2.0/trunks/6e4ef1a8-d52b-4cf0-a3a1-3a255b6da144/tags => generated 34 bytes in 22 msecs (HTTP/1.1 200) 4 headers in 156 bytes (1 switches on core 0)
2026-05-19 01:17:50.795 7 WARNING tagging [None req-1b828537-6738-4db5-8afd-6a4475c41472 c947e2c2a66c464fab281c22b33a22bd bd340a8a63664858afde12ad68251519 - - default default] project_id key not found in request, using tenant_id instead. This support has been deprecated and will be removed in a future release. [pid: 7|app: 0|req: 1369/2757] 10.0.0.46 () {34 vars in 755 bytes} [Tue May 19 01:17:50 2026] PUT /v2.0/trunks/6e4ef1a8-d52b-4cf0-a3a1-3a255b6da144/tags/red => generated 4 bytes in 27 msecs (HTTP/1.1 201) 4 headers in 160 bytes (1 switches on core 0)
2026-05-19 01:17:50.828 8 WARNING tagging [None req-8b8c2d6a-8946-4e87-b776-859a0360bcd2 c947e2c2a66c464fab281c22b33a22bd bd340a8a63664858afde12ad68251519 - - default default] project_id key not found in request, using tenant_id instead. This support has been deprecated and will be removed in a future release. [pid: 8|app: 0|req: 1389/2758] 10.0.0.46 () {32 vars in 728 bytes} [Tue May 19 01:17:50 2026] GET /v2.0/trunks/6e4ef1a8-d52b-4cf0-a3a1-3a255b6da144/tags => generated 34 bytes in 22 msecs (HTTP/1.1 200) 4 headers in 156 bytes (1 switches on core 0)
2026-05-19 01:17:50.854 7 WARNING tagging [None req-5b6987d0-71ed-44d9-915d-b8d25354dbde c947e2c2a66c464fab281c22b33a22bd bd340a8a63664858afde12ad68251519 - - default default] project_id key not found in request, using tenant_id instead. This support has been deprecated and will be removed in a future release. [pid: 7|app: 0|req: 1370/2759] 10.0.0.46 () {34 vars in 777 bytes} [Tue May 19 01:17:50 2026] PUT /v2.0/trunks/6e4ef1a8-d52b-4cf0-a3a1-3a255b6da144/tags/black.or.white => generated 4 bytes in 39 msecs (HTTP/1.1 201) 4 headers in 160 bytes (1 switches on core 0)
2026-05-19 01:17:50.897 8 WARNING tagging [None req-370a6c00-7339-45f1-96aa-87296cca1773 c947e2c2a66c464fab281c22b33a22bd bd340a8a63664858afde12ad68251519 - - default default] project_id key not found in request, using tenant_id instead. This support has been deprecated and will be removed in a future release. [pid: 8|app: 0|req: 1390/2760] 10.0.0.46 () {32 vars in 728 bytes} [Tue May 19 01:17:50 2026] GET /v2.0/trunks/6e4ef1a8-d52b-4cf0-a3a1-3a255b6da144/tags => generated 52 bytes in 19 msecs (HTTP/1.1 200) 4 headers in 156 bytes (1 switches on core 0)
2026-05-19 01:17:50.920 7 WARNING tagging [None req-800dfce2-3624-4c62-87cd-6eec15d26036 c947e2c2a66c464fab281c22b33a22bd bd340a8a63664858afde12ad68251519 - - default default] project_id key not found in request, using tenant_id instead. This support has been deprecated and will be removed in a future release. [pid: 7|app: 0|req: 1371/2761] 10.0.0.46 () {34 vars in 748 bytes} [Tue May 19 01:17:50 2026] PUT /v2.0/trunks/6e4ef1a8-d52b-4cf0-a3a1-3a255b6da144/tags => generated 37 bytes in 32 msecs (HTTP/1.1 200) 4 headers in 156 bytes (1 switches on core 0)
2026-05-19 01:17:50.957 8 WARNING tagging [None req-95ef1d47-0421-4ce9-bf0b-c3db4efd1d33 c947e2c2a66c464fab281c22b33a22bd bd340a8a63664858afde12ad68251519 - - default default] project_id key not found in request, using tenant_id instead. This support has been deprecated and will be removed in a future release. [pid: 8|app: 0|req: 1391/2762] 10.0.0.46 () {32 vars in 728 bytes} [Tue May 19 01:17:50 2026] GET /v2.0/trunks/6e4ef1a8-d52b-4cf0-a3a1-3a255b6da144/tags => generated 37 bytes in 21 msecs (HTTP/1.1 200) 4 headers in 156 bytes (1 switches on core 0)
2026-05-19 01:17:50.985 7 WARNING tagging [None req-e68f49ad-2d42-46fe-960f-8a50eaf961d2 c947e2c2a66c464fab281c22b33a22bd bd340a8a63664858afde12ad68251519 - - default default] project_id key not found in request, using tenant_id instead. This support has been deprecated and will be removed in a future release. [pid: 7|app: 0|req: 1372/2763] 10.0.0.46 () {32 vars in 736 bytes} [Tue May 19 01:17:50 2026] GET /v2.0/trunks/6e4ef1a8-d52b-4cf0-a3a1-3a255b6da144/tags/red => generated 0 bytes in 22 msecs (HTTP/1.1 204) 2 headers in 112 bytes (1 switches on core 0)
2026-05-19 01:17:51.016 8 WARNING tagging [None req-a82ed905-dcb8-4b41-91d4-31b484a2eec9 c947e2c2a66c464fab281c22b33a22bd bd340a8a63664858afde12ad68251519 - - default default] project_id key not found in request, using tenant_id instead. This support has been deprecated and will be removed in a future release.
2026-05-19 01:17:51.023 8 INFO neutron.api.v2.resource [None req-a82ed905-dcb8-4b41-91d4-31b484a2eec9 c947e2c2a66c464fab281c22b33a22bd bd340a8a63664858afde12ad68251519 - - default default] show failed (client error): The resource could not be found. [pid: 8|app: 0|req: 1392/2764] 10.0.0.46 () {32 vars in 740 bytes} [Tue May 19 01:17:50 2026] GET /v2.0/trunks/6e4ef1a8-d52b-4cf0-a3a1-3a255b6da144/tags/green => generated 99 bytes in 27 msecs (HTTP/1.1 404) 4 headers in 163 bytes (1 switches on core 0)
2026-05-19 01:17:51.041 7 WARNING tagging [None req-10198dfe-ee4c-4a2a-a769-4040b82fbac1 c947e2c2a66c464fab281c22b33a22bd bd340a8a63664858afde12ad68251519 - - default default] project_id key not found in request, using tenant_id instead. This support has been deprecated and will be removed in a future release. [pid: 7|app: 0|req: 1373/2765] 10.0.0.46 () {32 vars in 739 bytes} [Tue May 19 01:17:51 2026] DELETE /v2.0/trunks/6e4ef1a8-d52b-4cf0-a3a1-3a255b6da144/tags/red => generated 0 bytes in 29 msecs (HTTP/1.1 204) 2 headers in 112 bytes (1 switches on core 0)
2026-05-19 01:17:51.075 8 WARNING tagging [None req-d8b6d476-4169-4c77-8f7a-71784c8e29c2 c947e2c2a66c464fab281c22b33a22bd bd340a8a63664858afde12ad68251519 - - default default] project_id key not found in request, using tenant_id instead. This support has been deprecated and will be removed in a future release. [pid: 8|app: 0|req: 1393/2766] 10.0.0.46 () {32 vars in 728 bytes} [Tue May 19 01:17:51 2026] GET /v2.0/trunks/6e4ef1a8-d52b-4cf0-a3a1-3a255b6da144/tags => generated 30 bytes in 22 msecs (HTTP/1.1 200) 4 headers in 156 bytes (1 switches on core 0)
2026-05-19 01:17:51.105 7 WARNING tagging [None req-915dbb0a-ffd0-4542-ae62-e79e5e95577e c947e2c2a66c464fab281c22b33a22bd bd340a8a63664858afde12ad68251519 - - default default] project_id key not found in request, using tenant_id instead. This support has been deprecated and will be removed in a future release.
2026-05-19 01:17:51.119 7 INFO neutron.api.v2.resource [None req-915dbb0a-ffd0-4542-ae62-e79e5e95577e c947e2c2a66c464fab281c22b33a22bd bd340a8a63664858afde12ad68251519 - - default default] delete failed (client error): The resource could not be found. [pid: 7|app: 0|req: 1374/2767] 10.0.0.46 () {32 vars in 743 bytes} [Tue May 19 01:17:51 2026] DELETE /v2.0/trunks/6e4ef1a8-d52b-4cf0-a3a1-3a255b6da144/tags/green => generated 99 bytes in 33 msecs (HTTP/1.1 404) 4 headers in 163 bytes (1 switches on core 0)
2026-05-19 01:17:51.140 8 WARNING tagging [None req-67948dac-b221-4d7c-b6d8-0394980a1853 c947e2c2a66c464fab281c22b33a22bd bd340a8a63664858afde12ad68251519 - - default default] project_id key not found in request, using tenant_id instead. This support has been deprecated and will be removed in a future release. [pid: 8|app: 0|req: 1394/2768] 10.0.0.46 () {32 vars in 731 bytes} [Tue May 19 01:17:51 2026] DELETE /v2.0/trunks/6e4ef1a8-d52b-4cf0-a3a1-3a255b6da144/tags => generated 0 bytes in 37 msecs (HTTP/1.1 204) 2 headers in 112 bytes (1 switches on core 0)
2026-05-19 01:17:51.184 7 WARNING tagging [None req-5b98b1b3-cf09-43d3-9016-2dc8fa841269 c947e2c2a66c464fab281c22b33a22bd bd340a8a63664858afde12ad68251519 - - default default] project_id key not found in request, using tenant_id instead. This support has been deprecated and will be removed in a future release. [pid: 7|app: 0|req: 1375/2769] 10.0.0.46 () {32 vars in 728 bytes} [Tue May 19 01:17:51 2026] GET /v2.0/trunks/6e4ef1a8-d52b-4cf0-a3a1-3a255b6da144/tags => generated 12 bytes in 26 msecs (HTTP/1.1 200) 4 headers in 156 bytes (1 switches on core 0) [pid: 8|app: 0|req: 1395/2770] 10.0.0.46 () {32 vars in 718 bytes} [Tue May 19 01:17:51 2026] GET /v2.0/trunks/6e4ef1a8-d52b-4cf0-a3a1-3a255b6da144 => generated 409 bytes in 16 msecs (HTTP/1.1 200) 4 headers in 157 bytes (1 switches on core 0) [pid: 7|app: 0|req: 1376/2771] 10.0.0.46 () {32 vars in 716 bytes} [Tue May 19 01:17:51 2026] GET /v2.0/ports/ccf0463f-4e9d-483b-bdaa-80c3d8317e23 => generated 826 bytes in 50 msecs (HTTP/1.1 200) 4 headers in 157 bytes (1 switches on core 0) [pid: 8|app: 0|req: 1396/2772] 10.0.0.46 () {32 vars in 721 bytes} [Tue May 19 01:17:51 2026] DELETE /v2.0/trunks/6e4ef1a8-d52b-4cf0-a3a1-3a255b6da144 => generated 0 bytes in 73 msecs (HTTP/1.1 204) 2 headers in 112 bytes (1 switches on core 0)
2026-05-19 01:17:51.484 7 INFO neutron_taas.services.taas.taas_plugin [None req-56613513-f9e2-4600-aa51-102edb7d1482 c947e2c2a66c464fab281c22b33a22bd bd340a8a63664858afde12ad68251519 - - default default] TaaS: Handle Delete Port: ccf0463f-4e9d-483b-bdaa-80c3d8317e23
2026-05-19 01:17:51.487 7 INFO neutron_taas.services.taas.tap_mirror_plugin [None req-56613513-f9e2-4600-aa51-102edb7d1482 c947e2c2a66c464fab281c22b33a22bd bd340a8a63664858afde12ad68251519 - - default default] Tap Mirror: Handle Delete Port: ccf0463f-4e9d-483b-bdaa-80c3d8317e23 [pid: 7|app: 0|req: 1377/2773] 10.0.0.46 () {32 vars in 719 bytes} [Tue May 19 01:17:51 2026] DELETE /v2.0/ports/ccf0463f-4e9d-483b-bdaa-80c3d8317e23 => generated 0 bytes in 249 msecs (HTTP/1.1 204) 3 headers in 131 bytes (1 switches on core 0)
2026-05-19 01:17:51.786 8 INFO neutron_taas.services.taas.taas_plugin [None req-1fa0b5da-7d8e-4ace-b764-d524ce3abe8d c947e2c2a66c464fab281c22b33a22bd bd340a8a63664858afde12ad68251519 - - default default] TaaS: Handle Delete Port: 5b96131a-e93c-445b-9640-ba5eb66cbec7
2026-05-19 01:17:51.789 8 INFO neutron_taas.services.taas.tap_mirror_plugin [None req-1fa0b5da-7d8e-4ace-b764-d524ce3abe8d c947e2c2a66c464fab281c22b33a22bd bd340a8a63664858afde12ad68251519 - - default default] Tap Mirror: Handle Delete Port: 5b96131a-e93c-445b-9640-ba5eb66cbec7
2026-05-19 01:17:51.980 8 INFO neutron.services.segments.plugin [-] Segment 94acf8e1-a3bf-4b27-962e-45b2e4fde44a resource provider aggregate not found
2026-05-19 01:17:51.987 8 INFO neutron.services.segments.plugin [-] Segment 94acf8e1-a3bf-4b27-962e-45b2e4fde44a resource provider aggregate not found
2026-05-19 01:17:52.010 8 INFO neutron.services.segments.plugin [-] Segment 94acf8e1-a3bf-4b27-962e-45b2e4fde44a resource provider not found; error: Placement Client Error (4xx): {"errors": [{"status": 404, "title": "Not Found", "detail": "The resource could not be found.\n\n No resource provider with uuid 94acf8e1-a3bf-4b27-962e-45b2e4fde44a found for delete ", "request_id": "req-f6469e6d-8721-4026-9ca8-02179b0d2b96"}]}
2026-05-19 01:17:52.014 8 INFO neutron.services.segments.plugin [-] Segment 94acf8e1-a3bf-4b27-962e-45b2e4fde44a resource provider not found; error: Placement Client Error (4xx): {"errors": [{"status": 404, "title": "Not Found", "detail": "The resource could not be found.\n\n No resource provider with uuid 94acf8e1-a3bf-4b27-962e-45b2e4fde44a found for delete ", "request_id": "req-3999f1f1-3b1d-4d49-9909-180b28958647"}]} [pid: 8|app: 0|req: 1397/2774] 10.0.0.46 () {32 vars in 725 bytes} [Tue May 19 01:17:51 2026] DELETE /v2.0/networks/31f0bcac-9daf-4295-a25a-2a29bc0e2a42 => generated 0 bytes in 428 msecs (HTTP/1.1 204) 3 headers in 131 bytes (1 switches on core 0)
2026-05-19 01:17:52.873 7 WARNING neutron.db.securitygroups_db [None req-8ed7cdf2-f272-43bf-b5d3-840ef4577d3e fb56dba1f0f1439d8fa87754f7e319ed 1174f8e24abc4b39a1a66f037511dd0d - - default default] project_id key not found in filters, using tenant_id instead. This support has been deprecated and will be removed in a future release.
2026-05-19 01:17:53.021 7 INFO neutron.db.ovn_revision_numbers_db [None req-8ed7cdf2-f272-43bf-b5d3-840ef4577d3e fb56dba1f0f1439d8fa87754f7e319ed 1174f8e24abc4b39a1a66f037511dd0d - - default default] Successfully bumped revision number for resource def49d8b-aeaa-43f0-8934-7a2b8d2d512f (type: security_groups) to 1
2026-05-19 01:17:53.031 7 INFO neutron.db.ovn_revision_numbers_db [None req-8ed7cdf2-f272-43bf-b5d3-840ef4577d3e fb56dba1f0f1439d8fa87754f7e319ed 1174f8e24abc4b39a1a66f037511dd0d - - default default] Successfully bumped revision number for resource 7d6734e1-f416-4585-a4ee-e44bd564f25c (type: security_group_rules) to 0
2026-05-19 01:17:53.040 7 INFO neutron.db.ovn_revision_numbers_db [None req-8ed7cdf2-f272-43bf-b5d3-840ef4577d3e fb56dba1f0f1439d8fa87754f7e319ed 1174f8e24abc4b39a1a66f037511dd0d - - default default] Successfully bumped revision number for resource 89c9b797-488e-4acb-9830-6b4d01c2d8ae (type: security_group_rules) to 0
2026-05-19 01:17:53.052 7 INFO neutron.db.ovn_revision_numbers_db [None req-8ed7cdf2-f272-43bf-b5d3-840ef4577d3e fb56dba1f0f1439d8fa87754f7e319ed 1174f8e24abc4b39a1a66f037511dd0d - - default default] Successfully bumped revision number for resource b6bbb657-f2a2-4ba4-9086-ecf37d1da1e4 (type: security_group_rules) to 0
2026-05-19 01:17:53.065 7 INFO neutron.db.ovn_revision_numbers_db [None req-8ed7cdf2-f272-43bf-b5d3-840ef4577d3e fb56dba1f0f1439d8fa87754f7e319ed 1174f8e24abc4b39a1a66f037511dd0d - - default default] Successfully bumped revision number for resource f21ee5c5-e10a-450a-b0ff-2f8bcbc4c1fb (type: security_group_rules) to 0 [pid: 7|app: 0|req: 1378/2775] 10.0.0.46 () {32 vars in 773 bytes} [Tue May 19 01:17:52 2026] GET /v2.0/security-groups?tenant_id=ce3b25b048944cc2ab1fd758405ad0da&name=default => generated 2929 bytes in 367 msecs (HTTP/1.1 200) 4 headers in 158 bytes (1 switches on core 0) [pid: 8|app: 0|req: 1398/2776] 10.0.0.46 () {32 vars in 739 bytes} [Tue May 19 01:17:53 2026] DELETE /v2.0/security-groups/def49d8b-aeaa-43f0-8934-7a2b8d2d512f => generated 0 bytes in 188 msecs (HTTP/1.1 204) 2 headers in 112 bytes (1 switches on core 0)
2026-05-19 01:17:53.378 7 WARNING neutron.db.securitygroups_db [None req-06f11183-50f5-4239-b909-10a6c81deb10 fb56dba1f0f1439d8fa87754f7e319ed 1174f8e24abc4b39a1a66f037511dd0d - - default default] project_id key not found in filters, using tenant_id instead. This support has been deprecated and will be removed in a future release. [pid: 7|app: 0|req: 1379/2777] 10.0.0.46 () {32 vars in 773 bytes} [Tue May 19 01:17:53 2026] GET /v2.0/security-groups?tenant_id=bd340a8a63664858afde12ad68251519&name=default => generated 2929 bytes in 32 msecs (HTTP/1.1 200) 4 headers in 158 bytes (1 switches on core 0) [pid: 8|app: 0|req: 1399/2778] 10.0.0.46 () {32 vars in 739 bytes} [Tue May 19 01:17:53 2026] DELETE /v2.0/security-groups/5cfa20fa-404f-4055-93c4-49d7c8f75dff => generated 0 bytes in 165 msecs (HTTP/1.1 204) 2 headers in 112 bytes (1 switches on core 0)
2026-05-19 01:18:02.522 7 INFO neutron.db.ovn_revision_numbers_db [None req-6ff0e7f5-0738-4455-a32b-b91597ecf30a 066d546fbec143a0a410f6c66847af1f f0b177c6b5a74ea0a4e0fadfdc957c23 - - default default] Successfully bumped revision number for resource 33cf227f-7b4a-45f0-88cd-fa9c913d34f5 (type: security_groups) to 1
2026-05-19 01:18:02.535 7 INFO neutron.db.ovn_revision_numbers_db [None req-6ff0e7f5-0738-4455-a32b-b91597ecf30a 066d546fbec143a0a410f6c66847af1f f0b177c6b5a74ea0a4e0fadfdc957c23 - - default default] Successfully bumped revision number for resource 749eebd1-27e3-42c8-99f7-2d613f45b415 (type: security_group_rules) to 0
2026-05-19 01:18:02.546 7 INFO neutron.db.ovn_revision_numbers_db [None req-6ff0e7f5-0738-4455-a32b-b91597ecf30a 066d546fbec143a0a410f6c66847af1f f0b177c6b5a74ea0a4e0fadfdc957c23 - - default default] Successfully bumped revision number for resource 982227d1-1ca1-4521-9ab4-8bc5e5e01814 (type: security_group_rules) to 0
2026-05-19 01:18:02.558 7 INFO neutron.db.ovn_revision_numbers_db [None req-6ff0e7f5-0738-4455-a32b-b91597ecf30a 066d546fbec143a0a410f6c66847af1f f0b177c6b5a74ea0a4e0fadfdc957c23 - - default default] Successfully bumped revision number for resource d0427e0c-8678-4655-b77c-1d4054872a07 (type: security_group_rules) to 0
2026-05-19 01:18:02.571 7 INFO neutron.db.ovn_revision_numbers_db [None req-6ff0e7f5-0738-4455-a32b-b91597ecf30a 066d546fbec143a0a410f6c66847af1f f0b177c6b5a74ea0a4e0fadfdc957c23 - - default default] Successfully bumped revision number for resource eec2fc22-4234-414a-a98b-291e30081d65 (type: security_group_rules) to 0
2026-05-19 01:18:02.654 7 INFO neutron.db.segments_db [None req-6ff0e7f5-0738-4455-a32b-b91597ecf30a 066d546fbec143a0a410f6c66847af1f f0b177c6b5a74ea0a4e0fadfdc957c23 - - default default] Added segment f676c96b-386e-4f29-ba9c-5a7019a8c47a of type geneve for network 499e9df4-1ec4-4309-a3a0-1683742950d6
2026-05-19 01:18:02.763 7 INFO neutron.db.ovn_revision_numbers_db [None req-6ff0e7f5-0738-4455-a32b-b91597ecf30a 066d546fbec143a0a410f6c66847af1f f0b177c6b5a74ea0a4e0fadfdc957c23 - - default default] Successfully bumped revision number for resource 499e9df4-1ec4-4309-a3a0-1683742950d6 (type: networks) to 1
2026-05-19 01:18:02.930 7 WARNING neutron.scheduler.dhcp_agent_scheduler [None req-6ff0e7f5-0738-4455-a32b-b91597ecf30a 066d546fbec143a0a410f6c66847af1f f0b177c6b5a74ea0a4e0fadfdc957c23 - - default default] No more DHCP agents
2026-05-19 01:18:02.931 7 WARNING neutron.api.rpc.agentnotifiers.dhcp_rpc_agent_api [None req-6ff0e7f5-0738-4455-a32b-b91597ecf30a 066d546fbec143a0a410f6c66847af1f f0b177c6b5a74ea0a4e0fadfdc957c23 - - default default] Unable to schedule network 499e9df4-1ec4-4309-a3a0-1683742950d6: no agents available; will retry on subsequent port and subnet creation events.
2026-05-19 01:18:02.984 7 INFO neutron.plugins.ml2.drivers.ovn.mech_driver.mech_driver [None req-d235806a-08cb-41b6-87d1-6ef88997ecca - - - - - -] OVN reports status down for port: fb64ca9f-65d1-4383-bb6a-a1ca6c4fdb6d
2026-05-19 01:18:03.043 7 INFO neutron.db.ovn_revision_numbers_db [None req-6ff0e7f5-0738-4455-a32b-b91597ecf30a 066d546fbec143a0a410f6c66847af1f f0b177c6b5a74ea0a4e0fadfdc957c23 - - default default] Successfully bumped revision number for resource fb64ca9f-65d1-4383-bb6a-a1ca6c4fdb6d (type: ports) to 1 [pid: 7|app: 0|req: 1381/2781] 10.0.0.46 () {34 vars in 669 bytes} [Tue May 19 01:18:02 2026] POST /v2.0/networks => generated 678 bytes in 855 msecs (HTTP/1.1 201) 4 headers in 162 bytes (1 switches on core 0)
2026-05-19 01:18:03.264 8 WARNING neutron.scheduler.dhcp_agent_scheduler [None req-c2e1ced7-acbb-482b-b8f5-3c603872dc73 066d546fbec143a0a410f6c66847af1f f0b177c6b5a74ea0a4e0fadfdc957c23 - - default default] No more DHCP agents
2026-05-19 01:18:03.266 8 WARNING neutron.api.rpc.agentnotifiers.dhcp_rpc_agent_api [None req-c2e1ced7-acbb-482b-b8f5-3c603872dc73 066d546fbec143a0a410f6c66847af1f f0b177c6b5a74ea0a4e0fadfdc957c23 - - default default] Unable to schedule network 499e9df4-1ec4-4309-a3a0-1683742950d6: no agents available; will retry on subsequent port and subnet creation events.
2026-05-19 01:18:04.318 8 INFO neutron.db.ovn_revision_numbers_db [None req-c2e1ced7-acbb-482b-b8f5-3c603872dc73 066d546fbec143a0a410f6c66847af1f f0b177c6b5a74ea0a4e0fadfdc957c23 - - default default] Successfully bumped revision number for resource fb64ca9f-65d1-4383-bb6a-a1ca6c4fdb6d (type: ports) to 2
2026-05-19 01:18:04.361 8 INFO neutron.db.ovn_revision_numbers_db [None req-c2e1ced7-acbb-482b-b8f5-3c603872dc73 066d546fbec143a0a410f6c66847af1f f0b177c6b5a74ea0a4e0fadfdc957c23 - - default default] Successfully bumped revision number for resource aad9bf11-2383-4a10-9d23-824eec267305 (type: subnets) to 0 [pid: 8|app: 0|req: 1401/2782] 10.0.0.46 () {34 vars in 668 bytes} [Tue May 19 01:18:03 2026] POST /v2.0/subnets => generated 657 bytes in 1293 msecs (HTTP/1.1 201) 4 headers in 162 bytes (1 switches on core 0) [pid: 7|app: 0|req: 1382/2783] 10.0.0.46 () {32 vars in 721 bytes} [Tue May 19 01:18:04 2026] GET /v2.0/subnetpools?name=shared-default-subnetpool-v6 => generated 19 bytes in 41 msecs (HTTP/1.1 200) 4 headers in 156 bytes (1 switches on core 0)
2026-05-19 01:18:04.619 8 WARNING neutron.scheduler.dhcp_agent_scheduler [None req-020e4e43-6e3b-426a-b7ff-7dd79a5304d5 066d546fbec143a0a410f6c66847af1f f0b177c6b5a74ea0a4e0fadfdc957c23 - - default default] No more DHCP agents
2026-05-19 01:18:04.620 8 WARNING neutron.api.rpc.agentnotifiers.dhcp_rpc_agent_api [None req-020e4e43-6e3b-426a-b7ff-7dd79a5304d5 066d546fbec143a0a410f6c66847af1f f0b177c6b5a74ea0a4e0fadfdc957c23 - - default default] Unable to schedule network 499e9df4-1ec4-4309-a3a0-1683742950d6: no agents available; will retry on subsequent port and subnet creation events.
2026-05-19 01:18:04.643 8 INFO neutron.db.ovn_revision_numbers_db [None req-020e4e43-6e3b-426a-b7ff-7dd79a5304d5 066d546fbec143a0a410f6c66847af1f f0b177c6b5a74ea0a4e0fadfdc957c23 - - default default] Successfully bumped revision number for resource 3cb5bb75-1c77-455f-b7b7-69fced46ed83 (type: subnets) to 0 [pid: 8|app: 0|req: 1402/2784] 10.0.0.46 () {34 vars in 668 bytes} [Tue May 19 01:18:04 2026] POST /v2.0/subnets => generated 732 bytes in 230 msecs (HTTP/1.1 201) 4 headers in 162 bytes (1 switches on core 0)
2026-05-19 01:18:04.763 7 INFO neutron.db.segments_db [None req-1e46c262-f522-4260-a8ad-4a4e0192fc89 066d546fbec143a0a410f6c66847af1f f0b177c6b5a74ea0a4e0fadfdc957c23 - - default default] Added segment 3c659b30-a40b-4a0e-ae41-92dd82cf3f25 of type geneve for network 0971dd54-c5a9-4b22-89d6-c9aa1525810e
2026-05-19 01:18:04.854 7 INFO neutron.db.ovn_revision_numbers_db [None req-1e46c262-f522-4260-a8ad-4a4e0192fc89 066d546fbec143a0a410f6c66847af1f f0b177c6b5a74ea0a4e0fadfdc957c23 - - default default] Successfully bumped revision number for resource 0971dd54-c5a9-4b22-89d6-c9aa1525810e (type: networks) to 1
2026-05-19 01:18:05.016 7 WARNING neutron.scheduler.dhcp_agent_scheduler [None req-1e46c262-f522-4260-a8ad-4a4e0192fc89 066d546fbec143a0a410f6c66847af1f f0b177c6b5a74ea0a4e0fadfdc957c23 - - default default] No more DHCP agents
2026-05-19 01:18:05.017 7 WARNING neutron.api.rpc.agentnotifiers.dhcp_rpc_agent_api [None req-1e46c262-f522-4260-a8ad-4a4e0192fc89 066d546fbec143a0a410f6c66847af1f f0b177c6b5a74ea0a4e0fadfdc957c23 - - default default] Unable to schedule network 0971dd54-c5a9-4b22-89d6-c9aa1525810e: no agents available; will retry on subsequent port and subnet creation events.
2026-05-19 01:18:05.064 8 INFO neutron.plugins.ml2.drivers.ovn.mech_driver.mech_driver [None req-8b0970c0-66a6-46f1-b9ad-c9ba86a0aee3 - - - - - -] OVN reports status down for port: f23dcb47-b504-40b5-99f1-80e83701d165
2026-05-19 01:18:05.092 7 INFO neutron.db.ovn_revision_numbers_db [None req-1e46c262-f522-4260-a8ad-4a4e0192fc89 066d546fbec143a0a410f6c66847af1f f0b177c6b5a74ea0a4e0fadfdc957c23 - - default default] Successfully bumped revision number for resource f23dcb47-b504-40b5-99f1-80e83701d165 (type: ports) to 1 [pid: 7|app: 0|req: 1383/2785] 10.0.0.46 () {34 vars in 669 bytes} [Tue May 19 01:18:04 2026] POST /v2.0/networks => generated 674 bytes in 454 msecs (HTTP/1.1 201) 4 headers in 162 bytes (1 switches on core 0)
2026-05-19 01:18:05.316 8 WARNING neutron.scheduler.dhcp_agent_scheduler [None req-4a74ca1c-f180-4a08-93c1-41e245a8e4ad 066d546fbec143a0a410f6c66847af1f f0b177c6b5a74ea0a4e0fadfdc957c23 - - default default] No more DHCP agents
2026-05-19 01:18:05.318 8 WARNING neutron.api.rpc.agentnotifiers.dhcp_rpc_agent_api [None req-4a74ca1c-f180-4a08-93c1-41e245a8e4ad 066d546fbec143a0a410f6c66847af1f f0b177c6b5a74ea0a4e0fadfdc957c23 - - default default] Unable to schedule network 0971dd54-c5a9-4b22-89d6-c9aa1525810e: no agents available; will retry on subsequent port and subnet creation events.
2026-05-19 01:18:05.795 8 INFO neutron.db.ovn_revision_numbers_db [None req-4a74ca1c-f180-4a08-93c1-41e245a8e4ad 066d546fbec143a0a410f6c66847af1f f0b177c6b5a74ea0a4e0fadfdc957c23 - - default default] Successfully bumped revision number for resource f23dcb47-b504-40b5-99f1-80e83701d165 (type: ports) to 2
2026-05-19 01:18:05.827 8 INFO neutron.db.ovn_revision_numbers_db [None req-4a74ca1c-f180-4a08-93c1-41e245a8e4ad 066d546fbec143a0a410f6c66847af1f f0b177c6b5a74ea0a4e0fadfdc957c23 - - default default] Successfully bumped revision number for resource d7c1e7f4-c8a6-4611-a294-5b8e0896ea0b (type: subnets) to 0 [pid: 8|app: 0|req: 1403/2786] 10.0.0.46 () {34 vars in 668 bytes} [Tue May 19 01:18:05 2026] POST /v2.0/subnets => generated 655 bytes in 721 msecs (HTTP/1.1 201) 4 headers in 162 bytes (1 switches on core 0)
2026-05-19 01:18:06.071 7 WARNING neutron.scheduler.dhcp_agent_scheduler [None req-76128473-aabd-428d-a10d-adfc7ea0e729 066d546fbec143a0a410f6c66847af1f f0b177c6b5a74ea0a4e0fadfdc957c23 - - default default] No more DHCP agents
2026-05-19 01:18:06.072 7 WARNING neutron.api.rpc.agentnotifiers.dhcp_rpc_agent_api [None req-76128473-aabd-428d-a10d-adfc7ea0e729 066d546fbec143a0a410f6c66847af1f f0b177c6b5a74ea0a4e0fadfdc957c23 - - default default] Unable to schedule network 0971dd54-c5a9-4b22-89d6-c9aa1525810e: no agents available; will retry on subsequent port and subnet creation events.
2026-05-19 01:18:06.101 7 INFO neutron.db.ovn_revision_numbers_db [None req-76128473-aabd-428d-a10d-adfc7ea0e729 066d546fbec143a0a410f6c66847af1f f0b177c6b5a74ea0a4e0fadfdc957c23 - - default default] Successfully bumped revision number for resource 068592af-6119-4fe4-99ae-dfb951c7b4c6 (type: subnets) to 0 [pid: 7|app: 0|req: 1384/2787] 10.0.0.46 () {34 vars in 668 bytes} [Tue May 19 01:18:05 2026] POST /v2.0/subnets => generated 726 bytes in 267 msecs (HTTP/1.1 201) 4 headers in 162 bytes (1 switches on core 0)
2026-05-19 01:18:06.211 8 INFO neutron.db.segments_db [None req-1b7fcf9d-0c6b-4b61-a643-dd857636ea5e 066d546fbec143a0a410f6c66847af1f f0b177c6b5a74ea0a4e0fadfdc957c23 - - default default] Added segment 3dabba21-2e24-4d84-8271-84123d5bd8bd of type geneve for network 5a08ad4c-c570-46ea-b8d7-b9d57ab1d2a5
2026-05-19 01:18:06.317 8 INFO neutron.db.ovn_revision_numbers_db [None req-1b7fcf9d-0c6b-4b61-a643-dd857636ea5e 066d546fbec143a0a410f6c66847af1f f0b177c6b5a74ea0a4e0fadfdc957c23 - - default default] Successfully bumped revision number for resource 5a08ad4c-c570-46ea-b8d7-b9d57ab1d2a5 (type: networks) to 1
2026-05-19 01:18:06.488 8 WARNING neutron.scheduler.dhcp_agent_scheduler [None req-1b7fcf9d-0c6b-4b61-a643-dd857636ea5e 066d546fbec143a0a410f6c66847af1f f0b177c6b5a74ea0a4e0fadfdc957c23 - - default default] No more DHCP agents
2026-05-19 01:18:06.490 8 WARNING neutron.api.rpc.agentnotifiers.dhcp_rpc_agent_api [None req-1b7fcf9d-0c6b-4b61-a643-dd857636ea5e 066d546fbec143a0a410f6c66847af1f f0b177c6b5a74ea0a4e0fadfdc957c23 - - default default] Unable to schedule network 5a08ad4c-c570-46ea-b8d7-b9d57ab1d2a5: no agents available; will retry on subsequent port and subnet creation events.
2026-05-19 01:18:06.547 8 INFO neutron.plugins.ml2.drivers.ovn.mech_driver.mech_driver [None req-8b0970c0-66a6-46f1-b9ad-c9ba86a0aee3 - - - - - -] OVN reports status down for port: d4f78c6f-06db-4925-9f6f-518920f81b1f
2026-05-19 01:18:06.603 8 INFO neutron.db.ovn_revision_numbers_db [None req-1b7fcf9d-0c6b-4b61-a643-dd857636ea5e 066d546fbec143a0a410f6c66847af1f f0b177c6b5a74ea0a4e0fadfdc957c23 - - default default] Successfully bumped revision number for resource d4f78c6f-06db-4925-9f6f-518920f81b1f (type: ports) to 1 [pid: 8|app: 0|req: 1404/2788] 10.0.0.46 () {34 vars in 669 bytes} [Tue May 19 01:18:06 2026] POST /v2.0/networks => generated 675 bytes in 517 msecs (HTTP/1.1 201) 4 headers in 162 bytes (1 switches on core 0)
2026-05-19 01:18:06.815 7 WARNING neutron.scheduler.dhcp_agent_scheduler [None req-e4075d6a-5150-4b01-9458-f19a3fa93642 066d546fbec143a0a410f6c66847af1f f0b177c6b5a74ea0a4e0fadfdc957c23 - - default default] No more DHCP agents
2026-05-19 01:18:06.816 7 WARNING neutron.api.rpc.agentnotifiers.dhcp_rpc_agent_api [None req-e4075d6a-5150-4b01-9458-f19a3fa93642 066d546fbec143a0a410f6c66847af1f f0b177c6b5a74ea0a4e0fadfdc957c23 - - default default] Unable to schedule network 5a08ad4c-c570-46ea-b8d7-b9d57ab1d2a5: no agents available; will retry on subsequent port and subnet creation events.
2026-05-19 01:18:07.252 7 INFO neutron.db.ovn_revision_numbers_db [None req-e4075d6a-5150-4b01-9458-f19a3fa93642 066d546fbec143a0a410f6c66847af1f f0b177c6b5a74ea0a4e0fadfdc957c23 - - default default] Successfully bumped revision number for resource d4f78c6f-06db-4925-9f6f-518920f81b1f (type: ports) to 2
2026-05-19 01:18:07.937 7 INFO neutron.db.ovn_revision_numbers_db [None req-e4075d6a-5150-4b01-9458-f19a3fa93642 066d546fbec143a0a410f6c66847af1f f0b177c6b5a74ea0a4e0fadfdc957c23 - - default default] Successfully bumped revision number for resource 7f853198-1c92-4726-a234-93bbf53e2d7f (type: subnets) to 0 [pid: 7|app: 0|req: 1385/2789] 10.0.0.46 () {34 vars in 668 bytes} [Tue May 19 01:18:06 2026] POST /v2.0/subnets => generated 656 bytes in 1308 msecs (HTTP/1.1 201) 4 headers in 162 bytes (1 switches on core 0)
2026-05-19 01:18:08.194 8 WARNING neutron.scheduler.dhcp_agent_scheduler [None req-a9525922-898c-4ded-b218-cf8b4e5915ce 066d546fbec143a0a410f6c66847af1f f0b177c6b5a74ea0a4e0fadfdc957c23 - - default default] No more DHCP agents
2026-05-19 01:18:08.195 8 WARNING neutron.api.rpc.agentnotifiers.dhcp_rpc_agent_api [None req-a9525922-898c-4ded-b218-cf8b4e5915ce 066d546fbec143a0a410f6c66847af1f f0b177c6b5a74ea0a4e0fadfdc957c23 - - default default] Unable to schedule network 5a08ad4c-c570-46ea-b8d7-b9d57ab1d2a5: no agents available; will retry on subsequent port and subnet creation events.
2026-05-19 01:18:08.230 8 INFO neutron.db.ovn_revision_numbers_db [None req-a9525922-898c-4ded-b218-cf8b4e5915ce 066d546fbec143a0a410f6c66847af1f f0b177c6b5a74ea0a4e0fadfdc957c23 - - default default] Successfully bumped revision number for resource e215bbde-9d9f-4acb-b693-c984bf8bdc69 (type: subnets) to 0 [pid: 8|app: 0|req: 1405/2790] 10.0.0.46 () {34 vars in 668 bytes} [Tue May 19 01:18:07 2026] POST /v2.0/subnets => generated 730 bytes in 295 msecs (HTTP/1.1 201) 4 headers in 162 bytes (1 switches on core 0)
2026-05-19 01:18:08.660 7 WARNING neutron.scheduler.dhcp_agent_scheduler [None req-25a0379b-67e4-4ebf-b36b-ec38fbe6d945 066d546fbec143a0a410f6c66847af1f f0b177c6b5a74ea0a4e0fadfdc957c23 - - default default] No more DHCP agents
2026-05-19 01:18:08.662 7 WARNING neutron.api.rpc.agentnotifiers.dhcp_rpc_agent_api [None req-25a0379b-67e4-4ebf-b36b-ec38fbe6d945 066d546fbec143a0a410f6c66847af1f f0b177c6b5a74ea0a4e0fadfdc957c23 - - default default] Unable to schedule network 5fe16042-ebc5-4309-b79d-a9157073cd0f: no agents available; will retry on subsequent port and subnet creation events.
2026-05-19 01:18:08.786 7 INFO neutron.plugins.ml2.drivers.ovn.mech_driver.mech_driver [None req-d235806a-08cb-41b6-87d1-6ef88997ecca - - - - - -] OVN reports status down for port: c1696d61-ff16-44c4-aa39-29e567feabc5
2026-05-19 01:18:08.841 7 INFO neutron.db.ovn_revision_numbers_db [None req-25a0379b-67e4-4ebf-b36b-ec38fbe6d945 066d546fbec143a0a410f6c66847af1f f0b177c6b5a74ea0a4e0fadfdc957c23 - - default default] Successfully bumped revision number for resource c1696d61-ff16-44c4-aa39-29e567feabc5 (type: ports) to 1
2026-05-19 01:18:09.587 7 INFO neutron.plugins.ml2.drivers.ovn.mech_driver.ovsdb.ovsdb_monitor [None req-5f2293e7-459a-403f-91e7-972ae03c5aff - - - - - -] Router 37c96164-f917-4ee8-882c-f81fa24d5d7a is bound to host instance
2026-05-19 01:18:09.606 7 INFO neutron.plugins.ml2.drivers.ovn.mech_driver.mech_driver [None req-d235806a-08cb-41b6-87d1-6ef88997ecca - - - - - -] OVN reports status up for port: c1696d61-ff16-44c4-aa39-29e567feabc5
2026-05-19 01:18:09.657 7 INFO neutron.plugins.ml2.plugin [None req-d235806a-08cb-41b6-87d1-6ef88997ecca - - - - - -] Attempt 1 to provision port c1696d61-ff16-44c4-aa39-29e567feabc5
2026-05-19 01:18:09.711 7 INFO neutron.db.ovn_revision_numbers_db [None req-25a0379b-67e4-4ebf-b36b-ec38fbe6d945 066d546fbec143a0a410f6c66847af1f f0b177c6b5a74ea0a4e0fadfdc957c23 - - default default] Successfully bumped revision number for resource c1696d61-ff16-44c4-aa39-29e567feabc5 (type: router_ports) to 1
