2026-05-19 01:14:17.238 8 INFO neutron.db.ovn_revision_numbers_db [None req-54601684-389a-4b61-9541-ddf46ae08116 889f0b15a03f4f619e1fcc05e27fc03d 6098ec28c6494fe896cd73f41f485a43 - - default default] Successfully bumped revision number for resource 89992f3f-1117-4da8-bf4a-148d690662d1 (type: security_group_rules) to 0
2026-05-19 01:14:17.261 7 INFO neutron.plugins.ml2.plugin [None req-66de6fdb-1128-4287-bd8c-9aaf37f67cb5 - - - - - -] Attempt 1 to provision port 0ca801ce-7d5c-417a-984c-e1948bad36ca [pid: 8|app: 0|req: 657/1343] 10.0.0.46 () {34 vars in 694 bytes} [Tue May 19 01:14:17 2026] POST /v2.0/security-group-rules => generated 602 bytes in 140 msecs (HTTP/1.1 201) 4 headers in 162 bytes (1 switches on core 0) [pid: 7|app: 0|req: 687/1344] 10.0.0.46 () {32 vars in 725 bytes} [Tue May 19 01:14:16 2026] DELETE /v2.0/networks/76aa52cb-bab7-45a4-81f3-3c3fec7ee930 => generated 0 bytes in 722 msecs (HTTP/1.1 204) 3 headers in 131 bytes (1 switches on core 0)
2026-05-19 01:14:17.397 8 WARNING neutron.scheduler.dhcp_agent_scheduler [None req-b9f5743d-ef70-4078-9afe-de78d07a2cae 4a1333cc3e924ab3ae4f1853dd169ed6 6783ddae1b2d4c9194f92987dfa3872d - - default default] No more DHCP agents
2026-05-19 01:14:17.399 8 WARNING neutron.api.rpc.agentnotifiers.dhcp_rpc_agent_api [None req-b9f5743d-ef70-4078-9afe-de78d07a2cae 4a1333cc3e924ab3ae4f1853dd169ed6 6783ddae1b2d4c9194f92987dfa3872d - - default default] Unable to schedule network 5a7dbff3-9399-48c4-81fe-5331162d11c9: no agents available; will retry on subsequent port and subnet creation events.
2026-05-19 01:14:17.710 7 INFO neutron.services.segments.plugin [-] Segment e9fa7b0e-97c9-4146-9ede-b9bbff989bd8 resource provider aggregate not found
2026-05-19 01:14:17.713 7 INFO neutron.services.segments.plugin [-] Segment e9fa7b0e-97c9-4146-9ede-b9bbff989bd8 resource provider aggregate not found
2026-05-19 01:14:17.734 7 INFO neutron.services.segments.plugin [-] Segment e9fa7b0e-97c9-4146-9ede-b9bbff989bd8 resource provider not found; error: Placement Client Error (4xx): {"errors": [{"status": 404, "title": "Not Found", "detail": "The resource could not be found.\n\n No resource provider with uuid e9fa7b0e-97c9-4146-9ede-b9bbff989bd8 found for delete ", "request_id": "req-94240339-456e-40aa-8605-1963f2ca17da"}]}
2026-05-19 01:14:17.735 7 INFO neutron.services.segments.plugin [-] Segment e9fa7b0e-97c9-4146-9ede-b9bbff989bd8 resource provider not found; error: Placement Client Error (4xx): {"errors": [{"status": 404, "title": "Not Found", "detail": "The resource could not be found.\n\n No resource provider with uuid e9fa7b0e-97c9-4146-9ede-b9bbff989bd8 found for delete ", "request_id": "req-5ca03c7a-572c-4e84-984d-47dcbd37f918"}]}
2026-05-19 01:14:17.760 7 INFO neutron.services.segments.plugin [-] Segment 3120c455-2c28-44d0-8ecc-bfd7536686b2 resource provider aggregate not found
2026-05-19 01:14:17.768 7 INFO neutron.services.segments.plugin [-] Segment 3120c455-2c28-44d0-8ecc-bfd7536686b2 resource provider aggregate not found
2026-05-19 01:14:17.797 7 INFO neutron.services.segments.plugin [-] Segment 3120c455-2c28-44d0-8ecc-bfd7536686b2 resource provider not found; error: Placement Client Error (4xx): {"errors": [{"status": 404, "title": "Not Found", "detail": "The resource could not be found.\n\n No resource provider with uuid 3120c455-2c28-44d0-8ecc-bfd7536686b2 found for delete ", "request_id": "req-7c1878ea-cb73-4fd7-9486-8d22027236e8"}]}
2026-05-19 01:14:17.798 7 INFO neutron.services.segments.plugin [-] Segment 3120c455-2c28-44d0-8ecc-bfd7536686b2 resource provider not found; error: Placement Client Error (4xx): {"errors": [{"status": 404, "title": "Not Found", "detail": "The resource could not be found.\n\n No resource provider with uuid 3120c455-2c28-44d0-8ecc-bfd7536686b2 found for delete ", "request_id": "req-5269ad50-516e-4f40-9ca5-f55dab7d7c85"}]}
2026-05-19 01:14:17.836 8 INFO neutron.db.ovn_revision_numbers_db [None req-b9f5743d-ef70-4078-9afe-de78d07a2cae 4a1333cc3e924ab3ae4f1853dd169ed6 6783ddae1b2d4c9194f92987dfa3872d - - default default] Successfully bumped revision number for resource 2b25244a-a81c-4f71-9d96-dbb67fe39b79 (type: ports) to 2
2026-05-19 01:14:17.862 8 INFO neutron.db.ovn_revision_numbers_db [None req-b9f5743d-ef70-4078-9afe-de78d07a2cae 4a1333cc3e924ab3ae4f1853dd169ed6 6783ddae1b2d4c9194f92987dfa3872d - - default default] Successfully bumped revision number for resource 3be86466-fee6-4249-bff1-0014a9c65f67 (type: subnets) to 0 [pid: 8|app: 0|req: 658/1345] 10.0.0.46 () {34 vars in 668 bytes} [Tue May 19 01:14:17 2026] POST /v2.0/subnets => generated 647 bytes in 602 msecs (HTTP/1.1 201) 4 headers in 162 bytes (1 switches on core 0)
2026-05-19 01:14:18.111 8 WARNING neutron.scheduler.dhcp_agent_scheduler [None req-980cf65b-0c73-4183-b60b-9bd9228c30be 889f0b15a03f4f619e1fcc05e27fc03d 6098ec28c6494fe896cd73f41f485a43 - - default default] No more DHCP agents
2026-05-19 01:14:18.112 8 WARNING neutron.api.rpc.agentnotifiers.dhcp_rpc_agent_api [None req-980cf65b-0c73-4183-b60b-9bd9228c30be 889f0b15a03f4f619e1fcc05e27fc03d 6098ec28c6494fe896cd73f41f485a43 - - default default] Unable to schedule network 5fe16042-ebc5-4309-b79d-a9157073cd0f: no agents available; will retry on subsequent port and subnet creation events. [pid: 8|app: 0|req: 659/1346] 10.0.0.46 () {34 vars in 675 bytes} [Tue May 19 01:14:17 2026] POST /v2.0/floatingips => generated 552 bytes in 544 msecs (HTTP/1.1 201) 4 headers in 162 bytes (1 switches on core 0)
2026-05-19 01:14:18.472 7 INFO neutron.db.ovn_revision_numbers_db [None req-66de6fdb-1128-4287-bd8c-9aaf37f67cb5 - - - - - -] Successfully bumped revision number for resource 0ca801ce-7d5c-417a-984c-e1948bad36ca (type: ports) to 2 [pid: 8|app: 0|req: 660/1347] 10.0.0.46 () {32 vars in 648 bytes} [Tue May 19 01:14:18 2026] GET /v2.0/networks => generated 689 bytes in 50 msecs (HTTP/1.1 200) 4 headers in 157 bytes (1 switches on core 0) [pid: 8|app: 0|req: 661/1348] 10.0.0.46 () {34 vars in 680 bytes} [Tue May 19 01:14:18 2026] POST /v2.0/rbac-policies => generated 324 bytes in 179 msecs (HTTP/1.1 201) 4 headers in 162 bytes (1 switches on core 0)
2026-05-19 01:14:18.733 8 INFO neutron.db.segments_db [None req-d8013f1d-8283-4327-bb05-96c54158806e d8adf957dc0e47fc82c3bad7b709d05b e2392f21fe644fbbba62b5c2fa730678 - - default default] Added segment c19afd02-1565-40a3-8199-0303a875c8d8 of type geneve for network 04cc6054-a6fe-42b9-ac74-3efc83395440
2026-05-19 01:14:18.817 7 WARNING neutron.scheduler.dhcp_agent_scheduler [None req-745cfff4-1dee-40e3-bd34-bdead20f9d32 fb56dba1f0f1439d8fa87754f7e319ed 1174f8e24abc4b39a1a66f037511dd0d - - default default] No more DHCP agents
2026-05-19 01:14:18.819 8 INFO neutron.db.ovn_revision_numbers_db [None req-d8013f1d-8283-4327-bb05-96c54158806e d8adf957dc0e47fc82c3bad7b709d05b e2392f21fe644fbbba62b5c2fa730678 - - default default] Successfully bumped revision number for resource 04cc6054-a6fe-42b9-ac74-3efc83395440 (type: networks) to 1
2026-05-19 01:14:18.821 7 WARNING neutron.api.rpc.agentnotifiers.dhcp_rpc_agent_api [None req-745cfff4-1dee-40e3-bd34-bdead20f9d32 fb56dba1f0f1439d8fa87754f7e319ed 1174f8e24abc4b39a1a66f037511dd0d - - default default] Unable to schedule network fb54044e-e767-4d29-b97a-191f58638103: no agents available; will retry on subsequent port and subnet creation events.
2026-05-19 01:14:18.992 8 WARNING neutron.scheduler.dhcp_agent_scheduler [None req-d8013f1d-8283-4327-bb05-96c54158806e d8adf957dc0e47fc82c3bad7b709d05b e2392f21fe644fbbba62b5c2fa730678 - - default default] No more DHCP agents
2026-05-19 01:14:18.994 8 WARNING neutron.api.rpc.agentnotifiers.dhcp_rpc_agent_api [None req-d8013f1d-8283-4327-bb05-96c54158806e d8adf957dc0e47fc82c3bad7b709d05b e2392f21fe644fbbba62b5c2fa730678 - - default default] Unable to schedule network 04cc6054-a6fe-42b9-ac74-3efc83395440: no agents available; will retry on subsequent port and subnet creation events.
2026-05-19 01:14:19.024 8 INFO neutron.plugins.ml2.drivers.ovn.mech_driver.mech_driver [None req-d7fde6ac-3d47-4a42-80b0-e5f36388a0a7 - - - - - -] OVN reports status down for port: 02ef315b-c5a9-4a7f-9302-c480c54fb7ab
2026-05-19 01:14:19.100 7 INFO neutron.db.ovn_revision_numbers_db [None req-745cfff4-1dee-40e3-bd34-bdead20f9d32 fb56dba1f0f1439d8fa87754f7e319ed 1174f8e24abc4b39a1a66f037511dd0d - - default default] Successfully bumped revision number for resource 02ef315b-c5a9-4a7f-9302-c480c54fb7ab (type: ports) to 1
2026-05-19 01:14:19.109 8 INFO neutron.db.ovn_revision_numbers_db [None req-d8013f1d-8283-4327-bb05-96c54158806e d8adf957dc0e47fc82c3bad7b709d05b e2392f21fe644fbbba62b5c2fa730678 - - default default] Successfully bumped revision number for resource 6322b284-3331-455e-8bab-55844aa04a08 (type: ports) to 1 [pid: 8|app: 0|req: 662/1349] 10.0.0.46 () {34 vars in 669 bytes} [Tue May 19 01:14:18 2026] POST /v2.0/networks => generated 691 bytes in 487 msecs (HTTP/1.1 201) 4 headers in 162 bytes (1 switches on core 0)
2026-05-19 01:14:19.152 8 WARNING neutron.db.securitygroups_db [req-36b99450-4c91-440a-9285-e5c0f7486f15 req-ab523e5c-46da-4bdc-b663-b04f0b5698b2 889f0b15a03f4f619e1fcc05e27fc03d 6098ec28c6494fe896cd73f41f485a43 - - default default] project_id key not found in filters, using tenant_id instead. This support has been deprecated and will be removed in a future release.
2026-05-19 01:14:19.156 8 INFO neutron.plugins.ml2.drivers.ovn.mech_driver.mech_driver [None req-d7fde6ac-3d47-4a42-80b0-e5f36388a0a7 - - - - - -] OVN reports status down for port: 6322b284-3331-455e-8bab-55844aa04a08 [pid: 8|app: 0|req: 663/1350] 10.0.0.86 () {34 vars in 1099 bytes} [Tue May 19 01:14:19 2026] GET /v2.0/security-groups?name=tempest-securitygroup--1937987328&fields=id&tenant_id=6098ec28c6494fe896cd73f41f485a43 => generated 69 bytes in 57 msecs (HTTP/1.1 200) 4 headers in 156 bytes (1 switches on core 0)
2026-05-19 01:14:19.258 7 INFO neutron.db.ovn_revision_numbers_db [None req-7fd2b17b-010a-4b9b-96cc-ec2807450ded - - - - - -] Successfully bumped revision number for resource 23593ed6-fd1b-4c65-bf62-09ce930ba25c (type: ports) to 4 [pid: 8|app: 0|req: 664/1351] 10.0.0.46 () {32 vars in 722 bytes} [Tue May 19 01:14:19 2026] GET /v2.0/networks/5a7dbff3-9399-48c4-81fe-5331162d11c9 => generated 693 bytes in 95 msecs (HTTP/1.1 200) 4 headers in 157 bytes (1 switches on core 0)
2026-05-19 01:14:19.384 8 INFO neutron.db.segments_db [None req-ff8803a7-39f1-4752-b8e5-cc0ca297eb82 d8adf957dc0e47fc82c3bad7b709d05b e2392f21fe644fbbba62b5c2fa730678 - - default default] Added segment 2d03dcb3-b7a1-4092-aed4-1dfadc209511 of type geneve for network 25971090-1f56-4616-95fe-6346c454e204
2026-05-19 01:14:19.520 8 INFO neutron.db.ovn_revision_numbers_db [None req-ff8803a7-39f1-4752-b8e5-cc0ca297eb82 d8adf957dc0e47fc82c3bad7b709d05b e2392f21fe644fbbba62b5c2fa730678 - - default default] Successfully bumped revision number for resource 25971090-1f56-4616-95fe-6346c454e204 (type: networks) to 1
2026-05-19 01:14:19.709 8 WARNING neutron.scheduler.dhcp_agent_scheduler [None req-ff8803a7-39f1-4752-b8e5-cc0ca297eb82 d8adf957dc0e47fc82c3bad7b709d05b e2392f21fe644fbbba62b5c2fa730678 - - default default] No more DHCP agents
2026-05-19 01:14:19.710 8 WARNING neutron.api.rpc.agentnotifiers.dhcp_rpc_agent_api [None req-ff8803a7-39f1-4752-b8e5-cc0ca297eb82 d8adf957dc0e47fc82c3bad7b709d05b e2392f21fe644fbbba62b5c2fa730678 - - default default] Unable to schedule network 25971090-1f56-4616-95fe-6346c454e204: no agents available; will retry on subsequent port and subnet creation events.
2026-05-19 01:14:19.780 8 INFO neutron.db.ovn_revision_numbers_db [None req-ff8803a7-39f1-4752-b8e5-cc0ca297eb82 d8adf957dc0e47fc82c3bad7b709d05b e2392f21fe644fbbba62b5c2fa730678 - - default default] Successfully bumped revision number for resource 17bba6c7-bd3b-4e86-9b11-d5f4a72a9022 (type: ports) to 1 [pid: 8|app: 0|req: 665/1352] 10.0.0.46 () {34 vars in 669 bytes} [Tue May 19 01:14:19 2026] POST /v2.0/networks => generated 691 bytes in 508 msecs (HTTP/1.1 201) 4 headers in 162 bytes (1 switches on core 0) [pid: 8|app: 0|req: 666/1353] 10.0.0.86 () {34 vars in 981 bytes} [Tue May 19 01:14:19 2026] GET /v2.0/networks?id=39525db3-46de-4595-aa5d-45223dcb4e58 => generated 713 bytes in 42 msecs (HTTP/1.1 200) 4 headers in 157 bytes (1 switches on core 0)
2026-05-19 01:14:19.886 8 INFO neutron.pecan_wsgi.hooks.translation [None req-a7c2d3ad-2600-4d33-8001-8ac14d8a89dd d1f5cd9ecac34325a5691f7443da296a a2eedd940b5d476b873d43071814d1fe - - default default] GET failed (client error): The resource could not be found. [pid: 8|app: 0|req: 667/1354] 10.0.0.46 () {32 vars in 722 bytes} [Tue May 19 01:14:19 2026] GET /v2.0/networks/5a7dbff3-9399-48c4-81fe-5331162d11c9 => generated 138 bytes in 41 msecs (HTTP/1.1 404) 4 headers in 164 bytes (1 switches on core 0)
2026-05-19 01:14:19.979 7 INFO neutron.db.ovn_revision_numbers_db [None req-7fd2b17b-010a-4b9b-96cc-ec2807450ded - - - - - -] Successfully bumped revision number for resource 23593ed6-fd1b-4c65-bf62-09ce930ba25c (type: ports) to 5
2026-05-19 01:14:20.190 8 INFO neutron.plugins.ml2.drivers.ovn.mech_driver.mech_driver [None req-d7fde6ac-3d47-4a42-80b0-e5f36388a0a7 - - - - - -] OVN reports status up for port: 02ef315b-c5a9-4a7f-9302-c480c54fb7ab
2026-05-19 01:14:20.211 8 INFO neutron.plugins.ml2.plugin [None req-d7fde6ac-3d47-4a42-80b0-e5f36388a0a7 - - - - - -] Attempt 1 to provision port 02ef315b-c5a9-4a7f-9302-c480c54fb7ab
2026-05-19 01:14:20.269 7 WARNING neutron.scheduler.dhcp_agent_scheduler [None req-745cfff4-1dee-40e3-bd34-bdead20f9d32 fb56dba1f0f1439d8fa87754f7e319ed 1174f8e24abc4b39a1a66f037511dd0d - - default default] No more DHCP agents
2026-05-19 01:14:20.270 7 WARNING neutron.api.rpc.agentnotifiers.dhcp_rpc_agent_api [None req-745cfff4-1dee-40e3-bd34-bdead20f9d32 fb56dba1f0f1439d8fa87754f7e319ed 1174f8e24abc4b39a1a66f037511dd0d - - default default] Unable to schedule network fb54044e-e767-4d29-b97a-191f58638103: no agents available; will retry on subsequent port and subnet creation events.
2026-05-19 01:14:20.341 8 WARNING neutron.scheduler.dhcp_agent_scheduler [None req-80506499-64c7-43d9-8efe-b09a43091570 d8adf957dc0e47fc82c3bad7b709d05b e2392f21fe644fbbba62b5c2fa730678 - - default default] No more DHCP agents
2026-05-19 01:14:20.352 8 WARNING neutron.api.rpc.agentnotifiers.dhcp_rpc_agent_api [None req-80506499-64c7-43d9-8efe-b09a43091570 d8adf957dc0e47fc82c3bad7b709d05b e2392f21fe644fbbba62b5c2fa730678 - - default default] Unable to schedule network 04cc6054-a6fe-42b9-ac74-3efc83395440: no agents available; will retry on subsequent port and subnet creation events.
2026-05-19 01:14:20.481 8 INFO neutron.db.ovn_revision_numbers_db [None req-80506499-64c7-43d9-8efe-b09a43091570 d8adf957dc0e47fc82c3bad7b709d05b e2392f21fe644fbbba62b5c2fa730678 - - default default] Successfully bumped revision number for resource 7dba12d4-30dd-485b-ba8f-11b323ffcb5b (type: ports) to 1
2026-05-19 01:14:20.563 8 WARNING neutron.scheduler.dhcp_agent_scheduler [None req-80506499-64c7-43d9-8efe-b09a43091570 d8adf957dc0e47fc82c3bad7b709d05b e2392f21fe644fbbba62b5c2fa730678 - - default default] No more DHCP agents
2026-05-19 01:14:20.565 8 WARNING neutron.api.rpc.agentnotifiers.dhcp_rpc_agent_api [None req-80506499-64c7-43d9-8efe-b09a43091570 d8adf957dc0e47fc82c3bad7b709d05b e2392f21fe644fbbba62b5c2fa730678 - - default default] Unable to schedule network 25971090-1f56-4616-95fe-6346c454e204: no agents available; will retry on subsequent port and subnet creation events.
2026-05-19 01:14:20.710 7 INFO neutron.db.ovn_revision_numbers_db [None req-745cfff4-1dee-40e3-bd34-bdead20f9d32 fb56dba1f0f1439d8fa87754f7e319ed 1174f8e24abc4b39a1a66f037511dd0d - - default default] Successfully bumped revision number for resource 02ef315b-c5a9-4a7f-9302-c480c54fb7ab (type: router_ports) to 1 [pid: 7|app: 0|req: 688/1355] 10.0.0.46 () {34 vars in 782 bytes} [Tue May 19 01:14:17 2026] PUT /v2.0/routers/3f4c357b-e92f-4db5-b1e8-3db013f064e0/add_router_interface => generated 310 bytes in 3354 msecs (HTTP/1.1 200) 4 headers in 157 bytes (1 switches on core 0) [pid: 7|app: 0|req: 689/1356] 10.0.0.86 () {34 vars in 964 bytes} [Tue May 19 01:14:20 2026] GET /v2.0/quotas/6098ec28c6494fe896cd73f41f485a43 => generated 292 bytes in 9 msecs (HTTP/1.1 200) 4 headers in 157 bytes (1 switches on core 0)
2026-05-19 01:14:20.731 8 INFO neutron.db.ovn_revision_numbers_db [None req-80506499-64c7-43d9-8efe-b09a43091570 d8adf957dc0e47fc82c3bad7b709d05b e2392f21fe644fbbba62b5c2fa730678 - - default default] Successfully bumped revision number for resource 52acfd68-b689-4bb6-b4cd-b9e1144d0bca (type: ports) to 1
2026-05-19 01:14:20.873 7 INFO neutron_taas.services.taas.taas_plugin [None req-2edad384-caaf-45ab-ae8e-ba27982abe50 4a1333cc3e924ab3ae4f1853dd169ed6 6783ddae1b2d4c9194f92987dfa3872d - - default default] TaaS: Handle Delete Port: 2b25244a-a81c-4f71-9d96-dbb67fe39b79
2026-05-19 01:14:20.879 7 INFO neutron_taas.services.taas.tap_mirror_plugin [None req-2edad384-caaf-45ab-ae8e-ba27982abe50 4a1333cc3e924ab3ae4f1853dd169ed6 6783ddae1b2d4c9194f92987dfa3872d - - default default] Tap Mirror: Handle Delete Port: 2b25244a-a81c-4f71-9d96-dbb67fe39b79 [pid: 8|app: 0|req: 668/1357] 10.0.0.46 () {34 vars in 664 bytes} [Tue May 19 01:14:19 2026] POST /v2.0/ports => generated 1506 bytes in 1038 msecs (HTTP/1.1 201) 4 headers in 163 bytes (1 switches on core 0) /var/lib/openstack/lib/python3.12/site-packages/pycadf/identifier.py:70: UserWarning: Invalid uuid: neutron. To ensure interoperability, identifiers should be a valid uuid. warnings.warn(('Invalid uuid: %s. To ensure interoperability, ' [pid: 8|app: 0|req: 669/1358] 10.0.0.86 () {34 vars in 1001 bytes} [Tue May 19 01:14:20 2026] GET /v2.0/ports?tenant_id=6098ec28c6494fe896cd73f41f485a43&fields=id => generated 103 bytes in 146 msecs (HTTP/1.1 200) 4 headers in 157 bytes (1 switches on core 0)
2026-05-19 01:14:21.077 8 INFO neutron.db.ovn_revision_numbers_db [None req-d7fde6ac-3d47-4a42-80b0-e5f36388a0a7 - - - - - -] Successfully bumped revision number for resource 02ef315b-c5a9-4a7f-9302-c480c54fb7ab (type: ports) to 2 [pid: 8|app: 0|req: 670/1359] 10.0.0.46 () {32 vars in 642 bytes} [Tue May 19 01:14:21 2026] GET /v2.0/ports => generated 3018 bytes in 88 msecs (HTTP/1.1 200) 4 headers in 158 bytes (1 switches on core 0)
2026-05-19 01:14:21.169 7 INFO neutron.services.segments.plugin [-] Segment 708292df-58e0-4d49-94f3-ec7b2a64c7b1 resource provider aggregate not found
2026-05-19 01:14:21.170 7 INFO neutron.services.segments.plugin [-] Segment 708292df-58e0-4d49-94f3-ec7b2a64c7b1 resource provider aggregate not found
2026-05-19 01:14:21.193 7 INFO neutron.services.segments.plugin [-] Segment 708292df-58e0-4d49-94f3-ec7b2a64c7b1 resource provider not found; error: Placement Client Error (4xx): {"errors": [{"status": 404, "title": "Not Found", "detail": "The resource could not be found.\n\n No resource provider with uuid 708292df-58e0-4d49-94f3-ec7b2a64c7b1 found for delete ", "request_id": "req-eecfe684-5533-48a4-b95e-07a094adf0c0"}]}
2026-05-19 01:14:21.196 7 INFO neutron.services.segments.plugin [-] Segment 708292df-58e0-4d49-94f3-ec7b2a64c7b1 resource provider not found; error: Placement Client Error (4xx): {"errors": [{"status": 404, "title": "Not Found", "detail": "The resource could not be found.\n\n No resource provider with uuid 708292df-58e0-4d49-94f3-ec7b2a64c7b1 found for delete ", "request_id": "req-ba8ba798-778d-4eb2-98e8-f9c33f589456"}]} [pid: 7|app: 0|req: 690/1360] 10.0.0.46 () {32 vars in 725 bytes} [Tue May 19 01:14:20 2026] DELETE /v2.0/networks/5a7dbff3-9399-48c4-81fe-5331162d11c9 => generated 0 bytes in 485 msecs (HTTP/1.1 204) 3 headers in 131 bytes (1 switches on core 0) [pid: 8|app: 0|req: 671/1361] 10.0.0.86 () {34 vars in 1007 bytes} [Tue May 19 01:14:21 2026] GET /v2.0/networks/39525db3-46de-4595-aa5d-45223dcb4e58?fields=segments => generated 14 bytes in 79 msecs (HTTP/1.1 200) 4 headers in 156 bytes (1 switches on core 0)
2026-05-19 01:14:21.254 8 INFO neutron.pecan_wsgi.hooks.translation [None req-983c7f4f-b738-4732-86e2-b8ac1ba9e5b3 4a1333cc3e924ab3ae4f1853dd169ed6 6783ddae1b2d4c9194f92987dfa3872d - - default default] DELETE failed (client error): The resource could not be found. [pid: 8|app: 0|req: 672/1362] 10.0.0.46 () {32 vars in 723 bytes} [Tue May 19 01:14:21 2026] DELETE /v2.0/subnets/b850f3f5-00d8-4d99-b450-ad81527002c2 => generated 136 bytes in 16 msecs (HTTP/1.1 404) 4 headers in 164 bytes (1 switches on core 0) [pid: 8|app: 0|req: 673/1363] 10.0.0.86 () {34 vars in 1107 bytes} [Tue May 19 01:14:21 2026] GET /v2.0/networks/39525db3-46de-4595-aa5d-45223dcb4e58?fields=provider%3Aphysical_network&fields=provider%3Anetwork_type => generated 79 bytes in 37 msecs (HTTP/1.1 200) 4 headers in 156 bytes (1 switches on core 0)
2026-05-19 01:14:21.303 8 INFO neutron.pecan_wsgi.hooks.translation [None req-30b2313e-402a-45a8-bd6f-2de0794a0986 4a1333cc3e924ab3ae4f1853dd169ed6 6783ddae1b2d4c9194f92987dfa3872d - - default default] DELETE failed (client error): The resource could not be found. [pid: 8|app: 0|req: 674/1364] 10.0.0.46 () {32 vars in 723 bytes} [Tue May 19 01:14:21 2026] DELETE /v2.0/subnets/c19ef5dc-c102-46ce-88ef-694eda279313 => generated 136 bytes in 10 msecs (HTTP/1.1 404) 4 headers in 164 bytes (1 switches on core 0)
2026-05-19 01:14:21.360 7 INFO neutron_taas.services.taas.taas_plugin [None req-2d78306a-82d3-4573-849d-c6994eeced0d d8adf957dc0e47fc82c3bad7b709d05b e2392f21fe644fbbba62b5c2fa730678 - - default default] TaaS: Handle Delete Port: 7dba12d4-30dd-485b-ba8f-11b323ffcb5b
2026-05-19 01:14:21.364 7 INFO neutron_taas.services.taas.tap_mirror_plugin [None req-2d78306a-82d3-4573-849d-c6994eeced0d d8adf957dc0e47fc82c3bad7b709d05b e2392f21fe644fbbba62b5c2fa730678 - - default default] Tap Mirror: Handle Delete Port: 7dba12d4-30dd-485b-ba8f-11b323ffcb5b
2026-05-19 01:14:21.410 8 INFO neutron.db.ovn_revision_numbers_db [None req-48091d9d-d79e-47c3-9803-a4e12ec74b2a 53b360446b9e4affab34ddee0f64d3ec e36c2407bcff4957beeb29ecb25fa90b - - default default] Successfully bumped revision number for resource febe6725-3ab6-462b-99ce-852338aa313b (type: security_groups) to 1
2026-05-19 01:14:21.429 8 INFO neutron.db.ovn_revision_numbers_db [None req-48091d9d-d79e-47c3-9803-a4e12ec74b2a 53b360446b9e4affab34ddee0f64d3ec e36c2407bcff4957beeb29ecb25fa90b - - default default] Successfully bumped revision number for resource 3670de4a-caca-47b8-98bf-e5b349920906 (type: security_group_rules) to 0
2026-05-19 01:14:21.439 8 INFO neutron.db.ovn_revision_numbers_db [None req-48091d9d-d79e-47c3-9803-a4e12ec74b2a 53b360446b9e4affab34ddee0f64d3ec e36c2407bcff4957beeb29ecb25fa90b - - default default] Successfully bumped revision number for resource b797361b-4f95-4b6b-90e9-ef5bfcb7653c (type: security_group_rules) to 0 [pid: 7|app: 0|req: 691/1365] 10.0.0.46 () {32 vars in 719 bytes} [Tue May 19 01:14:21 2026] DELETE /v2.0/ports/7dba12d4-30dd-485b-ba8f-11b323ffcb5b => generated 0 bytes in 265 msecs (HTTP/1.1 204) 3 headers in 131 bytes (1 switches on core 0)
2026-05-19 01:14:21.488 7 INFO neutron.pecan_wsgi.hooks.translation [None req-b273e198-73f7-45d1-bbab-0e42a3d80fe0 4a1333cc3e924ab3ae4f1853dd169ed6 6783ddae1b2d4c9194f92987dfa3872d - - default default] DELETE failed (client error): The resource could not be found. [pid: 7|app: 0|req: 692/1366] 10.0.0.46 () {32 vars in 723 bytes} [Tue May 19 01:14:21 2026] DELETE /v2.0/subnets/3be86466-fee6-4249-bff1-0014a9c65f67 => generated 136 bytes in 12 msecs (HTTP/1.1 404) 4 headers in 164 bytes (1 switches on core 0) [pid: 8|app: 0|req: 675/1367] 10.0.0.46 () {34 vars in 684 bytes} [Tue May 19 01:14:21 2026] POST /v2.0/security-groups => generated 1673 bytes in 187 msecs (HTTP/1.1 201) 4 headers in 163 bytes (1 switches on core 0) [pid: 7|app: 0|req: 693/1368] 10.0.0.86 () {34 vars in 989 bytes} [Tue May 19 01:14:21 2026] GET /v2.0/ports?device_id=d5aca7bc-db1e-4b98-ad02-e889ce666df2 => generated 12 bytes in 16 msecs (HTTP/1.1 200) 4 headers in 156 bytes (1 switches on core 0)
2026-05-19 01:14:21.598 8 INFO neutron_taas.services.taas.taas_plugin [None req-0a52c019-bef6-4365-ae55-2c4b8310ffc0 d8adf957dc0e47fc82c3bad7b709d05b e2392f21fe644fbbba62b5c2fa730678 - - default default] TaaS: Handle Delete Port: 52acfd68-b689-4bb6-b4cd-b9e1144d0bca
2026-05-19 01:14:21.600 8 INFO neutron_taas.services.taas.tap_mirror_plugin [None req-0a52c019-bef6-4365-ae55-2c4b8310ffc0 d8adf957dc0e47fc82c3bad7b709d05b e2392f21fe644fbbba62b5c2fa730678 - - default default] Tap Mirror: Handle Delete Port: 52acfd68-b689-4bb6-b4cd-b9e1144d0bca
2026-05-19 01:14:21.625 7 INFO neutron.db.ovn_revision_numbers_db [None req-1741c1a4-28f6-498e-87d2-0678eb0b983f 53b360446b9e4affab34ddee0f64d3ec e36c2407bcff4957beeb29ecb25fa90b - - default default] Successfully bumped revision number for resource 62de4a31-4ec1-490e-a34f-54f766f2d9f0 (type: security_group_rules) to 0 [pid: 7|app: 0|req: 694/1369] 10.0.0.46 () {34 vars in 694 bytes} [Tue May 19 01:14:21 2026] POST /v2.0/security-group-rules => generated 597 bytes in 147 msecs (HTTP/1.1 201) 4 headers in 162 bytes (1 switches on core 0) [pid: 8|app: 0|req: 676/1370] 10.0.0.46 () {32 vars in 719 bytes} [Tue May 19 01:14:21 2026] DELETE /v2.0/ports/52acfd68-b689-4bb6-b4cd-b9e1144d0bca => generated 0 bytes in 204 msecs (HTTP/1.1 204) 3 headers in 131 bytes (1 switches on core 0) [pid: 8|app: 0|req: 677/1371] 10.0.0.46 () {32 vars in 642 bytes} [Tue May 19 01:14:21 2026] GET /v2.0/ports => generated 1523 bytes in 44 msecs (HTTP/1.1 200) 4 headers in 158 bytes (1 switches on core 0)
2026-05-19 01:14:21.768 7 INFO neutron.db.ovn_revision_numbers_db [None req-4c103368-821b-4c2c-9022-334d98225081 53b360446b9e4affab34ddee0f64d3ec e36c2407bcff4957beeb29ecb25fa90b - - default default] Successfully bumped revision number for resource a30b0df3-ba1a-4cb0-8858-26b3fab2d723 (type: security_group_rules) to 0 [pid: 7|app: 0|req: 695/1372] 10.0.0.46 () {34 vars in 694 bytes} [Tue May 19 01:14:21 2026] POST /v2.0/security-group-rules => generated 596 bytes in 145 msecs (HTTP/1.1 201) 4 headers in 162 bytes (1 switches on core 0)
2026-05-19 01:14:21.845 8 INFO neutron.db.segments_db [None req-092005bb-b38b-4171-bcb0-143f02314200 d8adf957dc0e47fc82c3bad7b709d05b e2392f21fe644fbbba62b5c2fa730678 - - default default] Added segment 0c968009-cf48-45de-81c8-2aedcdae5d80 of type geneve for network d86f7fad-8abb-4f05-a68f-7b3f08d02e89
2026-05-19 01:14:21.898 7 INFO neutron.db.ovn_revision_numbers_db [None req-e73c2729-4f7c-40d3-9202-a169912f3db2 53b360446b9e4affab34ddee0f64d3ec e36c2407bcff4957beeb29ecb25fa90b - - default default] Successfully bumped revision number for resource b02de72b-f42b-4480-a4c5-98ccdc760e24 (type: security_group_rules) to 0 [pid: 7|app: 0|req: 696/1373] 10.0.0.46 () {34 vars in 694 bytes} [Tue May 19 01:14:21 2026] POST /v2.0/security-group-rules => generated 602 bytes in 125 msecs (HTTP/1.1 201) 4 headers in 162 bytes (1 switches on core 0)
2026-05-19 01:14:21.957 8 INFO neutron.db.ovn_revision_numbers_db [None req-092005bb-b38b-4171-bcb0-143f02314200 d8adf957dc0e47fc82c3bad7b709d05b e2392f21fe644fbbba62b5c2fa730678 - - default default] Successfully bumped revision number for resource d86f7fad-8abb-4f05-a68f-7b3f08d02e89 (type: networks) to 1
2026-05-19 01:14:22.075 7 INFO neutron.db.ovn_revision_numbers_db [None req-836b1747-fbd7-4f73-b6db-5ea0f13bba11 53b360446b9e4affab34ddee0f64d3ec e36c2407bcff4957beeb29ecb25fa90b - - default default] Successfully bumped revision number for resource 65095423-17e2-42d5-a77a-c9fbed8205cd (type: security_group_rules) to 0 [pid: 7|app: 0|req: 697/1374] 10.0.0.46 () {34 vars in 694 bytes} [Tue May 19 01:14:21 2026] POST /v2.0/security-group-rules => generated 601 bytes in 161 msecs (HTTP/1.1 201) 4 headers in 162 bytes (1 switches on core 0)
2026-05-19 01:14:22.109 8 WARNING neutron.scheduler.dhcp_agent_scheduler [None req-092005bb-b38b-4171-bcb0-143f02314200 d8adf957dc0e47fc82c3bad7b709d05b e2392f21fe644fbbba62b5c2fa730678 - - default default] No more DHCP agents
2026-05-19 01:14:22.111 8 WARNING neutron.api.rpc.agentnotifiers.dhcp_rpc_agent_api [None req-092005bb-b38b-4171-bcb0-143f02314200 d8adf957dc0e47fc82c3bad7b709d05b e2392f21fe644fbbba62b5c2fa730678 - - default default] Unable to schedule network d86f7fad-8abb-4f05-a68f-7b3f08d02e89: no agents available; will retry on subsequent port and subnet creation events.
2026-05-19 01:14:22.143 7 INFO neutron.db.securitygroups_db [None req-5882da5f-d318-4cb2-a8a3-f9da93507fe1 53b360446b9e4affab34ddee0f64d3ec e36c2407bcff4957beeb29ecb25fa90b - - default default] Project e36c2407bcff4957beeb29ecb25fa90b added a security group rule with legacy IPv6 ICMP protocol name icmp, ipv6-icmp should be used instead. It was automatically converted.
2026-05-19 01:14:22.178 8 INFO neutron.db.ovn_revision_numbers_db [None req-092005bb-b38b-4171-bcb0-143f02314200 d8adf957dc0e47fc82c3bad7b709d05b e2392f21fe644fbbba62b5c2fa730678 - - default default] Successfully bumped revision number for resource 17b9493f-c8e6-46d5-850f-a5625aabf5a7 (type: ports) to 1 [pid: 8|app: 0|req: 678/1375] 10.0.0.46 () {34 vars in 669 bytes} [Tue May 19 01:14:21 2026] POST /v2.0/networks => generated 692 bytes in 445 msecs (HTTP/1.1 201) 4 headers in 162 bytes (1 switches on core 0)
2026-05-19 01:14:22.220 7 INFO neutron.db.ovn_revision_numbers_db [None req-5882da5f-d318-4cb2-a8a3-f9da93507fe1 53b360446b9e4affab34ddee0f64d3ec e36c2407bcff4957beeb29ecb25fa90b - - default default] Successfully bumped revision number for resource aac18a5e-ca7d-4c6a-9f72-ce2d98c8825c (type: security_group_rules) to 0 [pid: 7|app: 0|req: 698/1376] 10.0.0.46 () {34 vars in 694 bytes} [Tue May 19 01:14:22 2026] POST /v2.0/security-group-rules => generated 607 bytes in 141 msecs (HTTP/1.1 201) 4 headers in 162 bytes (1 switches on core 0)
2026-05-19 01:14:22.291 7 INFO neutron.db.securitygroups_db [None req-d4862616-e5b4-4ab1-a21f-bf63d0022cfd 53b360446b9e4affab34ddee0f64d3ec e36c2407bcff4957beeb29ecb25fa90b - - default default] Project e36c2407bcff4957beeb29ecb25fa90b added a security group rule with legacy IPv6 ICMP protocol name icmp, ipv6-icmp should be used instead. It was automatically converted.
2026-05-19 01:14:22.295 8 INFO neutron.db.segments_db [None req-d7a4573a-841d-4cbc-8a32-a638f187cd08 d8adf957dc0e47fc82c3bad7b709d05b e2392f21fe644fbbba62b5c2fa730678 - - default default] Added segment 239e9e29-89f7-438a-b5c6-4f665b386352 of type geneve for network 925f80b6-1d28-4f5c-9121-24b0c33b9eff
2026-05-19 01:14:22.374 7 INFO neutron.db.ovn_revision_numbers_db [None req-d4862616-e5b4-4ab1-a21f-bf63d0022cfd 53b360446b9e4affab34ddee0f64d3ec e36c2407bcff4957beeb29ecb25fa90b - - default default] Successfully bumped revision number for resource d96baec4-48c5-48b9-b8cf-34a2de764940 (type: security_group_rules) to 0
2026-05-19 01:14:22.410 8 INFO neutron.db.ovn_revision_numbers_db [None req-d7a4573a-841d-4cbc-8a32-a638f187cd08 d8adf957dc0e47fc82c3bad7b709d05b e2392f21fe644fbbba62b5c2fa730678 - - default default] Successfully bumped revision number for resource 925f80b6-1d28-4f5c-9121-24b0c33b9eff (type: networks) to 1 [pid: 7|app: 0|req: 699/1377] 10.0.0.46 () {34 vars in 694 bytes} [Tue May 19 01:14:22 2026] POST /v2.0/security-group-rules => generated 606 bytes in 160 msecs (HTTP/1.1 201) 4 headers in 162 bytes (1 switches on core 0)
2026-05-19 01:14:22.526 7 WARNING neutron.db.securitygroups_db [None req-0e086460-b9db-498a-9146-71f3f7043009 fb56dba1f0f1439d8fa87754f7e319ed 1174f8e24abc4b39a1a66f037511dd0d - - default default] project_id key not found in filters, using tenant_id instead. This support has been deprecated and will be removed in a future release.
2026-05-19 01:14:22.584 8 WARNING neutron.scheduler.dhcp_agent_scheduler [None req-d7a4573a-841d-4cbc-8a32-a638f187cd08 d8adf957dc0e47fc82c3bad7b709d05b e2392f21fe644fbbba62b5c2fa730678 - - default default] No more DHCP agents
2026-05-19 01:14:22.586 8 WARNING neutron.api.rpc.agentnotifiers.dhcp_rpc_agent_api [None req-d7a4573a-841d-4cbc-8a32-a638f187cd08 d8adf957dc0e47fc82c3bad7b709d05b e2392f21fe644fbbba62b5c2fa730678 - - default default] Unable to schedule network 925f80b6-1d28-4f5c-9121-24b0c33b9eff: no agents available; will retry on subsequent port and subnet creation events.
2026-05-19 01:14:22.675 8 INFO neutron.db.ovn_revision_numbers_db [None req-d7a4573a-841d-4cbc-8a32-a638f187cd08 d8adf957dc0e47fc82c3bad7b709d05b e2392f21fe644fbbba62b5c2fa730678 - - default default] Successfully bumped revision number for resource bdc1866f-8bb1-4652-98cc-d56ccd1616a8 (type: ports) to 1
2026-05-19 01:14:22.693 7 INFO neutron.db.ovn_revision_numbers_db [None req-0e086460-b9db-498a-9146-71f3f7043009 fb56dba1f0f1439d8fa87754f7e319ed 1174f8e24abc4b39a1a66f037511dd0d - - default default] Successfully bumped revision number for resource 6aa4b054-ebcd-4c56-a7cf-5fef52efd78e (type: security_groups) to 1 [pid: 8|app: 0|req: 679/1378] 10.0.0.46 () {34 vars in 669 bytes} [Tue May 19 01:14:22 2026] POST /v2.0/networks => generated 691 bytes in 499 msecs (HTTP/1.1 201) 4 headers in 162 bytes (1 switches on core 0)
2026-05-19 01:14:22.708 7 INFO neutron.db.ovn_revision_numbers_db [None req-0e086460-b9db-498a-9146-71f3f7043009 fb56dba1f0f1439d8fa87754f7e319ed 1174f8e24abc4b39a1a66f037511dd0d - - default default] Successfully bumped revision number for resource 11c4c12a-10b1-4b9b-9153-8c71e1e964a5 (type: security_group_rules) to 0
2026-05-19 01:14:22.725 7 INFO neutron.db.ovn_revision_numbers_db [None req-0e086460-b9db-498a-9146-71f3f7043009 fb56dba1f0f1439d8fa87754f7e319ed 1174f8e24abc4b39a1a66f037511dd0d - - default default] Successfully bumped revision number for resource 646e4894-bfb0-442c-9f40-dd944b60ec89 (type: security_group_rules) to 0 [pid: 8|app: 0|req: 680/1379] 10.0.0.86 () {34 vars in 989 bytes} [Tue May 19 01:14:22 2026] GET /v2.0/ports?device_id=d5aca7bc-db1e-4b98-ad02-e889ce666df2 => generated 12 bytes in 22 msecs (HTTP/1.1 200) 4 headers in 156 bytes (1 switches on core 0)
2026-05-19 01:14:22.742 7 INFO neutron.db.ovn_revision_numbers_db [None req-0e086460-b9db-498a-9146-71f3f7043009 fb56dba1f0f1439d8fa87754f7e319ed 1174f8e24abc4b39a1a66f037511dd0d - - default default] Successfully bumped revision number for resource 6d989dba-e8ea-47f2-b060-d8239bdf578a (type: security_group_rules) to 0
2026-05-19 01:14:22.755 7 INFO neutron.db.ovn_revision_numbers_db [None req-0e086460-b9db-498a-9146-71f3f7043009 fb56dba1f0f1439d8fa87754f7e319ed 1174f8e24abc4b39a1a66f037511dd0d - - default default] Successfully bumped revision number for resource 726a7370-7aec-470d-9d63-97c8e12c154a (type: security_group_rules) to 0 [pid: 7|app: 0|req: 700/1380] 10.0.0.46 () {32 vars in 773 bytes} [Tue May 19 01:14:22 2026] GET /v2.0/security-groups?tenant_id=bd1e88dcae8b4274be48a647097187a8&name=default => generated 2925 bytes in 384 msecs (HTTP/1.1 200) 4 headers in 158 bytes (1 switches on core 0) [pid: 8|app: 0|req: 681/1381] 10.0.0.46 () {32 vars in 739 bytes} [Tue May 19 01:14:22 2026] DELETE /v2.0/security-groups/6aa4b054-ebcd-4c56-a7cf-5fef52efd78e => generated 0 bytes in 196 msecs (HTTP/1.1 204) 2 headers in 112 bytes (1 switches on core 0)
2026-05-19 01:14:23.005 7 INFO neutron.db.ovn_revision_numbers_db [None req-bf0983d0-e6f4-467d-8615-dfb0bc43f0b2 53b360446b9e4affab34ddee0f64d3ec e36c2407bcff4957beeb29ecb25fa90b - - default default] Successfully bumped revision number for resource f3ca59d1-938e-4486-8908-ad394a71aa50 (type: security_groups) to 1
2026-05-19 01:14:23.021 7 INFO neutron.db.ovn_revision_numbers_db [None req-bf0983d0-e6f4-467d-8615-dfb0bc43f0b2 53b360446b9e4affab34ddee0f64d3ec e36c2407bcff4957beeb29ecb25fa90b - - default default] Successfully bumped revision number for resource 91c7b695-0233-4d8f-bb30-9f4346ecb896 (type: security_group_rules) to 0
2026-05-19 01:14:23.032 7 INFO neutron.db.ovn_revision_numbers_db [None req-bf0983d0-e6f4-467d-8615-dfb0bc43f0b2 53b360446b9e4affab34ddee0f64d3ec e36c2407bcff4957beeb29ecb25fa90b - - default default] Successfully bumped revision number for resource b9565b41-148b-4981-a15f-d38c7504bc8a (type: security_group_rules) to 0 [pid: 7|app: 0|req: 701/1382] 10.0.0.46 () {34 vars in 684 bytes} [Tue May 19 01:14:22 2026] POST /v2.0/security-groups => generated 1660 bytes in 253 msecs (HTTP/1.1 201) 4 headers in 163 bytes (1 switches on core 0) [pid: 8|app: 0|req: 682/1383] 10.0.0.4 () {28 vars in 577 bytes} [Tue May 19 01:14:22 2026] GET /v2.0/ports => generated 19463 bytes in 133 msecs (HTTP/1.1 200) 4 headers in 159 bytes (1 switches on core 0)
2026-05-19 01:14:23.137 8 WARNING neutron.db.securitygroups_db [None req-e74d96dd-9a79-4f5d-96b3-9a3285bc0331 fb56dba1f0f1439d8fa87754f7e319ed 1174f8e24abc4b39a1a66f037511dd0d - - default default] project_id key not found in filters, using tenant_id instead. This support has been deprecated and will be removed in a future release.
2026-05-19 01:14:23.200 7 INFO neutron.db.ovn_revision_numbers_db [None req-1d32ee9e-3db7-47cd-8456-e6d17ac8dc44 53b360446b9e4affab34ddee0f64d3ec e36c2407bcff4957beeb29ecb25fa90b - - default default] Successfully bumped revision number for resource c312aa9c-a7d3-4168-a169-c2bb88673288 (type: security_group_rules) to 0 [pid: 7|app: 0|req: 702/1384] 10.0.0.46 () {34 vars in 694 bytes} [Tue May 19 01:14:23 2026] POST /v2.0/security-group-rules => generated 597 bytes in 140 msecs (HTTP/1.1 201) 4 headers in 162 bytes (1 switches on core 0)
2026-05-19 01:14:23.246 8 INFO neutron.db.ovn_revision_numbers_db [None req-e74d96dd-9a79-4f5d-96b3-9a3285bc0331 fb56dba1f0f1439d8fa87754f7e319ed 1174f8e24abc4b39a1a66f037511dd0d - - default default] Successfully bumped revision number for resource 37686055-2e82-449f-933e-b2a1f979a1cc (type: security_groups) to 1
2026-05-19 01:14:23.261 8 INFO neutron.db.ovn_revision_numbers_db [None req-e74d96dd-9a79-4f5d-96b3-9a3285bc0331 fb56dba1f0f1439d8fa87754f7e319ed 1174f8e24abc4b39a1a66f037511dd0d - - default default] Successfully bumped revision number for resource 0ed89bbf-7422-4b6a-bad6-b2410c0ebbcb (type: security_group_rules) to 0
2026-05-19 01:14:23.274 8 INFO neutron.db.ovn_revision_numbers_db [None req-e74d96dd-9a79-4f5d-96b3-9a3285bc0331 fb56dba1f0f1439d8fa87754f7e319ed 1174f8e24abc4b39a1a66f037511dd0d - - default default] Successfully bumped revision number for resource 1868106a-3d3c-4416-884d-cdae17fb16a7 (type: security_group_rules) to 0
2026-05-19 01:14:23.306 8 INFO neutron.db.ovn_revision_numbers_db [None req-e74d96dd-9a79-4f5d-96b3-9a3285bc0331 fb56dba1f0f1439d8fa87754f7e319ed 1174f8e24abc4b39a1a66f037511dd0d - - default default] Successfully bumped revision number for resource 8840e475-0a9b-4bc0-b567-6c23fd6ff8ea (type: security_group_rules) to 0 [pid: 7|app: 0|req: 703/1385] 10.0.0.4 () {28 vars in 581 bytes} [Tue May 19 01:14:23 2026] GET /v2.0/routers => generated 2962 bytes in 82 msecs (HTTP/1.1 200) 4 headers in 158 bytes (1 switches on core 0)
2026-05-19 01:14:23.323 8 INFO neutron.db.ovn_revision_numbers_db [None req-e74d96dd-9a79-4f5d-96b3-9a3285bc0331 fb56dba1f0f1439d8fa87754f7e319ed 1174f8e24abc4b39a1a66f037511dd0d - - default default] Successfully bumped revision number for resource 98cf2b21-01e3-4491-8cd4-5e058e26b779 (type: security_group_rules) to 0 [pid: 8|app: 0|req: 683/1386] 10.0.0.46 () {32 vars in 773 bytes} [Tue May 19 01:14:23 2026] GET /v2.0/security-groups?tenant_id=a2eedd940b5d476b873d43071814d1fe&name=default => generated 2925 bytes in 243 msecs (HTTP/1.1 200) 4 headers in 158 bytes (1 switches on core 0)
2026-05-19 01:14:23.485 8 INFO neutron.db.ovn_revision_numbers_db [None req-ca147b63-7d93-494e-930b-9b33960479dc 53b360446b9e4affab34ddee0f64d3ec e36c2407bcff4957beeb29ecb25fa90b - - default default] Successfully bumped revision number for resource 1f2c2dba-f001-4426-88ee-64ec80909c6d (type: security_group_rules) to 0 [pid: 8|app: 0|req: 684/1387] 10.0.0.46 () {34 vars in 694 bytes} [Tue May 19 01:14:23 2026] POST /v2.0/security-group-rules => generated 602 bytes in 137 msecs (HTTP/1.1 201) 4 headers in 162 bytes (1 switches on core 0) [pid: 8|app: 0|req: 685/1388] 10.0.0.4 () {28 vars in 622 bytes} [Tue May 19 01:14:23 2026] GET /v2.0/agents?binary=ovn-controller => generated 416 bytes in 10 msecs (HTTP/1.1 200) 4 headers in 157 bytes (1 switches on core 0)
2026-05-19 01:14:23.651 7 WARNING neutron.scheduler.dhcp_agent_scheduler [None req-da7f267a-bb5d-4b70-a9ec-2bc9940fe770 d8adf957dc0e47fc82c3bad7b709d05b e2392f21fe644fbbba62b5c2fa730678 - - default default] No more DHCP agents
2026-05-19 01:14:23.652 7 WARNING neutron.api.rpc.agentnotifiers.dhcp_rpc_agent_api [None req-da7f267a-bb5d-4b70-a9ec-2bc9940fe770 d8adf957dc0e47fc82c3bad7b709d05b e2392f21fe644fbbba62b5c2fa730678 - - default default] Unable to schedule network d86f7fad-8abb-4f05-a68f-7b3f08d02e89: no agents available; will retry on subsequent port and subnet creation events.
2026-05-19 01:14:23.678 7 INFO neutron.db.ovn_revision_numbers_db [None req-da7f267a-bb5d-4b70-a9ec-2bc9940fe770 d8adf957dc0e47fc82c3bad7b709d05b e2392f21fe644fbbba62b5c2fa730678 - - default default] Successfully bumped revision number for resource 75946deb-fea4-4423-914a-76442dc74141 (type: subnets) to 0 [pid: 8|app: 0|req: 686/1389] 10.0.0.46 () {32 vars in 739 bytes} [Tue May 19 01:14:23 2026] DELETE /v2.0/security-groups/37686055-2e82-449f-933e-b2a1f979a1cc => generated 0 bytes in 153 msecs (HTTP/1.1 204) 2 headers in 112 bytes (1 switches on core 0)
2026-05-19 01:14:23.704 7 WARNING neutron.scheduler.dhcp_agent_scheduler [None req-da7f267a-bb5d-4b70-a9ec-2bc9940fe770 d8adf957dc0e47fc82c3bad7b709d05b e2392f21fe644fbbba62b5c2fa730678 - - default default] No more DHCP agents
2026-05-19 01:14:23.705 7 WARNING neutron.api.rpc.agentnotifiers.dhcp_rpc_agent_api [None req-da7f267a-bb5d-4b70-a9ec-2bc9940fe770 d8adf957dc0e47fc82c3bad7b709d05b e2392f21fe644fbbba62b5c2fa730678 - - default default] Unable to schedule network 925f80b6-1d28-4f5c-9121-24b0c33b9eff: no agents available; will retry on subsequent port and subnet creation events.
2026-05-19 01:14:23.732 7 INFO neutron.db.ovn_revision_numbers_db [None req-da7f267a-bb5d-4b70-a9ec-2bc9940fe770 d8adf957dc0e47fc82c3bad7b709d05b e2392f21fe644fbbba62b5c2fa730678 - - default default] Successfully bumped revision number for resource 03ff7bb9-cc31-453a-ac7e-c298816e13d2 (type: subnets) to 0 [pid: 7|app: 0|req: 704/1390] 10.0.0.46 () {34 vars in 668 bytes} [Tue May 19 01:14:23 2026] POST /v2.0/subnets => generated 1323 bytes in 439 msecs (HTTP/1.1 201) 4 headers in 163 bytes (1 switches on core 0) [pid: 7|app: 0|req: 705/1391] 10.0.0.4 () {28 vars in 581 bytes} [Tue May 19 01:14:23 2026] GET /v2.0/subnets => generated 4688 bytes in 46 msecs (HTTP/1.1 200) 4 headers in 158 bytes (1 switches on core 0) [pid: 7|app: 0|req: 706/1392] 10.0.0.46 () {32 vars in 646 bytes} [Tue May 19 01:14:23 2026] GET /v2.0/subnets => generated 1959 bytes in 27 msecs (HTTP/1.1 200) 4 headers in 158 bytes (1 switches on core 0)
2026-05-19 01:14:23.827 7 WARNING neutron.db.securitygroups_db [None req-c013df24-532c-4e99-a257-d9e455461b97 fb56dba1f0f1439d8fa87754f7e319ed 1174f8e24abc4b39a1a66f037511dd0d - - default default] project_id key not found in filters, using tenant_id instead. This support has been deprecated and will be removed in a future release. [pid: 7|app: 0|req: 707/1393] 10.0.0.46 () {32 vars in 773 bytes} [Tue May 19 01:14:23 2026] GET /v2.0/security-groups?tenant_id=6783ddae1b2d4c9194f92987dfa3872d&name=default => generated 2925 bytes in 28 msecs (HTTP/1.1 200) 4 headers in 158 bytes (1 switches on core 0) [pid: 7|app: 0|req: 708/1394] 10.0.0.86 () {34 vars in 989 bytes} [Tue May 19 01:14:23 2026] GET /v2.0/ports?device_id=d5aca7bc-db1e-4b98-ad02-e889ce666df2 => generated 12 bytes in 22 msecs (HTTP/1.1 200) 4 headers in 156 bytes (1 switches on core 0) [pid: 7|app: 0|req: 709/1395] 10.0.0.4 () {28 vars in 589 bytes} [Tue May 19 01:14:23 2026] GET /v2.0/subnetpools => generated 19 bytes in 16 msecs (HTTP/1.1 200) 4 headers in 156 bytes (1 switches on core 0)
2026-05-19 01:14:23.891 7 WARNING neutron.plugins.ml2.drivers.ovn.mech_driver.ovsdb.ovn_client [None req-6372afb0-2dac-4565-b5c4-026f31b43a30 - - - - - -] No hosting information found for port 0ca801ce-7d5c-417a-984c-e1948bad36ca: RuntimeError: No hosting information found for port 0ca801ce-7d5c-417a-984c-e1948bad36ca
2026-05-19 01:14:23.912 8 WARNING neutron.scheduler.dhcp_agent_scheduler [None req-b7a981c4-3d5c-40b2-8acd-973fc4986df7 53b360446b9e4affab34ddee0f64d3ec e36c2407bcff4957beeb29ecb25fa90b - - default default] No more DHCP agents
2026-05-19 01:14:23.914 8 WARNING neutron.api.rpc.agentnotifiers.dhcp_rpc_agent_api [None req-b7a981c4-3d5c-40b2-8acd-973fc4986df7 53b360446b9e4affab34ddee0f64d3ec e36c2407bcff4957beeb29ecb25fa90b - - default default] Unable to schedule network 5fe16042-ebc5-4309-b79d-a9157073cd0f: no agents available; will retry on subsequent port and subnet creation events.
2026-05-19 01:14:24.026 7 INFO neutron.db.ovn_revision_numbers_db [None req-6372afb0-2dac-4565-b5c4-026f31b43a30 - - - - - -] Successfully bumped revision number for resource 0ca801ce-7d5c-417a-984c-e1948bad36ca (type: router_ports) to 2
2026-05-19 01:14:24.026 7 INFO neutron.plugins.ml2.drivers.ovn.mech_driver.mech_driver [None req-6372afb0-2dac-4565-b5c4-026f31b43a30 - - - - - -] OVN reports status down for port: 0e6eba79-56df-4461-b927-a4cc8a011748
2026-05-19 01:14:24.044 7 INFO neutron.plugins.ml2.drivers.ovn.mech_driver.mech_driver [None req-6372afb0-2dac-4565-b5c4-026f31b43a30 - - - - - -] OVN reports status down for port: b7c753b3-6a86-448e-a1b7-12ba9ee3b59d
2026-05-19 01:14:24.057 7 INFO neutron.plugins.ml2.drivers.ovn.mech_driver.mech_driver [None req-6372afb0-2dac-4565-b5c4-026f31b43a30 - - - - - -] OVN reports status down for port: 23593ed6-fd1b-4c65-bf62-09ce930ba25c [pid: 7|app: 0|req: 710/1396] 10.0.0.46 () {32 vars in 723 bytes} [Tue May 19 01:14:23 2026] DELETE /v2.0/subnets/75946deb-fea4-4423-914a-76442dc74141 => generated 0 bytes in 227 msecs (HTTP/1.1 204) 3 headers in 131 bytes (1 switches on core 0) [pid: 8|app: 0|req: 687/1397] 10.0.0.46 () {34 vars in 675 bytes} [Tue May 19 01:14:23 2026] POST /v2.0/floatingips => generated 552 bytes in 519 msecs (HTTP/1.1 201) 4 headers in 162 bytes (1 switches on core 0) [pid: 8|app: 0|req: 688/1398] 10.0.0.4 () {28 vars in 589 bytes} [Tue May 19 01:14:24 2026] GET /v2.0/floatingips => generated 1093 bytes in 21 msecs (HTTP/1.1 200) 4 headers in 158 bytes (1 switches on core 0) [pid: 8|app: 0|req: 689/1399] 10.0.0.46 () {32 vars in 723 bytes} [Tue May 19 01:14:24 2026] DELETE /v2.0/subnets/03ff7bb9-cc31-453a-ac7e-c298816e13d2 => generated 0 bytes in 129 msecs (HTTP/1.1 204) 3 headers in 131 bytes (1 switches on core 0) [pid: 8|app: 0|req: 690/1400] 10.0.0.4 () {28 vars in 579 bytes} [Tue May 19 01:14:24 2026] GET /v2.0/agents => generated 1214 bytes in 14 msecs (HTTP/1.1 200) 4 headers in 158 bytes (1 switches on core 0)
2026-05-19 01:14:24.371 8 WARNING neutron.db.securitygroups_db [req-5dba26b0-d47b-43bc-a4ef-778e01c5c571 req-6ff27f68-6a55-43de-9273-64793f7eca65 53b360446b9e4affab34ddee0f64d3ec e36c2407bcff4957beeb29ecb25fa90b - - default default] project_id key not found in filters, using tenant_id instead. This support has been deprecated and will be removed in a future release. [pid: 7|app: 0|req: 711/1401] 10.0.0.46 () {32 vars in 739 bytes} [Tue May 19 01:14:24 2026] DELETE /v2.0/security-groups/97cdde9a-1d67-445f-b5f7-e8c5be459bfd => generated 0 bytes in 273 msecs (HTTP/1.1 204) 2 headers in 112 bytes (1 switches on core 0) [pid: 8|app: 0|req: 691/1402] 10.0.0.86 () {34 vars in 1099 bytes} [Tue May 19 01:14:24 2026] GET /v2.0/security-groups?name=tempest-securitygroup--1859326493&fields=id&tenant_id=e36c2407bcff4957beeb29ecb25fa90b => generated 69 bytes in 32 msecs (HTTP/1.1 200) 4 headers in 156 bytes (1 switches on core 0) [pid: 8|app: 0|req: 692/1403] 10.0.0.4 () {28 vars in 617 bytes} [Tue May 19 01:14:24 2026] GET /v2.0/network-ip-availabilities => generated 5942 bytes in 22 msecs (HTTP/1.1 200) 4 headers in 158 bytes (1 switches on core 0)
2026-05-19 01:14:24.426 8 WARNING neutron.db.securitygroups_db [req-5dba26b0-d47b-43bc-a4ef-778e01c5c571 req-e58c7390-0408-4b06-b357-69d58a573a01 53b360446b9e4affab34ddee0f64d3ec e36c2407bcff4957beeb29ecb25fa90b - - default default] project_id key not found in filters, using tenant_id instead. This support has been deprecated and will be removed in a future release. [pid: 8|app: 0|req: 693/1404] 10.0.0.86 () {34 vars in 1097 bytes} [Tue May 19 01:14:24 2026] GET /v2.0/security-groups?name=tempest-secgroup-smoke-709779075&fields=id&tenant_id=e36c2407bcff4957beeb29ecb25fa90b => generated 69 bytes in 34 msecs (HTTP/1.1 200) 4 headers in 156 bytes (1 switches on core 0) [pid: 7|app: 0|req: 712/1405] 10.0.0.46 () {32 vars in 646 bytes} [Tue May 19 01:14:24 2026] GET /v2.0/subnets => generated 649 bytes in 67 msecs (HTTP/1.1 200) 4 headers in 157 bytes (1 switches on core 0) [pid: 8|app: 0|req: 694/1406] 10.0.0.4 () {28 vars in 583 bytes} [Tue May 19 01:14:24 2026] GET /v2.0/networks => generated 7739 bytes in 70 msecs (HTTP/1.1 200) 4 headers in 158 bytes (1 switches on core 0) [pid: 8|app: 0|req: 695/1407] 10.0.0.86 () {34 vars in 981 bytes} [Tue May 19 01:14:24 2026] GET /v2.0/networks?id=4d92a2e1-293d-428b-9fed-47355f2c6f69 => generated 710 bytes in 50 msecs (HTTP/1.1 200) 4 headers in 157 bytes (1 switches on core 0)
