2026-04-25 07:30:15.860 7 INFO cinder.api.openstack.wsgi [None req-77e2203c-0003-415d-afc8-3e0220f57163 5fb49013e3a34f98aecb43284c34817b d1a6cfca2b46441d865f7c9d74b327ef - - default default] GET http://cinder-api.openstack.svc.cluster.local:8776/v3/d1a6cfca2b46441d865f7c9d74b327ef/os-quota-sets/d1a6cfca2b46441d865f7c9d74b327ef?usage=true
2026-04-25 07:30:15.880 7 INFO cinder.api.openstack.wsgi [None req-77e2203c-0003-415d-afc8-3e0220f57163 5fb49013e3a34f98aecb43284c34817b d1a6cfca2b46441d865f7c9d74b327ef - - default default] http://cinder-api.openstack.svc.cluster.local:8776/v3/d1a6cfca2b46441d865f7c9d74b327ef/os-quota-sets/d1a6cfca2b46441d865f7c9d74b327ef?usage=true returned with HTTP 200 [pid: 7|app: 0|req: 137/274] 10.0.0.34 () {28 vars in 734 bytes} [Sat Apr 25 07:30:15 2026] GET /v3/d1a6cfca2b46441d865f7c9d74b327ef/os-quota-sets/d1a6cfca2b46441d865f7c9d74b327ef?usage=true => generated 845 bytes in 28 msecs (HTTP/1.1 200) 7 headers in 285 bytes (1 switches on core 0)
2026-04-25 07:30:15.897 8 INFO cinder.api.openstack.wsgi [None req-01ad1416-7775-4bb0-8079-54ad0e218afd 5fb49013e3a34f98aecb43284c34817b d1a6cfca2b46441d865f7c9d74b327ef - - default default] GET http://cinder-api.openstack.svc.cluster.local:8776/v3/d1a6cfca2b46441d865f7c9d74b327ef/os-quota-sets/f98dd658d5d24e0883a2b0f6da29d486?usage=true
2026-04-25 07:30:15.928 8 INFO cinder.api.openstack.wsgi [None req-01ad1416-7775-4bb0-8079-54ad0e218afd 5fb49013e3a34f98aecb43284c34817b d1a6cfca2b46441d865f7c9d74b327ef - - default default] http://cinder-api.openstack.svc.cluster.local:8776/v3/d1a6cfca2b46441d865f7c9d74b327ef/os-quota-sets/f98dd658d5d24e0883a2b0f6da29d486?usage=true returned with HTTP 200 [pid: 8|app: 0|req: 138/275] 10.0.0.34 () {28 vars in 734 bytes} [Sat Apr 25 07:30:15 2026] GET /v3/d1a6cfca2b46441d865f7c9d74b327ef/os-quota-sets/f98dd658d5d24e0883a2b0f6da29d486?usage=true => generated 847 bytes in 43 msecs (HTTP/1.1 200) 7 headers in 285 bytes (1 switches on core 0)
2026-04-25 07:30:15.943 7 INFO cinder.api.openstack.wsgi [None req-e33b3a2e-f6c1-44ed-b53f-c087131d41e9 5fb49013e3a34f98aecb43284c34817b d1a6cfca2b46441d865f7c9d74b327ef - - default default] GET http://cinder-api.openstack.svc.cluster.local:8776/v3/d1a6cfca2b46441d865f7c9d74b327ef/os-quota-sets/ffce4fa708b946ccbaf7dc9b2731f4ec?usage=true
2026-04-25 07:30:16.015 7 INFO cinder.api.openstack.wsgi [None req-e33b3a2e-f6c1-44ed-b53f-c087131d41e9 5fb49013e3a34f98aecb43284c34817b d1a6cfca2b46441d865f7c9d74b327ef - - default default] http://cinder-api.openstack.svc.cluster.local:8776/v3/d1a6cfca2b46441d865f7c9d74b327ef/os-quota-sets/ffce4fa708b946ccbaf7dc9b2731f4ec?usage=true returned with HTTP 200 [pid: 7|app: 0|req: 138/276] 10.0.0.34 () {28 vars in 734 bytes} [Sat Apr 25 07:30:15 2026] GET /v3/d1a6cfca2b46441d865f7c9d74b327ef/os-quota-sets/ffce4fa708b946ccbaf7dc9b2731f4ec?usage=true => generated 847 bytes in 78 msecs (HTTP/1.1 200) 7 headers in 285 bytes (1 switches on core 0)
2026-04-25 07:30:16.031 8 INFO cinder.api.openstack.wsgi [None req-49243e75-dabc-41fd-9c27-57168c52578b 5fb49013e3a34f98aecb43284c34817b d1a6cfca2b46441d865f7c9d74b327ef - - default default] GET http://cinder-api.openstack.svc.cluster.local:8776/v3/d1a6cfca2b46441d865f7c9d74b327ef/volumes/detail?all_tenants=true
2026-04-25 07:30:16.040 8 INFO cinder.volume.api [None req-49243e75-dabc-41fd-9c27-57168c52578b 5fb49013e3a34f98aecb43284c34817b d1a6cfca2b46441d865f7c9d74b327ef - - default default] Get all volumes completed successfully.
2026-04-25 07:30:16.042 8 INFO cinder.api.openstack.wsgi [None req-49243e75-dabc-41fd-9c27-57168c52578b 5fb49013e3a34f98aecb43284c34817b d1a6cfca2b46441d865f7c9d74b327ef - - default default] http://cinder-api.openstack.svc.cluster.local:8776/v3/d1a6cfca2b46441d865f7c9d74b327ef/volumes/detail?all_tenants=true returned with HTTP 200 [pid: 8|app: 0|req: 139/277] 10.0.0.34 () {28 vars in 682 bytes} [Sat Apr 25 07:30:16 2026] GET /v3/d1a6cfca2b46441d865f7c9d74b327ef/volumes/detail?all_tenants=true => generated 15 bytes in 18 msecs (HTTP/1.1 200) 7 headers in 284 bytes (1 switches on core 0)
2026-04-25 07:30:16.053 7 INFO cinder.api.openstack.wsgi [None req-4aa9ed44-7056-4684-aafd-528bdc52d10b 5fb49013e3a34f98aecb43284c34817b d1a6cfca2b46441d865f7c9d74b327ef - - default default] GET http://cinder-api.openstack.svc.cluster.local:8776/v3/d1a6cfca2b46441d865f7c9d74b327ef/snapshots?all_tenants=true
2026-04-25 07:30:16.063 7 INFO cinder.volume.api [None req-4aa9ed44-7056-4684-aafd-528bdc52d10b 5fb49013e3a34f98aecb43284c34817b d1a6cfca2b46441d865f7c9d74b327ef - - default default] Get all snapshots completed successfully.
2026-04-25 07:30:16.064 7 INFO cinder.api.openstack.wsgi [None req-4aa9ed44-7056-4684-aafd-528bdc52d10b 5fb49013e3a34f98aecb43284c34817b d1a6cfca2b46441d865f7c9d74b327ef - - default default] http://cinder-api.openstack.svc.cluster.local:8776/v3/d1a6cfca2b46441d865f7c9d74b327ef/snapshots?all_tenants=true returned with HTTP 200 [pid: 7|app: 0|req: 139/278] 10.0.0.34 () {28 vars in 672 bytes} [Sat Apr 25 07:30:16 2026] GET /v3/d1a6cfca2b46441d865f7c9d74b327ef/snapshots?all_tenants=true => generated 17 bytes in 18 msecs (HTTP/1.1 200) 7 headers in 284 bytes (1 switches on core 0)
2026-04-25 07:30:16.072 8 INFO cinder.api.openstack.wsgi [None req-267570a3-08ea-4726-bde0-d9cdc81f2915 5fb49013e3a34f98aecb43284c34817b d1a6cfca2b46441d865f7c9d74b327ef - - default default] GET http://cinder-api.openstack.svc.cluster.local:8776/v3/d1a6cfca2b46441d865f7c9d74b327ef/os-services
2026-04-25 07:30:16.078 8 INFO cinder.api.openstack.wsgi [None req-267570a3-08ea-4726-bde0-d9cdc81f2915 5fb49013e3a34f98aecb43284c34817b d1a6cfca2b46441d865f7c9d74b327ef - - default default] http://cinder-api.openstack.svc.cluster.local:8776/v3/d1a6cfca2b46441d865f7c9d74b327ef/os-services returned with HTTP 200 [pid: 8|app: 0|req: 140/279] 10.0.0.34 () {28 vars in 643 bytes} [Sat Apr 25 07:30:16 2026] GET /v3/d1a6cfca2b46441d865f7c9d74b327ef/os-services => generated 646 bytes in 12 msecs (HTTP/1.1 200) 7 headers in 285 bytes (1 switches on core 0)
2026-04-25 07:30:17.009 7 INFO cinder.api.openstack.wsgi [None req-97d2eda3-4c45-4e67-b402-10932734f5e6 4d2b94a61a644557bb4ff849b50c6d42 98fd35ffccbb40f2843e9cc255151662 - - default default] POST http://cinder-api.openstack.svc.cluster.local:8776/v3/98fd35ffccbb40f2843e9cc255151662/volumes
2026-04-25 07:30:17.579 7 INFO cinder.api.v3.volumes [None req-97d2eda3-4c45-4e67-b402-10932734f5e6 4d2b94a61a644557bb4ff849b50c6d42 98fd35ffccbb40f2843e9cc255151662 - - default default] Create volume of 1 GB
2026-04-25 07:30:17.591 7 INFO cinder.volume.api [None req-97d2eda3-4c45-4e67-b402-10932734f5e6 4d2b94a61a644557bb4ff849b50c6d42 98fd35ffccbb40f2843e9cc255151662 - - default default] Availability Zones retrieved successfully.
2026-04-25 07:30:18.000 7 INFO cinder.volume.api [None req-97d2eda3-4c45-4e67-b402-10932734f5e6 4d2b94a61a644557bb4ff849b50c6d42 98fd35ffccbb40f2843e9cc255151662 - - default default] Create volume request issued successfully.
2026-04-25 07:30:18.001 7 INFO cinder.api.openstack.wsgi [None req-97d2eda3-4c45-4e67-b402-10932734f5e6 4d2b94a61a644557bb4ff849b50c6d42 98fd35ffccbb40f2843e9cc255151662 - - default default] http://cinder-api.openstack.svc.cluster.local:8776/v3/98fd35ffccbb40f2843e9cc255151662/volumes returned with HTTP 202 [pid: 7|app: 0|req: 140/280] 10.0.0.51 () {34 vars in 721 bytes} [Sat Apr 25 07:30:17 2026] POST /v3/98fd35ffccbb40f2843e9cc255151662/volumes => generated 864 bytes in 998 msecs (HTTP/1.1 202) 7 headers in 291 bytes (1 switches on core 0)
2026-04-25 07:30:18.021 8 INFO cinder.api.openstack.wsgi [None req-565065b0-d990-48e8-8d98-1a65eb860fc8 4d2b94a61a644557bb4ff849b50c6d42 98fd35ffccbb40f2843e9cc255151662 - - default default] GET http://cinder-api.openstack.svc.cluster.local:8776/v3/98fd35ffccbb40f2843e9cc255151662/volumes/8f4ad8d7-b093-44b6-9b80-68c77f0a6578 /var/lib/openstack/lib/python3.12/site-packages/oslo_context/context.py:101: DeprecationWarning: Policy enforcement is depending on the value of is_admin. This key is deprecated. Please update your policy file to use the standard policy values. warnings.warn(
2026-04-25 07:30:18.072 8 INFO cinder.volume.api [None req-565065b0-d990-48e8-8d98-1a65eb860fc8 4d2b94a61a644557bb4ff849b50c6d42 98fd35ffccbb40f2843e9cc255151662 - - default default] Volume info retrieved successfully.
2026-04-25 07:30:18.080 8 INFO cinder.api.openstack.wsgi [None req-565065b0-d990-48e8-8d98-1a65eb860fc8 4d2b94a61a644557bb4ff849b50c6d42 98fd35ffccbb40f2843e9cc255151662 - - default default] http://cinder-api.openstack.svc.cluster.local:8776/v3/98fd35ffccbb40f2843e9cc255151662/volumes/8f4ad8d7-b093-44b6-9b80-68c77f0a6578 returned with HTTP 200 [pid: 8|app: 0|req: 141/281] 10.0.0.51 () {32 vars in 773 bytes} [Sat Apr 25 07:30:18 2026] GET /v3/98fd35ffccbb40f2843e9cc255151662/volumes/8f4ad8d7-b093-44b6-9b80-68c77f0a6578 => generated 932 bytes in 65 msecs (HTTP/1.1 200) 7 headers in 285 bytes (1 switches on core 0) /var/lib/openstack/lib/python3.12/site-packages/pycadf/identifier.py:70: UserWarning: Invalid uuid: cinderv3. To ensure interoperability, identifiers should be a valid uuid. warnings.warn(('Invalid uuid: %s. To ensure interoperability, '
2026-04-25 07:30:19.103 7 INFO cinder.api.openstack.wsgi [None req-2bc4a340-fb01-45b9-88c4-77e740974c05 4d2b94a61a644557bb4ff849b50c6d42 98fd35ffccbb40f2843e9cc255151662 - - default default] GET http://cinder-api.openstack.svc.cluster.local:8776/v3/98fd35ffccbb40f2843e9cc255151662/volumes/8f4ad8d7-b093-44b6-9b80-68c77f0a6578 /var/lib/openstack/lib/python3.12/site-packages/oslo_context/context.py:101: DeprecationWarning: Policy enforcement is depending on the value of is_admin. This key is deprecated. Please update your policy file to use the standard policy values. warnings.warn(
2026-04-25 07:30:19.119 7 INFO cinder.volume.api [None req-2bc4a340-fb01-45b9-88c4-77e740974c05 4d2b94a61a644557bb4ff849b50c6d42 98fd35ffccbb40f2843e9cc255151662 - - default default] Volume info retrieved successfully.
2026-04-25 07:30:19.129 7 INFO cinder.api.openstack.wsgi [None req-2bc4a340-fb01-45b9-88c4-77e740974c05 4d2b94a61a644557bb4ff849b50c6d42 98fd35ffccbb40f2843e9cc255151662 - - default default] http://cinder-api.openstack.svc.cluster.local:8776/v3/98fd35ffccbb40f2843e9cc255151662/volumes/8f4ad8d7-b093-44b6-9b80-68c77f0a6578 returned with HTTP 200 [pid: 7|app: 0|req: 141/282] 10.0.0.51 () {32 vars in 773 bytes} [Sat Apr 25 07:30:19 2026] GET /v3/98fd35ffccbb40f2843e9cc255151662/volumes/8f4ad8d7-b093-44b6-9b80-68c77f0a6578 => generated 956 bytes in 37 msecs (HTTP/1.1 200) 7 headers in 285 bytes (1 switches on core 0) /var/lib/openstack/lib/python3.12/site-packages/pycadf/identifier.py:70: UserWarning: Invalid uuid: cinderv3. To ensure interoperability, identifiers should be a valid uuid. warnings.warn(('Invalid uuid: %s. To ensure interoperability, '
2026-04-25 07:30:20.158 8 INFO cinder.api.openstack.wsgi [None req-a1ad3e32-be92-4444-a3fc-abc52086be1d 4d2b94a61a644557bb4ff849b50c6d42 98fd35ffccbb40f2843e9cc255151662 - - default default] GET http://cinder-api.openstack.svc.cluster.local:8776/v3/98fd35ffccbb40f2843e9cc255151662/volumes/8f4ad8d7-b093-44b6-9b80-68c77f0a6578 /var/lib/openstack/lib/python3.12/site-packages/oslo_context/context.py:101: DeprecationWarning: Policy enforcement is depending on the value of is_admin. This key is deprecated. Please update your policy file to use the standard policy values. warnings.warn(
2026-04-25 07:30:20.175 8 INFO cinder.volume.api [None req-a1ad3e32-be92-4444-a3fc-abc52086be1d 4d2b94a61a644557bb4ff849b50c6d42 98fd35ffccbb40f2843e9cc255151662 - - default default] Volume info retrieved successfully.
2026-04-25 07:30:20.179 8 INFO cinder.api.openstack.wsgi [None req-a1ad3e32-be92-4444-a3fc-abc52086be1d 4d2b94a61a644557bb4ff849b50c6d42 98fd35ffccbb40f2843e9cc255151662 - - default default] http://cinder-api.openstack.svc.cluster.local:8776/v3/98fd35ffccbb40f2843e9cc255151662/volumes/8f4ad8d7-b093-44b6-9b80-68c77f0a6578 returned with HTTP 200 [pid: 8|app: 0|req: 142/283] 10.0.0.51 () {32 vars in 773 bytes} [Sat Apr 25 07:30:20 2026] GET /v3/98fd35ffccbb40f2843e9cc255151662/volumes/8f4ad8d7-b093-44b6-9b80-68c77f0a6578 => generated 956 bytes in 26 msecs (HTTP/1.1 200) 7 headers in 285 bytes (1 switches on core 0) /var/lib/openstack/lib/python3.12/site-packages/pycadf/identifier.py:70: UserWarning: Invalid uuid: cinderv3. To ensure interoperability, identifiers should be a valid uuid. warnings.warn(('Invalid uuid: %s. To ensure interoperability, '
2026-04-25 07:30:21.199 7 INFO cinder.api.openstack.wsgi [None req-fefd5b39-6f5f-475b-8948-1e5ddfe58f83 4d2b94a61a644557bb4ff849b50c6d42 98fd35ffccbb40f2843e9cc255151662 - - default default] GET http://cinder-api.openstack.svc.cluster.local:8776/v3/98fd35ffccbb40f2843e9cc255151662/volumes/8f4ad8d7-b093-44b6-9b80-68c77f0a6578 /var/lib/openstack/lib/python3.12/site-packages/oslo_context/context.py:101: DeprecationWarning: Policy enforcement is depending on the value of is_admin. This key is deprecated. Please update your policy file to use the standard policy values. warnings.warn(
2026-04-25 07:30:21.214 7 INFO cinder.volume.api [None req-fefd5b39-6f5f-475b-8948-1e5ddfe58f83 4d2b94a61a644557bb4ff849b50c6d42 98fd35ffccbb40f2843e9cc255151662 - - default default] Volume info retrieved successfully.
2026-04-25 07:30:21.219 7 INFO cinder.api.openstack.wsgi [None req-fefd5b39-6f5f-475b-8948-1e5ddfe58f83 4d2b94a61a644557bb4ff849b50c6d42 98fd35ffccbb40f2843e9cc255151662 - - default default] http://cinder-api.openstack.svc.cluster.local:8776/v3/98fd35ffccbb40f2843e9cc255151662/volumes/8f4ad8d7-b093-44b6-9b80-68c77f0a6578 returned with HTTP 200 [pid: 7|app: 0|req: 142/284] 10.0.0.51 () {32 vars in 773 bytes} [Sat Apr 25 07:30:21 2026] GET /v3/98fd35ffccbb40f2843e9cc255151662/volumes/8f4ad8d7-b093-44b6-9b80-68c77f0a6578 => generated 1341 bytes in 26 msecs (HTTP/1.1 200) 7 headers in 286 bytes (1 switches on core 0) /var/lib/openstack/lib/python3.12/site-packages/pycadf/identifier.py:70: UserWarning: Invalid uuid: cinderv3. To ensure interoperability, identifiers should be a valid uuid. warnings.warn(('Invalid uuid: %s. To ensure interoperability, '
2026-04-25 07:30:21.306 8 INFO cinder.api.openstack.wsgi [req-3f148e70-3054-4a43-8d0a-95a1debccb98 req-738f9b2b-8b3f-41fa-ba10-620da264d379 4d2b94a61a644557bb4ff849b50c6d42 98fd35ffccbb40f2843e9cc255151662 - - default default] GET http://cinder-api.openstack.svc.cluster.local:8776/v3/98fd35ffccbb40f2843e9cc255151662/volumes/8f4ad8d7-b093-44b6-9b80-68c77f0a6578 /var/lib/openstack/lib/python3.12/site-packages/oslo_context/context.py:101: DeprecationWarning: Policy enforcement is depending on the value of is_admin. This key is deprecated. Please update your policy file to use the standard policy values. warnings.warn(
2026-04-25 07:30:21.321 8 INFO cinder.volume.api [req-3f148e70-3054-4a43-8d0a-95a1debccb98 req-738f9b2b-8b3f-41fa-ba10-620da264d379 4d2b94a61a644557bb4ff849b50c6d42 98fd35ffccbb40f2843e9cc255151662 - - default default] Volume info retrieved successfully.
2026-04-25 07:30:21.327 8 INFO cinder.api.openstack.wsgi [req-3f148e70-3054-4a43-8d0a-95a1debccb98 req-738f9b2b-8b3f-41fa-ba10-620da264d379 4d2b94a61a644557bb4ff849b50c6d42 98fd35ffccbb40f2843e9cc255151662 - - default default] http://cinder-api.openstack.svc.cluster.local:8776/v3/98fd35ffccbb40f2843e9cc255151662/volumes/8f4ad8d7-b093-44b6-9b80-68c77f0a6578 returned with HTTP 200 [pid: 8|app: 0|req: 143/285] 10.0.0.128 () {34 vars in 1027 bytes} [Sat Apr 25 07:30:21 2026] GET /v3/98fd35ffccbb40f2843e9cc255151662/volumes/8f4ad8d7-b093-44b6-9b80-68c77f0a6578 => generated 1341 bytes in 29 msecs (HTTP/1.1 200) 7 headers in 286 bytes (1 switches on core 0) /var/lib/openstack/lib/python3.12/site-packages/pycadf/identifier.py:70: UserWarning: Invalid uuid: cinderv3. To ensure interoperability, identifiers should be a valid uuid. warnings.warn(('Invalid uuid: %s. To ensure interoperability, '
2026-04-25 07:30:21.793 7 INFO cinder.api.openstack.wsgi [req-3f148e70-3054-4a43-8d0a-95a1debccb98 req-d3b6a19f-6493-4b4d-a395-0564acd1ea4e 4d2b94a61a644557bb4ff849b50c6d42 98fd35ffccbb40f2843e9cc255151662 - - default default] GET http://cinder-api.openstack.svc.cluster.local:8776/v3/98fd35ffccbb40f2843e9cc255151662/volumes/8f4ad8d7-b093-44b6-9b80-68c77f0a6578 /var/lib/openstack/lib/python3.12/site-packages/oslo_context/context.py:101: DeprecationWarning: Policy enforcement is depending on the value of is_admin. This key is deprecated. Please update your policy file to use the standard policy values. warnings.warn(
2026-04-25 07:30:21.810 7 INFO cinder.volume.api [req-3f148e70-3054-4a43-8d0a-95a1debccb98 req-d3b6a19f-6493-4b4d-a395-0564acd1ea4e 4d2b94a61a644557bb4ff849b50c6d42 98fd35ffccbb40f2843e9cc255151662 - - default default] Volume info retrieved successfully.
2026-04-25 07:30:21.815 7 INFO cinder.api.openstack.wsgi [req-3f148e70-3054-4a43-8d0a-95a1debccb98 req-d3b6a19f-6493-4b4d-a395-0564acd1ea4e 4d2b94a61a644557bb4ff849b50c6d42 98fd35ffccbb40f2843e9cc255151662 - - default default] http://cinder-api.openstack.svc.cluster.local:8776/v3/98fd35ffccbb40f2843e9cc255151662/volumes/8f4ad8d7-b093-44b6-9b80-68c77f0a6578 returned with HTTP 200 [pid: 7|app: 0|req: 143/286] 10.0.0.128 () {34 vars in 1027 bytes} [Sat Apr 25 07:30:21 2026] GET /v3/98fd35ffccbb40f2843e9cc255151662/volumes/8f4ad8d7-b093-44b6-9b80-68c77f0a6578 => generated 1341 bytes in 27 msecs (HTTP/1.1 200) 7 headers in 286 bytes (1 switches on core 0)
2026-04-25 07:30:21.826 8 INFO cinder.api.openstack.wsgi [req-3f148e70-3054-4a43-8d0a-95a1debccb98 req-738f9b2b-8b3f-41fa-ba10-620da264d379 4d2b94a61a644557bb4ff849b50c6d42 98fd35ffccbb40f2843e9cc255151662 - - default default] GET http://cinder-api.openstack.svc.cluster.local:8776/
2026-04-25 07:30:21.827 8 INFO cinder.api.openstack.wsgi [req-3f148e70-3054-4a43-8d0a-95a1debccb98 req-738f9b2b-8b3f-41fa-ba10-620da264d379 4d2b94a61a644557bb4ff849b50c6d42 98fd35ffccbb40f2843e9cc255151662 - - default default] http://cinder-api.openstack.svc.cluster.local:8776/ returned with HTTP 300 [pid: 8|app: 0|req: 144/287] 10.0.0.128 () {32 vars in 828 bytes} [Sat Apr 25 07:30:21 2026] GET / => generated 411 bytes in 1 msecs (HTTP/1.1 300) 5 headers in 169 bytes (1 switches on core 0) /var/lib/openstack/lib/python3.12/site-packages/pycadf/identifier.py:70: UserWarning: Invalid uuid: cinderv3. To ensure interoperability, identifiers should be a valid uuid. warnings.warn(('Invalid uuid: %s. To ensure interoperability, '
2026-04-25 07:30:21.836 7 INFO cinder.api.openstack.wsgi [req-3f148e70-3054-4a43-8d0a-95a1debccb98 req-460e3774-8f9f-495d-8b5f-7cbb769d2615 4d2b94a61a644557bb4ff849b50c6d42 98fd35ffccbb40f2843e9cc255151662 - - default default] POST http://cinder-api.openstack.svc.cluster.local:8776/v3/98fd35ffccbb40f2843e9cc255151662/attachments /var/lib/openstack/lib/python3.12/site-packages/oslo_context/context.py:101: DeprecationWarning: Policy enforcement is depending on the value of is_admin. This key is deprecated. Please update your policy file to use the standard policy values. warnings.warn(
2026-04-25 07:30:21.898 7 INFO cinder.api.openstack.wsgi [req-3f148e70-3054-4a43-8d0a-95a1debccb98 req-460e3774-8f9f-495d-8b5f-7cbb769d2615 4d2b94a61a644557bb4ff849b50c6d42 98fd35ffccbb40f2843e9cc255151662 - - default default] http://cinder-api.openstack.svc.cluster.local:8776/v3/98fd35ffccbb40f2843e9cc255151662/attachments returned with HTTP 200 [pid: 7|app: 0|req: 144/288] 10.0.0.128 () {40 vars in 1056 bytes} [Sat Apr 25 07:30:21 2026] POST /v3/98fd35ffccbb40f2843e9cc255151662/attachments => generated 273 bytes in 69 msecs (HTTP/1.1 200) 7 headers in 286 bytes (1 switches on core 0)
2026-04-25 07:30:22.786 8 INFO cinder.api.openstack.wsgi [req-3f148e70-3054-4a43-8d0a-95a1debccb98 req-738f9b2b-8b3f-41fa-ba10-620da264d379 4d2b94a61a644557bb4ff849b50c6d42 98fd35ffccbb40f2843e9cc255151662 - - default default] GET http://10.0.0.234:8776/
2026-04-25 07:30:22.786 7 INFO cinder.api.openstack.wsgi [req-3f148e70-3054-4a43-8d0a-95a1debccb98 req-460e3774-8f9f-495d-8b5f-7cbb769d2615 4d2b94a61a644557bb4ff849b50c6d42 98fd35ffccbb40f2843e9cc255151662 - - default default] GET http://10.0.0.234:8776/
2026-04-25 07:30:22.786 8 INFO cinder.api.openstack.wsgi [req-3f148e70-3054-4a43-8d0a-95a1debccb98 req-738f9b2b-8b3f-41fa-ba10-620da264d379 4d2b94a61a644557bb4ff849b50c6d42 98fd35ffccbb40f2843e9cc255151662 - - default default] http://10.0.0.234:8776/ returned with HTTP 300
2026-04-25 07:30:22.787 7 INFO cinder.api.openstack.wsgi [req-3f148e70-3054-4a43-8d0a-95a1debccb98 req-460e3774-8f9f-495d-8b5f-7cbb769d2615 4d2b94a61a644557bb4ff849b50c6d42 98fd35ffccbb40f2843e9cc255151662 - - default default] http://10.0.0.234:8776/ returned with HTTP 300
2026-04-25 07:30:27.908 8 INFO cinder.api.openstack.wsgi [req-3f148e70-3054-4a43-8d0a-95a1debccb98 req-738f9b2b-8b3f-41fa-ba10-620da264d379 4d2b94a61a644557bb4ff849b50c6d42 98fd35ffccbb40f2843e9cc255151662 - - default default] GET http://cinder-api.openstack.svc.cluster.local:8776/
2026-04-25 07:30:27.909 8 INFO cinder.api.openstack.wsgi [req-3f148e70-3054-4a43-8d0a-95a1debccb98 req-738f9b2b-8b3f-41fa-ba10-620da264d379 4d2b94a61a644557bb4ff849b50c6d42 98fd35ffccbb40f2843e9cc255151662 - - default default] http://cinder-api.openstack.svc.cluster.local:8776/ returned with HTTP 300 [pid: 8|app: 0|req: 146/291] 199.204.45.141 () {32 vars in 839 bytes} [Sat Apr 25 07:30:27 2026] GET / => generated 411 bytes in 2 msecs (HTTP/1.1 300) 5 headers in 169 bytes (1 switches on core 0) /var/lib/openstack/lib/python3.12/site-packages/pycadf/identifier.py:70: UserWarning: Invalid uuid: cinderv3. To ensure interoperability, identifiers should be a valid uuid. warnings.warn(('Invalid uuid: %s. To ensure interoperability, '
2026-04-25 07:30:27.952 7 INFO cinder.api.openstack.wsgi [req-3f148e70-3054-4a43-8d0a-95a1debccb98 req-101c3b7c-00d7-4fbf-afec-55efcd58a34a 4d2b94a61a644557bb4ff849b50c6d42 98fd35ffccbb40f2843e9cc255151662 - - default default] GET http://cinder-api.openstack.svc.cluster.local:8776/v3/98fd35ffccbb40f2843e9cc255151662/volumes/8f4ad8d7-b093-44b6-9b80-68c77f0a6578 /var/lib/openstack/lib/python3.12/site-packages/oslo_context/context.py:101: DeprecationWarning: Policy enforcement is depending on the value of is_admin. This key is deprecated. Please update your policy file to use the standard policy values. warnings.warn(
2026-04-25 07:30:27.982 7 INFO cinder.volume.api [req-3f148e70-3054-4a43-8d0a-95a1debccb98 req-101c3b7c-00d7-4fbf-afec-55efcd58a34a 4d2b94a61a644557bb4ff849b50c6d42 98fd35ffccbb40f2843e9cc255151662 - - default default] Volume info retrieved successfully.
2026-04-25 07:30:27.988 7 INFO cinder.api.openstack.wsgi [req-3f148e70-3054-4a43-8d0a-95a1debccb98 req-101c3b7c-00d7-4fbf-afec-55efcd58a34a 4d2b94a61a644557bb4ff849b50c6d42 98fd35ffccbb40f2843e9cc255151662 - - default default] http://cinder-api.openstack.svc.cluster.local:8776/v3/98fd35ffccbb40f2843e9cc255151662/volumes/8f4ad8d7-b093-44b6-9b80-68c77f0a6578 returned with HTTP 200 [pid: 7|app: 0|req: 146/292] 199.204.45.141 () {36 vars in 1072 bytes} [Sat Apr 25 07:30:27 2026] GET /v3/98fd35ffccbb40f2843e9cc255151662/volumes/8f4ad8d7-b093-44b6-9b80-68c77f0a6578 => generated 1521 bytes in 43 msecs (HTTP/1.1 200) 7 headers in 287 bytes (1 switches on core 0) /var/lib/openstack/lib/python3.12/site-packages/pycadf/identifier.py:70: UserWarning: Invalid uuid: cinderv3. To ensure interoperability, identifiers should be a valid uuid. warnings.warn(('Invalid uuid: %s. To ensure interoperability, '
2026-04-25 07:30:29.924 8 INFO cinder.api.openstack.wsgi [req-3f148e70-3054-4a43-8d0a-95a1debccb98 req-152f0ceb-02da-4be0-8c40-593f531d9b47 4d2b94a61a644557bb4ff849b50c6d42 98fd35ffccbb40f2843e9cc255151662 - - default default] PUT http://cinder-api.openstack.svc.cluster.local:8776/v3/98fd35ffccbb40f2843e9cc255151662/attachments/b38819c6-ec8b-43db-8590-bd617fcb6e97 /var/lib/openstack/lib/python3.12/site-packages/oslo_context/context.py:101: DeprecationWarning: Policy enforcement is depending on the value of is_admin. This key is deprecated. Please update your policy file to use the standard policy values. warnings.warn(
2026-04-25 07:30:30.987 8 INFO cinder.api.openstack.wsgi [req-3f148e70-3054-4a43-8d0a-95a1debccb98 req-152f0ceb-02da-4be0-8c40-593f531d9b47 4d2b94a61a644557bb4ff849b50c6d42 98fd35ffccbb40f2843e9cc255151662 - - default default] http://cinder-api.openstack.svc.cluster.local:8776/v3/98fd35ffccbb40f2843e9cc255151662/attachments/b38819c6-ec8b-43db-8590-bd617fcb6e97 returned with HTTP 200 [pid: 8|app: 0|req: 147/293] 199.204.45.141 () {40 vars in 1134 bytes} [Sat Apr 25 07:30:29 2026] PUT /v3/98fd35ffccbb40f2843e9cc255151662/attachments/b38819c6-ec8b-43db-8590-bd617fcb6e97 => generated 802 bytes in 1071 msecs (HTTP/1.1 200) 7 headers in 286 bytes (1 switches on core 0) /var/lib/openstack/lib/python3.12/site-packages/pycadf/identifier.py:70: UserWarning: Invalid uuid: cinderv3. To ensure interoperability, identifiers should be a valid uuid. warnings.warn(('Invalid uuid: %s. To ensure interoperability, '
2026-04-25 07:30:31.510 7 INFO cinder.api.openstack.wsgi [req-3f148e70-3054-4a43-8d0a-95a1debccb98 req-452289d4-1fd6-4b61-b0ac-6090ddff4428 4d2b94a61a644557bb4ff849b50c6d42 98fd35ffccbb40f2843e9cc255151662 - - default default] POST http://cinder-api.openstack.svc.cluster.local:8776/v3/98fd35ffccbb40f2843e9cc255151662/attachments/b38819c6-ec8b-43db-8590-bd617fcb6e97/action /var/lib/openstack/lib/python3.12/site-packages/oslo_context/context.py:101: DeprecationWarning: Policy enforcement is depending on the value of is_admin. This key is deprecated. Please update your policy file to use the standard policy values. warnings.warn(
2026-04-25 07:30:31.550 7 INFO cinder.api.openstack.wsgi [req-3f148e70-3054-4a43-8d0a-95a1debccb98 req-452289d4-1fd6-4b61-b0ac-6090ddff4428 4d2b94a61a644557bb4ff849b50c6d42 98fd35ffccbb40f2843e9cc255151662 - - default default] http://cinder-api.openstack.svc.cluster.local:8776/v3/98fd35ffccbb40f2843e9cc255151662/attachments/b38819c6-ec8b-43db-8590-bd617fcb6e97/action returned with HTTP 204 [pid: 7|app: 0|req: 147/294] 199.204.45.141 () {40 vars in 1147 bytes} [Sat Apr 25 07:30:31 2026] POST /v3/98fd35ffccbb40f2843e9cc255151662/attachments/b38819c6-ec8b-43db-8590-bd617fcb6e97/action => generated 0 bytes in 50 msecs (HTTP/1.1 204) 7 headers in 292 bytes (1 switches on core 0)
2026-04-25 07:30:32.792 7 INFO cinder.api.openstack.wsgi [req-3f148e70-3054-4a43-8d0a-95a1debccb98 req-452289d4-1fd6-4b61-b0ac-6090ddff4428 4d2b94a61a644557bb4ff849b50c6d42 98fd35ffccbb40f2843e9cc255151662 - - default default] GET http://10.0.0.234:8776/
2026-04-25 07:30:32.792 8 INFO cinder.api.openstack.wsgi [req-3f148e70-3054-4a43-8d0a-95a1debccb98 req-152f0ceb-02da-4be0-8c40-593f531d9b47 4d2b94a61a644557bb4ff849b50c6d42 98fd35ffccbb40f2843e9cc255151662 - - default default] GET http://10.0.0.234:8776/
2026-04-25 07:30:32.793 8 INFO cinder.api.openstack.wsgi [req-3f148e70-3054-4a43-8d0a-95a1debccb98 req-152f0ceb-02da-4be0-8c40-593f531d9b47 4d2b94a61a644557bb4ff849b50c6d42 98fd35ffccbb40f2843e9cc255151662 - - default default] http://10.0.0.234:8776/ returned with HTTP 300
2026-04-25 07:30:32.793 7 INFO cinder.api.openstack.wsgi [req-3f148e70-3054-4a43-8d0a-95a1debccb98 req-452289d4-1fd6-4b61-b0ac-6090ddff4428 4d2b94a61a644557bb4ff849b50c6d42 98fd35ffccbb40f2843e9cc255151662 - - default default] http://10.0.0.234:8776/ returned with HTTP 300
2026-04-25 07:30:42.786 8 INFO cinder.api.openstack.wsgi [req-3f148e70-3054-4a43-8d0a-95a1debccb98 req-152f0ceb-02da-4be0-8c40-593f531d9b47 4d2b94a61a644557bb4ff849b50c6d42 98fd35ffccbb40f2843e9cc255151662 - - default default] GET http://10.0.0.234:8776/
2026-04-25 07:30:42.786 7 INFO cinder.api.openstack.wsgi [req-3f148e70-3054-4a43-8d0a-95a1debccb98 req-452289d4-1fd6-4b61-b0ac-6090ddff4428 4d2b94a61a644557bb4ff849b50c6d42 98fd35ffccbb40f2843e9cc255151662 - - default default] GET http://10.0.0.234:8776/
2026-04-25 07:30:42.787 8 INFO cinder.api.openstack.wsgi [req-3f148e70-3054-4a43-8d0a-95a1debccb98 req-152f0ceb-02da-4be0-8c40-593f531d9b47 4d2b94a61a644557bb4ff849b50c6d42 98fd35ffccbb40f2843e9cc255151662 - - default default] http://10.0.0.234:8776/ returned with HTTP 300
2026-04-25 07:30:42.788 7 INFO cinder.api.openstack.wsgi [req-3f148e70-3054-4a43-8d0a-95a1debccb98 req-452289d4-1fd6-4b61-b0ac-6090ddff4428 4d2b94a61a644557bb4ff849b50c6d42 98fd35ffccbb40f2843e9cc255151662 - - default default] http://10.0.0.234:8776/ returned with HTTP 300 /var/lib/openstack/lib/python3.12/site-packages/pycadf/identifier.py:70: UserWarning: Invalid uuid: cinderv3. To ensure interoperability, identifiers should be a valid uuid. warnings.warn(('Invalid uuid: %s. To ensure interoperability, '
2026-04-25 07:30:44.450 8 INFO cinder.api.openstack.wsgi [req-ee41d2ef-d05f-45de-8749-7d4d6f5ef709 req-92fb8caa-e51f-4db1-901b-2aeef56b7a30 4d2b94a61a644557bb4ff849b50c6d42 98fd35ffccbb40f2843e9cc255151662 - - default default] DELETE http://cinder-api.openstack.svc.cluster.local:8776/v3/98fd35ffccbb40f2843e9cc255151662/attachments/b38819c6-ec8b-43db-8590-bd617fcb6e97 /var/lib/openstack/lib/python3.12/site-packages/oslo_context/context.py:101: DeprecationWarning: Policy enforcement is depending on the value of is_admin. This key is deprecated. Please update your policy file to use the standard policy values. warnings.warn(
2026-04-25 07:30:45.025 8 INFO cinder.api.openstack.wsgi [req-ee41d2ef-d05f-45de-8749-7d4d6f5ef709 req-92fb8caa-e51f-4db1-901b-2aeef56b7a30 4d2b94a61a644557bb4ff849b50c6d42 98fd35ffccbb40f2843e9cc255151662 - - default default] http://cinder-api.openstack.svc.cluster.local:8776/v3/98fd35ffccbb40f2843e9cc255151662/attachments/b38819c6-ec8b-43db-8590-bd617fcb6e97 returned with HTTP 200 [pid: 8|app: 0|req: 150/299] 199.204.45.141 () {38 vars in 1102 bytes} [Sat Apr 25 07:30:44 2026] DELETE /v3/98fd35ffccbb40f2843e9cc255151662/attachments/b38819c6-ec8b-43db-8590-bd617fcb6e97 => generated 19 bytes in 582 msecs (HTTP/1.1 200) 7 headers in 285 bytes (1 switches on core 0) /var/lib/openstack/lib/python3.12/site-packages/pycadf/identifier.py:70: UserWarning: Invalid uuid: cinderv3. To ensure interoperability, identifiers should be a valid uuid. warnings.warn(('Invalid uuid: %s. To ensure interoperability, '
2026-04-25 07:30:45.038 7 INFO cinder.api.openstack.wsgi [req-ee41d2ef-d05f-45de-8749-7d4d6f5ef709 req-a7fd9c9b-1c28-40a1-a155-3813bbac2195 4d2b94a61a644557bb4ff849b50c6d42 98fd35ffccbb40f2843e9cc255151662 - - default default] DELETE http://cinder-api.openstack.svc.cluster.local:8776/v3/98fd35ffccbb40f2843e9cc255151662/volumes/8f4ad8d7-b093-44b6-9b80-68c77f0a6578
2026-04-25 07:30:45.039 7 INFO cinder.api.v3.volumes [req-ee41d2ef-d05f-45de-8749-7d4d6f5ef709 req-a7fd9c9b-1c28-40a1-a155-3813bbac2195 4d2b94a61a644557bb4ff849b50c6d42 98fd35ffccbb40f2843e9cc255151662 - - default default] Delete volume with id: 8f4ad8d7-b093-44b6-9b80-68c77f0a6578 /var/lib/openstack/lib/python3.12/site-packages/oslo_context/context.py:101: DeprecationWarning: Policy enforcement is depending on the value of is_admin. This key is deprecated. Please update your policy file to use the standard policy values. warnings.warn(
2026-04-25 07:30:45.047 7 INFO cinder.volume.api [req-ee41d2ef-d05f-45de-8749-7d4d6f5ef709 req-a7fd9c9b-1c28-40a1-a155-3813bbac2195 4d2b94a61a644557bb4ff849b50c6d42 98fd35ffccbb40f2843e9cc255151662 - - default default] Volume info retrieved successfully.
2026-04-25 07:30:45.072 7 INFO cinder.volume.api [req-ee41d2ef-d05f-45de-8749-7d4d6f5ef709 req-a7fd9c9b-1c28-40a1-a155-3813bbac2195 4d2b94a61a644557bb4ff849b50c6d42 98fd35ffccbb40f2843e9cc255151662 - - default default] Delete volume request issued successfully.
2026-04-25 07:30:45.073 7 INFO cinder.api.openstack.wsgi [req-ee41d2ef-d05f-45de-8749-7d4d6f5ef709 req-a7fd9c9b-1c28-40a1-a155-3813bbac2195 4d2b94a61a644557bb4ff849b50c6d42 98fd35ffccbb40f2843e9cc255151662 - - default default] http://cinder-api.openstack.svc.cluster.local:8776/v3/98fd35ffccbb40f2843e9cc255151662/volumes/8f4ad8d7-b093-44b6-9b80-68c77f0a6578 returned with HTTP 202 [pid: 7|app: 0|req: 150/300] 199.204.45.141 () {36 vars in 1053 bytes} [Sat Apr 25 07:30:45 2026] DELETE /v3/98fd35ffccbb40f2843e9cc255151662/volumes/8f4ad8d7-b093-44b6-9b80-68c77f0a6578 => generated 0 bytes in 43 msecs (HTTP/1.1 202) 6 headers in 233 bytes (1 switches on core 0)
2026-04-25 07:30:52.786 7 INFO cinder.api.openstack.wsgi [req-ee41d2ef-d05f-45de-8749-7d4d6f5ef709 req-a7fd9c9b-1c28-40a1-a155-3813bbac2195 4d2b94a61a644557bb4ff849b50c6d42 98fd35ffccbb40f2843e9cc255151662 - - default default] GET http://10.0.0.234:8776/
2026-04-25 07:30:52.786 8 INFO cinder.api.openstack.wsgi [req-ee41d2ef-d05f-45de-8749-7d4d6f5ef709 req-92fb8caa-e51f-4db1-901b-2aeef56b7a30 4d2b94a61a644557bb4ff849b50c6d42 98fd35ffccbb40f2843e9cc255151662 - - default default] GET http://10.0.0.234:8776/
2026-04-25 07:30:52.787 7 INFO cinder.api.openstack.wsgi [req-ee41d2ef-d05f-45de-8749-7d4d6f5ef709 req-a7fd9c9b-1c28-40a1-a155-3813bbac2195 4d2b94a61a644557bb4ff849b50c6d42 98fd35ffccbb40f2843e9cc255151662 - - default default] http://10.0.0.234:8776/ returned with HTTP 300
2026-04-25 07:30:52.788 8 INFO cinder.api.openstack.wsgi [req-ee41d2ef-d05f-45de-8749-7d4d6f5ef709 req-92fb8caa-e51f-4db1-901b-2aeef56b7a30 4d2b94a61a644557bb4ff849b50c6d42 98fd35ffccbb40f2843e9cc255151662 - - default default] http://10.0.0.234:8776/ returned with HTTP 300
2026-04-25 07:31:02.787 7 INFO cinder.api.openstack.wsgi [req-ee41d2ef-d05f-45de-8749-7d4d6f5ef709 req-a7fd9c9b-1c28-40a1-a155-3813bbac2195 4d2b94a61a644557bb4ff849b50c6d42 98fd35ffccbb40f2843e9cc255151662 - - default default] GET http://10.0.0.234:8776/
2026-04-25 07:31:02.788 7 INFO cinder.api.openstack.wsgi [req-ee41d2ef-d05f-45de-8749-7d4d6f5ef709 req-a7fd9c9b-1c28-40a1-a155-3813bbac2195 4d2b94a61a644557bb4ff849b50c6d42 98fd35ffccbb40f2843e9cc255151662 - - default default] http://10.0.0.234:8776/ returned with HTTP 300
2026-04-25 07:31:02.788 8 INFO cinder.api.openstack.wsgi [req-ee41d2ef-d05f-45de-8749-7d4d6f5ef709 req-92fb8caa-e51f-4db1-901b-2aeef56b7a30 4d2b94a61a644557bb4ff849b50c6d42 98fd35ffccbb40f2843e9cc255151662 - - default default] GET http://10.0.0.234:8776/
2026-04-25 07:31:02.790 8 INFO cinder.api.openstack.wsgi [req-ee41d2ef-d05f-45de-8749-7d4d6f5ef709 req-92fb8caa-e51f-4db1-901b-2aeef56b7a30 4d2b94a61a644557bb4ff849b50c6d42 98fd35ffccbb40f2843e9cc255151662 - - default default] http://10.0.0.234:8776/ returned with HTTP 300
2026-04-25 07:31:12.786 7 INFO cinder.api.openstack.wsgi [req-ee41d2ef-d05f-45de-8749-7d4d6f5ef709 req-a7fd9c9b-1c28-40a1-a155-3813bbac2195 4d2b94a61a644557bb4ff849b50c6d42 98fd35ffccbb40f2843e9cc255151662 - - default default] GET http://10.0.0.234:8776/
2026-04-25 07:31:12.786 8 INFO cinder.api.openstack.wsgi [req-ee41d2ef-d05f-45de-8749-7d4d6f5ef709 req-92fb8caa-e51f-4db1-901b-2aeef56b7a30 4d2b94a61a644557bb4ff849b50c6d42 98fd35ffccbb40f2843e9cc255151662 - - default default] GET http://10.0.0.234:8776/
2026-04-25 07:31:12.786 7 INFO cinder.api.openstack.wsgi [req-ee41d2ef-d05f-45de-8749-7d4d6f5ef709 req-a7fd9c9b-1c28-40a1-a155-3813bbac2195 4d2b94a61a644557bb4ff849b50c6d42 98fd35ffccbb40f2843e9cc255151662 - - default default] http://10.0.0.234:8776/ returned with HTTP 300
2026-04-25 07:31:12.787 8 INFO cinder.api.openstack.wsgi [req-ee41d2ef-d05f-45de-8749-7d4d6f5ef709 req-92fb8caa-e51f-4db1-901b-2aeef56b7a30 4d2b94a61a644557bb4ff849b50c6d42 98fd35ffccbb40f2843e9cc255151662 - - default default] http://10.0.0.234:8776/ returned with HTTP 300 /var/lib/openstack/lib/python3.12/site-packages/pycadf/identifier.py:70: UserWarning: Invalid uuid: cinderv3. To ensure interoperability, identifiers should be a valid uuid. warnings.warn(('Invalid uuid: %s. To ensure interoperability, '
2026-04-25 07:31:15.105 7 INFO cinder.api.openstack.wsgi [None req-5e97293d-3c61-4960-8f7d-539a27a4367a 5fb49013e3a34f98aecb43284c34817b d1a6cfca2b46441d865f7c9d74b327ef - - default default] GET http://cinder-api.openstack.svc.cluster.local:8776/v3/d1a6cfca2b46441d865f7c9d74b327ef/snapshots?all_tenants=true
2026-04-25 07:31:15.110 7 INFO cinder.volume.api [None req-5e97293d-3c61-4960-8f7d-539a27a4367a 5fb49013e3a34f98aecb43284c34817b d1a6cfca2b46441d865f7c9d74b327ef - - default default] Get all snapshots completed successfully.
2026-04-25 07:31:15.110 7 INFO cinder.api.openstack.wsgi [None req-5e97293d-3c61-4960-8f7d-539a27a4367a 5fb49013e3a34f98aecb43284c34817b d1a6cfca2b46441d865f7c9d74b327ef - - default default] http://cinder-api.openstack.svc.cluster.local:8776/v3/d1a6cfca2b46441d865f7c9d74b327ef/snapshots?all_tenants=true returned with HTTP 200 [pid: 7|app: 0|req: 154/307] 10.0.0.34 () {28 vars in 672 bytes} [Sat Apr 25 07:31:14 2026] GET /v3/d1a6cfca2b46441d865f7c9d74b327ef/snapshots?all_tenants=true => generated 17 bytes in 128 msecs (HTTP/1.1 200) 7 headers in 284 bytes (1 switches on core 0) /var/lib/openstack/lib/python3.12/site-packages/pycadf/identifier.py:70: UserWarning: Invalid uuid: cinderv3. To ensure interoperability, identifiers should be a valid uuid. warnings.warn(('Invalid uuid: %s. To ensure interoperability, '
2026-04-25 07:31:15.129 8 INFO cinder.api.openstack.wsgi [None req-43d6ee2a-be65-41c6-ad80-86dd4bc6eeda 5fb49013e3a34f98aecb43284c34817b d1a6cfca2b46441d865f7c9d74b327ef - - default default] GET http://cinder-api.openstack.svc.cluster.local:8776/v3/d1a6cfca2b46441d865f7c9d74b327ef/scheduler-stats/get_pools?detail=true /var/lib/openstack/lib/python3.12/site-packages/oslo_context/context.py:101: DeprecationWarning: Policy enforcement is depending on the value of is_admin. This key is deprecated. Please update your policy file to use the standard policy values. warnings.warn(
2026-04-25 07:31:15.633 8 INFO cinder.api.openstack.wsgi [None req-43d6ee2a-be65-41c6-ad80-86dd4bc6eeda 5fb49013e3a34f98aecb43284c34817b d1a6cfca2b46441d865f7c9d74b327ef - - default default] http://cinder-api.openstack.svc.cluster.local:8776/v3/d1a6cfca2b46441d865f7c9d74b327ef/scheduler-stats/get_pools?detail=true returned with HTTP 200 [pid: 8|app: 0|req: 154/308] 10.0.0.34 () {28 vars in 694 bytes} [Sat Apr 25 07:31:15 2026] GET /v3/d1a6cfca2b46441d865f7c9d74b327ef/scheduler-stats/get_pools?detail=true => generated 670 bytes in 513 msecs (HTTP/1.1 200) 7 headers in 285 bytes (1 switches on core 0)
2026-04-25 07:31:15.646 7 INFO cinder.api.openstack.wsgi [None req-d486674a-c06a-442a-80ed-2b6788ed65c0 5fb49013e3a34f98aecb43284c34817b d1a6cfca2b46441d865f7c9d74b327ef - - default default] GET http://cinder-api.openstack.svc.cluster.local:8776/v3/d1a6cfca2b46441d865f7c9d74b327ef/os-services
2026-04-25 07:31:15.652 7 INFO cinder.api.openstack.wsgi [None req-d486674a-c06a-442a-80ed-2b6788ed65c0 5fb49013e3a34f98aecb43284c34817b d1a6cfca2b46441d865f7c9d74b327ef - - default default] http://cinder-api.openstack.svc.cluster.local:8776/v3/d1a6cfca2b46441d865f7c9d74b327ef/os-services returned with HTTP 200 [pid: 7|app: 0|req: 155/309] 10.0.0.34 () {28 vars in 643 bytes} [Sat Apr 25 07:31:15 2026] GET /v3/d1a6cfca2b46441d865f7c9d74b327ef/os-services => generated 646 bytes in 13 msecs (HTTP/1.1 200) 7 headers in 285 bytes (1 switches on core 0)
2026-04-25 07:31:15.665 8 INFO cinder.api.openstack.wsgi [None req-94d2435a-2fd0-4c36-9fe9-111763a7e91d 5fb49013e3a34f98aecb43284c34817b d1a6cfca2b46441d865f7c9d74b327ef - - default default] GET http://cinder-api.openstack.svc.cluster.local:8776/v3/d1a6cfca2b46441d865f7c9d74b327ef/volumes/detail?all_tenants=true
2026-04-25 07:31:15.677 8 INFO cinder.volume.api [None req-94d2435a-2fd0-4c36-9fe9-111763a7e91d 5fb49013e3a34f98aecb43284c34817b d1a6cfca2b46441d865f7c9d74b327ef - - default default] Get all volumes completed successfully.
2026-04-25 07:31:15.679 8 INFO cinder.api.openstack.wsgi [None req-94d2435a-2fd0-4c36-9fe9-111763a7e91d 5fb49013e3a34f98aecb43284c34817b d1a6cfca2b46441d865f7c9d74b327ef - - default default] http://cinder-api.openstack.svc.cluster.local:8776/v3/d1a6cfca2b46441d865f7c9d74b327ef/volumes/detail?all_tenants=true returned with HTTP 200 [pid: 8|app: 0|req: 155/310] 10.0.0.34 () {28 vars in 682 bytes} [Sat Apr 25 07:31:15 2026] GET /v3/d1a6cfca2b46441d865f7c9d74b327ef/volumes/detail?all_tenants=true => generated 15 bytes in 21 msecs (HTTP/1.1 200) 7 headers in 284 bytes (1 switches on core 0)
2026-04-25 07:31:15.788 7 INFO cinder.api.openstack.wsgi [None req-1d60516d-12ff-4e93-97eb-a3b799c2da4c 5fb49013e3a34f98aecb43284c34817b d1a6cfca2b46441d865f7c9d74b327ef - - default default] GET http://cinder-api.openstack.svc.cluster.local:8776/v3/d1a6cfca2b46441d865f7c9d74b327ef/os-quota-sets/5112fb6b109c45288e12e59d12ff0328?usage=true
2026-04-25 07:31:15.811 7 INFO cinder.api.openstack.wsgi [None req-1d60516d-12ff-4e93-97eb-a3b799c2da4c 5fb49013e3a34f98aecb43284c34817b d1a6cfca2b46441d865f7c9d74b327ef - - default default] http://cinder-api.openstack.svc.cluster.local:8776/v3/d1a6cfca2b46441d865f7c9d74b327ef/os-quota-sets/5112fb6b109c45288e12e59d12ff0328?usage=true returned with HTTP 200 [pid: 7|app: 0|req: 156/311] 10.0.0.34 () {28 vars in 734 bytes} [Sat Apr 25 07:31:15 2026] GET /v3/d1a6cfca2b46441d865f7c9d74b327ef/os-quota-sets/5112fb6b109c45288e12e59d12ff0328?usage=true => generated 847 bytes in 31 msecs (HTTP/1.1 200) 7 headers in 285 bytes (1 switches on core 0)
2026-04-25 07:31:15.828 8 INFO cinder.api.openstack.wsgi [None req-8bf9c878-1bda-4a02-8aa5-e4659aea9b7b 5fb49013e3a34f98aecb43284c34817b d1a6cfca2b46441d865f7c9d74b327ef - - default default] GET http://cinder-api.openstack.svc.cluster.local:8776/v3/d1a6cfca2b46441d865f7c9d74b327ef/os-quota-sets/5c43f24e2486409b82c93365893912c8?usage=true
2026-04-25 07:31:15.862 8 INFO cinder.api.openstack.wsgi [None req-8bf9c878-1bda-4a02-8aa5-e4659aea9b7b 5fb49013e3a34f98aecb43284c34817b d1a6cfca2b46441d865f7c9d74b327ef - - default default] http://cinder-api.openstack.svc.cluster.local:8776/v3/d1a6cfca2b46441d865f7c9d74b327ef/os-quota-sets/5c43f24e2486409b82c93365893912c8?usage=true returned with HTTP 200 [pid: 8|app: 0|req: 156/312] 10.0.0.34 () {28 vars in 734 bytes} [Sat Apr 25 07:31:15 2026] GET /v3/d1a6cfca2b46441d865f7c9d74b327ef/os-quota-sets/5c43f24e2486409b82c93365893912c8?usage=true => generated 847 bytes in 46 msecs (HTTP/1.1 200) 7 headers in 285 bytes (1 switches on core 0)
2026-04-25 07:31:15.875 7 INFO cinder.api.openstack.wsgi [None req-4bf614ed-aef4-453c-8d88-40c203e6c16d 5fb49013e3a34f98aecb43284c34817b d1a6cfca2b46441d865f7c9d74b327ef - - default default] GET http://cinder-api.openstack.svc.cluster.local:8776/v3/d1a6cfca2b46441d865f7c9d74b327ef/os-quota-sets/8f14e79232264927ac0494920b030aec?usage=true
2026-04-25 07:31:15.894 7 INFO cinder.api.openstack.wsgi [None req-4bf614ed-aef4-453c-8d88-40c203e6c16d 5fb49013e3a34f98aecb43284c34817b d1a6cfca2b46441d865f7c9d74b327ef - - default default] http://cinder-api.openstack.svc.cluster.local:8776/v3/d1a6cfca2b46441d865f7c9d74b327ef/os-quota-sets/8f14e79232264927ac0494920b030aec?usage=true returned with HTTP 200 [pid: 7|app: 0|req: 157/313] 10.0.0.34 () {28 vars in 734 bytes} [Sat Apr 25 07:31:15 2026] GET /v3/d1a6cfca2b46441d865f7c9d74b327ef/os-quota-sets/8f14e79232264927ac0494920b030aec?usage=true => generated 845 bytes in 27 msecs (HTTP/1.1 200) 7 headers in 285 bytes (1 switches on core 0)
2026-04-25 07:31:15.907 8 INFO cinder.api.openstack.wsgi [None req-2e6d5336-1ca1-4107-b274-82dc5f43dc4b 5fb49013e3a34f98aecb43284c34817b d1a6cfca2b46441d865f7c9d74b327ef - - default default] GET http://cinder-api.openstack.svc.cluster.local:8776/v3/d1a6cfca2b46441d865f7c9d74b327ef/os-quota-sets/b5b4b5eec8e445958323a67cfda7eef9?usage=true
2026-04-25 07:31:15.924 8 INFO cinder.api.openstack.wsgi [None req-2e6d5336-1ca1-4107-b274-82dc5f43dc4b 5fb49013e3a34f98aecb43284c34817b d1a6cfca2b46441d865f7c9d74b327ef - - default default] http://cinder-api.openstack.svc.cluster.local:8776/v3/d1a6cfca2b46441d865f7c9d74b327ef/os-quota-sets/b5b4b5eec8e445958323a67cfda7eef9?usage=true returned with HTTP 200 [pid: 8|app: 0|req: 157/314] 10.0.0.34 () {28 vars in 734 bytes} [Sat Apr 25 07:31:15 2026] GET /v3/d1a6cfca2b46441d865f7c9d74b327ef/os-quota-sets/b5b4b5eec8e445958323a67cfda7eef9?usage=true => generated 847 bytes in 25 msecs (HTTP/1.1 200) 7 headers in 285 bytes (1 switches on core 0)
2026-04-25 07:31:15.934 7 INFO cinder.api.openstack.wsgi [None req-917aca2a-b1de-457e-b13d-c467f68efa85 5fb49013e3a34f98aecb43284c34817b d1a6cfca2b46441d865f7c9d74b327ef - - default default] GET http://cinder-api.openstack.svc.cluster.local:8776/v3/d1a6cfca2b46441d865f7c9d74b327ef/os-quota-sets/bc749e51958a42c39fd65271350f97b7?usage=true
2026-04-25 07:31:15.956 7 INFO cinder.api.openstack.wsgi [None req-917aca2a-b1de-457e-b13d-c467f68efa85 5fb49013e3a34f98aecb43284c34817b d1a6cfca2b46441d865f7c9d74b327ef - - default default] http://cinder-api.openstack.svc.cluster.local:8776/v3/d1a6cfca2b46441d865f7c9d74b327ef/os-quota-sets/bc749e51958a42c39fd65271350f97b7?usage=true returned with HTTP 200 [pid: 7|app: 0|req: 158/315] 10.0.0.34 () {28 vars in 734 bytes} [Sat Apr 25 07:31:15 2026] GET /v3/d1a6cfca2b46441d865f7c9d74b327ef/os-quota-sets/bc749e51958a42c39fd65271350f97b7?usage=true => generated 847 bytes in 30 msecs (HTTP/1.1 200) 7 headers in 285 bytes (1 switches on core 0)
2026-04-25 07:31:15.969 8 INFO cinder.api.openstack.wsgi [None req-87f03511-b072-4b97-a7b8-cd432cac7107 5fb49013e3a34f98aecb43284c34817b d1a6cfca2b46441d865f7c9d74b327ef - - default default] GET http://cinder-api.openstack.svc.cluster.local:8776/v3/d1a6cfca2b46441d865f7c9d74b327ef/os-quota-sets/d1a6cfca2b46441d865f7c9d74b327ef?usage=true
2026-04-25 07:31:15.993 8 INFO cinder.api.openstack.wsgi [None req-87f03511-b072-4b97-a7b8-cd432cac7107 5fb49013e3a34f98aecb43284c34817b d1a6cfca2b46441d865f7c9d74b327ef - - default default] http://cinder-api.openstack.svc.cluster.local:8776/v3/d1a6cfca2b46441d865f7c9d74b327ef/os-quota-sets/d1a6cfca2b46441d865f7c9d74b327ef?usage=true returned with HTTP 200 [pid: 8|app: 0|req: 158/316] 10.0.0.34 () {28 vars in 734 bytes} [Sat Apr 25 07:31:15 2026] GET /v3/d1a6cfca2b46441d865f7c9d74b327ef/os-quota-sets/d1a6cfca2b46441d865f7c9d74b327ef?usage=true => generated 845 bytes in 32 msecs (HTTP/1.1 200) 7 headers in 285 bytes (1 switches on core 0)
2026-04-25 07:31:16.009 7 INFO cinder.api.openstack.wsgi [None req-9d39db5e-caa5-4c7e-ad32-c4d231b88f49 5fb49013e3a34f98aecb43284c34817b d1a6cfca2b46441d865f7c9d74b327ef - - default default] GET http://cinder-api.openstack.svc.cluster.local:8776/v3/d1a6cfca2b46441d865f7c9d74b327ef/os-quota-sets/f98dd658d5d24e0883a2b0f6da29d486?usage=true
2026-04-25 07:31:16.030 7 INFO cinder.api.openstack.wsgi [None req-9d39db5e-caa5-4c7e-ad32-c4d231b88f49 5fb49013e3a34f98aecb43284c34817b d1a6cfca2b46441d865f7c9d74b327ef - - default default] http://cinder-api.openstack.svc.cluster.local:8776/v3/d1a6cfca2b46441d865f7c9d74b327ef/os-quota-sets/f98dd658d5d24e0883a2b0f6da29d486?usage=true returned with HTTP 200 [pid: 7|app: 0|req: 159/317] 10.0.0.34 () {28 vars in 734 bytes} [Sat Apr 25 07:31:15 2026] GET /v3/d1a6cfca2b46441d865f7c9d74b327ef/os-quota-sets/f98dd658d5d24e0883a2b0f6da29d486?usage=true => generated 847 bytes in 33 msecs (HTTP/1.1 200) 7 headers in 285 bytes (1 switches on core 0)
2026-04-25 07:31:16.040 8 INFO cinder.api.openstack.wsgi [None req-09028ab4-c5dc-419e-9d3a-9511bfd204af 5fb49013e3a34f98aecb43284c34817b d1a6cfca2b46441d865f7c9d74b327ef - - default default] GET http://cinder-api.openstack.svc.cluster.local:8776/v3/d1a6cfca2b46441d865f7c9d74b327ef/volumes/detail?all_tenants=true
2026-04-25 07:31:16.051 8 INFO cinder.volume.api [None req-09028ab4-c5dc-419e-9d3a-9511bfd204af 5fb49013e3a34f98aecb43284c34817b d1a6cfca2b46441d865f7c9d74b327ef - - default default] Get all volumes completed successfully.
2026-04-25 07:31:16.053 8 INFO cinder.api.openstack.wsgi [None req-09028ab4-c5dc-419e-9d3a-9511bfd204af 5fb49013e3a34f98aecb43284c34817b d1a6cfca2b46441d865f7c9d74b327ef - - default default] http://cinder-api.openstack.svc.cluster.local:8776/v3/d1a6cfca2b46441d865f7c9d74b327ef/volumes/detail?all_tenants=true returned with HTTP 200 [pid: 8|app: 0|req: 159/318] 10.0.0.34 () {28 vars in 682 bytes} [Sat Apr 25 07:31:16 2026] GET /v3/d1a6cfca2b46441d865f7c9d74b327ef/volumes/detail?all_tenants=true => generated 15 bytes in 18 msecs (HTTP/1.1 200) 7 headers in 284 bytes (1 switches on core 0)
2026-04-25 07:31:18.487 7 INFO cinder.api.openstack.wsgi [req-f2060833-634f-401f-a991-765a6db8e830 req-50afa0e4-8253-4ecf-a581-e71f933799a9 6813df2eb6d6451f9ba737f67f217473 5112fb6b109c45288e12e59d12ff0328 - - default default] GET http://cinder-api.openstack.svc.cluster.local:8776/v3/5112fb6b109c45288e12e59d12ff0328/attachments?instance_id=7d67ba9c-870e-4c1a-87b1-dd0971dc7f9c
2026-04-25 07:31:18.499 7 INFO cinder.api.openstack.wsgi [req-f2060833-634f-401f-a991-765a6db8e830 req-50afa0e4-8253-4ecf-a581-e71f933799a9 6813df2eb6d6451f9ba737f67f217473 5112fb6b109c45288e12e59d12ff0328 - - default default] http://cinder-api.openstack.svc.cluster.local:8776/v3/5112fb6b109c45288e12e59d12ff0328/attachments?instance_id=7d67ba9c-870e-4c1a-87b1-dd0971dc7f9c returned with HTTP 200 [pid: 7|app: 0|req: 160/319] 199.204.45.141 () {36 vars in 1103 bytes} [Sat Apr 25 07:31:18 2026] GET /v3/5112fb6b109c45288e12e59d12ff0328/attachments?instance_id=7d67ba9c-870e-4c1a-87b1-dd0971dc7f9c => generated 19 bytes in 22 msecs (HTTP/1.1 200) 7 headers in 285 bytes (1 switches on core 0)
2026-04-25 07:31:19.407 8 INFO cinder.api.openstack.wsgi [None req-09028ab4-c5dc-419e-9d3a-9511bfd204af 5fb49013e3a34f98aecb43284c34817b d1a6cfca2b46441d865f7c9d74b327ef - - default default] GET http://cinder-api.openstack.svc.cluster.local:8776/
