2026-07-02 11:20:10.597 9 ERROR neutron.plugins.ml2.managers driver.obj.bind_port(context)
2026-07-02 11:20:10.597 9 ERROR neutron.plugins.ml2.managers
File "/var/lib/openstack/lib/python3.10/site-packages/neutron/plugins/ml2/drivers/openvswitch/mech_driver/mech_openvswitch.py", line 133, in bind_port
2026-07-02 11:20:10.597 9 ERROR neutron.plugins.ml2.managers super(OpenvswitchMechanismDriver, self).bind_port(context)
2026-07-02 11:20:10.597 9 ERROR neutron.plugins.ml2.managers
File "/var/lib/openstack/lib/python3.10/site-packages/neutron/plugins/ml2/drivers/mech_agent.py", line 104, in bind_port
2026-07-02 11:20:10.597 9 ERROR neutron.plugins.ml2.managers subnets = self.get_subnets_from_fixed_ips(context)
2026-07-02 11:20:10.597 9 ERROR neutron.plugins.ml2.managers
File "/var/lib/openstack/lib/python3.10/site-packages/neutron/plugins/ml2/drivers/mech_agent.py", line 149, in get_subnets_from_fixed_ips
2026-07-02 11:20:10.597 9 ERROR neutron.plugins.ml2.managers subnets.append(context._plugin.get_subnet(
2026-07-02 11:20:10.597 9 ERROR neutron.plugins.ml2.managers
File "/var/lib/openstack/lib/python3.10/site-packages/neutron_lib/db/api.py", line 223, in wrapped
2026-07-02 11:20:10.597 9 ERROR neutron.plugins.ml2.managers return f_with_retry(*args, **kwargs,
2026-07-02 11:20:10.597 9 ERROR neutron.plugins.ml2.managers
File "/var/lib/openstack/lib/python3.10/site-packages/neutron_lib/db/api.py", line 137, in wrapped
2026-07-02 11:20:10.597 9 ERROR neutron.plugins.ml2.managers with excutils.save_and_reraise_exception():
2026-07-02 11:20:10.597 9 ERROR neutron.plugins.ml2.managers
File "/var/lib/openstack/lib/python3.10/site-packages/oslo_utils/excutils.py", line 227, in __exit__
2026-07-02 11:20:10.597 9 ERROR neutron.plugins.ml2.managers self.force_reraise()
2026-07-02 11:20:10.597 9 ERROR neutron.plugins.ml2.managers
File "/var/lib/openstack/lib/python3.10/site-packages/oslo_utils/excutils.py", line 200, in force_reraise
2026-07-02 11:20:10.597 9 ERROR neutron.plugins.ml2.managers raise self.value
2026-07-02 11:20:10.597 9 ERROR neutron.plugins.ml2.managers
File "/var/lib/openstack/lib/python3.10/site-packages/neutron_lib/db/api.py", line 135, in wrapped
2026-07-02 11:20:10.597 9 ERROR neutron.plugins.ml2.managers return f(*args, **kwargs)
2026-07-02 11:20:10.597 9 ERROR neutron.plugins.ml2.managers
File "/var/lib/openstack/lib/python3.10/site-packages/oslo_db/api.py", line 144, in wrapper
2026-07-02 11:20:10.597 9 ERROR neutron.plugins.ml2.managers with excutils.save_and_reraise_exception() as ectxt:
2026-07-02 11:20:10.597 9 ERROR neutron.plugins.ml2.managers
File "/var/lib/openstack/lib/python3.10/site-packages/oslo_utils/excutils.py", line 227, in __exit__
2026-07-02 11:20:10.597 9 ERROR neutron.plugins.ml2.managers self.force_reraise()
2026-07-02 11:20:10.597 9 ERROR neutron.plugins.ml2.managers
File "/var/lib/openstack/lib/python3.10/site-packages/oslo_utils/excutils.py", line 200, in force_reraise
2026-07-02 11:20:10.597 9 ERROR neutron.plugins.ml2.managers raise self.value
2026-07-02 11:20:10.597 9 ERROR neutron.plugins.ml2.managers
File "/var/lib/openstack/lib/python3.10/site-packages/oslo_db/api.py", line 142, in wrapper
2026-07-02 11:20:10.597 9 ERROR neutron.plugins.ml2.managers return f(*args, **kwargs)
2026-07-02 11:20:10.597 9 ERROR neutron.plugins.ml2.managers
File "/var/lib/openstack/lib/python3.10/site-packages/neutron_lib/db/api.py", line 183, in wrapped
2026-07-02 11:20:10.597 9 ERROR neutron.plugins.ml2.managers with excutils.save_and_reraise_exception():
2026-07-02 11:20:10.597 9 ERROR neutron.plugins.ml2.managers
File "/var/lib/openstack/lib/python3.10/site-packages/oslo_utils/excutils.py", line 227, in __exit__
2026-07-02 11:20:10.597 9 ERROR neutron.plugins.ml2.managers self.force_reraise()
2026-07-02 11:20:10.597 9 ERROR neutron.plugins.ml2.managers
File "/var/lib/openstack/lib/python3.10/site-packages/oslo_utils/excutils.py", line 200, in force_reraise
2026-07-02 11:20:10.597 9 ERROR neutron.plugins.ml2.managers raise self.value
2026-07-02 11:20:10.597 9 ERROR neutron.plugins.ml2.managers
File "/var/lib/openstack/lib/python3.10/site-packages/neutron_lib/db/api.py", line 181, in wrapped
2026-07-02 11:20:10.597 9 ERROR neutron.plugins.ml2.managers return f(*dup_args, **dup_kwargs)
2026-07-02 11:20:10.597 9 ERROR neutron.plugins.ml2.managers
File "/var/lib/openstack/lib/python3.10/site-packages/neutron/db/db_base_plugin_v2.py", line 1198, in get_subnet
2026-07-02 11:20:10.597 9 ERROR neutron.plugins.ml2.managers subnet_obj = self._get_subnet_object(context, id)
2026-07-02 11:20:10.597 9 ERROR neutron.plugins.ml2.managers
File "/var/lib/openstack/lib/python3.10/site-packages/neutron/db/db_base_plugin_common.py", line 282, in _get_subnet_object
2026-07-02 11:20:10.597 9 ERROR neutron.plugins.ml2.managers raise exceptions.SubnetNotFound(subnet_id=id)
2026-07-02 11:20:10.597 9 ERROR neutron.plugins.ml2.managers neutron_lib.exceptions.SubnetNotFound: Subnet a36fb173-f98c-4429-8b87-9c6e084ca4f0 could not be found.
2026-07-02 11:20:10.597 9 ERROR neutron.plugins.ml2.managers 
2026-07-02 11:20:10.598 9 ERROR neutron.plugins.ml2.managers [None req-4aaa0745-9a74-4e29-9934-5b5bef1f522d - - - - - -] Failed to bind port f3770653-2a8f-4799-86f2-641bfd515e2b on host instance for vnic_type normal using segments [{'id': '5fcb1c35-1493-4371-beec-680acb1bce7b', 'network_type': 'vxlan', 'physical_network': None, 'segmentation_id': 927, 'network_id': 'e6995b26-22b8-4f50-926f-cd28efbb354e'}]
2026-07-02 11:20:10.598 9 INFO neutron.plugins.ml2.plugin [None req-4aaa0745-9a74-4e29-9934-5b5bef1f522d - - - - - -] Attempt 7 to bind port f3770653-2a8f-4799-86f2-641bfd515e2b
2026-07-02 11:20:10.617 9 ERROR neutron.plugins.ml2.managers [None req-4aaa0745-9a74-4e29-9934-5b5bef1f522d - - - - - -] Mechanism driver openvswitch failed in bind_port: neutron_lib.exceptions.SubnetNotFound: Subnet a36fb173-f98c-4429-8b87-9c6e084ca4f0 could not be found.
2026-07-02 11:20:10.617 9 ERROR neutron.plugins.ml2.managers
Traceback (most recent call last):
2026-07-02 11:20:10.617 9 ERROR neutron.plugins.ml2.managers
File "/var/lib/openstack/lib/python3.10/site-packages/neutron/plugins/ml2/managers.py", line 866, in _bind_port_level
2026-07-02 11:20:10.617 9 ERROR neutron.plugins.ml2.managers driver.obj.bind_port(context)
2026-07-02 11:20:10.617 9 ERROR neutron.plugins.ml2.managers
File "/var/lib/openstack/lib/python3.10/site-packages/neutron/plugins/ml2/drivers/openvswitch/mech_driver/mech_openvswitch.py", line 133, in bind_port
2026-07-02 11:20:10.617 9 ERROR neutron.plugins.ml2.managers super(OpenvswitchMechanismDriver, self).bind_port(context)
2026-07-02 11:20:10.617 9 ERROR neutron.plugins.ml2.managers
File "/var/lib/openstack/lib/python3.10/site-packages/neutron/plugins/ml2/drivers/mech_agent.py", line 104, in bind_port
2026-07-02 11:20:10.617 9 ERROR neutron.plugins.ml2.managers subnets = self.get_subnets_from_fixed_ips(context)
2026-07-02 11:20:10.617 9 ERROR neutron.plugins.ml2.managers
File "/var/lib/openstack/lib/python3.10/site-packages/neutron/plugins/ml2/drivers/mech_agent.py", line 149, in get_subnets_from_fixed_ips
2026-07-02 11:20:10.617 9 ERROR neutron.plugins.ml2.managers subnets.append(context._plugin.get_subnet(
2026-07-02 11:20:10.617 9 ERROR neutron.plugins.ml2.managers
File "/var/lib/openstack/lib/python3.10/site-packages/neutron_lib/db/api.py", line 223, in wrapped
2026-07-02 11:20:10.617 9 ERROR neutron.plugins.ml2.managers return f_with_retry(*args, **kwargs,
2026-07-02 11:20:10.617 9 ERROR neutron.plugins.ml2.managers
File "/var/lib/openstack/lib/python3.10/site-packages/neutron_lib/db/api.py", line 137, in wrapped
2026-07-02 11:20:10.617 9 ERROR neutron.plugins.ml2.managers with excutils.save_and_reraise_exception():
2026-07-02 11:20:10.617 9 ERROR neutron.plugins.ml2.managers
File "/var/lib/openstack/lib/python3.10/site-packages/oslo_utils/excutils.py", line 227, in __exit__
2026-07-02 11:20:10.617 9 ERROR neutron.plugins.ml2.managers self.force_reraise()
2026-07-02 11:20:10.617 9 ERROR neutron.plugins.ml2.managers
File "/var/lib/openstack/lib/python3.10/site-packages/oslo_utils/excutils.py", line 200, in force_reraise
2026-07-02 11:20:10.617 9 ERROR neutron.plugins.ml2.managers raise self.value
2026-07-02 11:20:10.617 9 ERROR neutron.plugins.ml2.managers
File "/var/lib/openstack/lib/python3.10/site-packages/neutron_lib/db/api.py", line 135, in wrapped
2026-07-02 11:20:10.617 9 ERROR neutron.plugins.ml2.managers return f(*args, **kwargs)
2026-07-02 11:20:10.617 9 ERROR neutron.plugins.ml2.managers
File "/var/lib/openstack/lib/python3.10/site-packages/oslo_db/api.py", line 144, in wrapper
2026-07-02 11:20:10.617 9 ERROR neutron.plugins.ml2.managers with excutils.save_and_reraise_exception() as ectxt:
2026-07-02 11:20:10.617 9 ERROR neutron.plugins.ml2.managers
File "/var/lib/openstack/lib/python3.10/site-packages/oslo_utils/excutils.py", line 227, in __exit__
2026-07-02 11:20:10.617 9 ERROR neutron.plugins.ml2.managers self.force_reraise()
2026-07-02 11:20:10.617 9 ERROR neutron.plugins.ml2.managers
File "/var/lib/openstack/lib/python3.10/site-packages/oslo_utils/excutils.py", line 200, in force_reraise
2026-07-02 11:20:10.617 9 ERROR neutron.plugins.ml2.managers raise self.value
2026-07-02 11:20:10.617 9 ERROR neutron.plugins.ml2.managers
File "/var/lib/openstack/lib/python3.10/site-packages/oslo_db/api.py", line 142, in wrapper
2026-07-02 11:20:10.617 9 ERROR neutron.plugins.ml2.managers return f(*args, **kwargs)
2026-07-02 11:20:10.617 9 ERROR neutron.plugins.ml2.managers
File "/var/lib/openstack/lib/python3.10/site-packages/neutron_lib/db/api.py", line 183, in wrapped
2026-07-02 11:20:10.617 9 ERROR neutron.plugins.ml2.managers with excutils.save_and_reraise_exception():
2026-07-02 11:20:10.617 9 ERROR neutron.plugins.ml2.managers
File "/var/lib/openstack/lib/python3.10/site-packages/oslo_utils/excutils.py", line 227, in __exit__
2026-07-02 11:20:10.617 9 ERROR neutron.plugins.ml2.managers self.force_reraise()
2026-07-02 11:20:10.617 9 ERROR neutron.plugins.ml2.managers
File "/var/lib/openstack/lib/python3.10/site-packages/oslo_utils/excutils.py", line 200, in force_reraise
2026-07-02 11:20:10.617 9 ERROR neutron.plugins.ml2.managers raise self.value
2026-07-02 11:20:10.617 9 ERROR neutron.plugins.ml2.managers
File "/var/lib/openstack/lib/python3.10/site-packages/neutron_lib/db/api.py", line 181, in wrapped
2026-07-02 11:20:10.617 9 ERROR neutron.plugins.ml2.managers return f(*dup_args, **dup_kwargs)
2026-07-02 11:20:10.617 9 ERROR neutron.plugins.ml2.managers
File "/var/lib/openstack/lib/python3.10/site-packages/neutron/db/db_base_plugin_v2.py", line 1198, in get_subnet
2026-07-02 11:20:10.617 9 ERROR neutron.plugins.ml2.managers subnet_obj = self._get_subnet_object(context, id)
2026-07-02 11:20:10.617 9 ERROR neutron.plugins.ml2.managers
File "/var/lib/openstack/lib/python3.10/site-packages/neutron/db/db_base_plugin_common.py", line 282, in _get_subnet_object
2026-07-02 11:20:10.617 9 ERROR neutron.plugins.ml2.managers raise exceptions.SubnetNotFound(subnet_id=id)
2026-07-02 11:20:10.617 9 ERROR neutron.plugins.ml2.managers neutron_lib.exceptions.SubnetNotFound: Subnet a36fb173-f98c-4429-8b87-9c6e084ca4f0 could not be found.
2026-07-02 11:20:10.617 9 ERROR neutron.plugins.ml2.managers 
2026-07-02 11:20:10.618 9 ERROR neutron.plugins.ml2.managers [None req-4aaa0745-9a74-4e29-9934-5b5bef1f522d - - - - - -] Failed to bind port f3770653-2a8f-4799-86f2-641bfd515e2b on host instance for vnic_type normal using segments [{'id': '5fcb1c35-1493-4371-beec-680acb1bce7b', 'network_type': 'vxlan', 'physical_network': None, 'segmentation_id': 927, 'network_id': 'e6995b26-22b8-4f50-926f-cd28efbb354e'}]
2026-07-02 11:20:10.618 9 INFO neutron.plugins.ml2.plugin [None req-4aaa0745-9a74-4e29-9934-5b5bef1f522d - - - - - -] Attempt 8 to bind port f3770653-2a8f-4799-86f2-641bfd515e2b
2026-07-02 11:20:10.654 9 ERROR neutron.plugins.ml2.managers [None req-4aaa0745-9a74-4e29-9934-5b5bef1f522d - - - - - -] Mechanism driver openvswitch failed in bind_port: neutron_lib.exceptions.SubnetNotFound: Subnet a36fb173-f98c-4429-8b87-9c6e084ca4f0 could not be found.
2026-07-02 11:20:10.654 9 ERROR neutron.plugins.ml2.managers
Traceback (most recent call last):
2026-07-02 11:20:10.654 9 ERROR neutron.plugins.ml2.managers
File "/var/lib/openstack/lib/python3.10/site-packages/neutron/plugins/ml2/managers.py", line 866, in _bind_port_level
2026-07-02 11:20:10.654 9 ERROR neutron.plugins.ml2.managers driver.obj.bind_port(context)
2026-07-02 11:20:10.654 9 ERROR neutron.plugins.ml2.managers
File "/var/lib/openstack/lib/python3.10/site-packages/neutron/plugins/ml2/drivers/openvswitch/mech_driver/mech_openvswitch.py", line 133, in bind_port
2026-07-02 11:20:10.654 9 ERROR neutron.plugins.ml2.managers super(OpenvswitchMechanismDriver, self).bind_port(context)
2026-07-02 11:20:10.654 9 ERROR neutron.plugins.ml2.managers
File "/var/lib/openstack/lib/python3.10/site-packages/neutron/plugins/ml2/drivers/mech_agent.py", line 104, in bind_port
2026-07-02 11:20:10.654 9 ERROR neutron.plugins.ml2.managers subnets = self.get_subnets_from_fixed_ips(context)
2026-07-02 11:20:10.654 9 ERROR neutron.plugins.ml2.managers
File "/var/lib/openstack/lib/python3.10/site-packages/neutron/plugins/ml2/drivers/mech_agent.py", line 149, in get_subnets_from_fixed_ips
2026-07-02 11:20:10.654 9 ERROR neutron.plugins.ml2.managers subnets.append(context._plugin.get_subnet(
2026-07-02 11:20:10.654 9 ERROR neutron.plugins.ml2.managers
File "/var/lib/openstack/lib/python3.10/site-packages/neutron_lib/db/api.py", line 223, in wrapped
2026-07-02 11:20:10.654 9 ERROR neutron.plugins.ml2.managers return f_with_retry(*args, **kwargs,
2026-07-02 11:20:10.654 9 ERROR neutron.plugins.ml2.managers
File "/var/lib/openstack/lib/python3.10/site-packages/neutron_lib/db/api.py", line 137, in wrapped
2026-07-02 11:20:10.654 9 ERROR neutron.plugins.ml2.managers with excutils.save_and_reraise_exception():
2026-07-02 11:20:10.654 9 ERROR neutron.plugins.ml2.managers
File "/var/lib/openstack/lib/python3.10/site-packages/oslo_utils/excutils.py", line 227, in __exit__
2026-07-02 11:20:10.654 9 ERROR neutron.plugins.ml2.managers self.force_reraise()
2026-07-02 11:20:10.654 9 ERROR neutron.plugins.ml2.managers
File "/var/lib/openstack/lib/python3.10/site-packages/oslo_utils/excutils.py", line 200, in force_reraise
2026-07-02 11:20:10.654 9 ERROR neutron.plugins.ml2.managers raise self.value
2026-07-02 11:20:10.654 9 ERROR neutron.plugins.ml2.managers
File "/var/lib/openstack/lib/python3.10/site-packages/neutron_lib/db/api.py", line 135, in wrapped
2026-07-02 11:20:10.654 9 ERROR neutron.plugins.ml2.managers return f(*args, **kwargs)
2026-07-02 11:20:10.654 9 ERROR neutron.plugins.ml2.managers
File "/var/lib/openstack/lib/python3.10/site-packages/oslo_db/api.py", line 144, in wrapper
2026-07-02 11:20:10.654 9 ERROR neutron.plugins.ml2.managers with excutils.save_and_reraise_exception() as ectxt:
2026-07-02 11:20:10.654 9 ERROR neutron.plugins.ml2.managers
File "/var/lib/openstack/lib/python3.10/site-packages/oslo_utils/excutils.py", line 227, in __exit__
2026-07-02 11:20:10.654 9 ERROR neutron.plugins.ml2.managers self.force_reraise()
2026-07-02 11:20:10.654 9 ERROR neutron.plugins.ml2.managers
File "/var/lib/openstack/lib/python3.10/site-packages/oslo_utils/excutils.py", line 200, in force_reraise
2026-07-02 11:20:10.654 9 ERROR neutron.plugins.ml2.managers raise self.value
2026-07-02 11:20:10.654 9 ERROR neutron.plugins.ml2.managers
File "/var/lib/openstack/lib/python3.10/site-packages/oslo_db/api.py", line 142, in wrapper
2026-07-02 11:20:10.654 9 ERROR neutron.plugins.ml2.managers return f(*args, **kwargs)
2026-07-02 11:20:10.654 9 ERROR neutron.plugins.ml2.managers
File "/var/lib/openstack/lib/python3.10/site-packages/neutron_lib/db/api.py", line 183, in wrapped
2026-07-02 11:20:10.654 9 ERROR neutron.plugins.ml2.managers with excutils.save_and_reraise_exception():
2026-07-02 11:20:10.654 9 ERROR neutron.plugins.ml2.managers
File "/var/lib/openstack/lib/python3.10/site-packages/oslo_utils/excutils.py", line 227, in __exit__
2026-07-02 11:20:10.654 9 ERROR neutron.plugins.ml2.managers self.force_reraise()
2026-07-02 11:20:10.654 9 ERROR neutron.plugins.ml2.managers
File "/var/lib/openstack/lib/python3.10/site-packages/oslo_utils/excutils.py", line 200, in force_reraise
2026-07-02 11:20:10.654 9 ERROR neutron.plugins.ml2.managers raise self.value
2026-07-02 11:20:10.654 9 ERROR neutron.plugins.ml2.managers
File "/var/lib/openstack/lib/python3.10/site-packages/neutron_lib/db/api.py", line 181, in wrapped
2026-07-02 11:20:10.654 9 ERROR neutron.plugins.ml2.managers return f(*dup_args, **dup_kwargs)
2026-07-02 11:20:10.654 9 ERROR neutron.plugins.ml2.managers
File "/var/lib/openstack/lib/python3.10/site-packages/neutron/db/db_base_plugin_v2.py", line 1198, in get_subnet
2026-07-02 11:20:10.654 9 ERROR neutron.plugins.ml2.managers subnet_obj = self._get_subnet_object(context, id)
2026-07-02 11:20:10.654 9 ERROR neutron.plugins.ml2.managers
File "/var/lib/openstack/lib/python3.10/site-packages/neutron/db/db_base_plugin_common.py", line 282, in _get_subnet_object
2026-07-02 11:20:10.654 9 ERROR neutron.plugins.ml2.managers raise exceptions.SubnetNotFound(subnet_id=id)
2026-07-02 11:20:10.654 9 ERROR neutron.plugins.ml2.managers neutron_lib.exceptions.SubnetNotFound: Subnet a36fb173-f98c-4429-8b87-9c6e084ca4f0 could not be found.
2026-07-02 11:20:10.654 9 ERROR neutron.plugins.ml2.managers 
2026-07-02 11:20:10.655 9 ERROR neutron.plugins.ml2.managers [None req-4aaa0745-9a74-4e29-9934-5b5bef1f522d - - - - - -] Failed to bind port f3770653-2a8f-4799-86f2-641bfd515e2b on host instance for vnic_type normal using segments [{'id': '5fcb1c35-1493-4371-beec-680acb1bce7b', 'network_type': 'vxlan', 'physical_network': None, 'segmentation_id': 927, 'network_id': 'e6995b26-22b8-4f50-926f-cd28efbb354e'}]
2026-07-02 11:20:10.656 9 INFO neutron.plugins.ml2.plugin [None req-4aaa0745-9a74-4e29-9934-5b5bef1f522d - - - - - -] Attempt 9 to bind port f3770653-2a8f-4799-86f2-641bfd515e2b
2026-07-02 11:20:10.680 9 ERROR neutron.plugins.ml2.managers [None req-4aaa0745-9a74-4e29-9934-5b5bef1f522d - - - - - -] Mechanism driver openvswitch failed in bind_port: neutron_lib.exceptions.SubnetNotFound: Subnet a36fb173-f98c-4429-8b87-9c6e084ca4f0 could not be found.
2026-07-02 11:20:10.680 9 ERROR neutron.plugins.ml2.managers
Traceback (most recent call last):
2026-07-02 11:20:10.680 9 ERROR neutron.plugins.ml2.managers
File "/var/lib/openstack/lib/python3.10/site-packages/neutron/plugins/ml2/managers.py", line 866, in _bind_port_level
2026-07-02 11:20:10.680 9 ERROR neutron.plugins.ml2.managers driver.obj.bind_port(context)
2026-07-02 11:20:10.680 9 ERROR neutron.plugins.ml2.managers
File "/var/lib/openstack/lib/python3.10/site-packages/neutron/plugins/ml2/drivers/openvswitch/mech_driver/mech_openvswitch.py", line 133, in bind_port
2026-07-02 11:20:10.680 9 ERROR neutron.plugins.ml2.managers super(OpenvswitchMechanismDriver, self).bind_port(context)
2026-07-02 11:20:10.680 9 ERROR neutron.plugins.ml2.managers
File "/var/lib/openstack/lib/python3.10/site-packages/neutron/plugins/ml2/drivers/mech_agent.py", line 104, in bind_port
2026-07-02 11:20:10.680 9 ERROR neutron.plugins.ml2.managers subnets = self.get_subnets_from_fixed_ips(context)
2026-07-02 11:20:10.680 9 ERROR neutron.plugins.ml2.managers
File "/var/lib/openstack/lib/python3.10/site-packages/neutron/plugins/ml2/drivers/mech_agent.py", line 149, in get_subnets_from_fixed_ips
2026-07-02 11:20:10.680 9 ERROR neutron.plugins.ml2.managers subnets.append(context._plugin.get_subnet(
2026-07-02 11:20:10.680 9 ERROR neutron.plugins.ml2.managers
File "/var/lib/openstack/lib/python3.10/site-packages/neutron_lib/db/api.py", line 223, in wrapped
2026-07-02 11:20:10.680 9 ERROR neutron.plugins.ml2.managers return f_with_retry(*args, **kwargs,
2026-07-02 11:20:10.680 9 ERROR neutron.plugins.ml2.managers
File "/var/lib/openstack/lib/python3.10/site-packages/neutron_lib/db/api.py", line 137, in wrapped
2026-07-02 11:20:10.680 9 ERROR neutron.plugins.ml2.managers with excutils.save_and_reraise_exception():
2026-07-02 11:20:10.680 9 ERROR neutron.plugins.ml2.managers
File "/var/lib/openstack/lib/python3.10/site-packages/oslo_utils/excutils.py", line 227, in __exit__
2026-07-02 11:20:10.680 9 ERROR neutron.plugins.ml2.managers self.force_reraise()
2026-07-02 11:20:10.680 9 ERROR neutron.plugins.ml2.managers
File "/var/lib/openstack/lib/python3.10/site-packages/oslo_utils/excutils.py", line 200, in force_reraise
2026-07-02 11:20:10.680 9 ERROR neutron.plugins.ml2.managers raise self.value
2026-07-02 11:20:10.680 9 ERROR neutron.plugins.ml2.managers
File "/var/lib/openstack/lib/python3.10/site-packages/neutron_lib/db/api.py", line 135, in wrapped
2026-07-02 11:20:10.680 9 ERROR neutron.plugins.ml2.managers return f(*args, **kwargs)
2026-07-02 11:20:10.680 9 ERROR neutron.plugins.ml2.managers
File "/var/lib/openstack/lib/python3.10/site-packages/oslo_db/api.py", line 144, in wrapper
2026-07-02 11:20:10.680 9 ERROR neutron.plugins.ml2.managers with excutils.save_and_reraise_exception() as ectxt:
2026-07-02 11:20:10.680 9 ERROR neutron.plugins.ml2.managers
File "/var/lib/openstack/lib/python3.10/site-packages/oslo_utils/excutils.py", line 227, in __exit__
2026-07-02 11:20:10.680 9 ERROR neutron.plugins.ml2.managers self.force_reraise()
2026-07-02 11:20:10.680 9 ERROR neutron.plugins.ml2.managers
File "/var/lib/openstack/lib/python3.10/site-packages/oslo_utils/excutils.py", line 200, in force_reraise
2026-07-02 11:20:10.680 9 ERROR neutron.plugins.ml2.managers raise self.value
2026-07-02 11:20:10.680 9 ERROR neutron.plugins.ml2.managers
File "/var/lib/openstack/lib/python3.10/site-packages/oslo_db/api.py", line 142, in wrapper
2026-07-02 11:20:10.680 9 ERROR neutron.plugins.ml2.managers return f(*args, **kwargs)
2026-07-02 11:20:10.680 9 ERROR neutron.plugins.ml2.managers
File "/var/lib/openstack/lib/python3.10/site-packages/neutron_lib/db/api.py", line 183, in wrapped
2026-07-02 11:20:10.680 9 ERROR neutron.plugins.ml2.managers with excutils.save_and_reraise_exception():
2026-07-02 11:20:10.680 9 ERROR neutron.plugins.ml2.managers
File "/var/lib/openstack/lib/python3.10/site-packages/oslo_utils/excutils.py", line 227, in __exit__
2026-07-02 11:20:10.680 9 ERROR neutron.plugins.ml2.managers self.force_reraise()
2026-07-02 11:20:10.680 9 ERROR neutron.plugins.ml2.managers
File "/var/lib/openstack/lib/python3.10/site-packages/oslo_utils/excutils.py", line 200, in force_reraise
2026-07-02 11:20:10.680 9 ERROR neutron.plugins.ml2.managers raise self.value
2026-07-02 11:20:10.680 9 ERROR neutron.plugins.ml2.managers
File "/var/lib/openstack/lib/python3.10/site-packages/neutron_lib/db/api.py", line 181, in wrapped
2026-07-02 11:20:10.680 9 ERROR neutron.plugins.ml2.managers return f(*dup_args, **dup_kwargs)
2026-07-02 11:20:10.680 9 ERROR neutron.plugins.ml2.managers
File "/var/lib/openstack/lib/python3.10/site-packages/neutron/db/db_base_plugin_v2.py", line 1198, in get_subnet
2026-07-02 11:20:10.680 9 ERROR neutron.plugins.ml2.managers subnet_obj = self._get_subnet_object(context, id)
2026-07-02 11:20:10.680 9 ERROR neutron.plugins.ml2.managers
File "/var/lib/openstack/lib/python3.10/site-packages/neutron/db/db_base_plugin_common.py", line 282, in _get_subnet_object
2026-07-02 11:20:10.680 9 ERROR neutron.plugins.ml2.managers raise exceptions.SubnetNotFound(subnet_id=id)
2026-07-02 11:20:10.680 9 ERROR neutron.plugins.ml2.managers neutron_lib.exceptions.SubnetNotFound: Subnet a36fb173-f98c-4429-8b87-9c6e084ca4f0 could not be found.
2026-07-02 11:20:10.680 9 ERROR neutron.plugins.ml2.managers 
2026-07-02 11:20:10.681 9 ERROR neutron.plugins.ml2.managers [None req-4aaa0745-9a74-4e29-9934-5b5bef1f522d - - - - - -] Failed to bind port f3770653-2a8f-4799-86f2-641bfd515e2b on host instance for vnic_type normal using segments [{'id': '5fcb1c35-1493-4371-beec-680acb1bce7b', 'network_type': 'vxlan', 'physical_network': None, 'segmentation_id': 927, 'network_id': 'e6995b26-22b8-4f50-926f-cd28efbb354e'}]
2026-07-02 11:20:10.681 9 INFO neutron.plugins.ml2.plugin [None req-4aaa0745-9a74-4e29-9934-5b5bef1f522d - - - - - -] Attempt 10 to bind port f3770653-2a8f-4799-86f2-641bfd515e2b
2026-07-02 11:20:10.701 9 ERROR neutron.plugins.ml2.managers [None req-4aaa0745-9a74-4e29-9934-5b5bef1f522d - - - - - -] Mechanism driver openvswitch failed in bind_port: neutron_lib.exceptions.SubnetNotFound: Subnet a36fb173-f98c-4429-8b87-9c6e084ca4f0 could not be found.
2026-07-02 11:20:10.701 9 ERROR neutron.plugins.ml2.managers
Traceback (most recent call last):
2026-07-02 11:20:10.701 9 ERROR neutron.plugins.ml2.managers
File "/var/lib/openstack/lib/python3.10/site-packages/neutron/plugins/ml2/managers.py", line 866, in _bind_port_level
2026-07-02 11:20:10.701 9 ERROR neutron.plugins.ml2.managers driver.obj.bind_port(context)
2026-07-02 11:20:10.701 9 ERROR neutron.plugins.ml2.managers
File "/var/lib/openstack/lib/python3.10/site-packages/neutron/plugins/ml2/drivers/openvswitch/mech_driver/mech_openvswitch.py", line 133, in bind_port
2026-07-02 11:20:10.701 9 ERROR neutron.plugins.ml2.managers super(OpenvswitchMechanismDriver, self).bind_port(context)
2026-07-02 11:20:10.701 9 ERROR neutron.plugins.ml2.managers
File "/var/lib/openstack/lib/python3.10/site-packages/neutron/plugins/ml2/drivers/mech_agent.py", line 104, in bind_port
2026-07-02 11:20:10.701 9 ERROR neutron.plugins.ml2.managers subnets = self.get_subnets_from_fixed_ips(context)
2026-07-02 11:20:10.701 9 ERROR neutron.plugins.ml2.managers
File "/var/lib/openstack/lib/python3.10/site-packages/neutron/plugins/ml2/drivers/mech_agent.py", line 149, in get_subnets_from_fixed_ips
2026-07-02 11:20:10.701 9 ERROR neutron.plugins.ml2.managers subnets.append(context._plugin.get_subnet(
2026-07-02 11:20:10.701 9 ERROR neutron.plugins.ml2.managers
File "/var/lib/openstack/lib/python3.10/site-packages/neutron_lib/db/api.py", line 223, in wrapped
2026-07-02 11:20:10.701 9 ERROR neutron.plugins.ml2.managers return f_with_retry(*args, **kwargs,
2026-07-02 11:20:10.701 9 ERROR neutron.plugins.ml2.managers
File "/var/lib/openstack/lib/python3.10/site-packages/neutron_lib/db/api.py", line 137, in wrapped
2026-07-02 11:20:10.701 9 ERROR neutron.plugins.ml2.managers with excutils.save_and_reraise_exception():
2026-07-02 11:20:10.701 9 ERROR neutron.plugins.ml2.managers
File "/var/lib/openstack/lib/python3.10/site-packages/oslo_utils/excutils.py", line 227, in __exit__
2026-07-02 11:20:10.701 9 ERROR neutron.plugins.ml2.managers self.force_reraise()
2026-07-02 11:20:10.701 9 ERROR neutron.plugins.ml2.managers
File "/var/lib/openstack/lib/python3.10/site-packages/oslo_utils/excutils.py", line 200, in force_reraise
2026-07-02 11:20:10.701 9 ERROR neutron.plugins.ml2.managers raise self.value
2026-07-02 11:20:10.701 9 ERROR neutron.plugins.ml2.managers
File "/var/lib/openstack/lib/python3.10/site-packages/neutron_lib/db/api.py", line 135, in wrapped
2026-07-02 11:20:10.701 9 ERROR neutron.plugins.ml2.managers return f(*args, **kwargs)
2026-07-02 11:20:10.701 9 ERROR neutron.plugins.ml2.managers
File "/var/lib/openstack/lib/python3.10/site-packages/oslo_db/api.py", line 144, in wrapper
2026-07-02 11:20:10.701 9 ERROR neutron.plugins.ml2.managers with excutils.save_and_reraise_exception() as ectxt:
2026-07-02 11:20:10.701 9 ERROR neutron.plugins.ml2.managers
File "/var/lib/openstack/lib/python3.10/site-packages/oslo_utils/excutils.py", line 227, in __exit__
2026-07-02 11:20:10.701 9 ERROR neutron.plugins.ml2.managers self.force_reraise()
2026-07-02 11:20:10.701 9 ERROR neutron.plugins.ml2.managers
File "/var/lib/openstack/lib/python3.10/site-packages/oslo_utils/excutils.py", line 200, in force_reraise
2026-07-02 11:20:10.701 9 ERROR neutron.plugins.ml2.managers raise self.value
2026-07-02 11:20:10.701 9 ERROR neutron.plugins.ml2.managers
File "/var/lib/openstack/lib/python3.10/site-packages/oslo_db/api.py", line 142, in wrapper
2026-07-02 11:20:10.701 9 ERROR neutron.plugins.ml2.managers return f(*args, **kwargs)
2026-07-02 11:20:10.701 9 ERROR neutron.plugins.ml2.managers
File "/var/lib/openstack/lib/python3.10/site-packages/neutron_lib/db/api.py", line 183, in wrapped
2026-07-02 11:20:10.701 9 ERROR neutron.plugins.ml2.managers with excutils.save_and_reraise_exception():
2026-07-02 11:20:10.701 9 ERROR neutron.plugins.ml2.managers
File "/var/lib/openstack/lib/python3.10/site-packages/oslo_utils/excutils.py", line 227, in __exit__
2026-07-02 11:20:10.701 9 ERROR neutron.plugins.ml2.managers self.force_reraise()
2026-07-02 11:20:10.701 9 ERROR neutron.plugins.ml2.managers
File "/var/lib/openstack/lib/python3.10/site-packages/oslo_utils/excutils.py", line 200, in force_reraise
2026-07-02 11:20:10.701 9 ERROR neutron.plugins.ml2.managers raise self.value
2026-07-02 11:20:10.701 9 ERROR neutron.plugins.ml2.managers
File "/var/lib/openstack/lib/python3.10/site-packages/neutron_lib/db/api.py", line 181, in wrapped
2026-07-02 11:20:10.701 9 ERROR neutron.plugins.ml2.managers return f(*dup_args, **dup_kwargs)
2026-07-02 11:20:10.701 9 ERROR neutron.plugins.ml2.managers
File "/var/lib/openstack/lib/python3.10/site-packages/neutron/db/db_base_plugin_v2.py", line 1198, in get_subnet
2026-07-02 11:20:10.701 9 ERROR neutron.plugins.ml2.managers subnet_obj = self._get_subnet_object(context, id)
2026-07-02 11:20:10.701 9 ERROR neutron.plugins.ml2.managers
File "/var/lib/openstack/lib/python3.10/site-packages/neutron/db/db_base_plugin_common.py", line 282, in _get_subnet_object
2026-07-02 11:20:10.701 9 ERROR neutron.plugins.ml2.managers raise exceptions.SubnetNotFound(subnet_id=id)
2026-07-02 11:20:10.701 9 ERROR neutron.plugins.ml2.managers neutron_lib.exceptions.SubnetNotFound: Subnet a36fb173-f98c-4429-8b87-9c6e084ca4f0 could not be found.
2026-07-02 11:20:10.701 9 ERROR neutron.plugins.ml2.managers 
2026-07-02 11:20:10.702 9 ERROR neutron.plugins.ml2.managers [None req-4aaa0745-9a74-4e29-9934-5b5bef1f522d - - - - - -] Failed to bind port f3770653-2a8f-4799-86f2-641bfd515e2b on host instance for vnic_type normal using segments [{'id': '5fcb1c35-1493-4371-beec-680acb1bce7b', 'network_type': 'vxlan', 'physical_network': None, 'segmentation_id': 927, 'network_id': 'e6995b26-22b8-4f50-926f-cd28efbb354e'}]
2026-07-02 11:20:10.737 9 INFO neutron.plugins.ml2.plugin [None req-73fd5d97-d6b3-4195-b45c-e99d25b0011f - - - - - -] Attempt 1 to provision port 47f485ce-30d8-478a-be30-bb8bedf627f0
2026-07-02 11:20:11.227 9 INFO neutron.plugins.ml2.plugin [None req-0cdceff3-0b8c-450a-8cbf-f18e107681b6 - - - - - -] Attempt 1 to provision port 47f485ce-30d8-478a-be30-bb8bedf627f0
2026-07-02 11:20:19.280 10 INFO neutron.plugins.ml2.plugin [None req-0cdceff3-0b8c-450a-8cbf-f18e107681b6 - - - - - -] Attempt 1 to provision port 0507181d-3e90-4004-b955-c92204c3263c
2026-07-02 11:20:23.311 9 INFO neutron.plugins.ml2.plugin [None req-0cdceff3-0b8c-450a-8cbf-f18e107681b6 - - - - - -] Attempt 1 to provision port edb11787-8a74-4ba4-85c3-2ec56bd230a7
2026-07-02 11:20:24.546 9 INFO neutron.plugins.ml2.plugin [None req-9c0b4b36-c76b-481b-a6e6-3da2b26045ce - - - - - -] Attempt 1 to provision port 1eb17450-3b87-4b84-8207-688f7d1bc5bb
2026-07-02 11:20:25.313 10 INFO neutron.plugins.ml2.plugin [None req-a140fa36-8797-4e00-b275-f2b6b7c212f9 - - - - - -] Attempt 1 to provision port edb11787-8a74-4ba4-85c3-2ec56bd230a7
2026-07-02 11:20:25.336 9 INFO neutron.plugins.ml2.plugin [None req-0cdceff3-0b8c-450a-8cbf-f18e107681b6 - - - - - -] Attempt 1 to provision port edb11787-8a74-4ba4-85c3-2ec56bd230a7
2026-07-02 11:20:25.500 10 INFO neutron.plugins.ml2.plugin [None req-b376789b-1a7b-4a07-a1b9-d121fb43b8be - - - - - -] Attempt 1 to provision port eeb4afb5-428e-45ca-bf2d-9dd7ca20e3b4
2026-07-02 11:20:25.712 9 INFO neutron.plugins.ml2.plugin [None req-0cdceff3-0b8c-450a-8cbf-f18e107681b6 - - - - - -] Attempt 1 to provision port eeb4afb5-428e-45ca-bf2d-9dd7ca20e3b4
2026-07-02 11:20:26.159 10 INFO neutron.plugins.ml2.plugin [None req-091bc802-3c60-4cdd-ae45-0c8d6a4bf8a2 - - - - - -] Attempt 1 to provision port edb11787-8a74-4ba4-85c3-2ec56bd230a7
2026-07-02 11:20:27.284 9 INFO neutron.plugins.ml2.plugin [None req-0cdceff3-0b8c-450a-8cbf-f18e107681b6 - - - - - -] Attempt 1 to provision port b636a9d4-64c0-43ec-a160-06e7807f2c41
2026-07-02 11:20:27.719 10 INFO neutron.plugins.ml2.plugin [None req-ea4abff7-b074-4aba-ab94-9de2b1a57dd7 - - - - - -] Attempt 1 to provision port c5b2fab3-0ef2-4919-8adb-40c510e32719
2026-07-02 11:20:27.801 9 INFO neutron.plugins.ml2.plugin [None req-0cdceff3-0b8c-450a-8cbf-f18e107681b6 - - - - - -] Attempt 1 to provision port eeb4afb5-428e-45ca-bf2d-9dd7ca20e3b4
2026-07-02 11:20:28.094 9 INFO neutron.plugins.ml2.plugin [None req-dc903908-91f4-449c-bd57-ff4d7e59f1a2 - - - - - -] Attempt 1 to provision port b636a9d4-64c0-43ec-a160-06e7807f2c41
2026-07-02 11:20:28.309 10 INFO neutron.plugins.ml2.plugin [None req-4a81f1bc-445e-4e71-905b-41fc6a1f90bb - - - - - -] Attempt 1 to provision port 37007d2f-e530-4a53-aaf4-2901458e9a3e
2026-07-02 11:20:28.752 9 INFO neutron.plugins.ml2.plugin [None req-8da873b1-c46b-43e3-8579-aeb050e2c131 - - - - - -] Attempt 1 to provision port c5b2fab3-0ef2-4919-8adb-40c510e32719
2026-07-02 11:20:28.918 9 INFO neutron.plugins.ml2.plugin [None req-ab44f59a-e774-465c-b881-192cbe304919 - - - - - -] Attempt 1 to provision port b636a9d4-64c0-43ec-a160-06e7807f2c41
2026-07-02 11:20:29.372 9 INFO neutron.plugins.ml2.plugin [None req-0cdceff3-0b8c-450a-8cbf-f18e107681b6 - - - - - -] Attempt 1 to provision port 5c2844f0-89c1-43bc-9b3f-c9d503286516
2026-07-02 11:20:29.963 9 INFO neutron.plugins.ml2.plugin [None req-ec03515b-61c2-44f5-9c76-d8ee11bdbef8 - - - - - -] Attempt 1 to provision port 5c2844f0-89c1-43bc-9b3f-c9d503286516
2026-07-02 11:20:30.076 9 INFO neutron.plugins.ml2.plugin [None req-0cdceff3-0b8c-450a-8cbf-f18e107681b6 - - - - - -] Attempt 1 to provision port b636a9d4-64c0-43ec-a160-06e7807f2c41
2026-07-02 11:20:30.570 9 INFO neutron.plugins.ml2.plugin [None req-6d104b40-885b-4f85-89b0-ba4898d28931 - - - - - -] Attempt 1 to provision port 5c2844f0-89c1-43bc-9b3f-c9d503286516
2026-07-02 11:20:30.731 9 INFO neutron.plugins.ml2.plugin [None req-0cdceff3-0b8c-450a-8cbf-f18e107681b6 - - - - - -] Attempt 1 to provision port 2d8647aa-c2b1-4502-8b27-4274f93722da
2026-07-02 11:20:31.531 10 INFO neutron.plugins.ml2.plugin [None req-8c912ef0-bc7b-487b-9154-98b00a0acbb7 - - - - - -] Attempt 1 to provision port e2ae56c0-dd6e-4f25-b47c-1ec036c072a4
2026-07-02 11:20:31.804 9 INFO neutron.plugins.ml2.plugin [None req-0cdceff3-0b8c-450a-8cbf-f18e107681b6 - - - - - -] Attempt 1 to provision port 5c2844f0-89c1-43bc-9b3f-c9d503286516
2026-07-02 11:20:32.258 9 INFO neutron.plugins.ml2.plugin [None req-0cdceff3-0b8c-450a-8cbf-f18e107681b6 - - - - - -] Attempt 1 to provision port 2d8647aa-c2b1-4502-8b27-4274f93722da
2026-07-02 11:20:32.514 10 INFO neutron.plugins.ml2.plugin [None req-355afa00-9fe8-4264-8a6a-28807baf1826 - - - - - -] Attempt 1 to provision port e2ae56c0-dd6e-4f25-b47c-1ec036c072a4
2026-07-02 11:20:32.578 10 INFO neutron.plugins.ml2.plugin [None req-355afa00-9fe8-4264-8a6a-28807baf1826 - - - - - -] Attempt 1 to provision port cd14f403-1a65-4f81-8ff5-a2a5e032e1f2
2026-07-02 11:20:33.564 9 INFO neutron.plugins.ml2.plugin [None req-6b5d9324-7494-4a62-8edb-6181777aabd0 - - - - - -] Attempt 1 to provision port 45204500-43d2-42a8-bfda-f52b962656d8
2026-07-02 11:20:33.813 10 INFO neutron.plugins.ml2.plugin [None req-0cdceff3-0b8c-450a-8cbf-f18e107681b6 - - - - - -] Attempt 1 to provision port e60b92b2-b318-4505-9626-4e6c7fb92e50
2026-07-02 11:20:34.222 9 INFO neutron.plugins.ml2.plugin [None req-c2f8f2b9-ed13-448f-bb07-c58fb6a916e5 - - - - - -] Attempt 1 to provision port 5dc650e8-21fc-47e2-9d06-a54db6658f39
2026-07-02 11:20:34.743 10 INFO neutron.plugins.ml2.plugin [None req-0cdceff3-0b8c-450a-8cbf-f18e107681b6 - - - - - -] Attempt 1 to provision port 45204500-43d2-42a8-bfda-f52b962656d8
2026-07-02 11:20:34.776 9 INFO neutron.plugins.ml2.plugin [None req-324285d7-6b06-4f2e-9ff3-2c15fc41b817 - - - - - -] Attempt 1 to provision port 5dc650e8-21fc-47e2-9d06-a54db6658f39
2026-07-02 11:20:35.528 10 INFO neutron.plugins.ml2.plugin [None req-18d09aee-a7e6-440a-9b81-cffe8ef3335a - - - - - -] Attempt 1 to provision port b118835e-efbb-4a0e-a363-ebf1027032cd
2026-07-02 11:20:35.771 9 INFO neutron.plugins.ml2.plugin [None req-0cdceff3-0b8c-450a-8cbf-f18e107681b6 - - - - - -] Attempt 1 to provision port e60b92b2-b318-4505-9626-4e6c7fb92e50
2026-07-02 11:20:36.180 9 INFO neutron.plugins.ml2.plugin [None req-0cdceff3-0b8c-450a-8cbf-f18e107681b6 - - - - - -] Attempt 1 to provision port 45204500-43d2-42a8-bfda-f52b962656d8
2026-07-02 11:20:36.422 10 INFO neutron.plugins.ml2.plugin [None req-e20b11e3-3a4b-40d9-ad2d-8461fb6f2259 - - - - - -] Attempt 1 to provision port b118835e-efbb-4a0e-a363-ebf1027032cd
2026-07-02 11:20:36.571 9 INFO neutron.plugins.ml2.plugin [None req-d381686d-0b20-4094-800d-cb19bb26d8f1 - - - - - -] Attempt 1 to provision port 0cdf5d6a-4e8c-4986-a470-604e385dece4
2026-07-02 11:20:37.522 9 INFO neutron.plugins.ml2.plugin [None req-ac8a5c0b-a0d7-4346-9a37-77bb6fb0f138 - - - - - -] Attempt 1 to provision port 0cdf5d6a-4e8c-4986-a470-604e385dece4
2026-07-02 11:20:37.767 9 INFO neutron.plugins.ml2.plugin [None req-0cdceff3-0b8c-450a-8cbf-f18e107681b6 - - - - - -] Attempt 1 to provision port 5e28d1d7-0998-4bba-8db7-12430e763ab3
2026-07-02 11:20:39.913 10 INFO neutron.plugins.ml2.plugin [None req-0cdceff3-0b8c-450a-8cbf-f18e107681b6 - - - - - -] Attempt 1 to provision port 77a042bd-1b83-42fc-b492-5e64e44dcc14
2026-07-02 11:20:40.308 10 INFO neutron.plugins.ml2.plugin [None req-f5653dfe-e906-455d-b591-dced328e32d5 - - - - - -] Attempt 1 to provision port 84bd73b1-64bc-45e0-85ef-abec0544b785
2026-07-02 11:20:40.678 10 INFO neutron.plugins.ml2.plugin [None req-0cdceff3-0b8c-450a-8cbf-f18e107681b6 - - - - - -] Attempt 1 to provision port 5e28d1d7-0998-4bba-8db7-12430e763ab3
2026-07-02 11:20:40.821 9 INFO neutron.plugins.ml2.plugin [None req-6d18033f-ece5-4de6-9763-cfc89889c1ee - - - - - -] Attempt 1 to provision port 77a042bd-1b83-42fc-b492-5e64e44dcc14
2026-07-02 11:20:41.058 10 INFO neutron.plugins.ml2.plugin [None req-0cdceff3-0b8c-450a-8cbf-f18e107681b6 - - - - - -] Attempt 1 to provision port 84bd73b1-64bc-45e0-85ef-abec0544b785
2026-07-02 11:20:41.283 10 INFO neutron.plugins.ml2.plugin [None req-02081f77-49cf-47d0-a279-8aaca41f127d - - - - - -] Attempt 1 to provision port efb99c50-2edd-498d-91af-1722a91046af
2026-07-02 11:20:41.761 9 INFO neutron.plugins.ml2.plugin [None req-806e2dd9-8b2f-42ab-95df-22ff139da8f6 - - - - - -] Attempt 1 to provision port efb99c50-2edd-498d-91af-1722a91046af
2026-07-02 11:20:41.869 10 INFO neutron.plugins.ml2.plugin [None req-0cdceff3-0b8c-450a-8cbf-f18e107681b6 - - - - - -] Attempt 1 to provision port 77a042bd-1b83-42fc-b492-5e64e44dcc14
2026-07-02 11:20:42.516 10 INFO neutron.plugins.ml2.plugin [None req-0cdceff3-0b8c-450a-8cbf-f18e107681b6 - - - - - -] Attempt 1 to provision port 84bd73b1-64bc-45e0-85ef-abec0544b785
2026-07-02 11:20:43.208 9 INFO neutron.plugins.ml2.plugin [None req-9f16dc42-ba21-4643-a506-bbf43392c1f6 - - - - - -] Attempt 1 to provision port 032ec74a-f699-4d9a-ba29-b489386d0b81
2026-07-02 11:20:43.855 10 INFO neutron.plugins.ml2.plugin [None req-0183a08f-413c-47bc-897c-44214155665c - - - - - -] Attempt 1 to provision port 032ec74a-f699-4d9a-ba29-b489386d0b81
2026-07-02 11:20:45.839 10 INFO neutron.plugins.ml2.plugin [None req-66db6a95-a127-4acc-9bc9-471a44548b1e - - - - - -] Attempt 1 to provision port 57ec822f-3121-4272-aa11-4da774cb6504
2026-07-02 11:20:47.128 10 INFO neutron.plugins.ml2.plugin [None req-8b9f98d1-a2c2-408e-a46a-2e40cc67a307 - - - - - -] Attempt 1 to provision port 8e88e69f-d8f2-458e-be1b-8ae4624ae8fa
2026-07-02 11:20:47.813 9 INFO neutron.plugins.ml2.plugin [None req-0cdceff3-0b8c-450a-8cbf-f18e107681b6 - - - - - -] Attempt 1 to provision port 1eb17450-3b87-4b84-8207-688f7d1bc5bb
2026-07-02 11:20:48.248 9 INFO neutron.plugins.ml2.plugin [None req-0cdceff3-0b8c-450a-8cbf-f18e107681b6 - - - - - -] Attempt 1 to provision port c5b2fab3-0ef2-4919-8adb-40c510e32719
2026-07-02 11:20:50.009 9 INFO neutron.plugins.ml2.plugin [None req-0cdceff3-0b8c-450a-8cbf-f18e107681b6 - - - - - -] Attempt 1 to provision port c5b2fab3-0ef2-4919-8adb-40c510e32719
2026-07-02 11:20:50.334 9 INFO neutron.plugins.ml2.plugin [None req-0cdceff3-0b8c-450a-8cbf-f18e107681b6 - - - - - -] Attempt 1 to provision port 1eb17450-3b87-4b84-8207-688f7d1bc5bb
2026-07-02 11:20:50.591 9 INFO neutron.plugins.ml2.plugin [None req-0cdceff3-0b8c-450a-8cbf-f18e107681b6 - - - - - -] Attempt 1 to provision port 8e88e69f-d8f2-458e-be1b-8ae4624ae8fa
2026-07-02 11:20:50.731 9 INFO neutron.notifiers.nova [-] Nova event matching ['req-231eb151-ffdf-4e99-a7a5-2b139f78fc73'] response: {'server_uuid': '0824325a-e7de-4a00-8d7a-1f6ca8a7d36f', 'name': 'network-vif-plugged', 'status': 'completed', 'tag': '8e88e69f-d8f2-458e-be1b-8ae4624ae8fa', 'code': 200}
2026-07-02 11:20:51.261 9 INFO neutron.plugins.ml2.plugin [None req-0cdceff3-0b8c-450a-8cbf-f18e107681b6 - - - - - -] Attempt 1 to provision port 57ec822f-3121-4272-aa11-4da774cb6504
2026-07-02 11:20:52.202 10 INFO neutron.plugins.ml2.plugin [None req-0cdceff3-0b8c-450a-8cbf-f18e107681b6 - - - - - -] Attempt 1 to provision port 57ec822f-3121-4272-aa11-4da774cb6504
2026-07-02 11:20:52.665 10 INFO neutron.plugins.ml2.plugin [None req-0cdceff3-0b8c-450a-8cbf-f18e107681b6 - - - - - -] Attempt 1 to provision port a887d76c-3608-46f6-b4a2-a2f6392046c3
2026-07-02 11:20:52.743 9 INFO neutron.plugins.ml2.plugin [None req-b1173e98-3673-4b68-ac04-d06653cddea2 - - - - - -] Attempt 1 to provision port a887d76c-3608-46f6-b4a2-a2f6392046c3
2026-07-02 11:20:52.778 9 INFO neutron.notifiers.nova [-] Nova event matching ['req-2de61858-236f-4c5e-bdd6-d462bb2ced6b'] response: {'server_uuid': 'cdc98b6b-634c-4c32-9851-6a4f37a80939', 'name': 'network-vif-plugged', 'status': 'completed', 'tag': '57ec822f-3121-4272-aa11-4da774cb6504', 'code': 200}
2026-07-02 11:20:52.847 9 INFO neutron.plugins.ml2.plugin [None req-b1173e98-3673-4b68-ac04-d06653cddea2 - - - - - -] Attempt 1 to provision port 31bd1bef-0312-494a-bce8-b124ced5d907
2026-07-02 11:20:53.196 10 INFO neutron.plugins.ml2.plugin [None req-0cdceff3-0b8c-450a-8cbf-f18e107681b6 - - - - - -] Attempt 1 to provision port 8e88e69f-d8f2-458e-be1b-8ae4624ae8fa
2026-07-02 11:20:53.953 10 INFO neutron.plugins.ml2.plugin [None req-31396aa3-5571-4612-bfa4-c2ba524f322f - - - - - -] Attempt 1 to provision port 31bd1bef-0312-494a-bce8-b124ced5d907
2026-07-02 11:20:54.168 9 INFO neutron.plugins.ml2.plugin [None req-0cdceff3-0b8c-450a-8cbf-f18e107681b6 - - - - - -] Attempt 1 to provision port cd14f403-1a65-4f81-8ff5-a2a5e032e1f2
2026-07-02 11:20:54.317 10 INFO neutron.plugins.ml2.plugin [None req-e7ad9476-6d52-4dfb-81a1-fc437e709239 - - - - - -] Attempt 1 to provision port 31bd1bef-0312-494a-bce8-b124ced5d907
2026-07-02 11:20:54.590 9 INFO neutron.plugins.ml2.plugin [None req-0cdceff3-0b8c-450a-8cbf-f18e107681b6 - - - - - -] Attempt 1 to provision port a887d76c-3608-46f6-b4a2-a2f6392046c3
2026-07-02 11:20:55.040 9 INFO neutron.plugins.ml2.plugin [None req-0cdceff3-0b8c-450a-8cbf-f18e107681b6 - - - - - -] Attempt 1 to provision port b118835e-efbb-4a0e-a363-ebf1027032cd
2026-07-02 11:20:56.291 9 INFO neutron.plugins.ml2.plugin [None req-0cdceff3-0b8c-450a-8cbf-f18e107681b6 - - - - - -] Attempt 1 to provision port cd14f403-1a65-4f81-8ff5-a2a5e032e1f2
2026-07-02 11:20:56.594 9 INFO neutron.plugins.ml2.plugin [None req-0cdceff3-0b8c-450a-8cbf-f18e107681b6 - - - - - -] Attempt 1 to provision port 37007d2f-e530-4a53-aaf4-2901458e9a3e
2026-07-02 11:20:57.174 9 INFO neutron.plugins.ml2.plugin [None req-0cdceff3-0b8c-450a-8cbf-f18e107681b6 - - - - - -] Attempt 1 to provision port b118835e-efbb-4a0e-a363-ebf1027032cd
2026-07-02 11:20:57.818 9 INFO neutron.plugins.ml2.plugin [None req-0cdceff3-0b8c-450a-8cbf-f18e107681b6 - - - - - -] Attempt 1 to provision port 0cdf5d6a-4e8c-4986-a470-604e385dece4
2026-07-02 11:20:58.521 10 INFO neutron.plugins.ml2.plugin [None req-0cdceff3-0b8c-450a-8cbf-f18e107681b6 - - - - - -] Attempt 1 to provision port 37007d2f-e530-4a53-aaf4-2901458e9a3e
2026-07-02 11:20:58.843 10 INFO neutron.plugins.ml2.plugin [None req-0cdceff3-0b8c-450a-8cbf-f18e107681b6 - - - - - -] Attempt 1 to provision port e2ae56c0-dd6e-4f25-b47c-1ec036c072a4
2026-07-02 11:20:59.376 10 INFO neutron.plugins.ml2.plugin [None req-0cdceff3-0b8c-450a-8cbf-f18e107681b6 - - - - - -] Attempt 1 to provision port 5dc650e8-21fc-47e2-9d06-a54db6658f39
2026-07-02 11:20:59.731 10 INFO neutron.plugins.ml2.plugin [None req-0cdceff3-0b8c-450a-8cbf-f18e107681b6 - - - - - -] Attempt 1 to provision port 0cdf5d6a-4e8c-4986-a470-604e385dece4
2026-07-02 11:21:00.480 10 INFO neutron.plugins.ml2.plugin [None req-0cdceff3-0b8c-450a-8cbf-f18e107681b6 - - - - - -] Attempt 1 to provision port e2ae56c0-dd6e-4f25-b47c-1ec036c072a4
2026-07-02 11:21:00.617 9 INFO neutron.plugins.ml2.plugin [None req-c54280ac-4d10-4102-92f7-f2641fbf6260 - - - - - -] Attempt 1 to provision port a8e5188a-f526-46a4-a331-45da2787f642
2026-07-02 11:21:00.775 10 INFO neutron.plugins.ml2.plugin [None req-0cdceff3-0b8c-450a-8cbf-f18e107681b6 - - - - - -] Attempt 1 to provision port 5dc650e8-21fc-47e2-9d06-a54db6658f39
2026-07-02 11:21:02.219 10 INFO neutron.plugins.ml2.plugin [None req-da48c6ac-a975-4dfb-b987-e4babc08d4a3 - - - - - -] Attempt 1 to provision port 0ee0f5ac-8ee9-4a3c-bdaf-3e04a7120ec3
2026-07-02 11:21:02.547 9 INFO neutron.plugins.ml2.plugin [None req-0cdceff3-0b8c-450a-8cbf-f18e107681b6 - - - - - -] Attempt 1 to provision port 0ee0f5ac-8ee9-4a3c-bdaf-3e04a7120ec3
2026-07-02 11:21:02.847 10 INFO neutron.plugins.ml2.plugin [None req-1021efc8-0fce-4921-8445-09539a0553ce - - - - - -] Attempt 1 to provision port dfa816d7-1b4f-48ad-b3d9-19863574c779
2026-07-02 11:21:03.707 10 INFO neutron.plugins.ml2.plugin [None req-586d81e6-d36a-416c-975a-5e9e555562e5 - - - - - -] Attempt 1 to provision port dfa816d7-1b4f-48ad-b3d9-19863574c779
2026-07-02 11:21:04.660 9 INFO neutron.plugins.ml2.plugin [None req-0cdceff3-0b8c-450a-8cbf-f18e107681b6 - - - - - -] Attempt 1 to provision port a8e5188a-f526-46a4-a331-45da2787f642
2026-07-02 11:21:04.794 9 INFO neutron.notifiers.nova [-] Nova event matching ['req-6e363394-7c36-435d-9ab7-eeaed58de8b1'] response: {'server_uuid': 'e5d3c45a-101f-4b66-80d4-4e83ae3c7ec9', 'name': 'network-vif-plugged', 'status': 'completed', 'tag': 'a8e5188a-f526-46a4-a331-45da2787f642', 'code': 200}
2026-07-02 11:21:05.250 9 INFO neutron.plugins.ml2.plugin [None req-0cdceff3-0b8c-450a-8cbf-f18e107681b6 - - - - - -] Attempt 1 to provision port 0ee0f5ac-8ee9-4a3c-bdaf-3e04a7120ec3
2026-07-02 11:21:06.548 10 INFO neutron.plugins.ml2.plugin [None req-0cdceff3-0b8c-450a-8cbf-f18e107681b6 - - - - - -] Attempt 1 to provision port a8e5188a-f526-46a4-a331-45da2787f642
2026-07-02 11:21:08.717 9 INFO neutron.plugins.ml2.plugin [None req-e26a9cec-a955-46da-a4b1-4e4f94ae2417 - - - - - -] Attempt 1 to provision port ba2669df-089b-4852-9a5c-0b0dda30412a /var/lib/openstack/lib/python3.10/site-packages/oslo_db/sqlalchemy/enginefacade.py:667: SAWarning: DELETE statement on table 'portsecuritybindings' expected to delete 1 row(s); 0 were matched. Please set confirm_deleted_rows=False within the mapper configuration to prevent this warning. self.session.flush() /var/lib/openstack/lib/python3.10/site-packages/oslo_db/sqlalchemy/enginefacade.py:667: SAWarning: DELETE statement on table 'ml2_port_bindings' expected to delete 1 row(s); 0 were matched. Please set confirm_deleted_rows=False within the mapper configuration to prevent this warning. self.session.flush() /var/lib/openstack/lib/python3.10/site-packages/oslo_db/sqlalchemy/enginefacade.py:667: SAWarning: DELETE statement on table 'ml2_port_binding_levels' expected to delete 1 row(s); 0 were matched. Please set confirm_deleted_rows=False within the mapper configuration to prevent this warning. self.session.flush() /var/lib/openstack/lib/python3.10/site-packages/oslo_db/sqlalchemy/enginefacade.py:667: SAWarning: DELETE statement on table 'ports' expected to delete 1 row(s); 0 were matched. Please set confirm_deleted_rows=False within the mapper configuration to prevent this warning. self.session.flush()
2026-07-02 11:21:22.486 10 INFO neutron.plugins.ml2.plugin [None req-7e2b27b2-cccf-4877-b301-87861d443938 - - - - - -] Attempt 1 to provision port bb910929-2f53-4f5e-b8bb-0310bd2cc762
2026-07-02 11:21:26.289 10 INFO neutron.plugins.ml2.plugin [None req-ed3935df-ce61-4d69-9981-078945e6ffd4 - - - - - -] Attempt 1 to provision port 774deea8-4b20-41fe-9aa4-f56b266920ce
2026-07-02 11:21:26.479 9 INFO neutron.plugins.ml2.plugin [None req-0cdceff3-0b8c-450a-8cbf-f18e107681b6 - - - - - -] Attempt 1 to provision port da03a0c6-c805-4415-959f-daa8fb3844c0
2026-07-02 11:21:27.234 9 INFO neutron.plugins.ml2.plugin [None req-4b1b13f6-1ee4-4b25-96dc-44058fbb8a02 - - - - - -] Attempt 1 to provision port da03a0c6-c805-4415-959f-daa8fb3844c0
2026-07-02 11:21:28.480 10 INFO neutron.plugins.ml2.plugin [None req-0cdceff3-0b8c-450a-8cbf-f18e107681b6 - - - - - -] Attempt 1 to provision port da03a0c6-c805-4415-959f-daa8fb3844c0
2026-07-02 11:21:29.469 10 INFO neutron.plugins.ml2.plugin [None req-3d715c84-dec4-434f-838b-d1f26202f7ba - - - - - -] Attempt 1 to provision port 5ed34670-cdeb-4638-89a6-9a97b445c9c3
2026-07-02 11:21:30.233 10 INFO neutron.plugins.ml2.plugin [None req-8927e255-a2cf-4518-8038-825698744347 - - - - - -] Attempt 1 to provision port 5ed34670-cdeb-4638-89a6-9a97b445c9c3
2026-07-02 11:21:30.469 9 INFO neutron.plugins.ml2.plugin [None req-0cdceff3-0b8c-450a-8cbf-f18e107681b6 - - - - - -] Attempt 1 to provision port 6fada058-067f-41e6-abbd-1c260657e7a3
