May 19 00:58:17.811027 np0000174571 devstack@neutron-api.service[103217]: INFO neutron.plugins.ml2.drivers.ovn.mech_driver.ovsdb.impl_idl_ovn [None req-099383a9-2221-461a-a6a6-26af2bc350ee None None] Getting OvsdbSbOvnIdl for WorkerService with retry
May 19 00:58:17.821255 np0000174571 devstack@neutron-api.service[103219]: DEBUG neutron.common.ovn.hash_ring_manager [None req-ddab3454-d6fb-4094-8d5c-1d36e2c74d72 None None] Allow caching, nodes 4>=4 {{(pid=103219) _wait_startup_before_caching /opt/stack/neutron/neutron/common/ovn/hash_ring_manager.py:65}}
May 19 00:58:17.824866 np0000174571 devstack@neutron-api.service[103219]: DEBUG neutron.common.ovn.hash_ring_manager [None req-ddab3454-d6fb-4094-8d5c-1d36e2c74d72 None None] Hash Ring loaded. 4 active nodes. 0 offline nodes {{(pid=103219) _load_hash_ring /opt/stack/neutron/neutron/common/ovn/hash_ring_manager.py:102}}
May 19 00:58:17.825130 np0000174571 devstack@neutron-api.service[103219]: DEBUG neutron.plugins.ml2.drivers.ovn.mech_driver.ovsdb.ovsdb_monitor [None req-ddab3454-d6fb-4094-8d5c-1d36e2c74d72 None None] ChassisOVNAgentWriteEvent : Matched Chassis_Private, create, None None {{(pid=103219) matches /opt/stack/neutron/neutron/plugins/ml2/drivers/ovn/mech_driver/ovsdb/ovsdb_monitor.py:64}}
May 19 00:58:17.825276 np0000174571 devstack@neutron-api.service[103219]: DEBUG neutron.plugins.ml2.drivers.ovn.mech_driver.ovsdb.ovsdb_monitor [None req-ddab3454-d6fb-4094-8d5c-1d36e2c74d72 None None] ChassisAgentWriteEvent : Matched Chassis_Private, create, None None {{(pid=103219) matches /opt/stack/neutron/neutron/plugins/ml2/drivers/ovn/mech_driver/ovsdb/ovsdb_monitor.py:64}}
May 19 00:58:17.827459 np0000174571 devstack@neutron-api.service[103219]: INFO neutron.plugins.ml2.drivers.ovn.mech_driver.mech_driver [None req-ddab3454-d6fb-4094-8d5c-1d36e2c74d72 None None] WorkerService process has finished the post initialization
May 19 00:58:17.828911 np0000174571 devstack@neutron-api.service[103219]: WSGI app 0 (mountpoint='') ready in 7 seconds on interpreter 0x78b0f9ca3668 pid: 103219 (default app)
May 19 00:58:17.836770 np0000174571 devstack@neutron-api.service[103220]: DEBUG ovsdbapp.backend.ovs_idl [None req-948187e6-c5de-487c-ac92-6fa129e7f017 None None] Created lookup_table index Chassis.name {{(pid=103220) autocreate_indices /opt/stack/data/venv/lib/python3.12/site-packages/ovsdbapp/backend/ovs_idl/__init__.py:87}}
May 19 00:58:17.836882 np0000174571 devstack@neutron-api.service[103220]: DEBUG ovsdbapp.backend.ovs_idl [None req-948187e6-c5de-487c-ac92-6fa129e7f017 None None] Created lookup_table index Port_Binding.logical_port {{(pid=103220) autocreate_indices /opt/stack/data/venv/lib/python3.12/site-packages/ovsdbapp/backend/ovs_idl/__init__.py:87}}
May 19 00:58:17.837037 np0000174571 devstack@neutron-api.service[103220]: DEBUG ovsdbapp.backend.ovs_idl [None req-948187e6-c5de-487c-ac92-6fa129e7f017 None None] Created schema index Chassis_Private.name {{(pid=103220) autocreate_indices /opt/stack/data/venv/lib/python3.12/site-packages/ovsdbapp/backend/ovs_idl/__init__.py:106}}
May 19 00:58:17.837133 np0000174571 devstack@neutron-api.service[103220]: DEBUG ovsdbapp.backend.ovs_idl [None req-948187e6-c5de-487c-ac92-6fa129e7f017 None None] Created schema index Datapath_Binding.tunnel_key {{(pid=103220) autocreate_indices /opt/stack/data/venv/lib/python3.12/site-packages/ovsdbapp/backend/ovs_idl/__init__.py:106}}
May 19 00:58:17.839786 np0000174571 devstack@neutron-api.service[103220]: INFO ovsdbapp.backend.ovs_idl.vlog [None req-948187e6-c5de-487c-ac92-6fa129e7f017 None None] ssl:199.204.45.229:6642: connecting...
May 19 00:58:17.846179 np0000174571 devstack@neutron-api.service[103217]: DEBUG ovsdbapp.backend.ovs_idl [None req-099383a9-2221-461a-a6a6-26af2bc350ee None None] Created lookup_table index Chassis.name {{(pid=103217) autocreate_indices /opt/stack/data/venv/lib/python3.12/site-packages/ovsdbapp/backend/ovs_idl/__init__.py:87}}
May 19 00:58:17.846281 np0000174571 devstack@neutron-api.service[103217]: DEBUG ovsdbapp.backend.ovs_idl [None req-099383a9-2221-461a-a6a6-26af2bc350ee None None] Created lookup_table index Port_Binding.logical_port {{(pid=103217) autocreate_indices /opt/stack/data/venv/lib/python3.12/site-packages/ovsdbapp/backend/ovs_idl/__init__.py:87}}
May 19 00:58:17.846408 np0000174571 devstack@neutron-api.service[103217]: DEBUG ovsdbapp.backend.ovs_idl [None req-099383a9-2221-461a-a6a6-26af2bc350ee None None] Created schema index Chassis_Private.name {{(pid=103217) autocreate_indices /opt/stack/data/venv/lib/python3.12/site-packages/ovsdbapp/backend/ovs_idl/__init__.py:106}}
May 19 00:58:17.846521 np0000174571 devstack@neutron-api.service[103217]: DEBUG ovsdbapp.backend.ovs_idl [None req-099383a9-2221-461a-a6a6-26af2bc350ee None None] Created schema index Datapath_Binding.tunnel_key {{(pid=103217) autocreate_indices /opt/stack/data/venv/lib/python3.12/site-packages/ovsdbapp/backend/ovs_idl/__init__.py:106}}
May 19 00:58:17.847177 np0000174571 devstack@neutron-api.service[103220]: INFO ovsdbapp.backend.ovs_idl.vlog [None req-948187e6-c5de-487c-ac92-6fa129e7f017 None None] ssl:199.204.45.229:6642: connected
May 19 00:58:17.848620 np0000174571 devstack@neutron-api.service[103217]: INFO ovsdbapp.backend.ovs_idl.vlog [None req-099383a9-2221-461a-a6a6-26af2bc350ee None None] ssl:199.204.45.229:6642: connecting...
May 19 00:58:17.855617 np0000174571 devstack@neutron-api.service[103217]: INFO ovsdbapp.backend.ovs_idl.vlog [None req-099383a9-2221-461a-a6a6-26af2bc350ee None None] ssl:199.204.45.229:6642: connected
May 19 00:58:17.878961 np0000174571 devstack@neutron-api.service[103220]: DEBUG neutron.common.ovn.hash_ring_manager [None req-948187e6-c5de-487c-ac92-6fa129e7f017 None None] Allow caching, nodes 4>=4 {{(pid=103220) _wait_startup_before_caching /opt/stack/neutron/neutron/common/ovn/hash_ring_manager.py:65}}
May 19 00:58:17.883575 np0000174571 devstack@neutron-api.service[103220]: DEBUG neutron.common.ovn.hash_ring_manager [None req-948187e6-c5de-487c-ac92-6fa129e7f017 None None] Hash Ring loaded. 4 active nodes. 0 offline nodes {{(pid=103220) _load_hash_ring /opt/stack/neutron/neutron/common/ovn/hash_ring_manager.py:102}}
May 19 00:58:17.883868 np0000174571 devstack@neutron-api.service[103220]: DEBUG neutron.plugins.ml2.drivers.ovn.mech_driver.ovsdb.ovsdb_monitor [None req-948187e6-c5de-487c-ac92-6fa129e7f017 None None] ChassisOVNAgentWriteEvent : Matched Chassis_Private, create, None None {{(pid=103220) matches /opt/stack/neutron/neutron/plugins/ml2/drivers/ovn/mech_driver/ovsdb/ovsdb_monitor.py:64}}
May 19 00:58:17.884027 np0000174571 devstack@neutron-api.service[103220]: DEBUG neutron.plugins.ml2.drivers.ovn.mech_driver.ovsdb.ovsdb_monitor [None req-948187e6-c5de-487c-ac92-6fa129e7f017 None None] ChassisAgentWriteEvent : Matched Chassis_Private, create, None None {{(pid=103220) matches /opt/stack/neutron/neutron/plugins/ml2/drivers/ovn/mech_driver/ovsdb/ovsdb_monitor.py:64}}
May 19 00:58:17.884595 np0000174571 devstack@neutron-api.service[103220]: DEBUG neutron.plugins.ml2.drivers.ovn.mech_driver.ovsdb.ovsdb_monitor [None req-948187e6-c5de-487c-ac92-6fa129e7f017 None None] Hash Ring: Node e9cd08161a625ed290b4543efd12e9e4 (host: np0000174571) handling event "create" for row b3bee252-fb51-4f11-a58e-926f06a6de80 (table: Chassis_Private) {{(pid=103220) notify /opt/stack/neutron/neutron/plugins/ml2/drivers/ovn/mech_driver/ovsdb/ovsdb_monitor.py:942}}
May 19 00:58:17.885583 np0000174571 devstack@neutron-api.service[103217]: DEBUG neutron.common.ovn.hash_ring_manager [None req-099383a9-2221-461a-a6a6-26af2bc350ee None None] Allow caching, nodes 4>=4 {{(pid=103217) _wait_startup_before_caching /opt/stack/neutron/neutron/common/ovn/hash_ring_manager.py:65}}
May 19 00:58:17.887205 np0000174571 devstack@neutron-api.service[103220]: INFO neutron.plugins.ml2.drivers.ovn.mech_driver.mech_driver [None req-948187e6-c5de-487c-ac92-6fa129e7f017 None None] WorkerService process has finished the post initialization
May 19 00:58:17.888798 np0000174571 devstack@neutron-api.service[103217]: DEBUG neutron.common.ovn.hash_ring_manager [None req-099383a9-2221-461a-a6a6-26af2bc350ee None None] Hash Ring loaded. 4 active nodes. 0 offline nodes {{(pid=103217) _load_hash_ring /opt/stack/neutron/neutron/common/ovn/hash_ring_manager.py:102}}
May 19 00:58:17.888913 np0000174571 devstack@neutron-api.service[103220]: WSGI app 0 (mountpoint='') ready in 7 seconds on interpreter 0x78b0f9ca3668 pid: 103220 (default app)
May 19 00:58:17.889004 np0000174571 devstack@neutron-api.service[103217]: DEBUG neutron.plugins.ml2.drivers.ovn.mech_driver.ovsdb.ovsdb_monitor [None req-099383a9-2221-461a-a6a6-26af2bc350ee None None] Hash Ring: Node bcba5bd597765af8bc7b663c314605cc (host: np0000174571) handling event "create" for row 93724bcb-7d0d-479d-93da-0d90723334d6 (table: Chassis) {{(pid=103217) notify /opt/stack/neutron/neutron/plugins/ml2/drivers/ovn/mech_driver/ovsdb/ovsdb_monitor.py:942}}
May 19 00:58:17.889682 np0000174571 devstack@neutron-api.service[103217]: DEBUG ovsdbapp.backend.ovs_idl.event [None req-099383a9-2221-461a-a6a6-26af2bc350ee None None] Matched CREATE: ChassisBandwidthConfigEvent(events=('create', 'update'), table='Chassis', conditions=None, old_conditions=None), priority=20 to row=Chassis(uuid=93724bcb-7d0d-479d-93da-0d90723334d6, encaps=[38d8e525-f7e2-4264-8491-5c78ec3daa9b], external_ids={}, hostname='np0000174571', name='711eed1b-a7ba-4190-91b2-5622825bd379', nb_cfg=0, other_config={'ct-commit-nat-v2': 'true', 'ct-commit-to-zone': 'true', 'ct-next-zone': 'true', 'ct-no-masked-label': 'true', 'ct-state-save': 'true', 'datapath-type': 'system', 'fdb-timestamp': 'true', 'iface-types': 'afxdp,afxdp-nonpmd,bareudp,erspan,geneve,gre,gtpu,internal,ip6erspan,ip6gre,lisp,patch,srv6,stt,system,tap,vxlan', 'is-interconn': 'false', 'ls-dpg-column': 'true', 'mac-binding-timestamp': 'true', 'ovn-bridge-mappings': 'public:br-ex', 'ovn-chassis-mac-mappings': '', 'ovn-cms-options': 'enable-chassis-as-gw', 'ovn-ct-lb-related': 'true', 'ovn-enable-lflow-cache': 'true', 'ovn-limit-lflow-cache': '', 'ovn-memlimit-lflow-cache-kb': '', 'ovn-monitor-all': 'false', 'ovn-trim-limit-lflow-cache': '', 'ovn-trim-timeout-ms': '', 'ovn-trim-wmark-perc-lflow-cache': '', 'port-up-notif': 'true'}, transport_zones=[], vtep_logical_switches=[]) old= {{(pid=103217) matches /opt/stack/data/venv/lib/python3.12/site-packages/ovsdbapp/backend/ovs_idl/event.py:55}}
May 19 00:58:17.890164 np0000174571 devstack@neutron-api.service[103217]: DEBUG neutron.plugins.ml2.drivers.ovn.mech_driver.ovsdb.ovsdb_monitor [None req-099383a9-2221-461a-a6a6-26af2bc350ee None None] ChassisOVNAgentWriteEvent : Matched Chassis_Private, create, None None {{(pid=103217) matches /opt/stack/neutron/neutron/plugins/ml2/drivers/ovn/mech_driver/ovsdb/ovsdb_monitor.py:64}}
May 19 00:58:17.890312 np0000174571 devstack@neutron-api.service[103217]: DEBUG neutron.plugins.ml2.drivers.ovn.mech_driver.ovsdb.ovsdb_monitor [None req-099383a9-2221-461a-a6a6-26af2bc350ee None None] ChassisAgentWriteEvent : Matched Chassis_Private, create, None None {{(pid=103217) matches /opt/stack/neutron/neutron/plugins/ml2/drivers/ovn/mech_driver/ovsdb/ovsdb_monitor.py:64}}
May 19 00:58:17.891597 np0000174571 devstack@neutron-api.service[103217]: INFO neutron.plugins.ml2.drivers.ovn.mech_driver.mech_driver [None req-099383a9-2221-461a-a6a6-26af2bc350ee None None] WorkerService process has finished the post initialization
May 19 00:58:17.892828 np0000174571 devstack@neutron-api.service[103217]: INFO neutron.plugins.ml2.drivers.ovn.mech_driver.ovsdb.extensions.qos [-] Starting OVNClientQosExtension
May 19 00:58:17.893348 np0000174571 devstack@neutron-api.service[103217]: INFO neutron.plugins.ml2.drivers.ovn.mech_driver.ovsdb.extensions.placement [-] Starting OVNClientPlacementExtension
May 19 00:58:17.893625 np0000174571 devstack@neutron-api.service[103217]: WSGI app 0 (mountpoint='') ready in 7 seconds on interpreter 0x78b0f9ca3668 pid: 103217 (default app)
May 19 00:58:19.734285 np0000174571 devstack@neutron-api.service[103220]: DEBUG neutron.plugins.ml2.drivers.ovn.mech_driver.ovsdb.ovsdb_monitor [-] Hash Ring: Node e9cd08161a625ed290b4543efd12e9e4 (host: np0000174571) handling event "update" for row 44c5644b-aee9-44a6-97a2-963e01c547aa (table: Connection) {{(pid=103220) notify /opt/stack/neutron/neutron/plugins/ml2/drivers/ovn/mech_driver/ovsdb/ovsdb_monitor.py:942}}
May 19 00:58:19.739690 np0000174571 devstack@neutron-api.service[103218]: DEBUG neutron.common.ovn.hash_ring_manager [-] Allow caching, nodes 4>=4 {{(pid=103218) _wait_startup_before_caching /opt/stack/neutron/neutron/common/ovn/hash_ring_manager.py:65}}
May 19 00:58:19.739987 np0000174571 devstack@neutron-api.service[103218]: DEBUG neutron.plugins.ml2.drivers.ovn.mech_driver.ovsdb.ovsdb_monitor [-] Hash Ring: Node 4030b52073f5514e8be5f5c077d3ba94 (host: np0000174571) handling event "update" for row 44c5644b-aee9-44a6-97a2-963e01c547aa (table: Connection) {{(pid=103218) notify /opt/stack/neutron/neutron/plugins/ml2/drivers/ovn/mech_driver/ovsdb/ovsdb_monitor.py:942}}
May 19 00:58:22.236093 np0000174571 devstack@neutron-api.service[103218]: DEBUG neutron.plugins.ml2.drivers.ovn.mech_driver.ovsdb.ovsdb_monitor [-] Hash Ring: Node 4030b52073f5514e8be5f5c077d3ba94 (host: np0000174571) handling event "update" for row 44c5644b-aee9-44a6-97a2-963e01c547aa (table: Connection) {{(pid=103218) notify /opt/stack/neutron/neutron/plugins/ml2/drivers/ovn/mech_driver/ovsdb/ovsdb_monitor.py:942}}
May 19 00:58:22.237224 np0000174571 devstack@neutron-api.service[103220]: DEBUG neutron.plugins.ml2.drivers.ovn.mech_driver.ovsdb.ovsdb_monitor [-] Hash Ring: Node e9cd08161a625ed290b4543efd12e9e4 (host: np0000174571) handling event "update" for row 44c5644b-aee9-44a6-97a2-963e01c547aa (table: Connection) {{(pid=103220) notify /opt/stack/neutron/neutron/plugins/ml2/drivers/ovn/mech_driver/ovsdb/ovsdb_monitor.py:942}}
May 19 00:58:23.879070 np0000174571 devstack@neutron-api.service[103218]: DEBUG neutron.api.wsgi [None req-533e735d-bb0f-4369-8e62-0318c4ddff51 admin admin] Missing Content-Type {{(pid=103218) get_content_type /opt/stack/neutron/neutron/api/wsgi.py:80}}
May 19 00:58:23.879667 np0000174571 devstack@neutron-api.service[103218]: DEBUG neutron.api.wsgi [None req-533e735d-bb0f-4369-8e62-0318c4ddff51 admin admin] https://199.204.45.229/networking/v2.0/extensions returned with HTTP 200 {{(pid=103218) __call__ /opt/stack/neutron/neutron/api/wsgi.py:540}}
May 19 00:58:23.879793 np0000174571 devstack@neutron-api.service[103218]: [pid: 103218|app: 0|req: 2/2] 199.204.45.229 () {64 vars in 1323 bytes} [Tue May 19 00:58:23 2026] GET /networking/v2.0/extensions => generated 15209 bytes in 265 msecs (HTTP/1.1 200) 4 headers in 159 bytes (1 switches on core 0)
May 19 00:58:24.285610 np0000174571 devstack@neutron-api.service[103219]: DEBUG neutron.api.v2.base [None req-38c7631b-0a44-46fd-a4f2-05812b1880fb admin admin] Request body: {'subnetpool': {'default_prefixlen': 26, 'name': 'shared-default-subnetpool-v4', 'prefixes': ['10.1.0.0/20'], 'is_default': True, 'shared': True}} {{(pid=103219) prepare_request_body /opt/stack/neutron/neutron/api/v2/base.py:727}}
May 19 00:58:24.489870 np0000174571 devstack@neutron-api.service[103219]: DEBUG neutron.policy [None req-38c7631b-0a44-46fd-a4f2-05812b1880fb admin admin] Loaded default policies from ['neutron'] under neutron.policies entry points {{(pid=103219) register_rules /opt/stack/neutron/neutron/policy.py:65}}
May 19 00:58:24.636827 np0000174571 devstack@neutron-api.service[103219]: DEBUG neutron_lib.callbacks.manager [None req-38c7631b-0a44-46fd-a4f2-05812b1880fb admin admin] Publish callbacks ['neutron.objects.securitygroup.RbacNeutronDbObjectMixin.validate_rbac_policy_change-2524584337879', 'neutron.objects.address_group.RbacNeutronDbObjectMixin.validate_rbac_policy_change-2524584167986', 'neutron.objects.network.RbacNeutronDbObjectMixin.validate_rbac_policy_change-2524584311449', 'neutron.objects.qos.policy.RbacNeutronDbObjectMixin.validate_rbac_policy_change-2524584306632', 'neutron.objects.subnetpool.RbacNeutronDbObjectMixin.validate_rbac_policy_change-2524584269550', 'neutron.objects.address_scope.RbacNeutronDbObjectMixin.validate_rbac_policy_change-2524584293931', 'neutron.plugins.ml2.plugin.External_net_db_mixin._process_ext_policy_create-7253486', 'neutron.plugins.ml2.plugin.NeutronDbPluginV2.validate_network_rbac_policy_change-7265650'] for rbac-policy (None), before_create {{(pid=103219) _notify_loop /opt/stack/data/venv/lib/python3.12/site-packages/neutron_lib/callbacks/manager.py:184}}
May 19 00:58:24.688177 np0000174571 devstack@neutron-api.service[103219]: DEBUG neutron_lib.callbacks.manager [None req-38c7631b-0a44-46fd-a4f2-05812b1880fb admin admin] Publish callbacks [] for subnetpool (None), before_response {{(pid=103219) _notify_loop /opt/stack/data/venv/lib/python3.12/site-packages/neutron_lib/callbacks/manager.py:184}}
May 19 00:58:24.689191 np0000174571 devstack@neutron-api.service[103219]: [pid: 103219|app: 0|req: 1/3] 199.204.45.229 () {68 vars in 1367 bytes} [Tue May 19 00:58:24 2026] POST /networking/v2.0/subnetpools => generated 533 bytes in 507 msecs (HTTP/1.1 201) 4 headers in 162 bytes (1 switches on core 0)
May 19 00:58:25.040067 np0000174571 devstack@neutron-api.service[103220]: DEBUG neutron.api.v2.base [None req-14f3e5fd-c39d-47fc-8ded-1194f69c3ca4 admin admin] Request body: {'subnetpool': {'default_prefixlen': 64, 'name': 'shared-default-subnetpool-v6', 'prefixes': ['fdda:c9fb:afae::/56'], 'is_default': True, 'shared': True}} {{(pid=103220) prepare_request_body /opt/stack/neutron/neutron/api/v2/base.py:727}}
May 19 00:58:25.220166 np0000174571 devstack@neutron-api.service[103220]: DEBUG neutron.policy [None req-14f3e5fd-c39d-47fc-8ded-1194f69c3ca4 admin admin] Loaded default policies from ['neutron'] under neutron.policies entry points {{(pid=103220) register_rules /opt/stack/neutron/neutron/policy.py:65}}
May 19 00:58:25.368629 np0000174571 devstack@neutron-api.service[103220]: DEBUG neutron_lib.callbacks.manager [None req-14f3e5fd-c39d-47fc-8ded-1194f69c3ca4 admin admin] Publish callbacks ['neutron.objects.securitygroup.RbacNeutronDbObjectMixin.validate_rbac_policy_change-2524584329283', 'neutron.objects.address_group.RbacNeutronDbObjectMixin.validate_rbac_policy_change-2524584177597', 'neutron.objects.network.RbacNeutronDbObjectMixin.validate_rbac_policy_change-2524584311296', 'neutron.objects.qos.policy.RbacNeutronDbObjectMixin.validate_rbac_policy_change-2524584298762', 'neutron.objects.subnetpool.RbacNeutronDbObjectMixin.validate_rbac_policy_change-2524584286485', 'neutron.objects.address_scope.RbacNeutronDbObjectMixin.validate_rbac_policy_change-2524584287170', 'neutron.plugins.ml2.plugin.External_net_db_mixin._process_ext_policy_create-122230', 'neutron.plugins.ml2.plugin.NeutronDbPluginV2.validate_network_rbac_policy_change-9290'] for rbac-policy (None), before_create {{(pid=103220) _notify_loop /opt/stack/data/venv/lib/python3.12/site-packages/neutron_lib/callbacks/manager.py:184}}
May 19 00:58:25.411768 np0000174571 devstack@neutron-api.service[103220]: DEBUG neutron_lib.callbacks.manager [None req-14f3e5fd-c39d-47fc-8ded-1194f69c3ca4 admin admin] Publish callbacks [] for subnetpool (None), before_response {{(pid=103220) _notify_loop /opt/stack/data/venv/lib/python3.12/site-packages/neutron_lib/callbacks/manager.py:184}}
May 19 00:58:25.412368 np0000174571 devstack@neutron-api.service[103220]: [pid: 103220|app: 0|req: 1/4] 199.204.45.229 () {68 vars in 1367 bytes} [Tue May 19 00:58:24 2026] POST /networking/v2.0/subnetpools => generated 543 bytes in 484 msecs (HTTP/1.1 201) 4 headers in 162 bytes (2 switches on core 0)
May 19 00:58:25.826946 np0000174571 devstack@neutron-api.service[103217]: DEBUG neutron.api.v2.base [None req-ae2f5895-eb59-4f53-ad5a-4882d015f254 admin admin] Request body: {'network': {'admin_state_up': True, 'name': 'private'}} {{(pid=103217) prepare_request_body /opt/stack/neutron/neutron/api/v2/base.py:727}}
May 19 00:58:25.850633 np0000174571 devstack@neutron-api.service[103217]: DEBUG neutron.pecan_wsgi.hooks.quota_enforcement [None req-ae2f5895-eb59-4f53-ad5a-4882d015f254 admin admin] Made reservation on behalf of a9e07b0218624c30a9801e584ed80111 for: {'network': 1} {{(pid=103217) before /opt/stack/neutron/neutron/pecan_wsgi/hooks/quota_enforcement.py:66}}
May 19 00:58:26.035651 np0000174571 devstack@neutron-api.service[103217]: DEBUG neutron.policy [None req-ae2f5895-eb59-4f53-ad5a-4882d015f254 admin admin] Loaded default policies from ['neutron'] under neutron.policies entry points {{(pid=103217) register_rules /opt/stack/neutron/neutron/policy.py:65}}
May 19 00:58:26.140814 np0000174571 devstack@neutron-api.service[103217]: DEBUG neutron_lib.callbacks.manager [None req-ae2f5895-eb59-4f53-ad5a-4882d015f254 admin admin] Publish callbacks ['neutron.plugins.ml2.plugin.SecurityGroupDbMixin._ensure_default_security_group_handler-7295627'] for network (None), before_create {{(pid=103217) _notify_loop /opt/stack/data/venv/lib/python3.12/site-packages/neutron_lib/callbacks/manager.py:184}}
May 19 00:58:26.163422 np0000174571 devstack@neutron-api.service[103217]: DEBUG neutron_lib.callbacks.manager [None req-ae2f5895-eb59-4f53-ad5a-4882d015f254 admin admin] Publish callbacks [] for security_group (None), before_create {{(pid=103217) _notify_loop /opt/stack/data/venv/lib/python3.12/site-packages/neutron_lib/callbacks/manager.py:184}}
May 19 00:58:26.262606 np0000174571 devstack@neutron-api.service[103217]: DEBUG neutron_lib.callbacks.manager [None req-ae2f5895-eb59-4f53-ad5a-4882d015f254 admin admin] Publish callbacks ['neutron.plugins.ml2.drivers.ovn.mech_driver.mech_driver.OVNMechanismDriver._create_security_group_precommit-227805'] for security_group (f3644c8e-eb5c-4bcb-87df-b9ab2c97354a), precommit_create {{(pid=103217) _notify_loop /opt/stack/data/venv/lib/python3.12/site-packages/neutron_lib/callbacks/manager.py:184}}
May 19 00:58:26.262824 np0000174571 devstack@neutron-api.service[103217]: DEBUG neutron.db.ovn_revision_numbers_db [None req-ae2f5895-eb59-4f53-ad5a-4882d015f254 admin admin] create_initial_revision uuid=f3644c8e-eb5c-4bcb-87df-b9ab2c97354a, type=security_groups, rev=-1 {{(pid=103217) create_initial_revision /opt/stack/neutron/neutron/db/ovn_revision_numbers_db.py:98}}
May 19 00:58:26.265397 np0000174571 devstack@neutron-api.service[103217]: DEBUG neutron.db.ovn_revision_numbers_db [None req-ae2f5895-eb59-4f53-ad5a-4882d015f254 admin admin] create_initial_revision uuid=532d9d1a-a5f6-4342-9a70-e93dc9226b26, type=security_group_rules, rev=-1 {{(pid=103217) create_initial_revision /opt/stack/neutron/neutron/db/ovn_revision_numbers_db.py:98}}
May 19 00:58:26.266495 np0000174571 devstack@neutron-api.service[103217]: DEBUG neutron.db.ovn_revision_numbers_db [None req-ae2f5895-eb59-4f53-ad5a-4882d015f254 admin admin] create_initial_revision uuid=58f2420b-f7bc-44e9-a8f6-65622540adbc, type=security_group_rules, rev=-1 {{(pid=103217) create_initial_revision /opt/stack/neutron/neutron/db/ovn_revision_numbers_db.py:98}}
May 19 00:58:26.267743 np0000174571 devstack@neutron-api.service[103217]: DEBUG neutron.db.ovn_revision_numbers_db [None req-ae2f5895-eb59-4f53-ad5a-4882d015f254 admin admin] create_initial_revision uuid=7eb9fcea-d57e-4b85-8e57-c6f86255d26d, type=security_group_rules, rev=-1 {{(pid=103217) create_initial_revision /opt/stack/neutron/neutron/db/ovn_revision_numbers_db.py:98}}
May 19 00:58:26.268728 np0000174571 devstack@neutron-api.service[103217]: DEBUG neutron.db.ovn_revision_numbers_db [None req-ae2f5895-eb59-4f53-ad5a-4882d015f254 admin admin] create_initial_revision uuid=9859dbb3-fb8f-4f8d-a83f-0c53cc002ad5, type=security_group_rules, rev=-1 {{(pid=103217) create_initial_revision /opt/stack/neutron/neutron/db/ovn_revision_numbers_db.py:98}}
May 19 00:58:26.276896 np0000174571 devstack@neutron-api.service[103217]: DEBUG neutron_lib.callbacks.manager [None req-ae2f5895-eb59-4f53-ad5a-4882d015f254 admin admin] Publish callbacks ['neutron.plugins.ml2.drivers.ovn.mech_driver.mech_driver.OVNMechanismDriver._create_security_group-227795', 'neutron.plugins.ml2.ovo_rpc._ObjectChangeHandler.handle_event-3899855'] for security_group (f3644c8e-eb5c-4bcb-87df-b9ab2c97354a), after_create {{(pid=103217) _notify_loop /opt/stack/data/venv/lib/python3.12/site-packages/neutron_lib/callbacks/manager.py:184}}
May 19 00:58:26.278201 np0000174571 devstack@neutron-api.service[103217]: DEBUG ovsdbapp.backend.ovs_idl.transaction [-] Running txn n=1 command(idx=0): PgAddCommand(_result=None, name=pg_f3644c8e_eb5c_4bcb_87df_b9ab2c97354a, may_exist=False, columns={'acls': [], 'external_ids': {'neutron:security_group_id': 'f3644c8e-eb5c-4bcb-87df-b9ab2c97354a'}}) {{(pid=103217) do_commit /opt/stack/data/venv/lib/python3.12/site-packages/ovsdbapp/backend/ovs_idl/transaction.py:89}}
May 19 00:58:26.280551 np0000174571 devstack@neutron-api.service[103217]: DEBUG ovsdbapp.backend.ovs_idl.transaction [-] Running txn n=1 command(idx=1): PgAclAddCommand(_result=None, entity=pg_f3644c8e_eb5c_4bcb_87df_b9ab2c97354a, direction=to-lport, priority=1002, match=outport == @pg_f3644c8e_eb5c_4bcb_87df_b9ab2c97354a && ip6 && ip6.src == $pg_f3644c8e_eb5c_4bcb_87df_b9ab2c97354a_ip6, action=allow-related, log=False, may_exist=True, severity=[], name=[], meter=[], external_ids={'neutron:security_group_rule_id': '532d9d1a-a5f6-4342-9a70-e93dc9226b26'}) {{(pid=103217) do_commit /opt/stack/data/venv/lib/python3.12/site-packages/ovsdbapp/backend/ovs_idl/transaction.py:89}}
May 19 00:58:26.281186 np0000174571 devstack@neutron-api.service[103217]: DEBUG ovsdbapp.backend.ovs_idl.transaction [-] Running txn n=1 command(idx=2): PgAclAddCommand(_result=None, entity=pg_f3644c8e_eb5c_4bcb_87df_b9ab2c97354a, direction=from-lport, priority=1002, match=inport == @pg_f3644c8e_eb5c_4bcb_87df_b9ab2c97354a && ip6, action=allow-related, log=False, may_exist=True, severity=[], name=[], meter=[], external_ids={'neutron:security_group_rule_id': '58f2420b-f7bc-44e9-a8f6-65622540adbc'}) {{(pid=103217) do_commit /opt/stack/data/venv/lib/python3.12/site-packages/ovsdbapp/backend/ovs_idl/transaction.py:89}}
May 19 00:58:26.281751 np0000174571 devstack@neutron-api.service[103217]: DEBUG ovsdbapp.backend.ovs_idl.transaction [-] Running txn n=1 command(idx=3): PgAclAddCommand(_result=None, entity=pg_f3644c8e_eb5c_4bcb_87df_b9ab2c97354a, direction=to-lport, priority=1002, match=outport == @pg_f3644c8e_eb5c_4bcb_87df_b9ab2c97354a && ip4 && ip4.src == $pg_f3644c8e_eb5c_4bcb_87df_b9ab2c97354a_ip4, action=allow-related, log=False, may_exist=True, severity=[], name=[], meter=[], external_ids={'neutron:security_group_rule_id': '7eb9fcea-d57e-4b85-8e57-c6f86255d26d'}) {{(pid=103217) do_commit /opt/stack/data/venv/lib/python3.12/site-packages/ovsdbapp/backend/ovs_idl/transaction.py:89}}
May 19 00:58:26.282217 np0000174571 devstack@neutron-api.service[103217]: DEBUG ovsdbapp.backend.ovs_idl.transaction [-] Running txn n=1 command(idx=4): PgAclAddCommand(_result=None, entity=pg_f3644c8e_eb5c_4bcb_87df_b9ab2c97354a, direction=from-lport, priority=1002, match=inport == @pg_f3644c8e_eb5c_4bcb_87df_b9ab2c97354a && ip4, action=allow-related, log=False, may_exist=True, severity=[], name=[], meter=[], external_ids={'neutron:security_group_rule_id': '9859dbb3-fb8f-4f8d-a83f-0c53cc002ad5'}) {{(pid=103217) do_commit /opt/stack/data/venv/lib/python3.12/site-packages/ovsdbapp/backend/ovs_idl/transaction.py:89}}
May 19 00:58:26.326012 np0000174571 devstack@neutron-api.service[103218]: DEBUG neutron.plugins.ml2.drivers.ovn.mech_driver.ovsdb.ovsdb_monitor [-] Hash Ring: Node 4030b52073f5514e8be5f5c077d3ba94 (host: np0000174571) handling event "create" for row 4d4bf11b-8142-479d-8b35-8c5c37325fa0 (table: ACL) {{(pid=103218) notify /opt/stack/neutron/neutron/plugins/ml2/drivers/ovn/mech_driver/ovsdb/ovsdb_monitor.py:942}}
May 19 00:58:26.326489 np0000174571 devstack@neutron-api.service[103220]: DEBUG neutron.plugins.ml2.drivers.ovn.mech_driver.ovsdb.ovsdb_monitor [-] Hash Ring: Node e9cd08161a625ed290b4543efd12e9e4 (host: np0000174571) handling event "create" for row 4d4bf11b-8142-479d-8b35-8c5c37325fa0 (table: ACL) {{(pid=103220) notify /opt/stack/neutron/neutron/plugins/ml2/drivers/ovn/mech_driver/ovsdb/ovsdb_monitor.py:942}}
May 19 00:58:26.326489 np0000174571 devstack@neutron-api.service[103220]: DEBUG neutron.plugins.ml2.drivers.ovn.mech_driver.ovsdb.ovsdb_monitor [-] Hash Ring: Node e9cd08161a625ed290b4543efd12e9e4 (host: np0000174571) handling event "create" for row c63c33e3-a330-4de9-b420-2347674cd53f (table: ACL) {{(pid=103220) notify /opt/stack/neutron/neutron/plugins/ml2/drivers/ovn/mech_driver/ovsdb/ovsdb_monitor.py:942}}
May 19 00:58:26.326832 np0000174571 devstack@neutron-api.service[103218]: DEBUG neutron.plugins.ml2.drivers.ovn.mech_driver.ovsdb.ovsdb_monitor [-] Hash Ring: Node 4030b52073f5514e8be5f5c077d3ba94 (host: np0000174571) handling event "create" for row c63c33e3-a330-4de9-b420-2347674cd53f (table: ACL) {{(pid=103218) notify /opt/stack/neutron/neutron/plugins/ml2/drivers/ovn/mech_driver/ovsdb/ovsdb_monitor.py:942}}
May 19 00:58:26.326832 np0000174571 devstack@neutron-api.service[103218]: DEBUG neutron.plugins.ml2.drivers.ovn.mech_driver.ovsdb.ovsdb_monitor [-] Hash Ring: Node 4030b52073f5514e8be5f5c077d3ba94 (host: np0000174571) handling event "create" for row f0a705a5-e804-46ed-b53f-f03087c3ea9a (table: ACL) {{(pid=103218) notify /opt/stack/neutron/neutron/plugins/ml2/drivers/ovn/mech_driver/ovsdb/ovsdb_monitor.py:942}}
May 19 00:58:26.326909 np0000174571 devstack@neutron-api.service[103218]: DEBUG neutron.plugins.ml2.drivers.ovn.mech_driver.ovsdb.ovsdb_monitor [-] Hash Ring: Node 4030b52073f5514e8be5f5c077d3ba94 (host: np0000174571) handling event "create" for row fab375bf-a2f0-49da-8cb0-3e641a36216c (table: ACL) {{(pid=103218) notify /opt/stack/neutron/neutron/plugins/ml2/drivers/ovn/mech_driver/ovsdb/ovsdb_monitor.py:942}}
May 19 00:58:26.327189 np0000174571 devstack@neutron-api.service[103218]: DEBUG neutron.plugins.ml2.drivers.ovn.mech_driver.ovsdb.ovsdb_monitor [-] Hash Ring: Node 4030b52073f5514e8be5f5c077d3ba94 (host: np0000174571) handling event "create" for row 0592b3e0-c256-4e04-8274-fbc7c0181f68 (table: Port_Group) {{(pid=103218) notify /opt/stack/neutron/neutron/plugins/ml2/drivers/ovn/mech_driver/ovsdb/ovsdb_monitor.py:942}}
May 19 00:58:26.328172 np0000174571 devstack@neutron-api.service[103219]: DEBUG neutron.plugins.ml2.drivers.ovn.mech_driver.ovsdb.ovsdb_monitor [-] Hash Ring: Node 18b9cc4f060757a5a85a8f95167a3ec2 (host: np0000174571) handling event "create" for row 0592b3e0-c256-4e04-8274-fbc7c0181f68 (table: Port_Group) {{(pid=103219) notify /opt/stack/neutron/neutron/plugins/ml2/drivers/ovn/mech_driver/ovsdb/ovsdb_monitor.py:942}}
May 19 00:58:26.357061 np0000174571 devstack@neutron-api.service[103217]: INFO neutron.db.ovn_revision_numbers_db [None req-ae2f5895-eb59-4f53-ad5a-4882d015f254 admin admin] Successfully bumped revision number for resource f3644c8e-eb5c-4bcb-87df-b9ab2c97354a (type: security_groups) to 1
May 19 00:58:26.375304 np0000174571 devstack@neutron-api.service[103217]: INFO neutron.db.ovn_revision_numbers_db [None req-ae2f5895-eb59-4f53-ad5a-4882d015f254 admin admin] Successfully bumped revision number for resource 532d9d1a-a5f6-4342-9a70-e93dc9226b26 (type: security_group_rules) to 0
May 19 00:58:26.389298 np0000174571 devstack@neutron-api.service[103217]: INFO neutron.db.ovn_revision_numbers_db [None req-ae2f5895-eb59-4f53-ad5a-4882d015f254 admin admin] Successfully bumped revision number for resource 58f2420b-f7bc-44e9-a8f6-65622540adbc (type: security_group_rules) to 0
May 19 00:58:26.403686 np0000174571 devstack@neutron-api.service[103217]: INFO neutron.db.ovn_revision_numbers_db [None req-ae2f5895-eb59-4f53-ad5a-4882d015f254 admin admin] Successfully bumped revision number for resource 7eb9fcea-d57e-4b85-8e57-c6f86255d26d (type: security_group_rules) to 0
May 19 00:58:26.418157 np0000174571 devstack@neutron-api.service[103217]: INFO neutron.db.ovn_revision_numbers_db [None req-ae2f5895-eb59-4f53-ad5a-4882d015f254 admin admin] Successfully bumped revision number for resource 9859dbb3-fb8f-4f8d-a83f-0c53cc002ad5 (type: security_group_rules) to 0
May 19 00:58:26.441019 np0000174571 devstack@neutron-api.service[103217]: DEBUG neutron.api.rpc.handlers.resources_rpc [None req-ae2f5895-eb59-4f53-ad5a-4882d015f254 admin admin] Pushing event updated for resources: {'SecurityGroup': ['ID=f3644c8e-eb5c-4bcb-87df-b9ab2c97354a,revision_number=1']} {{(pid=103217) push /opt/stack/neutron/neutron/api/rpc/handlers/resources_rpc.py:237}}
May 19 00:58:26.449694 np0000174571 devstack@neutron-api.service[103217]: DEBUG ovsdbapp.backend.ovs_idl.transaction [-] Running txn n=1 command(idx=0): CheckLivenessCommand(_result=None) {{(pid=103217) do_commit /opt/stack/data/venv/lib/python3.12/site-packages/ovsdbapp/backend/ovs_idl/transaction.py:89}}
May 19 00:58:26.453601 np0000174571 devstack@neutron-api.service[103218]: DEBUG neutron.plugins.ml2.drivers.ovn.mech_driver.ovsdb.ovsdb_monitor [-] Hash Ring: Node 4030b52073f5514e8be5f5c077d3ba94 (host: np0000174571) handling event "update" for row efe0db28-aa7a-4255-8eb9-e916889c533f (table: NB_Global) {{(pid=103218) notify /opt/stack/neutron/neutron/plugins/ml2/drivers/ovn/mech_driver/ovsdb/ovsdb_monitor.py:942}}
May 19 00:58:26.454651 np0000174571 devstack@neutron-api.service[103219]: DEBUG neutron.plugins.ml2.drivers.ovn.mech_driver.ovsdb.ovsdb_monitor [-] Hash Ring: Node 18b9cc4f060757a5a85a8f95167a3ec2 (host: np0000174571) handling event "update" for row efe0db28-aa7a-4255-8eb9-e916889c533f (table: NB_Global) {{(pid=103219) notify /opt/stack/neutron/neutron/plugins/ml2/drivers/ovn/mech_driver/ovsdb/ovsdb_monitor.py:942}}
May 19 00:58:26.454927 np0000174571 devstack@neutron-api.service[103218]: DEBUG neutron.plugins.ml2.drivers.ovn.mech_driver.ovsdb.ovsdb_monitor [-] Hash Ring: Node 4030b52073f5514e8be5f5c077d3ba94 (host: np0000174571) handling event "update" for row efe0db28-aa7a-4255-8eb9-e916889c533f (table: NB_Global) {{(pid=103218) notify /opt/stack/neutron/neutron/plugins/ml2/drivers/ovn/mech_driver/ovsdb/ovsdb_monitor.py:942}}
May 19 00:58:26.456021 np0000174571 devstack@neutron-api.service[103217]: DEBUG neutron.api.rpc.callbacks.version_manager [None req-ae2f5895-eb59-4f53-ad5a-4882d015f254 admin admin] Tracked resource versions report:
May 19 00:58:26.456021 np0000174571 devstack@neutron-api.service[103217]: pushed versions:
May 19 00:58:26.456021 np0000174571 devstack@neutron-api.service[103217]: { 'AddressGroup': {'1.2'},
May 19 00:58:26.456021 np0000174571 devstack@neutron-api.service[103217]: 'Agent': {'1.1'},
May 19 00:58:26.456021 np0000174571 devstack@neutron-api.service[103217]: 'ConntrackHelper': {'1.0'},
May 19 00:58:26.456021 np0000174571 devstack@neutron-api.service[103217]: 'LocalIPAssociation': {'1.0'},
May 19 00:58:26.456021 np0000174571 devstack@neutron-api.service[103217]: 'Log': {'1.0'},
May 19 00:58:26.456021 np0000174571 devstack@neutron-api.service[103217]: 'NDPProxy': {'1.0'},
May 19 00:58:26.456021 np0000174571 devstack@neutron-api.service[103217]: 'Network': {'1.2'},
May 19 00:58:26.456021 np0000174571 devstack@neutron-api.service[103217]: 'Port': {'1.10'},
May 19 00:58:26.456021 np0000174571 devstack@neutron-api.service[103217]: 'PortForwarding': {'1.3'},
May 19 00:58:26.456021 np0000174571 devstack@neutron-api.service[103217]: 'QosPolicy': {'1.10'},
May 19 00:58:26.456021 np0000174571 devstack@neutron-api.service[103217]: 'SecurityGroup': {'1.6'},
May 19 00:58:26.456021 np0000174571 devstack@neutron-api.service[103217]: 'SecurityGroupRule': {'1.3'},
May 19 00:58:26.456021 np0000174571 devstack@neutron-api.service[103217]: 'SubPort': {'1.0'},
May 19 00:58:26.456021 np0000174571 devstack@neutron-api.service[103217]: 'Subnet': {'1.2'},
May 19 00:58:26.456021 np0000174571 devstack@neutron-api.service[103217]: 'Trunk': {'1.1'}}
May 19 00:58:26.456021 np0000174571 devstack@neutron-api.service[103217]: consumer versions:
May 19 00:58:26.456021 np0000174571 devstack@neutron-api.service[103217]: {}
May 19 00:58:26.456021 np0000174571 devstack@neutron-api.service[103217]: {{(pid=103217) report /opt/stack/neutron/neutron/api/rpc/callbacks/version_manager.py:183}}
May 19 00:58:26.457210 np0000174571 devstack@neutron-api.service[103219]: DEBUG neutron.plugins.ml2.drivers.ovn.mech_driver.ovsdb.ovsdb_monitor [-] Hash Ring: Node 18b9cc4f060757a5a85a8f95167a3ec2 (host: np0000174571) handling event "update" for row efe0db28-aa7a-4255-8eb9-e916889c533f (table: NB_Global) {{(pid=103219) notify /opt/stack/neutron/neutron/plugins/ml2/drivers/ovn/mech_driver/ovsdb/ovsdb_monitor.py:942}}
May 19 00:58:26.457614 np0000174571 devstack@neutron-api.service[103218]: DEBUG neutron.plugins.ml2.drivers.ovn.mech_driver.ovsdb.ovsdb_monitor [-] Hash Ring: Node 4030b52073f5514e8be5f5c077d3ba94 (host: np0000174571) handling event "update" for row efe0db28-aa7a-4255-8eb9-e916889c533f (table: NB_Global) {{(pid=103218) notify /opt/stack/neutron/neutron/plugins/ml2/drivers/ovn/mech_driver/ovsdb/ovsdb_monitor.py:942}}
May 19 00:58:26.460497 np0000174571 devstack@neutron-api.service[103218]: DEBUG neutron.plugins.ml2.drivers.ovn.mech_driver.ovsdb.ovsdb_monitor [-] ChassisAgentWriteEvent : Matched Chassis_Private, update, None None {{(pid=103218) matches /opt/stack/neutron/neutron/plugins/ml2/drivers/ovn/mech_driver/ovsdb/ovsdb_monitor.py:64}}
May 19 00:58:26.460685 np0000174571 devstack@neutron-api.service[103219]: DEBUG neutron.plugins.ml2.drivers.ovn.mech_driver.ovsdb.ovsdb_monitor [-] ChassisAgentWriteEvent : Matched Chassis_Private, update, None None {{(pid=103219) matches /opt/stack/neutron/neutron/plugins/ml2/drivers/ovn/mech_driver/ovsdb/ovsdb_monitor.py:64}}
May 19 00:58:26.462231 np0000174571 devstack@neutron-api.service[103220]: DEBUG neutron.plugins.ml2.drivers.ovn.mech_driver.ovsdb.ovsdb_monitor [-] ChassisAgentWriteEvent : Matched Chassis_Private, update, None None {{(pid=103220) matches /opt/stack/neutron/neutron/plugins/ml2/drivers/ovn/mech_driver/ovsdb/ovsdb_monitor.py:64}}
May 19 00:58:26.462545 np0000174571 devstack@neutron-api.service[103220]: DEBUG neutron.plugins.ml2.drivers.ovn.mech_driver.ovsdb.ovsdb_monitor [-] Hash Ring: Node e9cd08161a625ed290b4543efd12e9e4 (host: np0000174571) handling event "update" for row b3bee252-fb51-4f11-a58e-926f06a6de80 (table: Chassis_Private) {{(pid=103220) notify /opt/stack/neutron/neutron/plugins/ml2/drivers/ovn/mech_driver/ovsdb/ovsdb_monitor.py:942}}
May 19 00:58:26.464191 np0000174571 devstack@neutron-api.service[103217]: DEBUG neutron.plugins.ml2.drivers.ovn.mech_driver.ovsdb.ovsdb_monitor [-] ChassisAgentWriteEvent : Matched Chassis_Private, update, None None {{(pid=103217) matches /opt/stack/neutron/neutron/plugins/ml2/drivers/ovn/mech_driver/ovsdb/ovsdb_monitor.py:64}}
May 19 00:58:26.465580 np0000174571 devstack@neutron-api.service[103219]: DEBUG neutron.plugins.ml2.drivers.ovn.mech_driver.ovsdb.ovsdb_monitor [-] Hash Ring: Node 18b9cc4f060757a5a85a8f95167a3ec2 (host: np0000174571) handling event "update" for row efe0db28-aa7a-4255-8eb9-e916889c533f (table: NB_Global) {{(pid=103219) notify /opt/stack/neutron/neutron/plugins/ml2/drivers/ovn/mech_driver/ovsdb/ovsdb_monitor.py:942}}
May 19 00:58:26.465580 np0000174571 devstack@neutron-api.service[103219]: DEBUG neutron.plugins.ml2.drivers.ovn.mech_driver.ovsdb.ovsdb_monitor [-] Hash Ring: Node 18b9cc4f060757a5a85a8f95167a3ec2 (host: np0000174571) handling event "update" for row efe0db28-aa7a-4255-8eb9-e916889c533f (table: NB_Global) {{(pid=103219) notify /opt/stack/neutron/neutron/plugins/ml2/drivers/ovn/mech_driver/ovsdb/ovsdb_monitor.py:942}}
May 19 00:58:26.465908 np0000174571 devstack@neutron-api.service[103220]: DEBUG neutron.plugins.ml2.drivers.ovn.mech_driver.ovsdb.ovsdb_monitor [-] ChassisOVNAgentWriteEvent : Matched Chassis_Private, update, None None {{(pid=103220) matches /opt/stack/neutron/neutron/plugins/ml2/drivers/ovn/mech_driver/ovsdb/ovsdb_monitor.py:64}}
May 19 00:58:26.466256 np0000174571 devstack@neutron-api.service[103220]: DEBUG neutron.plugins.ml2.drivers.ovn.mech_driver.ovsdb.ovsdb_monitor [-] Hash Ring: Node e9cd08161a625ed290b4543efd12e9e4 (host: np0000174571) handling event "update" for row b3bee252-fb51-4f11-a58e-926f06a6de80 (table: Chassis_Private) {{(pid=103220) notify /opt/stack/neutron/neutron/plugins/ml2/drivers/ovn/mech_driver/ovsdb/ovsdb_monitor.py:942}}
May 19 00:58:26.467110 np0000174571 devstack@neutron-api.service[103218]: DEBUG neutron.plugins.ml2.drivers.ovn.mech_driver.ovsdb.ovsdb_monitor [-] Hash Ring: Node 4030b52073f5514e8be5f5c077d3ba94 (host: np0000174571) handling event "update" for row efe0db28-aa7a-4255-8eb9-e916889c533f (table: NB_Global) {{(pid=103218) notify /opt/stack/neutron/neutron/plugins/ml2/drivers/ovn/mech_driver/ovsdb/ovsdb_monitor.py:942}}
May 19 00:58:26.467768 np0000174571 devstack@neutron-api.service[103217]: DEBUG neutron.plugins.ml2.drivers.ovn.mech_driver.ovsdb.ovsdb_monitor [-] ChassisOVNAgentWriteEvent : Matched Chassis_Private, update, None None {{(pid=103217) matches /opt/stack/neutron/neutron/plugins/ml2/drivers/ovn/mech_driver/ovsdb/ovsdb_monitor.py:64}}
May 19 00:58:26.468425 np0000174571 devstack@neutron-api.service[103219]: DEBUG neutron.plugins.ml2.drivers.ovn.mech_driver.ovsdb.ovsdb_monitor [-] ChassisOVNAgentWriteEvent : Matched Chassis_Private, update, None None {{(pid=103219) matches /opt/stack/neutron/neutron/plugins/ml2/drivers/ovn/mech_driver/ovsdb/ovsdb_monitor.py:64}}
May 19 00:58:26.468639 np0000174571 devstack@neutron-api.service[103218]: DEBUG neutron.common.ovn.hash_ring_manager [-] Allow caching, nodes 4>=4 {{(pid=103218) _wait_startup_before_caching /opt/stack/neutron/neutron/common/ovn/hash_ring_manager.py:65}}
May 19 00:58:26.468830 np0000174571 devstack@neutron-api.service[103218]: DEBUG neutron.plugins.ml2.drivers.ovn.mech_driver.ovsdb.ovsdb_monitor [-] Hash Ring: Node 4030b52073f5514e8be5f5c077d3ba94 (host: np0000174571) handling event "update" for row b3bee252-fb51-4f11-a58e-926f06a6de80 (table: Chassis_Private) {{(pid=103218) notify /opt/stack/neutron/neutron/plugins/ml2/drivers/ovn/mech_driver/ovsdb/ovsdb_monitor.py:942}}
May 19 00:58:26.469621 np0000174571 devstack@neutron-api.service[103218]: DEBUG neutron.plugins.ml2.drivers.ovn.mech_driver.ovsdb.ovsdb_monitor [-] ChassisOVNAgentWriteEvent : Matched Chassis_Private, update, None None {{(pid=103218) matches /opt/stack/neutron/neutron/plugins/ml2/drivers/ovn/mech_driver/ovsdb/ovsdb_monitor.py:64}}
May 19 00:58:26.469864 np0000174571 devstack@neutron-api.service[103218]: DEBUG neutron.plugins.ml2.drivers.ovn.mech_driver.ovsdb.ovsdb_monitor [-] Hash Ring: Node 4030b52073f5514e8be5f5c077d3ba94 (host: np0000174571) handling event "update" for row b3bee252-fb51-4f11-a58e-926f06a6de80 (table: Chassis_Private) {{(pid=103218) notify /opt/stack/neutron/neutron/plugins/ml2/drivers/ovn/mech_driver/ovsdb/ovsdb_monitor.py:942}}
May 19 00:58:26.537344 np0000174571 devstack@neutron-api.service[103217]: DEBUG neutron.plugins.ml2.drivers.helpers [None req-ae2f5895-eb59-4f53-ad5a-4882d015f254 admin admin] geneve segment allocate from pool success with {'geneve_vni': 15154} {{(pid=103217) allocate_partially_specified_segment /opt/stack/neutron/neutron/plugins/ml2/drivers/helpers.py:142}}
May 19 00:58:26.549510 np0000174571 devstack@neutron-api.service[103217]: DEBUG neutron_lib.callbacks.manager [None req-ae2f5895-eb59-4f53-ad5a-4882d015f254 admin admin] Publish callbacks ['neutron.services.segments.db._add_segment_host_mapping_for_segment-8293836563570', 'neutron.plugins.ml2.plugin.Ml2Plugin._handle_segment_change-7016243'] for segment (50706f32-98c0-40de-9eb2-f012b312bab1), precommit_create {{(pid=103217) _notify_loop /opt/stack/data/venv/lib/python3.12/site-packages/neutron_lib/callbacks/manager.py:184}}
May 19 00:58:26.549657 np0000174571 devstack@neutron-api.service[103217]: INFO neutron.db.segments_db [None req-ae2f5895-eb59-4f53-ad5a-4882d015f254 admin admin] Added segment 50706f32-98c0-40de-9eb2-f012b312bab1 of type geneve for network 338bb9f0-01f1-44ff-aa11-1e7ccf51a9fa
May 19 00:58:26.595864 np0000174571 devstack@neutron-api.service[103217]: DEBUG neutron_lib.callbacks.manager [None req-ae2f5895-eb59-4f53-ad5a-4882d015f254 admin admin] Publish callbacks ['neutron.services.auto_allocate.db._ensure_external_network_default_value_callback-8293835319890'] for network (338bb9f0-01f1-44ff-aa11-1e7ccf51a9fa), precommit_create {{(pid=103217) _notify_loop /opt/stack/data/venv/lib/python3.12/site-packages/neutron_lib/callbacks/manager.py:184}}
May 19 00:58:26.614355 np0000174571 devstack@neutron-api.service[103217]: DEBUG neutron.plugins.ml2.drivers.ovn.mech_driver.mech_driver [None req-ae2f5895-eb59-4f53-ad5a-4882d015f254 admin admin] Validating network segment with type geneve, segmentation ID 15154, physical network None {{(pid=103217) _validate_network_segments /opt/stack/neutron/neutron/plugins/ml2/drivers/ovn/mech_driver/mech_driver.py:641}}
May 19 00:58:26.614713 np0000174571 devstack@neutron-api.service[103217]: DEBUG neutron.db.ovn_revision_numbers_db [None req-ae2f5895-eb59-4f53-ad5a-4882d015f254 admin admin] create_initial_revision uuid=338bb9f0-01f1-44ff-aa11-1e7ccf51a9fa, type=networks, rev=-1 {{(pid=103217) create_initial_revision /opt/stack/neutron/neutron/db/ovn_revision_numbers_db.py:98}}
May 19 00:58:26.631226 np0000174571 devstack@neutron-api.service[103217]: DEBUG neutron_lib.callbacks.manager [None req-ae2f5895-eb59-4f53-ad5a-4882d015f254 admin admin] Publish callbacks ['neutron.plugins.ml2.ovo_rpc._ObjectChangeHandler.handle_event-3899850'] for network (338bb9f0-01f1-44ff-aa11-1e7ccf51a9fa), after_create {{(pid=103217) _notify_loop /opt/stack/data/venv/lib/python3.12/site-packages/neutron_lib/callbacks/manager.py:184}}
May 19 00:58:26.685198 np0000174571 devstack@neutron-api.service[103217]: DEBUG neutron.api.rpc.handlers.resources_rpc [None req-ae2f5895-eb59-4f53-ad5a-4882d015f254 admin admin] Pushing event updated for resources: {'Network': ['ID=338bb9f0-01f1-44ff-aa11-1e7ccf51a9fa,revision_number=1']} {{(pid=103217) push /opt/stack/neutron/neutron/api/rpc/handlers/resources_rpc.py:237}}
May 19 00:58:26.694854 np0000174571 devstack@neutron-api.service[103217]: DEBUG ovsdbapp.backend.ovs_idl.transaction [-] Running txn n=1 command(idx=0): AddNetworkCommand(_result=None, network_uuid=338bb9f0-01f1-44ff-aa11-1e7ccf51a9fa, may_exist=True, columns={'external_ids': {'neutron:network_name': 'private', 'neutron:mtu': '1372', 'neutron:revision_number': '1', 'neutron:availability_zone_hints': '', 'neutron:provnet-network-type': 'geneve'}, 'other_config': {'mcast_snoop': 'false', 'mcast_flood_unregistered': 'false', 'vlan-passthru': 'false'}}) {{(pid=103217) do_commit /opt/stack/data/venv/lib/python3.12/site-packages/ovsdbapp/backend/ovs_idl/transaction.py:89}}
May 19 00:58:26.695599 np0000174571 devstack@neutron-api.service[103217]: DEBUG neutron.common.ovn.utils [-] OVS persist_uuid supported=True {{(pid=103217) ovs_persist_uuid_supported /opt/stack/neutron/neutron/common/ovn/utils.py:1537}}
May 19 00:58:26.702370 np0000174571 devstack@neutron-api.service[103218]: DEBUG neutron.plugins.ml2.drivers.ovn.mech_driver.ovsdb.ovsdb_monitor [-] Hash Ring: Node 4030b52073f5514e8be5f5c077d3ba94 (host: np0000174571) handling event "create" for row 338bb9f0-01f1-44ff-aa11-1e7ccf51a9fa (table: Logical_Switch) {{(pid=103218) notify /opt/stack/neutron/neutron/plugins/ml2/drivers/ovn/mech_driver/ovsdb/ovsdb_monitor.py:942}}
May 19 00:58:26.710341 np0000174571 devstack@neutron-api.service[103218]: DEBUG neutron.plugins.ml2.drivers.ovn.mech_driver.ovsdb.ovsdb_monitor [-] Hash Ring: Node 4030b52073f5514e8be5f5c077d3ba94 (host: np0000174571) handling event "create" for row ed232b66-dfef-456e-a4cf-c3cc4c3cc1e3 (table: Datapath_Binding) {{(pid=103218) notify /opt/stack/neutron/neutron/plugins/ml2/drivers/ovn/mech_driver/ovsdb/ovsdb_monitor.py:942}}
May 19 00:58:26.711013 np0000174571 devstack@neutron-api.service[103219]: DEBUG neutron.plugins.ml2.drivers.ovn.mech_driver.ovsdb.ovsdb_monitor [-] Hash Ring: Node 18b9cc4f060757a5a85a8f95167a3ec2 (host: np0000174571) handling event "create" for row ed232b66-dfef-456e-a4cf-c3cc4c3cc1e3 (table: Datapath_Binding) {{(pid=103219) notify /opt/stack/neutron/neutron/plugins/ml2/drivers/ovn/mech_driver/ovsdb/ovsdb_monitor.py:942}}
May 19 00:58:26.748010 np0000174571 devstack@neutron-api.service[103217]: INFO neutron.db.ovn_revision_numbers_db [None req-ae2f5895-eb59-4f53-ad5a-4882d015f254 admin admin] Successfully bumped revision number for resource 338bb9f0-01f1-44ff-aa11-1e7ccf51a9fa (type: networks) to 1
May 19 00:58:26.825530 np0000174571 devstack@neutron-api.service[103217]: DEBUG neutron_lib.callbacks.manager [None req-ae2f5895-eb59-4f53-ad5a-4882d015f254 admin admin] Publish callbacks ['neutron.plugins.ml2.plugin.SecurityGroupDbMixin._ensure_default_security_group_handler-7295627'] for port (None), before_create {{(pid=103217) _notify_loop /opt/stack/data/venv/lib/python3.12/site-packages/neutron_lib/callbacks/manager.py:184}}
May 19 00:58:26.936416 np0000174571 devstack@neutron-api.service[103217]: DEBUG neutron_lib.callbacks.manager [None req-ae2f5895-eb59-4f53-ad5a-4882d015f254 admin admin] Publish callbacks ['neutron.plugins.ml2.drivers.ovn.mech_driver.mech_driver.OVNMechanismDriver._validate_allowed_address_pairs-227365'] for allowed_address_pair (98177465-1600-4ac8-a290-4147ecf2904d), before_create {{(pid=103217) _notify_loop /opt/stack/data/venv/lib/python3.12/site-packages/neutron_lib/callbacks/manager.py:184}}
