2026-07-02 16:37:17.989 10 INFO neutron.db.ovn_revision_numbers_db [None req-54720de2-bbad-4a01-9f64-d78a3aa0e0b2 2ac471ffb14f471eaa02d796dab3e614 291a8a4200aa4ea78232fba5063cae26 - - - -] Successfully bumped revision number for resource 597b9e25-71c7-4d23-934f-a8b05406c823 (type: router_ports) to 3
2026-07-02 16:37:17.992 10 INFO neutron.wsgi [None req-54720de2-bbad-4a01-9f64-d78a3aa0e0b2 2ac471ffb14f471eaa02d796dab3e614 291a8a4200aa4ea78232fba5063cae26 - - - -] 10.0.0.116 "PUT /v2.0/routers/1c6ef82d-c937-451b-a0ce-1b15dfeedefd/add_router_interface HTTP/1.1" status: 200 len: 503 time: 2.7938933
2026-07-02 16:37:18.043 9 INFO neutron.wsgi [None req-7663f4bd-428c-4fdc-b77e-c5a18b0f6e6b 2ac471ffb14f471eaa02d796dab3e614 291a8a4200aa4ea78232fba5063cae26 - - - -] 10.0.0.116 "DELETE /v2.0/security-groups/22291417-174c-4b23-933d-4b006c00f960 HTTP/1.1" status: 204 len: 168 time: 0.3796058
2026-07-02 16:37:18.053 9 INFO neutron.wsgi [None req-09c6b783-19bf-4c02-809d-82189a359c57 6bbcdee396934d72b0bccea287047d18 242fbfd7f926485eb18724778e9bdf56 - - default default] 10.0.0.116 "GET /v2.0/ports/01b1a2f3-46b9-4e46-afa6-dd166b1fdf99 HTTP/1.1" status: 200 len: 1139 time: 0.1103683
2026-07-02 16:37:18.096 9 INFO neutron.wsgi [None req-1fc29f03-ec00-4161-870f-6045ba547fd6 6bbcdee396934d72b0bccea287047d18 242fbfd7f926485eb18724778e9bdf56 - - default default] 10.0.0.116 "GET /v2.0/ports/01b1a2f3-46b9-4e46-afa6-dd166b1fdf99 HTTP/1.1" status: 200 len: 1139 time: 0.0384176
2026-07-02 16:37:18.172 9 INFO neutron.db.ovn_revision_numbers_db [None req-768867e4-a0e4-4fb1-a79d-cce8933175d6 2ac471ffb14f471eaa02d796dab3e614 291a8a4200aa4ea78232fba5063cae26 - - default default] Successfully bumped revision number for resource 6b9d733c-56f1-4f79-98df-af5f8c761732 (type: security_groups) to 1
2026-07-02 16:37:18.201 9 INFO neutron.wsgi [None req-768867e4-a0e4-4fb1-a79d-cce8933175d6 2ac471ffb14f471eaa02d796dab3e614 291a8a4200aa4ea78232fba5063cae26 - - default default] 10.0.0.116 "GET /v2.0/security-groups?tenant_id=4d600df29e1b406b901b8e069f7941be&name=default HTTP/1.1" status: 200 len: 2996 time: 0.1746099
2026-07-02 16:37:18.230 10 INFO neutron.wsgi [None req-be8dd764-236a-4878-8897-ad39f6b793bd 2ac471ffb14f471eaa02d796dab3e614 291a8a4200aa4ea78232fba5063cae26 - - default default] 10.0.0.116 "GET /v2.0/security-groups?tenant_id=0934f036f1ab48489fffeb94796bba15&name=default HTTP/1.1" status: 200 len: 2996 time: 0.0265749
2026-07-02 16:37:18.411 10 INFO neutron.wsgi [None req-7d391eb7-1558-4f2e-83d9-e896776ee0c6 2ac471ffb14f471eaa02d796dab3e614 291a8a4200aa4ea78232fba5063cae26 - - - -] 10.0.0.116 "DELETE /v2.0/security-groups/45b6b225-0176-40a5-a0d4-48923026a3f4 HTTP/1.1" status: 204 len: 168 time: 0.1768041
2026-07-02 16:37:18.418 9 INFO neutron.wsgi [None req-ec1c4f21-b0e8-43f0-b55b-30287d3ffb9e 2ac471ffb14f471eaa02d796dab3e614 291a8a4200aa4ea78232fba5063cae26 - - - -] 10.0.0.116 "DELETE /v2.0/security-groups/6b9d733c-56f1-4f79-98df-af5f8c761732 HTTP/1.1" status: 204 len: 168 time: 0.2123153
2026-07-02 16:37:18.735 10 INFO neutron.db.ovn_revision_numbers_db [None req-4e1a7d68-4d6b-4def-a6e0-c33d87b27c43 2ac471ffb14f471eaa02d796dab3e614 291a8a4200aa4ea78232fba5063cae26 - - default default] Successfully bumped revision number for resource c173dd01-a77c-4004-b924-4881e5e5087f (type: security_groups) to 1
2026-07-02 16:37:18.737 9 INFO neutron.db.ovn_revision_numbers_db [None req-47365cce-642a-41cc-afbd-77e86c2c784d 2ac471ffb14f471eaa02d796dab3e614 291a8a4200aa4ea78232fba5063cae26 - - default default] Successfully bumped revision number for resource e1a12a2f-1374-4075-bfc6-f91feb96fa98 (type: security_groups) to 1
2026-07-02 16:37:18.768 10 INFO neutron.wsgi [None req-4e1a7d68-4d6b-4def-a6e0-c33d87b27c43 2ac471ffb14f471eaa02d796dab3e614 291a8a4200aa4ea78232fba5063cae26 - - default default] 10.0.0.116 "GET /v2.0/security-groups?tenant_id=e2f9375aa7cb4133a790749568e6888c&name=default HTTP/1.1" status: 200 len: 2996 time: 0.1351700
2026-07-02 16:37:18.774 9 INFO neutron.wsgi [None req-47365cce-642a-41cc-afbd-77e86c2c784d 2ac471ffb14f471eaa02d796dab3e614 291a8a4200aa4ea78232fba5063cae26 - - default default] 10.0.0.116 "GET /v2.0/security-groups?tenant_id=0aaece42076c4d288819f53add6ca55d&name=default HTTP/1.1" status: 200 len: 2996 time: 0.1393814
2026-07-02 16:37:18.983 9 INFO neutron.wsgi [None req-ab8e848e-f697-4980-9c4c-706676b0aef9 2ac471ffb14f471eaa02d796dab3e614 291a8a4200aa4ea78232fba5063cae26 - - - -] 10.0.0.116 "DELETE /v2.0/security-groups/e1a12a2f-1374-4075-bfc6-f91feb96fa98 HTTP/1.1" status: 204 len: 168 time: 0.2036905
2026-07-02 16:37:18.986 10 INFO neutron.wsgi [None req-e61b60e7-43d4-4d8d-90e1-0e1d7fbfd9fe 2ac471ffb14f471eaa02d796dab3e614 291a8a4200aa4ea78232fba5063cae26 - - - -] 10.0.0.116 "DELETE /v2.0/security-groups/c173dd01-a77c-4004-b924-4881e5e5087f HTTP/1.1" status: 204 len: 168 time: 0.2098587
2026-07-02 16:37:19.140 9 INFO neutron.wsgi [None req-94dbfbf2-dbef-4da3-84fc-743324af52ad 6bbcdee396934d72b0bccea287047d18 242fbfd7f926485eb18724778e9bdf56 - - default default] 10.0.0.116 "GET /v2.0/ports/01b1a2f3-46b9-4e46-afa6-dd166b1fdf99 HTTP/1.1" status: 200 len: 1139 time: 0.0370831
2026-07-02 16:37:19.579 9 INFO neutron.db.ovn_revision_numbers_db [None req-42fb1a1f-a0f3-4e03-92ea-6511e150d447 2ac471ffb14f471eaa02d796dab3e614 291a8a4200aa4ea78232fba5063cae26 - - - -] Successfully bumped revision number for resource 60f79525-b526-49ef-8ef7-cd308a79b645 (type: security_groups) to 1
2026-07-02 16:37:19.635 9 INFO neutron.db.segments_db [None req-42fb1a1f-a0f3-4e03-92ea-6511e150d447 2ac471ffb14f471eaa02d796dab3e614 291a8a4200aa4ea78232fba5063cae26 - - - -] Added segment 25cd1f3b-a26c-4b82-91ce-366b942c1d70 of type geneve for network b3f7eca6-1d27-4341-bead-2804a342fd6d
2026-07-02 16:37:19.747 9 INFO neutron.db.ovn_revision_numbers_db [None req-42fb1a1f-a0f3-4e03-92ea-6511e150d447 2ac471ffb14f471eaa02d796dab3e614 291a8a4200aa4ea78232fba5063cae26 - - - -] Successfully bumped revision number for resource b3f7eca6-1d27-4341-bead-2804a342fd6d (type: networks) to 1
2026-07-02 16:37:19.923 9 WARNING neutron.scheduler.dhcp_agent_scheduler [None req-42fb1a1f-a0f3-4e03-92ea-6511e150d447 2ac471ffb14f471eaa02d796dab3e614 291a8a4200aa4ea78232fba5063cae26 - - - -] No more DHCP agents
2026-07-02 16:37:19.924 9 WARNING neutron.api.rpc.agentnotifiers.dhcp_rpc_agent_api [None req-42fb1a1f-a0f3-4e03-92ea-6511e150d447 2ac471ffb14f471eaa02d796dab3e614 291a8a4200aa4ea78232fba5063cae26 - - - -] Unable to schedule network b3f7eca6-1d27-4341-bead-2804a342fd6d: no agents available; will retry on subsequent port and subnet creation events.
2026-07-02 16:37:19.999 9 INFO neutron.db.ovn_revision_numbers_db [None req-42fb1a1f-a0f3-4e03-92ea-6511e150d447 2ac471ffb14f471eaa02d796dab3e614 291a8a4200aa4ea78232fba5063cae26 - - - -] Successfully bumped revision number for resource 85c2faac-564b-4944-8d47-c2b1fcd4bf7f (type: ports) to 1
2026-07-02 16:37:20.022 9 INFO neutron.wsgi [None req-42fb1a1f-a0f3-4e03-92ea-6511e150d447 2ac471ffb14f471eaa02d796dab3e614 291a8a4200aa4ea78232fba5063cae26 - - - -] 10.0.0.116 "POST /v2.0/networks HTTP/1.1" status: 201 len: 943 time: 0.6026568
2026-07-02 16:37:20.189 10 INFO neutron.wsgi [None req-44157814-aa94-41d3-a2da-43843d79671f 6bbcdee396934d72b0bccea287047d18 242fbfd7f926485eb18724778e9bdf56 - - default default] 10.0.0.116 "GET /v2.0/ports/01b1a2f3-46b9-4e46-afa6-dd166b1fdf99 HTTP/1.1" status: 200 len: 1139 time: 0.0350535
2026-07-02 16:37:20.214 9 WARNING neutron.scheduler.dhcp_agent_scheduler [None req-56f3e384-c1a5-4156-96c7-e9bf6b8b06d9 2ac471ffb14f471eaa02d796dab3e614 291a8a4200aa4ea78232fba5063cae26 - - - -] No more DHCP agents
2026-07-02 16:37:20.217 9 WARNING neutron.api.rpc.agentnotifiers.dhcp_rpc_agent_api [None req-56f3e384-c1a5-4156-96c7-e9bf6b8b06d9 2ac471ffb14f471eaa02d796dab3e614 291a8a4200aa4ea78232fba5063cae26 - - - -] Unable to schedule network b3f7eca6-1d27-4341-bead-2804a342fd6d: no agents available; will retry on subsequent port and subnet creation events.
2026-07-02 16:37:20.734 9 INFO neutron.db.ovn_revision_numbers_db [None req-56f3e384-c1a5-4156-96c7-e9bf6b8b06d9 2ac471ffb14f471eaa02d796dab3e614 291a8a4200aa4ea78232fba5063cae26 - - - -] Successfully bumped revision number for resource 85c2faac-564b-4944-8d47-c2b1fcd4bf7f (type: ports) to 2
2026-07-02 16:37:20.749 9 INFO neutron.db.ovn_revision_numbers_db [None req-56f3e384-c1a5-4156-96c7-e9bf6b8b06d9 2ac471ffb14f471eaa02d796dab3e614 291a8a4200aa4ea78232fba5063cae26 - - - -] Successfully bumped revision number for resource 0adbaba9-8f8c-49dd-b92b-a0b93df40086 (type: subnets) to 0
2026-07-02 16:37:20.764 9 INFO neutron.wsgi [None req-56f3e384-c1a5-4156-96c7-e9bf6b8b06d9 2ac471ffb14f471eaa02d796dab3e614 291a8a4200aa4ea78232fba5063cae26 - - - -] 10.0.0.116 "POST /v2.0/subnets HTTP/1.1" status: 201 len: 863 time: 0.7376509
2026-07-02 16:37:20.922 9 WARNING neutron.plugins.ml2.drivers.ovn.mech_driver.ovsdb.ovn_client [None req-ec7494a4-e628-4994-911c-93418f0e7e27 - - - - - -] No hosting information found for port 16084f95-80c1-4e43-bfee-6b1d788d43c7: RuntimeError: No hosting information found for port 16084f95-80c1-4e43-bfee-6b1d788d43c7
2026-07-02 16:37:20.923 9 INFO neutron.plugins.ml2.drivers.ovn.mech_driver.mech_driver [None req-ec7494a4-e628-4994-911c-93418f0e7e27 - - - - - -] OVN reports status up for port: 01b1a2f3-46b9-4e46-afa6-dd166b1fdf99
2026-07-02 16:37:20.947 9 INFO neutron.plugins.ml2.plugin [None req-ec7494a4-e628-4994-911c-93418f0e7e27 - - - - - -] Attempt 1 to provision port 01b1a2f3-46b9-4e46-afa6-dd166b1fdf99
2026-07-02 16:37:21.282 10 INFO neutron.wsgi [None req-ff538239-dd7e-4194-8dcd-d8a17c075527 6bbcdee396934d72b0bccea287047d18 242fbfd7f926485eb18724778e9bdf56 - - default default] 10.0.0.116 "GET /v2.0/ports/01b1a2f3-46b9-4e46-afa6-dd166b1fdf99 HTTP/1.1" status: 200 len: 1141 time: 0.0862160
2026-07-02 16:37:21.637 9 INFO neutron.db.ovn_revision_numbers_db [None req-ec7494a4-e628-4994-911c-93418f0e7e27 - - - - - -] Successfully bumped revision number for resource 01b1a2f3-46b9-4e46-afa6-dd166b1fdf99 (type: ports) to 3
2026-07-02 16:37:21.682 9 WARNING neutron.scheduler.dhcp_agent_scheduler [None req-d0cb4a6b-5c35-4939-9b80-4015a138c031 2ac471ffb14f471eaa02d796dab3e614 291a8a4200aa4ea78232fba5063cae26 - - - -] No more DHCP agents
2026-07-02 16:37:21.684 9 WARNING neutron.api.rpc.agentnotifiers.dhcp_rpc_agent_api [None req-d0cb4a6b-5c35-4939-9b80-4015a138c031 2ac471ffb14f471eaa02d796dab3e614 291a8a4200aa4ea78232fba5063cae26 - - - -] Unable to schedule network 89fb4464-91f1-47d2-ae82-6009fa205fca: no agents available; will retry on subsequent port and subnet creation events.
2026-07-02 16:37:21.772 9 INFO neutron.db.ovn_revision_numbers_db [None req-ec7494a4-e628-4994-911c-93418f0e7e27 - - - - - -] Successfully bumped revision number for resource 01b1a2f3-46b9-4e46-afa6-dd166b1fdf99 (type: router_ports) to 3
2026-07-02 16:37:21.836 9 INFO neutron.db.ovn_revision_numbers_db [None req-d0cb4a6b-5c35-4939-9b80-4015a138c031 2ac471ffb14f471eaa02d796dab3e614 291a8a4200aa4ea78232fba5063cae26 - - - -] Successfully bumped revision number for resource 05c229ec-2220-4a40-beaf-1579fa0e65a6 (type: ports) to 1
2026-07-02 16:37:22.042 10 INFO neutron.wsgi [None req-697bd480-bba2-4c6a-97d4-7e4b137bf63d 6bbcdee396934d72b0bccea287047d18 242fbfd7f926485eb18724778e9bdf56 - - - -] 10.0.0.116 "PUT /v2.0/routers/2e523233-8e9d-4c66-bc36-33372d10b55e/remove_router_interface HTTP/1.1" status: 200 len: 503 time: 0.7535219 /var/lib/openstack/lib/python3.10/site-packages/pycadf/identifier.py:71: UserWarning: Invalid uuid: neutron. To ensure interoperability, identifiers should be a valid uuid. warnings.warn(('Invalid uuid: %s. To ensure interoperability, '
2026-07-02 16:37:22.093 10 INFO neutron.wsgi [None req-f869a164-4fa0-43d6-ba87-5162f98d7c82 6bbcdee396934d72b0bccea287047d18 242fbfd7f926485eb18724778e9bdf56 - - default default] 10.0.0.116 "GET /v2.0/ports?device_id=2e523233-8e9d-4c66-bc36-33372d10b55e HTTP/1.1" status: 200 len: 205 time: 0.0401883
2026-07-02 16:37:22.421 9 INFO neutron.db.ovn_revision_numbers_db [None req-d0cb4a6b-5c35-4939-9b80-4015a138c031 2ac471ffb14f471eaa02d796dab3e614 291a8a4200aa4ea78232fba5063cae26 - - - -] Successfully bumped revision number for resource 05c229ec-2220-4a40-beaf-1579fa0e65a6 (type: router_ports) to 1
2026-07-02 16:37:22.427 9 INFO neutron.plugins.ml2.drivers.ovn.mech_driver.ovsdb.ovsdb_monitor [None req-0efd997b-0f8b-43e5-ba8c-577625a00a0a - - - - - -] Router 05341191-7fab-42aa-913b-25240fc903eb is bound to host instance
2026-07-02 16:37:22.522 9 INFO neutron.db.ovn_revision_numbers_db [None req-d0cb4a6b-5c35-4939-9b80-4015a138c031 2ac471ffb14f471eaa02d796dab3e614 291a8a4200aa4ea78232fba5063cae26 - - - -] Successfully bumped revision number for resource 05341191-7fab-42aa-913b-25240fc903eb (type: routers) to 3
2026-07-02 16:37:22.557 9 INFO neutron.wsgi [None req-d0cb4a6b-5c35-4939-9b80-4015a138c031 2ac471ffb14f471eaa02d796dab3e614 291a8a4200aa4ea78232fba5063cae26 - - - -] 10.0.0.116 "POST /v2.0/routers HTTP/1.1" status: 201 len: 874 time: 1.7864807
2026-07-02 16:37:22.739 10 INFO neutron.wsgi [None req-2b565dee-fd04-4464-ad21-fa27532f2ce7 6bbcdee396934d72b0bccea287047d18 242fbfd7f926485eb18724778e9bdf56 - - - -] 10.0.0.116 "DELETE /v2.0/routers/2e523233-8e9d-4c66-bc36-33372d10b55e HTTP/1.1" status: 204 len: 168 time: 0.6354995
2026-07-02 16:37:22.919 10 WARNING neutron.plugins.ml2.drivers.ovn.mech_driver.ovsdb.ovn_client [None req-c1e7f0c7-445f-4159-a3fc-72961c49ddd5 - - - - - -] No hosting information found for port 597b9e25-71c7-4d23-934f-a8b05406c823: RuntimeError: No hosting information found for port 597b9e25-71c7-4d23-934f-a8b05406c823
2026-07-02 16:37:22.919 10 INFO neutron.plugins.ml2.drivers.ovn.mech_driver.mech_driver [None req-c1e7f0c7-445f-4159-a3fc-72961c49ddd5 - - - - - -] OVN reports status up for port: 05c229ec-2220-4a40-beaf-1579fa0e65a6
2026-07-02 16:37:22.944 10 INFO neutron.plugins.ml2.plugin [None req-c1e7f0c7-445f-4159-a3fc-72961c49ddd5 - - - - - -] Attempt 1 to provision port 05c229ec-2220-4a40-beaf-1579fa0e65a6
2026-07-02 16:37:22.970 10 INFO neutron.wsgi [None req-07c6d8df-87ee-4305-a740-a7414da0d2aa 6bbcdee396934d72b0bccea287047d18 242fbfd7f926485eb18724778e9bdf56 - - - -] 10.0.0.116 "DELETE /v2.0/subnets/0c99d084-2c2a-4074-9b79-c3d84aa87bdb HTTP/1.1" status: 204 len: 168 time: 0.2255528
2026-07-02 16:37:23.100 9 INFO neutron.db.ovn_revision_numbers_db [None req-0efd997b-0f8b-43e5-ba8c-577625a00a0a - - - - - -] Successfully bumped revision number for resource 05c229ec-2220-4a40-beaf-1579fa0e65a6 (type: ports) to 1
2026-07-02 16:37:23.197 9 WARNING neutron.scheduler.dhcp_agent_scheduler [None req-e0652fa7-b994-4625-9bda-a1ad58a06d63 2ac471ffb14f471eaa02d796dab3e614 291a8a4200aa4ea78232fba5063cae26 - - default default] No more DHCP agents
2026-07-02 16:37:23.202 9 WARNING neutron.api.rpc.agentnotifiers.dhcp_rpc_agent_api [None req-e0652fa7-b994-4625-9bda-a1ad58a06d63 2ac471ffb14f471eaa02d796dab3e614 291a8a4200aa4ea78232fba5063cae26 - - default default] Unable to schedule network b3f7eca6-1d27-4341-bead-2804a342fd6d: no agents available; will retry on subsequent port and subnet creation events.
2026-07-02 16:37:23.355 10 INFO neutron.services.segments.plugin [-] Segment 26079861-c542-47aa-84e8-e500e37622cb resource provider aggregate not found
2026-07-02 16:37:23.367 10 INFO neutron.services.segments.plugin [-] Segment 26079861-c542-47aa-84e8-e500e37622cb resource provider aggregate not found
2026-07-02 16:37:23.399 9 INFO neutron.db.ovn_revision_numbers_db [None req-0efd997b-0f8b-43e5-ba8c-577625a00a0a - - - - - -] Successfully bumped revision number for resource 05c229ec-2220-4a40-beaf-1579fa0e65a6 (type: router_ports) to 3
2026-07-02 16:37:23.401 9 INFO neutron.db.ovn_revision_numbers_db [None req-e0652fa7-b994-4625-9bda-a1ad58a06d63 2ac471ffb14f471eaa02d796dab3e614 291a8a4200aa4ea78232fba5063cae26 - - default default] Successfully bumped revision number for resource c5a79ff2-bd1d-45ff-a03c-7aa39bcc2507 (type: ports) to 1
2026-07-02 16:37:23.409 10 INFO neutron.services.segments.plugin [-] Segment 26079861-c542-47aa-84e8-e500e37622cb resource provider not found; error: Placement Client Error (4xx): {"errors": [{"status": 404, "title": "Not Found", "detail": "The resource could not be found.\n\n No resource provider with uuid 26079861-c542-47aa-84e8-e500e37622cb found for delete ", "request_id": "req-7d8cf71f-732b-4c85-b928-f9d0360c9850"}]}
2026-07-02 16:37:23.413 10 INFO neutron.services.segments.plugin [-] Segment 26079861-c542-47aa-84e8-e500e37622cb resource provider not found; error: Placement Client Error (4xx): {"errors": [{"status": 404, "title": "Not Found", "detail": "The resource could not be found.\n\n No resource provider with uuid 26079861-c542-47aa-84e8-e500e37622cb found for delete ", "request_id": "req-0a6e5991-d549-4fc3-8115-1fe7e85e606f"}]}
2026-07-02 16:37:23.428 10 INFO neutron.wsgi [None req-7bb9e90d-9ce0-43a0-9277-9fc34e7729c9 6bbcdee396934d72b0bccea287047d18 242fbfd7f926485eb18724778e9bdf56 - - - -] 10.0.0.116 "DELETE /v2.0/networks/c0e29625-1baf-42e8-a7a8-dcaa5de9ab63 HTTP/1.1" status: 204 len: 168 time: 0.4474540
2026-07-02 16:37:23.840 10 INFO neutron.db.ovn_revision_numbers_db [None req-c3376174-03e7-461c-92f1-27d487fa1b18 c35ddf358b02483fa815d06f859a095b 4579ed06d0e54b3aad9bdf6de43bfae6 - - - -] Successfully bumped revision number for resource 5bc5fd85-a5a9-47b2-8019-a4ae60929efa (type: security_groups) to 1
2026-07-02 16:37:23.898 10 INFO neutron.db.segments_db [None req-c3376174-03e7-461c-92f1-27d487fa1b18 c35ddf358b02483fa815d06f859a095b 4579ed06d0e54b3aad9bdf6de43bfae6 - - - -] Added segment b743c2a6-43be-4923-b263-6e512c1ac22e of type geneve for network 1076bae1-75ce-4292-85da-1ee75209386d
2026-07-02 16:37:23.923 9 INFO neutron.wsgi [None req-3387dbb5-2199-4efa-9a57-35790c828df6 2ffc4b5822794714a408ee4f23ab3fbf 9967baf6ada14027ad6e65e1d3a825f1 - - - -] 10.0.0.116 "POST /v2.0/qos/policies HTTP/1.1" status: 201 len: 558 time: 0.5961733
2026-07-02 16:37:24.027 10 INFO neutron.wsgi [None req-3dbf7ec3-e774-4fd7-aaea-645dfcbef3d6 2ffc4b5822794714a408ee4f23ab3fbf 9967baf6ada14027ad6e65e1d3a825f1 - - - -] 10.0.0.116 "POST /v2.0/qos/policies HTTP/1.1" status: 201 len: 558 time: 0.0961986
2026-07-02 16:37:24.080 9 INFO neutron.db.ovn_revision_numbers_db [None req-0efd997b-0f8b-43e5-ba8c-577625a00a0a - - - - - -] Successfully bumped revision number for resource 05c229ec-2220-4a40-beaf-1579fa0e65a6 (type: ports) to 2
2026-07-02 16:37:24.088 10 INFO neutron.db.ovn_revision_numbers_db [None req-c3376174-03e7-461c-92f1-27d487fa1b18 c35ddf358b02483fa815d06f859a095b 4579ed06d0e54b3aad9bdf6de43bfae6 - - - -] Successfully bumped revision number for resource 1076bae1-75ce-4292-85da-1ee75209386d (type: networks) to 1
2026-07-02 16:37:24.094 10 INFO neutron.wsgi [None req-60172b3e-7696-4000-92d8-a63dbded2638 2ffc4b5822794714a408ee4f23ab3fbf 9967baf6ada14027ad6e65e1d3a825f1 - - - -] 10.0.0.116 "POST /v2.0/qos/policies HTTP/1.1" status: 201 len: 558 time: 0.0644553
2026-07-02 16:37:24.159 10 INFO neutron.wsgi [None req-9c02f945-e677-4936-b105-6a64c103cb6a 2ffc4b5822794714a408ee4f23ab3fbf 9967baf6ada14027ad6e65e1d3a825f1 - - - -] 10.0.0.116 "POST /v2.0/qos/policies HTTP/1.1" status: 201 len: 558 time: 0.0573642
2026-07-02 16:37:24.269 10 INFO neutron.wsgi [None req-a096a419-1fc8-4e75-91b1-d372efb7f1ec 2ffc4b5822794714a408ee4f23ab3fbf 9967baf6ada14027ad6e65e1d3a825f1 - - - -] 10.0.0.116 "POST /v2.0/qos/policies HTTP/1.1" status: 201 len: 558 time: 0.1006918
2026-07-02 16:37:24.323 10 WARNING neutron.scheduler.dhcp_agent_scheduler [None req-c3376174-03e7-461c-92f1-27d487fa1b18 c35ddf358b02483fa815d06f859a095b 4579ed06d0e54b3aad9bdf6de43bfae6 - - - -] No more DHCP agents
2026-07-02 16:37:24.326 10 WARNING neutron.api.rpc.agentnotifiers.dhcp_rpc_agent_api [None req-c3376174-03e7-461c-92f1-27d487fa1b18 c35ddf358b02483fa815d06f859a095b 4579ed06d0e54b3aad9bdf6de43bfae6 - - - -] Unable to schedule network 1076bae1-75ce-4292-85da-1ee75209386d: no agents available; will retry on subsequent port and subnet creation events.
2026-07-02 16:37:24.357 9 INFO neutron.wsgi [None req-864c518d-0530-433b-ae43-fb1ebd0c3aad 2ffc4b5822794714a408ee4f23ab3fbf 9967baf6ada14027ad6e65e1d3a825f1 - - - -] 10.0.0.116 "PUT /v2.0/policies/c07e1d7f-cbed-4a35-b0e3-e477fd909ef2/tags HTTP/1.1" status: 200 len: 210 time: 0.0741043
2026-07-02 16:37:24.417 10 INFO neutron.wsgi [None req-7c4a288c-b5c4-4284-92f5-fa1e22f0eef5 2ffc4b5822794714a408ee4f23ab3fbf 9967baf6ada14027ad6e65e1d3a825f1 - - - -] 10.0.0.116 "PUT /v2.0/policies/59aabe14-e242-4a51-85ce-2c5fd9aa3a4e/tags HTTP/1.1" status: 200 len: 218 time: 0.0542083
2026-07-02 16:37:24.419 10 INFO neutron.db.ovn_revision_numbers_db [None req-c3376174-03e7-461c-92f1-27d487fa1b18 c35ddf358b02483fa815d06f859a095b 4579ed06d0e54b3aad9bdf6de43bfae6 - - - -] Successfully bumped revision number for resource e6ba6695-ab1e-4262-b1d4-5967822b7caa (type: ports) to 1
2026-07-02 16:37:24.451 10 INFO neutron.wsgi [None req-c3376174-03e7-461c-92f1-27d487fa1b18 c35ddf358b02483fa815d06f859a095b 4579ed06d0e54b3aad9bdf6de43bfae6 - - - -] 10.0.0.116 "POST /v2.0/networks HTTP/1.1" status: 201 len: 831 time: 0.7882242
2026-07-02 16:37:24.509 9 INFO neutron.wsgi [None req-72e22b2f-ff86-46f4-b328-bf5c3e93f213 2ffc4b5822794714a408ee4f23ab3fbf 9967baf6ada14027ad6e65e1d3a825f1 - - - -] 10.0.0.116 "PUT /v2.0/policies/a11cdf26-e734-442a-8494-dacec03d144c/tags HTTP/1.1" status: 200 len: 227 time: 0.0818653
2026-07-02 16:37:24.547 10 INFO neutron.wsgi [None req-908c867e-2d0f-473b-8bce-38f3e98b1b21 2ffc4b5822794714a408ee4f23ab3fbf 9967baf6ada14027ad6e65e1d3a825f1 - - - -] 10.0.0.116 "PUT /v2.0/policies/80819e60-21fc-44e7-9029-d41afa739230/tags HTTP/1.1" status: 200 len: 212 time: 0.0273554
2026-07-02 16:37:24.593 10 INFO neutron.db.segments_db [None req-f646577f-b2a2-4ada-b9f3-42b015c38269 c35ddf358b02483fa815d06f859a095b 4579ed06d0e54b3aad9bdf6de43bfae6 - - - -] Added segment d2a1bdd1-b111-47c7-b94f-0b277ba9c6f3 of type geneve for network f7a0cfbc-30cf-4059-b646-ddd8d230d8fd
2026-07-02 16:37:24.622 9 INFO neutron.db.ovn_revision_numbers_db [None req-0efd997b-0f8b-43e5-ba8c-577625a00a0a - - - - - -] Successfully bumped revision number for resource 05c229ec-2220-4a40-beaf-1579fa0e65a6 (type: ports) to 4
2026-07-02 16:37:24.791 9 INFO neutron.db.ovn_revision_numbers_db [None req-e0652fa7-b994-4625-9bda-a1ad58a06d63 2ac471ffb14f471eaa02d796dab3e614 291a8a4200aa4ea78232fba5063cae26 - - default default] Successfully bumped revision number for resource c5a79ff2-bd1d-45ff-a03c-7aa39bcc2507 (type: router_ports) to 2
2026-07-02 16:37:24.831 10 INFO neutron.db.ovn_revision_numbers_db [None req-f646577f-b2a2-4ada-b9f3-42b015c38269 c35ddf358b02483fa815d06f859a095b 4579ed06d0e54b3aad9bdf6de43bfae6 - - - -] Successfully bumped revision number for resource f7a0cfbc-30cf-4059-b646-ddd8d230d8fd (type: networks) to 1
2026-07-02 16:37:24.842 9 WARNING neutron.scheduler.dhcp_agent_scheduler [None req-63fdcb9b-f6a2-4398-941c-679f2ef1dcf7 6bbcdee396934d72b0bccea287047d18 242fbfd7f926485eb18724778e9bdf56 - - - -] No more DHCP agents
2026-07-02 16:37:24.847 9 WARNING neutron.api.rpc.agentnotifiers.dhcp_rpc_agent_api [None req-63fdcb9b-f6a2-4398-941c-679f2ef1dcf7 6bbcdee396934d72b0bccea287047d18 242fbfd7f926485eb18724778e9bdf56 - - - -] Unable to schedule network 89fb4464-91f1-47d2-ae82-6009fa205fca: no agents available; will retry on subsequent port and subnet creation events.
2026-07-02 16:37:25.071 10 WARNING neutron.scheduler.dhcp_agent_scheduler [None req-f646577f-b2a2-4ada-b9f3-42b015c38269 c35ddf358b02483fa815d06f859a095b 4579ed06d0e54b3aad9bdf6de43bfae6 - - - -] No more DHCP agents
2026-07-02 16:37:25.079 10 WARNING neutron.api.rpc.agentnotifiers.dhcp_rpc_agent_api [None req-f646577f-b2a2-4ada-b9f3-42b015c38269 c35ddf358b02483fa815d06f859a095b 4579ed06d0e54b3aad9bdf6de43bfae6 - - - -] Unable to schedule network f7a0cfbc-30cf-4059-b646-ddd8d230d8fd: no agents available; will retry on subsequent port and subnet creation events.
2026-07-02 16:37:25.154 10 INFO neutron.db.ovn_revision_numbers_db [None req-f646577f-b2a2-4ada-b9f3-42b015c38269 c35ddf358b02483fa815d06f859a095b 4579ed06d0e54b3aad9bdf6de43bfae6 - - - -] Successfully bumped revision number for resource e58b1493-c991-4dc2-b3cb-9894bbbb54c7 (type: ports) to 1
2026-07-02 16:37:25.173 10 INFO neutron.wsgi [None req-af22dc2e-9ec5-48b4-a446-315edca52c0a de21b433029d4bcf9997f97b775b5bc1 7a947f8d64a14f04ad9d06f8dce360b2 - - default default] 10.0.0.116 "GET /v2.0/qos/policies?tags=red HTTP/1.1" status: 200 len: 1296 time: 0.1825464
2026-07-02 16:37:25.181 10 INFO neutron.wsgi [None req-f646577f-b2a2-4ada-b9f3-42b015c38269 c35ddf358b02483fa815d06f859a095b 4579ed06d0e54b3aad9bdf6de43bfae6 - - - -] 10.0.0.116 "POST /v2.0/networks HTTP/1.1" status: 201 len: 831 time: 0.7174940
2026-07-02 16:37:25.239 10 INFO neutron.wsgi [None req-5bc05ba1-3c4f-4a07-9245-fb667af49976 de21b433029d4bcf9997f97b775b5bc1 7a947f8d64a14f04ad9d06f8dce360b2 - - default default] 10.0.0.116 "GET /v2.0/qos/policies?tags=red%2Cblue HTTP/1.1" status: 200 len: 941 time: 0.0568106
2026-07-02 16:37:25.302 10 INFO neutron.wsgi [None req-6d65da6c-4ab8-437d-a37e-acbb1188e386 de21b433029d4bcf9997f97b775b5bc1 7a947f8d64a14f04ad9d06f8dce360b2 - - default default] 10.0.0.116 "GET /v2.0/qos/policies?tags-any=blue HTTP/1.1" status: 200 len: 941 time: 0.0568309
2026-07-02 16:37:25.341 9 INFO neutron.db.ovn_revision_numbers_db [None req-0efd997b-0f8b-43e5-ba8c-577625a00a0a - - - - - -] Successfully bumped revision number for resource 05c229ec-2220-4a40-beaf-1579fa0e65a6 (type: router_ports) to 4
2026-07-02 16:37:25.369 9 INFO neutron.db.ovn_revision_numbers_db [None req-e0652fa7-b994-4625-9bda-a1ad58a06d63 2ac471ffb14f471eaa02d796dab3e614 291a8a4200aa4ea78232fba5063cae26 - - default default] Successfully bumped revision number for resource c5a79ff2-bd1d-45ff-a03c-7aa39bcc2507 (type: ports) to 2
2026-07-02 16:37:25.379 9 INFO neutron.db.segments_db [None req-2c18365c-6b51-4e76-964e-3b489e8f5a67 c35ddf358b02483fa815d06f859a095b 4579ed06d0e54b3aad9bdf6de43bfae6 - - - -] Added segment 1146933e-3c6c-49fd-bcba-760546ec7764 of type geneve for network 75ef4b9f-31f0-4976-8021-4201f39a5889
2026-07-02 16:37:25.388 10 INFO neutron.wsgi [None req-6e867377-324f-4b24-a9c5-255b2fa3bc6b de21b433029d4bcf9997f97b775b5bc1 7a947f8d64a14f04ad9d06f8dce360b2 - - default default] 10.0.0.116 "GET /v2.0/qos/policies?tags-any=red%2Cblue HTTP/1.1" status: 200 len: 1296 time: 0.0808070
2026-07-02 16:37:25.414 9 INFO neutron.db.ovn_revision_numbers_db [None req-63fdcb9b-f6a2-4398-941c-679f2ef1dcf7 6bbcdee396934d72b0bccea287047d18 242fbfd7f926485eb18724778e9bdf56 - - - -] Successfully bumped revision number for resource 9b0a7ec7-6164-4439-bb6f-ad9957704a5a (type: ports) to 1
2026-07-02 16:37:25.454 10 INFO neutron.wsgi [None req-d778470f-5b8d-41ae-a498-df7183b23d73 de21b433029d4bcf9997f97b775b5bc1 7a947f8d64a14f04ad9d06f8dce360b2 - - default default] 10.0.0.116 "GET /v2.0/qos/policies?not-tags=red HTTP/1.1" status: 200 len: 913 time: 0.0623965
2026-07-02 16:37:25.546 10 INFO neutron.wsgi [None req-8f661756-b01e-4e10-b73e-5f4a181a6236 de21b433029d4bcf9997f97b775b5bc1 7a947f8d64a14f04ad9d06f8dce360b2 - - default default] 10.0.0.116 "GET /v2.0/qos/policies?not-tags=red%2Cblue HTTP/1.1" status: 200 len: 1268 time: 0.0862966
2026-07-02 16:37:25.601 9 WARNING neutron.scheduler.dhcp_agent_scheduler [None req-e0652fa7-b994-4625-9bda-a1ad58a06d63 2ac471ffb14f471eaa02d796dab3e614 291a8a4200aa4ea78232fba5063cae26 - - default default] No more DHCP agents
2026-07-02 16:37:25.606 9 WARNING neutron.api.rpc.agentnotifiers.dhcp_rpc_agent_api [None req-e0652fa7-b994-4625-9bda-a1ad58a06d63 2ac471ffb14f471eaa02d796dab3e614 291a8a4200aa4ea78232fba5063cae26 - - default default] Unable to schedule network b3f7eca6-1d27-4341-bead-2804a342fd6d: no agents available; will retry on subsequent port and subnet creation events.
2026-07-02 16:37:25.626 10 INFO neutron.wsgi [None req-31cde0a4-31a6-421a-8488-97b7c10246de de21b433029d4bcf9997f97b775b5bc1 7a947f8d64a14f04ad9d06f8dce360b2 - - default default] 10.0.0.116 "GET /v2.0/qos/policies?not-tags-any=blue HTTP/1.1" status: 200 len: 1268 time: 0.0732396
2026-07-02 16:37:25.685 10 INFO neutron.wsgi [None req-6d77fc96-622d-4c0f-af88-90e2c7417297 de21b433029d4bcf9997f97b775b5bc1 7a947f8d64a14f04ad9d06f8dce360b2 - - default default] 10.0.0.116 "GET /v2.0/qos/policies?not-tags-any=red%2Cblue HTTP/1.1" status: 200 len: 913 time: 0.0515592
2026-07-02 16:37:25.694 9 INFO neutron.db.ovn_revision_numbers_db [None req-2c18365c-6b51-4e76-964e-3b489e8f5a67 c35ddf358b02483fa815d06f859a095b 4579ed06d0e54b3aad9bdf6de43bfae6 - - - -] Successfully bumped revision number for resource 75ef4b9f-31f0-4976-8021-4201f39a5889 (type: networks) to 1
2026-07-02 16:37:25.750 10 INFO neutron.wsgi [None req-be06573a-7207-4a0b-971f-b4ab5be85d80 2ffc4b5822794714a408ee4f23ab3fbf 9967baf6ada14027ad6e65e1d3a825f1 - - - -] 10.0.0.116 "DELETE /v2.0/qos/policies/c07e1d7f-cbed-4a35-b0e3-e477fd909ef2 HTTP/1.1" status: 204 len: 168 time: 0.0573235
2026-07-02 16:37:25.810 10 INFO neutron.wsgi [None req-86e70a28-afc3-43f1-bbfd-46641ab9cc07 2ffc4b5822794714a408ee4f23ab3fbf 9967baf6ada14027ad6e65e1d3a825f1 - - - -] 10.0.0.116 "DELETE /v2.0/qos/policies/59aabe14-e242-4a51-85ce-2c5fd9aa3a4e HTTP/1.1" status: 204 len: 168 time: 0.0539191
2026-07-02 16:37:25.867 10 INFO neutron.wsgi [None req-287fc4a0-f3e6-4b31-a591-9594add8efbc 2ffc4b5822794714a408ee4f23ab3fbf 9967baf6ada14027ad6e65e1d3a825f1 - - - -] 10.0.0.116 "DELETE /v2.0/qos/policies/a11cdf26-e734-442a-8494-dacec03d144c HTTP/1.1" status: 204 len: 168 time: 0.0521882
2026-07-02 16:37:25.930 10 INFO neutron.wsgi [None req-1942b75a-f309-4828-acdb-24577f3278e9 2ffc4b5822794714a408ee4f23ab3fbf 9967baf6ada14027ad6e65e1d3a825f1 - - - -] 10.0.0.116 "DELETE /v2.0/qos/policies/80819e60-21fc-44e7-9029-d41afa739230 HTTP/1.1" status: 204 len: 168 time: 0.0578949
2026-07-02 16:37:25.991 10 INFO neutron.wsgi [None req-0c48d1c0-3f6e-4b64-a2e2-ae4d7d630738 2ffc4b5822794714a408ee4f23ab3fbf 9967baf6ada14027ad6e65e1d3a825f1 - - - -] 10.0.0.116 "DELETE /v2.0/qos/policies/c9889c3a-0de3-4fd4-ac46-3a4933907e63 HTTP/1.1" status: 204 len: 168 time: 0.0556693
2026-07-02 16:37:26.306 9 WARNING neutron.scheduler.dhcp_agent_scheduler [None req-2c18365c-6b51-4e76-964e-3b489e8f5a67 c35ddf358b02483fa815d06f859a095b 4579ed06d0e54b3aad9bdf6de43bfae6 - - - -] No more DHCP agents
2026-07-02 16:37:26.314 9 WARNING neutron.api.rpc.agentnotifiers.dhcp_rpc_agent_api [None req-2c18365c-6b51-4e76-964e-3b489e8f5a67 c35ddf358b02483fa815d06f859a095b 4579ed06d0e54b3aad9bdf6de43bfae6 - - - -] Unable to schedule network 75ef4b9f-31f0-4976-8021-4201f39a5889: no agents available; will retry on subsequent port and subnet creation events.
2026-07-02 16:37:26.481 9 INFO neutron.db.ovn_revision_numbers_db [None req-2c18365c-6b51-4e76-964e-3b489e8f5a67 c35ddf358b02483fa815d06f859a095b 4579ed06d0e54b3aad9bdf6de43bfae6 - - - -] Successfully bumped revision number for resource 15dc8459-4fb7-4d74-aada-38652625452c (type: ports) to 1
2026-07-02 16:37:26.525 9 INFO neutron.wsgi [None req-2c18365c-6b51-4e76-964e-3b489e8f5a67 c35ddf358b02483fa815d06f859a095b 4579ed06d0e54b3aad9bdf6de43bfae6 - - - -] 10.0.0.116 "POST /v2.0/networks HTTP/1.1" status: 201 len: 831 time: 1.3373320
2026-07-02 16:37:26.635 10 INFO neutron.db.segments_db [None req-ee297fd6-8d1b-4f5c-b62b-d5b4043c0c16 c35ddf358b02483fa815d06f859a095b 4579ed06d0e54b3aad9bdf6de43bfae6 - - - -] Added segment ed2cf4d9-ddba-4623-bf83-5beffca69ee1 of type geneve for network 0fadc293-dd7a-4117-b67d-857eccc132c2
2026-07-02 16:37:26.736 10 INFO neutron.plugins.ml2.drivers.ovn.mech_driver.mech_driver [None req-c1e7f0c7-445f-4159-a3fc-72961c49ddd5 - - - - - -] OVN reports status up for port: 9b0a7ec7-6164-4439-bb6f-ad9957704a5a
2026-07-02 16:37:26.741 9 INFO neutron.db.ovn_revision_numbers_db [None req-63fdcb9b-f6a2-4398-941c-679f2ef1dcf7 6bbcdee396934d72b0bccea287047d18 242fbfd7f926485eb18724778e9bdf56 - - - -] Successfully bumped revision number for resource 9b0a7ec7-6164-4439-bb6f-ad9957704a5a (type: router_ports) to 1
2026-07-02 16:37:26.752 10 INFO neutron.plugins.ml2.plugin [None req-c1e7f0c7-445f-4159-a3fc-72961c49ddd5 - - - - - -] Attempt 1 to provision port 9b0a7ec7-6164-4439-bb6f-ad9957704a5a
2026-07-02 16:37:26.755 10 INFO neutron.db.ovn_revision_numbers_db [None req-ee297fd6-8d1b-4f5c-b62b-d5b4043c0c16 c35ddf358b02483fa815d06f859a095b 4579ed06d0e54b3aad9bdf6de43bfae6 - - - -] Successfully bumped revision number for resource 0fadc293-dd7a-4117-b67d-857eccc132c2 (type: networks) to 1
2026-07-02 16:37:26.829 9 INFO neutron.db.ovn_revision_numbers_db [None req-63fdcb9b-f6a2-4398-941c-679f2ef1dcf7 6bbcdee396934d72b0bccea287047d18 242fbfd7f926485eb18724778e9bdf56 - - - -] Successfully bumped revision number for resource ee0096b7-8cdb-4d52-a9dc-5bb33f5ba4bf (type: routers) to 3
2026-07-02 16:37:26.848 9 INFO neutron.wsgi [None req-63fdcb9b-f6a2-4398-941c-679f2ef1dcf7 6bbcdee396934d72b0bccea287047d18 242fbfd7f926485eb18724778e9bdf56 - - - -] 10.0.0.116 "POST /v2.0/routers HTTP/1.1" status: 201 len: 872 time: 3.4139457
2026-07-02 16:37:26.901 9 WARNING neutron.plugins.ml2.drivers.ovn.mech_driver.ovsdb.ovn_client [None req-ec7494a4-e628-4994-911c-93418f0e7e27 - - - - - -] No port found with ID 01b1a2f3-46b9-4e46-afa6-dd166b1fdf99: RuntimeError: No port found with ID 01b1a2f3-46b9-4e46-afa6-dd166b1fdf99
2026-07-02 16:37:26.902 9 INFO neutron.plugins.ml2.drivers.ovn.mech_driver.mech_driver [None req-ec7494a4-e628-4994-911c-93418f0e7e27 - - - - - -] OVN reports status up for port: c5a79ff2-bd1d-45ff-a03c-7aa39bcc2507
2026-07-02 16:37:26.906 9 INFO neutron.db.ovn_revision_numbers_db [None req-e0652fa7-b994-4625-9bda-a1ad58a06d63 2ac471ffb14f471eaa02d796dab3e614 291a8a4200aa4ea78232fba5063cae26 - - - -] Successfully bumped revision number for resource c5a79ff2-bd1d-45ff-a03c-7aa39bcc2507 (type: router_ports) to 2
2026-07-02 16:37:26.908 9 INFO neutron.wsgi [None req-e0652fa7-b994-4625-9bda-a1ad58a06d63 2ac471ffb14f471eaa02d796dab3e614 291a8a4200aa4ea78232fba5063cae26 - - - -] 10.0.0.116 "PUT /v2.0/routers/05341191-7fab-42aa-913b-25240fc903eb/add_router_interface HTTP/1.1" status: 200 len: 503 time: 4.3338566
2026-07-02 16:37:26.912 9 INFO neutron.plugins.ml2.plugin [None req-ec7494a4-e628-4994-911c-93418f0e7e27 - - - - - -] Attempt 1 to provision port c5a79ff2-bd1d-45ff-a03c-7aa39bcc2507
2026-07-02 16:37:26.938 9 INFO neutron.wsgi [None req-a4404031-5d78-44aa-81f7-a959ed411a87 6bbcdee396934d72b0bccea287047d18 242fbfd7f926485eb18724778e9bdf56 - - default default] 10.0.0.116 "GET /v2.0/routers/ee0096b7-8cdb-4d52-a9dc-5bb33f5ba4bf HTTP/1.1" status: 200 len: 873 time: 0.0827043
2026-07-02 16:37:27.277 10 WARNING neutron.scheduler.dhcp_agent_scheduler [None req-ee297fd6-8d1b-4f5c-b62b-d5b4043c0c16 c35ddf358b02483fa815d06f859a095b 4579ed06d0e54b3aad9bdf6de43bfae6 - - - -] No more DHCP agents
2026-07-02 16:37:27.287 10 WARNING neutron.api.rpc.agentnotifiers.dhcp_rpc_agent_api [None req-ee297fd6-8d1b-4f5c-b62b-d5b4043c0c16 c35ddf358b02483fa815d06f859a095b 4579ed06d0e54b3aad9bdf6de43bfae6 - - - -] Unable to schedule network 0fadc293-dd7a-4117-b67d-857eccc132c2: no agents available; will retry on subsequent port and subnet creation events.
2026-07-02 16:37:27.317 10 INFO neutron.wsgi [None req-4ec028cc-59de-4759-87a9-97c8a047e901 6bbcdee396934d72b0bccea287047d18 242fbfd7f926485eb18724778e9bdf56 - - default default] 10.0.0.116 "GET /v2.0/routers HTTP/1.1" status: 200 len: 876 time: 0.3736866
2026-07-02 16:37:27.379 10 INFO neutron.db.ovn_revision_numbers_db [None req-ee297fd6-8d1b-4f5c-b62b-d5b4043c0c16 c35ddf358b02483fa815d06f859a095b 4579ed06d0e54b3aad9bdf6de43bfae6 - - - -] Successfully bumped revision number for resource 7c03f66f-5c7e-4a54-849d-6c178bb6ebe0 (type: ports) to 1
2026-07-02 16:37:27.391 9 INFO neutron.db.ovn_revision_numbers_db [None req-ec7494a4-e628-4994-911c-93418f0e7e27 - - - - - -] Successfully bumped revision number for resource c5a79ff2-bd1d-45ff-a03c-7aa39bcc2507 (type: ports) to 3
2026-07-02 16:37:27.410 10 INFO neutron.wsgi [None req-ee297fd6-8d1b-4f5c-b62b-d5b4043c0c16 c35ddf358b02483fa815d06f859a095b 4579ed06d0e54b3aad9bdf6de43bfae6 - - - -] 10.0.0.116 "POST /v2.0/networks HTTP/1.1" status: 201 len: 831 time: 0.8772457
2026-07-02 16:37:27.424 10 INFO neutron.db.ovn_revision_numbers_db [None req-3fab0d5f-e223-4ccb-9d9f-0184523b2942 2ac471ffb14f471eaa02d796dab3e614 291a8a4200aa4ea78232fba5063cae26 - - default default] Successfully bumped revision number for resource 6014de3d-9d64-4b80-b895-048496f64130 (type: security_groups) to 1
2026-07-02 16:37:27.447 10 INFO neutron.wsgi [None req-3fab0d5f-e223-4ccb-9d9f-0184523b2942 2ac471ffb14f471eaa02d796dab3e614 291a8a4200aa4ea78232fba5063cae26 - - default default] 10.0.0.116 "GET /v2.0/security-groups?tenant_id=9967baf6ada14027ad6e65e1d3a825f1&name=default HTTP/1.1" status: 200 len: 2996 time: 0.5333326
2026-07-02 16:37:27.544 10 INFO neutron.db.segments_db [None req-7578b0c9-ab82-46c2-9e3d-87cc24fb5328 c35ddf358b02483fa815d06f859a095b 4579ed06d0e54b3aad9bdf6de43bfae6 - - - -] Added segment 7dab220f-d910-4d90-9a81-a009c939571b of type geneve for network a7cff2e4-a608-40ea-a1f9-2f52be067dcd
2026-07-02 16:37:27.579 9 INFO neutron.db.ovn_revision_numbers_db [None req-ec7494a4-e628-4994-911c-93418f0e7e27 - - - - - -] Successfully bumped revision number for resource c5a79ff2-bd1d-45ff-a03c-7aa39bcc2507 (type: router_ports) to 3
2026-07-02 16:37:27.680 10 INFO neutron.db.ovn_revision_numbers_db [None req-7578b0c9-ab82-46c2-9e3d-87cc24fb5328 c35ddf358b02483fa815d06f859a095b 4579ed06d0e54b3aad9bdf6de43bfae6 - - - -] Successfully bumped revision number for resource a7cff2e4-a608-40ea-a1f9-2f52be067dcd (type: networks) to 1
2026-07-02 16:37:27.785 9 INFO neutron.db.ovn_revision_numbers_db [None req-6c328d32-8cd6-4975-9f34-a47a70ee49dd 0be77fc2df0d4699921b2e54393c3997 1e48727445ed45f58a5bcc4460f023fb - - - -] Successfully bumped revision number for resource 2c548936-97ff-4d5e-b9fc-4154f43aaf72 (type: security_groups) to 1
2026-07-02 16:37:27.789 10 INFO neutron.wsgi [None req-7934afea-5e7a-446c-b636-341150f7e5e1 2ac471ffb14f471eaa02d796dab3e614 291a8a4200aa4ea78232fba5063cae26 - - - -] 10.0.0.116 "DELETE /v2.0/security-groups/6014de3d-9d64-4b80-b895-048496f64130 HTTP/1.1" status: 204 len: 168 time: 0.3348498
2026-07-02 16:37:27.809 9 INFO neutron.wsgi [None req-6c328d32-8cd6-4975-9f34-a47a70ee49dd 0be77fc2df0d4699921b2e54393c3997 1e48727445ed45f58a5bcc4460f023fb - - - -] 10.0.0.116 "POST /v2.0/security-groups HTTP/1.1" status: 201 len: 1809 time: 0.2272286
2026-07-02 16:37:27.880 10 WARNING neutron.scheduler.dhcp_agent_scheduler [None req-7578b0c9-ab82-46c2-9e3d-87cc24fb5328 c35ddf358b02483fa815d06f859a095b 4579ed06d0e54b3aad9bdf6de43bfae6 - - - -] No more DHCP agents
2026-07-02 16:37:27.882 10 WARNING neutron.api.rpc.agentnotifiers.dhcp_rpc_agent_api [None req-7578b0c9-ab82-46c2-9e3d-87cc24fb5328 c35ddf358b02483fa815d06f859a095b 4579ed06d0e54b3aad9bdf6de43bfae6 - - - -] Unable to schedule network a7cff2e4-a608-40ea-a1f9-2f52be067dcd: no agents available; will retry on subsequent port and subnet creation events.
2026-07-02 16:37:27.901 9 INFO neutron.db.ovn_revision_numbers_db [None req-10ba8b9f-2655-4ab2-8b34-e798184d8d90 6bbcdee396934d72b0bccea287047d18 242fbfd7f926485eb18724778e9bdf56 - - - -] Successfully bumped revision number for resource ee0096b7-8cdb-4d52-a9dc-5bb33f5ba4bf (type: routers) to 4
2026-07-02 16:37:27.905 9 INFO neutron.wsgi [None req-10ba8b9f-2655-4ab2-8b34-e798184d8d90 6bbcdee396934d72b0bccea287047d18 242fbfd7f926485eb18724778e9bdf56 - - - -] 10.0.0.116 "PUT /v2.0/routers/ee0096b7-8cdb-4d52-a9dc-5bb33f5ba4bf HTTP/1.1" status: 200 len: 880 time: 0.5801754
2026-07-02 16:37:27.972 10 INFO neutron.db.ovn_revision_numbers_db [None req-7578b0c9-ab82-46c2-9e3d-87cc24fb5328 c35ddf358b02483fa815d06f859a095b 4579ed06d0e54b3aad9bdf6de43bfae6 - - - -] Successfully bumped revision number for resource 101692e2-4c4c-4a4a-ade0-4dfbd62206a9 (type: ports) to 1
2026-07-02 16:37:27.984 9 INFO neutron.wsgi [None req-b1684d7b-3cb6-4ca3-9df4-cb88356f10b7 6bbcdee396934d72b0bccea287047d18 242fbfd7f926485eb18724778e9bdf56 - - default default] 10.0.0.116 "GET /v2.0/routers/ee0096b7-8cdb-4d52-a9dc-5bb33f5ba4bf HTTP/1.1" status: 200 len: 880 time: 0.0749109
2026-07-02 16:37:27.990 9 INFO neutron.db.ovn_revision_numbers_db [None req-8a507583-3320-4b68-8ca3-bb75e46cd5ea 0be77fc2df0d4699921b2e54393c3997 1e48727445ed45f58a5bcc4460f023fb - - - -] Successfully bumped revision number for resource 04f19e69-d21c-4ebf-99a7-749dcece29e6 (type: security_group_rules) to 0
2026-07-02 16:37:28.007 10 INFO neutron.wsgi [None req-7578b0c9-ab82-46c2-9e3d-87cc24fb5328 c35ddf358b02483fa815d06f859a095b 4579ed06d0e54b3aad9bdf6de43bfae6 - - - -] 10.0.0.116 "POST /v2.0/networks HTTP/1.1" status: 201 len: 831 time: 0.5899975
2026-07-02 16:37:28.021 9 INFO neutron.wsgi [None req-d4bb69eb-b561-46fa-b397-ebb0375b6e27 6bbcdee396934d72b0bccea287047d18 242fbfd7f926485eb18724778e9bdf56 - - default default] 10.0.0.116 "GET /v2.0/ports?device_id=ee0096b7-8cdb-4d52-a9dc-5bb33f5ba4bf HTTP/1.1" status: 200 len: 205 time: 0.0264256
2026-07-02 16:37:28.028 9 INFO neutron.wsgi [None req-8a507583-3320-4b68-8ca3-bb75e46cd5ea 0be77fc2df0d4699921b2e54393c3997 1e48727445ed45f58a5bcc4460f023fb - - - -] 10.0.0.116 "POST /v2.0/security-group-rules HTTP/1.1" status: 201 len: 764 time: 0.2137227
2026-07-02 16:37:28.078 10 INFO neutron.db.ovn_revision_numbers_db [None req-e35382a6-87ca-42f7-bd43-45a58c0d15bb 2ac471ffb14f471eaa02d796dab3e614 291a8a4200aa4ea78232fba5063cae26 - - default default] Successfully bumped revision number for resource 6818b40d-270f-4dcd-b55f-c706c4aa9448 (type: security_groups) to 1
2026-07-02 16:37:28.089 10 INFO neutron.wsgi [None req-771197d8-73af-481d-94c3-82b574b4a0d4 c35ddf358b02483fa815d06f859a095b 4579ed06d0e54b3aad9bdf6de43bfae6 - - - -] 10.0.0.116 "PUT /v2.0/networks/1076bae1-75ce-4292-85da-1ee75209386d/tags HTTP/1.1" status: 200 len: 210 time: 0.0717888
2026-07-02 16:37:28.114 10 INFO neutron.wsgi [None req-e35382a6-87ca-42f7-bd43-45a58c0d15bb 2ac471ffb14f471eaa02d796dab3e614 291a8a4200aa4ea78232fba5063cae26 - - default default] 10.0.0.116 "GET /v2.0/security-groups?tenant_id=7a947f8d64a14f04ad9d06f8dce360b2&name=default HTTP/1.1" status: 200 len: 2996 time: 0.2179151
2026-07-02 16:37:28.161 9 INFO neutron.wsgi [None req-a181ee6e-6e9f-45eb-96be-85d7804621ee c35ddf358b02483fa815d06f859a095b 4579ed06d0e54b3aad9bdf6de43bfae6 - - - -] 10.0.0.116 "PUT /v2.0/networks/f7a0cfbc-30cf-4059-b646-ddd8d230d8fd/tags HTTP/1.1" status: 200 len: 218 time: 0.0666676
2026-07-02 16:37:28.217 10 INFO neutron.db.ovn_revision_numbers_db [None req-1bf5818a-8727-441d-baa5-3d3b808250db 0be77fc2df0d4699921b2e54393c3997 1e48727445ed45f58a5bcc4460f023fb - - - -] Successfully bumped revision number for resource 3991a494-e45f-4f6f-b4a5-4fddeea6f96a (type: security_group_rules) to 0
2026-07-02 16:37:28.237 9 INFO neutron.wsgi [None req-63139320-2a93-48ee-9dcb-de0eaeb26efe c35ddf358b02483fa815d06f859a095b 4579ed06d0e54b3aad9bdf6de43bfae6 - - - -] 10.0.0.116 "PUT /v2.0/networks/75ef4b9f-31f0-4976-8021-4201f39a5889/tags HTTP/1.1" status: 200 len: 227 time: 0.0689197
2026-07-02 16:37:28.254 10 INFO neutron.wsgi [None req-1bf5818a-8727-441d-baa5-3d3b808250db 0be77fc2df0d4699921b2e54393c3997 1e48727445ed45f58a5bcc4460f023fb - - - -] 10.0.0.116 "POST /v2.0/security-group-rules HTTP/1.1" status: 201 len: 763 time: 0.2137105
2026-07-02 16:37:28.302 9 INFO neutron.wsgi [None req-3261a4ff-058f-4edb-8934-4036d206ba72 c35ddf358b02483fa815d06f859a095b 4579ed06d0e54b3aad9bdf6de43bfae6 - - - -] 10.0.0.116 "PUT /v2.0/networks/0fadc293-dd7a-4117-b67d-857eccc132c2/tags HTTP/1.1" status: 200 len: 212 time: 0.0580070
2026-07-02 16:37:28.396 10 INFO neutron.wsgi [None req-a13c3bec-2728-4efb-af40-c7df86cc87d8 c35ddf358b02483fa815d06f859a095b 4579ed06d0e54b3aad9bdf6de43bfae6 - - default default] 10.0.0.116 "GET /v2.0/networks?tags=red HTTP/1.1" status: 200 len: 2070 time: 0.0874860
2026-07-02 16:37:28.399 10 INFO neutron.wsgi [None req-b7c42be2-90d0-4015-95ca-4b6f74b7ff09 2ac471ffb14f471eaa02d796dab3e614 291a8a4200aa4ea78232fba5063cae26 - - - -] 10.0.0.116 "DELETE /v2.0/security-groups/6818b40d-270f-4dcd-b55f-c706c4aa9448 HTTP/1.1" status: 204 len: 168 time: 0.2782965
2026-07-02 16:37:28.455 9 INFO neutron.db.ovn_revision_numbers_db [None req-72ff5da8-e811-46b2-9365-7d4bc99dfb43 0be77fc2df0d4699921b2e54393c3997 1e48727445ed45f58a5bcc4460f023fb - - - -] Successfully bumped revision number for resource 4dd8c273-5841-40ed-9218-57ec11057b6c (type: security_group_rules) to 0
2026-07-02 16:37:28.513 9 INFO neutron.wsgi [None req-c7c3c1dc-a9bb-4bd2-964f-a6ea52bb54f4 c35ddf358b02483fa815d06f859a095b 4579ed06d0e54b3aad9bdf6de43bfae6 - - default default] 10.0.0.116 "GET /v2.0/networks?tags=red%2Cblue HTTP/1.1" status: 200 len: 1457 time: 0.1085637
2026-07-02 16:37:28.608 10 INFO neutron.wsgi [None req-6670fb38-c82f-421d-bd8b-a6549c547e48 c35ddf358b02483fa815d06f859a095b 4579ed06d0e54b3aad9bdf6de43bfae6 - - default default] 10.0.0.116 "GET /v2.0/networks?tags-any=blue HTTP/1.1" status: 200 len: 1457 time: 0.0863295
2026-07-02 16:37:28.682 10 INFO neutron.wsgi [None req-5e5b9164-4ec1-4f25-9161-ea182dc3ff53 c35ddf358b02483fa815d06f859a095b 4579ed06d0e54b3aad9bdf6de43bfae6 - - default default] 10.0.0.116 "GET /v2.0/networks?tags-any=red%2Cblue HTTP/1.1" status: 200 len: 2070 time: 0.0664670
2026-07-02 16:37:28.763 9 INFO neutron.wsgi [None req-72ff5da8-e811-46b2-9365-7d4bc99dfb43 0be77fc2df0d4699921b2e54393c3997 1e48727445ed45f58a5bcc4460f023fb - - - -] 10.0.0.116 "POST /v2.0/security-group-rules HTTP/1.1" status: 201 len: 769 time: 0.5021713
2026-07-02 16:37:28.834 10 INFO neutron.wsgi [None req-5baf04b8-05c8-4089-8e72-71774ad3d553 c35ddf358b02483fa815d06f859a095b 4579ed06d0e54b3aad9bdf6de43bfae6 - - default default] 10.0.0.116 "GET /v2.0/networks?not-tags=red HTTP/1.1" status: 200 len: 2069 time: 0.1469576
2026-07-02 16:37:28.853 10 INFO neutron.db.ovn_revision_numbers_db [None req-ca8aaa2b-637a-4899-b4b8-f7166cc5b2fe 2ac471ffb14f471eaa02d796dab3e614 291a8a4200aa4ea78232fba5063cae26 - - default default] Successfully bumped revision number for resource 4026dff0-b7ba-4c57-809e-fc08ee0da446 (type: security_groups) to 1
2026-07-02 16:37:28.876 10 INFO neutron.wsgi [None req-ca8aaa2b-637a-4899-b4b8-f7166cc5b2fe 2ac471ffb14f471eaa02d796dab3e614 291a8a4200aa4ea78232fba5063cae26 - - default default] 10.0.0.116 "GET /v2.0/security-groups?tenant_id=4e22225ef4644f779342b50b35b9f283&name=default HTTP/1.1" status: 200 len: 2996 time: 0.2655280
2026-07-02 16:37:28.946 10 INFO neutron.db.ovn_revision_numbers_db [None req-7e97f8db-5562-4f5e-9768-ba27bc501523 0be77fc2df0d4699921b2e54393c3997 1e48727445ed45f58a5bcc4460f023fb - - - -] Successfully bumped revision number for resource abeff1be-e89b-48a8-b77b-b21eb91284d4 (type: security_group_rules) to 0
2026-07-02 16:37:28.967 9 INFO neutron.wsgi [None req-ef399a23-f67c-4f17-8840-d9312ba49560 c35ddf358b02483fa815d06f859a095b 4579ed06d0e54b3aad9bdf6de43bfae6 - - default default] 10.0.0.116 "GET /v2.0/networks?not-tags=red%2Cblue HTTP/1.1" status: 200 len: 2682 time: 0.1276474
2026-07-02 16:37:28.975 10 INFO neutron.wsgi [None req-7e97f8db-5562-4f5e-9768-ba27bc501523 0be77fc2df0d4699921b2e54393c3997 1e48727445ed45f58a5bcc4460f023fb - - - -] 10.0.0.116 "POST /v2.0/security-group-rules HTTP/1.1" status: 201 len: 768 time: 0.2010067
2026-07-02 16:37:29.018 10 INFO neutron.db.securitygroups_db [None req-c365b0fd-f467-4e6e-a394-3f489192d7ae 0be77fc2df0d4699921b2e54393c3997 1e48727445ed45f58a5bcc4460f023fb - - - -] Project 1e48727445ed45f58a5bcc4460f023fb added a security group rule with legacy IPv6 ICMP protocol name icmp, ipv6-icmp should be used instead. It was automatically converted.
2026-07-02 16:37:29.100 10 INFO neutron.wsgi [None req-b251f344-a64b-4590-89c4-62be276faf93 2ac471ffb14f471eaa02d796dab3e614 291a8a4200aa4ea78232fba5063cae26 - - - -] 10.0.0.116 "DELETE /v2.0/security-groups/4026dff0-b7ba-4c57-809e-fc08ee0da446 HTTP/1.1" status: 204 len: 168 time: 0.2192044
2026-07-02 16:37:29.115 10 INFO neutron.db.ovn_revision_numbers_db [None req-c365b0fd-f467-4e6e-a394-3f489192d7ae 0be77fc2df0d4699921b2e54393c3997 1e48727445ed45f58a5bcc4460f023fb - - - -] Successfully bumped revision number for resource 2690f5fb-790d-4ba1-a7e5-66f3e63354f9 (type: security_group_rules) to 0
2026-07-02 16:37:29.133 9 INFO neutron.wsgi [None req-db4571b6-caff-427d-a073-670cbc462af6 c35ddf358b02483fa815d06f859a095b 4579ed06d0e54b3aad9bdf6de43bfae6 - - default default] 10.0.0.116 "GET /v2.0/networks?not-tags-any=blue HTTP/1.1" status: 200 len: 2682 time: 0.1590095
2026-07-02 16:37:29.152 10 INFO neutron.wsgi [None req-c365b0fd-f467-4e6e-a394-3f489192d7ae 0be77fc2df0d4699921b2e54393c3997 1e48727445ed45f58a5bcc4460f023fb - - - -] 10.0.0.116 "POST /v2.0/security-group-rules HTTP/1.1" status: 201 len: 774 time: 0.1707063
2026-07-02 16:37:29.158 9 INFO neutron.wsgi [None req-911415b2-18c7-4989-a00e-d13d4b55144d 6bbcdee396934d72b0bccea287047d18 242fbfd7f926485eb18724778e9bdf56 - - - -] 10.0.0.116 "DELETE /v2.0/routers/ee0096b7-8cdb-4d52-a9dc-5bb33f5ba4bf HTTP/1.1" status: 204 len: 168 time: 1.1259785
2026-07-02 16:37:29.189 9 INFO neutron.wsgi [None req-92cec374-2cde-4f96-8cf3-9df273d2b789 6bbcdee396934d72b0bccea287047d18 242fbfd7f926485eb18724778e9bdf56 - - default default] 10.0.0.116 "GET /v2.0/ports?device_id=ee0096b7-8cdb-4d52-a9dc-5bb33f5ba4bf HTTP/1.1" status: 200 len: 205 time: 0.0221059
