2026-07-02 16:04:16.407 15 INFO neutron.plugins.ml2.drivers.ovn.mech_driver.ovsdb.maintenance [None req-9fb2fb60-5c15-47b7-8a40-b797ccc4d38a - - - - - -] Maintenance task: Synchronization finished (took 0.12 seconds)
2026-07-02 16:04:17.160 10 INFO neutron.wsgi [-] 10.0.0.252 "GET / HTTP/1.1" status: 200 len: 247 time: 0.0025778
2026-07-02 16:04:17.160 9 INFO neutron.wsgi [-] 10.0.0.252 "GET / HTTP/1.1" status: 200 len: 247 time: 0.0025487
2026-07-02 16:04:32.162 10 INFO neutron.wsgi [-] 10.0.0.252 "GET / HTTP/1.1" status: 200 len: 247 time: 0.0034945
2026-07-02 16:04:32.162 9 INFO neutron.wsgi [-] 10.0.0.252 "GET / HTTP/1.1" status: 200 len: 247 time: 0.0040538
2026-07-02 16:04:47.161 10 INFO neutron.wsgi [-] 10.0.0.252 "GET / HTTP/1.1" status: 200 len: 247 time: 0.0025656
2026-07-02 16:04:47.162 9 INFO neutron.wsgi [-] 10.0.0.252 "GET / HTTP/1.1" status: 200 len: 247 time: 0.0029237
2026-07-02 16:05:02.161 10 INFO neutron.wsgi [-] 10.0.0.252 "GET / HTTP/1.1" status: 200 len: 247 time: 0.0024276
2026-07-02 16:05:02.163 9 INFO neutron.wsgi [-] 10.0.0.252 "GET / HTTP/1.1" status: 200 len: 247 time: 0.0032766
2026-07-02 16:05:17.160 9 INFO neutron.wsgi [-] 10.0.0.252 "GET / HTTP/1.1" status: 200 len: 247 time: 0.0023863
2026-07-02 16:05:17.162 10 INFO neutron.wsgi [-] 10.0.0.252 "GET / HTTP/1.1" status: 200 len: 247 time: 0.0035629
2026-07-02 16:05:32.160 10 INFO neutron.wsgi [-] 10.0.0.252 "GET / HTTP/1.1" status: 200 len: 247 time: 0.0017848
2026-07-02 16:05:32.162 10 INFO neutron.wsgi [-] 10.0.0.252 "GET / HTTP/1.1" status: 200 len: 247 time: 0.0014303
2026-07-02 16:05:47.161 9 INFO neutron.wsgi [-] 10.0.0.252 "GET / HTTP/1.1" status: 200 len: 247 time: 0.0025766
2026-07-02 16:05:47.161 10 INFO neutron.wsgi [-] 10.0.0.252 "GET / HTTP/1.1" status: 200 len: 247 time: 0.0025656
2026-07-02 16:06:02.161 9 INFO neutron.wsgi [-] 10.0.0.252 "GET / HTTP/1.1" status: 200 len: 247 time: 0.0028110
2026-07-02 16:06:02.162 10 INFO neutron.wsgi [-] 10.0.0.252 "GET / HTTP/1.1" status: 200 len: 247 time: 0.0033290
2026-07-02 16:06:17.162 9 INFO neutron.wsgi [-] 10.0.0.252 "GET / HTTP/1.1" status: 200 len: 247 time: 0.0039001
2026-07-02 16:06:17.163 10 INFO neutron.wsgi [-] 10.0.0.252 "GET / HTTP/1.1" status: 200 len: 247 time: 0.0040185 /var/lib/openstack/lib/python3.10/site-packages/memcache.py:1303: SyntaxWarning: "is" with a literal. Did you mean "=="? if key is '': /var/lib/openstack/lib/python3.10/site-packages/memcache.py:1304: SyntaxWarning: "is" with a literal. Did you mean "=="? if key_extra_len is 0: /var/lib/openstack/lib/python3.10/site-packages/pycadf/identifier.py:71: UserWarning: Invalid uuid: unknown. To ensure interoperability, identifiers should be a valid uuid. warnings.warn(('Invalid uuid: %s. To ensure interoperability, '
2026-07-02 16:06:18.919 10 WARNING oslo_policy.policy [None req-a13f2791-d27e-4afc-a341-a96c98583376 2ac471ffb14f471eaa02d796dab3e614 291a8a4200aa4ea78232fba5063cae26 - - default default] Policies ['delete_port', 'update_port:allowed_address_pairs', 'update_port:allowed_address_pairs:ip_address', 'update_port:allowed_address_pairs:mac_address', 'update_port:fixed_ips', 'update_port:mac_address'] reference a rule that is not defined.
2026-07-02 16:06:19.275 10 INFO neutron.wsgi [None req-a13f2791-d27e-4afc-a341-a96c98583376 2ac471ffb14f471eaa02d796dab3e614 291a8a4200aa4ea78232fba5063cae26 - - default default] 199.19.213.52,10.0.0.252 "GET /v2.0/networks HTTP/1.1" status: 200 len: 928 time: 0.8529541
2026-07-02 16:06:19.380 10 INFO neutron.db.segments_db [None req-9fa55294-9809-4421-84ad-c5ca12731430 2ac471ffb14f471eaa02d796dab3e614 291a8a4200aa4ea78232fba5063cae26 - - - -] Added segment efc71dc7-a53d-4deb-b024-b64d0ff72acf of type geneve for network c6876f43-7c20-4e02-b933-de07ed73b789
2026-07-02 16:06:19.492 10 INFO neutron.plugins.ml2.drivers.ovn.mech_driver.ovsdb.extensions.qos [None req-9fa55294-9809-4421-84ad-c5ca12731430 2ac471ffb14f471eaa02d796dab3e614 291a8a4200aa4ea78232fba5063cae26 - - - -] Starting OVNClientQosExtension
2026-07-02 16:06:19.492 10 INFO neutron.plugins.ml2.drivers.ovn.mech_driver.ovsdb.extensions.placement [None req-9fa55294-9809-4421-84ad-c5ca12731430 2ac471ffb14f471eaa02d796dab3e614 291a8a4200aa4ea78232fba5063cae26 - - - -] Starting OVNClientPlacementExtension
2026-07-02 16:06:19.564 10 INFO neutron.db.ovn_revision_numbers_db [None req-9fa55294-9809-4421-84ad-c5ca12731430 2ac471ffb14f471eaa02d796dab3e614 291a8a4200aa4ea78232fba5063cae26 - - - -] Successfully bumped revision number for resource c6876f43-7c20-4e02-b933-de07ed73b789 (type: networks) to 1
2026-07-02 16:06:19.832 10 WARNING neutron.scheduler.dhcp_agent_scheduler [None req-9fa55294-9809-4421-84ad-c5ca12731430 2ac471ffb14f471eaa02d796dab3e614 291a8a4200aa4ea78232fba5063cae26 - - - -] No more DHCP agents
2026-07-02 16:06:19.834 10 WARNING neutron.api.rpc.agentnotifiers.dhcp_rpc_agent_api [None req-9fa55294-9809-4421-84ad-c5ca12731430 2ac471ffb14f471eaa02d796dab3e614 291a8a4200aa4ea78232fba5063cae26 - - - -] Unable to schedule network c6876f43-7c20-4e02-b933-de07ed73b789: no agents available; will retry on subsequent port and subnet creation events.
2026-07-02 16:06:19.935 10 INFO neutron.db.ovn_revision_numbers_db [None req-9fa55294-9809-4421-84ad-c5ca12731430 2ac471ffb14f471eaa02d796dab3e614 291a8a4200aa4ea78232fba5063cae26 - - - -] Successfully bumped revision number for resource 631073ec-68b2-411f-9a0f-40e8495094a1 (type: ports) to 1
2026-07-02 16:06:19.968 10 INFO neutron.wsgi [None req-9fa55294-9809-4421-84ad-c5ca12731430 2ac471ffb14f471eaa02d796dab3e614 291a8a4200aa4ea78232fba5063cae26 - - - -] 199.19.213.52,10.0.0.252 "POST /v2.0/networks HTTP/1.1" status: 201 len: 890 time: 0.6881831
2026-07-02 16:06:20.961 10 INFO neutron.wsgi [None req-559d13dc-560c-40c9-93f0-dfb7888239bd 2ac471ffb14f471eaa02d796dab3e614 291a8a4200aa4ea78232fba5063cae26 - - default default] 199.19.213.52,10.0.0.252 "GET /v2.0/subnets HTTP/1.1" status: 200 len: 819 time: 0.1012440
2026-07-02 16:06:21.024 10 INFO neutron.wsgi [None req-53d8e00c-b197-447f-916b-fa7ddaf338c2 2ac471ffb14f471eaa02d796dab3e614 291a8a4200aa4ea78232fba5063cae26 - - default default] 199.19.213.52,10.0.0.252 "GET /v2.0/networks HTTP/1.1" status: 200 len: 1615 time: 0.0567319
2026-07-02 16:06:21.194 10 WARNING neutron.scheduler.dhcp_agent_scheduler [None req-ba4f2a42-d2cd-41d9-a252-96390f7bde83 2ac471ffb14f471eaa02d796dab3e614 291a8a4200aa4ea78232fba5063cae26 - - - -] No more DHCP agents
2026-07-02 16:06:21.196 10 WARNING neutron.api.rpc.agentnotifiers.dhcp_rpc_agent_api [None req-ba4f2a42-d2cd-41d9-a252-96390f7bde83 2ac471ffb14f471eaa02d796dab3e614 291a8a4200aa4ea78232fba5063cae26 - - - -] Unable to schedule network c6876f43-7c20-4e02-b933-de07ed73b789: no agents available; will retry on subsequent port and subnet creation events.
2026-07-02 16:06:21.794 10 INFO neutron.db.ovn_revision_numbers_db [None req-ba4f2a42-d2cd-41d9-a252-96390f7bde83 2ac471ffb14f471eaa02d796dab3e614 291a8a4200aa4ea78232fba5063cae26 - - - -] Successfully bumped revision number for resource 631073ec-68b2-411f-9a0f-40e8495094a1 (type: ports) to 2
2026-07-02 16:06:21.809 10 INFO neutron.db.ovn_revision_numbers_db [None req-ba4f2a42-d2cd-41d9-a252-96390f7bde83 2ac471ffb14f471eaa02d796dab3e614 291a8a4200aa4ea78232fba5063cae26 - - - -] Successfully bumped revision number for resource f9db03c2-fcf5-402e-a906-87d9f14280aa (type: subnets) to 0
2026-07-02 16:06:21.824 10 INFO neutron.wsgi [None req-ba4f2a42-d2cd-41d9-a252-96390f7bde83 2ac471ffb14f471eaa02d796dab3e614 291a8a4200aa4ea78232fba5063cae26 - - - -] 199.19.213.52,10.0.0.252 "POST /v2.0/subnets HTTP/1.1" status: 201 len: 807 time: 0.7955155
2026-07-02 16:06:22.862 10 INFO neutron.wsgi [None req-a19fedc9-cf71-45a1-ac41-6b7a52e18b02 2ac471ffb14f471eaa02d796dab3e614 291a8a4200aa4ea78232fba5063cae26 - - default default] 199.19.213.52,10.0.0.252 "GET /v2.0/security-groups?tenant_id=291a8a4200aa4ea78232fba5063cae26 HTTP/1.1" status: 200 len: 2969 time: 0.0849764
2026-07-02 16:06:22.972 10 INFO neutron.db.ovn_revision_numbers_db [None req-0ba620c6-3af5-43b6-9b99-f3c531b4e12f 2ac471ffb14f471eaa02d796dab3e614 291a8a4200aa4ea78232fba5063cae26 - - - -] Successfully bumped revision number for resource 7bf7156b-f3c4-4f6f-bf17-2fb657d915a4 (type: security_groups) to 1
2026-07-02 16:06:22.993 10 INFO neutron.wsgi [None req-0ba620c6-3af5-43b6-9b99-f3c531b4e12f 2ac471ffb14f471eaa02d796dab3e614 291a8a4200aa4ea78232fba5063cae26 - - - -] 199.19.213.52,10.0.0.252 "POST /v2.0/security-groups HTTP/1.1" status: 201 len: 1733 time: 0.1227195
2026-07-02 16:06:24.056 10 INFO neutron.wsgi [None req-b1ba5645-6e6e-477b-8cb1-4f5d5ec70639 2ac471ffb14f471eaa02d796dab3e614 291a8a4200aa4ea78232fba5063cae26 - - default default] 199.19.213.52,10.0.0.252 "GET /v2.0/security-groups?tenant_id=291a8a4200aa4ea78232fba5063cae26 HTTP/1.1" status: 200 len: 4503 time: 0.0816391
2026-07-02 16:06:24.121 10 INFO neutron.wsgi [None req-15615031-25c3-4771-a896-a816fc9b6192 2ac471ffb14f471eaa02d796dab3e614 291a8a4200aa4ea78232fba5063cae26 - - default default] 199.19.213.52,10.0.0.252 "GET /v2.0/security-groups HTTP/1.1" status: 200 len: 4503 time: 0.0588095
2026-07-02 16:06:24.258 10 INFO neutron.db.ovn_revision_numbers_db [None req-88a3e099-6f42-40b6-b83f-8b8e37ed35a6 2ac471ffb14f471eaa02d796dab3e614 291a8a4200aa4ea78232fba5063cae26 - - - -] Successfully bumped revision number for resource a6f3d592-12bd-4730-bda0-0e440c442bab (type: security_group_rules) to 0
2026-07-02 16:06:24.289 10 INFO neutron.wsgi [None req-88a3e099-6f42-40b6-b83f-8b8e37ed35a6 2ac471ffb14f471eaa02d796dab3e614 291a8a4200aa4ea78232fba5063cae26 - - - -] 199.19.213.52,10.0.0.252 "POST /v2.0/security-group-rules HTTP/1.1" status: 201 len: 749 time: 0.1598208
2026-07-02 16:06:25.143 10 INFO neutron.wsgi [None req-6eebd079-1891-4d7f-818a-545a6de48694 2ac471ffb14f471eaa02d796dab3e614 291a8a4200aa4ea78232fba5063cae26 - - default default] 199.19.213.52,10.0.0.252 "GET /v2.0/security-groups?tenant_id=291a8a4200aa4ea78232fba5063cae26 HTTP/1.1" status: 200 len: 5085 time: 0.0735343
2026-07-02 16:06:25.191 10 INFO neutron.wsgi [None req-d1a30dae-3d8a-4fd1-bfa6-73feccd6b318 2ac471ffb14f471eaa02d796dab3e614 291a8a4200aa4ea78232fba5063cae26 - - default default] 199.19.213.52,10.0.0.252 "GET /v2.0/security-groups HTTP/1.1" status: 200 len: 5085 time: 0.0377700
2026-07-02 16:06:25.303 10 INFO neutron.db.ovn_revision_numbers_db [None req-14f7c8cf-82d1-4706-ab01-a1b2ef799a24 2ac471ffb14f471eaa02d796dab3e614 291a8a4200aa4ea78232fba5063cae26 - - - -] Successfully bumped revision number for resource 13c3a5d3-755f-469c-9f90-49e3b034ad5b (type: security_group_rules) to 0
2026-07-02 16:06:25.349 10 INFO neutron.wsgi [None req-14f7c8cf-82d1-4706-ab01-a1b2ef799a24 2ac471ffb14f471eaa02d796dab3e614 291a8a4200aa4ea78232fba5063cae26 - - - -] 199.19.213.52,10.0.0.252 "POST /v2.0/security-group-rules HTTP/1.1" status: 201 len: 751 time: 0.1493330
2026-07-02 16:06:26.261 9 INFO neutron.wsgi [None req-21dcd601-0c12-4304-a8f9-8b0e8f2b9907 2ac471ffb14f471eaa02d796dab3e614 291a8a4200aa4ea78232fba5063cae26 - - default default] 199.19.213.52,10.0.0.252 "GET /v2.0/security-groups?tenant_id=291a8a4200aa4ea78232fba5063cae26 HTTP/1.1" status: 200 len: 5669 time: 0.0926340
2026-07-02 16:06:26.303 9 INFO neutron.wsgi [None req-db5167c2-c578-471f-a139-f4541c06f725 2ac471ffb14f471eaa02d796dab3e614 291a8a4200aa4ea78232fba5063cae26 - - default default] 199.19.213.52,10.0.0.252 "GET /v2.0/security-groups HTTP/1.1" status: 200 len: 5669 time: 0.0362000
2026-07-02 16:06:26.488 9 INFO neutron.db.ovn_revision_numbers_db [None req-83eeae38-1746-4ffb-9ca4-cbae32015180 2ac471ffb14f471eaa02d796dab3e614 291a8a4200aa4ea78232fba5063cae26 - - - -] Successfully bumped revision number for resource 219ee436-36b1-4384-ab61-e210ca4d21b9 (type: security_group_rules) to 0
2026-07-02 16:06:26.525 9 INFO neutron.wsgi [None req-83eeae38-1746-4ffb-9ca4-cbae32015180 2ac471ffb14f471eaa02d796dab3e614 291a8a4200aa4ea78232fba5063cae26 - - - -] 199.19.213.52,10.0.0.252 "POST /v2.0/security-group-rules HTTP/1.1" status: 201 len: 751 time: 0.2099252
2026-07-02 16:06:27.378 10 INFO neutron.wsgi [None req-6846bc62-08e7-43a8-8140-5add92e548f1 2ac471ffb14f471eaa02d796dab3e614 291a8a4200aa4ea78232fba5063cae26 - - default default] 199.19.213.52,10.0.0.252 "GET /v2.0/security-groups?tenant_id=291a8a4200aa4ea78232fba5063cae26 HTTP/1.1" status: 200 len: 6253 time: 0.0943551
2026-07-02 16:06:27.425 10 INFO neutron.wsgi [None req-77adb525-4efd-4f46-9397-d9330f526f53 2ac471ffb14f471eaa02d796dab3e614 291a8a4200aa4ea78232fba5063cae26 - - default default] 199.19.213.52,10.0.0.252 "GET /v2.0/security-groups HTTP/1.1" status: 200 len: 6253 time: 0.0391583
2026-07-02 16:06:27.557 10 INFO neutron.db.ovn_revision_numbers_db [None req-f069d298-4117-4a37-8d33-354c5ea4c649 2ac471ffb14f471eaa02d796dab3e614 291a8a4200aa4ea78232fba5063cae26 - - - -] Successfully bumped revision number for resource 6115c311-dada-405a-8daf-fed46f4a427f (type: security_group_rules) to 0
2026-07-02 16:06:27.586 10 INFO neutron.wsgi [None req-f069d298-4117-4a37-8d33-354c5ea4c649 2ac471ffb14f471eaa02d796dab3e614 291a8a4200aa4ea78232fba5063cae26 - - - -] 199.19.213.52,10.0.0.252 "POST /v2.0/security-group-rules HTTP/1.1" status: 201 len: 751 time: 0.1527293
2026-07-02 16:06:28.463 9 INFO neutron.wsgi [None req-fe117efb-daf1-40af-87e9-877048175209 2ac471ffb14f471eaa02d796dab3e614 291a8a4200aa4ea78232fba5063cae26 - - default default] 199.19.213.52,10.0.0.252 "GET /v2.0/security-groups?tenant_id=291a8a4200aa4ea78232fba5063cae26 HTTP/1.1" status: 200 len: 6837 time: 0.1016030
2026-07-02 16:06:28.509 9 INFO neutron.wsgi [None req-b955a9e3-583f-4361-9960-ce93adf286be 2ac471ffb14f471eaa02d796dab3e614 291a8a4200aa4ea78232fba5063cae26 - - default default] 199.19.213.52,10.0.0.252 "GET /v2.0/security-groups HTTP/1.1" status: 200 len: 6837 time: 0.0369389
2026-07-02 16:06:28.640 9 INFO neutron.db.ovn_revision_numbers_db [None req-2275603d-01e6-4aaf-849f-6970392cb5c0 2ac471ffb14f471eaa02d796dab3e614 291a8a4200aa4ea78232fba5063cae26 - - - -] Successfully bumped revision number for resource f69d8970-b0b9-4be0-827c-e1f60791d9a8 (type: security_group_rules) to 0
2026-07-02 16:06:28.667 9 INFO neutron.wsgi [None req-2275603d-01e6-4aaf-849f-6970392cb5c0 2ac471ffb14f471eaa02d796dab3e614 291a8a4200aa4ea78232fba5063cae26 - - - -] 199.19.213.52,10.0.0.252 "POST /v2.0/security-group-rules HTTP/1.1" status: 201 len: 751 time: 0.1486607
2026-07-02 16:06:29.719 10 INFO neutron.wsgi [None req-651b6631-686e-4f98-9175-d1b3287fe11c 2ac471ffb14f471eaa02d796dab3e614 291a8a4200aa4ea78232fba5063cae26 - - default default] 199.19.213.52,10.0.0.252 "GET /v2.0/security-groups HTTP/1.1" status: 200 len: 7421 time: 0.0896401
2026-07-02 16:06:29.775 10 INFO neutron.wsgi [None req-35a12a72-7f69-4204-be60-725aacf9a7bb 2ac471ffb14f471eaa02d796dab3e614 291a8a4200aa4ea78232fba5063cae26 - - default default] 199.19.213.52,10.0.0.252 "GET /v2.0/ports HTTP/1.1" status: 200 len: 2301 time: 0.0490167
2026-07-02 16:06:29.857 10 INFO neutron.wsgi [None req-81d69994-32d6-4acd-b207-411122ca8ccb 2ac471ffb14f471eaa02d796dab3e614 291a8a4200aa4ea78232fba5063cae26 - - default default] 199.19.213.52,10.0.0.252 "GET /v2.0/networks HTTP/1.1" status: 200 len: 1653 time: 0.0717411
2026-07-02 16:06:30.197 10 WARNING neutron.scheduler.dhcp_agent_scheduler [None req-ba579a1e-a898-40f6-88ee-b7608f69341b 2ac471ffb14f471eaa02d796dab3e614 291a8a4200aa4ea78232fba5063cae26 - - - -] No more DHCP agents
2026-07-02 16:06:30.199 10 WARNING neutron.api.rpc.agentnotifiers.dhcp_rpc_agent_api [None req-ba579a1e-a898-40f6-88ee-b7608f69341b 2ac471ffb14f471eaa02d796dab3e614 291a8a4200aa4ea78232fba5063cae26 - - - -] Unable to schedule network c6876f43-7c20-4e02-b933-de07ed73b789: no agents available; will retry on subsequent port and subnet creation events.
2026-07-02 16:06:30.327 10 INFO neutron.db.ovn_revision_numbers_db [None req-ba579a1e-a898-40f6-88ee-b7608f69341b 2ac471ffb14f471eaa02d796dab3e614 291a8a4200aa4ea78232fba5063cae26 - - - -] Successfully bumped revision number for resource d8e966e7-567a-4ce0-838d-f793d3e7c0d9 (type: ports) to 1
2026-07-02 16:06:30.347 10 INFO neutron.wsgi [None req-ba579a1e-a898-40f6-88ee-b7608f69341b 2ac471ffb14f471eaa02d796dab3e614 291a8a4200aa4ea78232fba5063cae26 - - - -] 199.19.213.52,10.0.0.252 "POST /v2.0/ports HTTP/1.1" status: 201 len: 1281 time: 0.4854677
2026-07-02 16:06:32.162 10 INFO neutron.wsgi [-] 10.0.0.252 "GET / HTTP/1.1" status: 200 len: 247 time: 0.0032854
2026-07-02 16:06:32.164 10 INFO neutron.wsgi [-] 10.0.0.252 "GET / HTTP/1.1" status: 200 len: 247 time: 0.0013070
2026-07-02 16:06:36.501 9 INFO neutron.pecan_wsgi.hooks.translation [None req-e934679a-8e87-4e99-b380-a43ca4580bca 2ac471ffb14f471eaa02d796dab3e614 291a8a4200aa4ea78232fba5063cae26 - - default default] GET failed (client error): The resource could not be found.
2026-07-02 16:06:36.502 9 INFO neutron.wsgi [None req-e934679a-8e87-4e99-b380-a43ca4580bca 2ac471ffb14f471eaa02d796dab3e614 291a8a4200aa4ea78232fba5063cae26 - - default default] 199.19.213.52,10.0.0.252 "GET /v2.0/ports/octavia-health-manager-port-instance HTTP/1.1" status: 404 len: 314 time: 0.0807607
2026-07-02 16:06:36.556 9 INFO neutron.wsgi [None req-dfe577f4-9b7e-474b-89a5-321a8f941f42 2ac471ffb14f471eaa02d796dab3e614 291a8a4200aa4ea78232fba5063cae26 - - default default] 199.19.213.52,10.0.0.252 "GET /v2.0/ports?name=octavia-health-manager-port-instance HTTP/1.1" status: 200 len: 1279 time: 0.0496707
2026-07-02 16:06:36.978 9 INFO neutron.db.ovn_revision_numbers_db [None req-b58c147b-060e-40ab-b712-8282e91edac2 2ac471ffb14f471eaa02d796dab3e614 291a8a4200aa4ea78232fba5063cae26 - - - -] Successfully bumped revision number for resource d8e966e7-567a-4ce0-838d-f793d3e7c0d9 (type: ports) to 1
2026-07-02 16:06:37.177 9 INFO neutron.db.ovn_revision_numbers_db [None req-b58c147b-060e-40ab-b712-8282e91edac2 2ac471ffb14f471eaa02d796dab3e614 291a8a4200aa4ea78232fba5063cae26 - - - -] Successfully bumped revision number for resource d8e966e7-567a-4ce0-838d-f793d3e7c0d9 (type: ports) to 2
2026-07-02 16:06:37.194 9 INFO neutron.wsgi [None req-b58c147b-060e-40ab-b712-8282e91edac2 2ac471ffb14f471eaa02d796dab3e614 291a8a4200aa4ea78232fba5063cae26 - - - -] 199.19.213.52,10.0.0.252 "PUT /v2.0/ports/d8e966e7-567a-4ce0-838d-f793d3e7c0d9 HTTP/1.1" status: 200 len: 1318 time: 0.6319587 /var/lib/openstack/lib/python3.10/site-packages/pycadf/identifier.py:71: UserWarning: Invalid uuid: unknown. To ensure interoperability, identifiers should be a valid uuid. warnings.warn(('Invalid uuid: %s. To ensure interoperability, '
2026-07-02 16:06:38.775 9 INFO neutron.wsgi [None req-4690fc0c-4f3d-43b9-953d-929307d7962f 2ac471ffb14f471eaa02d796dab3e614 291a8a4200aa4ea78232fba5063cae26 - - default default] 199.19.213.52,10.0.0.252 "GET /v2.0/ports HTTP/1.1" status: 200 len: 3463 time: 0.0976954 /var/lib/openstack/lib/python3.10/site-packages/pycadf/identifier.py:71: UserWarning: Invalid uuid: unknown. To ensure interoperability, identifiers should be a valid uuid. warnings.warn(('Invalid uuid: %s. To ensure interoperability, '
2026-07-02 16:06:39.795 10 INFO neutron.wsgi [None req-03d32ade-47bb-4fdf-989c-e56c8c8774a3 2ac471ffb14f471eaa02d796dab3e614 291a8a4200aa4ea78232fba5063cae26 - - default default] 199.19.213.52,10.0.0.252 "GET /v2.0/security-groups?tenant_id=291a8a4200aa4ea78232fba5063cae26 HTTP/1.1" status: 200 len: 7421 time: 0.0959244
2026-07-02 16:06:39.940 10 INFO neutron.db.ovn_revision_numbers_db [None req-59cb4338-0365-4fac-802d-93a8ac46c73f 2ac471ffb14f471eaa02d796dab3e614 291a8a4200aa4ea78232fba5063cae26 - - - -] Successfully bumped revision number for resource b7d305d6-296d-48f1-ac18-e3418dbc054f (type: security_groups) to 1
2026-07-02 16:06:39.957 10 INFO neutron.wsgi [None req-59cb4338-0365-4fac-802d-93a8ac46c73f 2ac471ffb14f471eaa02d796dab3e614 291a8a4200aa4ea78232fba5063cae26 - - - -] 199.19.213.52,10.0.0.252 "POST /v2.0/security-groups HTTP/1.1" status: 201 len: 1727 time: 0.1540148
2026-07-02 16:06:40.900 9 INFO neutron.wsgi [None req-2e65a39b-a157-4cc9-ae79-feece76d2863 2ac471ffb14f471eaa02d796dab3e614 291a8a4200aa4ea78232fba5063cae26 - - default default] 199.19.213.52,10.0.0.252 "GET /v2.0/security-groups?tenant_id=291a8a4200aa4ea78232fba5063cae26 HTTP/1.1" status: 200 len: 8949 time: 0.0793352
2026-07-02 16:06:40.949 9 INFO neutron.wsgi [None req-e78a4ba1-c72c-42bf-9fa7-cd0cfffb816a 2ac471ffb14f471eaa02d796dab3e614 291a8a4200aa4ea78232fba5063cae26 - - default default] 199.19.213.52,10.0.0.252 "GET /v2.0/security-groups HTTP/1.1" status: 200 len: 8949 time: 0.0412078
2026-07-02 16:06:41.064 9 INFO neutron.db.ovn_revision_numbers_db [None req-4786328b-c07e-43a4-b3ab-ff2a6d41501b 2ac471ffb14f471eaa02d796dab3e614 291a8a4200aa4ea78232fba5063cae26 - - - -] Successfully bumped revision number for resource 68b51e81-2e9a-4308-87fa-5aa40b141281 (type: security_group_rules) to 0
2026-07-02 16:06:41.087 9 INFO neutron.wsgi [None req-4786328b-c07e-43a4-b3ab-ff2a6d41501b 2ac471ffb14f471eaa02d796dab3e614 291a8a4200aa4ea78232fba5063cae26 - - - -] 199.19.213.52,10.0.0.252 "POST /v2.0/security-group-rules HTTP/1.1" status: 201 len: 771 time: 0.1310990
2026-07-02 16:06:41.929 9 INFO neutron.wsgi [None req-f75e393d-7380-42c4-b3c7-c1a87aa15ba8 2ac471ffb14f471eaa02d796dab3e614 291a8a4200aa4ea78232fba5063cae26 - - default default] 199.19.213.52,10.0.0.252 "GET /v2.0/security-groups?tenant_id=291a8a4200aa4ea78232fba5063cae26 HTTP/1.1" status: 200 len: 9553 time: 0.0913904
2026-07-02 16:06:41.985 9 INFO neutron.wsgi [None req-04968430-afe1-4d9e-aade-79c9f265d029 2ac471ffb14f471eaa02d796dab3e614 291a8a4200aa4ea78232fba5063cae26 - - default default] 199.19.213.52,10.0.0.252 "GET /v2.0/security-groups HTTP/1.1" status: 200 len: 9553 time: 0.0481176
2026-07-02 16:06:42.117 9 INFO neutron.db.ovn_revision_numbers_db [None req-536ff5e5-5791-4540-aff0-d57278532ebc 2ac471ffb14f471eaa02d796dab3e614 291a8a4200aa4ea78232fba5063cae26 - - - -] Successfully bumped revision number for resource 1303d08b-9eeb-48fc-895c-5e2782ae3d5d (type: security_group_rules) to 0
2026-07-02 16:06:42.143 9 INFO neutron.wsgi [None req-536ff5e5-5791-4540-aff0-d57278532ebc 2ac471ffb14f471eaa02d796dab3e614 291a8a4200aa4ea78232fba5063cae26 - - - -] 199.19.213.52,10.0.0.252 "POST /v2.0/security-group-rules HTTP/1.1" status: 201 len: 775 time: 0.1474073
2026-07-02 16:06:47.161 10 INFO neutron.wsgi [-] 10.0.0.252 "GET / HTTP/1.1" status: 200 len: 247 time: 0.0027137
2026-07-02 16:06:47.162 9 INFO neutron.wsgi [-] 10.0.0.252 "GET / HTTP/1.1" status: 200 len: 247 time: 0.0036871
2026-07-02 16:07:02.160 10 INFO neutron.wsgi [-] 10.0.0.252 "GET / HTTP/1.1" status: 200 len: 247 time: 0.0017376
2026-07-02 16:07:02.161 9 INFO neutron.wsgi [-] 10.0.0.252 "GET / HTTP/1.1" status: 200 len: 247 time: 0.0022035
2026-07-02 16:07:17.162 9 INFO neutron.wsgi [-] 10.0.0.252 "GET / HTTP/1.1" status: 200 len: 247 time: 0.0027046
2026-07-02 16:07:17.162 10 INFO neutron.wsgi [-] 10.0.0.252 "GET / HTTP/1.1" status: 200 len: 247 time: 0.0031822
2026-07-02 16:07:32.165 9 INFO neutron.wsgi [-] 10.0.0.252 "GET / HTTP/1.1" status: 200 len: 247 time: 0.0063062
2026-07-02 16:07:32.166 10 INFO neutron.wsgi [-] 10.0.0.252 "GET / HTTP/1.1" status: 200 len: 247 time: 0.0079491
2026-07-02 16:07:47.161 10 INFO neutron.wsgi [-] 10.0.0.252 "GET / HTTP/1.1" status: 200 len: 247 time: 0.0024118
2026-07-02 16:07:47.161 9 INFO neutron.wsgi [-] 10.0.0.252 "GET / HTTP/1.1" status: 200 len: 247 time: 0.0024757
2026-07-02 16:07:59.623 10 INFO neutron.wsgi [None req-120dd322-8c52-4548-92e4-049f198f9281 2ac471ffb14f471eaa02d796dab3e614 291a8a4200aa4ea78232fba5063cae26 - - default default] 199.19.213.52,10.0.0.252 "GET /v2.0/quotas/291a8a4200aa4ea78232fba5063cae26 HTTP/1.1" status: 200 len: 362 time: 0.0163834 /var/lib/openstack/lib/python3.10/site-packages/neutron/extensions/quotasv2.py:140: UserWarning: Neutron quota engine will require "--force" parameter to set a quota limit without checking the resource usage. warnings.warn('Neutron quota engine will require "--force" '
2026-07-02 16:08:00.003 10 INFO neutron.wsgi [None req-92496294-aad4-48c2-9198-9a9f12439ba4 2ac471ffb14f471eaa02d796dab3e614 291a8a4200aa4ea78232fba5063cae26 - - default default] 199.19.213.52,10.0.0.252 "PUT /v2.0/quotas/291a8a4200aa4ea78232fba5063cae26 HTTP/1.1" status: 200 len: 361 time: 0.0390668
2026-07-02 16:08:00.329 10 INFO neutron.wsgi [None req-184d5cef-a209-4f56-b160-ab64c752f9cb 2ac471ffb14f471eaa02d796dab3e614 291a8a4200aa4ea78232fba5063cae26 - - default default] 199.19.213.52,10.0.0.252 "GET /v2.0/quotas/291a8a4200aa4ea78232fba5063cae26 HTTP/1.1" status: 200 len: 361 time: 0.0149457
2026-07-02 16:08:02.160 9 INFO neutron.wsgi [-] 10.0.0.252 "GET / HTTP/1.1" status: 200 len: 247 time: 0.0026836
2026-07-02 16:08:02.165 9 INFO neutron.wsgi [-] 10.0.0.252 "GET / HTTP/1.1" status: 200 len: 247 time: 0.0042331
2026-07-02 16:08:17.160 10 INFO neutron.wsgi [-] 10.0.0.252 "GET / HTTP/1.1" status: 200 len: 247 time: 0.0023179
2026-07-02 16:08:17.162 9 INFO neutron.wsgi [-] 10.0.0.252 "GET / HTTP/1.1" status: 200 len: 247 time: 0.0043709
2026-07-02 16:08:32.161 10 INFO neutron.wsgi [-] 10.0.0.252 "GET / HTTP/1.1" status: 200 len: 247 time: 0.0022545
2026-07-02 16:08:32.163 9 INFO neutron.wsgi [-] 10.0.0.252 "GET / HTTP/1.1" status: 200 len: 247 time: 0.0028057
2026-07-02 16:08:47.160 9 INFO neutron.wsgi [-] 10.0.0.252 "GET / HTTP/1.1" status: 200 len: 247 time: 0.0024366
2026-07-02 16:08:47.161 10 INFO neutron.wsgi [-] 10.0.0.252 "GET / HTTP/1.1" status: 200 len: 247 time: 0.0025551
2026-07-02 16:09:02.162 9 INFO neutron.wsgi [-] 10.0.0.252 "GET / HTTP/1.1" status: 200 len: 247 time: 0.0031693
2026-07-02 16:09:02.164 9 INFO neutron.wsgi [-] 10.0.0.252 "GET / HTTP/1.1" status: 200 len: 247 time: 0.0018466
2026-07-02 16:09:16.410 15 INFO neutron.db.ovn_revision_numbers_db [None req-9fb2fb60-5c15-47b7-8a40-b797ccc4d38a - - - - - -] Successfully bumped revision number for resource c6876f43-7c20-4e02-b933-de07ed73b789 (type: networks) to 2
2026-07-02 16:09:16.463 15 INFO neutron.db.ovn_revision_numbers_db [None req-9fb2fb60-5c15-47b7-8a40-b797ccc4d38a - - - - - -] Successfully bumped revision number for resource 7bf7156b-f3c4-4f6f-bf17-2fb657d915a4 (type: security_groups) to 6
2026-07-02 16:09:16.511 15 INFO neutron.db.ovn_revision_numbers_db [None req-9fb2fb60-5c15-47b7-8a40-b797ccc4d38a - - - - - -] Successfully bumped revision number for resource b7d305d6-296d-48f1-ac18-e3418dbc054f (type: security_groups) to 3
2026-07-02 16:09:16.676 15 INFO neutron.db.ovn_revision_numbers_db [None req-9fb2fb60-5c15-47b7-8a40-b797ccc4d38a - - - - - -] Successfully bumped revision number for resource d8e966e7-567a-4ce0-838d-f793d3e7c0d9 (type: ports) to 3
2026-07-02 16:09:16.676 15 INFO neutron.plugins.ml2.drivers.ovn.mech_driver.ovsdb.maintenance [None req-9fb2fb60-5c15-47b7-8a40-b797ccc4d38a - - - - - -] Maintenance task: Synchronization finished (took 0.35 seconds)
2026-07-02 16:09:17.162 10 INFO neutron.wsgi [-] 10.0.0.252 "GET / HTTP/1.1" status: 200 len: 247 time: 0.0031703
2026-07-02 16:09:17.162 9 INFO neutron.wsgi [-] 10.0.0.252 "GET / HTTP/1.1" status: 200 len: 247 time: 0.0037141
2026-07-02 16:09:32.161 10 INFO neutron.wsgi [-] 10.0.0.252 "GET / HTTP/1.1" status: 200 len: 247 time: 0.0024869
2026-07-02 16:09:32.161 9 INFO neutron.wsgi [-] 10.0.0.252 "GET / HTTP/1.1" status: 200 len: 247 time: 0.0028257
2026-07-02 16:09:47.161 9 INFO neutron.wsgi [-] 10.0.0.252 "GET / HTTP/1.1" status: 200 len: 247 time: 0.0034542
2026-07-02 16:09:47.162 10 INFO neutron.wsgi [-] 10.0.0.252 "GET / HTTP/1.1" status: 200 len: 247 time: 0.0032628 /var/lib/openstack/lib/python3.10/site-packages/pycadf/identifier.py:71: UserWarning: Invalid uuid: neutron. To ensure interoperability, identifiers should be a valid uuid. warnings.warn(('Invalid uuid: %s. To ensure interoperability, '
2026-07-02 16:09:59.360 9 INFO neutron.pecan_wsgi.hooks.translation [None req-6c6d7405-a90f-4f20-bad7-7d4f5d1b7071 2ac471ffb14f471eaa02d796dab3e614 291a8a4200aa4ea78232fba5063cae26 - - default default] GET failed (client error): The resource could not be found.
2026-07-02 16:09:59.362 9 INFO neutron.wsgi [None req-6c6d7405-a90f-4f20-bad7-7d4f5d1b7071 2ac471ffb14f471eaa02d796dab3e614 291a8a4200aa4ea78232fba5063cae26 - - default default] 199.19.213.52 "GET /v2.0/ports/octavia-health-manager-port-instance HTTP/1.1" status: 404 len: 338 time: 0.1912770
2026-07-02 16:09:59.396 9 INFO neutron.wsgi [None req-33cce23d-88ce-430d-b10a-b0757b034e75 2ac471ffb14f471eaa02d796dab3e614 291a8a4200aa4ea78232fba5063cae26 - - default default] 199.19.213.52 "GET /v2.0/ports?name=octavia-health-manager-port-instance HTTP/1.1" status: 200 len: 1373 time: 0.0300200
2026-07-02 16:10:01.465 9 INFO neutron.pecan_wsgi.hooks.translation [None req-f7bdfc8f-e7e9-4cf7-b5ff-a933782c3cdf 2ac471ffb14f471eaa02d796dab3e614 291a8a4200aa4ea78232fba5063cae26 - - default default] GET failed (client error): The resource could not be found.
2026-07-02 16:10:01.467 9 INFO neutron.wsgi [None req-f7bdfc8f-e7e9-4cf7-b5ff-a933782c3cdf 2ac471ffb14f471eaa02d796dab3e614 291a8a4200aa4ea78232fba5063cae26 - - default default] 199.19.213.52 "GET /v2.0/ports/octavia-health-manager-port-instance HTTP/1.1" status: 404 len: 338 time: 0.1388345
2026-07-02 16:10:01.505 9 INFO neutron.wsgi [None req-18c2fd14-b70d-4101-90eb-829d92070826 2ac471ffb14f471eaa02d796dab3e614 291a8a4200aa4ea78232fba5063cae26 - - default default] 199.19.213.52 "GET /v2.0/ports?name=octavia-health-manager-port-instance HTTP/1.1" status: 200 len: 1373 time: 0.0317371
2026-07-02 16:10:02.160 9 INFO neutron.wsgi [-] 10.0.0.252 "GET / HTTP/1.1" status: 200 len: 247 time: 0.0018129
2026-07-02 16:10:02.161 10 INFO neutron.wsgi [-] 10.0.0.252 "GET / HTTP/1.1" status: 200 len: 247 time: 0.0025828
2026-07-02 16:10:03.110 10 INFO neutron.plugins.ml2.drivers.ovn.mech_driver.mech_driver [-] OVN reports status up for port: d8e966e7-567a-4ce0-838d-f793d3e7c0d9
2026-07-02 16:10:03.125 10 INFO neutron.plugins.ml2.plugin [None req-c1e7f0c7-445f-4159-a3fc-72961c49ddd5 - - - - - -] Attempt 1 to provision port d8e966e7-567a-4ce0-838d-f793d3e7c0d9
2026-07-02 16:10:03.415 10 INFO neutron.db.ovn_revision_numbers_db [None req-c1e7f0c7-445f-4159-a3fc-72961c49ddd5 - - - - - -] Successfully bumped revision number for resource d8e966e7-567a-4ce0-838d-f793d3e7c0d9 (type: ports) to 4
2026-07-02 16:10:17.162 10 INFO neutron.wsgi [-] 10.0.0.252 "GET / HTTP/1.1" status: 200 len: 247 time: 0.0034006
2026-07-02 16:10:17.162 9 INFO neutron.wsgi [-] 10.0.0.252 "GET / HTTP/1.1" status: 200 len: 247 time: 0.0030324
2026-07-02 16:10:32.161 10 INFO neutron.wsgi [-] 10.0.0.252 "GET / HTTP/1.1" status: 200 len: 247 time: 0.0034354
2026-07-02 16:10:32.161 9 INFO neutron.wsgi [-] 10.0.0.252 "GET / HTTP/1.1" status: 200 len: 247 time: 0.0032606
2026-07-02 16:10:47.161 10 INFO neutron.wsgi [-] 10.0.0.252 "GET / HTTP/1.1" status: 200 len: 247 time: 0.0023398
2026-07-02 16:10:47.164 10 INFO neutron.wsgi [-] 10.0.0.252 "GET / HTTP/1.1" status: 200 len: 247 time: 0.0016944
2026-07-02 16:11:02.161 9 INFO neutron.wsgi [-] 10.0.0.252 "GET / HTTP/1.1" status: 200 len: 247 time: 0.0019343
2026-07-02 16:11:02.164 9 INFO neutron.wsgi [-] 10.0.0.252 "GET / HTTP/1.1" status: 200 len: 247 time: 0.0023603
2026-07-02 16:11:17.161 9 INFO neutron.wsgi [-] 10.0.0.252 "GET / HTTP/1.1" status: 200 len: 247 time: 0.0025768
2026-07-02 16:11:17.163 9 INFO neutron.wsgi [-] 10.0.0.252 "GET / HTTP/1.1" status: 200 len: 247 time: 0.0013607
2026-07-02 16:11:32.161 9 INFO neutron.wsgi [-] 10.0.0.252 "GET / HTTP/1.1" status: 200 len: 247 time: 0.0028791
2026-07-02 16:11:32.161 10 INFO neutron.wsgi [-] 10.0.0.252 "GET / HTTP/1.1" status: 200 len: 247 time: 0.0028312
2026-07-02 16:11:47.159 9 INFO neutron.wsgi [-] 10.0.0.252 "GET / HTTP/1.1" status: 200 len: 247 time: 0.0020988
2026-07-02 16:11:47.160 10 INFO neutron.wsgi [-] 10.0.0.252 "GET / HTTP/1.1" status: 200 len: 247 time: 0.0028880
2026-07-02 16:12:02.159 10 INFO neutron.wsgi [-] 10.0.0.252 "GET / HTTP/1.1" status: 200 len: 247 time: 0.0018196
2026-07-02 16:12:02.162 9 INFO neutron.wsgi [-] 10.0.0.252 "GET / HTTP/1.1" status: 200 len: 247 time: 0.0037017
2026-07-02 16:12:17.160 9 INFO neutron.wsgi [-] 10.0.0.252 "GET / HTTP/1.1" status: 200 len: 247 time: 0.0015850
2026-07-02 16:12:17.161 10 INFO neutron.wsgi [-] 10.0.0.252 "GET / HTTP/1.1" status: 200 len: 247 time: 0.0029185
2026-07-02 16:12:32.160 9 INFO neutron.wsgi [-] 10.0.0.252 "GET / HTTP/1.1" status: 200 len: 247 time: 0.0017886
2026-07-02 16:12:32.163 10 INFO neutron.wsgi [-] 10.0.0.252 "GET / HTTP/1.1" status: 200 len: 247 time: 0.0028815
2026-07-02 16:12:47.161 10 INFO neutron.wsgi [-] 10.0.0.252 "GET / HTTP/1.1" status: 200 len: 247 time: 0.0025566
2026-07-02 16:12:47.161 9 INFO neutron.wsgi [-] 10.0.0.252 "GET / HTTP/1.1" status: 200 len: 247 time: 0.0024402
2026-07-02 16:13:02.159 10 INFO neutron.wsgi [-] 10.0.0.252 "GET / HTTP/1.1" status: 200 len: 247 time: 0.0014348
2026-07-02 16:13:02.159 9 INFO neutron.wsgi [-] 10.0.0.252 "GET / HTTP/1.1" status: 200 len: 247 time: 0.0018220
2026-07-02 16:13:17.161 9 INFO neutron.wsgi [-] 10.0.0.252 "GET / HTTP/1.1" status: 200 len: 247 time: 0.0025878
2026-07-02 16:13:17.164 9 INFO neutron.wsgi [-] 10.0.0.252 "GET / HTTP/1.1" status: 200 len: 247 time: 0.0020864
2026-07-02 16:13:32.162 9 INFO neutron.wsgi [-] 10.0.0.252 "GET / HTTP/1.1" status: 200 len: 247 time: 0.0034637
2026-07-02 16:13:32.162 10 INFO neutron.wsgi [-] 10.0.0.252 "GET / HTTP/1.1" status: 200 len: 247 time: 0.0034227
2026-07-02 16:13:47.160 9 INFO neutron.wsgi [-] 10.0.0.252 "GET / HTTP/1.1" status: 200 len: 247 time: 0.0017707
2026-07-02 16:13:47.162 10 INFO neutron.wsgi [-] 10.0.0.252 "GET / HTTP/1.1" status: 200 len: 247 time: 0.0030811
2026-07-02 16:14:02.159 9 INFO neutron.wsgi [-] 10.0.0.252 "GET / HTTP/1.1" status: 200 len: 247 time: 0.0013263
2026-07-02 16:14:02.161 10 INFO neutron.wsgi [-] 10.0.0.252 "GET / HTTP/1.1" status: 200 len: 247 time: 0.0034878
2026-07-02 16:14:17.161 10 INFO neutron.wsgi [-] 10.0.0.252 "GET / HTTP/1.1" status: 200 len: 247 time: 0.0023668
2026-07-02 16:14:17.163 10 INFO neutron.wsgi [-] 10.0.0.252 "GET / HTTP/1.1" status: 200 len: 247 time: 0.0013740
2026-07-02 16:14:32.161 9 INFO neutron.wsgi [-] 10.0.0.252 "GET / HTTP/1.1" status: 200 len: 247 time: 0.0030489
2026-07-02 16:14:32.163 10 INFO neutron.wsgi [-] 10.0.0.252 "GET / HTTP/1.1" status: 200 len: 247 time: 0.0056045
2026-07-02 16:14:47.159 10 INFO neutron.wsgi [-] 10.0.0.252 "GET / HTTP/1.1" status: 200 len: 247 time: 0.0017517
2026-07-02 16:14:47.160 9 INFO neutron.wsgi [-] 10.0.0.252 "GET / HTTP/1.1" status: 200 len: 247 time: 0.0026207
2026-07-02 16:15:02.159 9 INFO neutron.wsgi [-] 10.0.0.252 "GET / HTTP/1.1" status: 200 len: 247 time: 0.0015643
2026-07-02 16:15:02.160 10 INFO neutron.wsgi [-] 10.0.0.252 "GET / HTTP/1.1" status: 200 len: 247 time: 0.0025201
2026-07-02 16:15:17.163 9 INFO neutron.wsgi [-] 10.0.0.252 "GET / HTTP/1.1" status: 200 len: 247 time: 0.0041168
2026-07-02 16:15:17.165 9 INFO neutron.wsgi [-] 10.0.0.252 "GET / HTTP/1.1" status: 200 len: 247 time: 0.0013871
2026-07-02 16:15:32.160 10 INFO neutron.wsgi [-] 10.0.0.252 "GET / HTTP/1.1" status: 200 len: 247 time: 0.0019169
2026-07-02 16:15:32.161 9 INFO neutron.wsgi [-] 10.0.0.252 "GET / HTTP/1.1" status: 200 len: 247 time: 0.0030890
2026-07-02 16:15:47.161 10 INFO neutron.wsgi [-] 10.0.0.252 "GET / HTTP/1.1" status: 200 len: 247 time: 0.0027387
2026-07-02 16:15:47.162 9 INFO neutron.wsgi [-] 10.0.0.252 "GET / HTTP/1.1" status: 200 len: 247 time: 0.0038114
2026-07-02 16:16:02.160 10 INFO neutron.wsgi [-] 10.0.0.252 "GET / HTTP/1.1" status: 200 len: 247 time: 0.0021930
2026-07-02 16:16:02.162 10 INFO neutron.wsgi [-] 10.0.0.252 "GET / HTTP/1.1" status: 200 len: 247 time: 0.0012085 /var/lib/openstack/lib/python3.10/site-packages/pycadf/identifier.py:71: UserWarning: Invalid uuid: unknown. To ensure interoperability, identifiers should be a valid uuid. warnings.warn(('Invalid uuid: %s. To ensure interoperability, '
2026-07-02 16:16:10.222 10 INFO neutron.db.ovn_revision_numbers_db [None req-58e9ee99-e553-4033-9317-73bcde2f1122 2ac471ffb14f471eaa02d796dab3e614 291a8a4200aa4ea78232fba5063cae26 - - default default] Successfully bumped revision number for resource ac2e83c2-1b58-4b49-8914-e30c8b8b3403 (type: security_groups) to 1
2026-07-02 16:16:10.255 10 INFO neutron.wsgi [None req-58e9ee99-e553-4033-9317-73bcde2f1122 2ac471ffb14f471eaa02d796dab3e614 291a8a4200aa4ea78232fba5063cae26 - - default default] 199.19.213.52,10.0.0.252 "GET /v2.0/security-groups?tenant_id=78acf20edb0945f694bde75abc038ede HTTP/1.1" status: 200 len: 2973 time: 0.3158917
2026-07-02 16:16:10.374 10 INFO neutron.db.ovn_revision_numbers_db [None req-ef307c40-1389-454e-afe8-a2323ddafac9 2ac471ffb14f471eaa02d796dab3e614 291a8a4200aa4ea78232fba5063cae26 - - - -] Successfully bumped revision number for resource 78a2ab13-5cba-4fe1-90da-a9696f282443 (type: security_groups) to 1
2026-07-02 16:16:10.399 10 INFO neutron.wsgi [None req-ef307c40-1389-454e-afe8-a2323ddafac9 2ac471ffb14f471eaa02d796dab3e614 291a8a4200aa4ea78232fba5063cae26 - - - -] 199.19.213.52,10.0.0.252 "POST /v2.0/security-groups HTTP/1.1" status: 201 len: 1741 time: 0.1293795
2026-07-02 16:16:11.401 10 INFO neutron.wsgi [None req-aa064191-fcd0-4e34-82d0-7b02e4ce923f 2ac471ffb14f471eaa02d796dab3e614 291a8a4200aa4ea78232fba5063cae26 - - default default] 199.19.213.52,10.0.0.252 "GET /v2.0/security-groups?tenant_id=78acf20edb0945f694bde75abc038ede HTTP/1.1" status: 200 len: 4515 time: 0.0933337
2026-07-02 16:16:11.477 10 INFO neutron.wsgi [None req-e5712d18-e8a8-4b6b-858b-60ff091576c3 2ac471ffb14f471eaa02d796dab3e614 291a8a4200aa4ea78232fba5063cae26 - - default default] 199.19.213.52,10.0.0.252 "GET /v2.0/security-groups HTTP/1.1" status: 200 len: 14480 time: 0.0692573
2026-07-02 16:16:11.597 10 INFO neutron.db.ovn_revision_numbers_db [None req-30dd2088-49af-4d91-823c-f005b1003cc7 2ac471ffb14f471eaa02d796dab3e614 291a8a4200aa4ea78232fba5063cae26 - - - -] Successfully bumped revision number for resource ce236c27-0a50-4ff9-a953-755a2b83b128 (type: security_group_rules) to 0
2026-07-02 16:16:11.619 10 INFO neutron.wsgi [None req-30dd2088-49af-4d91-823c-f005b1003cc7 2ac471ffb14f471eaa02d796dab3e614 291a8a4200aa4ea78232fba5063cae26 - - - -] 199.19.213.52,10.0.0.252 "POST /v2.0/security-group-rules HTTP/1.1" status: 201 len: 745 time: 0.1289654
2026-07-02 16:16:12.527 10 INFO neutron.wsgi [None req-0e56ec3c-78b0-41fc-91a5-cb3c0ff768d4 2ac471ffb14f471eaa02d796dab3e614 291a8a4200aa4ea78232fba5063cae26 - - default default] 199.19.213.52,10.0.0.252 "GET /v2.0/security-groups?tenant_id=78acf20edb0945f694bde75abc038ede HTTP/1.1" status: 200 len: 5093 time: 0.0986986
2026-07-02 16:16:12.596 10 INFO neutron.wsgi [None req-c2090611-d63a-4041-ac77-67dd0bbdd9ec 2ac471ffb14f471eaa02d796dab3e614 291a8a4200aa4ea78232fba5063cae26 - - default default] 199.19.213.52,10.0.0.252 "GET /v2.0/security-groups HTTP/1.1" status: 200 len: 15058 time: 0.0578785
2026-07-02 16:16:12.800 10 INFO neutron.db.ovn_revision_numbers_db [None req-6d75e506-089e-44a6-874d-779a3ea7c766 2ac471ffb14f471eaa02d796dab3e614 291a8a4200aa4ea78232fba5063cae26 - - - -] Successfully bumped revision number for resource ee5c95b8-cd37-4fbd-bd42-460900bf29a7 (type: security_group_rules) to 0
2026-07-02 16:16:12.830 10 INFO neutron.wsgi [None req-6d75e506-089e-44a6-874d-779a3ea7c766 2ac471ffb14f471eaa02d796dab3e614 291a8a4200aa4ea78232fba5063cae26 - - - -] 199.19.213.52,10.0.0.252 "POST /v2.0/security-group-rules HTTP/1.1" status: 201 len: 747 time: 0.2231374
2026-07-02 16:16:13.758 10 INFO neutron.wsgi [None req-45cb11ba-17a2-4495-ba3d-960816b0f6a6 2ac471ffb14f471eaa02d796dab3e614 291a8a4200aa4ea78232fba5063cae26 - - default default] 199.19.213.52,10.0.0.252 "GET /v2.0/security-groups?tenant_id=78acf20edb0945f694bde75abc038ede HTTP/1.1" status: 200 len: 5673 time: 0.0899274
2026-07-02 16:16:13.823 10 INFO neutron.wsgi [None req-fa31e5be-9178-4f42-b765-98c8a514a6a5 2ac471ffb14f471eaa02d796dab3e614 291a8a4200aa4ea78232fba5063cae26 - - default default] 199.19.213.52,10.0.0.252 "GET /v2.0/security-groups HTTP/1.1" status: 200 len: 15638 time: 0.0550516
2026-07-02 16:16:13.942 10 INFO neutron.db.ovn_revision_numbers_db [None req-2575c79d-9f5c-46e8-bb09-1834556ff6eb 2ac471ffb14f471eaa02d796dab3e614 291a8a4200aa4ea78232fba5063cae26 - - - -] Successfully bumped revision number for resource 7ec235ac-0046-47e5-9677-cf9fe55653d3 (type: security_group_rules) to 0
2026-07-02 16:16:13.966 10 INFO neutron.wsgi [None req-2575c79d-9f5c-46e8-bb09-1834556ff6eb 2ac471ffb14f471eaa02d796dab3e614 291a8a4200aa4ea78232fba5063cae26 - - - -] 199.19.213.52,10.0.0.252 "POST /v2.0/security-group-rules HTTP/1.1" status: 201 len: 749 time: 0.1324985
2026-07-02 16:16:14.960 10 INFO neutron.wsgi [None req-e4d26717-880c-401f-b7ed-919d09fe22a0 2ac471ffb14f471eaa02d796dab3e614 291a8a4200aa4ea78232fba5063cae26 - - default default] 199.19.213.52,10.0.0.252 "GET /v2.0/security-groups?tenant_id=78acf20edb0945f694bde75abc038ede HTTP/1.1" status: 200 len: 6255 time: 0.0764215
2026-07-02 16:16:15.046 10 INFO neutron.wsgi [None req-11eec977-eeed-4992-ab60-ce6b87fad54d 2ac471ffb14f471eaa02d796dab3e614 291a8a4200aa4ea78232fba5063cae26 - - default default] 199.19.213.52,10.0.0.252 "GET /v2.0/security-groups HTTP/1.1" status: 200 len: 16220 time: 0.0757513
2026-07-02 16:16:15.170 10 INFO neutron.db.ovn_revision_numbers_db [None req-0d7adcaa-c470-4ee9-ad45-c8e753573240 2ac471ffb14f471eaa02d796dab3e614 291a8a4200aa4ea78232fba5063cae26 - - - -] Successfully bumped revision number for resource 2c5c9b96-d9e4-4dc8-9947-a7ef7e9b0326 (type: security_group_rules) to 0
2026-07-02 16:16:15.207 10 INFO neutron.wsgi [None req-0d7adcaa-c470-4ee9-ad45-c8e753573240 2ac471ffb14f471eaa02d796dab3e614 291a8a4200aa4ea78232fba5063cae26 - - - -] 199.19.213.52,10.0.0.252 "POST /v2.0/security-group-rules HTTP/1.1" status: 201 len: 750 time: 0.1505945
2026-07-02 16:16:17.161 10 INFO neutron.wsgi [-] 10.0.0.252 "GET / HTTP/1.1" status: 200 len: 247 time: 0.0022287
2026-07-02 16:16:17.168 10 INFO neutron.wsgi [-] 10.0.0.252 "GET / HTTP/1.1" status: 200 len: 247 time: 0.0026197
2026-07-02 16:16:32.159 10 INFO neutron.wsgi [-] 10.0.0.252 "GET / HTTP/1.1" status: 200 len: 247 time: 0.0019894
2026-07-02 16:16:32.160 9 INFO neutron.wsgi [-] 10.0.0.252 "GET / HTTP/1.1" status: 200 len: 247 time: 0.0024149
2026-07-02 16:16:47.160 9 INFO neutron.wsgi [-] 10.0.0.252 "GET / HTTP/1.1" status: 200 len: 247 time: 0.0025194
2026-07-02 16:16:47.161 10 INFO neutron.wsgi [-] 10.0.0.252 "GET / HTTP/1.1" status: 200 len: 247 time: 0.0026650
2026-07-02 16:17:02.160 10 INFO neutron.wsgi [-] 10.0.0.252 "GET / HTTP/1.1" status: 200 len: 247 time: 0.0026972
2026-07-02 16:17:02.163 9 INFO neutron.wsgi [-] 10.0.0.252 "GET / HTTP/1.1" status: 200 len: 247 time: 0.0033731
2026-07-02 16:17:17.162 9 INFO neutron.wsgi [-] 10.0.0.252 "GET / HTTP/1.1" status: 200 len: 247 time: 0.0034783
2026-07-02 16:17:17.162 10 INFO neutron.wsgi [-] 10.0.0.252 "GET / HTTP/1.1" status: 200 len: 247 time: 0.0032911
2026-07-02 16:17:32.161 9 INFO neutron.wsgi [-] 10.0.0.252 "GET / HTTP/1.1" status: 200 len: 247 time: 0.0031161
2026-07-02 16:17:32.164 10 INFO neutron.wsgi [-] 10.0.0.252 "GET / HTTP/1.1" status: 200 len: 247 time: 0.0067329
2026-07-02 16:17:47.160 10 INFO neutron.wsgi [-] 10.0.0.252 "GET / HTTP/1.1" status: 200 len: 247 time: 0.0023630
2026-07-02 16:17:47.162 9 INFO neutron.wsgi [-] 10.0.0.252 "GET / HTTP/1.1" status: 200 len: 247 time: 0.0033865
2026-07-02 16:18:02.161 9 INFO neutron.wsgi [-] 10.0.0.252 "GET / HTTP/1.1" status: 200 len: 247 time: 0.0031948
2026-07-02 16:18:02.164 9 INFO neutron.wsgi [-] 10.0.0.252 "GET / HTTP/1.1" status: 200 len: 247 time: 0.0017285
2026-07-02 16:18:17.162 10 INFO neutron.wsgi [-] 10.0.0.252 "GET / HTTP/1.1" status: 200 len: 247 time: 0.0031247
2026-07-02 16:18:17.168 10 INFO neutron.wsgi [-] 10.0.0.252 "GET / HTTP/1.1" status: 200 len: 247 time: 0.0050421
2026-07-02 16:18:21.455 9 INFO neutron.wsgi [None req-24d91a40-5897-43b7-a594-4d5aab285018 48326ef459164eb3aea4dda1ad6b96ed 78acf20edb0945f694bde75abc038ede - - 18978e90542b4dfd85a92c0da9b0c354 18978e90542b4dfd85a92c0da9b0c354] 199.19.213.52 "GET /v2.0/networks?tenant_id=78acf20edb0945f694bde75abc038ede&shared=False HTTP/1.1" status: 200 len: 213 time: 0.1538548
2026-07-02 16:18:21.567 9 INFO neutron.db.segments_db [None req-5deb6c07-01c0-4f45-919f-a0bf96857d3a 48326ef459164eb3aea4dda1ad6b96ed 78acf20edb0945f694bde75abc038ede - - - -] Added segment 657271d6-77c2-4a41-84cc-373b618a675f of type geneve for network 31ad632f-1035-4cd9-ac1c-3e05f752543d
2026-07-02 16:18:21.711 9 INFO neutron.db.ovn_revision_numbers_db [None req-5deb6c07-01c0-4f45-919f-a0bf96857d3a 48326ef459164eb3aea4dda1ad6b96ed 78acf20edb0945f694bde75abc038ede - - - -] Successfully bumped revision number for resource 31ad632f-1035-4cd9-ac1c-3e05f752543d (type: networks) to 1
2026-07-02 16:18:21.875 9 WARNING neutron.scheduler.dhcp_agent_scheduler [None req-5deb6c07-01c0-4f45-919f-a0bf96857d3a 48326ef459164eb3aea4dda1ad6b96ed 78acf20edb0945f694bde75abc038ede - - - -] No more DHCP agents
2026-07-02 16:18:21.876 9 WARNING neutron.api.rpc.agentnotifiers.dhcp_rpc_agent_api [None req-5deb6c07-01c0-4f45-919f-a0bf96857d3a 48326ef459164eb3aea4dda1ad6b96ed 78acf20edb0945f694bde75abc038ede - - - -] Unable to schedule network 31ad632f-1035-4cd9-ac1c-3e05f752543d: no agents available; will retry on subsequent port and subnet creation events.
2026-07-02 16:18:21.947 9 INFO neutron.db.ovn_revision_numbers_db [None req-5deb6c07-01c0-4f45-919f-a0bf96857d3a 48326ef459164eb3aea4dda1ad6b96ed 78acf20edb0945f694bde75abc038ede - - - -] Successfully bumped revision number for resource 992ae223-09d7-4e21-88f4-b8117eaee111 (type: ports) to 1
2026-07-02 16:18:21.969 9 INFO neutron.wsgi [None req-5deb6c07-01c0-4f45-919f-a0bf96857d3a 48326ef459164eb3aea4dda1ad6b96ed 78acf20edb0945f694bde75abc038ede - - - -] 199.19.213.52 "POST /v2.0/networks HTTP/1.1" status: 201 len: 925 time: 0.5073555
2026-07-02 16:18:22.012 9 INFO neutron.wsgi [None req-a0130cc2-06c1-44d7-a05b-70b9c212c9be 48326ef459164eb3aea4dda1ad6b96ed 78acf20edb0945f694bde75abc038ede - - 18978e90542b4dfd85a92c0da9b0c354 18978e90542b4dfd85a92c0da9b0c354] 199.19.213.52 "GET /v2.0/ports?device_id=manila-share&binding%3Ahost_id=instance HTTP/1.1" status: 200 len: 210 time: 0.0330784
2026-07-02 16:18:22.027 9 INFO neutron.wsgi [None req-cf7b9c60-faec-48e2-9ff9-06423c57a176 48326ef459164eb3aea4dda1ad6b96ed 78acf20edb0945f694bde75abc038ede - - 18978e90542b4dfd85a92c0da9b0c354 18978e90542b4dfd85a92c0da9b0c354] 199.19.213.52 "GET /v2.0/extensions HTTP/1.1" status: 200 len: 16525 time: 0.0057039
2026-07-02 16:18:22.303 9 WARNING neutron.scheduler.dhcp_agent_scheduler [None req-beef87cc-9951-49b8-bc23-b74912a23dc6 48326ef459164eb3aea4dda1ad6b96ed 78acf20edb0945f694bde75abc038ede - - - -] No more DHCP agents
2026-07-02 16:18:22.305 9 WARNING neutron.api.rpc.agentnotifiers.dhcp_rpc_agent_api [None req-beef87cc-9951-49b8-bc23-b74912a23dc6 48326ef459164eb3aea4dda1ad6b96ed 78acf20edb0945f694bde75abc038ede - - - -] Unable to schedule network 31ad632f-1035-4cd9-ac1c-3e05f752543d: no agents available; will retry on subsequent port and subnet creation events.
2026-07-02 16:18:22.362 9 INFO neutron.db.ovn_revision_numbers_db [None req-beef87cc-9951-49b8-bc23-b74912a23dc6 48326ef459164eb3aea4dda1ad6b96ed 78acf20edb0945f694bde75abc038ede - - - -] Successfully bumped revision number for resource 1f4d62f2-4bad-4441-899b-754c72a48c97 (type: ports) to 1
2026-07-02 16:18:22.531 9 INFO neutron.db.ovn_revision_numbers_db [None req-beef87cc-9951-49b8-bc23-b74912a23dc6 48326ef459164eb3aea4dda1ad6b96ed 78acf20edb0945f694bde75abc038ede - - - -] Successfully bumped revision number for resource 1f4d62f2-4bad-4441-899b-754c72a48c97 (type: ports) to 1
2026-07-02 16:18:22.551 9 INFO neutron.wsgi [None req-beef87cc-9951-49b8-bc23-b74912a23dc6 48326ef459164eb3aea4dda1ad6b96ed 78acf20edb0945f694bde75abc038ede - - - -] 199.19.213.52 "POST /v2.0/ports HTTP/1.1" status: 201 len: 1096 time: 0.5186343
2026-07-02 16:18:22.609 9 INFO neutron.wsgi [None req-0b68dc95-0e56-40bb-891c-2f25a2924917 48326ef459164eb3aea4dda1ad6b96ed 78acf20edb0945f694bde75abc038ede - - 18978e90542b4dfd85a92c0da9b0c354 18978e90542b4dfd85a92c0da9b0c354] 199.19.213.52 "GET /v2.0/networks/31ad632f-1035-4cd9-ac1c-3e05f752543d HTTP/1.1" status: 200 len: 907 time: 0.0494881
2026-07-02 16:18:23.392 9 INFO neutron.plugins.ml2.drivers.ovn.mech_driver.mech_driver [-] OVN reports status up for port: 1f4d62f2-4bad-4441-899b-754c72a48c97
2026-07-02 16:18:23.405 9 INFO neutron.plugins.ml2.plugin [None req-ec7494a4-e628-4994-911c-93418f0e7e27 - - - - - -] Attempt 1 to provision port 1f4d62f2-4bad-4441-899b-754c72a48c97
2026-07-02 16:18:23.679 9 INFO neutron.db.ovn_revision_numbers_db [None req-ec7494a4-e628-4994-911c-93418f0e7e27 - - - - - -] Successfully bumped revision number for resource 1f4d62f2-4bad-4441-899b-754c72a48c97 (type: ports) to 3
2026-07-02 16:18:25.155 9 INFO neutron.wsgi [None req-54811852-8657-456b-b925-1d2ce2f46fc2 48326ef459164eb3aea4dda1ad6b96ed 78acf20edb0945f694bde75abc038ede - - 18978e90542b4dfd85a92c0da9b0c354 18978e90542b4dfd85a92c0da9b0c354] 199.19.213.52 "GET /v2.0/ports?device_id=manila-share&binding%3Ahost_id=instance HTTP/1.1" status: 200 len: 1124 time: 0.0550609
2026-07-02 16:18:25.207 9 INFO neutron.wsgi [None req-8cb37994-e428-4c1d-ae53-1311501447ff 48326ef459164eb3aea4dda1ad6b96ed 78acf20edb0945f694bde75abc038ede - - 18978e90542b4dfd85a92c0da9b0c354 18978e90542b4dfd85a92c0da9b0c354] 199.19.213.52 "GET /v2.0/networks/31ad632f-1035-4cd9-ac1c-3e05f752543d HTTP/1.1" status: 200 len: 907 time: 0.0451901
2026-07-02 16:18:32.160 10 INFO neutron.wsgi [-] 10.0.0.252 "GET / HTTP/1.1" status: 200 len: 247 time: 0.0017300
