2026-07-02 16:36:20.419 9 INFO neutron.wsgi [None req-b960bc29-7feb-42a0-98fd-f7c6b0d8f5ee b5c33cd33e984ac0b3f5312c645cb951 8b5debf0857a4bcca93c596f65038b95 - - - -] 10.0.0.116 "DELETE /v2.0/ports/49f8c2a8-3a5d-4dd6-84e8-0e38b8826393 HTTP/1.1" status: 204 len: 168 time: 0.2516925
2026-07-02 16:36:20.472 9 INFO neutron.wsgi [None req-48c87950-5563-4014-b672-f3f1e4b24e74 b5c33cd33e984ac0b3f5312c645cb951 8b5debf0857a4bcca93c596f65038b95 - - default default] 10.0.0.116 "GET /v2.0/ports HTTP/1.1" status: 200 len: 1718 time: 0.0470228
2026-07-02 16:36:20.572 9 INFO neutron.db.segments_db [None req-cbf041ce-0b12-4d58-bf06-22292880c6d8 b5c33cd33e984ac0b3f5312c645cb951 8b5debf0857a4bcca93c596f65038b95 - - - -] Added segment f5115c74-8547-4569-aca2-7d27e3103265 of type geneve for network a012f04c-2303-4e8f-8d64-5ea3184463bc
2026-07-02 16:36:20.638 10 WARNING neutron.scheduler.dhcp_agent_scheduler [None req-a4e25358-1874-4480-a358-ab22f8d77ec9 6800736de0e44c819a8aab3887086481 316673c7a0074fbead525dc40e5ab2b5 - - - -] No more DHCP agents
2026-07-02 16:36:20.639 10 WARNING neutron.api.rpc.agentnotifiers.dhcp_rpc_agent_api [None req-a4e25358-1874-4480-a358-ab22f8d77ec9 6800736de0e44c819a8aab3887086481 316673c7a0074fbead525dc40e5ab2b5 - - - -] Unable to schedule network fe6d845f-279d-46e6-95ce-6525d7fdf766: no agents available; will retry on subsequent port and subnet creation events.
2026-07-02 16:36:20.713 9 INFO neutron.db.ovn_revision_numbers_db [None req-cbf041ce-0b12-4d58-bf06-22292880c6d8 b5c33cd33e984ac0b3f5312c645cb951 8b5debf0857a4bcca93c596f65038b95 - - - -] Successfully bumped revision number for resource a012f04c-2303-4e8f-8d64-5ea3184463bc (type: networks) to 1
2026-07-02 16:36:20.726 10 INFO neutron.db.ovn_revision_numbers_db [None req-a4e25358-1874-4480-a358-ab22f8d77ec9 6800736de0e44c819a8aab3887086481 316673c7a0074fbead525dc40e5ab2b5 - - - -] Successfully bumped revision number for resource 0489d186-9ff9-45c3-9225-7561344a6cd4 (type: ports) to 1
2026-07-02 16:36:20.750 10 INFO neutron.wsgi [None req-a4e25358-1874-4480-a358-ab22f8d77ec9 6800736de0e44c819a8aab3887086481 316673c7a0074fbead525dc40e5ab2b5 - - - -] 10.0.0.116 "POST /v2.0/networks HTTP/1.1" status: 201 len: 849 time: 1.1184015
2026-07-02 16:36:20.948 9 WARNING neutron.scheduler.dhcp_agent_scheduler [None req-cbf041ce-0b12-4d58-bf06-22292880c6d8 b5c33cd33e984ac0b3f5312c645cb951 8b5debf0857a4bcca93c596f65038b95 - - - -] No more DHCP agents
2026-07-02 16:36:20.952 9 WARNING neutron.api.rpc.agentnotifiers.dhcp_rpc_agent_api [None req-cbf041ce-0b12-4d58-bf06-22292880c6d8 b5c33cd33e984ac0b3f5312c645cb951 8b5debf0857a4bcca93c596f65038b95 - - - -] Unable to schedule network a012f04c-2303-4e8f-8d64-5ea3184463bc: no agents available; will retry on subsequent port and subnet creation events.
2026-07-02 16:36:21.029 9 INFO neutron.db.ovn_revision_numbers_db [None req-cbf041ce-0b12-4d58-bf06-22292880c6d8 b5c33cd33e984ac0b3f5312c645cb951 8b5debf0857a4bcca93c596f65038b95 - - - -] Successfully bumped revision number for resource 033619e3-1a2a-481f-9981-7958b783284f (type: ports) to 1
2026-07-02 16:36:21.077 9 INFO neutron.wsgi [None req-cbf041ce-0b12-4d58-bf06-22292880c6d8 b5c33cd33e984ac0b3f5312c645cb951 8b5debf0857a4bcca93c596f65038b95 - - - -] 10.0.0.116 "POST /v2.0/networks HTTP/1.1" status: 201 len: 852 time: 0.5961099
2026-07-02 16:36:21.196 9 INFO neutron.db.segments_db [None req-ac71a354-49b1-46ae-b520-106c4c7b152a b5c33cd33e984ac0b3f5312c645cb951 8b5debf0857a4bcca93c596f65038b95 - - - -] Added segment bfeccad2-3d89-44c4-9088-44b49e383864 of type geneve for network c2cc158e-daf3-4e1f-b627-418eccd4d07d
2026-07-02 16:36:21.306 10 WARNING neutron.scheduler.dhcp_agent_scheduler [None req-f519dccb-efc9-4b57-826a-ff507c0a5be8 6800736de0e44c819a8aab3887086481 316673c7a0074fbead525dc40e5ab2b5 - - - -] No more DHCP agents
2026-07-02 16:36:21.308 10 WARNING neutron.api.rpc.agentnotifiers.dhcp_rpc_agent_api [None req-f519dccb-efc9-4b57-826a-ff507c0a5be8 6800736de0e44c819a8aab3887086481 316673c7a0074fbead525dc40e5ab2b5 - - - -] Unable to schedule network 9f84701c-e0c1-4b6b-928d-77f17a618346: no agents available; will retry on subsequent port and subnet creation events.
2026-07-02 16:36:21.349 9 INFO neutron.db.ovn_revision_numbers_db [None req-ac71a354-49b1-46ae-b520-106c4c7b152a b5c33cd33e984ac0b3f5312c645cb951 8b5debf0857a4bcca93c596f65038b95 - - - -] Successfully bumped revision number for resource c2cc158e-daf3-4e1f-b627-418eccd4d07d (type: networks) to 1
2026-07-02 16:36:21.591 9 WARNING neutron.scheduler.dhcp_agent_scheduler [None req-ac71a354-49b1-46ae-b520-106c4c7b152a b5c33cd33e984ac0b3f5312c645cb951 8b5debf0857a4bcca93c596f65038b95 - - - -] No more DHCP agents
2026-07-02 16:36:21.594 9 WARNING neutron.api.rpc.agentnotifiers.dhcp_rpc_agent_api [None req-ac71a354-49b1-46ae-b520-106c4c7b152a b5c33cd33e984ac0b3f5312c645cb951 8b5debf0857a4bcca93c596f65038b95 - - - -] Unable to schedule network c2cc158e-daf3-4e1f-b627-418eccd4d07d: no agents available; will retry on subsequent port and subnet creation events.
2026-07-02 16:36:21.672 9 INFO neutron.db.ovn_revision_numbers_db [None req-ac71a354-49b1-46ae-b520-106c4c7b152a b5c33cd33e984ac0b3f5312c645cb951 8b5debf0857a4bcca93c596f65038b95 - - - -] Successfully bumped revision number for resource 349645d2-d98e-4151-9d16-f5acc0bcdf43 (type: ports) to 1
2026-07-02 16:36:21.710 9 INFO neutron.wsgi [None req-ac71a354-49b1-46ae-b520-106c4c7b152a b5c33cd33e984ac0b3f5312c645cb951 8b5debf0857a4bcca93c596f65038b95 - - - -] 10.0.0.116 "POST /v2.0/networks HTTP/1.1" status: 201 len: 852 time: 0.6257555
2026-07-02 16:36:21.891 10 INFO neutron.db.ovn_revision_numbers_db [None req-f519dccb-efc9-4b57-826a-ff507c0a5be8 6800736de0e44c819a8aab3887086481 316673c7a0074fbead525dc40e5ab2b5 - - - -] Successfully bumped revision number for resource 19dcd2b8-7b7e-4a3e-b962-9110276d89e1 (type: ports) to 2
2026-07-02 16:36:21.907 10 INFO neutron.db.ovn_revision_numbers_db [None req-f519dccb-efc9-4b57-826a-ff507c0a5be8 6800736de0e44c819a8aab3887086481 316673c7a0074fbead525dc40e5ab2b5 - - - -] Successfully bumped revision number for resource e9ee98ad-8973-4166-a21d-ee78cb10f2c6 (type: subnets) to 0
2026-07-02 16:36:21.941 10 WARNING neutron.scheduler.dhcp_agent_scheduler [None req-f519dccb-efc9-4b57-826a-ff507c0a5be8 6800736de0e44c819a8aab3887086481 316673c7a0074fbead525dc40e5ab2b5 - - - -] No more DHCP agents
2026-07-02 16:36:21.942 10 WARNING neutron.api.rpc.agentnotifiers.dhcp_rpc_agent_api [None req-f519dccb-efc9-4b57-826a-ff507c0a5be8 6800736de0e44c819a8aab3887086481 316673c7a0074fbead525dc40e5ab2b5 - - - -] Unable to schedule network fe6d845f-279d-46e6-95ce-6525d7fdf766: no agents available; will retry on subsequent port and subnet creation events.
2026-07-02 16:36:22.155 9 INFO neutron.db.ovn_revision_numbers_db [None req-1ff5e6ee-54f5-481d-9b65-507b4cf23a2d 2ac471ffb14f471eaa02d796dab3e614 291a8a4200aa4ea78232fba5063cae26 - - default default] Successfully bumped revision number for resource c3a41de1-8197-4e51-8d84-c315a90b0cd0 (type: security_groups) to 1
2026-07-02 16:36:22.173 9 INFO neutron.wsgi [None req-1ff5e6ee-54f5-481d-9b65-507b4cf23a2d 2ac471ffb14f471eaa02d796dab3e614 291a8a4200aa4ea78232fba5063cae26 - - default default] 10.0.0.116 "GET /v2.0/security-groups?tenant_id=8f67a6fa0faa402fa1ea04f521991797&name=default HTTP/1.1" status: 200 len: 2996 time: 0.3565490
2026-07-02 16:36:22.361 9 INFO neutron.wsgi [None req-bede3705-4a25-4536-8c2c-45e715da1da3 2ac471ffb14f471eaa02d796dab3e614 291a8a4200aa4ea78232fba5063cae26 - - - -] 10.0.0.116 "DELETE /v2.0/security-groups/c3a41de1-8197-4e51-8d84-c315a90b0cd0 HTTP/1.1" status: 204 len: 168 time: 0.1776841
2026-07-02 16:36:22.555 10 INFO neutron.db.ovn_revision_numbers_db [None req-f519dccb-efc9-4b57-826a-ff507c0a5be8 6800736de0e44c819a8aab3887086481 316673c7a0074fbead525dc40e5ab2b5 - - - -] Successfully bumped revision number for resource 0489d186-9ff9-45c3-9225-7561344a6cd4 (type: ports) to 2
2026-07-02 16:36:22.584 10 INFO neutron.db.ovn_revision_numbers_db [None req-f519dccb-efc9-4b57-826a-ff507c0a5be8 6800736de0e44c819a8aab3887086481 316673c7a0074fbead525dc40e5ab2b5 - - - -] Successfully bumped revision number for resource 099a0209-5e5d-4424-8166-132266f7c411 (type: subnets) to 0
2026-07-02 16:36:22.604 10 INFO neutron.wsgi [None req-f519dccb-efc9-4b57-826a-ff507c0a5be8 6800736de0e44c819a8aab3887086481 316673c7a0074fbead525dc40e5ab2b5 - - - -] 10.0.0.116 "POST /v2.0/subnets HTTP/1.1" status: 201 len: 1425 time: 1.8196225
2026-07-02 16:36:22.688 10 INFO neutron.wsgi [None req-07a2f4f7-1fbe-4f3a-b3e5-6284fa7fe0b4 6800736de0e44c819a8aab3887086481 316673c7a0074fbead525dc40e5ab2b5 - - default default] 10.0.0.116 "GET /v2.0/subnets HTTP/1.1" status: 200 len: 2033 time: 0.0755451
2026-07-02 16:36:22.739 9 INFO neutron.db.ovn_revision_numbers_db [None req-68de1da4-8fa6-44ef-a3c5-a6561a3cc2e0 2ac471ffb14f471eaa02d796dab3e614 291a8a4200aa4ea78232fba5063cae26 - - default default] Successfully bumped revision number for resource 23b5e5b8-3ff2-4057-adf0-df92c1d85901 (type: security_groups) to 1
2026-07-02 16:36:22.783 9 INFO neutron.wsgi [None req-68de1da4-8fa6-44ef-a3c5-a6561a3cc2e0 2ac471ffb14f471eaa02d796dab3e614 291a8a4200aa4ea78232fba5063cae26 - - default default] 10.0.0.116 "GET /v2.0/security-groups?tenant_id=0cb7cf96c2cd4d86b06e4b1a83d63492&name=default HTTP/1.1" status: 200 len: 2996 time: 0.1925223
2026-07-02 16:36:22.976 10 INFO neutron.wsgi [None req-e181981e-70cb-496e-a21f-a824dfc23850 6800736de0e44c819a8aab3887086481 316673c7a0074fbead525dc40e5ab2b5 - - - -] 10.0.0.116 "DELETE /v2.0/subnets/e9ee98ad-8973-4166-a21d-ee78cb10f2c6 HTTP/1.1" status: 204 len: 168 time: 0.2799380
2026-07-02 16:36:23.131 9 WARNING neutron.scheduler.dhcp_agent_scheduler [None req-caef2660-49c8-4b78-abf1-f9b951ab4962 b5c33cd33e984ac0b3f5312c645cb951 8b5debf0857a4bcca93c596f65038b95 - - - -] No more DHCP agents
2026-07-02 16:36:23.134 9 WARNING neutron.api.rpc.agentnotifiers.dhcp_rpc_agent_api [None req-caef2660-49c8-4b78-abf1-f9b951ab4962 b5c33cd33e984ac0b3f5312c645cb951 8b5debf0857a4bcca93c596f65038b95 - - - -] Unable to schedule network a012f04c-2303-4e8f-8d64-5ea3184463bc: no agents available; will retry on subsequent port and subnet creation events.
2026-07-02 16:36:23.152 9 INFO neutron.db.ovn_revision_numbers_db [None req-caef2660-49c8-4b78-abf1-f9b951ab4962 b5c33cd33e984ac0b3f5312c645cb951 8b5debf0857a4bcca93c596f65038b95 - - - -] Successfully bumped revision number for resource 54d3f275-b42a-48d3-9e03-6e2c7fdddcbc (type: subnets) to 0
2026-07-02 16:36:23.189 9 WARNING neutron.scheduler.dhcp_agent_scheduler [None req-caef2660-49c8-4b78-abf1-f9b951ab4962 b5c33cd33e984ac0b3f5312c645cb951 8b5debf0857a4bcca93c596f65038b95 - - - -] No more DHCP agents
2026-07-02 16:36:23.192 9 WARNING neutron.api.rpc.agentnotifiers.dhcp_rpc_agent_api [None req-caef2660-49c8-4b78-abf1-f9b951ab4962 b5c33cd33e984ac0b3f5312c645cb951 8b5debf0857a4bcca93c596f65038b95 - - - -] Unable to schedule network c2cc158e-daf3-4e1f-b627-418eccd4d07d: no agents available; will retry on subsequent port and subnet creation events.
2026-07-02 16:36:23.210 9 INFO neutron.db.ovn_revision_numbers_db [None req-caef2660-49c8-4b78-abf1-f9b951ab4962 b5c33cd33e984ac0b3f5312c645cb951 8b5debf0857a4bcca93c596f65038b95 - - - -] Successfully bumped revision number for resource d9195768-e10e-44f7-9777-380fdbcd3aec (type: subnets) to 0
2026-07-02 16:36:23.231 9 INFO neutron.wsgi [None req-caef2660-49c8-4b78-abf1-f9b951ab4962 b5c33cd33e984ac0b3f5312c645cb951 8b5debf0857a4bcca93c596f65038b95 - - - -] 10.0.0.116 "POST /v2.0/subnets HTTP/1.1" status: 201 len: 1474 time: 0.8945713
2026-07-02 16:36:23.242 10 INFO neutron.wsgi [None req-d0a8e00e-66be-4d3a-aafc-01c66a5d7eaa 6800736de0e44c819a8aab3887086481 316673c7a0074fbead525dc40e5ab2b5 - - - -] 10.0.0.116 "DELETE /v2.0/subnets/099a0209-5e5d-4424-8166-132266f7c411 HTTP/1.1" status: 204 len: 168 time: 0.2567112
2026-07-02 16:36:23.289 10 INFO neutron.wsgi [None req-35a2f754-c6e7-41d9-93a8-c34799344e8f 6800736de0e44c819a8aab3887086481 316673c7a0074fbead525dc40e5ab2b5 - - default default] 10.0.0.116 "GET /v2.0/subnets HTTP/1.1" status: 200 len: 820 time: 0.0428867
2026-07-02 16:36:23.297 9 INFO neutron.wsgi [None req-992ce9bd-a41e-40cb-85f8-2b0cf34d9343 b5c33cd33e984ac0b3f5312c645cb951 8b5debf0857a4bcca93c596f65038b95 - - default default] 10.0.0.116 "GET /v2.0/subnets HTTP/1.1" status: 200 len: 2082 time: 0.0604451
2026-07-02 16:36:23.316 9 INFO neutron.wsgi [None req-49b3afb1-5188-49a9-99ab-18ed01648ca3 2ac471ffb14f471eaa02d796dab3e614 291a8a4200aa4ea78232fba5063cae26 - - - -] 10.0.0.116 "DELETE /v2.0/security-groups/23b5e5b8-3ff2-4057-adf0-df92c1d85901 HTTP/1.1" status: 204 len: 168 time: 0.5254130
2026-07-02 16:36:23.586 10 INFO neutron.wsgi [None req-93fe3b44-30ce-4718-9b42-21eeec064ead b5c33cd33e984ac0b3f5312c645cb951 8b5debf0857a4bcca93c596f65038b95 - - - -] 10.0.0.116 "DELETE /v2.0/subnets/54d3f275-b42a-48d3-9e03-6e2c7fdddcbc HTTP/1.1" status: 204 len: 168 time: 0.2743230
2026-07-02 16:36:23.767 10 INFO neutron.services.segments.plugin [-] Segment 0152a96b-abca-4d32-a4ee-adb06e55eb3c resource provider aggregate not found
2026-07-02 16:36:23.790 10 INFO neutron.services.segments.plugin [-] Segment 0152a96b-abca-4d32-a4ee-adb06e55eb3c resource provider aggregate not found
2026-07-02 16:36:23.796 10 INFO neutron.services.segments.plugin [-] Segment 0152a96b-abca-4d32-a4ee-adb06e55eb3c resource provider not found; error: Placement Client Error (4xx): {"errors": [{"status": 404, "title": "Not Found", "detail": "The resource could not be found.\n\n No resource provider with uuid 0152a96b-abca-4d32-a4ee-adb06e55eb3c found for delete ", "request_id": "req-e9dc5c04-2e7b-4481-9c4f-c1cd00fb165f"}]}
2026-07-02 16:36:23.816 10 INFO neutron.services.segments.plugin [-] Segment 0152a96b-abca-4d32-a4ee-adb06e55eb3c resource provider not found; error: Placement Client Error (4xx): {"errors": [{"status": 404, "title": "Not Found", "detail": "The resource could not be found.\n\n No resource provider with uuid 0152a96b-abca-4d32-a4ee-adb06e55eb3c found for delete ", "request_id": "req-88632d5f-0cbb-4f4c-8a4d-16413c894677"}]}
2026-07-02 16:36:23.830 10 INFO neutron.wsgi [None req-62b6a02f-a9e7-49ec-9689-919535fbca19 6800736de0e44c819a8aab3887086481 316673c7a0074fbead525dc40e5ab2b5 - - - -] 10.0.0.116 "DELETE /v2.0/networks/fe6d845f-279d-46e6-95ce-6525d7fdf766 HTTP/1.1" status: 204 len: 168 time: 0.5343447
2026-07-02 16:36:23.857 9 INFO neutron.wsgi [None req-6e0f166c-f42c-451c-9501-034cfa6658ed b5c33cd33e984ac0b3f5312c645cb951 8b5debf0857a4bcca93c596f65038b95 - - - -] 10.0.0.116 "DELETE /v2.0/subnets/d9195768-e10e-44f7-9777-380fdbcd3aec HTTP/1.1" status: 204 len: 168 time: 0.2582862
2026-07-02 16:36:23.904 10 INFO neutron.wsgi [None req-3b955798-8b36-4e82-b719-b48bee5649ef b5c33cd33e984ac0b3f5312c645cb951 8b5debf0857a4bcca93c596f65038b95 - - default default] 10.0.0.116 "GET /v2.0/subnets HTTP/1.1" status: 200 len: 820 time: 0.0410037
2026-07-02 16:36:24.062 9 INFO neutron.db.ovn_revision_numbers_db [None req-8fe79068-6f9e-4311-bbce-8f5fd58c8383 2ac471ffb14f471eaa02d796dab3e614 291a8a4200aa4ea78232fba5063cae26 - - default default] Successfully bumped revision number for resource bdc8b375-cd4c-4e56-8bf0-3bc2c4ec101b (type: security_groups) to 1
2026-07-02 16:36:24.087 9 INFO neutron.wsgi [None req-8fe79068-6f9e-4311-bbce-8f5fd58c8383 2ac471ffb14f471eaa02d796dab3e614 291a8a4200aa4ea78232fba5063cae26 - - default default] 10.0.0.116 "GET /v2.0/security-groups?tenant_id=77c1c8378dfc4c2cacbd4526f9fd5175&name=default HTTP/1.1" status: 200 len: 2996 time: 0.4182189
2026-07-02 16:36:24.300 9 INFO neutron.services.segments.plugin [-] Segment 56c15f2b-d8b1-4396-8bb9-3bc62851ee39 resource provider aggregate not found
2026-07-02 16:36:24.310 9 INFO neutron.services.segments.plugin [-] Segment 56c15f2b-d8b1-4396-8bb9-3bc62851ee39 resource provider aggregate not found
2026-07-02 16:36:24.330 9 INFO neutron.services.segments.plugin [-] Segment 56c15f2b-d8b1-4396-8bb9-3bc62851ee39 resource provider not found; error: Placement Client Error (4xx): {"errors": [{"status": 404, "title": "Not Found", "detail": "The resource could not be found.\n\n No resource provider with uuid 56c15f2b-d8b1-4396-8bb9-3bc62851ee39 found for delete ", "request_id": "req-f12e6a51-b681-487b-acb4-052fc718f2e2"}]}
2026-07-02 16:36:24.331 9 INFO neutron.services.segments.plugin [-] Segment 56c15f2b-d8b1-4396-8bb9-3bc62851ee39 resource provider not found; error: Placement Client Error (4xx): {"errors": [{"status": 404, "title": "Not Found", "detail": "The resource could not be found.\n\n No resource provider with uuid 56c15f2b-d8b1-4396-8bb9-3bc62851ee39 found for delete ", "request_id": "req-6712542e-fe18-4bea-8e34-d1c669c3b5ef"}]}
2026-07-02 16:36:24.333 10 INFO neutron.wsgi [None req-6fc1dbf4-0a48-4482-a872-73c6e68374e5 b5c33cd33e984ac0b3f5312c645cb951 8b5debf0857a4bcca93c596f65038b95 - - - -] 10.0.0.116 "DELETE /v2.0/networks/c2cc158e-daf3-4e1f-b627-418eccd4d07d HTTP/1.1" status: 204 len: 168 time: 0.4203463
2026-07-02 16:36:24.409 9 INFO neutron.wsgi [None req-26164651-18fb-45aa-8e89-d84be25853e5 6800736de0e44c819a8aab3887086481 316673c7a0074fbead525dc40e5ab2b5 - - - -] 10.0.0.116 "DELETE /v2.0/networks/9f84701c-e0c1-4b6b-928d-77f17a618346 HTTP/1.1" status: 204 len: 168 time: 0.5721164
2026-07-02 16:36:24.488 9 INFO neutron.wsgi [None req-2b62bb30-69d8-42a6-be33-5feb0677aaa5 2ac471ffb14f471eaa02d796dab3e614 291a8a4200aa4ea78232fba5063cae26 - - - -] 10.0.0.116 "DELETE /v2.0/security-groups/bdc8b375-cd4c-4e56-8bf0-3bc2c4ec101b HTTP/1.1" status: 204 len: 168 time: 0.3940890
2026-07-02 16:36:24.750 10 INFO neutron.db.ovn_revision_numbers_db [None req-23532f86-60fa-4e7f-987a-7c705ca77566 2ac471ffb14f471eaa02d796dab3e614 291a8a4200aa4ea78232fba5063cae26 - - default default] Successfully bumped revision number for resource 36cf0707-e741-4dbd-9f00-eac731e63861 (type: security_groups) to 1
2026-07-02 16:36:24.794 10 INFO neutron.wsgi [None req-23532f86-60fa-4e7f-987a-7c705ca77566 2ac471ffb14f471eaa02d796dab3e614 291a8a4200aa4ea78232fba5063cae26 - - default default] 10.0.0.116 "GET /v2.0/security-groups?tenant_id=3c8b31b27eda4a55b5727101df726b3f&name=default HTTP/1.1" status: 200 len: 2996 time: 0.1833231
2026-07-02 16:36:24.842 9 INFO neutron.wsgi [None req-4c298a35-b225-4de6-bf40-ad00b25481e5 b5c33cd33e984ac0b3f5312c645cb951 8b5debf0857a4bcca93c596f65038b95 - - - -] 10.0.0.116 "DELETE /v2.0/networks/a012f04c-2303-4e8f-8d64-5ea3184463bc HTTP/1.1" status: 204 len: 168 time: 0.5023782
2026-07-02 16:36:24.933 10 INFO neutron.wsgi [None req-b55046c6-693d-477a-b3fa-ba73c66f7d51 6800736de0e44c819a8aab3887086481 316673c7a0074fbead525dc40e5ab2b5 - - - -] 10.0.0.116 "DELETE /v2.0/networks/bba87396-7c2d-404e-a182-6ecc06dd9f9c HTTP/1.1" status: 204 len: 168 time: 0.5167413
2026-07-02 16:36:25.072 9 INFO neutron.wsgi [None req-794472e9-d2e5-4caf-af8d-9522f8173b76 2ac471ffb14f471eaa02d796dab3e614 291a8a4200aa4ea78232fba5063cae26 - - - -] 10.0.0.116 "DELETE /v2.0/security-groups/36cf0707-e741-4dbd-9f00-eac731e63861 HTTP/1.1" status: 204 len: 168 time: 0.2687595
2026-07-02 16:36:25.325 10 INFO neutron.wsgi [None req-d323d86d-e29d-4246-99e5-65508ae24b1e b5c33cd33e984ac0b3f5312c645cb951 8b5debf0857a4bcca93c596f65038b95 - - - -] 10.0.0.116 "DELETE /v2.0/networks/b9a50044-ae8b-42dd-96a5-74312a105200 HTTP/1.1" status: 204 len: 168 time: 0.4768112
2026-07-02 16:36:25.395 9 INFO neutron.wsgi [None req-9beb3faf-44a0-4ec1-b6c1-ba7ac7fd5694 6800736de0e44c819a8aab3887086481 316673c7a0074fbead525dc40e5ab2b5 - - - -] 10.0.0.116 "DELETE /v2.0/networks/d3961e6b-446c-4690-860d-86b63362a918 HTTP/1.1" status: 204 len: 168 time: 0.4567125
2026-07-02 16:36:25.794 10 INFO neutron.wsgi [None req-a89fa7ae-5243-4db3-bfd7-f03259417802 b5c33cd33e984ac0b3f5312c645cb951 8b5debf0857a4bcca93c596f65038b95 - - - -] 10.0.0.116 "DELETE /v2.0/networks/bada19be-ba73-4c22-9e75-21dd0e0f8d69 HTTP/1.1" status: 204 len: 168 time: 0.4583771
2026-07-02 16:36:25.825 10 INFO neutron.services.segments.plugin [-] Segment bfeccad2-3d89-44c4-9088-44b49e383864 resource provider aggregate not found
2026-07-02 16:36:25.838 10 INFO neutron.services.segments.plugin [-] Segment bfeccad2-3d89-44c4-9088-44b49e383864 resource provider aggregate not found
2026-07-02 16:36:25.843 10 INFO neutron.services.segments.plugin [-] Segment bfeccad2-3d89-44c4-9088-44b49e383864 resource provider not found; error: Placement Client Error (4xx): {"errors": [{"status": 404, "title": "Not Found", "detail": "The resource could not be found.\n\n No resource provider with uuid bfeccad2-3d89-44c4-9088-44b49e383864 found for delete ", "request_id": "req-8ce03b9f-75d9-46fe-9f10-fdd6b0831525"}]}
2026-07-02 16:36:25.857 10 INFO neutron.services.segments.plugin [-] Segment bfeccad2-3d89-44c4-9088-44b49e383864 resource provider not found; error: Placement Client Error (4xx): {"errors": [{"status": 404, "title": "Not Found", "detail": "The resource could not be found.\n\n No resource provider with uuid bfeccad2-3d89-44c4-9088-44b49e383864 found for delete ", "request_id": "req-c25dd261-ff53-4531-b0e4-c0d9351f3a4f"}]}
2026-07-02 16:36:25.865 10 INFO neutron.services.segments.plugin [-] Segment 5b9a090b-b11b-48bf-8bae-ce4016d73d26 resource provider aggregate not found
2026-07-02 16:36:25.877 10 INFO neutron.services.segments.plugin [-] Segment 5b9a090b-b11b-48bf-8bae-ce4016d73d26 resource provider aggregate not found
2026-07-02 16:36:25.882 10 INFO neutron.services.segments.plugin [-] Segment 5b9a090b-b11b-48bf-8bae-ce4016d73d26 resource provider not found; error: Placement Client Error (4xx): {"errors": [{"status": 404, "title": "Not Found", "detail": "The resource could not be found.\n\n No resource provider with uuid 5b9a090b-b11b-48bf-8bae-ce4016d73d26 found for delete ", "request_id": "req-9828f141-e573-4157-a108-ee12ad51ac5c"}]}
2026-07-02 16:36:25.897 10 INFO neutron.services.segments.plugin [-] Segment f856b579-f884-439f-89ee-20dc6a2591be resource provider aggregate not found
2026-07-02 16:36:25.904 10 INFO neutron.services.segments.plugin [-] Segment 5b9a090b-b11b-48bf-8bae-ce4016d73d26 resource provider not found; error: Placement Client Error (4xx): {"errors": [{"status": 404, "title": "Not Found", "detail": "The resource could not be found.\n\n No resource provider with uuid 5b9a090b-b11b-48bf-8bae-ce4016d73d26 found for delete ", "request_id": "req-0bb1a637-0709-4e77-846d-a3239f57b9e7"}]}
2026-07-02 16:36:25.923 10 INFO neutron.services.segments.plugin [-] Segment f856b579-f884-439f-89ee-20dc6a2591be resource provider not found; error: Placement Client Error (4xx): {"errors": [{"status": 404, "title": "Not Found", "detail": "The resource could not be found.\n\n No resource provider with uuid f856b579-f884-439f-89ee-20dc6a2591be found for delete ", "request_id": "req-d813c091-6036-469a-9185-23669b9ceb01"}]}
2026-07-02 16:36:25.931 10 INFO neutron.services.segments.plugin [-] Segment f856b579-f884-439f-89ee-20dc6a2591be resource provider aggregate not found
2026-07-02 16:36:25.948 10 INFO neutron.services.segments.plugin [-] Segment f856b579-f884-439f-89ee-20dc6a2591be resource provider not found; error: Placement Client Error (4xx): {"errors": [{"status": 404, "title": "Not Found", "detail": "The resource could not be found.\n\n No resource provider with uuid f856b579-f884-439f-89ee-20dc6a2591be found for delete ", "request_id": "req-4a6c662a-4329-4f05-bdc6-d34e139518f4"}]}
2026-07-02 16:36:25.954 10 INFO neutron.services.segments.plugin [-] Segment 63d91614-c23a-4e11-9ac6-5a17e051d96e resource provider aggregate not found
2026-07-02 16:36:25.971 10 INFO neutron.services.segments.plugin [-] Segment 63d91614-c23a-4e11-9ac6-5a17e051d96e resource provider aggregate not found
2026-07-02 16:36:25.977 10 INFO neutron.services.segments.plugin [-] Segment 63d91614-c23a-4e11-9ac6-5a17e051d96e resource provider not found; error: Placement Client Error (4xx): {"errors": [{"status": 404, "title": "Not Found", "detail": "The resource could not be found.\n\n No resource provider with uuid 63d91614-c23a-4e11-9ac6-5a17e051d96e found for delete ", "request_id": "req-be007dfb-3397-4ff9-bf3e-fdf2fea561a8"}]}
2026-07-02 16:36:25.988 10 INFO neutron.services.segments.plugin [-] Segment 63d91614-c23a-4e11-9ac6-5a17e051d96e resource provider not found; error: Placement Client Error (4xx): {"errors": [{"status": 404, "title": "Not Found", "detail": "The resource could not be found.\n\n No resource provider with uuid 63d91614-c23a-4e11-9ac6-5a17e051d96e found for delete ", "request_id": "req-bb875ff0-f6df-44cb-89b3-4dfae96a08bd"}]}
2026-07-02 16:36:26.358 10 INFO neutron.wsgi [None req-aed4e6e7-e5a5-4b08-904e-6f60c1f50968 2ac471ffb14f471eaa02d796dab3e614 291a8a4200aa4ea78232fba5063cae26 - - default default] 10.0.0.116 "GET /v2.0/security-groups?tenant_id=316673c7a0074fbead525dc40e5ab2b5&name=default HTTP/1.1" status: 200 len: 2996 time: 0.4475470
2026-07-02 16:36:26.366 9 INFO neutron.services.segments.plugin [-] Segment f5115c74-8547-4569-aca2-7d27e3103265 resource provider aggregate not found
2026-07-02 16:36:26.386 9 INFO neutron.services.segments.plugin [-] Segment f5115c74-8547-4569-aca2-7d27e3103265 resource provider aggregate not found
2026-07-02 16:36:26.398 9 INFO neutron.services.segments.plugin [-] Segment f5115c74-8547-4569-aca2-7d27e3103265 resource provider not found; error: Placement Client Error (4xx): {"errors": [{"status": 404, "title": "Not Found", "detail": "The resource could not be found.\n\n No resource provider with uuid f5115c74-8547-4569-aca2-7d27e3103265 found for delete ", "request_id": "req-e74e0bba-c0bb-4fcd-bbfa-de43e4e752e6"}]}
2026-07-02 16:36:26.403 9 INFO neutron.wsgi [None req-0d7a6c3b-6370-4d4d-98b3-498d4f10e614 2ac471ffb14f471eaa02d796dab3e614 291a8a4200aa4ea78232fba5063cae26 - - default default] 10.0.0.116 "GET /v2.0/security-groups?tenant_id=8b5debf0857a4bcca93c596f65038b95&name=default HTTP/1.1" status: 200 len: 2996 time: 0.2060847
2026-07-02 16:36:26.545 9 INFO neutron.services.segments.plugin [-] Segment 998773aa-e535-4234-97d7-49c55406b4f3 resource provider aggregate not found
2026-07-02 16:36:26.552 9 INFO neutron.services.segments.plugin [-] Segment f5115c74-8547-4569-aca2-7d27e3103265 resource provider not found; error: Placement Client Error (4xx): {"errors": [{"status": 404, "title": "Not Found", "detail": "The resource could not be found.\n\n No resource provider with uuid f5115c74-8547-4569-aca2-7d27e3103265 found for delete ", "request_id": "req-3b9f9c65-51a6-4c2d-80a3-c4c3d81af430"}]}
2026-07-02 16:36:26.572 9 INFO neutron.services.segments.plugin [-] Segment 998773aa-e535-4234-97d7-49c55406b4f3 resource provider aggregate not found
2026-07-02 16:36:26.578 9 INFO neutron.services.segments.plugin [-] Segment 998773aa-e535-4234-97d7-49c55406b4f3 resource provider not found; error: Placement Client Error (4xx): {"errors": [{"status": 404, "title": "Not Found", "detail": "The resource could not be found.\n\n No resource provider with uuid 998773aa-e535-4234-97d7-49c55406b4f3 found for delete ", "request_id": "req-aca56797-8792-4ec7-92c6-663c52867fac"}]}
2026-07-02 16:36:26.587 9 INFO neutron.wsgi [None req-49914fea-e1a7-45de-931f-bfbe6a0490ff 2ac471ffb14f471eaa02d796dab3e614 291a8a4200aa4ea78232fba5063cae26 - - - -] 10.0.0.116 "DELETE /v2.0/security-groups/cda01217-762c-463f-b814-7874edeb3cf7 HTTP/1.1" status: 204 len: 168 time: 0.2226961
2026-07-02 16:36:26.592 9 INFO neutron.services.segments.plugin [-] Segment 998773aa-e535-4234-97d7-49c55406b4f3 resource provider not found; error: Placement Client Error (4xx): {"errors": [{"status": 404, "title": "Not Found", "detail": "The resource could not be found.\n\n No resource provider with uuid 998773aa-e535-4234-97d7-49c55406b4f3 found for delete ", "request_id": "req-78884dec-552c-4bd8-a28f-ae8da36ca2c6"}]}
2026-07-02 16:36:26.620 10 INFO neutron.wsgi [None req-e581e773-3878-45db-a153-9faf51d16871 2ac471ffb14f471eaa02d796dab3e614 291a8a4200aa4ea78232fba5063cae26 - - - -] 10.0.0.116 "DELETE /v2.0/security-groups/e4db2861-7042-4b4f-b6c2-35d3bc058a4e HTTP/1.1" status: 204 len: 168 time: 0.2126234
2026-07-02 16:36:27.865 10 INFO neutron.db.ovn_revision_numbers_db [None req-2c95bb72-605d-4133-97c2-4136774803fd 2ac471ffb14f471eaa02d796dab3e614 291a8a4200aa4ea78232fba5063cae26 - - default default] Successfully bumped revision number for resource f5f53b91-bd3d-4cbb-a3a0-8180b94b1014 (type: security_groups) to 1
2026-07-02 16:36:27.889 10 INFO neutron.wsgi [None req-2c95bb72-605d-4133-97c2-4136774803fd 2ac471ffb14f471eaa02d796dab3e614 291a8a4200aa4ea78232fba5063cae26 - - default default] 10.0.0.116 "GET /v2.0/security-groups?tenant_id=e347a73d14b44d4a900b0314b3da4116&name=default HTTP/1.1" status: 200 len: 2996 time: 0.2669561
2026-07-02 16:36:28.092 10 INFO neutron.wsgi [None req-9089ae07-2143-4b10-858e-39eb8ca6624d 2ac471ffb14f471eaa02d796dab3e614 291a8a4200aa4ea78232fba5063cae26 - - - -] 10.0.0.116 "DELETE /v2.0/security-groups/f5f53b91-bd3d-4cbb-a3a0-8180b94b1014 HTTP/1.1" status: 204 len: 168 time: 0.1968219
2026-07-02 16:36:28.952 10 INFO neutron.db.ovn_revision_numbers_db [None req-090aba97-d085-4f64-b735-a1836314abdb 51a21ce660b747b59aca5a597ce32469 91bc43c31dbe450cb2599340de623d0c - - - -] Successfully bumped revision number for resource bdceac5f-d05f-4c60-8a74-6a296cf8a445 (type: security_groups) to 1
2026-07-02 16:36:29.024 10 INFO neutron.db.ovn_revision_numbers_db [None req-090aba97-d085-4f64-b735-a1836314abdb 51a21ce660b747b59aca5a597ce32469 91bc43c31dbe450cb2599340de623d0c - - - -] Successfully bumped revision number for resource 41950e29-650d-4d68-9716-ecae1ccbdab9 (type: security_groups) to 1
2026-07-02 16:36:29.026 9 INFO neutron.db.ovn_revision_numbers_db [None req-3b311b69-4a62-45c4-8c66-a6f606a24017 fc49bff54a9e47afa0e4750cc1f7d896 b1cb8bb9ef974f1f8a39f093f8ea0d03 - - - -] Successfully bumped revision number for resource 0b84e7c5-e860-495b-a21d-3dfdde8fbe09 (type: security_groups) to 1
2026-07-02 16:36:29.045 10 INFO neutron.wsgi [None req-090aba97-d085-4f64-b735-a1836314abdb 51a21ce660b747b59aca5a597ce32469 91bc43c31dbe450cb2599340de623d0c - - - -] 10.0.0.116 "POST /v2.0/security-groups HTTP/1.1" status: 201 len: 1760 time: 0.4590743
2026-07-02 16:36:29.084 9 INFO neutron.db.segments_db [None req-3b311b69-4a62-45c4-8c66-a6f606a24017 fc49bff54a9e47afa0e4750cc1f7d896 b1cb8bb9ef974f1f8a39f093f8ea0d03 - - - -] Added segment 1079acfd-c3bb-4199-ae10-05da20171f3b of type geneve for network 4eb7b6af-8054-4284-a644-0e95e626d95e
2026-07-02 16:36:29.099 10 INFO neutron.wsgi [None req-d5fb71bf-05b3-4616-9e64-5f95c7af0d8e 51a21ce660b747b59aca5a597ce32469 91bc43c31dbe450cb2599340de623d0c - - default default] 10.0.0.116 "GET /v2.0/security-groups HTTP/1.1" status: 200 len: 4538 time: 0.0482168
2026-07-02 16:36:29.172 10 INFO neutron.db.ovn_revision_numbers_db [None req-278ebccb-44ee-4e72-9854-0a378c95b98d 51a21ce660b747b59aca5a597ce32469 91bc43c31dbe450cb2599340de623d0c - - - -] Successfully bumped revision number for resource 41950e29-650d-4d68-9716-ecae1ccbdab9 (type: security_groups) to 2
2026-07-02 16:36:29.176 10 INFO neutron.wsgi [None req-278ebccb-44ee-4e72-9854-0a378c95b98d 51a21ce660b747b59aca5a597ce32469 91bc43c31dbe450cb2599340de623d0c - - - -] 10.0.0.116 "PUT /v2.0/security-groups/41950e29-650d-4d68-9716-ecae1ccbdab9 HTTP/1.1" status: 200 len: 1794 time: 0.0714564
2026-07-02 16:36:29.220 10 INFO neutron.wsgi [None req-a6e7ad8b-31b6-4b49-8c0b-e8e7a58e3fb2 51a21ce660b747b59aca5a597ce32469 91bc43c31dbe450cb2599340de623d0c - - default default] 10.0.0.116 "GET /v2.0/security-groups/41950e29-650d-4d68-9716-ecae1ccbdab9 HTTP/1.1" status: 200 len: 1794 time: 0.0360889
2026-07-02 16:36:29.232 9 INFO neutron.db.ovn_revision_numbers_db [None req-3b311b69-4a62-45c4-8c66-a6f606a24017 fc49bff54a9e47afa0e4750cc1f7d896 b1cb8bb9ef974f1f8a39f093f8ea0d03 - - - -] Successfully bumped revision number for resource 4eb7b6af-8054-4284-a644-0e95e626d95e (type: networks) to 1
2026-07-02 16:36:29.435 9 INFO neutron.wsgi [None req-d0c91c53-0454-4fd4-a8c2-0810bc91fdb5 51a21ce660b747b59aca5a597ce32469 91bc43c31dbe450cb2599340de623d0c - - - -] 10.0.0.116 "DELETE /v2.0/security-groups/41950e29-650d-4d68-9716-ecae1ccbdab9 HTTP/1.1" status: 204 len: 168 time: 0.2097220
2026-07-02 16:36:29.462 9 WARNING neutron.scheduler.dhcp_agent_scheduler [None req-3b311b69-4a62-45c4-8c66-a6f606a24017 fc49bff54a9e47afa0e4750cc1f7d896 b1cb8bb9ef974f1f8a39f093f8ea0d03 - - - -] No more DHCP agents
2026-07-02 16:36:29.465 9 WARNING neutron.api.rpc.agentnotifiers.dhcp_rpc_agent_api [None req-3b311b69-4a62-45c4-8c66-a6f606a24017 fc49bff54a9e47afa0e4750cc1f7d896 b1cb8bb9ef974f1f8a39f093f8ea0d03 - - - -] Unable to schedule network 4eb7b6af-8054-4284-a644-0e95e626d95e: no agents available; will retry on subsequent port and subnet creation events.
2026-07-02 16:36:29.497 10 INFO neutron.wsgi [None req-e65f7840-a777-411e-a907-007cd0587a7a 51a21ce660b747b59aca5a597ce32469 91bc43c31dbe450cb2599340de623d0c - - default default] 10.0.0.116 "GET /v2.0/security-groups HTTP/1.1" status: 200 len: 2996 time: 0.0536864
2026-07-02 16:36:29.533 9 INFO neutron.api.v2.resource [None req-e180d495-e916-444a-a012-b0497af86811 51a21ce660b747b59aca5a597ce32469 91bc43c31dbe450cb2599340de623d0c - - - -] delete failed (client error): The resource could not be found.
2026-07-02 16:36:29.534 9 INFO neutron.wsgi [None req-e180d495-e916-444a-a012-b0497af86811 51a21ce660b747b59aca5a597ce32469 91bc43c31dbe450cb2599340de623d0c - - - -] 10.0.0.116 "DELETE /v2.0/security-groups/41950e29-650d-4d68-9716-ecae1ccbdab9 HTTP/1.1" status: 404 len: 347 time: 0.0312636
2026-07-02 16:36:29.553 9 INFO neutron.db.ovn_revision_numbers_db [None req-3b311b69-4a62-45c4-8c66-a6f606a24017 fc49bff54a9e47afa0e4750cc1f7d896 b1cb8bb9ef974f1f8a39f093f8ea0d03 - - - -] Successfully bumped revision number for resource c785fd6d-9295-4f7d-b161-1e338034676e (type: ports) to 1
2026-07-02 16:36:29.576 9 INFO neutron.wsgi [None req-3b311b69-4a62-45c4-8c66-a6f606a24017 fc49bff54a9e47afa0e4750cc1f7d896 b1cb8bb9ef974f1f8a39f093f8ea0d03 - - - -] 10.0.0.116 "POST /v2.0/networks HTTP/1.1" status: 201 len: 842 time: 0.9149623
2026-07-02 16:36:29.649 10 INFO neutron.db.ovn_revision_numbers_db [None req-b25b3f66-d549-4454-8b6e-d48d8858c86c 51a21ce660b747b59aca5a597ce32469 91bc43c31dbe450cb2599340de623d0c - - - -] Successfully bumped revision number for resource b655c5ca-3515-4ff3-812b-59db954173ad (type: security_groups) to 1
2026-07-02 16:36:29.671 10 INFO neutron.wsgi [None req-b25b3f66-d549-4454-8b6e-d48d8858c86c 51a21ce660b747b59aca5a597ce32469 91bc43c31dbe450cb2599340de623d0c - - - -] 10.0.0.116 "POST /v2.0/security-groups HTTP/1.1" status: 201 len: 1761 time: 0.1240232
2026-07-02 16:36:29.865 9 INFO neutron.db.ovn_revision_numbers_db [None req-c2354815-6049-47e0-acd9-b1f7f20b8fa0 51a21ce660b747b59aca5a597ce32469 91bc43c31dbe450cb2599340de623d0c - - - -] Successfully bumped revision number for resource 88a2aca4-1d5c-4daa-8ffc-ab9a3dd5cfa9 (type: security_group_rules) to 0
2026-07-02 16:36:29.899 9 WARNING neutron.scheduler.dhcp_agent_scheduler [None req-02e0fe00-85b0-40ec-91cf-a7a0b4ff5d77 fc49bff54a9e47afa0e4750cc1f7d896 b1cb8bb9ef974f1f8a39f093f8ea0d03 - - - -] No more DHCP agents
2026-07-02 16:36:29.903 9 WARNING neutron.api.rpc.agentnotifiers.dhcp_rpc_agent_api [None req-02e0fe00-85b0-40ec-91cf-a7a0b4ff5d77 fc49bff54a9e47afa0e4750cc1f7d896 b1cb8bb9ef974f1f8a39f093f8ea0d03 - - - -] Unable to schedule network 4eb7b6af-8054-4284-a644-0e95e626d95e: no agents available; will retry on subsequent port and subnet creation events.
2026-07-02 16:36:29.920 9 INFO neutron.wsgi [None req-c2354815-6049-47e0-acd9-b1f7f20b8fa0 51a21ce660b747b59aca5a597ce32469 91bc43c31dbe450cb2599340de623d0c - - - -] 10.0.0.116 "POST /v2.0/security-group-rules HTTP/1.1" status: 201 len: 768 time: 0.2434168
2026-07-02 16:36:29.946 10 INFO neutron.wsgi [None req-2a35bf56-e3f5-4433-83c1-0ba455390a41 51a21ce660b747b59aca5a597ce32469 91bc43c31dbe450cb2599340de623d0c - - default default] 10.0.0.116 "GET /v2.0/security-group-rules/88a2aca4-1d5c-4daa-8ffc-ab9a3dd5cfa9 HTTP/1.1" status: 200 len: 763 time: 0.0203462
2026-07-02 16:36:30.007 10 INFO neutron.wsgi [None req-06641099-afda-4fc2-b807-3af808efe2d9 51a21ce660b747b59aca5a597ce32469 91bc43c31dbe450cb2599340de623d0c - - default default] 10.0.0.116 "GET /v2.0/security-group-rules HTTP/1.1" status: 200 len: 4113 time: 0.0552869
2026-07-02 16:36:30.128 10 INFO neutron.wsgi [None req-467a8dfa-8f61-44f7-959e-9dc70c3036b4 51a21ce660b747b59aca5a597ce32469 91bc43c31dbe450cb2599340de623d0c - - - -] 10.0.0.116 "DELETE /v2.0/security-group-rules/88a2aca4-1d5c-4daa-8ffc-ab9a3dd5cfa9 HTTP/1.1" status: 204 len: 168 time: 0.1154499
2026-07-02 16:36:30.162 10 INFO neutron.wsgi [None req-04b26cd3-49d1-4eb7-a223-201b38714847 51a21ce660b747b59aca5a597ce32469 91bc43c31dbe450cb2599340de623d0c - - default default] 10.0.0.116 "GET /v2.0/security-group-rules HTTP/1.1" status: 200 len: 3567 time: 0.0279312
2026-07-02 16:36:30.287 10 INFO neutron.db.ovn_revision_numbers_db [None req-2c7007d7-a604-4147-a2cd-ffc73c49c720 51a21ce660b747b59aca5a597ce32469 91bc43c31dbe450cb2599340de623d0c - - - -] Successfully bumped revision number for resource 097cfdab-1040-41bc-af79-b493152a4619 (type: security_group_rules) to 0
2026-07-02 16:36:30.313 10 INFO neutron.wsgi [None req-2c7007d7-a604-4147-a2cd-ffc73c49c720 51a21ce660b747b59aca5a597ce32469 91bc43c31dbe450cb2599340de623d0c - - - -] 10.0.0.116 "POST /v2.0/security-group-rules HTTP/1.1" status: 201 len: 768 time: 0.1446910
2026-07-02 16:36:30.342 10 INFO neutron.wsgi [None req-7d767a3d-cd0b-4799-904d-080971ae1e25 51a21ce660b747b59aca5a597ce32469 91bc43c31dbe450cb2599340de623d0c - - default default] 10.0.0.116 "GET /v2.0/security-group-rules/097cfdab-1040-41bc-af79-b493152a4619 HTTP/1.1" status: 200 len: 763 time: 0.0235887
2026-07-02 16:36:30.383 10 INFO neutron.wsgi [None req-0c5f88b2-5019-4dc1-a5cc-3f1a7f135ea3 51a21ce660b747b59aca5a597ce32469 91bc43c31dbe450cb2599340de623d0c - - default default] 10.0.0.116 "GET /v2.0/security-group-rules HTTP/1.1" status: 200 len: 4113 time: 0.0348310
2026-07-02 16:36:30.437 9 INFO neutron.db.ovn_revision_numbers_db [None req-02e0fe00-85b0-40ec-91cf-a7a0b4ff5d77 fc49bff54a9e47afa0e4750cc1f7d896 b1cb8bb9ef974f1f8a39f093f8ea0d03 - - - -] Successfully bumped revision number for resource c785fd6d-9295-4f7d-b161-1e338034676e (type: ports) to 2
2026-07-02 16:36:30.456 9 INFO neutron.db.ovn_revision_numbers_db [None req-02e0fe00-85b0-40ec-91cf-a7a0b4ff5d77 fc49bff54a9e47afa0e4750cc1f7d896 b1cb8bb9ef974f1f8a39f093f8ea0d03 - - - -] Successfully bumped revision number for resource 1d78aff7-05c3-4fd7-9926-a68cc71fec2a (type: subnets) to 0
2026-07-02 16:36:30.472 9 INFO neutron.wsgi [None req-02e0fe00-85b0-40ec-91cf-a7a0b4ff5d77 fc49bff54a9e47afa0e4750cc1f7d896 b1cb8bb9ef974f1f8a39f093f8ea0d03 - - - -] 10.0.0.116 "POST /v2.0/subnets HTTP/1.1" status: 201 len: 816 time: 0.8606863
2026-07-02 16:36:30.563 10 INFO neutron.wsgi [None req-6df93785-17e0-49d9-924a-0ef4b5f0c087 51a21ce660b747b59aca5a597ce32469 91bc43c31dbe450cb2599340de623d0c - - - -] 10.0.0.116 "DELETE /v2.0/security-group-rules/097cfdab-1040-41bc-af79-b493152a4619 HTTP/1.1" status: 204 len: 168 time: 0.1744008
2026-07-02 16:36:30.586 9 INFO neutron.db.segments_db [None req-cb71e192-33d3-40c7-97ea-642a907e9e7a fc49bff54a9e47afa0e4750cc1f7d896 b1cb8bb9ef974f1f8a39f093f8ea0d03 - - - -] Added segment 65bf8c8b-4456-402a-b9e9-fa0483c4bde1 of type geneve for network 2e861fd2-0e03-4c64-8ed0-ff514cf86951
2026-07-02 16:36:30.609 10 INFO neutron.wsgi [None req-2e489da3-8cad-409b-a45d-29cd6c6c290c 51a21ce660b747b59aca5a597ce32469 91bc43c31dbe450cb2599340de623d0c - - default default] 10.0.0.116 "GET /v2.0/security-group-rules HTTP/1.1" status: 200 len: 3567 time: 0.0383408
2026-07-02 16:36:30.696 10 INFO neutron.db.ovn_revision_numbers_db [None req-1bf031bf-9540-4f62-bd66-f888519578b5 b915bf06c1fc48e3b59f5ed3ce09c31f 7100444c5228453f8ba9882a1b28d5aa - - - -] Successfully bumped revision number for resource 323384de-5bd1-4172-a035-fb7663f7b989 (type: security_groups) to 1
2026-07-02 16:36:30.725 9 INFO neutron.db.ovn_revision_numbers_db [None req-cb71e192-33d3-40c7-97ea-642a907e9e7a fc49bff54a9e47afa0e4750cc1f7d896 b1cb8bb9ef974f1f8a39f093f8ea0d03 - - - -] Successfully bumped revision number for resource 2e861fd2-0e03-4c64-8ed0-ff514cf86951 (type: networks) to 1
2026-07-02 16:36:30.758 10 INFO neutron.db.segments_db [None req-1bf031bf-9540-4f62-bd66-f888519578b5 b915bf06c1fc48e3b59f5ed3ce09c31f 7100444c5228453f8ba9882a1b28d5aa - - - -] Added segment bb96cd05-7fab-4b6a-9888-1065bae12a35 of type geneve for network 46415c1d-8780-4f5a-a3b3-b220e4b8baa7
2026-07-02 16:36:30.786 10 INFO neutron.db.ovn_revision_numbers_db [None req-9cad18bd-2bf5-4f6d-b40c-09fcc329927c 51a21ce660b747b59aca5a597ce32469 91bc43c31dbe450cb2599340de623d0c - - - -] Successfully bumped revision number for resource a67200da-e983-4082-b476-f8f099f25862 (type: security_group_rules) to 0
2026-07-02 16:36:30.827 10 INFO neutron.wsgi [None req-9cad18bd-2bf5-4f6d-b40c-09fcc329927c 51a21ce660b747b59aca5a597ce32469 91bc43c31dbe450cb2599340de623d0c - - - -] 10.0.0.116 "POST /v2.0/security-group-rules HTTP/1.1" status: 201 len: 769 time: 0.2108557
2026-07-02 16:36:30.871 10 INFO neutron.wsgi [None req-6f5a1d23-0cec-4cbf-950a-d1d38695e4a3 51a21ce660b747b59aca5a597ce32469 91bc43c31dbe450cb2599340de623d0c - - default default] 10.0.0.116 "GET /v2.0/security-group-rules/a67200da-e983-4082-b476-f8f099f25862 HTTP/1.1" status: 200 len: 764 time: 0.0336449
2026-07-02 16:36:30.918 10 INFO neutron.db.ovn_revision_numbers_db [None req-1bf031bf-9540-4f62-bd66-f888519578b5 b915bf06c1fc48e3b59f5ed3ce09c31f 7100444c5228453f8ba9882a1b28d5aa - - - -] Successfully bumped revision number for resource 46415c1d-8780-4f5a-a3b3-b220e4b8baa7 (type: networks) to 1
2026-07-02 16:36:30.936 10 INFO neutron.wsgi [None req-76f19447-0941-43b7-8a68-2335aa4a0c4c 51a21ce660b747b59aca5a597ce32469 91bc43c31dbe450cb2599340de623d0c - - default default] 10.0.0.116 "GET /v2.0/security-group-rules HTTP/1.1" status: 200 len: 4114 time: 0.0561423
2026-07-02 16:36:30.959 9 WARNING neutron.scheduler.dhcp_agent_scheduler [None req-cb71e192-33d3-40c7-97ea-642a907e9e7a fc49bff54a9e47afa0e4750cc1f7d896 b1cb8bb9ef974f1f8a39f093f8ea0d03 - - - -] No more DHCP agents
2026-07-02 16:36:30.962 9 WARNING neutron.api.rpc.agentnotifiers.dhcp_rpc_agent_api [None req-cb71e192-33d3-40c7-97ea-642a907e9e7a fc49bff54a9e47afa0e4750cc1f7d896 b1cb8bb9ef974f1f8a39f093f8ea0d03 - - - -] Unable to schedule network 2e861fd2-0e03-4c64-8ed0-ff514cf86951: no agents available; will retry on subsequent port and subnet creation events.
2026-07-02 16:36:31.056 9 INFO neutron.db.ovn_revision_numbers_db [None req-cb71e192-33d3-40c7-97ea-642a907e9e7a fc49bff54a9e47afa0e4750cc1f7d896 b1cb8bb9ef974f1f8a39f093f8ea0d03 - - - -] Successfully bumped revision number for resource e0807efc-927e-4a67-b69a-a4eb06a31643 (type: ports) to 1
2026-07-02 16:36:31.102 9 INFO neutron.wsgi [None req-cb71e192-33d3-40c7-97ea-642a907e9e7a fc49bff54a9e47afa0e4750cc1f7d896 b1cb8bb9ef974f1f8a39f093f8ea0d03 - - - -] 10.0.0.116 "POST /v2.0/networks HTTP/1.1" status: 201 len: 842 time: 0.6223879
2026-07-02 16:36:31.119 9 INFO neutron.wsgi [None req-21f56e4a-b867-4272-bb69-bc4cbc9e908a 51a21ce660b747b59aca5a597ce32469 91bc43c31dbe450cb2599340de623d0c - - - -] 10.0.0.116 "DELETE /v2.0/security-group-rules/a67200da-e983-4082-b476-f8f099f25862 HTTP/1.1" status: 204 len: 168 time: 0.1763043
2026-07-02 16:36:31.151 9 INFO neutron.db.ovn_revision_numbers_db [None req-01b8fe6e-ea99-44c4-93d8-d460e3383138 2ac471ffb14f471eaa02d796dab3e614 291a8a4200aa4ea78232fba5063cae26 - - default default] Successfully bumped revision number for resource a94d7716-b59d-4646-9dfb-9148908eb2c6 (type: security_groups) to 1
2026-07-02 16:36:31.171 9 INFO neutron.wsgi [None req-2ee3f3f2-924f-4e1e-a2de-03f63df12e0d 51a21ce660b747b59aca5a597ce32469 91bc43c31dbe450cb2599340de623d0c - - default default] 10.0.0.116 "GET /v2.0/security-group-rules HTTP/1.1" status: 200 len: 3567 time: 0.0454400
2026-07-02 16:36:31.177 9 INFO neutron.wsgi [None req-01b8fe6e-ea99-44c4-93d8-d460e3383138 2ac471ffb14f471eaa02d796dab3e614 291a8a4200aa4ea78232fba5063cae26 - - default default] 10.0.0.116 "GET /v2.0/security-groups?tenant_id=547be2a1726045188487dfc6e2723ba9&name=default HTTP/1.1" status: 200 len: 2996 time: 0.3745167
2026-07-02 16:36:31.178 10 WARNING neutron.scheduler.dhcp_agent_scheduler [None req-1bf031bf-9540-4f62-bd66-f888519578b5 b915bf06c1fc48e3b59f5ed3ce09c31f 7100444c5228453f8ba9882a1b28d5aa - - - -] No more DHCP agents
2026-07-02 16:36:31.190 10 WARNING neutron.api.rpc.agentnotifiers.dhcp_rpc_agent_api [None req-1bf031bf-9540-4f62-bd66-f888519578b5 b915bf06c1fc48e3b59f5ed3ce09c31f 7100444c5228453f8ba9882a1b28d5aa - - - -] Unable to schedule network 46415c1d-8780-4f5a-a3b3-b220e4b8baa7: no agents available; will retry on subsequent port and subnet creation events.
2026-07-02 16:36:31.336 10 INFO neutron.db.ovn_revision_numbers_db [None req-1bf031bf-9540-4f62-bd66-f888519578b5 b915bf06c1fc48e3b59f5ed3ce09c31f 7100444c5228453f8ba9882a1b28d5aa - - - -] Successfully bumped revision number for resource 1511755b-acd7-4960-855f-7de3d0358c41 (type: ports) to 1
2026-07-02 16:36:31.361 9 INFO neutron.wsgi [None req-cb4be52d-04ca-49b8-aac6-6f648e5cd706 2ac471ffb14f471eaa02d796dab3e614 291a8a4200aa4ea78232fba5063cae26 - - - -] 10.0.0.116 "DELETE /v2.0/security-groups/a94d7716-b59d-4646-9dfb-9148908eb2c6 HTTP/1.1" status: 204 len: 168 time: 0.1798532
2026-07-02 16:36:31.423 10 INFO neutron.wsgi [None req-1bf031bf-9540-4f62-bd66-f888519578b5 b915bf06c1fc48e3b59f5ed3ce09c31f 7100444c5228453f8ba9882a1b28d5aa - - - -] 10.0.0.116 "POST /v2.0/networks HTTP/1.1" status: 201 len: 847 time: 1.1765571
2026-07-02 16:36:31.434 10 INFO neutron.db.ovn_revision_numbers_db [None req-ad085679-7260-4ca2-bd64-b34404fa7b29 fc49bff54a9e47afa0e4750cc1f7d896 b1cb8bb9ef974f1f8a39f093f8ea0d03 - - - -] Successfully bumped revision number for resource 2e861fd2-0e03-4c64-8ed0-ff514cf86951 (type: networks) to 2
2026-07-02 16:36:31.440 10 INFO neutron.wsgi [None req-ad085679-7260-4ca2-bd64-b34404fa7b29 fc49bff54a9e47afa0e4750cc1f7d896 b1cb8bb9ef974f1f8a39f093f8ea0d03 - - - -] 10.0.0.116 "PUT /v2.0/networks/2e861fd2-0e03-4c64-8ed0-ff514cf86951 HTTP/1.1" status: 200 len: 792 time: 0.3299844
2026-07-02 16:36:31.487 10 INFO neutron.wsgi [None req-2baad901-8c06-4c40-bfbf-a0d245f70836 51a21ce660b747b59aca5a597ce32469 91bc43c31dbe450cb2599340de623d0c - - - -] 10.0.0.116 "DELETE /v2.0/security-groups/b655c5ca-3515-4ff3-812b-59db954173ad HTTP/1.1" status: 204 len: 168 time: 0.3080382
2026-07-02 16:36:31.545 10 INFO neutron.wsgi [None req-9d68d2b2-0c62-4424-aa0d-932eed675e7c 51a21ce660b747b59aca5a597ce32469 91bc43c31dbe450cb2599340de623d0c - - default default] 10.0.0.116 "GET /v2.0/security-groups HTTP/1.1" status: 200 len: 2996 time: 0.0483687
2026-07-02 16:36:31.600 10 INFO neutron.wsgi [None req-a133b030-25de-4c96-ad6b-a93f8bab1019 51a21ce660b747b59aca5a597ce32469 91bc43c31dbe450cb2599340de623d0c - - default default] 10.0.0.116 "GET /v2.0/security-groups HTTP/1.1" status: 200 len: 2996 time: 0.0488372
2026-07-02 16:36:31.648 9 INFO neutron.db.ovn_revision_numbers_db [None req-eda3f66d-30a9-447e-8b94-f7d1d1f0c7f5 2ac471ffb14f471eaa02d796dab3e614 291a8a4200aa4ea78232fba5063cae26 - - default default] Successfully bumped revision number for resource 49b004c3-3855-4918-8462-77c4c6d49696 (type: security_groups) to 1
2026-07-02 16:36:31.688 9 INFO neutron.wsgi [None req-eda3f66d-30a9-447e-8b94-f7d1d1f0c7f5 2ac471ffb14f471eaa02d796dab3e614 291a8a4200aa4ea78232fba5063cae26 - - default default] 10.0.0.116 "GET /v2.0/security-groups?tenant_id=d688d750266c4ef0a875fa3ff3ab8a04&name=default HTTP/1.1" status: 200 len: 2996 time: 0.1990185
2026-07-02 16:36:31.790 10 WARNING neutron.scheduler.dhcp_agent_scheduler [None req-92be0685-311c-4cff-aa0c-a9ad89433958 fc49bff54a9e47afa0e4750cc1f7d896 b1cb8bb9ef974f1f8a39f093f8ea0d03 - - - -] No more DHCP agents
2026-07-02 16:36:31.795 10 WARNING neutron.api.rpc.agentnotifiers.dhcp_rpc_agent_api [None req-92be0685-311c-4cff-aa0c-a9ad89433958 fc49bff54a9e47afa0e4750cc1f7d896 b1cb8bb9ef974f1f8a39f093f8ea0d03 - - - -] Unable to schedule network 2e861fd2-0e03-4c64-8ed0-ff514cf86951: no agents available; will retry on subsequent port and subnet creation events.
2026-07-02 16:36:31.953 9 INFO neutron.wsgi [None req-9e7a1943-6875-4fa2-a09a-2ebd9042e9db 2ac471ffb14f471eaa02d796dab3e614 291a8a4200aa4ea78232fba5063cae26 - - - -] 10.0.0.116 "DELETE /v2.0/security-groups/49b004c3-3855-4918-8462-77c4c6d49696 HTTP/1.1" status: 204 len: 168 time: 0.2586341
2026-07-02 16:36:32.159 9 INFO neutron.wsgi [-] 10.0.0.252 "GET / HTTP/1.1" status: 200 len: 247 time: 0.0019927
2026-07-02 16:36:32.160 9 INFO neutron.wsgi [-] 10.0.0.252 "GET / HTTP/1.1" status: 200 len: 247 time: 0.0008936
2026-07-02 16:36:32.320 9 WARNING neutron.scheduler.dhcp_agent_scheduler [None req-cb43e93b-493e-4f15-ab0e-9a83e57326a3 b915bf06c1fc48e3b59f5ed3ce09c31f 7100444c5228453f8ba9882a1b28d5aa - - - -] No more DHCP agents
2026-07-02 16:36:32.324 9 WARNING neutron.api.rpc.agentnotifiers.dhcp_rpc_agent_api [None req-cb43e93b-493e-4f15-ab0e-9a83e57326a3 b915bf06c1fc48e3b59f5ed3ce09c31f 7100444c5228453f8ba9882a1b28d5aa - - - -] Unable to schedule network 46415c1d-8780-4f5a-a3b3-b220e4b8baa7: no agents available; will retry on subsequent port and subnet creation events.
2026-07-02 16:36:32.329 10 INFO neutron.db.ovn_revision_numbers_db [None req-92be0685-311c-4cff-aa0c-a9ad89433958 fc49bff54a9e47afa0e4750cc1f7d896 b1cb8bb9ef974f1f8a39f093f8ea0d03 - - - -] Successfully bumped revision number for resource e0807efc-927e-4a67-b69a-a4eb06a31643 (type: ports) to 2
