2026-07-02 16:38:32.030 9 INFO neutron.wsgi [None req-8a6ed6c2-e74b-4869-b100-53e246a138c6 2ac471ffb14f471eaa02d796dab3e614 291a8a4200aa4ea78232fba5063cae26 - - default default] 10.0.0.116 "GET /v2.0/security-groups?tenant_id=4b4d6a5dca8141ebb8c4e12e0e781fbd&name=default HTTP/1.1" status: 200 len: 2996 time: 0.0348039
2026-07-02 16:38:32.160 9 INFO neutron.wsgi [-] 10.0.0.252 "GET / HTTP/1.1" status: 200 len: 247 time: 0.0019593
2026-07-02 16:38:32.162 9 INFO neutron.wsgi [-] 10.0.0.252 "GET / HTTP/1.1" status: 200 len: 247 time: 0.0009782
2026-07-02 16:38:32.249 9 INFO neutron.wsgi [None req-8e8e921e-c55f-4a59-8f31-d82d83e6b2e6 2ac471ffb14f471eaa02d796dab3e614 291a8a4200aa4ea78232fba5063cae26 - - - -] 10.0.0.116 "DELETE /v2.0/security-groups/da1f25ea-3e87-473d-97fc-feb1b670a0aa HTTP/1.1" status: 204 len: 168 time: 0.2109692
2026-07-02 16:38:32.621 9 INFO neutron.db.ovn_revision_numbers_db [None req-27135e71-715b-4275-aaf1-8e6bffa83449 2ac471ffb14f471eaa02d796dab3e614 291a8a4200aa4ea78232fba5063cae26 - - default default] Successfully bumped revision number for resource e6341531-8164-4863-944a-17bb59951171 (type: security_groups) to 1
2026-07-02 16:38:32.643 9 INFO neutron.wsgi [None req-27135e71-715b-4275-aaf1-8e6bffa83449 2ac471ffb14f471eaa02d796dab3e614 291a8a4200aa4ea78232fba5063cae26 - - default default] 10.0.0.116 "GET /v2.0/security-groups?tenant_id=e79adbbe357944759d67c4cce5c6f849&name=default HTTP/1.1" status: 200 len: 3000 time: 0.4210458
2026-07-02 16:38:32.864 9 INFO neutron.wsgi [None req-bdd92b80-352e-4727-98c6-c5ca7d6a1f7d 2ac471ffb14f471eaa02d796dab3e614 291a8a4200aa4ea78232fba5063cae26 - - - -] 10.0.0.116 "DELETE /v2.0/security-groups/e6341531-8164-4863-944a-17bb59951171 HTTP/1.1" status: 204 len: 168 time: 0.2153203
2026-07-02 16:38:33.036 10 INFO neutron.db.ovn_revision_numbers_db [None req-487623e4-1445-4fad-8400-6594a224149c 2ac471ffb14f471eaa02d796dab3e614 291a8a4200aa4ea78232fba5063cae26 - - default default] Successfully bumped revision number for resource ced567c9-aa12-4b20-b765-d6fabab2a218 (type: security_groups) to 1
2026-07-02 16:38:33.041 9 INFO neutron.db.ovn_revision_numbers_db [None req-d6f8efaa-acda-4e85-8f05-53d5e815728b 1967826e4bb64c5c972e4dd957160a8b 0e6a38f45efe4013b86fd20730136573 - - - -] Successfully bumped revision number for resource 36ab0c73-a4df-42c7-9691-646ed48bec4f (type: security_groups) to 1
2026-07-02 16:38:33.054 10 INFO neutron.wsgi [None req-487623e4-1445-4fad-8400-6594a224149c 2ac471ffb14f471eaa02d796dab3e614 291a8a4200aa4ea78232fba5063cae26 - - default default] 10.0.0.116 "GET /v2.0/security-groups?tenant_id=0d2b8043650f423cabad512c01febef7&name=default HTTP/1.1" status: 200 len: 3000 time: 0.0986304
2026-07-02 16:38:33.103 9 INFO neutron.db.segments_db [None req-d6f8efaa-acda-4e85-8f05-53d5e815728b 1967826e4bb64c5c972e4dd957160a8b 0e6a38f45efe4013b86fd20730136573 - - - -] Added segment 5b6486f7-8e42-450b-9f1a-86ab7a38a9ea of type geneve for network 5a2d1f3c-ce3f-42ec-bc9e-0f2b3cffb67d
2026-07-02 16:38:33.261 10 INFO neutron.wsgi [None req-df408674-b3c7-490b-81dd-538388aa0137 2ac471ffb14f471eaa02d796dab3e614 291a8a4200aa4ea78232fba5063cae26 - - - -] 10.0.0.116 "DELETE /v2.0/security-groups/ced567c9-aa12-4b20-b765-d6fabab2a218 HTTP/1.1" status: 204 len: 168 time: 0.2021148
2026-07-02 16:38:33.293 9 INFO neutron.db.ovn_revision_numbers_db [None req-d6f8efaa-acda-4e85-8f05-53d5e815728b 1967826e4bb64c5c972e4dd957160a8b 0e6a38f45efe4013b86fd20730136573 - - - -] Successfully bumped revision number for resource 5a2d1f3c-ce3f-42ec-bc9e-0f2b3cffb67d (type: networks) to 1
2026-07-02 16:38:33.535 9 WARNING neutron.scheduler.dhcp_agent_scheduler [None req-d6f8efaa-acda-4e85-8f05-53d5e815728b 1967826e4bb64c5c972e4dd957160a8b 0e6a38f45efe4013b86fd20730136573 - - - -] No more DHCP agents
2026-07-02 16:38:33.538 9 WARNING neutron.api.rpc.agentnotifiers.dhcp_rpc_agent_api [None req-d6f8efaa-acda-4e85-8f05-53d5e815728b 1967826e4bb64c5c972e4dd957160a8b 0e6a38f45efe4013b86fd20730136573 - - - -] Unable to schedule network 5a2d1f3c-ce3f-42ec-bc9e-0f2b3cffb67d: no agents available; will retry on subsequent port and subnet creation events.
2026-07-02 16:38:33.615 9 INFO neutron.db.ovn_revision_numbers_db [None req-d6f8efaa-acda-4e85-8f05-53d5e815728b 1967826e4bb64c5c972e4dd957160a8b 0e6a38f45efe4013b86fd20730136573 - - - -] Successfully bumped revision number for resource 14c21c31-7e9f-4a8a-8e01-672f823ee1e1 (type: ports) to 1
2026-07-02 16:38:33.635 9 INFO neutron.wsgi [None req-d6f8efaa-acda-4e85-8f05-53d5e815728b 1967826e4bb64c5c972e4dd957160a8b 0e6a38f45efe4013b86fd20730136573 - - - -] 10.0.0.116 "POST /v2.0/networks HTTP/1.1" status: 201 len: 830 time: 0.7665577
2026-07-02 16:38:33.947 9 WARNING neutron.scheduler.dhcp_agent_scheduler [None req-ac85f1e1-8c19-4ce6-a997-2397d3fe8625 1967826e4bb64c5c972e4dd957160a8b 0e6a38f45efe4013b86fd20730136573 - - - -] No more DHCP agents
2026-07-02 16:38:33.954 9 WARNING neutron.api.rpc.agentnotifiers.dhcp_rpc_agent_api [None req-ac85f1e1-8c19-4ce6-a997-2397d3fe8625 1967826e4bb64c5c972e4dd957160a8b 0e6a38f45efe4013b86fd20730136573 - - - -] Unable to schedule network 5a2d1f3c-ce3f-42ec-bc9e-0f2b3cffb67d: no agents available; will retry on subsequent port and subnet creation events.
2026-07-02 16:38:34.056 9 INFO neutron.db.ovn_revision_numbers_db [None req-ac85f1e1-8c19-4ce6-a997-2397d3fe8625 1967826e4bb64c5c972e4dd957160a8b 0e6a38f45efe4013b86fd20730136573 - - - -] Successfully bumped revision number for resource e841c26e-a4e9-43d6-8636-4ed8e939ade2 (type: ports) to 1
2026-07-02 16:38:34.087 9 INFO neutron.wsgi [None req-ac85f1e1-8c19-4ce6-a997-2397d3fe8625 1967826e4bb64c5c972e4dd957160a8b 0e6a38f45efe4013b86fd20730136573 - - - -] 10.0.0.116 "POST /v2.0/ports HTTP/1.1" status: 201 len: 942 time: 0.4452229 /var/lib/openstack/lib/python3.10/site-packages/pycadf/identifier.py:71: UserWarning: Invalid uuid: neutron. To ensure interoperability, identifiers should be a valid uuid. warnings.warn(('Invalid uuid: %s. To ensure interoperability, '
2026-07-02 16:38:34.139 9 INFO neutron.wsgi [None req-b1735bd8-1b05-4033-8b4d-351b553b01c1 1967826e4bb64c5c972e4dd957160a8b 0e6a38f45efe4013b86fd20730136573 - - - -] 10.0.0.116 "PUT /v2.0/ports/e841c26e-a4e9-43d6-8636-4ed8e939ade2/tags HTTP/1.1" status: 200 len: 218 time: 0.0460038
2026-07-02 16:38:34.174 9 INFO neutron.wsgi [None req-2d061d1c-fb92-43ec-a291-96c136972b5d 1967826e4bb64c5c972e4dd957160a8b 0e6a38f45efe4013b86fd20730136573 - - default default] 10.0.0.116 "GET /v2.0/ports/e841c26e-a4e9-43d6-8636-4ed8e939ade2/tags HTTP/1.1" status: 200 len: 218 time: 0.0286918
2026-07-02 16:38:34.211 9 INFO neutron.wsgi [None req-b7e5b1b0-e480-453b-b231-b22a1f622b1e 8ba66e52e372415c8df0c3c9e9acd627 b2b66ce0f5764439bc9cd3d7eccfa54e - - default default] 10.0.0.158 "GET /v2.0/extensions HTTP/1.1" status: 200 len: 16525 time: 0.1704381
2026-07-02 16:38:34.240 9 INFO neutron.wsgi [None req-5dc6f816-6ccb-42c0-9b65-307207208221 1967826e4bb64c5c972e4dd957160a8b 0e6a38f45efe4013b86fd20730136573 - - - -] 10.0.0.116 "PUT /v2.0/ports/e841c26e-a4e9-43d6-8636-4ed8e939ade2/tags/green HTTP/1.1" status: 201 len: 201 time: 0.0597322
2026-07-02 16:38:34.280 9 INFO neutron.wsgi [None req-1b58fa80-e31e-49eb-b9a0-acfc4aad3485 1967826e4bb64c5c972e4dd957160a8b 0e6a38f45efe4013b86fd20730136573 - - default default] 10.0.0.116 "GET /v2.0/ports/e841c26e-a4e9-43d6-8636-4ed8e939ade2/tags HTTP/1.1" status: 200 len: 227 time: 0.0328074
2026-07-02 16:38:34.322 9 INFO neutron.wsgi [None req-90abe30a-7a3c-4a49-a3b1-a680683ab18f 1967826e4bb64c5c972e4dd957160a8b 0e6a38f45efe4013b86fd20730136573 - - - -] 10.0.0.116 "PUT /v2.0/ports/e841c26e-a4e9-43d6-8636-4ed8e939ade2/tags/red HTTP/1.1" status: 201 len: 201 time: 0.0367899
2026-07-02 16:38:34.358 9 INFO neutron.wsgi [None req-22307f76-1df1-4b59-88d7-b9c268456e6f 8ba66e52e372415c8df0c3c9e9acd627 b2b66ce0f5764439bc9cd3d7eccfa54e - - default default] 10.0.0.158 "GET /v2.0/quotas/b2b66ce0f5764439bc9cd3d7eccfa54e/details HTTP/1.1" status: 200 len: 756 time: 0.1287158
2026-07-02 16:38:34.362 10 INFO neutron.wsgi [None req-032156ef-f31c-4c30-8dcc-2e4bdb46f1db 1967826e4bb64c5c972e4dd957160a8b 0e6a38f45efe4013b86fd20730136573 - - default default] 10.0.0.116 "GET /v2.0/ports/e841c26e-a4e9-43d6-8636-4ed8e939ade2/tags HTTP/1.1" status: 200 len: 227 time: 0.0348351
2026-07-02 16:38:34.417 10 INFO neutron.wsgi [None req-cd3aebe5-2a99-49c1-ac26-121530d8eb47 1967826e4bb64c5c972e4dd957160a8b 0e6a38f45efe4013b86fd20730136573 - - - -] 10.0.0.116 "PUT /v2.0/ports/e841c26e-a4e9-43d6-8636-4ed8e939ade2/tags/black.or.white HTTP/1.1" status: 201 len: 201 time: 0.0499473
2026-07-02 16:38:34.457 9 INFO neutron.wsgi [None req-42993427-dba5-4ac1-8184-ce1119e0628c 1967826e4bb64c5c972e4dd957160a8b 0e6a38f45efe4013b86fd20730136573 - - default default] 10.0.0.116 "GET /v2.0/ports/e841c26e-a4e9-43d6-8636-4ed8e939ade2/tags HTTP/1.1" status: 200 len: 245 time: 0.0344307
2026-07-02 16:38:34.514 9 INFO neutron.wsgi [None req-f94dd77e-67aa-4262-b81e-9e892eef0511 1967826e4bb64c5c972e4dd957160a8b 0e6a38f45efe4013b86fd20730136573 - - - -] 10.0.0.116 "PUT /v2.0/ports/e841c26e-a4e9-43d6-8636-4ed8e939ade2/tags HTTP/1.1" status: 200 len: 230 time: 0.0506253
2026-07-02 16:38:34.558 9 INFO neutron.wsgi [None req-3ce7a640-de86-4fd4-be2a-7a90a5d75775 1967826e4bb64c5c972e4dd957160a8b 0e6a38f45efe4013b86fd20730136573 - - default default] 10.0.0.116 "GET /v2.0/ports/e841c26e-a4e9-43d6-8636-4ed8e939ade2/tags HTTP/1.1" status: 200 len: 230 time: 0.0390627
2026-07-02 16:38:34.607 9 INFO neutron.wsgi [None req-b7b09cc0-ab4a-4459-ab47-6f3a74a87058 1967826e4bb64c5c972e4dd957160a8b 0e6a38f45efe4013b86fd20730136573 - - default default] 10.0.0.116 "GET /v2.0/ports/e841c26e-a4e9-43d6-8636-4ed8e939ade2/tags/red HTTP/1.1" status: 204 len: 168 time: 0.0447273
2026-07-02 16:38:34.662 9 INFO neutron.api.v2.resource [None req-ce72afd6-6455-4011-9bfd-635f508ca9b0 1967826e4bb64c5c972e4dd957160a8b 0e6a38f45efe4013b86fd20730136573 - - default default] show failed (client error): The resource could not be found.
2026-07-02 16:38:34.665 9 INFO neutron.wsgi [None req-ce72afd6-6455-4011-9bfd-635f508ca9b0 1967826e4bb64c5c972e4dd957160a8b 0e6a38f45efe4013b86fd20730136573 - - default default] 10.0.0.116 "GET /v2.0/ports/e841c26e-a4e9-43d6-8636-4ed8e939ade2/tags/green HTTP/1.1" status: 404 len: 299 time: 0.0402412
2026-07-02 16:38:34.730 10 INFO neutron.wsgi [None req-706c7e61-8576-4d1d-a55c-df7f84fec278 1967826e4bb64c5c972e4dd957160a8b 0e6a38f45efe4013b86fd20730136573 - - - -] 10.0.0.116 "DELETE /v2.0/ports/e841c26e-a4e9-43d6-8636-4ed8e939ade2/tags/red HTTP/1.1" status: 204 len: 168 time: 0.0570846
2026-07-02 16:38:34.772 10 INFO neutron.wsgi [None req-3f8bafd1-7307-4e3a-a35c-943c62cf7ae9 1967826e4bb64c5c972e4dd957160a8b 0e6a38f45efe4013b86fd20730136573 - - default default] 10.0.0.116 "GET /v2.0/ports/e841c26e-a4e9-43d6-8636-4ed8e939ade2/tags HTTP/1.1" status: 200 len: 223 time: 0.0366621
2026-07-02 16:38:34.834 9 INFO neutron.api.v2.resource [None req-c4d5324e-d872-4377-bb28-977b77f93ace 1967826e4bb64c5c972e4dd957160a8b 0e6a38f45efe4013b86fd20730136573 - - - -] delete failed (client error): The resource could not be found.
2026-07-02 16:38:34.836 9 INFO neutron.wsgi [None req-c4d5324e-d872-4377-bb28-977b77f93ace 1967826e4bb64c5c972e4dd957160a8b 0e6a38f45efe4013b86fd20730136573 - - - -] 10.0.0.116 "DELETE /v2.0/ports/e841c26e-a4e9-43d6-8636-4ed8e939ade2/tags/green HTTP/1.1" status: 404 len: 299 time: 0.0562987
2026-07-02 16:38:34.892 9 INFO neutron.wsgi [None req-91733fb4-5550-4e9b-b5f3-b1d554149758 1967826e4bb64c5c972e4dd957160a8b 0e6a38f45efe4013b86fd20730136573 - - - -] 10.0.0.116 "DELETE /v2.0/ports/e841c26e-a4e9-43d6-8636-4ed8e939ade2/tags HTTP/1.1" status: 204 len: 168 time: 0.0502088
2026-07-02 16:38:34.944 9 INFO neutron.wsgi [None req-a995b4e4-f224-4408-a62f-83dcd2c2e227 1967826e4bb64c5c972e4dd957160a8b 0e6a38f45efe4013b86fd20730136573 - - default default] 10.0.0.116 "GET /v2.0/ports/e841c26e-a4e9-43d6-8636-4ed8e939ade2/tags HTTP/1.1" status: 200 len: 205 time: 0.0399239
2026-07-02 16:38:35.220 9 INFO neutron.wsgi [None req-a1e864c0-1bba-4db7-b795-129585e210a9 1967826e4bb64c5c972e4dd957160a8b 0e6a38f45efe4013b86fd20730136573 - - - -] 10.0.0.116 "DELETE /v2.0/ports/e841c26e-a4e9-43d6-8636-4ed8e939ade2 HTTP/1.1" status: 204 len: 168 time: 0.2552810
2026-07-02 16:38:35.648 9 INFO neutron.services.segments.plugin [-] Segment 5b6486f7-8e42-450b-9f1a-86ab7a38a9ea resource provider aggregate not found
2026-07-02 16:38:35.653 9 INFO neutron.services.segments.plugin [-] Segment 5b6486f7-8e42-450b-9f1a-86ab7a38a9ea resource provider aggregate not found
2026-07-02 16:38:35.675 9 INFO neutron.services.segments.plugin [-] Segment 5b6486f7-8e42-450b-9f1a-86ab7a38a9ea resource provider not found; error: Placement Client Error (4xx): {"errors": [{"status": 404, "title": "Not Found", "detail": "The resource could not be found.\n\n No resource provider with uuid 5b6486f7-8e42-450b-9f1a-86ab7a38a9ea found for delete ", "request_id": "req-68b298d2-c9f1-4009-b67c-f93ecb85105d"}]}
2026-07-02 16:38:35.684 9 INFO neutron.services.segments.plugin [-] Segment 5b6486f7-8e42-450b-9f1a-86ab7a38a9ea resource provider not found; error: Placement Client Error (4xx): {"errors": [{"status": 404, "title": "Not Found", "detail": "The resource could not be found.\n\n No resource provider with uuid 5b6486f7-8e42-450b-9f1a-86ab7a38a9ea found for delete ", "request_id": "req-a3968959-90c5-460b-b374-5af35c3d8165"}]}
2026-07-02 16:38:35.718 9 INFO neutron.wsgi [None req-21dfd73a-8948-4804-a8e2-37f05f90fead 1967826e4bb64c5c972e4dd957160a8b 0e6a38f45efe4013b86fd20730136573 - - - -] 10.0.0.116 "DELETE /v2.0/networks/5a2d1f3c-ce3f-42ec-bc9e-0f2b3cffb67d HTTP/1.1" status: 204 len: 168 time: 0.4933133
2026-07-02 16:38:36.059 9 INFO neutron.wsgi [None req-f37d17e9-3dc8-42fe-8dc0-2bcfe6bae48f 9f86317e941b41aeaf07506a07f088c3 73d21edfdf5e40f5a2c72ae3925ebe7f - - - -] 10.0.0.116 "POST /v2.0/subnetpools HTTP/1.1" status: 201 len: 715 time: 0.2728672
2026-07-02 16:38:36.100 9 INFO neutron.wsgi [None req-2825bdec-09a4-403e-8bff-14f1d13ac924 9f86317e941b41aeaf07506a07f088c3 73d21edfdf5e40f5a2c72ae3925ebe7f - - - -] 10.0.0.116 "PUT /v2.0/subnetpools/3bb67303-c7d0-4e9a-a033-ee34eb7a9a53/tags HTTP/1.1" status: 200 len: 218 time: 0.0326061
2026-07-02 16:38:36.124 9 INFO neutron.wsgi [None req-00a96d4d-d061-43d9-b7d7-73e022efda02 9f86317e941b41aeaf07506a07f088c3 73d21edfdf5e40f5a2c72ae3925ebe7f - - default default] 10.0.0.116 "GET /v2.0/subnetpools/3bb67303-c7d0-4e9a-a033-ee34eb7a9a53/tags HTTP/1.1" status: 200 len: 218 time: 0.0190408
2026-07-02 16:38:36.162 9 INFO neutron.wsgi [None req-c0e0d01d-2f96-431f-b470-83ca615b6298 9f86317e941b41aeaf07506a07f088c3 73d21edfdf5e40f5a2c72ae3925ebe7f - - - -] 10.0.0.116 "PUT /v2.0/subnetpools/3bb67303-c7d0-4e9a-a033-ee34eb7a9a53/tags/green HTTP/1.1" status: 201 len: 201 time: 0.0317519
2026-07-02 16:38:36.191 10 INFO neutron.wsgi [None req-efd57d07-3ac2-4e8c-bf17-8af95c78056f 9f86317e941b41aeaf07506a07f088c3 73d21edfdf5e40f5a2c72ae3925ebe7f - - default default] 10.0.0.116 "GET /v2.0/subnetpools/3bb67303-c7d0-4e9a-a033-ee34eb7a9a53/tags HTTP/1.1" status: 200 len: 227 time: 0.0214093
2026-07-02 16:38:36.215 10 INFO neutron.wsgi [None req-eb356ba4-4dc7-4013-a93a-38861dc2f443 9f86317e941b41aeaf07506a07f088c3 73d21edfdf5e40f5a2c72ae3925ebe7f - - - -] 10.0.0.116 "PUT /v2.0/subnetpools/3bb67303-c7d0-4e9a-a033-ee34eb7a9a53/tags/red HTTP/1.1" status: 201 len: 201 time: 0.0201287
2026-07-02 16:38:36.245 10 INFO neutron.wsgi [None req-4e457728-4f48-406d-bb97-3056081d0acd 9f86317e941b41aeaf07506a07f088c3 73d21edfdf5e40f5a2c72ae3925ebe7f - - default default] 10.0.0.116 "GET /v2.0/subnetpools/3bb67303-c7d0-4e9a-a033-ee34eb7a9a53/tags HTTP/1.1" status: 200 len: 227 time: 0.0246587
2026-07-02 16:38:36.301 10 INFO neutron.wsgi [None req-60dce264-2950-4f00-a1d2-09106ee03905 9f86317e941b41aeaf07506a07f088c3 73d21edfdf5e40f5a2c72ae3925ebe7f - - - -] 10.0.0.116 "PUT /v2.0/subnetpools/3bb67303-c7d0-4e9a-a033-ee34eb7a9a53/tags/black.or.white HTTP/1.1" status: 201 len: 201 time: 0.0488818
2026-07-02 16:38:36.325 10 INFO neutron.wsgi [None req-6b8d593a-5110-484c-9078-8c097da0881a 9f86317e941b41aeaf07506a07f088c3 73d21edfdf5e40f5a2c72ae3925ebe7f - - default default] 10.0.0.116 "GET /v2.0/subnetpools/3bb67303-c7d0-4e9a-a033-ee34eb7a9a53/tags HTTP/1.1" status: 200 len: 245 time: 0.0172577
2026-07-02 16:38:36.362 10 INFO neutron.wsgi [None req-95e8c581-b388-4b60-9e7e-423479f9279d 9f86317e941b41aeaf07506a07f088c3 73d21edfdf5e40f5a2c72ae3925ebe7f - - - -] 10.0.0.116 "PUT /v2.0/subnetpools/3bb67303-c7d0-4e9a-a033-ee34eb7a9a53/tags HTTP/1.1" status: 200 len: 230 time: 0.0330658
2026-07-02 16:38:36.383 10 INFO neutron.wsgi [None req-9e482ce1-2743-4c45-8121-1daac2d7334c 9f86317e941b41aeaf07506a07f088c3 73d21edfdf5e40f5a2c72ae3925ebe7f - - default default] 10.0.0.116 "GET /v2.0/subnetpools/3bb67303-c7d0-4e9a-a033-ee34eb7a9a53/tags HTTP/1.1" status: 200 len: 230 time: 0.0155089
2026-07-02 16:38:36.404 10 INFO neutron.wsgi [None req-abccad8d-a295-4f56-bfac-0f27fe176f55 9f86317e941b41aeaf07506a07f088c3 73d21edfdf5e40f5a2c72ae3925ebe7f - - default default] 10.0.0.116 "GET /v2.0/subnetpools/3bb67303-c7d0-4e9a-a033-ee34eb7a9a53/tags/red HTTP/1.1" status: 204 len: 168 time: 0.0153587
2026-07-02 16:38:36.435 10 INFO neutron.api.v2.resource [None req-48e148cc-a491-405f-b0ba-ee1cc226f211 9f86317e941b41aeaf07506a07f088c3 73d21edfdf5e40f5a2c72ae3925ebe7f - - default default] show failed (client error): The resource could not be found.
2026-07-02 16:38:36.436 10 INFO neutron.wsgi [None req-48e148cc-a491-405f-b0ba-ee1cc226f211 9f86317e941b41aeaf07506a07f088c3 73d21edfdf5e40f5a2c72ae3925ebe7f - - default default] 10.0.0.116 "GET /v2.0/subnetpools/3bb67303-c7d0-4e9a-a033-ee34eb7a9a53/tags/green HTTP/1.1" status: 404 len: 299 time: 0.0205667
2026-07-02 16:38:36.486 9 INFO neutron.wsgi [None req-35fe59b0-86ab-4857-8cf0-93572a3627a2 9f86317e941b41aeaf07506a07f088c3 73d21edfdf5e40f5a2c72ae3925ebe7f - - - -] 10.0.0.116 "DELETE /v2.0/subnetpools/3bb67303-c7d0-4e9a-a033-ee34eb7a9a53/tags/red HTTP/1.1" status: 204 len: 168 time: 0.0426712
2026-07-02 16:38:36.509 9 INFO neutron.wsgi [None req-a0026475-d814-4312-8836-6eea43e7da15 9f86317e941b41aeaf07506a07f088c3 73d21edfdf5e40f5a2c72ae3925ebe7f - - default default] 10.0.0.116 "GET /v2.0/subnetpools/3bb67303-c7d0-4e9a-a033-ee34eb7a9a53/tags HTTP/1.1" status: 200 len: 223 time: 0.0187216
2026-07-02 16:38:36.540 9 INFO neutron.api.v2.resource [None req-20e87b13-f605-4a3b-97be-f0fbc165771e 9f86317e941b41aeaf07506a07f088c3 73d21edfdf5e40f5a2c72ae3925ebe7f - - - -] delete failed (client error): The resource could not be found.
2026-07-02 16:38:36.543 9 INFO neutron.wsgi [None req-20e87b13-f605-4a3b-97be-f0fbc165771e 9f86317e941b41aeaf07506a07f088c3 73d21edfdf5e40f5a2c72ae3925ebe7f - - - -] 10.0.0.116 "DELETE /v2.0/subnetpools/3bb67303-c7d0-4e9a-a033-ee34eb7a9a53/tags/green HTTP/1.1" status: 404 len: 299 time: 0.0255692
2026-07-02 16:38:36.581 9 INFO neutron.wsgi [None req-695e95a5-c552-4f75-8509-2343d5fdc510 9f86317e941b41aeaf07506a07f088c3 73d21edfdf5e40f5a2c72ae3925ebe7f - - - -] 10.0.0.116 "DELETE /v2.0/subnetpools/3bb67303-c7d0-4e9a-a033-ee34eb7a9a53/tags HTTP/1.1" status: 204 len: 168 time: 0.0325103
2026-07-02 16:38:36.607 9 INFO neutron.wsgi [None req-5218a16b-9cbf-4a1f-ab9b-8ed6389d92ba 9f86317e941b41aeaf07506a07f088c3 73d21edfdf5e40f5a2c72ae3925ebe7f - - default default] 10.0.0.116 "GET /v2.0/subnetpools/3bb67303-c7d0-4e9a-a033-ee34eb7a9a53/tags HTTP/1.1" status: 200 len: 205 time: 0.0190854
2026-07-02 16:38:36.669 9 INFO neutron.wsgi [None req-61de6435-7df8-4803-9a19-7e2525765501 9f86317e941b41aeaf07506a07f088c3 73d21edfdf5e40f5a2c72ae3925ebe7f - - - -] 10.0.0.116 "DELETE /v2.0/subnetpools/3bb67303-c7d0-4e9a-a033-ee34eb7a9a53 HTTP/1.1" status: 204 len: 168 time: 0.0552824
2026-07-02 16:38:36.693 10 INFO neutron.db.ovn_revision_numbers_db [None req-24d524ee-cbdd-4e57-9281-eb2f4c2f265a 2ac471ffb14f471eaa02d796dab3e614 291a8a4200aa4ea78232fba5063cae26 - - default default] Successfully bumped revision number for resource a67d4c22-196b-4c26-997f-3245eaa8a1ce (type: security_groups) to 1
2026-07-02 16:38:36.715 10 INFO neutron.wsgi [None req-24d524ee-cbdd-4e57-9281-eb2f4c2f265a 2ac471ffb14f471eaa02d796dab3e614 291a8a4200aa4ea78232fba5063cae26 - - default default] 10.0.0.116 "GET /v2.0/security-groups?tenant_id=31e1896ab16f4533b70de3ce05f0a590&name=default HTTP/1.1" status: 200 len: 3000 time: 0.2745919
2026-07-02 16:38:36.915 10 INFO neutron.wsgi [None req-96920169-c3d2-4c60-af5f-d2c2c6580f54 2ac471ffb14f471eaa02d796dab3e614 291a8a4200aa4ea78232fba5063cae26 - - - -] 10.0.0.116 "DELETE /v2.0/security-groups/a67d4c22-196b-4c26-997f-3245eaa8a1ce HTTP/1.1" status: 204 len: 168 time: 0.1939094
2026-07-02 16:38:37.187 10 INFO neutron.wsgi [None req-f951362c-6213-40ac-90f3-74675af57e00 2ac471ffb14f471eaa02d796dab3e614 291a8a4200aa4ea78232fba5063cae26 - - default default] 10.0.0.116 "GET /v2.0/security-groups?tenant_id=0e6a38f45efe4013b86fd20730136573&name=default HTTP/1.1" status: 200 len: 3000 time: 0.0402253
2026-07-02 16:38:37.299 9 INFO neutron.wsgi [None req-1f9ccb1e-4db5-4f83-8063-c697e46634b6 8ba66e52e372415c8df0c3c9e9acd627 b2b66ce0f5764439bc9cd3d7eccfa54e - - default default] 10.0.0.158 "GET /v2.0/extensions HTTP/1.1" status: 200 len: 16525 time: 0.0079434
2026-07-02 16:38:37.391 9 INFO neutron.wsgi [None req-ab459bc0-f653-4e90-906d-4d67b5fcf71e 8ba66e52e372415c8df0c3c9e9acd627 b2b66ce0f5764439bc9cd3d7eccfa54e - - default default] 10.0.0.158 "GET /v2.0/quotas/b2b66ce0f5764439bc9cd3d7eccfa54e/details HTTP/1.1" status: 200 len: 756 time: 0.0768685
2026-07-02 16:38:37.408 10 INFO neutron.wsgi [None req-257ca5ba-ab73-4ba1-b10e-fb305e4f9207 2ac471ffb14f471eaa02d796dab3e614 291a8a4200aa4ea78232fba5063cae26 - - - -] 10.0.0.116 "DELETE /v2.0/security-groups/36ab0c73-a4df-42c7-9691-646ed48bec4f HTTP/1.1" status: 204 len: 168 time: 0.2150657
2026-07-02 16:38:37.622 10 INFO neutron.db.ovn_revision_numbers_db [None req-e28e5b7a-e100-4237-ae46-434099b4e27a 2ac471ffb14f471eaa02d796dab3e614 291a8a4200aa4ea78232fba5063cae26 - - default default] Successfully bumped revision number for resource cf9d4101-a8aa-407f-abb4-3fd2bda083b0 (type: security_groups) to 1
2026-07-02 16:38:37.646 10 INFO neutron.wsgi [None req-e28e5b7a-e100-4237-ae46-434099b4e27a 2ac471ffb14f471eaa02d796dab3e614 291a8a4200aa4ea78232fba5063cae26 - - default default] 10.0.0.116 "GET /v2.0/security-groups?tenant_id=73d21edfdf5e40f5a2c72ae3925ebe7f&name=default HTTP/1.1" status: 200 len: 3000 time: 0.3522182
2026-07-02 16:38:37.834 10 INFO neutron.wsgi [None req-aef46f98-060e-478b-a3eb-a2bd05959c31 2ac471ffb14f471eaa02d796dab3e614 291a8a4200aa4ea78232fba5063cae26 - - - -] 10.0.0.116 "DELETE /v2.0/security-groups/cf9d4101-a8aa-407f-abb4-3fd2bda083b0 HTTP/1.1" status: 204 len: 168 time: 0.1841753
2026-07-02 16:38:38.179 10 INFO neutron.db.ovn_revision_numbers_db [None req-d57fa7cc-4102-4ac7-809d-3654b6ebdb03 2ac471ffb14f471eaa02d796dab3e614 291a8a4200aa4ea78232fba5063cae26 - - default default] Successfully bumped revision number for resource 06da117d-cccc-436a-84e0-105d8be857c0 (type: security_groups) to 1
2026-07-02 16:38:38.216 10 INFO neutron.wsgi [None req-d57fa7cc-4102-4ac7-809d-3654b6ebdb03 2ac471ffb14f471eaa02d796dab3e614 291a8a4200aa4ea78232fba5063cae26 - - default default] 10.0.0.116 "GET /v2.0/security-groups?tenant_id=148ac63e255b494088ee85a42017e6e3&name=default HTTP/1.1" status: 200 len: 3000 time: 0.1799340
2026-07-02 16:38:38.426 10 INFO neutron.wsgi [None req-00f697c0-1885-4a24-aca7-b5d7ce7b1785 2ac471ffb14f471eaa02d796dab3e614 291a8a4200aa4ea78232fba5063cae26 - - - -] 10.0.0.116 "DELETE /v2.0/security-groups/06da117d-cccc-436a-84e0-105d8be857c0 HTTP/1.1" status: 204 len: 168 time: 0.1992159
2026-07-02 16:38:40.180 10 INFO neutron.db.ovn_revision_numbers_db [None req-6ed8a44a-a753-4748-90a4-3d9568ec26a8 2ac471ffb14f471eaa02d796dab3e614 291a8a4200aa4ea78232fba5063cae26 - - default default] Successfully bumped revision number for resource 285bafdd-8eec-47bd-8dc8-f8e72809a04c (type: security_groups) to 1
2026-07-02 16:38:40.212 10 INFO neutron.wsgi [None req-6ed8a44a-a753-4748-90a4-3d9568ec26a8 2ac471ffb14f471eaa02d796dab3e614 291a8a4200aa4ea78232fba5063cae26 - - default default] 10.0.0.116 "GET /v2.0/security-groups?tenant_id=b2b66ce0f5764439bc9cd3d7eccfa54e&name=default HTTP/1.1" status: 200 len: 3000 time: 0.3043606
2026-07-02 16:38:40.421 10 INFO neutron.wsgi [None req-2d39a9c5-1c47-4a1e-bf64-99d4edd523f0 2ac471ffb14f471eaa02d796dab3e614 291a8a4200aa4ea78232fba5063cae26 - - - -] 10.0.0.116 "DELETE /v2.0/security-groups/285bafdd-8eec-47bd-8dc8-f8e72809a04c HTTP/1.1" status: 204 len: 168 time: 0.2037399
2026-07-02 16:38:42.423 9 INFO neutron.db.ovn_revision_numbers_db [None req-f897c837-2c76-4b68-86a3-7736088cc365 0b11af5a3cab41f983dc46f45afca7cf c1e6d0badf1d4e17a5195d9560e500c2 - - - -] Successfully bumped revision number for resource f761ff09-c1b2-4f0f-b2c1-c7307f101e1b (type: security_groups) to 1
2026-07-02 16:38:42.491 9 INFO neutron.db.segments_db [None req-f897c837-2c76-4b68-86a3-7736088cc365 0b11af5a3cab41f983dc46f45afca7cf c1e6d0badf1d4e17a5195d9560e500c2 - - - -] Added segment e7abbafb-1204-4c9c-a6fa-651024c371a0 of type geneve for network 9e36916b-6ceb-4d87-9bfd-a22f6557d4ec
2026-07-02 16:38:42.647 9 INFO neutron.db.ovn_revision_numbers_db [None req-f897c837-2c76-4b68-86a3-7736088cc365 0b11af5a3cab41f983dc46f45afca7cf c1e6d0badf1d4e17a5195d9560e500c2 - - - -] Successfully bumped revision number for resource 9e36916b-6ceb-4d87-9bfd-a22f6557d4ec (type: networks) to 1
2026-07-02 16:38:42.890 9 WARNING neutron.scheduler.dhcp_agent_scheduler [None req-f897c837-2c76-4b68-86a3-7736088cc365 0b11af5a3cab41f983dc46f45afca7cf c1e6d0badf1d4e17a5195d9560e500c2 - - - -] No more DHCP agents
2026-07-02 16:38:42.892 9 WARNING neutron.api.rpc.agentnotifiers.dhcp_rpc_agent_api [None req-f897c837-2c76-4b68-86a3-7736088cc365 0b11af5a3cab41f983dc46f45afca7cf c1e6d0badf1d4e17a5195d9560e500c2 - - - -] Unable to schedule network 9e36916b-6ceb-4d87-9bfd-a22f6557d4ec: no agents available; will retry on subsequent port and subnet creation events.
2026-07-02 16:38:42.993 9 INFO neutron.db.ovn_revision_numbers_db [None req-f897c837-2c76-4b68-86a3-7736088cc365 0b11af5a3cab41f983dc46f45afca7cf c1e6d0badf1d4e17a5195d9560e500c2 - - - -] Successfully bumped revision number for resource d783c2b1-4188-4082-91f6-6b208e70c429 (type: ports) to 1
2026-07-02 16:38:43.017 9 INFO neutron.wsgi [None req-f897c837-2c76-4b68-86a3-7736088cc365 0b11af5a3cab41f983dc46f45afca7cf c1e6d0badf1d4e17a5195d9560e500c2 - - - -] 10.0.0.116 "POST /v2.0/networks HTTP/1.1" status: 201 len: 831 time: 0.9269712
2026-07-02 16:38:43.122 9 INFO neutron.db.segments_db [None req-12c51e63-367d-4546-9383-b574bce45614 0b11af5a3cab41f983dc46f45afca7cf c1e6d0badf1d4e17a5195d9560e500c2 - - - -] Added segment 61365259-94ec-417f-908f-936645ed81c1 of type geneve for network 7efb77fd-3ac1-4b79-9cd9-e2ce8489b36b
2026-07-02 16:38:43.273 9 INFO neutron.db.ovn_revision_numbers_db [None req-12c51e63-367d-4546-9383-b574bce45614 0b11af5a3cab41f983dc46f45afca7cf c1e6d0badf1d4e17a5195d9560e500c2 - - - -] Successfully bumped revision number for resource 7efb77fd-3ac1-4b79-9cd9-e2ce8489b36b (type: networks) to 1
2026-07-02 16:38:43.519 9 WARNING neutron.scheduler.dhcp_agent_scheduler [None req-12c51e63-367d-4546-9383-b574bce45614 0b11af5a3cab41f983dc46f45afca7cf c1e6d0badf1d4e17a5195d9560e500c2 - - - -] No more DHCP agents
2026-07-02 16:38:43.521 9 WARNING neutron.api.rpc.agentnotifiers.dhcp_rpc_agent_api [None req-12c51e63-367d-4546-9383-b574bce45614 0b11af5a3cab41f983dc46f45afca7cf c1e6d0badf1d4e17a5195d9560e500c2 - - - -] Unable to schedule network 7efb77fd-3ac1-4b79-9cd9-e2ce8489b36b: no agents available; will retry on subsequent port and subnet creation events.
2026-07-02 16:38:43.596 9 INFO neutron.db.ovn_revision_numbers_db [None req-12c51e63-367d-4546-9383-b574bce45614 0b11af5a3cab41f983dc46f45afca7cf c1e6d0badf1d4e17a5195d9560e500c2 - - - -] Successfully bumped revision number for resource 8829f66b-35e8-4a1d-93fd-0daa7930ae11 (type: ports) to 1
2026-07-02 16:38:43.633 9 INFO neutron.wsgi [None req-12c51e63-367d-4546-9383-b574bce45614 0b11af5a3cab41f983dc46f45afca7cf c1e6d0badf1d4e17a5195d9560e500c2 - - - -] 10.0.0.116 "POST /v2.0/networks HTTP/1.1" status: 201 len: 830 time: 0.6093957
2026-07-02 16:38:43.697 9 INFO neutron.wsgi [None req-e2cb01de-5142-445b-aaf5-605ec89d65f0 0b11af5a3cab41f983dc46f45afca7cf c1e6d0badf1d4e17a5195d9560e500c2 - - - -] 10.0.0.116 "PUT /v2.0/networks/9e36916b-6ceb-4d87-9bfd-a22f6557d4ec/tags HTTP/1.1" status: 200 len: 218 time: 0.0567198
2026-07-02 16:38:43.751 10 INFO neutron.wsgi [None req-0c8e2acc-9a74-4e18-aa4b-cfb6fdadcd61 0b11af5a3cab41f983dc46f45afca7cf c1e6d0badf1d4e17a5195d9560e500c2 - - default default] 10.0.0.116 "GET /v2.0/networks/9e36916b-6ceb-4d87-9bfd-a22f6557d4ec/tags HTTP/1.1" status: 200 len: 218 time: 0.0485976
2026-07-02 16:38:43.812 10 INFO neutron.wsgi [None req-0f8c26ef-e37e-40ad-802c-4da890d9f35c 0b11af5a3cab41f983dc46f45afca7cf c1e6d0badf1d4e17a5195d9560e500c2 - - - -] 10.0.0.116 "PUT /v2.0/networks/7efb77fd-3ac1-4b79-9cd9-e2ce8489b36b/tags HTTP/1.1" status: 200 len: 210 time: 0.0562985
2026-07-02 16:38:43.870 10 INFO neutron.wsgi [None req-680ecda6-f2d6-4e1b-b549-8815404b82ed 0b11af5a3cab41f983dc46f45afca7cf c1e6d0badf1d4e17a5195d9560e500c2 - - default default] 10.0.0.116 "GET /v2.0/networks/7efb77fd-3ac1-4b79-9cd9-e2ce8489b36b/tags HTTP/1.1" status: 200 len: 210 time: 0.0518317
2026-07-02 16:38:43.908 9 INFO neutron.db.ovn_revision_numbers_db [None req-48d617f4-ef8a-4d94-b30b-6936c218c2c5 42960afbe756470c9a8134f2ef7100d5 8b5abf88e55f43a3a09b674ce07b4de6 - - - -] Successfully bumped revision number for resource 6c4512fa-ece7-4dcf-bf48-0f4aa405e47f (type: security_groups) to 1
2026-07-02 16:38:43.942 10 INFO neutron.wsgi [None req-17f7f54d-2104-4d27-98d1-541222db8dd0 0b11af5a3cab41f983dc46f45afca7cf c1e6d0badf1d4e17a5195d9560e500c2 - - - -] 10.0.0.116 "PUT /v2.0/networks/7efb77fd-3ac1-4b79-9cd9-e2ce8489b36b/tags HTTP/1.1" status: 200 len: 205 time: 0.0625477
2026-07-02 16:38:43.968 9 INFO neutron.db.segments_db [None req-48d617f4-ef8a-4d94-b30b-6936c218c2c5 42960afbe756470c9a8134f2ef7100d5 8b5abf88e55f43a3a09b674ce07b4de6 - - - -] Added segment 34278388-5aab-4f67-b306-bba553ca3d67 of type geneve for network cb9d301e-cc2d-4cff-b2cf-f972ce19697a
2026-07-02 16:38:43.992 10 INFO neutron.wsgi [None req-5c143247-b70e-4ef3-8969-0b4a47b9f487 0b11af5a3cab41f983dc46f45afca7cf c1e6d0badf1d4e17a5195d9560e500c2 - - default default] 10.0.0.116 "GET /v2.0/networks/7efb77fd-3ac1-4b79-9cd9-e2ce8489b36b/tags HTTP/1.1" status: 200 len: 205 time: 0.0414889
2026-07-02 16:38:44.044 10 INFO neutron.wsgi [None req-9dea1cd1-9871-4e59-83b9-dbcd4da2e542 0b11af5a3cab41f983dc46f45afca7cf c1e6d0badf1d4e17a5195d9560e500c2 - - default default] 10.0.0.116 "GET /v2.0/networks/9e36916b-6ceb-4d87-9bfd-a22f6557d4ec/tags HTTP/1.1" status: 200 len: 218 time: 0.0476444
2026-07-02 16:38:44.119 9 INFO neutron.db.ovn_revision_numbers_db [None req-48d617f4-ef8a-4d94-b30b-6936c218c2c5 42960afbe756470c9a8134f2ef7100d5 8b5abf88e55f43a3a09b674ce07b4de6 - - - -] Successfully bumped revision number for resource cb9d301e-cc2d-4cff-b2cf-f972ce19697a (type: networks) to 1
2026-07-02 16:38:44.323 9 WARNING neutron.scheduler.dhcp_agent_scheduler [None req-48d617f4-ef8a-4d94-b30b-6936c218c2c5 42960afbe756470c9a8134f2ef7100d5 8b5abf88e55f43a3a09b674ce07b4de6 - - - -] No more DHCP agents
2026-07-02 16:38:44.325 9 WARNING neutron.api.rpc.agentnotifiers.dhcp_rpc_agent_api [None req-48d617f4-ef8a-4d94-b30b-6936c218c2c5 42960afbe756470c9a8134f2ef7100d5 8b5abf88e55f43a3a09b674ce07b4de6 - - - -] Unable to schedule network cb9d301e-cc2d-4cff-b2cf-f972ce19697a: no agents available; will retry on subsequent port and subnet creation events.
2026-07-02 16:38:44.397 9 INFO neutron.db.ovn_revision_numbers_db [None req-48d617f4-ef8a-4d94-b30b-6936c218c2c5 42960afbe756470c9a8134f2ef7100d5 8b5abf88e55f43a3a09b674ce07b4de6 - - - -] Successfully bumped revision number for resource 36e823a0-2418-484c-b7ef-5e4d6cdfeabe (type: ports) to 1
2026-07-02 16:38:44.420 9 INFO neutron.wsgi [None req-48d617f4-ef8a-4d94-b30b-6936c218c2c5 42960afbe756470c9a8134f2ef7100d5 8b5abf88e55f43a3a09b674ce07b4de6 - - - -] 10.0.0.116 "POST /v2.0/networks HTTP/1.1" status: 201 len: 831 time: 0.8173406
2026-07-02 16:38:44.463 10 INFO neutron.services.segments.plugin [-] Segment e7abbafb-1204-4c9c-a6fa-651024c371a0 resource provider aggregate not found
2026-07-02 16:38:44.475 10 INFO neutron.services.segments.plugin [-] Segment e7abbafb-1204-4c9c-a6fa-651024c371a0 resource provider aggregate not found
2026-07-02 16:38:44.500 10 INFO neutron.services.segments.plugin [-] Segment e7abbafb-1204-4c9c-a6fa-651024c371a0 resource provider not found; error: Placement Client Error (4xx): {"errors": [{"status": 404, "title": "Not Found", "detail": "The resource could not be found.\n\n No resource provider with uuid e7abbafb-1204-4c9c-a6fa-651024c371a0 found for delete ", "request_id": "req-51dcb68b-badd-4dd8-b7ed-78f10bfb851b"}]}
2026-07-02 16:38:44.501 10 INFO neutron.services.segments.plugin [-] Segment e7abbafb-1204-4c9c-a6fa-651024c371a0 resource provider not found; error: Placement Client Error (4xx): {"errors": [{"status": 404, "title": "Not Found", "detail": "The resource could not be found.\n\n No resource provider with uuid e7abbafb-1204-4c9c-a6fa-651024c371a0 found for delete ", "request_id": "req-89497d24-19b7-4b52-b0dc-759d6f448beb"}]}
2026-07-02 16:38:44.834 10 INFO neutron.wsgi [None req-eb79ca33-f4a3-49ab-ab53-e440bf84dd6b 0b11af5a3cab41f983dc46f45afca7cf c1e6d0badf1d4e17a5195d9560e500c2 - - - -] 10.0.0.116 "DELETE /v2.0/networks/9e36916b-6ceb-4d87-9bfd-a22f6557d4ec HTTP/1.1" status: 204 len: 168 time: 0.7778022
2026-07-02 16:38:45.270 9 INFO neutron.services.segments.plugin [-] Segment 61365259-94ec-417f-908f-936645ed81c1 resource provider aggregate not found
2026-07-02 16:38:45.275 9 INFO neutron.services.segments.plugin [-] Segment 61365259-94ec-417f-908f-936645ed81c1 resource provider aggregate not found
2026-07-02 16:38:45.294 9 INFO neutron.services.segments.plugin [-] Segment 61365259-94ec-417f-908f-936645ed81c1 resource provider not found; error: Placement Client Error (4xx): {"errors": [{"status": 404, "title": "Not Found", "detail": "The resource could not be found.\n\n No resource provider with uuid 61365259-94ec-417f-908f-936645ed81c1 found for delete ", "request_id": "req-03230dce-dfc0-4a36-82d6-10c3ffeda648"}]}
2026-07-02 16:38:45.310 9 INFO neutron.wsgi [None req-b412b984-6601-4953-8a08-770d0dac5986 0b11af5a3cab41f983dc46f45afca7cf c1e6d0badf1d4e17a5195d9560e500c2 - - - -] 10.0.0.116 "DELETE /v2.0/networks/7efb77fd-3ac1-4b79-9cd9-e2ce8489b36b HTTP/1.1" status: 204 len: 168 time: 0.4707587
2026-07-02 16:38:45.314 9 INFO neutron.services.segments.plugin [-] Segment 61365259-94ec-417f-908f-936645ed81c1 resource provider not found; error: Placement Client Error (4xx): {"errors": [{"status": 404, "title": "Not Found", "detail": "The resource could not be found.\n\n No resource provider with uuid 61365259-94ec-417f-908f-936645ed81c1 found for delete ", "request_id": "req-e869dba7-86ba-42dd-9b8c-1c213494b09a"}]}
2026-07-02 16:38:45.353 10 WARNING neutron.scheduler.dhcp_agent_scheduler [None req-778298ff-95fc-434e-b484-c3d2adf8a2ff 42960afbe756470c9a8134f2ef7100d5 8b5abf88e55f43a3a09b674ce07b4de6 - - - -] No more DHCP agents
2026-07-02 16:38:45.357 10 WARNING neutron.api.rpc.agentnotifiers.dhcp_rpc_agent_api [None req-778298ff-95fc-434e-b484-c3d2adf8a2ff 42960afbe756470c9a8134f2ef7100d5 8b5abf88e55f43a3a09b674ce07b4de6 - - - -] Unable to schedule network 89fb4464-91f1-47d2-ae82-6009fa205fca: no agents available; will retry on subsequent port and subnet creation events.
2026-07-02 16:38:45.572 10 INFO neutron.db.ovn_revision_numbers_db [None req-778298ff-95fc-434e-b484-c3d2adf8a2ff 42960afbe756470c9a8134f2ef7100d5 8b5abf88e55f43a3a09b674ce07b4de6 - - - -] Successfully bumped revision number for resource 33430699-940e-4c7e-b1c8-fe3d27de8c0d (type: ports) to 1
2026-07-02 16:38:46.183 9 INFO neutron.plugins.ml2.drivers.ovn.mech_driver.ovsdb.ovsdb_monitor [None req-0efd997b-0f8b-43e5-ba8c-577625a00a0a - - - - - -] Router 097f709c-65b4-4e02-8f91-3d587b1f3ad6 is bound to host instance
2026-07-02 16:38:46.187 10 INFO neutron.plugins.ml2.drivers.ovn.mech_driver.mech_driver [None req-c1e7f0c7-445f-4159-a3fc-72961c49ddd5 - - - - - -] OVN reports status up for port: 33430699-940e-4c7e-b1c8-fe3d27de8c0d
2026-07-02 16:38:46.197 10 INFO neutron.db.ovn_revision_numbers_db [None req-778298ff-95fc-434e-b484-c3d2adf8a2ff 42960afbe756470c9a8134f2ef7100d5 8b5abf88e55f43a3a09b674ce07b4de6 - - - -] Successfully bumped revision number for resource 33430699-940e-4c7e-b1c8-fe3d27de8c0d (type: router_ports) to 1
2026-07-02 16:38:46.224 10 INFO neutron.plugins.ml2.plugin [None req-c1e7f0c7-445f-4159-a3fc-72961c49ddd5 - - - - - -] Attempt 1 to provision port 33430699-940e-4c7e-b1c8-fe3d27de8c0d
2026-07-02 16:38:46.271 9 INFO neutron.wsgi [None req-075ba8e4-c9dc-4a53-9912-1d72318ef525 2ac471ffb14f471eaa02d796dab3e614 291a8a4200aa4ea78232fba5063cae26 - - default default] 10.0.0.116 "GET /v2.0/security-groups?tenant_id=c1e6d0badf1d4e17a5195d9560e500c2&name=default HTTP/1.1" status: 200 len: 3000 time: 0.2918708
2026-07-02 16:38:46.296 10 INFO neutron.db.ovn_revision_numbers_db [None req-778298ff-95fc-434e-b484-c3d2adf8a2ff 42960afbe756470c9a8134f2ef7100d5 8b5abf88e55f43a3a09b674ce07b4de6 - - - -] Successfully bumped revision number for resource 097f709c-65b4-4e02-8f91-3d587b1f3ad6 (type: routers) to 3
2026-07-02 16:38:46.309 10 INFO neutron.wsgi [None req-778298ff-95fc-434e-b484-c3d2adf8a2ff 42960afbe756470c9a8134f2ef7100d5 8b5abf88e55f43a3a09b674ce07b4de6 - - - -] 10.0.0.116 "POST /v2.0/routers HTTP/1.1" status: 201 len: 875 time: 1.8830540
2026-07-02 16:38:46.472 10 INFO neutron.wsgi [None req-510cb8e1-f4d4-422d-896d-267aaea53968 63b8b20a25fc4d76a28befb5167d3cce f7967d3f5f1a4e188504b4ecb6384f51 - - default default] 10.0.0.116 "GET /v2.0/subnets?project_id=8b5abf88e55f43a3a09b674ce07b4de6&cidr=10.100.0.0%2F28 HTTP/1.1" status: 200 len: 207 time: 0.1584942
2026-07-02 16:38:46.596 10 INFO neutron.wsgi [None req-33e12a55-8ad5-4b70-9d0f-2f35939bd4f2 63b8b20a25fc4d76a28befb5167d3cce f7967d3f5f1a4e188504b4ecb6384f51 - - default default] 10.0.0.116 "GET /v2.0/networks?router%3Aexternal=True HTTP/1.1" status: 200 len: 947 time: 0.1149783
2026-07-02 16:38:46.624 10 INFO neutron.wsgi [None req-c4bfd294-97ed-4a20-8361-525d85107d5e 63b8b20a25fc4d76a28befb5167d3cce f7967d3f5f1a4e188504b4ecb6384f51 - - default default] 10.0.0.116 "GET /v2.0/subnets?network_id=89fb4464-91f1-47d2-ae82-6009fa205fca&cidr=10.100.0.0%2F28 HTTP/1.1" status: 200 len: 207 time: 0.0222988
2026-07-02 16:38:46.651 9 INFO neutron.wsgi [None req-b3d2175d-a929-46b2-9993-de98c862a39a 2ac471ffb14f471eaa02d796dab3e614 291a8a4200aa4ea78232fba5063cae26 - - - -] 10.0.0.116 "DELETE /v2.0/security-groups/f761ff09-c1b2-4f0f-b2c1-c7307f101e1b HTTP/1.1" status: 204 len: 168 time: 0.3771548
2026-07-02 16:38:46.885 10 WARNING neutron.scheduler.dhcp_agent_scheduler [None req-11eadf14-8c34-434b-8a35-2165f92e552f 42960afbe756470c9a8134f2ef7100d5 8b5abf88e55f43a3a09b674ce07b4de6 - - - -] No more DHCP agents
2026-07-02 16:38:46.887 10 WARNING neutron.api.rpc.agentnotifiers.dhcp_rpc_agent_api [None req-11eadf14-8c34-434b-8a35-2165f92e552f 42960afbe756470c9a8134f2ef7100d5 8b5abf88e55f43a3a09b674ce07b4de6 - - - -] Unable to schedule network cb9d301e-cc2d-4cff-b2cf-f972ce19697a: no agents available; will retry on subsequent port and subnet creation events.
2026-07-02 16:38:46.991 10 INFO neutron.db.ovn_revision_numbers_db [None req-3daeb002-9c38-4616-9761-b6a073f6c498 2ac471ffb14f471eaa02d796dab3e614 291a8a4200aa4ea78232fba5063cae26 - - default default] Successfully bumped revision number for resource a503f9f1-69cb-4212-a38c-50ea0ed3198a (type: security_groups) to 1
2026-07-02 16:38:47.033 10 INFO neutron.wsgi [None req-3daeb002-9c38-4616-9761-b6a073f6c498 2ac471ffb14f471eaa02d796dab3e614 291a8a4200aa4ea78232fba5063cae26 - - default default] 10.0.0.116 "GET /v2.0/security-groups?tenant_id=b81ba71514504b4fab1932f54f318c3b&name=default HTTP/1.1" status: 200 len: 3000 time: 0.1994324
2026-07-02 16:38:47.142 9 INFO neutron.db.ovn_revision_numbers_db [None req-0efd997b-0f8b-43e5-ba8c-577625a00a0a - - - - - -] Successfully bumped revision number for resource 33430699-940e-4c7e-b1c8-fe3d27de8c0d (type: ports) to 1
2026-07-02 16:38:47.158 10 INFO neutron.wsgi [-] 10.0.0.252 "GET / HTTP/1.1" status: 200 len: 247 time: 0.0013244
2026-07-02 16:38:47.158 9 INFO neutron.wsgi [-] 10.0.0.252 "GET / HTTP/1.1" status: 200 len: 247 time: 0.0013065
2026-07-02 16:38:47.308 9 INFO neutron.wsgi [None req-f11ddf36-5ebd-4e51-ae07-b3bb044e6fc7 2ac471ffb14f471eaa02d796dab3e614 291a8a4200aa4ea78232fba5063cae26 - - - -] 10.0.0.116 "DELETE /v2.0/security-groups/a503f9f1-69cb-4212-a38c-50ea0ed3198a HTTP/1.1" status: 204 len: 168 time: 0.2646344
2026-07-02 16:38:47.390 9 INFO neutron.db.ovn_revision_numbers_db [None req-0efd997b-0f8b-43e5-ba8c-577625a00a0a - - - - - -] Successfully bumped revision number for resource 33430699-940e-4c7e-b1c8-fe3d27de8c0d (type: router_ports) to 3
2026-07-02 16:38:47.400 10 INFO neutron.db.ovn_revision_numbers_db [None req-11eadf14-8c34-434b-8a35-2165f92e552f 42960afbe756470c9a8134f2ef7100d5 8b5abf88e55f43a3a09b674ce07b4de6 - - - -] Successfully bumped revision number for resource 36e823a0-2418-484c-b7ef-5e4d6cdfeabe (type: ports) to 2
2026-07-02 16:38:47.417 10 INFO neutron.db.ovn_revision_numbers_db [None req-11eadf14-8c34-434b-8a35-2165f92e552f 42960afbe756470c9a8134f2ef7100d5 8b5abf88e55f43a3a09b674ce07b4de6 - - - -] Successfully bumped revision number for resource ddf8f11c-173d-4cb8-b6ab-2d484d256f7c (type: subnets) to 0
2026-07-02 16:38:47.442 10 INFO neutron.wsgi [None req-11eadf14-8c34-434b-8a35-2165f92e552f 42960afbe756470c9a8134f2ef7100d5 8b5abf88e55f43a3a09b674ce07b4de6 - - - -] 10.0.0.116 "POST /v2.0/subnets HTTP/1.1" status: 201 len: 831 time: 0.8134940
2026-07-02 16:38:47.531 9 INFO neutron.db.ovn_revision_numbers_db [None req-0efd997b-0f8b-43e5-ba8c-577625a00a0a - - - - - -] Successfully bumped revision number for resource 33430699-940e-4c7e-b1c8-fe3d27de8c0d (type: ports) to 2
2026-07-02 16:38:47.683 9 INFO neutron.db.ovn_revision_numbers_db [None req-0edf104a-c097-4e4a-a206-0cef83140cf7 ca365bebdccd402aba5818120915d21f 5183cdcd9b0a4c9d93699831fa50aa4a - - - -] Successfully bumped revision number for resource f1071149-637d-43ed-8527-d9a0c5874f75 (type: security_groups) to 1
2026-07-02 16:38:47.759 9 INFO neutron.db.segments_db [None req-0edf104a-c097-4e4a-a206-0cef83140cf7 ca365bebdccd402aba5818120915d21f 5183cdcd9b0a4c9d93699831fa50aa4a - - - -] Added segment b5501da3-aafa-4666-835a-0273a54217c3 of type geneve for network 02148dd9-5a12-4098-917c-cd1fde9185fa
2026-07-02 16:38:47.803 9 INFO neutron.db.ovn_revision_numbers_db [None req-0efd997b-0f8b-43e5-ba8c-577625a00a0a - - - - - -] Successfully bumped revision number for resource 33430699-940e-4c7e-b1c8-fe3d27de8c0d (type: ports) to 4
2026-07-02 16:38:47.978 9 INFO neutron.db.ovn_revision_numbers_db [None req-0edf104a-c097-4e4a-a206-0cef83140cf7 ca365bebdccd402aba5818120915d21f 5183cdcd9b0a4c9d93699831fa50aa4a - - - -] Successfully bumped revision number for resource 02148dd9-5a12-4098-917c-cd1fde9185fa (type: networks) to 1
2026-07-02 16:38:48.095 9 INFO neutron.db.ovn_revision_numbers_db [None req-0efd997b-0f8b-43e5-ba8c-577625a00a0a - - - - - -] Successfully bumped revision number for resource 33430699-940e-4c7e-b1c8-fe3d27de8c0d (type: router_ports) to 4
2026-07-02 16:38:48.219 9 WARNING neutron.scheduler.dhcp_agent_scheduler [None req-0edf104a-c097-4e4a-a206-0cef83140cf7 ca365bebdccd402aba5818120915d21f 5183cdcd9b0a4c9d93699831fa50aa4a - - - -] No more DHCP agents
2026-07-02 16:38:48.221 9 WARNING neutron.api.rpc.agentnotifiers.dhcp_rpc_agent_api [None req-0edf104a-c097-4e4a-a206-0cef83140cf7 ca365bebdccd402aba5818120915d21f 5183cdcd9b0a4c9d93699831fa50aa4a - - - -] Unable to schedule network 02148dd9-5a12-4098-917c-cd1fde9185fa: no agents available; will retry on subsequent port and subnet creation events.
2026-07-02 16:38:48.285 9 INFO neutron.db.ovn_revision_numbers_db [None req-0edf104a-c097-4e4a-a206-0cef83140cf7 ca365bebdccd402aba5818120915d21f 5183cdcd9b0a4c9d93699831fa50aa4a - - - -] Successfully bumped revision number for resource d83c9b18-ac6a-464f-8885-19d509fad5a2 (type: ports) to 1
2026-07-02 16:38:48.314 9 INFO neutron.wsgi [None req-0edf104a-c097-4e4a-a206-0cef83140cf7 ca365bebdccd402aba5818120915d21f 5183cdcd9b0a4c9d93699831fa50aa4a - - - -] 10.0.0.116 "POST /v2.0/networks HTTP/1.1" status: 201 len: 839 time: 1.0334835
2026-07-02 16:38:48.419 10 WARNING neutron.scheduler.dhcp_agent_scheduler [None req-12b6c288-fbed-47e3-bc6e-848a71cb5dae 42960afbe756470c9a8134f2ef7100d5 8b5abf88e55f43a3a09b674ce07b4de6 - - default default] No more DHCP agents
2026-07-02 16:38:48.423 10 WARNING neutron.api.rpc.agentnotifiers.dhcp_rpc_agent_api [None req-12b6c288-fbed-47e3-bc6e-848a71cb5dae 42960afbe756470c9a8134f2ef7100d5 8b5abf88e55f43a3a09b674ce07b4de6 - - default default] Unable to schedule network cb9d301e-cc2d-4cff-b2cf-f972ce19697a: no agents available; will retry on subsequent port and subnet creation events.
2026-07-02 16:38:48.600 10 INFO neutron.db.ovn_revision_numbers_db [None req-12b6c288-fbed-47e3-bc6e-848a71cb5dae 42960afbe756470c9a8134f2ef7100d5 8b5abf88e55f43a3a09b674ce07b4de6 - - default default] Successfully bumped revision number for resource 4c2c491e-e41a-4a23-be1c-0d7d183f2d5c (type: ports) to 1
2026-07-02 16:38:48.649 9 WARNING neutron.scheduler.dhcp_agent_scheduler [None req-66ffc603-49bd-46b8-80ec-75f61b26ceeb ca365bebdccd402aba5818120915d21f 5183cdcd9b0a4c9d93699831fa50aa4a - - - -] No more DHCP agents
2026-07-02 16:38:48.651 9 WARNING neutron.api.rpc.agentnotifiers.dhcp_rpc_agent_api [None req-66ffc603-49bd-46b8-80ec-75f61b26ceeb ca365bebdccd402aba5818120915d21f 5183cdcd9b0a4c9d93699831fa50aa4a - - - -] Unable to schedule network 02148dd9-5a12-4098-917c-cd1fde9185fa: no agents available; will retry on subsequent port and subnet creation events.
2026-07-02 16:38:49.144 10 INFO neutron.plugins.ml2.drivers.ovn.mech_driver.mech_driver [None req-c1e7f0c7-445f-4159-a3fc-72961c49ddd5 - - - - - -] OVN reports status up for port: 4c2c491e-e41a-4a23-be1c-0d7d183f2d5c
2026-07-02 16:38:49.148 10 INFO neutron.db.ovn_revision_numbers_db [None req-12b6c288-fbed-47e3-bc6e-848a71cb5dae 42960afbe756470c9a8134f2ef7100d5 8b5abf88e55f43a3a09b674ce07b4de6 - - default default] Successfully bumped revision number for resource 4c2c491e-e41a-4a23-be1c-0d7d183f2d5c (type: router_ports) to 2
2026-07-02 16:38:49.163 10 INFO neutron.plugins.ml2.plugin [None req-c1e7f0c7-445f-4159-a3fc-72961c49ddd5 - - - - - -] Attempt 1 to provision port 4c2c491e-e41a-4a23-be1c-0d7d183f2d5c
2026-07-02 16:38:49.166 9 INFO neutron.db.ovn_revision_numbers_db [None req-66ffc603-49bd-46b8-80ec-75f61b26ceeb ca365bebdccd402aba5818120915d21f 5183cdcd9b0a4c9d93699831fa50aa4a - - - -] Successfully bumped revision number for resource d83c9b18-ac6a-464f-8885-19d509fad5a2 (type: ports) to 2
2026-07-02 16:38:49.204 9 INFO neutron.db.ovn_revision_numbers_db [None req-66ffc603-49bd-46b8-80ec-75f61b26ceeb ca365bebdccd402aba5818120915d21f 5183cdcd9b0a4c9d93699831fa50aa4a - - - -] Successfully bumped revision number for resource 08daf762-2c90-4820-a50e-e5c1c6219636 (type: subnets) to 0
2026-07-02 16:38:49.221 9 INFO neutron.wsgi [None req-66ffc603-49bd-46b8-80ec-75f61b26ceeb ca365bebdccd402aba5818120915d21f 5183cdcd9b0a4c9d93699831fa50aa4a - - - -] 10.0.0.116 "POST /v2.0/subnets HTTP/1.1" status: 201 len: 833 time: 0.9023483
2026-07-02 16:38:49.400 10 INFO neutron.db.ovn_revision_numbers_db [None req-12b6c288-fbed-47e3-bc6e-848a71cb5dae 42960afbe756470c9a8134f2ef7100d5 8b5abf88e55f43a3a09b674ce07b4de6 - - default default] Successfully bumped revision number for resource 4c2c491e-e41a-4a23-be1c-0d7d183f2d5c (type: ports) to 2
2026-07-02 16:38:49.426 9 INFO neutron.wsgi [None req-8a1fb252-f14a-458b-b3a8-e25a0516a34b 87ac8c0b27eb41569b5bddb051df9055 b43f581e5afc4d6e848eef8d14cc2d49 - - default default] 10.0.0.116 "GET /v2.0/subnetpools?name=shared-default-subnetpool-v6 HTTP/1.1" status: 200 len: 212 time: 0.1954167
2026-07-02 16:38:49.494 10 WARNING neutron.scheduler.dhcp_agent_scheduler [None req-12b6c288-fbed-47e3-bc6e-848a71cb5dae 42960afbe756470c9a8134f2ef7100d5 8b5abf88e55f43a3a09b674ce07b4de6 - - default default] No more DHCP agents
2026-07-02 16:38:49.495 10 WARNING neutron.api.rpc.agentnotifiers.dhcp_rpc_agent_api [None req-12b6c288-fbed-47e3-bc6e-848a71cb5dae 42960afbe756470c9a8134f2ef7100d5 8b5abf88e55f43a3a09b674ce07b4de6 - - default default] Unable to schedule network cb9d301e-cc2d-4cff-b2cf-f972ce19697a: no agents available; will retry on subsequent port and subnet creation events.
2026-07-02 16:38:49.497 10 INFO neutron.db.ovn_revision_numbers_db [None req-c1e7f0c7-445f-4159-a3fc-72961c49ddd5 - - - - - -] Successfully bumped revision number for resource 4c2c491e-e41a-4a23-be1c-0d7d183f2d5c (type: ports) to 3
2026-07-02 16:38:49.656 10 INFO neutron.db.ovn_revision_numbers_db [None req-c1e7f0c7-445f-4159-a3fc-72961c49ddd5 - - - - - -] Successfully bumped revision number for resource 4c2c491e-e41a-4a23-be1c-0d7d183f2d5c (type: router_ports) to 3
2026-07-02 16:38:49.704 9 WARNING neutron.scheduler.dhcp_agent_scheduler [None req-59c2d3c2-75cf-481b-b751-67f2ef6a4642 ca365bebdccd402aba5818120915d21f 5183cdcd9b0a4c9d93699831fa50aa4a - - - -] No more DHCP agents
