2026-07-02 16:36:32.335 9 INFO neutron.db.ovn_revision_numbers_db [None req-cb43e93b-493e-4f15-ab0e-9a83e57326a3 b915bf06c1fc48e3b59f5ed3ce09c31f 7100444c5228453f8ba9882a1b28d5aa - - - -] Successfully bumped revision number for resource 6c7de93a-ec1c-4b90-b30d-4db6a46e2629 (type: subnets) to 0
2026-07-02 16:36:32.346 10 INFO neutron.db.ovn_revision_numbers_db [None req-92be0685-311c-4cff-aa0c-a9ad89433958 fc49bff54a9e47afa0e4750cc1f7d896 b1cb8bb9ef974f1f8a39f093f8ea0d03 - - - -] Successfully bumped revision number for resource d93c4372-b51f-4fb1-a3fd-506cdde6d4ca (type: subnets) to 0
2026-07-02 16:36:32.354 9 INFO neutron.wsgi [None req-cb43e93b-493e-4f15-ab0e-9a83e57326a3 b915bf06c1fc48e3b59f5ed3ce09c31f 7100444c5228453f8ba9882a1b28d5aa - - - -] 10.0.0.116 "POST /v2.0/subnets HTTP/1.1" status: 201 len: 848 time: 0.3458228
2026-07-02 16:36:32.366 10 INFO neutron.wsgi [None req-92be0685-311c-4cff-aa0c-a9ad89433958 fc49bff54a9e47afa0e4750cc1f7d896 b1cb8bb9ef974f1f8a39f093f8ea0d03 - - - -] 10.0.0.116 "POST /v2.0/subnets HTTP/1.1" status: 201 len: 801 time: 0.9181862
2026-07-02 16:36:32.517 9 INFO neutron.wsgi [None req-370df2f6-e10d-4d3d-8d62-f2f3f173c2be 2ac471ffb14f471eaa02d796dab3e614 291a8a4200aa4ea78232fba5063cae26 - - default default] 10.0.0.116 "GET /v2.0/security-groups?tenant_id=91bc43c31dbe450cb2599340de623d0c&name=default HTTP/1.1" status: 200 len: 2996 time: 0.2823789
2026-07-02 16:36:32.527 9 INFO neutron.db.segments_db [None req-82083307-789f-4d0d-9298-d164cad400b0 b915bf06c1fc48e3b59f5ed3ce09c31f 7100444c5228453f8ba9882a1b28d5aa - - - -] Added segment 640b72d9-8dc9-49fc-92d8-c4b299ebdfbf of type geneve for network 276da5c2-b3bf-4882-89a4-b1ca38ec5fec
2026-07-02 16:36:32.774 10 INFO neutron.wsgi [None req-5eaab515-cc1d-4f79-98a7-b31cd0917183 2ac471ffb14f471eaa02d796dab3e614 291a8a4200aa4ea78232fba5063cae26 - - - -] 10.0.0.116 "DELETE /v2.0/security-groups/bdceac5f-d05f-4c60-8a74-6a296cf8a445 HTTP/1.1" status: 204 len: 168 time: 0.2507210
2026-07-02 16:36:32.963 9 INFO neutron.db.ovn_revision_numbers_db [None req-82083307-789f-4d0d-9298-d164cad400b0 b915bf06c1fc48e3b59f5ed3ce09c31f 7100444c5228453f8ba9882a1b28d5aa - - - -] Successfully bumped revision number for resource 276da5c2-b3bf-4882-89a4-b1ca38ec5fec (type: networks) to 1
2026-07-02 16:36:33.092 9 INFO neutron.db.ovn_revision_numbers_db [None req-cbdf07e9-3d58-4dc2-b6b9-8973ca94b259 fc49bff54a9e47afa0e4750cc1f7d896 b1cb8bb9ef974f1f8a39f093f8ea0d03 - - - -] Successfully bumped revision number for resource d93c4372-b51f-4fb1-a3fd-506cdde6d4ca (type: subnets) to 1
2026-07-02 16:36:33.095 9 INFO neutron.wsgi [None req-cbdf07e9-3d58-4dc2-b6b9-8973ca94b259 fc49bff54a9e47afa0e4750cc1f7d896 b1cb8bb9ef974f1f8a39f093f8ea0d03 - - - -] 10.0.0.116 "PUT /v2.0/subnets/d93c4372-b51f-4fb1-a3fd-506cdde6d4ca HTTP/1.1" status: 200 len: 806 time: 0.7192416
2026-07-02 16:36:33.194 9 WARNING neutron.scheduler.dhcp_agent_scheduler [None req-82083307-789f-4d0d-9298-d164cad400b0 b915bf06c1fc48e3b59f5ed3ce09c31f 7100444c5228453f8ba9882a1b28d5aa - - - -] No more DHCP agents
2026-07-02 16:36:33.196 9 WARNING neutron.api.rpc.agentnotifiers.dhcp_rpc_agent_api [None req-82083307-789f-4d0d-9298-d164cad400b0 b915bf06c1fc48e3b59f5ed3ce09c31f 7100444c5228453f8ba9882a1b28d5aa - - - -] Unable to schedule network 276da5c2-b3bf-4882-89a4-b1ca38ec5fec: no agents available; will retry on subsequent port and subnet creation events.
2026-07-02 16:36:33.257 9 INFO neutron.db.ovn_revision_numbers_db [None req-82083307-789f-4d0d-9298-d164cad400b0 b915bf06c1fc48e3b59f5ed3ce09c31f 7100444c5228453f8ba9882a1b28d5aa - - - -] Successfully bumped revision number for resource 929b58bf-ae05-45ac-8d10-9ebfbcbaf511 (type: ports) to 1
2026-07-02 16:36:33.276 9 INFO neutron.wsgi [None req-82083307-789f-4d0d-9298-d164cad400b0 b915bf06c1fc48e3b59f5ed3ce09c31f 7100444c5228453f8ba9882a1b28d5aa - - - -] 10.0.0.116 "POST /v2.0/networks HTTP/1.1" status: 201 len: 846 time: 0.9167838
2026-07-02 16:36:33.591 10 INFO neutron.db.ovn_revision_numbers_db [None req-dcccd2bb-9848-4a2b-9995-40d6007666a1 b915bf06c1fc48e3b59f5ed3ce09c31f 7100444c5228453f8ba9882a1b28d5aa - - - -] Successfully bumped revision number for resource 276da5c2-b3bf-4882-89a4-b1ca38ec5fec (type: networks) to 2
2026-07-02 16:36:33.595 10 INFO neutron.wsgi [None req-dcccd2bb-9848-4a2b-9995-40d6007666a1 b915bf06c1fc48e3b59f5ed3ce09c31f 7100444c5228453f8ba9882a1b28d5aa - - - -] 10.0.0.116 "PUT /v2.0/networks/276da5c2-b3bf-4882-89a4-b1ca38ec5fec HTTP/1.1" status: 200 len: 792 time: 0.3141713
2026-07-02 16:36:33.936 10 INFO neutron.services.segments.plugin [-] Segment 65bf8c8b-4456-402a-b9e9-fa0483c4bde1 resource provider aggregate not found
2026-07-02 16:36:33.942 10 INFO neutron.services.segments.plugin [-] Segment 65bf8c8b-4456-402a-b9e9-fa0483c4bde1 resource provider aggregate not found
2026-07-02 16:36:33.966 10 INFO neutron.services.segments.plugin [-] Segment 65bf8c8b-4456-402a-b9e9-fa0483c4bde1 resource provider not found; error: Placement Client Error (4xx): {"errors": [{"status": 404, "title": "Not Found", "detail": "The resource could not be found.\n\n No resource provider with uuid 65bf8c8b-4456-402a-b9e9-fa0483c4bde1 found for delete ", "request_id": "req-a059bde2-b517-41a5-b0a1-a01e38380e9f"}]}
2026-07-02 16:36:33.967 10 INFO neutron.services.segments.plugin [-] Segment 65bf8c8b-4456-402a-b9e9-fa0483c4bde1 resource provider not found; error: Placement Client Error (4xx): {"errors": [{"status": 404, "title": "Not Found", "detail": "The resource could not be found.\n\n No resource provider with uuid 65bf8c8b-4456-402a-b9e9-fa0483c4bde1 found for delete ", "request_id": "req-394d3c56-634a-4870-acb6-202dc0571c19"}]}
2026-07-02 16:36:33.972 10 WARNING neutron.scheduler.dhcp_agent_scheduler [None req-12bede01-8bf1-4a9d-a182-f140c1c2ca3f b915bf06c1fc48e3b59f5ed3ce09c31f 7100444c5228453f8ba9882a1b28d5aa - - - -] No more DHCP agents
2026-07-02 16:36:33.974 10 WARNING neutron.api.rpc.agentnotifiers.dhcp_rpc_agent_api [None req-12bede01-8bf1-4a9d-a182-f140c1c2ca3f b915bf06c1fc48e3b59f5ed3ce09c31f 7100444c5228453f8ba9882a1b28d5aa - - - -] Unable to schedule network 276da5c2-b3bf-4882-89a4-b1ca38ec5fec: no agents available; will retry on subsequent port and subnet creation events.
2026-07-02 16:36:33.988 10 INFO neutron.db.ovn_revision_numbers_db [None req-12bede01-8bf1-4a9d-a182-f140c1c2ca3f b915bf06c1fc48e3b59f5ed3ce09c31f 7100444c5228453f8ba9882a1b28d5aa - - - -] Successfully bumped revision number for resource d187fec3-1602-48c5-bf4c-c24aaa98067f (type: subnets) to 0
2026-07-02 16:36:34.004 10 INFO neutron.wsgi [None req-12bede01-8bf1-4a9d-a182-f140c1c2ca3f b915bf06c1fc48e3b59f5ed3ce09c31f 7100444c5228453f8ba9882a1b28d5aa - - - -] 10.0.0.116 "POST /v2.0/subnets HTTP/1.1" status: 201 len: 821 time: 0.4005492
2026-07-02 16:36:34.013 10 INFO neutron.wsgi [None req-60ed4d3b-13d5-4085-a7e6-c04bff1e9c48 fc49bff54a9e47afa0e4750cc1f7d896 b1cb8bb9ef974f1f8a39f093f8ea0d03 - - - -] 10.0.0.116 "DELETE /v2.0/networks/2e861fd2-0e03-4c64-8ed0-ff514cf86951 HTTP/1.1" status: 204 len: 168 time: 0.9113755
2026-07-02 16:36:34.041 9 INFO neutron.pecan_wsgi.hooks.translation [None req-27fe2ea8-012f-49de-b85d-dd25b27b4dbb fc49bff54a9e47afa0e4750cc1f7d896 b1cb8bb9ef974f1f8a39f093f8ea0d03 - - - -] DELETE failed (client error): The resource could not be found.
2026-07-02 16:36:34.044 9 INFO neutron.wsgi [None req-27fe2ea8-012f-49de-b85d-dd25b27b4dbb fc49bff54a9e47afa0e4750cc1f7d896 b1cb8bb9ef974f1f8a39f093f8ea0d03 - - - -] 10.0.0.116 "DELETE /v2.0/networks/2e861fd2-0e03-4c64-8ed0-ff514cf86951 HTTP/1.1" status: 404 len: 339 time: 0.0248787
2026-07-02 16:36:34.190 9 INFO neutron.wsgi [None req-3a2d6215-6fb0-4731-9e5c-ea4b26cf60d6 fc49bff54a9e47afa0e4750cc1f7d896 b1cb8bb9ef974f1f8a39f093f8ea0d03 - - default default] 10.0.0.116 "GET /v2.0/networks?router%3Aexternal=True HTTP/1.1" status: 200 len: 845 time: 0.1363714
2026-07-02 16:36:34.246 10 INFO neutron.wsgi [None req-e3e413a5-05e8-4406-9d9f-f774bb8d9e17 fc49bff54a9e47afa0e4750cc1f7d896 b1cb8bb9ef974f1f8a39f093f8ea0d03 - - default default] 10.0.0.116 "GET /v2.0/subnets?network_id=89fb4464-91f1-47d2-ae82-6009fa205fca HTTP/1.1" status: 200 len: 820 time: 0.0514112
2026-07-02 16:36:34.256 10 INFO neutron.wsgi [None req-16b65342-b7b8-4fc4-9d38-dff9d3434289 fc49bff54a9e47afa0e4750cc1f7d896 b1cb8bb9ef974f1f8a39f093f8ea0d03 - - default default] 10.0.0.116 "GET /v2.0/extensions HTTP/1.1" status: 200 len: 16520 time: 0.0050318
2026-07-02 16:36:34.344 10 INFO neutron.wsgi [None req-7f82350b-bd05-4d22-8f0d-087f76de7d6f fc49bff54a9e47afa0e4750cc1f7d896 b1cb8bb9ef974f1f8a39f093f8ea0d03 - - default default] 10.0.0.116 "GET /v2.0/networks HTTP/1.1" status: 200 len: 1503 time: 0.0832834
2026-07-02 16:36:34.403 10 INFO neutron.wsgi [None req-bb08f01b-7e85-4308-bcae-4a48fd79146e fc49bff54a9e47afa0e4750cc1f7d896 b1cb8bb9ef974f1f8a39f093f8ea0d03 - - default default] 10.0.0.116 "GET /v2.0/subnets HTTP/1.1" status: 200 len: 1428 time: 0.0463884
2026-07-02 16:36:34.493 10 INFO neutron.wsgi [None req-c23eeb56-9513-4a32-9f49-bda702a85e6f fc49bff54a9e47afa0e4750cc1f7d896 b1cb8bb9ef974f1f8a39f093f8ea0d03 - - default default] 10.0.0.116 "GET /v2.0/networks/4eb7b6af-8054-4284-a644-0e95e626d95e HTTP/1.1" status: 200 len: 862 time: 0.0773430
2026-07-02 16:36:34.558 9 INFO neutron.wsgi [None req-96d99c61-478a-47fb-996e-dda764348a6d fc49bff54a9e47afa0e4750cc1f7d896 b1cb8bb9ef974f1f8a39f093f8ea0d03 - - default default] 10.0.0.116 "GET /v2.0/subnets/1d78aff7-05c3-4fd7-9926-a68cc71fec2a HTTP/1.1" status: 200 len: 811 time: 0.0543468
2026-07-02 16:36:34.585 9 INFO neutron.pecan_wsgi.hooks.translation [None req-098cb8ba-5e18-4862-b709-f9f6f6e4aab1 fc49bff54a9e47afa0e4750cc1f7d896 b1cb8bb9ef974f1f8a39f093f8ea0d03 - - - -] DELETE failed (client error): The resource could not be found.
2026-07-02 16:36:34.588 9 INFO neutron.wsgi [None req-098cb8ba-5e18-4862-b709-f9f6f6e4aab1 fc49bff54a9e47afa0e4750cc1f7d896 b1cb8bb9ef974f1f8a39f093f8ea0d03 - - - -] 10.0.0.116 "DELETE /v2.0/subnets/d93c4372-b51f-4fb1-a3fd-506cdde6d4ca HTTP/1.1" status: 404 len: 337 time: 0.0235815
2026-07-02 16:36:34.613 10 INFO neutron.pecan_wsgi.hooks.translation [None req-abd81cec-527c-4029-bf11-63e94ee17671 fc49bff54a9e47afa0e4750cc1f7d896 b1cb8bb9ef974f1f8a39f093f8ea0d03 - - - -] DELETE failed (client error): The resource could not be found.
2026-07-02 16:36:34.615 10 INFO neutron.wsgi [None req-abd81cec-527c-4029-bf11-63e94ee17671 fc49bff54a9e47afa0e4750cc1f7d896 b1cb8bb9ef974f1f8a39f093f8ea0d03 - - - -] 10.0.0.116 "DELETE /v2.0/networks/2e861fd2-0e03-4c64-8ed0-ff514cf86951 HTTP/1.1" status: 404 len: 339 time: 0.0234628
2026-07-02 16:36:34.817 10 INFO neutron.db.ovn_revision_numbers_db [None req-0f55b45f-e27b-487f-9dc4-2c7e77366cf4 2ac471ffb14f471eaa02d796dab3e614 291a8a4200aa4ea78232fba5063cae26 - - default default] Successfully bumped revision number for resource c3132298-58b9-4d4c-9ec8-f153cf546e63 (type: security_groups) to 1
2026-07-02 16:36:34.843 10 INFO neutron.wsgi [None req-0f55b45f-e27b-487f-9dc4-2c7e77366cf4 2ac471ffb14f471eaa02d796dab3e614 291a8a4200aa4ea78232fba5063cae26 - - default default] 10.0.0.116 "GET /v2.0/security-groups?tenant_id=9b7c28e5506346c49f0f51c3423ce4dc&name=default HTTP/1.1" status: 200 len: 2996 time: 0.3731406
2026-07-02 16:36:34.880 9 INFO neutron.db.ovn_revision_numbers_db [None req-45c7934e-7701-4cd6-8b49-7b0b14f95718 b915bf06c1fc48e3b59f5ed3ce09c31f 7100444c5228453f8ba9882a1b28d5aa - - - -] Successfully bumped revision number for resource 929b58bf-ae05-45ac-8d10-9ebfbcbaf511 (type: ports) to 2
2026-07-02 16:36:34.883 10 INFO neutron.wsgi [None req-578a4e20-d54c-41e2-8363-dae5fd44025c fc49bff54a9e47afa0e4750cc1f7d896 b1cb8bb9ef974f1f8a39f093f8ea0d03 - - - -] 10.0.0.116 "DELETE /v2.0/subnets/1d78aff7-05c3-4fd7-9926-a68cc71fec2a HTTP/1.1" status: 204 len: 168 time: 0.2622333
2026-07-02 16:36:34.917 9 INFO neutron.db.ovn_revision_numbers_db [None req-45c7934e-7701-4cd6-8b49-7b0b14f95718 b915bf06c1fc48e3b59f5ed3ce09c31f 7100444c5228453f8ba9882a1b28d5aa - - - -] Successfully bumped revision number for resource d187fec3-1602-48c5-bf4c-c24aaa98067f (type: subnets) to 1
2026-07-02 16:36:34.920 9 INFO neutron.wsgi [None req-45c7934e-7701-4cd6-8b49-7b0b14f95718 b915bf06c1fc48e3b59f5ed3ce09c31f 7100444c5228453f8ba9882a1b28d5aa - - - -] 10.0.0.116 "PUT /v2.0/subnets/d187fec3-1602-48c5-bf4c-c24aaa98067f HTTP/1.1" status: 200 len: 826 time: 0.9112284
2026-07-02 16:36:35.126 10 INFO neutron.wsgi [None req-1ea19634-597b-4d57-b91b-247d0a0f4970 2ac471ffb14f471eaa02d796dab3e614 291a8a4200aa4ea78232fba5063cae26 - - - -] 10.0.0.116 "DELETE /v2.0/security-groups/c3132298-58b9-4d4c-9ec8-f153cf546e63 HTTP/1.1" status: 204 len: 168 time: 0.2760308
2026-07-02 16:36:35.233 9 INFO neutron.services.segments.plugin [-] Segment 1079acfd-c3bb-4199-ae10-05da20171f3b resource provider aggregate not found
2026-07-02 16:36:35.238 9 INFO neutron.services.segments.plugin [-] Segment 1079acfd-c3bb-4199-ae10-05da20171f3b resource provider aggregate not found
2026-07-02 16:36:35.254 9 INFO neutron.services.segments.plugin [-] Segment 1079acfd-c3bb-4199-ae10-05da20171f3b resource provider not found; error: Placement Client Error (4xx): {"errors": [{"status": 404, "title": "Not Found", "detail": "The resource could not be found.\n\n No resource provider with uuid 1079acfd-c3bb-4199-ae10-05da20171f3b found for delete ", "request_id": "req-2785a0a6-a221-4c06-925b-d85a46bde864"}]}
2026-07-02 16:36:35.255 9 INFO neutron.services.segments.plugin [-] Segment 1079acfd-c3bb-4199-ae10-05da20171f3b resource provider not found; error: Placement Client Error (4xx): {"errors": [{"status": 404, "title": "Not Found", "detail": "The resource could not be found.\n\n No resource provider with uuid 1079acfd-c3bb-4199-ae10-05da20171f3b found for delete ", "request_id": "req-18cd3c4b-d944-42dc-bd1d-c5e9f6907bcc"}]}
2026-07-02 16:36:35.274 9 INFO neutron.wsgi [None req-ed780f97-0025-445b-996a-e3d21b6e8bb9 fc49bff54a9e47afa0e4750cc1f7d896 b1cb8bb9ef974f1f8a39f093f8ea0d03 - - - -] 10.0.0.116 "DELETE /v2.0/networks/4eb7b6af-8054-4284-a644-0e95e626d95e HTTP/1.1" status: 204 len: 168 time: 0.3844702
2026-07-02 16:36:35.545 10 INFO neutron.wsgi [None req-6212d94f-19db-4d5b-9b8e-ee404887407f b915bf06c1fc48e3b59f5ed3ce09c31f 7100444c5228453f8ba9882a1b28d5aa - - - -] 10.0.0.116 "DELETE /v2.0/networks/276da5c2-b3bf-4882-89a4-b1ca38ec5fec HTTP/1.1" status: 204 len: 168 time: 0.6183791
2026-07-02 16:36:35.571 10 INFO neutron.pecan_wsgi.hooks.translation [None req-d67acd54-ab16-4518-9b3c-bc9253bb93ed b915bf06c1fc48e3b59f5ed3ce09c31f 7100444c5228453f8ba9882a1b28d5aa - - - -] DELETE failed (client error): The resource could not be found.
2026-07-02 16:36:35.574 10 INFO neutron.wsgi [None req-d67acd54-ab16-4518-9b3c-bc9253bb93ed b915bf06c1fc48e3b59f5ed3ce09c31f 7100444c5228453f8ba9882a1b28d5aa - - - -] 10.0.0.116 "DELETE /v2.0/networks/276da5c2-b3bf-4882-89a4-b1ca38ec5fec HTTP/1.1" status: 404 len: 339 time: 0.0213373
2026-07-02 16:36:35.712 10 INFO neutron.wsgi [None req-3f599975-49e6-41ec-817d-53952db32da0 b915bf06c1fc48e3b59f5ed3ce09c31f 7100444c5228453f8ba9882a1b28d5aa - - default default] 10.0.0.116 "GET /v2.0/networks?router%3Aexternal=True HTTP/1.1" status: 200 len: 845 time: 0.1269672
2026-07-02 16:36:35.774 9 INFO neutron.wsgi [None req-563f8376-0e12-4c83-863e-623572fbb146 b915bf06c1fc48e3b59f5ed3ce09c31f 7100444c5228453f8ba9882a1b28d5aa - - default default] 10.0.0.116 "GET /v2.0/subnets?network_id=89fb4464-91f1-47d2-ae82-6009fa205fca HTTP/1.1" status: 200 len: 820 time: 0.0536280
2026-07-02 16:36:35.784 9 INFO neutron.wsgi [None req-38a10a48-0268-4dd1-ba31-9f7fc0ba4442 b915bf06c1fc48e3b59f5ed3ce09c31f 7100444c5228453f8ba9882a1b28d5aa - - default default] 10.0.0.116 "GET /v2.0/extensions HTTP/1.1" status: 200 len: 16520 time: 0.0059550
2026-07-02 16:36:35.866 9 INFO neutron.wsgi [None req-5e0f9d6f-93b7-4def-8d01-c078fd6210f5 b915bf06c1fc48e3b59f5ed3ce09c31f 7100444c5228453f8ba9882a1b28d5aa - - default default] 10.0.0.116 "GET /v2.0/networks HTTP/1.1" status: 200 len: 1508 time: 0.0741923
2026-07-02 16:36:35.928 9 INFO neutron.wsgi [None req-58c3f152-0c9e-4b02-9fb1-db1c80536751 b915bf06c1fc48e3b59f5ed3ce09c31f 7100444c5228453f8ba9882a1b28d5aa - - default default] 10.0.0.116 "GET /v2.0/subnets HTTP/1.1" status: 200 len: 1460 time: 0.0532503
2026-07-02 16:36:35.994 10 INFO neutron.services.segments.plugin [-] Segment 640b72d9-8dc9-49fc-92d8-c4b299ebdfbf resource provider aggregate not found
2026-07-02 16:36:36.001 10 INFO neutron.services.segments.plugin [-] Segment 640b72d9-8dc9-49fc-92d8-c4b299ebdfbf resource provider aggregate not found
2026-07-02 16:36:36.016 10 INFO neutron.services.segments.plugin [-] Segment 640b72d9-8dc9-49fc-92d8-c4b299ebdfbf resource provider not found; error: Placement Client Error (4xx): {"errors": [{"status": 404, "title": "Not Found", "detail": "The resource could not be found.\n\n No resource provider with uuid 640b72d9-8dc9-49fc-92d8-c4b299ebdfbf found for delete ", "request_id": "req-d2bff432-69f5-468b-aaee-4a1fbab7efe9"}]}
2026-07-02 16:36:36.023 10 INFO neutron.services.segments.plugin [-] Segment 640b72d9-8dc9-49fc-92d8-c4b299ebdfbf resource provider not found; error: Placement Client Error (4xx): {"errors": [{"status": 404, "title": "Not Found", "detail": "The resource could not be found.\n\n No resource provider with uuid 640b72d9-8dc9-49fc-92d8-c4b299ebdfbf found for delete ", "request_id": "req-78da07de-e617-43eb-a5ff-a9dd61885179"}]}
2026-07-02 16:36:36.033 9 INFO neutron.wsgi [None req-49dd1c74-9b41-4455-b548-ab531693ceae b915bf06c1fc48e3b59f5ed3ce09c31f 7100444c5228453f8ba9882a1b28d5aa - - default default] 10.0.0.116 "GET /v2.0/networks/46415c1d-8780-4f5a-a3b3-b220e4b8baa7 HTTP/1.1" status: 200 len: 867 time: 0.0937533
2026-07-02 16:36:36.226 9 INFO neutron.wsgi [None req-e39f2388-5b4d-464b-90b5-48e45d713222 2ac471ffb14f471eaa02d796dab3e614 291a8a4200aa4ea78232fba5063cae26 - - default default] 10.0.0.116 "GET /v2.0/security-groups?tenant_id=b1cb8bb9ef974f1f8a39f093f8ea0d03&name=default HTTP/1.1" status: 200 len: 2996 time: 0.2021976
2026-07-02 16:36:36.414 9 INFO neutron.wsgi [None req-ad023d5f-81ae-4ae4-9ea1-337c5e95e191 2ac471ffb14f471eaa02d796dab3e614 291a8a4200aa4ea78232fba5063cae26 - - - -] 10.0.0.116 "DELETE /v2.0/security-groups/0b84e7c5-e860-495b-a21d-3dfdde8fbe09 HTTP/1.1" status: 204 len: 168 time: 0.1826322
2026-07-02 16:36:36.594 10 INFO neutron.wsgi [None req-1b4dff8e-17fa-4041-892e-c998c422ffd8 b915bf06c1fc48e3b59f5ed3ce09c31f 7100444c5228453f8ba9882a1b28d5aa - - default default] 10.0.0.116 "GET /v2.0/subnets/6c7de93a-ec1c-4b90-b30d-4db6a46e2629 HTTP/1.1" status: 200 len: 843 time: 0.5513186
2026-07-02 16:36:36.622 9 INFO neutron.pecan_wsgi.hooks.translation [None req-13b1e491-3e05-4c45-82a9-ba9c5955f950 b915bf06c1fc48e3b59f5ed3ce09c31f 7100444c5228453f8ba9882a1b28d5aa - - - -] DELETE failed (client error): The resource could not be found.
2026-07-02 16:36:36.624 9 INFO neutron.wsgi [None req-13b1e491-3e05-4c45-82a9-ba9c5955f950 b915bf06c1fc48e3b59f5ed3ce09c31f 7100444c5228453f8ba9882a1b28d5aa - - - -] 10.0.0.116 "DELETE /v2.0/subnets/d187fec3-1602-48c5-bf4c-c24aaa98067f HTTP/1.1" status: 404 len: 337 time: 0.0203202
2026-07-02 16:36:36.646 9 INFO neutron.pecan_wsgi.hooks.translation [None req-13a47742-c7d3-41e4-bc8f-c25838b1c981 b915bf06c1fc48e3b59f5ed3ce09c31f 7100444c5228453f8ba9882a1b28d5aa - - - -] DELETE failed (client error): The resource could not be found.
2026-07-02 16:36:36.648 9 INFO neutron.wsgi [None req-13a47742-c7d3-41e4-bc8f-c25838b1c981 b915bf06c1fc48e3b59f5ed3ce09c31f 7100444c5228453f8ba9882a1b28d5aa - - - -] 10.0.0.116 "DELETE /v2.0/networks/276da5c2-b3bf-4882-89a4-b1ca38ec5fec HTTP/1.1" status: 404 len: 339 time: 0.0185840
2026-07-02 16:36:36.852 9 INFO neutron.wsgi [None req-fe2a9bbe-db35-4d5e-a893-a89c8abb44e2 b915bf06c1fc48e3b59f5ed3ce09c31f 7100444c5228453f8ba9882a1b28d5aa - - - -] 10.0.0.116 "DELETE /v2.0/subnets/6c7de93a-ec1c-4b90-b30d-4db6a46e2629 HTTP/1.1" status: 204 len: 168 time: 0.1982286
2026-07-02 16:36:37.199 10 INFO neutron.db.ovn_revision_numbers_db [None req-3c49272a-43eb-4606-a61e-9808204ec493 57b7b480f6e5482bbe893819a9f06ef8 8b944c234e9b4a42ace43a8ed7e19996 - - - -] Successfully bumped revision number for resource 32b9a4b4-5684-4313-8359-bd0f3628c669 (type: security_groups) to 1
2026-07-02 16:36:37.271 9 INFO neutron.services.segments.plugin [-] Segment bb96cd05-7fab-4b6a-9888-1065bae12a35 resource provider aggregate not found
2026-07-02 16:36:37.276 10 INFO neutron.db.segments_db [None req-3c49272a-43eb-4606-a61e-9808204ec493 57b7b480f6e5482bbe893819a9f06ef8 8b944c234e9b4a42ace43a8ed7e19996 - - - -] Added segment 5a3b2708-0f5c-43b8-a176-a93035ad7f5b of type geneve for network d8aa87fe-53d9-4c6b-8028-9be362c1cd15
2026-07-02 16:36:37.277 9 INFO neutron.services.segments.plugin [-] Segment bb96cd05-7fab-4b6a-9888-1065bae12a35 resource provider aggregate not found
2026-07-02 16:36:37.288 9 INFO neutron.wsgi [None req-c9498e7b-7882-4e4f-8611-2dd50cf7a169 b915bf06c1fc48e3b59f5ed3ce09c31f 7100444c5228453f8ba9882a1b28d5aa - - - -] 10.0.0.116 "DELETE /v2.0/networks/46415c1d-8780-4f5a-a3b3-b220e4b8baa7 HTTP/1.1" status: 204 len: 168 time: 0.4273629
2026-07-02 16:36:37.299 9 INFO neutron.services.segments.plugin [-] Segment bb96cd05-7fab-4b6a-9888-1065bae12a35 resource provider not found; error: Placement Client Error (4xx): {"errors": [{"status": 404, "title": "Not Found", "detail": "The resource could not be found.\n\n No resource provider with uuid bb96cd05-7fab-4b6a-9888-1065bae12a35 found for delete ", "request_id": "req-b12a2233-189a-4bce-adba-6fbe364981a0"}]}
2026-07-02 16:36:37.300 9 INFO neutron.services.segments.plugin [-] Segment bb96cd05-7fab-4b6a-9888-1065bae12a35 resource provider not found; error: Placement Client Error (4xx): {"errors": [{"status": 404, "title": "Not Found", "detail": "The resource could not be found.\n\n No resource provider with uuid bb96cd05-7fab-4b6a-9888-1065bae12a35 found for delete ", "request_id": "req-d07842eb-a410-4cdb-a000-043892bcdd8e"}]}
2026-07-02 16:36:37.419 10 INFO neutron.db.ovn_revision_numbers_db [None req-3c49272a-43eb-4606-a61e-9808204ec493 57b7b480f6e5482bbe893819a9f06ef8 8b944c234e9b4a42ace43a8ed7e19996 - - - -] Successfully bumped revision number for resource d8aa87fe-53d9-4c6b-8028-9be362c1cd15 (type: networks) to 1
2026-07-02 16:36:37.658 10 WARNING neutron.scheduler.dhcp_agent_scheduler [None req-3c49272a-43eb-4606-a61e-9808204ec493 57b7b480f6e5482bbe893819a9f06ef8 8b944c234e9b4a42ace43a8ed7e19996 - - - -] No more DHCP agents
2026-07-02 16:36:37.660 10 WARNING neutron.api.rpc.agentnotifiers.dhcp_rpc_agent_api [None req-3c49272a-43eb-4606-a61e-9808204ec493 57b7b480f6e5482bbe893819a9f06ef8 8b944c234e9b4a42ace43a8ed7e19996 - - - -] Unable to schedule network d8aa87fe-53d9-4c6b-8028-9be362c1cd15: no agents available; will retry on subsequent port and subnet creation events.
2026-07-02 16:36:37.733 10 INFO neutron.db.ovn_revision_numbers_db [None req-3c49272a-43eb-4606-a61e-9808204ec493 57b7b480f6e5482bbe893819a9f06ef8 8b944c234e9b4a42ace43a8ed7e19996 - - - -] Successfully bumped revision number for resource debb23e7-c717-49a7-a826-fefdc93554ba (type: ports) to 1
2026-07-02 16:36:37.761 10 INFO neutron.wsgi [None req-3c49272a-43eb-4606-a61e-9808204ec493 57b7b480f6e5482bbe893819a9f06ef8 8b944c234e9b4a42ace43a8ed7e19996 - - - -] 10.0.0.116 "POST /v2.0/networks HTTP/1.1" status: 201 len: 843 time: 0.8221405
2026-07-02 16:36:38.045 10 WARNING neutron.scheduler.dhcp_agent_scheduler [None req-c01b5c1a-26b1-4493-84b0-9e1403ca207f 57b7b480f6e5482bbe893819a9f06ef8 8b944c234e9b4a42ace43a8ed7e19996 - - - -] No more DHCP agents
2026-07-02 16:36:38.046 10 WARNING neutron.api.rpc.agentnotifiers.dhcp_rpc_agent_api [None req-c01b5c1a-26b1-4493-84b0-9e1403ca207f 57b7b480f6e5482bbe893819a9f06ef8 8b944c234e9b4a42ace43a8ed7e19996 - - - -] Unable to schedule network d8aa87fe-53d9-4c6b-8028-9be362c1cd15: no agents available; will retry on subsequent port and subnet creation events.
2026-07-02 16:36:38.051 9 INFO neutron.db.ovn_revision_numbers_db [None req-6ba0eb2d-207f-4c39-81c4-c021b4c9d1c6 2ac471ffb14f471eaa02d796dab3e614 291a8a4200aa4ea78232fba5063cae26 - - default default] Successfully bumped revision number for resource 65823e72-db5e-4f99-9ce1-254e319997de (type: security_groups) to 1
2026-07-02 16:36:38.091 9 INFO neutron.wsgi [None req-6ba0eb2d-207f-4c39-81c4-c021b4c9d1c6 2ac471ffb14f471eaa02d796dab3e614 291a8a4200aa4ea78232fba5063cae26 - - default default] 10.0.0.116 "GET /v2.0/security-groups?tenant_id=26d87a9caca64736b2c71a929254ce83&name=default HTTP/1.1" status: 200 len: 2996 time: 0.2799881
2026-07-02 16:36:38.152 10 INFO neutron.db.ovn_revision_numbers_db [None req-c01b5c1a-26b1-4493-84b0-9e1403ca207f 57b7b480f6e5482bbe893819a9f06ef8 8b944c234e9b4a42ace43a8ed7e19996 - - - -] Successfully bumped revision number for resource 402c91ad-60f6-4de0-8875-10b8bbb359b0 (type: ports) to 1 /var/lib/openstack/lib/python3.10/site-packages/pycadf/identifier.py:71: UserWarning: Invalid uuid: neutron. To ensure interoperability, identifiers should be a valid uuid. warnings.warn(('Invalid uuid: %s. To ensure interoperability, '
2026-07-02 16:36:38.191 10 INFO neutron.wsgi [None req-36d9b5ea-064d-4c0e-a9e9-4a81c2dbd21e 2ac471ffb14f471eaa02d796dab3e614 291a8a4200aa4ea78232fba5063cae26 - - default default] 10.0.0.116 "GET /v2.0/security-groups?tenant_id=7100444c5228453f8ba9882a1b28d5aa&name=default HTTP/1.1" status: 200 len: 2996 time: 0.3320310
2026-07-02 16:36:38.194 10 INFO neutron.wsgi [None req-c01b5c1a-26b1-4493-84b0-9e1403ca207f 57b7b480f6e5482bbe893819a9f06ef8 8b944c234e9b4a42ace43a8ed7e19996 - - - -] 10.0.0.116 "POST /v2.0/ports HTTP/1.1" status: 201 len: 973 time: 0.4221096
2026-07-02 16:36:38.320 9 INFO neutron.db.segments_db [None req-bbfa456b-5ee7-4f71-97f3-47a38df5e2ce 57b7b480f6e5482bbe893819a9f06ef8 8b944c234e9b4a42ace43a8ed7e19996 - - - -] Added segment 070612db-faf8-4798-a3d6-82da9481f13e of type geneve for network a5ab79a7-881e-49d2-9aba-17d2e0406a3c
2026-07-02 16:36:38.379 9 INFO neutron.wsgi [None req-600fc682-38a0-4a9c-9cc2-789c7e039f1e 2ac471ffb14f471eaa02d796dab3e614 291a8a4200aa4ea78232fba5063cae26 - - - -] 10.0.0.116 "DELETE /v2.0/security-groups/65823e72-db5e-4f99-9ce1-254e319997de HTTP/1.1" status: 204 len: 168 time: 0.2784393
2026-07-02 16:36:38.419 10 INFO neutron.wsgi [None req-8b0c615e-548f-4d34-89bc-d9004b4e0d3e 2ac471ffb14f471eaa02d796dab3e614 291a8a4200aa4ea78232fba5063cae26 - - - -] 10.0.0.116 "DELETE /v2.0/security-groups/323384de-5bd1-4172-a035-fb7663f7b989 HTTP/1.1" status: 204 len: 168 time: 0.2212675
2026-07-02 16:36:38.486 9 INFO neutron.db.ovn_revision_numbers_db [None req-bbfa456b-5ee7-4f71-97f3-47a38df5e2ce 57b7b480f6e5482bbe893819a9f06ef8 8b944c234e9b4a42ace43a8ed7e19996 - - - -] Successfully bumped revision number for resource a5ab79a7-881e-49d2-9aba-17d2e0406a3c (type: networks) to 1
2026-07-02 16:36:38.547 10 INFO neutron.db.ovn_revision_numbers_db [None req-11eaa282-1a99-4e3d-a724-bb8ab27e4e6a 615a973af2cf46fd92036dc2d71d1f7c 783543bd07e44f87b036aebdd8151bbc - - - -] Successfully bumped revision number for resource 6e3c366b-91bb-487f-a66b-bd26d9253e94 (type: security_groups) to 1
2026-07-02 16:36:38.616 10 INFO neutron.db.segments_db [None req-11eaa282-1a99-4e3d-a724-bb8ab27e4e6a 615a973af2cf46fd92036dc2d71d1f7c 783543bd07e44f87b036aebdd8151bbc - - - -] Added segment 3ad55573-5efe-4305-b1a3-857af00204d4 of type geneve for network d5511106-c582-4141-8aac-e4c249a8dc07
2026-07-02 16:36:38.651 10 INFO neutron.db.ovn_revision_numbers_db [None req-fd327e18-fb04-4ec3-8cfe-907c282dcfaa 2ac471ffb14f471eaa02d796dab3e614 291a8a4200aa4ea78232fba5063cae26 - - default default] Successfully bumped revision number for resource 40659ce3-40c0-49af-bba6-d7817cc8031d (type: security_groups) to 1
2026-07-02 16:36:38.690 10 INFO neutron.wsgi [None req-fd327e18-fb04-4ec3-8cfe-907c282dcfaa 2ac471ffb14f471eaa02d796dab3e614 291a8a4200aa4ea78232fba5063cae26 - - default default] 10.0.0.116 "GET /v2.0/security-groups?tenant_id=c3c754134bb74c4d90c08d62d075e6f0&name=default HTTP/1.1" status: 200 len: 2996 time: 0.1544716
2026-07-02 16:36:38.718 9 WARNING neutron.scheduler.dhcp_agent_scheduler [None req-bbfa456b-5ee7-4f71-97f3-47a38df5e2ce 57b7b480f6e5482bbe893819a9f06ef8 8b944c234e9b4a42ace43a8ed7e19996 - - - -] No more DHCP agents
2026-07-02 16:36:38.720 9 WARNING neutron.api.rpc.agentnotifiers.dhcp_rpc_agent_api [None req-bbfa456b-5ee7-4f71-97f3-47a38df5e2ce 57b7b480f6e5482bbe893819a9f06ef8 8b944c234e9b4a42ace43a8ed7e19996 - - - -] Unable to schedule network a5ab79a7-881e-49d2-9aba-17d2e0406a3c: no agents available; will retry on subsequent port and subnet creation events.
2026-07-02 16:36:38.747 10 INFO neutron.db.ovn_revision_numbers_db [None req-11eaa282-1a99-4e3d-a724-bb8ab27e4e6a 615a973af2cf46fd92036dc2d71d1f7c 783543bd07e44f87b036aebdd8151bbc - - - -] Successfully bumped revision number for resource d5511106-c582-4141-8aac-e4c249a8dc07 (type: networks) to 1
2026-07-02 16:36:38.796 9 INFO neutron.db.ovn_revision_numbers_db [None req-bbfa456b-5ee7-4f71-97f3-47a38df5e2ce 57b7b480f6e5482bbe893819a9f06ef8 8b944c234e9b4a42ace43a8ed7e19996 - - - -] Successfully bumped revision number for resource 2ab88108-c85c-48b7-9cc9-bfa2b6d8ea14 (type: ports) to 1
2026-07-02 16:36:38.818 9 INFO neutron.wsgi [None req-bbfa456b-5ee7-4f71-97f3-47a38df5e2ce 57b7b480f6e5482bbe893819a9f06ef8 8b944c234e9b4a42ace43a8ed7e19996 - - - -] 10.0.0.116 "POST /v2.0/networks HTTP/1.1" status: 201 len: 829 time: 0.6171210
2026-07-02 16:36:38.953 10 WARNING neutron.scheduler.dhcp_agent_scheduler [None req-11eaa282-1a99-4e3d-a724-bb8ab27e4e6a 615a973af2cf46fd92036dc2d71d1f7c 783543bd07e44f87b036aebdd8151bbc - - - -] No more DHCP agents
2026-07-02 16:36:38.957 10 WARNING neutron.api.rpc.agentnotifiers.dhcp_rpc_agent_api [None req-11eaa282-1a99-4e3d-a724-bb8ab27e4e6a 615a973af2cf46fd92036dc2d71d1f7c 783543bd07e44f87b036aebdd8151bbc - - - -] Unable to schedule network d5511106-c582-4141-8aac-e4c249a8dc07: no agents available; will retry on subsequent port and subnet creation events.
2026-07-02 16:36:39.031 10 INFO neutron.wsgi [None req-fce65576-2bdb-4b6b-8444-03a0d9c3d253 2ac471ffb14f471eaa02d796dab3e614 291a8a4200aa4ea78232fba5063cae26 - - - -] 10.0.0.116 "DELETE /v2.0/security-groups/40659ce3-40c0-49af-bba6-d7817cc8031d HTTP/1.1" status: 204 len: 168 time: 0.3360269
2026-07-02 16:36:39.039 10 INFO neutron.db.ovn_revision_numbers_db [None req-11eaa282-1a99-4e3d-a724-bb8ab27e4e6a 615a973af2cf46fd92036dc2d71d1f7c 783543bd07e44f87b036aebdd8151bbc - - - -] Successfully bumped revision number for resource 5b7d4abd-123b-49b5-8717-c24f4b263c67 (type: ports) to 1
2026-07-02 16:36:39.059 10 INFO neutron.wsgi [None req-11eaa282-1a99-4e3d-a724-bb8ab27e4e6a 615a973af2cf46fd92036dc2d71d1f7c 783543bd07e44f87b036aebdd8151bbc - - - -] 10.0.0.116 "POST /v2.0/networks HTTP/1.1" status: 201 len: 848 time: 0.7162688
2026-07-02 16:36:39.099 9 WARNING neutron.scheduler.dhcp_agent_scheduler [None req-249fd6ff-555b-45a9-a253-c5206a058bff 57b7b480f6e5482bbe893819a9f06ef8 8b944c234e9b4a42ace43a8ed7e19996 - - - -] No more DHCP agents
2026-07-02 16:36:39.101 9 WARNING neutron.api.rpc.agentnotifiers.dhcp_rpc_agent_api [None req-249fd6ff-555b-45a9-a253-c5206a058bff 57b7b480f6e5482bbe893819a9f06ef8 8b944c234e9b4a42ace43a8ed7e19996 - - - -] Unable to schedule network a5ab79a7-881e-49d2-9aba-17d2e0406a3c: no agents available; will retry on subsequent port and subnet creation events.
2026-07-02 16:36:39.323 10 WARNING neutron.scheduler.dhcp_agent_scheduler [None req-cc23f15b-5463-4a53-a1f8-bc50b298e356 615a973af2cf46fd92036dc2d71d1f7c 783543bd07e44f87b036aebdd8151bbc - - - -] No more DHCP agents
2026-07-02 16:36:39.325 10 WARNING neutron.api.rpc.agentnotifiers.dhcp_rpc_agent_api [None req-cc23f15b-5463-4a53-a1f8-bc50b298e356 615a973af2cf46fd92036dc2d71d1f7c 783543bd07e44f87b036aebdd8151bbc - - - -] Unable to schedule network d5511106-c582-4141-8aac-e4c249a8dc07: no agents available; will retry on subsequent port and subnet creation events.
2026-07-02 16:36:39.413 10 INFO neutron.db.ovn_revision_numbers_db [None req-cc23f15b-5463-4a53-a1f8-bc50b298e356 615a973af2cf46fd92036dc2d71d1f7c 783543bd07e44f87b036aebdd8151bbc - - - -] Successfully bumped revision number for resource a9419229-18e8-4e79-bca4-0154d2245184 (type: ports) to 1
2026-07-02 16:36:39.450 10 INFO neutron.wsgi [None req-cc23f15b-5463-4a53-a1f8-bc50b298e356 615a973af2cf46fd92036dc2d71d1f7c 783543bd07e44f87b036aebdd8151bbc - - - -] 10.0.0.116 "POST /v2.0/ports HTTP/1.1" status: 201 len: 978 time: 0.3845744 /var/lib/openstack/lib/python3.10/site-packages/pycadf/identifier.py:71: UserWarning: Invalid uuid: neutron. To ensure interoperability, identifiers should be a valid uuid. warnings.warn(('Invalid uuid: %s. To ensure interoperability, '
2026-07-02 16:36:39.556 10 INFO neutron.db.segments_db [None req-f52f91fe-ae35-40a2-b75b-a6cca56e6076 615a973af2cf46fd92036dc2d71d1f7c 783543bd07e44f87b036aebdd8151bbc - - - -] Added segment 6da45854-a526-4cac-ad02-4d0c8f5284ad of type geneve for network ed6ed031-6d9f-4e4d-9d91-3493bc6828b2
2026-07-02 16:36:39.595 9 INFO neutron.db.ovn_revision_numbers_db [None req-249fd6ff-555b-45a9-a253-c5206a058bff 57b7b480f6e5482bbe893819a9f06ef8 8b944c234e9b4a42ace43a8ed7e19996 - - - -] Successfully bumped revision number for resource 2ab88108-c85c-48b7-9cc9-bfa2b6d8ea14 (type: ports) to 2
2026-07-02 16:36:39.614 9 INFO neutron.db.ovn_revision_numbers_db [None req-249fd6ff-555b-45a9-a253-c5206a058bff 57b7b480f6e5482bbe893819a9f06ef8 8b944c234e9b4a42ace43a8ed7e19996 - - - -] Successfully bumped revision number for resource 4164468b-36da-41cc-8f35-fd26db62655b (type: subnets) to 0
2026-07-02 16:36:39.636 9 INFO neutron.wsgi [None req-249fd6ff-555b-45a9-a253-c5206a058bff 57b7b480f6e5482bbe893819a9f06ef8 8b944c234e9b4a42ace43a8ed7e19996 - - - -] 10.0.0.116 "POST /v2.0/subnets HTTP/1.1" status: 201 len: 801 time: 0.8098996
2026-07-02 16:36:39.726 10 INFO neutron.db.ovn_revision_numbers_db [None req-f52f91fe-ae35-40a2-b75b-a6cca56e6076 615a973af2cf46fd92036dc2d71d1f7c 783543bd07e44f87b036aebdd8151bbc - - - -] Successfully bumped revision number for resource ed6ed031-6d9f-4e4d-9d91-3493bc6828b2 (type: networks) to 1
2026-07-02 16:36:39.927 10 WARNING neutron.scheduler.dhcp_agent_scheduler [None req-f52f91fe-ae35-40a2-b75b-a6cca56e6076 615a973af2cf46fd92036dc2d71d1f7c 783543bd07e44f87b036aebdd8151bbc - - - -] No more DHCP agents
2026-07-02 16:36:39.929 10 WARNING neutron.api.rpc.agentnotifiers.dhcp_rpc_agent_api [None req-f52f91fe-ae35-40a2-b75b-a6cca56e6076 615a973af2cf46fd92036dc2d71d1f7c 783543bd07e44f87b036aebdd8151bbc - - - -] Unable to schedule network ed6ed031-6d9f-4e4d-9d91-3493bc6828b2: no agents available; will retry on subsequent port and subnet creation events.
2026-07-02 16:36:40.002 10 INFO neutron.db.ovn_revision_numbers_db [None req-f52f91fe-ae35-40a2-b75b-a6cca56e6076 615a973af2cf46fd92036dc2d71d1f7c 783543bd07e44f87b036aebdd8151bbc - - - -] Successfully bumped revision number for resource e8f0e55e-d519-4886-85d3-e6dd4e6dbf71 (type: ports) to 1
2026-07-02 16:36:40.027 10 INFO neutron.wsgi [None req-f52f91fe-ae35-40a2-b75b-a6cca56e6076 615a973af2cf46fd92036dc2d71d1f7c 783543bd07e44f87b036aebdd8151bbc - - - -] 10.0.0.116 "POST /v2.0/networks HTTP/1.1" status: 201 len: 835 time: 0.5698178
2026-07-02 16:36:40.310 10 INFO neutron.wsgi [-] 10.0.0.116 "GET / HTTP/1.1" status: 200 len: 279 time: 0.0032358
2026-07-02 16:36:40.350 10 WARNING neutron.scheduler.dhcp_agent_scheduler [None req-3df226d4-a588-48a2-b8d6-dba57c16159e 615a973af2cf46fd92036dc2d71d1f7c 783543bd07e44f87b036aebdd8151bbc - - - -] No more DHCP agents
2026-07-02 16:36:40.353 10 WARNING neutron.api.rpc.agentnotifiers.dhcp_rpc_agent_api [None req-3df226d4-a588-48a2-b8d6-dba57c16159e 615a973af2cf46fd92036dc2d71d1f7c 783543bd07e44f87b036aebdd8151bbc - - - -] Unable to schedule network ed6ed031-6d9f-4e4d-9d91-3493bc6828b2: no agents available; will retry on subsequent port and subnet creation events.
2026-07-02 16:36:40.366 10 INFO neutron.db.ovn_revision_numbers_db [None req-3df226d4-a588-48a2-b8d6-dba57c16159e 615a973af2cf46fd92036dc2d71d1f7c 783543bd07e44f87b036aebdd8151bbc - - - -] Successfully bumped revision number for resource 45ca43a7-2c83-43bc-b959-0b8ff99ff7f7 (type: subnets) to 0
2026-07-02 16:36:40.381 10 INFO neutron.wsgi [None req-3df226d4-a588-48a2-b8d6-dba57c16159e 615a973af2cf46fd92036dc2d71d1f7c 783543bd07e44f87b036aebdd8151bbc - - - -] 10.0.0.116 "POST /v2.0/subnets HTTP/1.1" status: 201 len: 821 time: 0.3445821
2026-07-02 16:36:40.531 9 WARNING neutron.scheduler.dhcp_agent_scheduler [None req-20e225b1-ca95-489d-afa2-b710d09c9fff 57b7b480f6e5482bbe893819a9f06ef8 8b944c234e9b4a42ace43a8ed7e19996 - - - -] No more DHCP agents
2026-07-02 16:36:40.534 9 WARNING neutron.api.rpc.agentnotifiers.dhcp_rpc_agent_api [None req-20e225b1-ca95-489d-afa2-b710d09c9fff 57b7b480f6e5482bbe893819a9f06ef8 8b944c234e9b4a42ace43a8ed7e19996 - - - -] Unable to schedule network a5ab79a7-881e-49d2-9aba-17d2e0406a3c: no agents available; will retry on subsequent port and subnet creation events. /var/lib/openstack/lib/python3.10/site-packages/pycadf/identifier.py:71: UserWarning: Invalid uuid: neutron. To ensure interoperability, identifiers should be a valid uuid. warnings.warn(('Invalid uuid: %s. To ensure interoperability, '
2026-07-02 16:36:40.607 9 INFO neutron.wsgi [None req-cc51a1f4-04ab-4d9c-ab14-cfd04b7ba522 2794e90fdea246ef8221eb3b36528fc3 3bcb69d695cc4e57a6f514ab870581c8 - - default default] 10.0.0.116 "GET /v2.0/ HTTP/1.1" status: 200 len: 826 time: 0.2901797
2026-07-02 16:36:40.704 9 INFO neutron.db.ovn_revision_numbers_db [None req-20e225b1-ca95-489d-afa2-b710d09c9fff 57b7b480f6e5482bbe893819a9f06ef8 8b944c234e9b4a42ace43a8ed7e19996 - - - -] Successfully bumped revision number for resource 76e08eda-5148-4de8-93ff-0fdeec081236 (type: ports) to 1
2026-07-02 16:36:40.732 9 INFO neutron.wsgi [None req-20e225b1-ca95-489d-afa2-b710d09c9fff 57b7b480f6e5482bbe893819a9f06ef8 8b944c234e9b4a42ace43a8ed7e19996 - - - -] 10.0.0.116 "POST /v2.0/ports HTTP/1.1" status: 201 len: 1153 time: 1.0897939
2026-07-02 16:36:40.857 10 WARNING neutron.scheduler.dhcp_agent_scheduler [None req-d493efbd-4ed4-48b9-993a-76ffa238f35c 615a973af2cf46fd92036dc2d71d1f7c 783543bd07e44f87b036aebdd8151bbc - - - -] No more DHCP agents
2026-07-02 16:36:40.862 10 WARNING neutron.api.rpc.agentnotifiers.dhcp_rpc_agent_api [None req-d493efbd-4ed4-48b9-993a-76ffa238f35c 615a973af2cf46fd92036dc2d71d1f7c 783543bd07e44f87b036aebdd8151bbc - - - -] Unable to schedule network ed6ed031-6d9f-4e4d-9d91-3493bc6828b2: no agents available; will retry on subsequent port and subnet creation events.
2026-07-02 16:36:40.997 10 INFO neutron.db.ovn_revision_numbers_db [None req-d493efbd-4ed4-48b9-993a-76ffa238f35c 615a973af2cf46fd92036dc2d71d1f7c 783543bd07e44f87b036aebdd8151bbc - - - -] Successfully bumped revision number for resource 670b5ea2-9c40-4e77-b6e7-8137852d2bd8 (type: ports) to 1
2026-07-02 16:36:41.048 10 INFO neutron.wsgi [None req-d493efbd-4ed4-48b9-993a-76ffa238f35c 615a973af2cf46fd92036dc2d71d1f7c 783543bd07e44f87b036aebdd8151bbc - - - -] 10.0.0.116 "POST /v2.0/ports HTTP/1.1" status: 201 len: 1165 time: 0.6621368
2026-07-02 16:36:41.150 10 INFO neutron.wsgi [None req-a80c6470-b673-4a7d-b98f-073ad9d2eedd 57b7b480f6e5482bbe893819a9f06ef8 8b944c234e9b4a42ace43a8ed7e19996 - - - -] 10.0.0.116 "DELETE /v2.0/ports/76e08eda-5148-4de8-93ff-0fdeec081236 HTTP/1.1" status: 204 len: 168 time: 0.4108922 /var/lib/openstack/lib/python3.10/site-packages/pycadf/identifier.py:71: UserWarning: Invalid uuid: neutron. To ensure interoperability, identifiers should be a valid uuid. warnings.warn(('Invalid uuid: %s. To ensure interoperability, '
2026-07-02 16:36:41.187 10 INFO neutron.pecan_wsgi.hooks.translation [None req-cd6ee993-eaa8-4265-b6ba-ed679dcbf908 57b7b480f6e5482bbe893819a9f06ef8 8b944c234e9b4a42ace43a8ed7e19996 - - - -] DELETE failed (client error): The resource could not be found.
2026-07-02 16:36:41.189 10 INFO neutron.wsgi [None req-cd6ee993-eaa8-4265-b6ba-ed679dcbf908 57b7b480f6e5482bbe893819a9f06ef8 8b944c234e9b4a42ace43a8ed7e19996 - - - -] 10.0.0.116 "DELETE /v2.0/ports/76e08eda-5148-4de8-93ff-0fdeec081236 HTTP/1.1" status: 404 len: 333 time: 0.0314391
2026-07-02 16:36:41.210 10 INFO neutron.pecan_wsgi.hooks.translation [None req-790919b3-b109-4489-ba53-7256ca841033 57b7b480f6e5482bbe893819a9f06ef8 8b944c234e9b4a42ace43a8ed7e19996 - - default default] GET failed (client error): The resource could not be found.
2026-07-02 16:36:41.212 10 INFO neutron.wsgi [None req-790919b3-b109-4489-ba53-7256ca841033 57b7b480f6e5482bbe893819a9f06ef8 8b944c234e9b4a42ace43a8ed7e19996 - - default default] 10.0.0.116 "GET /v2.0/ports/76e08eda-5148-4de8-93ff-0fdeec081236 HTTP/1.1" status: 404 len: 333 time: 0.0184488
2026-07-02 16:36:41.430 10 INFO neutron.wsgi [None req-1677e4e5-17fd-4ac1-b8ef-65c5f44d2780 57b7b480f6e5482bbe893819a9f06ef8 8b944c234e9b4a42ace43a8ed7e19996 - - - -] 10.0.0.116 "DELETE /v2.0/subnets/4164468b-36da-41cc-8f35-fd26db62655b HTTP/1.1" status: 204 len: 168 time: 0.2107430
2026-07-02 16:36:41.451 9 INFO neutron.wsgi [None req-7c5d2128-1a5b-4ce9-99f1-956f397c9914 615a973af2cf46fd92036dc2d71d1f7c 783543bd07e44f87b036aebdd8151bbc - - - -] 10.0.0.116 "DELETE /v2.0/ports/670b5ea2-9c40-4e77-b6e7-8137852d2bd8 HTTP/1.1" status: 204 len: 168 time: 0.3976417
2026-07-02 16:36:41.488 9 INFO neutron.pecan_wsgi.hooks.translation [None req-9bfba4ef-abfe-4021-a2f5-d3b15de5f91d 615a973af2cf46fd92036dc2d71d1f7c 783543bd07e44f87b036aebdd8151bbc - - - -] DELETE failed (client error): The resource could not be found.
2026-07-02 16:36:41.492 9 INFO neutron.wsgi [None req-9bfba4ef-abfe-4021-a2f5-d3b15de5f91d 615a973af2cf46fd92036dc2d71d1f7c 783543bd07e44f87b036aebdd8151bbc - - - -] 10.0.0.116 "DELETE /v2.0/ports/670b5ea2-9c40-4e77-b6e7-8137852d2bd8 HTTP/1.1" status: 404 len: 333 time: 0.0322616
2026-07-02 16:36:41.513 9 INFO neutron.db.ovn_revision_numbers_db [None req-43953f94-638c-4d56-9986-b522ae74b6a8 2ac471ffb14f471eaa02d796dab3e614 291a8a4200aa4ea78232fba5063cae26 - - default default] Successfully bumped revision number for resource 82e44631-cc82-48cd-b6ea-105958fe89eb (type: security_groups) to 1
2026-07-02 16:36:41.547 9 INFO neutron.pecan_wsgi.hooks.translation [None req-ead1d8bd-74ec-4edf-afa4-d42513c0d2d3 615a973af2cf46fd92036dc2d71d1f7c 783543bd07e44f87b036aebdd8151bbc - - default default] GET failed (client error): The resource could not be found.
2026-07-02 16:36:41.549 9 INFO neutron.wsgi [None req-ead1d8bd-74ec-4edf-afa4-d42513c0d2d3 615a973af2cf46fd92036dc2d71d1f7c 783543bd07e44f87b036aebdd8151bbc - - default default] 10.0.0.116 "GET /v2.0/ports/670b5ea2-9c40-4e77-b6e7-8137852d2bd8 HTTP/1.1" status: 404 len: 333 time: 0.0456853
2026-07-02 16:36:41.553 9 INFO neutron.wsgi [None req-43953f94-638c-4d56-9986-b522ae74b6a8 2ac471ffb14f471eaa02d796dab3e614 291a8a4200aa4ea78232fba5063cae26 - - default default] 10.0.0.116 "GET /v2.0/security-groups?tenant_id=3bcb69d695cc4e57a6f514ab870581c8&name=default HTTP/1.1" status: 200 len: 2996 time: 0.3758037
2026-07-02 16:36:41.863 9 INFO neutron.wsgi [None req-5ab62de5-cbda-481d-829b-1a1453f9414a 615a973af2cf46fd92036dc2d71d1f7c 783543bd07e44f87b036aebdd8151bbc - - - -] 10.0.0.116 "DELETE /v2.0/subnets/45ca43a7-2c83-43bc-b959-0b8ff99ff7f7 HTTP/1.1" status: 204 len: 168 time: 0.3044624
2026-07-02 16:36:41.928 9 INFO neutron.wsgi [None req-762899d9-bbc4-479b-844d-75d8763c684c 2ac471ffb14f471eaa02d796dab3e614 291a8a4200aa4ea78232fba5063cae26 - - - -] 10.0.0.116 "DELETE /v2.0/security-groups/82e44631-cc82-48cd-b6ea-105958fe89eb HTTP/1.1" status: 204 len: 168 time: 0.3681624
2026-07-02 16:36:41.982 10 INFO neutron.services.segments.plugin [-] Segment 070612db-faf8-4798-a3d6-82da9481f13e resource provider aggregate not found
2026-07-02 16:36:41.989 10 INFO neutron.services.segments.plugin [-] Segment 070612db-faf8-4798-a3d6-82da9481f13e resource provider aggregate not found
2026-07-02 16:36:42.018 10 INFO neutron.services.segments.plugin [-] Segment 070612db-faf8-4798-a3d6-82da9481f13e resource provider not found; error: Placement Client Error (4xx): {"errors": [{"status": 404, "title": "Not Found", "detail": "The resource could not be found.\n\n No resource provider with uuid 070612db-faf8-4798-a3d6-82da9481f13e found for delete ", "request_id": "req-841f97ae-ea05-46e6-8233-19a1e712a75c"}]}
2026-07-02 16:36:42.019 10 INFO neutron.services.segments.plugin [-] Segment 070612db-faf8-4798-a3d6-82da9481f13e resource provider not found; error: Placement Client Error (4xx): {"errors": [{"status": 404, "title": "Not Found", "detail": "The resource could not be found.\n\n No resource provider with uuid 070612db-faf8-4798-a3d6-82da9481f13e found for delete ", "request_id": "req-a1825552-4390-40f6-8352-3169426ba5a8"}]}
2026-07-02 16:36:42.056 10 INFO neutron.wsgi [None req-4b4367d1-64c8-427a-ba1a-ef62e441dff0 57b7b480f6e5482bbe893819a9f06ef8 8b944c234e9b4a42ace43a8ed7e19996 - - - -] 10.0.0.116 "DELETE /v2.0/networks/a5ab79a7-881e-49d2-9aba-17d2e0406a3c HTTP/1.1" status: 204 len: 168 time: 0.6197822
2026-07-02 16:36:42.169 9 INFO neutron.db.segments_db [None req-a31a843d-f1f3-458e-9320-475a8e48bc89 57b7b480f6e5482bbe893819a9f06ef8 8b944c234e9b4a42ace43a8ed7e19996 - - - -] Added segment a449467f-9b69-44b0-bba5-fd1af824128f of type geneve for network bc450092-cfbe-4c91-b1c9-08550241839f
2026-07-02 16:36:42.327 9 INFO neutron.db.ovn_revision_numbers_db [None req-a31a843d-f1f3-458e-9320-475a8e48bc89 57b7b480f6e5482bbe893819a9f06ef8 8b944c234e9b4a42ace43a8ed7e19996 - - - -] Successfully bumped revision number for resource bc450092-cfbe-4c91-b1c9-08550241839f (type: networks) to 1
2026-07-02 16:36:42.447 10 INFO neutron.wsgi [None req-a7cbe17e-8e9c-404a-a9f4-c39f11967d93 615a973af2cf46fd92036dc2d71d1f7c 783543bd07e44f87b036aebdd8151bbc - - - -] 10.0.0.116 "DELETE /v2.0/networks/ed6ed031-6d9f-4e4d-9d91-3493bc6828b2 HTTP/1.1" status: 204 len: 168 time: 0.5790040
2026-07-02 16:36:42.577 9 WARNING neutron.scheduler.dhcp_agent_scheduler [None req-a31a843d-f1f3-458e-9320-475a8e48bc89 57b7b480f6e5482bbe893819a9f06ef8 8b944c234e9b4a42ace43a8ed7e19996 - - - -] No more DHCP agents
2026-07-02 16:36:42.580 9 INFO neutron.db.segments_db [None req-789b3d5c-03b2-4581-bfbd-51792db549cd 615a973af2cf46fd92036dc2d71d1f7c 783543bd07e44f87b036aebdd8151bbc - - - -] Added segment 7c995fa9-359f-4f87-9792-bbabbd7fc5a7 of type geneve for network 8c3623d1-66fc-4b51-b21c-d0f0a592ce31
2026-07-02 16:36:42.581 9 WARNING neutron.api.rpc.agentnotifiers.dhcp_rpc_agent_api [None req-a31a843d-f1f3-458e-9320-475a8e48bc89 57b7b480f6e5482bbe893819a9f06ef8 8b944c234e9b4a42ace43a8ed7e19996 - - - -] Unable to schedule network bc450092-cfbe-4c91-b1c9-08550241839f: no agents available; will retry on subsequent port and subnet creation events.
2026-07-02 16:36:42.713 9 INFO neutron.db.ovn_revision_numbers_db [None req-a31a843d-f1f3-458e-9320-475a8e48bc89 57b7b480f6e5482bbe893819a9f06ef8 8b944c234e9b4a42ace43a8ed7e19996 - - - -] Successfully bumped revision number for resource 8e3253b6-035f-4d25-9728-e7c930f933e3 (type: ports) to 1
2026-07-02 16:36:42.746 9 INFO neutron.db.ovn_revision_numbers_db [None req-789b3d5c-03b2-4581-bfbd-51792db549cd 615a973af2cf46fd92036dc2d71d1f7c 783543bd07e44f87b036aebdd8151bbc - - - -] Successfully bumped revision number for resource 8c3623d1-66fc-4b51-b21c-d0f0a592ce31 (type: networks) to 1
2026-07-02 16:36:42.763 9 INFO neutron.wsgi [None req-a31a843d-f1f3-458e-9320-475a8e48bc89 57b7b480f6e5482bbe893819a9f06ef8 8b944c234e9b4a42ace43a8ed7e19996 - - - -] 10.0.0.116 "POST /v2.0/networks HTTP/1.1" status: 201 len: 831 time: 0.7000945
2026-07-02 16:36:43.018 9 WARNING neutron.scheduler.dhcp_agent_scheduler [None req-789b3d5c-03b2-4581-bfbd-51792db549cd 615a973af2cf46fd92036dc2d71d1f7c 783543bd07e44f87b036aebdd8151bbc - - - -] No more DHCP agents
2026-07-02 16:36:43.020 9 WARNING neutron.api.rpc.agentnotifiers.dhcp_rpc_agent_api [None req-789b3d5c-03b2-4581-bfbd-51792db549cd 615a973af2cf46fd92036dc2d71d1f7c 783543bd07e44f87b036aebdd8151bbc - - - -] Unable to schedule network 8c3623d1-66fc-4b51-b21c-d0f0a592ce31: no agents available; will retry on subsequent port and subnet creation events.
2026-07-02 16:36:43.099 9 INFO neutron.db.ovn_revision_numbers_db [None req-789b3d5c-03b2-4581-bfbd-51792db549cd 615a973af2cf46fd92036dc2d71d1f7c 783543bd07e44f87b036aebdd8151bbc - - - -] Successfully bumped revision number for resource 6d6b8e5c-1245-44bb-9093-620ced6efdbc (type: ports) to 1
2026-07-02 16:36:43.121 9 INFO neutron.wsgi [None req-789b3d5c-03b2-4581-bfbd-51792db549cd 615a973af2cf46fd92036dc2d71d1f7c 783543bd07e44f87b036aebdd8151bbc - - - -] 10.0.0.116 "POST /v2.0/networks HTTP/1.1" status: 201 len: 834 time: 0.6665559
2026-07-02 16:36:43.135 10 WARNING neutron.scheduler.dhcp_agent_scheduler [None req-8f30b1ea-798b-4059-be18-7e9936a8a9a1 57b7b480f6e5482bbe893819a9f06ef8 8b944c234e9b4a42ace43a8ed7e19996 - - - -] No more DHCP agents
2026-07-02 16:36:43.138 10 WARNING neutron.api.rpc.agentnotifiers.dhcp_rpc_agent_api [None req-8f30b1ea-798b-4059-be18-7e9936a8a9a1 57b7b480f6e5482bbe893819a9f06ef8 8b944c234e9b4a42ace43a8ed7e19996 - - - -] Unable to schedule network bc450092-cfbe-4c91-b1c9-08550241839f: no agents available; will retry on subsequent port and subnet creation events.
2026-07-02 16:36:43.341 10 INFO neutron.db.ovn_revision_numbers_db [None req-c03ad919-c593-401c-b5b7-d37ce3a89edb 2ac471ffb14f471eaa02d796dab3e614 291a8a4200aa4ea78232fba5063cae26 - - default default] Successfully bumped revision number for resource ed0a93cf-2997-4a3d-b96c-fa8be1124920 (type: security_groups) to 1
