2026-07-02 16:35:24.906 10 INFO neutron.wsgi [req-da676163-0f9c-4be0-ad50-cfc5a0a2b124 req-74d1a5b0-c092-473e-a527-d4bae09e282f 0419d02043724f1093ba6676ae356d79 1322101a799449c189e79d8ba7ddfb0d - - default default] 199.19.213.52 "GET /v2.0/ports?device_id=02846129-a0dc-4868-98af-e846030b07e5&device_owner=compute%3Anova&network_id=57ff82a4-8e7b-4e2f-81be-d04c11008c9d HTTP/1.1" status: 200 len: 1174 time: 0.0651042
2026-07-02 16:35:25.219 10 INFO neutron.wsgi [req-84ea310c-fba3-434b-b475-e9682cf7a33e req-fd427450-1c32-425e-a022-282da5444dbc 76c54016ca6e41e6946fa88c9296413c 17cda1fc2be6459ba98a34e1f6e2218a - - default default] 10.0.0.115 "GET /v2.0/ports?device_id=d5c06efb-7c9f-4ef6-9b93-25301d03962b HTTP/1.1" status: 200 len: 210 time: 0.0294893
2026-07-02 16:35:25.451 10 INFO neutron.db.ovn_revision_numbers_db [None req-20a7a302-44a4-424a-8f97-09189f802d26 0419d02043724f1093ba6676ae356d79 1322101a799449c189e79d8ba7ddfb0d - - - -] Successfully bumped revision number for resource fe4ab51e-9426-4b2c-ac1d-e224af17d350 (type: ports) to 5
2026-07-02 16:35:25.471 10 INFO neutron.wsgi [None req-20a7a302-44a4-424a-8f97-09189f802d26 0419d02043724f1093ba6676ae356d79 1322101a799449c189e79d8ba7ddfb0d - - - -] 199.19.213.52 "PUT /v2.0/ports/fe4ab51e-9426-4b2c-ac1d-e224af17d350 HTTP/1.1" status: 200 len: 1349 time: 0.5597239 /var/lib/openstack/lib/python3.10/site-packages/pycadf/identifier.py:71: UserWarning: Invalid uuid: neutron. To ensure interoperability, identifiers should be a valid uuid. warnings.warn(('Invalid uuid: %s. To ensure interoperability, '
2026-07-02 16:35:25.547 10 INFO neutron.notifiers.nova [-] Nova event matching ['req-a8df7202-5d6a-48e1-8164-063331908420'] response: {'name': 'network-changed', 'server_uuid': '02846129-a0dc-4868-98af-e846030b07e5', 'tag': 'fe4ab51e-9426-4b2c-ac1d-e224af17d350', 'status': 'completed', 'code': 200}
2026-07-02 16:35:25.555 10 INFO neutron.wsgi [req-da676163-0f9c-4be0-ad50-cfc5a0a2b124 req-f3b7c3d8-7b2c-48f2-8f65-2ba50363bc88 816e0fe0e2c94c3f9ed719a637978ec4 78acf20edb0945f694bde75abc038ede - - 18978e90542b4dfd85a92c0da9b0c354 18978e90542b4dfd85a92c0da9b0c354] 199.19.213.52 "GET /v2.0/ports?tenant_id=1322101a799449c189e79d8ba7ddfb0d&device_id=02846129-a0dc-4868-98af-e846030b07e5 HTTP/1.1" status: 200 len: 1542 time: 0.0591495
2026-07-02 16:35:25.639 10 INFO neutron.wsgi [req-da676163-0f9c-4be0-ad50-cfc5a0a2b124 req-bc820bf8-5d42-44fd-b078-f5725c236319 816e0fe0e2c94c3f9ed719a637978ec4 78acf20edb0945f694bde75abc038ede - - 18978e90542b4dfd85a92c0da9b0c354 18978e90542b4dfd85a92c0da9b0c354] 199.19.213.52 "GET /v2.0/networks?id=57ff82a4-8e7b-4e2f-81be-d04c11008c9d HTTP/1.1" status: 200 len: 982 time: 0.0734224
2026-07-02 16:35:25.697 10 INFO neutron.wsgi [req-da676163-0f9c-4be0-ad50-cfc5a0a2b124 req-80f02e6e-de20-47d3-b50c-d6f3ecdc586e 816e0fe0e2c94c3f9ed719a637978ec4 78acf20edb0945f694bde75abc038ede - - 18978e90542b4dfd85a92c0da9b0c354 18978e90542b4dfd85a92c0da9b0c354] 199.19.213.52 "GET /v2.0/floatingips?fixed_ip_address=10.100.0.14&port_id=fe4ab51e-9426-4b2c-ac1d-e224af17d350 HTTP/1.1" status: 200 len: 1060 time: 0.0446727
2026-07-02 16:35:25.745 10 INFO neutron.wsgi [req-da676163-0f9c-4be0-ad50-cfc5a0a2b124 req-ea5d5333-47d4-4480-a3da-46b11dc4cbcf 816e0fe0e2c94c3f9ed719a637978ec4 78acf20edb0945f694bde75abc038ede - - 18978e90542b4dfd85a92c0da9b0c354 18978e90542b4dfd85a92c0da9b0c354] 199.19.213.52 "GET /v2.0/floatingips?fixed_ip_address=10.100.0.5&port_id=fe4ab51e-9426-4b2c-ac1d-e224af17d350 HTTP/1.1" status: 200 len: 217 time: 0.0412314
2026-07-02 16:35:25.811 10 INFO neutron.wsgi [req-da676163-0f9c-4be0-ad50-cfc5a0a2b124 req-53c1ab9a-c4c6-45e4-b540-2ab0718d5325 816e0fe0e2c94c3f9ed719a637978ec4 78acf20edb0945f694bde75abc038ede - - 18978e90542b4dfd85a92c0da9b0c354 18978e90542b4dfd85a92c0da9b0c354] 199.19.213.52 "GET /v2.0/subnets?id=ba077f55-ed17-4a51-9a56-579c1491c920 HTTP/1.1" status: 200 len: 877 time: 0.0562994
2026-07-02 16:35:25.848 10 INFO neutron.wsgi [req-da676163-0f9c-4be0-ad50-cfc5a0a2b124 req-d92193b3-021d-4b83-b877-7b734a85b6fe 816e0fe0e2c94c3f9ed719a637978ec4 78acf20edb0945f694bde75abc038ede - - 18978e90542b4dfd85a92c0da9b0c354 18978e90542b4dfd85a92c0da9b0c354] 199.19.213.52 "GET /v2.0/ports?network_id=57ff82a4-8e7b-4e2f-81be-d04c11008c9d&device_owner=network%3Adhcp HTTP/1.1" status: 200 len: 210 time: 0.0293036
2026-07-02 16:35:25.855 10 INFO neutron.wsgi [req-a1e5049d-5386-404e-bf82-c67cbeae21fe req-1be05adb-2992-4821-97e7-4451f4a46610 975a7ab638924a109b08b5db1f6330d9 8deed0ab0f434e4b968d2cad1a96c7ba - - default default] 10.0.0.115 "GET /v2.0/ports?device_id=4787de5e-a01b-4ed6-a31b-4c54d2cd47f0 HTTP/1.1" status: 200 len: 1174 time: 0.1203842
2026-07-02 16:35:25.914 10 INFO neutron.wsgi [req-a1e5049d-5386-404e-bf82-c67cbeae21fe req-60ed62a5-9329-45f2-b9a3-41366aa046f2 975a7ab638924a109b08b5db1f6330d9 8deed0ab0f434e4b968d2cad1a96c7ba - - default default] 10.0.0.115 "GET /v2.0/security-groups?id=b8cd3cfe-8cad-45c1-addb-8c04c4f076bd&fields=id&fields=name HTTP/1.1" status: 200 len: 312 time: 0.0528638
2026-07-02 16:35:25.929 10 INFO neutron.wsgi [req-da676163-0f9c-4be0-ad50-cfc5a0a2b124 req-c59ebad4-ce56-44ae-9410-f3a39ae5c1e2 816e0fe0e2c94c3f9ed719a637978ec4 78acf20edb0945f694bde75abc038ede - - 18978e90542b4dfd85a92c0da9b0c354 18978e90542b4dfd85a92c0da9b0c354] 199.19.213.52 "GET /v2.0/networks/57ff82a4-8e7b-4e2f-81be-d04c11008c9d?fields=segments HTTP/1.1" status: 200 len: 212 time: 0.0678720 /var/lib/openstack/lib/python3.10/site-packages/pycadf/identifier.py:71: UserWarning: Invalid uuid: neutron. To ensure interoperability, identifiers should be a valid uuid. warnings.warn(('Invalid uuid: %s. To ensure interoperability, '
2026-07-02 16:35:26.098 9 INFO neutron.wsgi [req-099fe232-c910-4cda-953d-df8cd96a9d1c req-ad102153-886c-4df9-8e22-ff83118be965 76c54016ca6e41e6946fa88c9296413c 17cda1fc2be6459ba98a34e1f6e2218a - - default default] 199.19.213.52 "GET /v2.0/networks?id=e8e7a6dd-632c-4ae7-82a9-f5f17dd2b8dd HTTP/1.1" status: 200 len: 878 time: 0.0989289
2026-07-02 16:35:26.144 9 INFO neutron.wsgi [req-099fe232-c910-4cda-953d-df8cd96a9d1c req-4a11d7de-a481-408d-b9df-cf41fe68dbc7 76c54016ca6e41e6946fa88c9296413c 17cda1fc2be6459ba98a34e1f6e2218a - - default default] 199.19.213.52 "GET /v2.0/security-groups?fields=id&fields=name&tenant_id=17cda1fc2be6459ba98a34e1f6e2218a HTTP/1.1" status: 200 len: 380 time: 0.0386422
2026-07-02 16:35:26.334 10 INFO neutron.wsgi [req-5ed7befe-da5a-4fdd-b68c-7220bb07449e req-42802487-1cc3-4587-a10c-4505938ae64a 975a7ab638924a109b08b5db1f6330d9 8deed0ab0f434e4b968d2cad1a96c7ba - - default default] 10.0.0.115 "GET /v2.0/ports?device_id=4787de5e-a01b-4ed6-a31b-4c54d2cd47f0 HTTP/1.1" status: 200 len: 1174 time: 0.3494492
2026-07-02 16:35:26.336 10 INFO neutron.wsgi [req-3f8206f7-9bc6-4b91-9c16-a7b6feb496bf req-f595f202-2f08-47f2-a57e-e2e73f8983cd 76c54016ca6e41e6946fa88c9296413c 17cda1fc2be6459ba98a34e1f6e2218a - - default default] 10.0.0.115 "GET /v2.0/ports?device_id=d5c06efb-7c9f-4ef6-9b93-25301d03962b HTTP/1.1" status: 200 len: 210 time: 0.0396616
2026-07-02 16:35:26.337 10 INFO neutron.wsgi [req-da676163-0f9c-4be0-ad50-cfc5a0a2b124 req-b16df714-ef81-442d-aef3-8040443de1e1 816e0fe0e2c94c3f9ed719a637978ec4 78acf20edb0945f694bde75abc038ede - - 18978e90542b4dfd85a92c0da9b0c354 18978e90542b4dfd85a92c0da9b0c354] 199.19.213.52 "GET /v2.0/networks/57ff82a4-8e7b-4e2f-81be-d04c11008c9d?fields=provider%3Aphysical_network&fields=provider%3Anetwork_type HTTP/1.1" status: 200 len: 277 time: 0.3989019
2026-07-02 16:35:26.339 10 WARNING neutron.plugins.ml2.drivers.ovn.mech_driver.ovsdb.ovn_client [None req-c1e7f0c7-445f-4159-a3fc-72961c49ddd5 - - - - - -] No hosting information found for port a13c95a5-658a-4915-96be-e3256f73ad6e: RuntimeError: No hosting information found for port a13c95a5-658a-4915-96be-e3256f73ad6e
2026-07-02 16:35:26.379 9 INFO neutron.notifiers.nova [-] Nova event matching ['req-c438fe8c-7d81-4293-bcb6-85103e537d19'] response: {'server_uuid': '4787de5e-a01b-4ed6-a31b-4c54d2cd47f0', 'name': 'network-vif-plugged', 'status': 'completed', 'tag': '00010cbd-85f4-4f09-9930-d44519a0d71d', 'code': 200}
2026-07-02 16:35:26.456 10 INFO neutron.wsgi [req-0147187a-4eaf-4e12-a5ac-c60ce71ab950 req-a6dcfaa1-fe84-4ea7-ae7a-b26eda5e5909 816e0fe0e2c94c3f9ed719a637978ec4 78acf20edb0945f694bde75abc038ede - - 18978e90542b4dfd85a92c0da9b0c354 18978e90542b4dfd85a92c0da9b0c354] 199.19.213.52 "GET /v2.0/ports?tenant_id=1322101a799449c189e79d8ba7ddfb0d&device_id=02846129-a0dc-4868-98af-e846030b07e5 HTTP/1.1" status: 200 len: 1542 time: 0.0472229
2026-07-02 16:35:26.494 9 WARNING neutron.scheduler.dhcp_agent_scheduler [None req-6fc0ef2e-f335-40c6-b732-83b6a9455fa5 76c54016ca6e41e6946fa88c9296413c 17cda1fc2be6459ba98a34e1f6e2218a - - - -] No more DHCP agents
2026-07-02 16:35:26.497 9 WARNING neutron.api.rpc.agentnotifiers.dhcp_rpc_agent_api [None req-6fc0ef2e-f335-40c6-b732-83b6a9455fa5 76c54016ca6e41e6946fa88c9296413c 17cda1fc2be6459ba98a34e1f6e2218a - - - -] Unable to schedule network e8e7a6dd-632c-4ae7-82a9-f5f17dd2b8dd: no agents available; will retry on subsequent port and subnet creation events.
2026-07-02 16:35:26.562 10 INFO neutron.wsgi [req-0147187a-4eaf-4e12-a5ac-c60ce71ab950 req-5ded1dfd-4da5-49a0-94bf-acf671dbf208 816e0fe0e2c94c3f9ed719a637978ec4 78acf20edb0945f694bde75abc038ede - - 18978e90542b4dfd85a92c0da9b0c354 18978e90542b4dfd85a92c0da9b0c354] 199.19.213.52 "GET /v2.0/networks?id=57ff82a4-8e7b-4e2f-81be-d04c11008c9d HTTP/1.1" status: 200 len: 982 time: 0.0980821
2026-07-02 16:35:26.629 10 INFO neutron.wsgi [req-0147187a-4eaf-4e12-a5ac-c60ce71ab950 req-663859ab-a94d-4fce-bc6f-a6ae31ec7a8d 816e0fe0e2c94c3f9ed719a637978ec4 78acf20edb0945f694bde75abc038ede - - 18978e90542b4dfd85a92c0da9b0c354 18978e90542b4dfd85a92c0da9b0c354] 199.19.213.52 "GET /v2.0/floatingips?fixed_ip_address=10.100.0.14&port_id=fe4ab51e-9426-4b2c-ac1d-e224af17d350 HTTP/1.1" status: 200 len: 1060 time: 0.0560269
2026-07-02 16:35:26.634 10 INFO neutron.db.l3_db [None req-af0c39b6-24ea-461e-aef5-6970081e6f67 975a7ab638924a109b08b5db1f6330d9 8deed0ab0f434e4b968d2cad1a96c7ba - - - -] Floating IP 7c92cd20-c6cf-43af-8347-703ddeb56c43 associated. External IP: 10.96.250.204, port: 00010cbd-85f4-4f09-9930-d44519a0d71d.
2026-07-02 16:35:26.671 9 INFO neutron.db.ovn_revision_numbers_db [None req-6fc0ef2e-f335-40c6-b732-83b6a9455fa5 76c54016ca6e41e6946fa88c9296413c 17cda1fc2be6459ba98a34e1f6e2218a - - - -] Successfully bumped revision number for resource f5276033-8ded-4be8-9ef3-3998ee73c826 (type: ports) to 1
2026-07-02 16:35:26.682 10 INFO neutron.wsgi [req-0147187a-4eaf-4e12-a5ac-c60ce71ab950 req-6b7a2a72-f2ce-4787-af65-85d3f98304ea 816e0fe0e2c94c3f9ed719a637978ec4 78acf20edb0945f694bde75abc038ede - - 18978e90542b4dfd85a92c0da9b0c354 18978e90542b4dfd85a92c0da9b0c354] 199.19.213.52 "GET /v2.0/floatingips?fixed_ip_address=10.100.0.5&port_id=fe4ab51e-9426-4b2c-ac1d-e224af17d350 HTTP/1.1" status: 200 len: 217 time: 0.0460842
2026-07-02 16:35:26.700 9 INFO neutron.wsgi [None req-6fc0ef2e-f335-40c6-b732-83b6a9455fa5 76c54016ca6e41e6946fa88c9296413c 17cda1fc2be6459ba98a34e1f6e2218a - - - -] 199.19.213.52 "POST /v2.0/ports HTTP/1.1" status: 201 len: 1162 time: 0.5534174 /var/lib/openstack/lib/python3.10/site-packages/pycadf/identifier.py:71: UserWarning: Invalid uuid: neutron. To ensure interoperability, identifiers should be a valid uuid. warnings.warn(('Invalid uuid: %s. To ensure interoperability, '
2026-07-02 16:35:26.731 10 INFO neutron.wsgi [req-0147187a-4eaf-4e12-a5ac-c60ce71ab950 req-6c921a1b-db5b-4eea-a8c8-1c0c5daca0ae 816e0fe0e2c94c3f9ed719a637978ec4 78acf20edb0945f694bde75abc038ede - - 18978e90542b4dfd85a92c0da9b0c354 18978e90542b4dfd85a92c0da9b0c354] 199.19.213.52 "GET /v2.0/subnets?id=ba077f55-ed17-4a51-9a56-579c1491c920 HTTP/1.1" status: 200 len: 877 time: 0.0363255
2026-07-02 16:35:26.793 10 INFO neutron.wsgi [req-0147187a-4eaf-4e12-a5ac-c60ce71ab950 req-1e434efb-2a96-40c9-8203-32ad16ab16f1 816e0fe0e2c94c3f9ed719a637978ec4 78acf20edb0945f694bde75abc038ede - - 18978e90542b4dfd85a92c0da9b0c354 18978e90542b4dfd85a92c0da9b0c354] 199.19.213.52 "GET /v2.0/ports?network_id=57ff82a4-8e7b-4e2f-81be-d04c11008c9d&device_owner=network%3Adhcp HTTP/1.1" status: 200 len: 210 time: 0.0550575
2026-07-02 16:35:26.866 10 INFO neutron.wsgi [req-0147187a-4eaf-4e12-a5ac-c60ce71ab950 req-d62aa7a5-7856-4970-aec8-e0988f64571a 816e0fe0e2c94c3f9ed719a637978ec4 78acf20edb0945f694bde75abc038ede - - 18978e90542b4dfd85a92c0da9b0c354 18978e90542b4dfd85a92c0da9b0c354] 199.19.213.52 "GET /v2.0/networks/57ff82a4-8e7b-4e2f-81be-d04c11008c9d?fields=segments HTTP/1.1" status: 200 len: 212 time: 0.0666769
2026-07-02 16:35:26.892 10 INFO neutron.db.ovn_revision_numbers_db [None req-af0c39b6-24ea-461e-aef5-6970081e6f67 975a7ab638924a109b08b5db1f6330d9 8deed0ab0f434e4b968d2cad1a96c7ba - - - -] Successfully bumped revision number for resource 7c92cd20-c6cf-43af-8347-703ddeb56c43 (type: floatingips) to 1
2026-07-02 16:35:26.963 10 INFO neutron.wsgi [req-fbc6ba82-a669-463b-a2e0-4c90e1cfc11c req-d9e3a92b-877e-48e8-bb96-3ae795fa6b6d 0419d02043724f1093ba6676ae356d79 1322101a799449c189e79d8ba7ddfb0d - - default default] 10.0.0.115 "GET /v2.0/ports?device_id=02846129-a0dc-4868-98af-e846030b07e5 HTTP/1.1" status: 200 len: 1352 time: 0.0639112
2026-07-02 16:35:26.998 10 INFO neutron.wsgi [req-0147187a-4eaf-4e12-a5ac-c60ce71ab950 req-75bb9991-bd3c-40dc-915c-ec5ea7b6541d 816e0fe0e2c94c3f9ed719a637978ec4 78acf20edb0945f694bde75abc038ede - - 18978e90542b4dfd85a92c0da9b0c354 18978e90542b4dfd85a92c0da9b0c354] 199.19.213.52 "GET /v2.0/networks/57ff82a4-8e7b-4e2f-81be-d04c11008c9d?fields=provider%3Aphysical_network&fields=provider%3Anetwork_type HTTP/1.1" status: 200 len: 277 time: 0.1252439
2026-07-02 16:35:27.026 10 INFO neutron.wsgi [req-fbc6ba82-a669-463b-a2e0-4c90e1cfc11c req-a6054174-af5c-4e63-87ee-d5c72731f63b 0419d02043724f1093ba6676ae356d79 1322101a799449c189e79d8ba7ddfb0d - - default default] 10.0.0.115 "GET /v2.0/security-groups?id=8e7208f2-6443-448d-bf44-1a0bc93a1834&fields=id&fields=name HTTP/1.1" status: 200 len: 312 time: 0.0472624
2026-07-02 16:35:27.026 10 INFO neutron.db.ovn_revision_numbers_db [None req-af0c39b6-24ea-461e-aef5-6970081e6f67 975a7ab638924a109b08b5db1f6330d9 8deed0ab0f434e4b968d2cad1a96c7ba - - - -] Successfully bumped revision number for resource 7c92cd20-c6cf-43af-8347-703ddeb56c43 (type: floatingips) to 2
2026-07-02 16:35:27.049 10 INFO neutron.wsgi [None req-af0c39b6-24ea-461e-aef5-6970081e6f67 975a7ab638924a109b08b5db1f6330d9 8deed0ab0f434e4b968d2cad1a96c7ba - - - -] 10.0.0.116 "PUT /v2.0/floatingips/7c92cd20-c6cf-43af-8347-703ddeb56c43 HTTP/1.1" status: 200 len: 1050 time: 0.6869216
2026-07-02 16:35:27.225 10 INFO neutron.wsgi [req-6d23ec28-f433-463c-9b82-3fd306a80299 req-1f8a55ca-c3dd-4b7a-8156-f1173bbe8914 0419d02043724f1093ba6676ae356d79 1322101a799449c189e79d8ba7ddfb0d - - default default] 199.19.213.52 "GET /v2.0/ports?device_id=02846129-a0dc-4868-98af-e846030b07e5&device_owner=compute%3Anova&fixed_ips=ip_address%3D10.100.0.5 HTTP/1.1" status: 200 len: 1352 time: 0.0665016
2026-07-02 16:35:27.476 10 INFO neutron.wsgi [req-2b66a789-5452-42c8-87cf-b43f6a8449ed req-123efa37-9a2a-4b85-8892-46c21bebfc30 76c54016ca6e41e6946fa88c9296413c 17cda1fc2be6459ba98a34e1f6e2218a - - default default] 10.0.0.115 "GET /v2.0/ports?device_id=d5c06efb-7c9f-4ef6-9b93-25301d03962b HTTP/1.1" status: 200 len: 1160 time: 0.0729625
2026-07-02 16:35:27.544 10 INFO neutron.wsgi [req-2b66a789-5452-42c8-87cf-b43f6a8449ed req-e98e22df-31ad-4943-9313-c3e32459fc2d 76c54016ca6e41e6946fa88c9296413c 17cda1fc2be6459ba98a34e1f6e2218a - - default default] 10.0.0.115 "GET /v2.0/security-groups?id=5a587c89-26a6-4f36-97f3-40a8f60df9b4&fields=id&fields=name HTTP/1.1" status: 200 len: 313 time: 0.0555952
2026-07-02 16:35:27.612 10 INFO neutron.notifiers.nova [-] Nova event matching ['req-f7371013-bdb2-4ee9-91d4-ab8e8dcf4f27'] response: {'name': 'network-changed', 'server_uuid': '4787de5e-a01b-4ed6-a31b-4c54d2cd47f0', 'tag': '00010cbd-85f4-4f09-9930-d44519a0d71d', 'status': 'completed', 'code': 200}
2026-07-02 16:35:27.673 9 INFO neutron.db.ovn_revision_numbers_db [None req-6bd5b06d-500c-4ed7-8274-49e58de7b05e 816e0fe0e2c94c3f9ed719a637978ec4 78acf20edb0945f694bde75abc038ede - - - -] Successfully bumped revision number for resource f5276033-8ded-4be8-9ef3-3998ee73c826 (type: ports) to 2
2026-07-02 16:35:27.675 10 INFO neutron.wsgi [req-48a5cc20-ed14-4848-be3f-9fcbe985f3bb req-8e9fd140-2cd3-4a0e-a9dd-66c9b1e8d936 816e0fe0e2c94c3f9ed719a637978ec4 78acf20edb0945f694bde75abc038ede - - 18978e90542b4dfd85a92c0da9b0c354 18978e90542b4dfd85a92c0da9b0c354] 199.19.213.52 "GET /v2.0/ports?tenant_id=8deed0ab0f434e4b968d2cad1a96c7ba&device_id=4787de5e-a01b-4ed6-a31b-4c54d2cd47f0 HTTP/1.1" status: 200 len: 1365 time: 0.0548143
2026-07-02 16:35:27.802 10 INFO neutron.wsgi [req-48a5cc20-ed14-4848-be3f-9fcbe985f3bb req-4174ccdb-d245-491f-a97a-109114682a72 816e0fe0e2c94c3f9ed719a637978ec4 78acf20edb0945f694bde75abc038ede - - 18978e90542b4dfd85a92c0da9b0c354 18978e90542b4dfd85a92c0da9b0c354] 199.19.213.52 "GET /v2.0/networks?id=7d10d65d-29c6-40d8-ac42-49c6d0f6f650 HTTP/1.1" status: 200 len: 973 time: 0.1174853 /var/lib/openstack/lib/python3.10/site-packages/pycadf/identifier.py:71: UserWarning: Invalid uuid: neutron. To ensure interoperability, identifiers should be a valid uuid. warnings.warn(('Invalid uuid: %s. To ensure interoperability, '
2026-07-02 16:35:27.862 9 INFO neutron.db.ovn_revision_numbers_db [None req-6bd5b06d-500c-4ed7-8274-49e58de7b05e 816e0fe0e2c94c3f9ed719a637978ec4 78acf20edb0945f694bde75abc038ede - - - -] Successfully bumped revision number for resource f5276033-8ded-4be8-9ef3-3998ee73c826 (type: ports) to 2
2026-07-02 16:35:27.880 9 INFO neutron.wsgi [None req-6bd5b06d-500c-4ed7-8274-49e58de7b05e 816e0fe0e2c94c3f9ed719a637978ec4 78acf20edb0945f694bde75abc038ede - - - -] 199.19.213.52 "PUT /v2.0/ports/f5276033-8ded-4be8-9ef3-3998ee73c826 HTTP/1.1" status: 200 len: 1332 time: 1.1747155
2026-07-02 16:35:27.881 10 INFO neutron.wsgi [req-48a5cc20-ed14-4848-be3f-9fcbe985f3bb req-9a38dbd7-0d17-4bd2-a8a0-27164a953115 816e0fe0e2c94c3f9ed719a637978ec4 78acf20edb0945f694bde75abc038ede - - 18978e90542b4dfd85a92c0da9b0c354 18978e90542b4dfd85a92c0da9b0c354] 199.19.213.52 "GET /v2.0/floatingips?fixed_ip_address=10.100.0.12&port_id=00010cbd-85f4-4f09-9930-d44519a0d71d HTTP/1.1" status: 200 len: 1060 time: 0.0662284
2026-07-02 16:35:27.928 10 INFO neutron.wsgi [req-48a5cc20-ed14-4848-be3f-9fcbe985f3bb req-8620f9d0-8369-4f30-b4ca-b69298daba06 816e0fe0e2c94c3f9ed719a637978ec4 78acf20edb0945f694bde75abc038ede - - 18978e90542b4dfd85a92c0da9b0c354 18978e90542b4dfd85a92c0da9b0c354] 199.19.213.52 "GET /v2.0/subnets?id=a11a2f2d-28e9-4bd1-a4ff-cfb2686a6e05 HTTP/1.1" status: 200 len: 868 time: 0.0375979
2026-07-02 16:35:27.936 10 INFO neutron.db.ovn_revision_numbers_db [None req-b0d14081-0711-442d-9dd9-d6f8ade374fc 0419d02043724f1093ba6676ae356d79 1322101a799449c189e79d8ba7ddfb0d - - - -] Successfully bumped revision number for resource fe4ab51e-9426-4b2c-ac1d-e224af17d350 (type: ports) to 6 /var/lib/openstack/lib/python3.10/site-packages/pycadf/identifier.py:71: UserWarning: Invalid uuid: neutron. To ensure interoperability, identifiers should be a valid uuid. warnings.warn(('Invalid uuid: %s. To ensure interoperability, '
2026-07-02 16:35:27.954 10 INFO neutron.wsgi [None req-b0d14081-0711-442d-9dd9-d6f8ade374fc 0419d02043724f1093ba6676ae356d79 1322101a799449c189e79d8ba7ddfb0d - - - -] 199.19.213.52 "PUT /v2.0/ports/fe4ab51e-9426-4b2c-ac1d-e224af17d350 HTTP/1.1" status: 200 len: 1171 time: 0.7258687
2026-07-02 16:35:27.965 10 INFO neutron.wsgi [req-48a5cc20-ed14-4848-be3f-9fcbe985f3bb req-f5737280-55e4-467f-9c70-d6222cda9dea 816e0fe0e2c94c3f9ed719a637978ec4 78acf20edb0945f694bde75abc038ede - - 18978e90542b4dfd85a92c0da9b0c354 18978e90542b4dfd85a92c0da9b0c354] 199.19.213.52 "GET /v2.0/ports?network_id=7d10d65d-29c6-40d8-ac42-49c6d0f6f650&device_owner=network%3Adhcp HTTP/1.1" status: 200 len: 210 time: 0.0242655
2026-07-02 16:35:27.984 9 INFO neutron.wsgi [req-099fe232-c910-4cda-953d-df8cd96a9d1c req-374c4caf-93ca-4569-8e9c-deb0c4690982 816e0fe0e2c94c3f9ed719a637978ec4 78acf20edb0945f694bde75abc038ede - - 18978e90542b4dfd85a92c0da9b0c354 18978e90542b4dfd85a92c0da9b0c354] 199.19.213.52 "GET /v2.0/ports?tenant_id=17cda1fc2be6459ba98a34e1f6e2218a&device_id=d5c06efb-7c9f-4ef6-9b93-25301d03962b HTTP/1.1" status: 200 len: 1363 time: 0.0432453
2026-07-02 16:35:28.020 10 INFO neutron.wsgi [req-6d23ec28-f433-463c-9b82-3fd306a80299 req-45729147-bf63-46e8-bccc-6da5d69fd472 816e0fe0e2c94c3f9ed719a637978ec4 78acf20edb0945f694bde75abc038ede - - 18978e90542b4dfd85a92c0da9b0c354 18978e90542b4dfd85a92c0da9b0c354] 199.19.213.52 "GET /v2.0/ports?tenant_id=1322101a799449c189e79d8ba7ddfb0d&device_id=02846129-a0dc-4868-98af-e846030b07e5 HTTP/1.1" status: 200 len: 1365 time: 0.0419791
2026-07-02 16:35:28.021 9 INFO neutron.wsgi [req-099fe232-c910-4cda-953d-df8cd96a9d1c req-260192b3-1287-46ce-a11a-3158ddf9423b 816e0fe0e2c94c3f9ed719a637978ec4 78acf20edb0945f694bde75abc038ede - - 18978e90542b4dfd85a92c0da9b0c354 18978e90542b4dfd85a92c0da9b0c354] 199.19.213.52 "GET /v2.0/floatingips?fixed_ip_address=10.100.0.10&port_id=f5276033-8ded-4be8-9ef3-3998ee73c826 HTTP/1.1" status: 200 len: 217 time: 0.0310471
2026-07-02 16:35:28.042 10 INFO neutron.wsgi [req-48a5cc20-ed14-4848-be3f-9fcbe985f3bb req-03323fe6-5214-4fa5-83aa-d30d06d0375e 816e0fe0e2c94c3f9ed719a637978ec4 78acf20edb0945f694bde75abc038ede - - 18978e90542b4dfd85a92c0da9b0c354 18978e90542b4dfd85a92c0da9b0c354] 199.19.213.52 "GET /v2.0/networks/7d10d65d-29c6-40d8-ac42-49c6d0f6f650?fields=segments HTTP/1.1" status: 200 len: 212 time: 0.0701663
2026-07-02 16:35:28.074 9 INFO neutron.wsgi [req-099fe232-c910-4cda-953d-df8cd96a9d1c req-7fed3c55-007c-4f79-8b3a-84586dd440f6 816e0fe0e2c94c3f9ed719a637978ec4 78acf20edb0945f694bde75abc038ede - - 18978e90542b4dfd85a92c0da9b0c354 18978e90542b4dfd85a92c0da9b0c354] 199.19.213.52 "GET /v2.0/subnets?id=1c4dfba0-4b6f-4cc7-b8ac-e08f2c15148b HTTP/1.1" status: 200 len: 872 time: 0.0405982
2026-07-02 16:35:28.101 9 INFO neutron.wsgi [req-099fe232-c910-4cda-953d-df8cd96a9d1c req-fdaa3d70-c169-4698-b2ed-0edd56d98361 816e0fe0e2c94c3f9ed719a637978ec4 78acf20edb0945f694bde75abc038ede - - 18978e90542b4dfd85a92c0da9b0c354 18978e90542b4dfd85a92c0da9b0c354] 199.19.213.52 "GET /v2.0/ports?network_id=e8e7a6dd-632c-4ae7-82a9-f5f17dd2b8dd&device_owner=network%3Adhcp HTTP/1.1" status: 200 len: 210 time: 0.0217350
2026-07-02 16:35:28.161 9 INFO neutron.wsgi [req-099fe232-c910-4cda-953d-df8cd96a9d1c req-f5bf799f-ec17-49cd-8d25-d39492211517 816e0fe0e2c94c3f9ed719a637978ec4 78acf20edb0945f694bde75abc038ede - - 18978e90542b4dfd85a92c0da9b0c354 18978e90542b4dfd85a92c0da9b0c354] 199.19.213.52 "GET /v2.0/networks/e8e7a6dd-632c-4ae7-82a9-f5f17dd2b8dd?fields=segments HTTP/1.1" status: 200 len: 212 time: 0.0520594
2026-07-02 16:35:28.222 9 INFO neutron.wsgi [req-099fe232-c910-4cda-953d-df8cd96a9d1c req-3f3051f5-8ca1-44b4-b920-b811f546193f 816e0fe0e2c94c3f9ed719a637978ec4 78acf20edb0945f694bde75abc038ede - - 18978e90542b4dfd85a92c0da9b0c354 18978e90542b4dfd85a92c0da9b0c354] 199.19.213.52 "GET /v2.0/networks/e8e7a6dd-632c-4ae7-82a9-f5f17dd2b8dd?fields=provider%3Aphysical_network&fields=provider%3Anetwork_type HTTP/1.1" status: 200 len: 277 time: 0.0537453
2026-07-02 16:35:28.336 10 INFO neutron.wsgi [req-6d23ec28-f433-463c-9b82-3fd306a80299 req-cfdf0972-18e9-4ea2-962e-21f35b0977e7 816e0fe0e2c94c3f9ed719a637978ec4 78acf20edb0945f694bde75abc038ede - - 18978e90542b4dfd85a92c0da9b0c354 18978e90542b4dfd85a92c0da9b0c354] 199.19.213.52 "GET /v2.0/networks?id=57ff82a4-8e7b-4e2f-81be-d04c11008c9d HTTP/1.1" status: 200 len: 982 time: 0.3028896
2026-07-02 16:35:28.341 10 INFO neutron.wsgi [req-48a5cc20-ed14-4848-be3f-9fcbe985f3bb req-1b4edc53-e06f-4898-90b5-3fcb76a8933e 816e0fe0e2c94c3f9ed719a637978ec4 78acf20edb0945f694bde75abc038ede - - 18978e90542b4dfd85a92c0da9b0c354 18978e90542b4dfd85a92c0da9b0c354] 199.19.213.52 "GET /v2.0/networks/7d10d65d-29c6-40d8-ac42-49c6d0f6f650?fields=provider%3Aphysical_network&fields=provider%3Anetwork_type HTTP/1.1" status: 200 len: 277 time: 0.2892461
2026-07-02 16:35:28.402 10 INFO neutron.wsgi [req-6d23ec28-f433-463c-9b82-3fd306a80299 req-0fe28b40-147b-462f-881c-7805964c0e94 816e0fe0e2c94c3f9ed719a637978ec4 78acf20edb0945f694bde75abc038ede - - 18978e90542b4dfd85a92c0da9b0c354 18978e90542b4dfd85a92c0da9b0c354] 199.19.213.52 "GET /v2.0/floatingips?fixed_ip_address=10.100.0.14&port_id=fe4ab51e-9426-4b2c-ac1d-e224af17d350 HTTP/1.1" status: 200 len: 1060 time: 0.0444338
2026-07-02 16:35:28.436 9 INFO neutron.notifiers.nova [-] Nova event matching ['req-ad70d871-5651-4be2-999e-133595a0ef9a'] response: {'name': 'network-changed', 'server_uuid': 'd5c06efb-7c9f-4ef6-9b93-25301d03962b', 'tag': 'f5276033-8ded-4be8-9ef3-3998ee73c826', 'status': 'completed', 'code': 200}
2026-07-02 16:35:28.450 10 INFO neutron.wsgi [req-6d23ec28-f433-463c-9b82-3fd306a80299 req-b74218f6-8422-4601-af04-624fc4b313bb 816e0fe0e2c94c3f9ed719a637978ec4 78acf20edb0945f694bde75abc038ede - - 18978e90542b4dfd85a92c0da9b0c354 18978e90542b4dfd85a92c0da9b0c354] 199.19.213.52 "GET /v2.0/subnets?id=ba077f55-ed17-4a51-9a56-579c1491c920 HTTP/1.1" status: 200 len: 877 time: 0.0392389
2026-07-02 16:35:28.491 10 INFO neutron.wsgi [req-6d23ec28-f433-463c-9b82-3fd306a80299 req-a9348bd0-f603-4d88-aeb7-51933b692260 816e0fe0e2c94c3f9ed719a637978ec4 78acf20edb0945f694bde75abc038ede - - 18978e90542b4dfd85a92c0da9b0c354 18978e90542b4dfd85a92c0da9b0c354] 199.19.213.52 "GET /v2.0/ports?network_id=57ff82a4-8e7b-4e2f-81be-d04c11008c9d&device_owner=network%3Adhcp HTTP/1.1" status: 200 len: 210 time: 0.0335515
2026-07-02 16:35:28.522 10 INFO neutron.wsgi [req-68e4d0eb-8b10-429c-9dfd-b7cdd3225d57 req-d1651c26-18d8-4068-846c-4603e35e33b4 816e0fe0e2c94c3f9ed719a637978ec4 78acf20edb0945f694bde75abc038ede - - 18978e90542b4dfd85a92c0da9b0c354 18978e90542b4dfd85a92c0da9b0c354] 199.19.213.52 "GET /v2.0/ports?tenant_id=17cda1fc2be6459ba98a34e1f6e2218a&device_id=d5c06efb-7c9f-4ef6-9b93-25301d03962b HTTP/1.1" status: 200 len: 1363 time: 0.0504508
2026-07-02 16:35:28.609 9 INFO neutron.db.ovn_revision_numbers_db [None req-be63cb25-0a0a-4d31-8195-56303f30809e 2ac471ffb14f471eaa02d796dab3e614 291a8a4200aa4ea78232fba5063cae26 - - default default] Successfully bumped revision number for resource 71841776-3be5-4f02-96ab-a767539034fa (type: security_groups) to 1
2026-07-02 16:35:28.644 10 INFO neutron.wsgi [req-6d23ec28-f433-463c-9b82-3fd306a80299 req-ab299b91-addc-46f9-84ce-e0af81cac74f 816e0fe0e2c94c3f9ed719a637978ec4 78acf20edb0945f694bde75abc038ede - - 18978e90542b4dfd85a92c0da9b0c354 18978e90542b4dfd85a92c0da9b0c354] 199.19.213.52 "GET /v2.0/networks/57ff82a4-8e7b-4e2f-81be-d04c11008c9d?fields=segments HTTP/1.1" status: 200 len: 212 time: 0.1392720
2026-07-02 16:35:28.660 9 INFO neutron.wsgi [None req-be63cb25-0a0a-4d31-8195-56303f30809e 2ac471ffb14f471eaa02d796dab3e614 291a8a4200aa4ea78232fba5063cae26 - - default default] 10.0.0.116 "GET /v2.0/security-groups?tenant_id=0e86bb7f39ab471a8bbd24c37305d62f&name=default HTTP/1.1" status: 200 len: 2996 time: 0.3873181
2026-07-02 16:35:28.689 10 INFO neutron.wsgi [req-68e4d0eb-8b10-429c-9dfd-b7cdd3225d57 req-2008cd73-3fe5-4b10-9fc6-4412b8382852 816e0fe0e2c94c3f9ed719a637978ec4 78acf20edb0945f694bde75abc038ede - - 18978e90542b4dfd85a92c0da9b0c354 18978e90542b4dfd85a92c0da9b0c354] 199.19.213.52 "GET /v2.0/networks?id=e8e7a6dd-632c-4ae7-82a9-f5f17dd2b8dd HTTP/1.1" status: 200 len: 977 time: 0.1590109
2026-07-02 16:35:28.701 10 INFO neutron.wsgi [req-799dd887-46c2-4125-b5a0-d098de616c58 req-6bd5196d-9667-4e6a-aab7-362c4719c065 76c54016ca6e41e6946fa88c9296413c 17cda1fc2be6459ba98a34e1f6e2218a - - default default] 10.0.0.115 "GET /v2.0/ports?device_id=d5c06efb-7c9f-4ef6-9b93-25301d03962b HTTP/1.1" status: 200 len: 1172 time: 0.0551114
2026-07-02 16:35:28.737 10 INFO neutron.wsgi [req-68e4d0eb-8b10-429c-9dfd-b7cdd3225d57 req-47a683ba-e6e0-45f9-8b73-89fa7d1d4dc2 816e0fe0e2c94c3f9ed719a637978ec4 78acf20edb0945f694bde75abc038ede - - 18978e90542b4dfd85a92c0da9b0c354 18978e90542b4dfd85a92c0da9b0c354] 199.19.213.52 "GET /v2.0/floatingips?fixed_ip_address=10.100.0.10&port_id=f5276033-8ded-4be8-9ef3-3998ee73c826 HTTP/1.1" status: 200 len: 217 time: 0.0352519
2026-07-02 16:35:28.772 10 INFO neutron.wsgi [req-6d23ec28-f433-463c-9b82-3fd306a80299 req-5b68e095-da5d-4cbf-9915-02eb36fcf9d8 816e0fe0e2c94c3f9ed719a637978ec4 78acf20edb0945f694bde75abc038ede - - 18978e90542b4dfd85a92c0da9b0c354 18978e90542b4dfd85a92c0da9b0c354] 199.19.213.52 "GET /v2.0/networks/57ff82a4-8e7b-4e2f-81be-d04c11008c9d?fields=provider%3Aphysical_network&fields=provider%3Anetwork_type HTTP/1.1" status: 200 len: 277 time: 0.1221762
2026-07-02 16:35:28.780 10 INFO neutron.wsgi [req-799dd887-46c2-4125-b5a0-d098de616c58 req-4a652ff0-c743-48ee-ae9d-ca8a644eb0c1 76c54016ca6e41e6946fa88c9296413c 17cda1fc2be6459ba98a34e1f6e2218a - - default default] 10.0.0.115 "GET /v2.0/security-groups?id=5a587c89-26a6-4f36-97f3-40a8f60df9b4&fields=id&fields=name HTTP/1.1" status: 200 len: 313 time: 0.0679221
2026-07-02 16:35:28.784 10 INFO neutron.wsgi [req-68e4d0eb-8b10-429c-9dfd-b7cdd3225d57 req-a9cc8153-bf46-48c7-a054-5b5f1c7d20cb 816e0fe0e2c94c3f9ed719a637978ec4 78acf20edb0945f694bde75abc038ede - - 18978e90542b4dfd85a92c0da9b0c354 18978e90542b4dfd85a92c0da9b0c354] 199.19.213.52 "GET /v2.0/subnets?id=1c4dfba0-4b6f-4cc7-b8ac-e08f2c15148b HTTP/1.1" status: 200 len: 872 time: 0.0414910
2026-07-02 16:35:28.816 10 INFO neutron.wsgi [req-68e4d0eb-8b10-429c-9dfd-b7cdd3225d57 req-92957378-01b9-4882-b323-f07e2d3266df 816e0fe0e2c94c3f9ed719a637978ec4 78acf20edb0945f694bde75abc038ede - - 18978e90542b4dfd85a92c0da9b0c354 18978e90542b4dfd85a92c0da9b0c354] 199.19.213.52 "GET /v2.0/ports?network_id=e8e7a6dd-632c-4ae7-82a9-f5f17dd2b8dd&device_owner=network%3Adhcp HTTP/1.1" status: 200 len: 210 time: 0.0265880
2026-07-02 16:35:28.878 9 INFO neutron.wsgi [None req-c4cffd81-c975-42af-8dff-d76cd08a4158 2ac471ffb14f471eaa02d796dab3e614 291a8a4200aa4ea78232fba5063cae26 - - - -] 10.0.0.116 "DELETE /v2.0/security-groups/71841776-3be5-4f02-96ab-a767539034fa HTTP/1.1" status: 204 len: 168 time: 0.2124434
2026-07-02 16:35:28.890 10 INFO neutron.wsgi [req-68e4d0eb-8b10-429c-9dfd-b7cdd3225d57 req-172d9511-6e7f-4982-a981-51f9d450c610 816e0fe0e2c94c3f9ed719a637978ec4 78acf20edb0945f694bde75abc038ede - - 18978e90542b4dfd85a92c0da9b0c354 18978e90542b4dfd85a92c0da9b0c354] 199.19.213.52 "GET /v2.0/networks/e8e7a6dd-632c-4ae7-82a9-f5f17dd2b8dd?fields=segments HTTP/1.1" status: 200 len: 212 time: 0.0649714
2026-07-02 16:35:28.969 10 INFO neutron.wsgi [req-68e4d0eb-8b10-429c-9dfd-b7cdd3225d57 req-08746a31-72ce-4fcb-b2f6-b16aabe08c86 816e0fe0e2c94c3f9ed719a637978ec4 78acf20edb0945f694bde75abc038ede - - 18978e90542b4dfd85a92c0da9b0c354 18978e90542b4dfd85a92c0da9b0c354] 199.19.213.52 "GET /v2.0/networks/e8e7a6dd-632c-4ae7-82a9-f5f17dd2b8dd?fields=provider%3Aphysical_network&fields=provider%3Anetwork_type HTTP/1.1" status: 200 len: 277 time: 0.0734177
2026-07-02 16:35:29.090 10 INFO neutron.db.ovn_revision_numbers_db [None req-a089dc0f-8e85-451c-b406-ed6655f40ab5 2ac471ffb14f471eaa02d796dab3e614 291a8a4200aa4ea78232fba5063cae26 - - default default] Successfully bumped revision number for resource 9bfa6e8f-3a8a-4bed-beb9-850a3f5a2fdb (type: security_groups) to 1
2026-07-02 16:35:29.114 10 INFO neutron.wsgi [None req-a089dc0f-8e85-451c-b406-ed6655f40ab5 2ac471ffb14f471eaa02d796dab3e614 291a8a4200aa4ea78232fba5063cae26 - - default default] 10.0.0.116 "GET /v2.0/security-groups?tenant_id=21a5f77ebb864b55916038fd22d7efe9&name=default HTTP/1.1" status: 200 len: 2996 time: 0.1218443
2026-07-02 16:35:29.344 10 INFO neutron.wsgi [None req-4b8855ed-1bdf-4027-8dad-a2f3832524d4 2ac471ffb14f471eaa02d796dab3e614 291a8a4200aa4ea78232fba5063cae26 - - - -] 10.0.0.116 "DELETE /v2.0/security-groups/9bfa6e8f-3a8a-4bed-beb9-850a3f5a2fdb HTTP/1.1" status: 204 len: 168 time: 0.2234826
2026-07-02 16:35:29.493 10 INFO neutron.plugins.ml2.drivers.ovn.mech_driver.mech_driver [None req-c1e7f0c7-445f-4159-a3fc-72961c49ddd5 - - - - - -] OVN reports status down for port: fe4ab51e-9426-4b2c-ac1d-e224af17d350
2026-07-02 16:35:29.588 10 INFO neutron.wsgi [req-54638c12-591a-40ff-9418-18a4b00e1650 req-ef9ac47f-3412-44de-96c5-d93d1e7f3415 0419d02043724f1093ba6676ae356d79 1322101a799449c189e79d8ba7ddfb0d - - default default] 10.0.0.115 "GET /v2.0/ports?device_id=02846129-a0dc-4868-98af-e846030b07e5 HTTP/1.1" status: 200 len: 1174 time: 0.1388221
2026-07-02 16:35:29.597 9 INFO neutron.plugins.ml2.drivers.ovn.mech_driver.mech_driver [None req-ec7494a4-e628-4994-911c-93418f0e7e27 - - - - - -] OVN reports status up for port: f5276033-8ded-4be8-9ef3-3998ee73c826
2026-07-02 16:35:29.614 9 INFO neutron.plugins.ml2.plugin [None req-ec7494a4-e628-4994-911c-93418f0e7e27 - - - - - -] Attempt 1 to provision port f5276033-8ded-4be8-9ef3-3998ee73c826
2026-07-02 16:35:29.676 10 INFO neutron.wsgi [req-54638c12-591a-40ff-9418-18a4b00e1650 req-44145dac-0a1d-4b5e-b5d0-7beb57ab555f 0419d02043724f1093ba6676ae356d79 1322101a799449c189e79d8ba7ddfb0d - - default default] 10.0.0.115 "GET /v2.0/security-groups?id=8e7208f2-6443-448d-bf44-1a0bc93a1834&fields=id&fields=name HTTP/1.1" status: 200 len: 312 time: 0.0728428
2026-07-02 16:35:29.679 10 INFO neutron.notifiers.nova [-] Nova event matching ['req-228746e5-b4da-4da5-8f51-c3a226d1e6df'] response: {'name': 'network-changed', 'server_uuid': '02846129-a0dc-4868-98af-e846030b07e5', 'tag': 'fe4ab51e-9426-4b2c-ac1d-e224af17d350', 'status': 'completed', 'code': 200}
2026-07-02 16:35:29.776 10 INFO neutron.wsgi [req-4f1716ab-0f18-4ce6-a169-85330049c669 req-68681619-c81d-400c-95ec-f90b75af655e 816e0fe0e2c94c3f9ed719a637978ec4 78acf20edb0945f694bde75abc038ede - - 18978e90542b4dfd85a92c0da9b0c354 18978e90542b4dfd85a92c0da9b0c354] 199.19.213.52 "GET /v2.0/ports?tenant_id=1322101a799449c189e79d8ba7ddfb0d&device_id=02846129-a0dc-4868-98af-e846030b07e5 HTTP/1.1" status: 200 len: 1363 time: 0.0635693
2026-07-02 16:35:29.858 10 INFO neutron.wsgi [req-4f1716ab-0f18-4ce6-a169-85330049c669 req-6c37bb05-91ce-46cf-ae7b-9e98be37d039 816e0fe0e2c94c3f9ed719a637978ec4 78acf20edb0945f694bde75abc038ede - - 18978e90542b4dfd85a92c0da9b0c354 18978e90542b4dfd85a92c0da9b0c354] 199.19.213.52 "GET /v2.0/networks?id=57ff82a4-8e7b-4e2f-81be-d04c11008c9d HTTP/1.1" status: 200 len: 982 time: 0.0748615
2026-07-02 16:35:29.967 10 INFO neutron.wsgi [req-b2add4ef-e2f5-4b8e-b37b-abd83891bcfe req-4a43a0e6-2008-467c-b8c3-f9144823177b 0419d02043724f1093ba6676ae356d79 1322101a799449c189e79d8ba7ddfb0d - - default default] 199.19.213.52 "GET /v2.0/ports?device_id=02846129-a0dc-4868-98af-e846030b07e5 HTTP/1.1" status: 200 len: 1172 time: 0.1078625
2026-07-02 16:35:29.971 9 INFO neutron.db.ovn_revision_numbers_db [None req-ec7494a4-e628-4994-911c-93418f0e7e27 - - - - - -] Successfully bumped revision number for resource f5276033-8ded-4be8-9ef3-3998ee73c826 (type: ports) to 4
2026-07-02 16:35:29.997 10 INFO neutron.wsgi [req-4f1716ab-0f18-4ce6-a169-85330049c669 req-cc755114-5156-49bf-bc0a-a84cf77de587 816e0fe0e2c94c3f9ed719a637978ec4 78acf20edb0945f694bde75abc038ede - - 18978e90542b4dfd85a92c0da9b0c354 18978e90542b4dfd85a92c0da9b0c354] 199.19.213.52 "GET /v2.0/floatingips?fixed_ip_address=10.100.0.14&port_id=fe4ab51e-9426-4b2c-ac1d-e224af17d350 HTTP/1.1" status: 200 len: 1058 time: 0.1275451
2026-07-02 16:35:30.060 10 INFO neutron.db.ovn_revision_numbers_db [None req-c1e7f0c7-445f-4159-a3fc-72961c49ddd5 - - - - - -] Successfully bumped revision number for resource fe4ab51e-9426-4b2c-ac1d-e224af17d350 (type: ports) to 7
2026-07-02 16:35:30.111 10 INFO neutron.wsgi [req-4f1716ab-0f18-4ce6-a169-85330049c669 req-827db61e-e3fb-401f-b97b-cf643cacbb6f 816e0fe0e2c94c3f9ed719a637978ec4 78acf20edb0945f694bde75abc038ede - - 18978e90542b4dfd85a92c0da9b0c354 18978e90542b4dfd85a92c0da9b0c354] 199.19.213.52 "GET /v2.0/subnets?id=ba077f55-ed17-4a51-9a56-579c1491c920 HTTP/1.1" status: 200 len: 877 time: 0.1029115
2026-07-02 16:35:30.118 10 INFO neutron.wsgi [req-fbbaae43-3e18-4a74-a616-3b18ce3a673d req-4d1c5674-411e-407a-9695-7ce5898d98ff 76c54016ca6e41e6946fa88c9296413c 17cda1fc2be6459ba98a34e1f6e2218a - - default default] 10.0.0.115 "GET /v2.0/ports?device_id=d5c06efb-7c9f-4ef6-9b93-25301d03962b HTTP/1.1" status: 200 len: 1174 time: 0.2449965
2026-07-02 16:35:30.153 10 INFO neutron.wsgi [req-4f1716ab-0f18-4ce6-a169-85330049c669 req-30f102d3-a473-4150-b70a-73c659d1e947 816e0fe0e2c94c3f9ed719a637978ec4 78acf20edb0945f694bde75abc038ede - - 18978e90542b4dfd85a92c0da9b0c354 18978e90542b4dfd85a92c0da9b0c354] 199.19.213.52 "GET /v2.0/ports?network_id=57ff82a4-8e7b-4e2f-81be-d04c11008c9d&device_owner=network%3Adhcp HTTP/1.1" status: 200 len: 210 time: 0.0348616
2026-07-02 16:35:30.209 10 INFO neutron.wsgi [req-fbbaae43-3e18-4a74-a616-3b18ce3a673d req-4c7342eb-0831-489c-b445-cb32d4ad350c 76c54016ca6e41e6946fa88c9296413c 17cda1fc2be6459ba98a34e1f6e2218a - - default default] 10.0.0.115 "GET /v2.0/security-groups?id=5a587c89-26a6-4f36-97f3-40a8f60df9b4&fields=id&fields=name HTTP/1.1" status: 200 len: 313 time: 0.0785515
2026-07-02 16:35:30.257 10 INFO neutron.wsgi [req-4f1716ab-0f18-4ce6-a169-85330049c669 req-5af1d713-79ea-42ca-8d8d-77e05ae1181c 816e0fe0e2c94c3f9ed719a637978ec4 78acf20edb0945f694bde75abc038ede - - 18978e90542b4dfd85a92c0da9b0c354 18978e90542b4dfd85a92c0da9b0c354] 199.19.213.52 "GET /v2.0/networks/57ff82a4-8e7b-4e2f-81be-d04c11008c9d?fields=segments HTTP/1.1" status: 200 len: 212 time: 0.0903587 /var/lib/openstack/lib/python3.10/site-packages/pycadf/identifier.py:71: UserWarning: Invalid uuid: neutron. To ensure interoperability, identifiers should be a valid uuid. warnings.warn(('Invalid uuid: %s. To ensure interoperability, '
2026-07-02 16:35:30.359 10 INFO neutron.wsgi [req-4f1716ab-0f18-4ce6-a169-85330049c669 req-6f6b0224-6107-475b-84ce-20f67653c711 816e0fe0e2c94c3f9ed719a637978ec4 78acf20edb0945f694bde75abc038ede - - 18978e90542b4dfd85a92c0da9b0c354 18978e90542b4dfd85a92c0da9b0c354] 199.19.213.52 "GET /v2.0/networks/57ff82a4-8e7b-4e2f-81be-d04c11008c9d?fields=provider%3Aphysical_network&fields=provider%3Anetwork_type HTTP/1.1" status: 200 len: 277 time: 0.0923250
2026-07-02 16:35:30.486 9 INFO neutron.notifiers.nova [-] Nova event matching ['req-0dee2435-b32b-4ed2-bd27-e299f16c8e59'] response: {'server_uuid': 'd5c06efb-7c9f-4ef6-9b93-25301d03962b', 'name': 'network-vif-plugged', 'status': 'completed', 'tag': 'f5276033-8ded-4be8-9ef3-3998ee73c826', 'code': 200}
2026-07-02 16:35:30.487 9 INFO neutron.notifiers.nova [-] Nova event matching ['req-0dee2435-b32b-4ed2-bd27-e299f16c8e59'] response: {'server_uuid': 'd5c06efb-7c9f-4ef6-9b93-25301d03962b', 'name': 'network-vif-plugged', 'status': 'completed', 'tag': 'f5276033-8ded-4be8-9ef3-3998ee73c826', 'code': 200}
2026-07-02 16:35:30.515 10 INFO neutron.db.l3_db [None req-0c3fce38-fb13-4aed-8af6-e4b9f4b9364e 0419d02043724f1093ba6676ae356d79 1322101a799449c189e79d8ba7ddfb0d - - - -] Floating IP 17fa0d3a-87d7-4d24-88a9-8ff63a2c4877 disassociated. External IP: 10.96.250.216, port: fe4ab51e-9426-4b2c-ac1d-e224af17d350.
2026-07-02 16:35:30.780 10 INFO neutron.wsgi [None req-0c3fce38-fb13-4aed-8af6-e4b9f4b9364e 0419d02043724f1093ba6676ae356d79 1322101a799449c189e79d8ba7ddfb0d - - - -] 199.19.213.52 "DELETE /v2.0/ports/fe4ab51e-9426-4b2c-ac1d-e224af17d350 HTTP/1.1" status: 204 len: 173 time: 0.8058164
2026-07-02 16:35:30.818 10 INFO neutron.wsgi [req-44daaa73-2ec9-4cd3-b50e-d5b557bc0f42 req-26849291-f5a6-4a9c-9285-4654217566f0 0419d02043724f1093ba6676ae356d79 1322101a799449c189e79d8ba7ddfb0d - - default default] 10.0.0.115 "GET /v2.0/ports?device_id=02846129-a0dc-4868-98af-e846030b07e5 HTTP/1.1" status: 200 len: 210 time: 0.0372427
2026-07-02 16:35:31.356 10 INFO neutron.wsgi [req-5e065b6d-b618-4abd-a91c-712b43c6c552 req-36ebda0a-a799-4b5e-9d51-7fc57f6f2da2 76c54016ca6e41e6946fa88c9296413c 17cda1fc2be6459ba98a34e1f6e2218a - - default default] 10.0.0.115 "GET /v2.0/ports?device_id=d5c06efb-7c9f-4ef6-9b93-25301d03962b HTTP/1.1" status: 200 len: 1174 time: 0.0684552
2026-07-02 16:35:31.430 10 INFO neutron.wsgi [req-5e065b6d-b618-4abd-a91c-712b43c6c552 req-d1ca1eff-0ebb-4101-8439-d8c771940b07 76c54016ca6e41e6946fa88c9296413c 17cda1fc2be6459ba98a34e1f6e2218a - - default default] 10.0.0.115 "GET /v2.0/security-groups?id=5a587c89-26a6-4f36-97f3-40a8f60df9b4&fields=id&fields=name HTTP/1.1" status: 200 len: 313 time: 0.0641925
2026-07-02 16:35:31.743 10 INFO neutron.notifiers.nova [-] Nova event matching ['req-1c0c6d1e-205b-4342-830f-bf136b417f5d'] response: {'server_uuid': '02846129-a0dc-4868-98af-e846030b07e5', 'name': 'network-vif-unplugged', 'status': 'completed', 'tag': 'fe4ab51e-9426-4b2c-ac1d-e224af17d350', 'code': 200}
2026-07-02 16:35:31.744 10 INFO neutron.notifiers.nova [-] Nova event matching ['req-1c0c6d1e-205b-4342-830f-bf136b417f5d'] response: {'server_uuid': '02846129-a0dc-4868-98af-e846030b07e5', 'name': 'network-vif-plugged', 'status': 'completed', 'tag': 'fe4ab51e-9426-4b2c-ac1d-e224af17d350', 'code': 200}
2026-07-02 16:35:31.744 10 INFO neutron.notifiers.nova [-] Nova event matching ['req-1c0c6d1e-205b-4342-830f-bf136b417f5d'] response: {'server_uuid': '02846129-a0dc-4868-98af-e846030b07e5', 'name': 'network-vif-deleted', 'tag': 'fe4ab51e-9426-4b2c-ac1d-e224af17d350', 'status': 'completed', 'code': 200} /var/lib/openstack/lib/python3.10/site-packages/pycadf/identifier.py:71: UserWarning: Invalid uuid: neutron. To ensure interoperability, identifiers should be a valid uuid. warnings.warn(('Invalid uuid: %s. To ensure interoperability, '
2026-07-02 16:35:32.100 9 INFO neutron.wsgi [None req-0f86b382-a553-4c5a-b07d-ffce61122d9c 0419d02043724f1093ba6676ae356d79 1322101a799449c189e79d8ba7ddfb0d - - - -] 10.0.0.116 "DELETE /v2.0/security-groups/8e7208f2-6443-448d-bf44-1a0bc93a1834 HTTP/1.1" status: 204 len: 168 time: 0.1720426
2026-07-02 16:35:32.134 9 INFO neutron.api.v2.resource [None req-33ac98c9-b079-4fc4-bb18-1ade73163093 0419d02043724f1093ba6676ae356d79 1322101a799449c189e79d8ba7ddfb0d - - default default] show failed (client error): The resource could not be found.
2026-07-02 16:35:32.135 9 INFO neutron.wsgi [None req-33ac98c9-b079-4fc4-bb18-1ade73163093 0419d02043724f1093ba6676ae356d79 1322101a799449c189e79d8ba7ddfb0d - - default default] 10.0.0.116 "GET /v2.0/security-groups/8e7208f2-6443-448d-bf44-1a0bc93a1834 HTTP/1.1" status: 404 len: 347 time: 0.0192602
2026-07-02 16:35:32.162 9 INFO neutron.wsgi [-] 10.0.0.252 "GET / HTTP/1.1" status: 200 len: 247 time: 0.0031765
2026-07-02 16:35:32.165 9 INFO neutron.wsgi [-] 10.0.0.252 "GET / HTTP/1.1" status: 200 len: 247 time: 0.0021973
2026-07-02 16:35:32.572 10 INFO neutron.wsgi [req-b8ee2634-ce33-4f84-97b0-a9812fbb49ae req-f8b22c48-8823-4448-a64b-4bfb97d46092 76c54016ca6e41e6946fa88c9296413c 17cda1fc2be6459ba98a34e1f6e2218a - - default default] 10.0.0.115 "GET /v2.0/ports?device_id=d5c06efb-7c9f-4ef6-9b93-25301d03962b HTTP/1.1" status: 200 len: 1174 time: 0.0607057
2026-07-02 16:35:32.618 10 INFO neutron.wsgi [None req-ef86543e-c416-421b-9469-6f4ae0687ccb 0419d02043724f1093ba6676ae356d79 1322101a799449c189e79d8ba7ddfb0d - - - -] 10.0.0.116 "DELETE /v2.0/floatingips/17fa0d3a-87d7-4d24-88a9-8ff63a2c4877 HTTP/1.1" status: 204 len: 168 time: 0.4739189
2026-07-02 16:35:32.625 10 INFO neutron.wsgi [req-b8ee2634-ce33-4f84-97b0-a9812fbb49ae req-c4226cb0-84f9-4c7c-a9a3-473d0e5e1c15 76c54016ca6e41e6946fa88c9296413c 17cda1fc2be6459ba98a34e1f6e2218a - - default default] 10.0.0.115 "GET /v2.0/security-groups?id=5a587c89-26a6-4f36-97f3-40a8f60df9b4&fields=id&fields=name HTTP/1.1" status: 200 len: 313 time: 0.0430555
2026-07-02 16:35:32.765 10 INFO neutron.wsgi [req-895f5cdf-ec33-45f6-8b1a-61d79fa3f6f1 req-74b3f0ac-15e5-4063-b06d-fe80263f1ca8 76c54016ca6e41e6946fa88c9296413c 17cda1fc2be6459ba98a34e1f6e2218a - - default default] 10.0.0.115 "GET /v2.0/ports?device_id=d5c06efb-7c9f-4ef6-9b93-25301d03962b HTTP/1.1" status: 200 len: 1174 time: 0.0537508
2026-07-02 16:35:33.510 10 INFO neutron.db.l3_db [None req-9a1adef4-390f-4553-8bfe-b5da8d0e2b64 76c54016ca6e41e6946fa88c9296413c 17cda1fc2be6459ba98a34e1f6e2218a - - - -] Floating IP 182bd5fa-f760-4d72-ac97-6b1dd633a083 associated. External IP: 10.96.250.206, port: f5276033-8ded-4be8-9ef3-3998ee73c826.
2026-07-02 16:35:33.738 10 INFO neutron.db.ovn_revision_numbers_db [None req-9a1adef4-390f-4553-8bfe-b5da8d0e2b64 76c54016ca6e41e6946fa88c9296413c 17cda1fc2be6459ba98a34e1f6e2218a - - - -] Successfully bumped revision number for resource 182bd5fa-f760-4d72-ac97-6b1dd633a083 (type: floatingips) to 1
2026-07-02 16:35:33.830 10 INFO neutron.db.ovn_revision_numbers_db [None req-9a1adef4-390f-4553-8bfe-b5da8d0e2b64 76c54016ca6e41e6946fa88c9296413c 17cda1fc2be6459ba98a34e1f6e2218a - - - -] Successfully bumped revision number for resource 182bd5fa-f760-4d72-ac97-6b1dd633a083 (type: floatingips) to 2
2026-07-02 16:35:33.880 10 INFO neutron.wsgi [None req-9a1adef4-390f-4553-8bfe-b5da8d0e2b64 76c54016ca6e41e6946fa88c9296413c 17cda1fc2be6459ba98a34e1f6e2218a - - - -] 10.0.0.116 "PUT /v2.0/floatingips/182bd5fa-f760-4d72-ac97-6b1dd633a083 HTTP/1.1" status: 200 len: 1050 time: 1.1005526 /var/lib/openstack/lib/python3.10/site-packages/pycadf/identifier.py:71: UserWarning: Invalid uuid: neutron. To ensure interoperability, identifiers should be a valid uuid. warnings.warn(('Invalid uuid: %s. To ensure interoperability, '
2026-07-02 16:35:33.940 10 INFO neutron.notifiers.nova [-] Nova event matching ['req-904aac87-512d-4a78-80c5-d224231d9daf'] response: {'name': 'network-changed', 'server_uuid': 'd5c06efb-7c9f-4ef6-9b93-25301d03962b', 'tag': 'f5276033-8ded-4be8-9ef3-3998ee73c826', 'status': 'completed', 'code': 200}
2026-07-02 16:35:33.991 10 INFO neutron.wsgi [req-ec10d766-9982-42bc-829b-069df1671b13 req-4ac3dc9d-d105-41b2-a218-eb12d3806842 76c54016ca6e41e6946fa88c9296413c 17cda1fc2be6459ba98a34e1f6e2218a - - default default] 10.0.0.115 "GET /v2.0/ports?device_id=d5c06efb-7c9f-4ef6-9b93-25301d03962b HTTP/1.1" status: 200 len: 1174 time: 0.0679951
2026-07-02 16:35:34.036 10 INFO neutron.wsgi [req-662f0175-5d1b-4436-8131-215d050fff45 req-7b839c06-c5a4-411a-86d3-8bcfc69e40c9 816e0fe0e2c94c3f9ed719a637978ec4 78acf20edb0945f694bde75abc038ede - - 18978e90542b4dfd85a92c0da9b0c354 18978e90542b4dfd85a92c0da9b0c354] 199.19.213.52 "GET /v2.0/ports?tenant_id=17cda1fc2be6459ba98a34e1f6e2218a&device_id=d5c06efb-7c9f-4ef6-9b93-25301d03962b HTTP/1.1" status: 200 len: 1365 time: 0.0678408
2026-07-02 16:35:34.078 10 INFO neutron.wsgi [req-ec10d766-9982-42bc-829b-069df1671b13 req-5935ff69-899c-4b26-9e06-36b34174141f 76c54016ca6e41e6946fa88c9296413c 17cda1fc2be6459ba98a34e1f6e2218a - - default default] 10.0.0.115 "GET /v2.0/security-groups?id=5a587c89-26a6-4f36-97f3-40a8f60df9b4&fields=id&fields=name HTTP/1.1" status: 200 len: 313 time: 0.0713224
2026-07-02 16:35:34.133 10 INFO neutron.wsgi [req-662f0175-5d1b-4436-8131-215d050fff45 req-0d2c5bfd-e98d-416e-9539-559ce192cc7e 816e0fe0e2c94c3f9ed719a637978ec4 78acf20edb0945f694bde75abc038ede - - 18978e90542b4dfd85a92c0da9b0c354 18978e90542b4dfd85a92c0da9b0c354] 199.19.213.52 "GET /v2.0/networks?id=e8e7a6dd-632c-4ae7-82a9-f5f17dd2b8dd HTTP/1.1" status: 200 len: 977 time: 0.0858188
2026-07-02 16:35:34.156 9 INFO neutron.wsgi [None req-ef21e2d1-389f-4e1e-8f4e-1d03f816f036 2ac471ffb14f471eaa02d796dab3e614 291a8a4200aa4ea78232fba5063cae26 - - - -] 10.0.0.116 "PUT /v2.0/routers/bfa96b97-cde8-4f0d-865c-2cc258ac85ba/remove_router_interface HTTP/1.1" status: 200 len: 503 time: 1.4370196 /var/lib/openstack/lib/python3.10/site-packages/pycadf/identifier.py:71: UserWarning: Invalid uuid: neutron. To ensure interoperability, identifiers should be a valid uuid. warnings.warn(('Invalid uuid: %s. To ensure interoperability, '
2026-07-02 16:35:34.188 10 INFO neutron.wsgi [req-662f0175-5d1b-4436-8131-215d050fff45 req-e4f4e28c-eeda-4b7b-8392-1fa941e934a8 816e0fe0e2c94c3f9ed719a637978ec4 78acf20edb0945f694bde75abc038ede - - 18978e90542b4dfd85a92c0da9b0c354 18978e90542b4dfd85a92c0da9b0c354] 199.19.213.52 "GET /v2.0/floatingips?fixed_ip_address=10.100.0.10&port_id=f5276033-8ded-4be8-9ef3-3998ee73c826 HTTP/1.1" status: 200 len: 1060 time: 0.0463719
2026-07-02 16:35:34.229 10 INFO neutron.wsgi [req-662f0175-5d1b-4436-8131-215d050fff45 req-39032f95-35fb-48ac-a31c-055e761773c9 816e0fe0e2c94c3f9ed719a637978ec4 78acf20edb0945f694bde75abc038ede - - 18978e90542b4dfd85a92c0da9b0c354 18978e90542b4dfd85a92c0da9b0c354] 199.19.213.52 "GET /v2.0/subnets?id=1c4dfba0-4b6f-4cc7-b8ac-e08f2c15148b HTTP/1.1" status: 200 len: 872 time: 0.0329993
2026-07-02 16:35:34.270 10 INFO neutron.wsgi [req-662f0175-5d1b-4436-8131-215d050fff45 req-1f4505cc-118b-494d-9f26-1d19f453b12d 816e0fe0e2c94c3f9ed719a637978ec4 78acf20edb0945f694bde75abc038ede - - 18978e90542b4dfd85a92c0da9b0c354 18978e90542b4dfd85a92c0da9b0c354] 199.19.213.52 "GET /v2.0/ports?network_id=e8e7a6dd-632c-4ae7-82a9-f5f17dd2b8dd&device_owner=network%3Adhcp HTTP/1.1" status: 200 len: 210 time: 0.0341504
2026-07-02 16:35:34.338 10 INFO neutron.wsgi [req-662f0175-5d1b-4436-8131-215d050fff45 req-b0f20c91-3be9-4775-b03c-57edd45203e0 816e0fe0e2c94c3f9ed719a637978ec4 78acf20edb0945f694bde75abc038ede - - 18978e90542b4dfd85a92c0da9b0c354 18978e90542b4dfd85a92c0da9b0c354] 199.19.213.52 "GET /v2.0/networks/e8e7a6dd-632c-4ae7-82a9-f5f17dd2b8dd?fields=segments HTTP/1.1" status: 200 len: 212 time: 0.0598321
2026-07-02 16:35:34.417 10 INFO neutron.wsgi [req-662f0175-5d1b-4436-8131-215d050fff45 req-a43996f8-7649-48b9-86f8-981732c2a310 816e0fe0e2c94c3f9ed719a637978ec4 78acf20edb0945f694bde75abc038ede - - 18978e90542b4dfd85a92c0da9b0c354 18978e90542b4dfd85a92c0da9b0c354] 199.19.213.52 "GET /v2.0/networks/e8e7a6dd-632c-4ae7-82a9-f5f17dd2b8dd?fields=provider%3Aphysical_network&fields=provider%3Anetwork_type HTTP/1.1" status: 200 len: 277 time: 0.0597177
