2026-07-02 16:35:00.309 10 INFO neutron.wsgi [req-81f846f2-aeae-40e5-a950-0d18bddb5970 req-d8e9cb2e-8469-474c-916c-0255d7d7a8c7 0419d02043724f1093ba6676ae356d79 1322101a799449c189e79d8ba7ddfb0d - - default default] 10.0.0.115 "GET /v2.0/security-groups?id=8e7208f2-6443-448d-bf44-1a0bc93a1834&fields=id&fields=name HTTP/1.1" status: 200 len: 312 time: 0.0550926
2026-07-02 16:35:00.553 10 INFO neutron.wsgi [None req-aef3a866-ccef-49ef-a093-a6c1dd1e23ad 1e0c967b22ce44a282c2dfada4ee78ee 09f33413aee94b3ea2c1a4f349ef78c4 - - - -] 10.0.0.115 "DELETE /v2.0/security-groups/2c381329-209b-486c-acb8-c476e43f0741 HTTP/1.1" status: 204 len: 173 time: 0.2911611
2026-07-02 16:35:00.644 10 INFO neutron.wsgi [req-101ef147-546f-4de5-b7f6-95a621d0bfa3 req-73882362-7002-47b7-b185-27a7c9bd9cdc 1e0c967b22ce44a282c2dfada4ee78ee 09f33413aee94b3ea2c1a4f349ef78c4 - - default default] 10.0.0.115 "GET /v2.0/security-groups/75856dbf-c28b-4862-870e-51c6361bff8e HTTP/1.1" status: 200 len: 2413 time: 0.0643611
2026-07-02 16:35:00.903 10 INFO neutron.db.ovn_revision_numbers_db [None req-d72c7353-fa4d-4cb2-a895-dfed4c0ed47d 816e0fe0e2c94c3f9ed719a637978ec4 78acf20edb0945f694bde75abc038ede - - - -] Successfully bumped revision number for resource 233818a2-349e-45fa-a070-e7c6778277bf (type: ports) to 2
2026-07-02 16:35:00.920 10 INFO neutron.wsgi [None req-7ad4c70a-98eb-4953-abcc-163e831b822c 1e0c967b22ce44a282c2dfada4ee78ee 09f33413aee94b3ea2c1a4f349ef78c4 - - - -] 10.0.0.115 "DELETE /v2.0/security-groups/75856dbf-c28b-4862-870e-51c6361bff8e HTTP/1.1" status: 204 len: 173 time: 0.2647996 /var/lib/openstack/lib/python3.10/site-packages/pycadf/identifier.py:71: UserWarning: Invalid uuid: neutron. To ensure interoperability, identifiers should be a valid uuid. warnings.warn(('Invalid uuid: %s. To ensure interoperability, '
2026-07-02 16:35:00.997 9 INFO neutron.db.ovn_revision_numbers_db [None req-5cbdb961-a37b-428d-947b-d05b9d7d58df 816e0fe0e2c94c3f9ed719a637978ec4 78acf20edb0945f694bde75abc038ede - - - -] Successfully bumped revision number for resource fe4ab51e-9426-4b2c-ac1d-e224af17d350 (type: ports) to 2
2026-07-02 16:35:01.128 10 INFO neutron.db.ovn_revision_numbers_db [None req-d72c7353-fa4d-4cb2-a895-dfed4c0ed47d 816e0fe0e2c94c3f9ed719a637978ec4 78acf20edb0945f694bde75abc038ede - - - -] Successfully bumped revision number for resource 233818a2-349e-45fa-a070-e7c6778277bf (type: ports) to 2
2026-07-02 16:35:01.145 10 INFO neutron.wsgi [None req-d72c7353-fa4d-4cb2-a895-dfed4c0ed47d 816e0fe0e2c94c3f9ed719a637978ec4 78acf20edb0945f694bde75abc038ede - - - -] 199.19.213.52 "PUT /v2.0/ports/233818a2-349e-45fa-a070-e7c6778277bf HTTP/1.1" status: 200 len: 1328 time: 0.8453875 /var/lib/openstack/lib/python3.10/site-packages/pycadf/identifier.py:71: UserWarning: Invalid uuid: neutron. To ensure interoperability, identifiers should be a valid uuid. warnings.warn(('Invalid uuid: %s. To ensure interoperability, '
2026-07-02 16:35:01.284 10 INFO neutron.wsgi [req-f06b281f-aaa4-4604-ad00-4c4a39c1f18b req-2ecaef63-9d66-40c6-a7c8-06b8baa1fa10 816e0fe0e2c94c3f9ed719a637978ec4 78acf20edb0945f694bde75abc038ede - - 18978e90542b4dfd85a92c0da9b0c354 18978e90542b4dfd85a92c0da9b0c354] 199.19.213.52 "GET /v2.0/ports?tenant_id=ce8860f36b8c45d0ac54c952a2416f96&device_id=8fd155c0-75f2-4f2f-ad38-44463f1d202a HTTP/1.1" status: 200 len: 1359 time: 0.0942962
2026-07-02 16:35:01.303 10 INFO neutron.wsgi [req-abe255c1-6654-4a10-a1ef-bcc895ffc3b2 req-2fd4e248-8152-48f8-87f7-a44c6123617b f2b8f552d2474259b4e91b6277559d60 ce8860f36b8c45d0ac54c952a2416f96 - - default default] 10.0.0.115 "GET /v2.0/ports?device_id=8fd155c0-75f2-4f2f-ad38-44463f1d202a HTTP/1.1" status: 200 len: 1168 time: 0.0670462
2026-07-02 16:35:01.352 10 INFO neutron.wsgi [req-f06b281f-aaa4-4604-ad00-4c4a39c1f18b req-78deb65a-58c9-4406-90de-64a3ef183f5d 816e0fe0e2c94c3f9ed719a637978ec4 78acf20edb0945f694bde75abc038ede - - 18978e90542b4dfd85a92c0da9b0c354 18978e90542b4dfd85a92c0da9b0c354] 199.19.213.52 "GET /v2.0/floatingips?fixed_ip_address=10.100.0.6&port_id=233818a2-349e-45fa-a070-e7c6778277bf HTTP/1.1" status: 200 len: 217 time: 0.0602837
2026-07-02 16:35:01.430 10 INFO neutron.wsgi [req-f06b281f-aaa4-4604-ad00-4c4a39c1f18b req-ec245419-894b-444f-9e43-4ee38fdb00c9 816e0fe0e2c94c3f9ed719a637978ec4 78acf20edb0945f694bde75abc038ede - - 18978e90542b4dfd85a92c0da9b0c354 18978e90542b4dfd85a92c0da9b0c354] 199.19.213.52 "GET /v2.0/subnets?id=c975c3e7-6e6f-4308-a1fc-315cec29347c HTTP/1.1" status: 200 len: 863 time: 0.0692234
2026-07-02 16:35:01.448 10 INFO neutron.wsgi [req-abe255c1-6654-4a10-a1ef-bcc895ffc3b2 req-69ce91f6-cb68-4593-a264-36e502bd9707 f2b8f552d2474259b4e91b6277559d60 ce8860f36b8c45d0ac54c952a2416f96 - - default default] 10.0.0.115 "GET /v2.0/security-groups?id=43e98826-090a-40e8-9c72-a2b551daae47&fields=id&fields=name HTTP/1.1" status: 200 len: 313 time: 0.1251571
2026-07-02 16:35:01.500 10 INFO neutron.wsgi [req-f06b281f-aaa4-4604-ad00-4c4a39c1f18b req-29a92f7e-fb5c-4a5c-b7dc-347d739c243f 816e0fe0e2c94c3f9ed719a637978ec4 78acf20edb0945f694bde75abc038ede - - 18978e90542b4dfd85a92c0da9b0c354 18978e90542b4dfd85a92c0da9b0c354] 199.19.213.52 "GET /v2.0/ports?network_id=2f532973-7463-419b-9039-f08af96bcd63&device_owner=network%3Adhcp HTTP/1.1" status: 200 len: 210 time: 0.0574069
2026-07-02 16:35:01.592 9 INFO neutron.db.ovn_revision_numbers_db [None req-5cbdb961-a37b-428d-947b-d05b9d7d58df 816e0fe0e2c94c3f9ed719a637978ec4 78acf20edb0945f694bde75abc038ede - - - -] Successfully bumped revision number for resource fe4ab51e-9426-4b2c-ac1d-e224af17d350 (type: ports) to 2
2026-07-02 16:35:01.632 9 INFO neutron.wsgi [None req-5cbdb961-a37b-428d-947b-d05b9d7d58df 816e0fe0e2c94c3f9ed719a637978ec4 78acf20edb0945f694bde75abc038ede - - - -] 199.19.213.52 "PUT /v2.0/ports/fe4ab51e-9426-4b2c-ac1d-e224af17d350 HTTP/1.1" status: 200 len: 1332 time: 1.3365521 /var/lib/openstack/lib/python3.10/site-packages/pycadf/identifier.py:71: UserWarning: Invalid uuid: neutron. To ensure interoperability, identifiers should be a valid uuid. warnings.warn(('Invalid uuid: %s. To ensure interoperability, '
2026-07-02 16:35:01.785 9 INFO neutron.wsgi [req-64fe0b4e-d157-4ec2-9c7d-93392ebd707e req-9c182dfc-a81a-4be9-a075-f6dd6ec4ac97 816e0fe0e2c94c3f9ed719a637978ec4 78acf20edb0945f694bde75abc038ede - - 18978e90542b4dfd85a92c0da9b0c354 18978e90542b4dfd85a92c0da9b0c354] 199.19.213.52 "GET /v2.0/ports?tenant_id=1322101a799449c189e79d8ba7ddfb0d&device_id=02846129-a0dc-4868-98af-e846030b07e5 HTTP/1.1" status: 200 len: 1363 time: 0.1025622
2026-07-02 16:35:01.841 9 INFO neutron.wsgi [req-64fe0b4e-d157-4ec2-9c7d-93392ebd707e req-3a2adba5-4abf-4ac5-b828-8074918f4c41 816e0fe0e2c94c3f9ed719a637978ec4 78acf20edb0945f694bde75abc038ede - - 18978e90542b4dfd85a92c0da9b0c354 18978e90542b4dfd85a92c0da9b0c354] 199.19.213.52 "GET /v2.0/floatingips?fixed_ip_address=10.100.0.14&port_id=fe4ab51e-9426-4b2c-ac1d-e224af17d350 HTTP/1.1" status: 200 len: 217 time: 0.0387857
2026-07-02 16:35:01.897 10 INFO neutron.notifiers.nova [-] Nova event matching ['req-a84fa361-dfa4-4c43-a28b-f076f74d5e5b'] response: {'name': 'network-changed', 'server_uuid': '8fd155c0-75f2-4f2f-ad38-44463f1d202a', 'tag': '233818a2-349e-45fa-a070-e7c6778277bf', 'status': 'completed', 'code': 200}
2026-07-02 16:35:01.946 10 WARNING neutron.plugins.ml2.drivers.ovn.mech_driver.ovsdb.ovn_client [None req-c1e7f0c7-445f-4159-a3fc-72961c49ddd5 - - - - - -] No hosting information found for port 0020abab-c1b9-46be-b932-f52b54607ad5: RuntimeError: No hosting information found for port 0020abab-c1b9-46be-b932-f52b54607ad5
2026-07-02 16:35:01.950 9 INFO neutron.wsgi [req-64fe0b4e-d157-4ec2-9c7d-93392ebd707e req-517b60c2-33f2-49cd-9ee5-8e4e8b02f1de 816e0fe0e2c94c3f9ed719a637978ec4 78acf20edb0945f694bde75abc038ede - - 18978e90542b4dfd85a92c0da9b0c354 18978e90542b4dfd85a92c0da9b0c354] 199.19.213.52 "GET /v2.0/subnets?id=ba077f55-ed17-4a51-9a56-579c1491c920 HTTP/1.1" status: 200 len: 877 time: 0.0936310
2026-07-02 16:35:01.958 10 INFO neutron.wsgi [req-f06b281f-aaa4-4604-ad00-4c4a39c1f18b req-08682c20-6d55-403f-a1ff-58de30b36a4c 816e0fe0e2c94c3f9ed719a637978ec4 78acf20edb0945f694bde75abc038ede - - 18978e90542b4dfd85a92c0da9b0c354 18978e90542b4dfd85a92c0da9b0c354] 199.19.213.52 "GET /v2.0/networks/2f532973-7463-419b-9039-f08af96bcd63?fields=segments HTTP/1.1" status: 200 len: 212 time: 0.4482923
2026-07-02 16:35:01.972 10 INFO neutron.wsgi [req-901f7780-3732-48fc-b497-1dd6f388b602 req-bbd359e1-3a8d-4b2b-b197-b27340fbcd29 0419d02043724f1093ba6676ae356d79 1322101a799449c189e79d8ba7ddfb0d - - default default] 10.0.0.115 "GET /v2.0/ports?device_id=02846129-a0dc-4868-98af-e846030b07e5 HTTP/1.1" status: 200 len: 1172 time: 0.5599601
2026-07-02 16:35:02.022 9 INFO neutron.wsgi [req-64fe0b4e-d157-4ec2-9c7d-93392ebd707e req-bd5855d0-9e0f-435b-acce-15382ce16260 816e0fe0e2c94c3f9ed719a637978ec4 78acf20edb0945f694bde75abc038ede - - 18978e90542b4dfd85a92c0da9b0c354 18978e90542b4dfd85a92c0da9b0c354] 199.19.213.52 "GET /v2.0/ports?network_id=57ff82a4-8e7b-4e2f-81be-d04c11008c9d&device_owner=network%3Adhcp HTTP/1.1" status: 200 len: 210 time: 0.0629473
2026-07-02 16:35:02.051 10 INFO neutron.wsgi [req-f06b281f-aaa4-4604-ad00-4c4a39c1f18b req-620c8a65-eb8d-47ff-a024-92b7950622d2 816e0fe0e2c94c3f9ed719a637978ec4 78acf20edb0945f694bde75abc038ede - - 18978e90542b4dfd85a92c0da9b0c354 18978e90542b4dfd85a92c0da9b0c354] 199.19.213.52 "GET /v2.0/networks/2f532973-7463-419b-9039-f08af96bcd63?fields=provider%3Aphysical_network&fields=provider%3Anetwork_type HTTP/1.1" status: 200 len: 277 time: 0.0855765
2026-07-02 16:35:02.054 10 INFO neutron.wsgi [req-901f7780-3732-48fc-b497-1dd6f388b602 req-8981bc86-6839-4686-ab4b-1c07eacce349 0419d02043724f1093ba6676ae356d79 1322101a799449c189e79d8ba7ddfb0d - - default default] 10.0.0.115 "GET /v2.0/security-groups?id=8e7208f2-6443-448d-bf44-1a0bc93a1834&fields=id&fields=name HTTP/1.1" status: 200 len: 312 time: 0.0678065
2026-07-02 16:35:02.099 9 INFO neutron.notifiers.nova [-] Nova event matching ['req-22a67034-97a3-4202-be8f-ddb35abc3c5e'] response: {'name': 'network-changed', 'server_uuid': '02846129-a0dc-4868-98af-e846030b07e5', 'tag': 'fe4ab51e-9426-4b2c-ac1d-e224af17d350', 'status': 'completed', 'code': 200}
2026-07-02 16:35:02.139 9 INFO neutron.wsgi [req-64fe0b4e-d157-4ec2-9c7d-93392ebd707e req-24899e86-dadb-480e-b075-af3af9bdd944 816e0fe0e2c94c3f9ed719a637978ec4 78acf20edb0945f694bde75abc038ede - - 18978e90542b4dfd85a92c0da9b0c354 18978e90542b4dfd85a92c0da9b0c354] 199.19.213.52 "GET /v2.0/networks/57ff82a4-8e7b-4e2f-81be-d04c11008c9d?fields=segments HTTP/1.1" status: 200 len: 212 time: 0.0936081
2026-07-02 16:35:02.159 9 INFO neutron.wsgi [-] 10.0.0.252 "GET / HTTP/1.1" status: 200 len: 247 time: 0.0014920
2026-07-02 16:35:02.161 9 INFO neutron.wsgi [-] 10.0.0.252 "GET / HTTP/1.1" status: 200 len: 247 time: 0.0008736
2026-07-02 16:35:02.176 10 INFO neutron.wsgi [req-05dc277f-4c64-4be7-9771-946db0b7020a req-77736a2c-be5f-40be-8387-4676caa83b27 816e0fe0e2c94c3f9ed719a637978ec4 78acf20edb0945f694bde75abc038ede - - 18978e90542b4dfd85a92c0da9b0c354 18978e90542b4dfd85a92c0da9b0c354] 199.19.213.52 "GET /v2.0/ports?tenant_id=ce8860f36b8c45d0ac54c952a2416f96&device_id=8fd155c0-75f2-4f2f-ad38-44463f1d202a HTTP/1.1" status: 200 len: 1359 time: 0.0637739
2026-07-02 16:35:02.313 10 INFO neutron.wsgi [req-05dc277f-4c64-4be7-9771-946db0b7020a req-896dd10d-27aa-47fa-ae31-f45b2c9cab9d 816e0fe0e2c94c3f9ed719a637978ec4 78acf20edb0945f694bde75abc038ede - - 18978e90542b4dfd85a92c0da9b0c354 18978e90542b4dfd85a92c0da9b0c354] 199.19.213.52 "GET /v2.0/networks?id=2f532973-7463-419b-9039-f08af96bcd63 HTTP/1.1" status: 200 len: 967 time: 0.0995960
2026-07-02 16:35:02.353 10 INFO neutron.wsgi [req-05dc277f-4c64-4be7-9771-946db0b7020a req-2694298f-a6ea-476a-8ed9-8aa2794057b2 816e0fe0e2c94c3f9ed719a637978ec4 78acf20edb0945f694bde75abc038ede - - 18978e90542b4dfd85a92c0da9b0c354 18978e90542b4dfd85a92c0da9b0c354] 199.19.213.52 "GET /v2.0/floatingips?fixed_ip_address=10.100.0.6&port_id=233818a2-349e-45fa-a070-e7c6778277bf HTTP/1.1" status: 200 len: 217 time: 0.0323446
2026-07-02 16:35:02.413 10 INFO neutron.wsgi [req-05dc277f-4c64-4be7-9771-946db0b7020a req-aa82add7-8b13-4e44-958a-dc40aea15ab2 816e0fe0e2c94c3f9ed719a637978ec4 78acf20edb0945f694bde75abc038ede - - 18978e90542b4dfd85a92c0da9b0c354 18978e90542b4dfd85a92c0da9b0c354] 199.19.213.52 "GET /v2.0/subnets?id=c975c3e7-6e6f-4308-a1fc-315cec29347c HTTP/1.1" status: 200 len: 863 time: 0.0470788
2026-07-02 16:35:02.445 9 INFO neutron.wsgi [req-64fe0b4e-d157-4ec2-9c7d-93392ebd707e req-c81f80f2-fba2-4fdb-af06-0b602693bd1b 816e0fe0e2c94c3f9ed719a637978ec4 78acf20edb0945f694bde75abc038ede - - 18978e90542b4dfd85a92c0da9b0c354 18978e90542b4dfd85a92c0da9b0c354] 199.19.213.52 "GET /v2.0/networks/57ff82a4-8e7b-4e2f-81be-d04c11008c9d?fields=provider%3Aphysical_network&fields=provider%3Anetwork_type HTTP/1.1" status: 200 len: 277 time: 0.2833605
2026-07-02 16:35:02.457 10 INFO neutron.wsgi [req-05dc277f-4c64-4be7-9771-946db0b7020a req-6bdfca3e-7510-462b-95e5-d48dfada8698 816e0fe0e2c94c3f9ed719a637978ec4 78acf20edb0945f694bde75abc038ede - - 18978e90542b4dfd85a92c0da9b0c354 18978e90542b4dfd85a92c0da9b0c354] 199.19.213.52 "GET /v2.0/ports?network_id=2f532973-7463-419b-9039-f08af96bcd63&device_owner=network%3Adhcp HTTP/1.1" status: 200 len: 210 time: 0.0325360
2026-07-02 16:35:02.564 10 INFO neutron.wsgi [req-05dc277f-4c64-4be7-9771-946db0b7020a req-9a1d4b8a-2e50-4da8-b2db-9d5ca7256bf7 816e0fe0e2c94c3f9ed719a637978ec4 78acf20edb0945f694bde75abc038ede - - 18978e90542b4dfd85a92c0da9b0c354 18978e90542b4dfd85a92c0da9b0c354] 199.19.213.52 "GET /v2.0/networks/2f532973-7463-419b-9039-f08af96bcd63?fields=segments HTTP/1.1" status: 200 len: 212 time: 0.1022222
2026-07-02 16:35:02.709 10 INFO neutron.wsgi [req-c0e19568-2d99-40f7-ac8f-22c46300aa17 req-af896c9c-f945-4288-9060-69e3c260bc67 f2b8f552d2474259b4e91b6277559d60 ce8860f36b8c45d0ac54c952a2416f96 - - default default] 10.0.0.115 "GET /v2.0/ports?device_id=8fd155c0-75f2-4f2f-ad38-44463f1d202a HTTP/1.1" status: 200 len: 1168 time: 0.1751273
2026-07-02 16:35:02.744 9 INFO neutron.wsgi [req-e5c02f7e-1fc9-4215-80b2-73843e4a4dc6 req-21ab3bd3-50dc-4dc2-87ab-ad880d0f80b1 816e0fe0e2c94c3f9ed719a637978ec4 78acf20edb0945f694bde75abc038ede - - 18978e90542b4dfd85a92c0da9b0c354 18978e90542b4dfd85a92c0da9b0c354] 199.19.213.52 "GET /v2.0/ports?tenant_id=1322101a799449c189e79d8ba7ddfb0d&device_id=02846129-a0dc-4868-98af-e846030b07e5 HTTP/1.1" status: 200 len: 1363 time: 0.1006234
2026-07-02 16:35:02.754 10 INFO neutron.wsgi [req-05dc277f-4c64-4be7-9771-946db0b7020a req-4ddea310-6e01-4532-a03d-294fe983415c 816e0fe0e2c94c3f9ed719a637978ec4 78acf20edb0945f694bde75abc038ede - - 18978e90542b4dfd85a92c0da9b0c354 18978e90542b4dfd85a92c0da9b0c354] 199.19.213.52 "GET /v2.0/networks/2f532973-7463-419b-9039-f08af96bcd63?fields=provider%3Aphysical_network&fields=provider%3Anetwork_type HTTP/1.1" status: 200 len: 277 time: 0.1113906
2026-07-02 16:35:02.755 9 INFO neutron.wsgi [None req-458aee92-361c-4580-acb6-49e5732436ad 2ac471ffb14f471eaa02d796dab3e614 291a8a4200aa4ea78232fba5063cae26 - - - -] 10.0.0.116 "PUT /v2.0/routers/42a420bb-73c3-4151-a0f9-8e4cd5e397da/remove_router_interface HTTP/1.1" status: 200 len: 503 time: 2.5524421 /var/lib/openstack/lib/python3.10/site-packages/pycadf/identifier.py:71: UserWarning: Invalid uuid: neutron. To ensure interoperability, identifiers should be a valid uuid. warnings.warn(('Invalid uuid: %s. To ensure interoperability, '
2026-07-02 16:35:02.806 10 INFO neutron.wsgi [req-c0e19568-2d99-40f7-ac8f-22c46300aa17 req-0218c195-ba6c-40ac-809e-89636c2ab7db f2b8f552d2474259b4e91b6277559d60 ce8860f36b8c45d0ac54c952a2416f96 - - default default] 10.0.0.115 "GET /v2.0/security-groups?id=43e98826-090a-40e8-9c72-a2b551daae47&fields=id&fields=name HTTP/1.1" status: 200 len: 313 time: 0.0841959
2026-07-02 16:35:02.875 9 INFO neutron.wsgi [req-e5c02f7e-1fc9-4215-80b2-73843e4a4dc6 req-a5124fee-7fcb-4814-a010-83ed2ebec256 816e0fe0e2c94c3f9ed719a637978ec4 78acf20edb0945f694bde75abc038ede - - 18978e90542b4dfd85a92c0da9b0c354 18978e90542b4dfd85a92c0da9b0c354] 199.19.213.52 "GET /v2.0/networks?id=57ff82a4-8e7b-4e2f-81be-d04c11008c9d HTTP/1.1" status: 200 len: 982 time: 0.1191194
2026-07-02 16:35:02.935 9 INFO neutron.wsgi [req-e5c02f7e-1fc9-4215-80b2-73843e4a4dc6 req-a4bc230e-7bb4-4740-b915-822bbe428099 816e0fe0e2c94c3f9ed719a637978ec4 78acf20edb0945f694bde75abc038ede - - 18978e90542b4dfd85a92c0da9b0c354 18978e90542b4dfd85a92c0da9b0c354] 199.19.213.52 "GET /v2.0/floatingips?fixed_ip_address=10.100.0.14&port_id=fe4ab51e-9426-4b2c-ac1d-e224af17d350 HTTP/1.1" status: 200 len: 217 time: 0.0507760
2026-07-02 16:35:02.995 9 INFO neutron.wsgi [req-e5c02f7e-1fc9-4215-80b2-73843e4a4dc6 req-d901f9b8-c2d4-45e7-8bde-9200e313c288 816e0fe0e2c94c3f9ed719a637978ec4 78acf20edb0945f694bde75abc038ede - - 18978e90542b4dfd85a92c0da9b0c354 18978e90542b4dfd85a92c0da9b0c354] 199.19.213.52 "GET /v2.0/subnets?id=ba077f55-ed17-4a51-9a56-579c1491c920 HTTP/1.1" status: 200 len: 877 time: 0.0546491
2026-07-02 16:35:03.033 9 INFO neutron.wsgi [req-e5c02f7e-1fc9-4215-80b2-73843e4a4dc6 req-032a9ed8-19d2-417b-b3e5-958b5bf41c89 816e0fe0e2c94c3f9ed719a637978ec4 78acf20edb0945f694bde75abc038ede - - 18978e90542b4dfd85a92c0da9b0c354 18978e90542b4dfd85a92c0da9b0c354] 199.19.213.52 "GET /v2.0/ports?network_id=57ff82a4-8e7b-4e2f-81be-d04c11008c9d&device_owner=network%3Adhcp HTTP/1.1" status: 200 len: 210 time: 0.0235777
2026-07-02 16:35:03.114 9 INFO neutron.wsgi [req-e5c02f7e-1fc9-4215-80b2-73843e4a4dc6 req-4f3a199e-1fb8-476d-85d4-f4bc3a5b0ba4 816e0fe0e2c94c3f9ed719a637978ec4 78acf20edb0945f694bde75abc038ede - - 18978e90542b4dfd85a92c0da9b0c354 18978e90542b4dfd85a92c0da9b0c354] 199.19.213.52 "GET /v2.0/networks/57ff82a4-8e7b-4e2f-81be-d04c11008c9d?fields=segments HTTP/1.1" status: 200 len: 212 time: 0.0727971
2026-07-02 16:35:03.203 9 INFO neutron.wsgi [req-e5c02f7e-1fc9-4215-80b2-73843e4a4dc6 req-2c765fcb-215f-407c-8bb1-863a44239fe9 816e0fe0e2c94c3f9ed719a637978ec4 78acf20edb0945f694bde75abc038ede - - 18978e90542b4dfd85a92c0da9b0c354 18978e90542b4dfd85a92c0da9b0c354] 199.19.213.52 "GET /v2.0/networks/57ff82a4-8e7b-4e2f-81be-d04c11008c9d?fields=provider%3Aphysical_network&fields=provider%3Anetwork_type HTTP/1.1" status: 200 len: 277 time: 0.0712118
2026-07-02 16:35:03.235 10 INFO neutron.wsgi [req-f1f6fc67-c028-49a6-b425-ddf1dd99956b req-cb57445a-fc66-4ee9-905d-867cd3d4268c 0419d02043724f1093ba6676ae356d79 1322101a799449c189e79d8ba7ddfb0d - - default default] 10.0.0.115 "GET /v2.0/ports?device_id=02846129-a0dc-4868-98af-e846030b07e5 HTTP/1.1" status: 200 len: 1172 time: 0.0841434
2026-07-02 16:35:03.304 10 INFO neutron.wsgi [req-f1f6fc67-c028-49a6-b425-ddf1dd99956b req-0293935e-b4d6-491f-b7c1-aa2c8e3ca72d 0419d02043724f1093ba6676ae356d79 1322101a799449c189e79d8ba7ddfb0d - - default default] 10.0.0.115 "GET /v2.0/security-groups?id=8e7208f2-6443-448d-bf44-1a0bc93a1834&fields=id&fields=name HTTP/1.1" status: 200 len: 312 time: 0.0584607
2026-07-02 16:35:03.483 9 INFO neutron.wsgi [None req-c462fbf3-95ee-409d-b533-794d15f94216 2ac471ffb14f471eaa02d796dab3e614 291a8a4200aa4ea78232fba5063cae26 - - - -] 10.0.0.116 "PUT /v2.0/routers/a4e28458-cd9d-4959-9079-15271e8e554b/remove_router_interface HTTP/1.1" status: 200 len: 503 time: 2.5468473 /var/lib/openstack/lib/python3.10/site-packages/pycadf/identifier.py:71: UserWarning: Invalid uuid: neutron. To ensure interoperability, identifiers should be a valid uuid. warnings.warn(('Invalid uuid: %s. To ensure interoperability, '
2026-07-02 16:35:03.582 10 INFO neutron.wsgi [None req-6d001a7a-8589-4256-a3e9-b760875ebdab 2ac471ffb14f471eaa02d796dab3e614 291a8a4200aa4ea78232fba5063cae26 - - - -] 10.0.0.116 "DELETE /v2.0/routers/42a420bb-73c3-4151-a0f9-8e4cd5e397da HTTP/1.1" status: 204 len: 168 time: 0.8117082
2026-07-02 16:35:04.178 10 INFO neutron.wsgi [req-bd40cbc7-8424-4f7b-ad49-9d2419e74c88 req-7cda55ee-db5e-4138-8a6d-2008b2365f52 f2b8f552d2474259b4e91b6277559d60 ce8860f36b8c45d0ac54c952a2416f96 - - default default] 10.0.0.115 "GET /v2.0/ports?device_id=8fd155c0-75f2-4f2f-ad38-44463f1d202a HTTP/1.1" status: 200 len: 1168 time: 0.0378339
2026-07-02 16:35:04.229 10 INFO neutron.wsgi [None req-b7efc3d9-bf02-44a4-8e08-1b528eb5c885 2ac471ffb14f471eaa02d796dab3e614 291a8a4200aa4ea78232fba5063cae26 - - - -] 10.0.0.116 "DELETE /v2.0/subnets/15266d2d-70f6-48f2-b96a-11f44f446690 HTTP/1.1" status: 204 len: 168 time: 0.6314819
2026-07-02 16:35:04.238 10 INFO neutron.wsgi [req-bd40cbc7-8424-4f7b-ad49-9d2419e74c88 req-319c45f0-bee6-4828-8f74-e63bc883caa9 f2b8f552d2474259b4e91b6277559d60 ce8860f36b8c45d0ac54c952a2416f96 - - default default] 10.0.0.115 "GET /v2.0/security-groups?id=43e98826-090a-40e8-9c72-a2b551daae47&fields=id&fields=name HTTP/1.1" status: 200 len: 313 time: 0.0555236
2026-07-02 16:35:04.449 10 INFO neutron.wsgi [req-ee33db96-bc5f-4974-aa77-6ccef8074966 req-a335f609-2463-43d3-9168-30aa292cd981 0419d02043724f1093ba6676ae356d79 1322101a799449c189e79d8ba7ddfb0d - - default default] 10.0.0.115 "GET /v2.0/ports?device_id=02846129-a0dc-4868-98af-e846030b07e5 HTTP/1.1" status: 200 len: 1172 time: 0.0571921
2026-07-02 16:35:04.498 10 INFO neutron.wsgi [req-ee33db96-bc5f-4974-aa77-6ccef8074966 req-a00adb61-21f1-41b4-a818-bc7b3d5d88a8 0419d02043724f1093ba6676ae356d79 1322101a799449c189e79d8ba7ddfb0d - - default default] 10.0.0.115 "GET /v2.0/security-groups?id=8e7208f2-6443-448d-bf44-1a0bc93a1834&fields=id&fields=name HTTP/1.1" status: 200 len: 312 time: 0.0413170
2026-07-02 16:35:04.560 9 WARNING neutron.plugins.ml2.drivers.ovn.mech_driver.ovsdb.ovn_client [None req-ec7494a4-e628-4994-911c-93418f0e7e27 - - - - - -] No port found with ID c89688f0-cbb5-4a0f-a02c-1d7e8b2fa36f: RuntimeError: No port found with ID c89688f0-cbb5-4a0f-a02c-1d7e8b2fa36f
2026-07-02 16:35:04.789 9 INFO neutron.wsgi [None req-19d95185-94f4-4da7-9c54-25e12f708ff4 2ac471ffb14f471eaa02d796dab3e614 291a8a4200aa4ea78232fba5063cae26 - - - -] 10.0.0.116 "DELETE /v2.0/routers/a4e28458-cd9d-4959-9079-15271e8e554b HTTP/1.1" status: 204 len: 168 time: 1.3001072
2026-07-02 16:35:05.062 9 INFO neutron.wsgi [None req-ab2d1f80-581c-445a-9636-92a7f42aa415 2ac471ffb14f471eaa02d796dab3e614 291a8a4200aa4ea78232fba5063cae26 - - - -] 10.0.0.116 "DELETE /v2.0/networks/ae4e0026-efeb-428b-baa4-6c3b969542b1 HTTP/1.1" status: 204 len: 168 time: 0.8268228
2026-07-02 16:35:05.085 10 INFO neutron.wsgi [None req-b5c1d799-ab13-48d9-8ced-9a59e797f793 2ac471ffb14f471eaa02d796dab3e614 291a8a4200aa4ea78232fba5063cae26 - - - -] 10.0.0.116 "DELETE /v2.0/subnets/8771aa9b-c5dc-47ac-a2e5-a5edc98ef749 HTTP/1.1" status: 204 len: 168 time: 0.2897112
2026-07-02 16:35:05.275 9 INFO neutron.wsgi [None req-0395a69c-d179-4547-adc6-b80db0f61e6c 2ac471ffb14f471eaa02d796dab3e614 291a8a4200aa4ea78232fba5063cae26 - - default default] 10.0.0.116 "GET /v2.0/security-groups?tenant_id=dc6818829eea41b198d13ba27b734ea8&name=default HTTP/1.1" status: 200 len: 2992 time: 0.0495362
2026-07-02 16:35:05.328 10 INFO neutron.plugins.ml2.drivers.ovn.mech_driver.mech_driver [None req-c1e7f0c7-445f-4159-a3fc-72961c49ddd5 - - - - - -] OVN reports status up for port: fe4ab51e-9426-4b2c-ac1d-e224af17d350
2026-07-02 16:35:05.354 9 INFO neutron.plugins.ml2.drivers.ovn.mech_driver.mech_driver [None req-ec7494a4-e628-4994-911c-93418f0e7e27 - - - - - -] OVN reports status up for port: 233818a2-349e-45fa-a070-e7c6778277bf
2026-07-02 16:35:05.364 10 INFO neutron.plugins.ml2.plugin [None req-c1e7f0c7-445f-4159-a3fc-72961c49ddd5 - - - - - -] Attempt 1 to provision port fe4ab51e-9426-4b2c-ac1d-e224af17d350
2026-07-02 16:35:05.383 9 INFO neutron.plugins.ml2.plugin [None req-ec7494a4-e628-4994-911c-93418f0e7e27 - - - - - -] Attempt 1 to provision port 233818a2-349e-45fa-a070-e7c6778277bf
2026-07-02 16:35:05.436 10 INFO neutron.wsgi [req-9ca153a9-846d-42f6-8d47-df4a2ee8d932 req-09779ace-e5d6-41e0-a523-1e146f1b2ede f2b8f552d2474259b4e91b6277559d60 ce8860f36b8c45d0ac54c952a2416f96 - - default default] 10.0.0.115 "GET /v2.0/ports?device_id=8fd155c0-75f2-4f2f-ad38-44463f1d202a HTTP/1.1" status: 200 len: 1168 time: 0.0655174
2026-07-02 16:35:05.506 10 INFO neutron.wsgi [req-9ca153a9-846d-42f6-8d47-df4a2ee8d932 req-ba15a85b-26c7-4013-b64e-ec54c20ec072 f2b8f552d2474259b4e91b6277559d60 ce8860f36b8c45d0ac54c952a2416f96 - - default default] 10.0.0.115 "GET /v2.0/security-groups?id=43e98826-090a-40e8-9c72-a2b551daae47&fields=id&fields=name HTTP/1.1" status: 200 len: 313 time: 0.0627236
2026-07-02 16:35:05.655 10 INFO neutron.notifiers.nova [-] Nova event matching ['req-ae8e4a24-0c95-4243-b2bc-e1ea1ce45f5d'] response: {'server_uuid': '02846129-a0dc-4868-98af-e846030b07e5', 'name': 'network-vif-plugged', 'status': 'completed', 'tag': 'fe4ab51e-9426-4b2c-ac1d-e224af17d350', 'code': 200}
2026-07-02 16:35:05.668 9 INFO neutron.services.segments.plugin [-] Segment a6f3aa41-064b-48f6-9c66-6349f0942eec resource provider aggregate not found
2026-07-02 16:35:05.686 9 INFO neutron.wsgi [None req-64a2d927-8855-4092-98f3-016430fc9459 2ac471ffb14f471eaa02d796dab3e614 291a8a4200aa4ea78232fba5063cae26 - - - -] 10.0.0.116 "DELETE /v2.0/security-groups/9120dcd7-5b8c-44d1-b658-9457ab0b4554 HTTP/1.1" status: 204 len: 168 time: 0.4038825
2026-07-02 16:35:05.688 9 INFO neutron.notifiers.nova [-] Nova event matching ['req-e3ff4d2a-729d-4b97-b718-3d7ab4b05d5d'] response: {'server_uuid': '8fd155c0-75f2-4f2f-ad38-44463f1d202a', 'name': 'network-vif-plugged', 'status': 'completed', 'tag': '233818a2-349e-45fa-a070-e7c6778277bf', 'code': 200}
2026-07-02 16:35:05.698 9 INFO neutron.services.segments.plugin [-] Segment a6f3aa41-064b-48f6-9c66-6349f0942eec resource provider not found; error: Placement Client Error (4xx): {"errors": [{"status": 404, "title": "Not Found", "detail": "The resource could not be found.\n\n No resource provider with uuid a6f3aa41-064b-48f6-9c66-6349f0942eec found for delete ", "request_id": "req-8761a06d-559c-485e-98ac-c6db06846637"}]}
2026-07-02 16:35:05.715 10 INFO neutron.wsgi [req-00023277-fd05-4c68-b252-3b847f4b4572 req-1422305e-13c2-4a39-a706-b0aa39a80ff9 0419d02043724f1093ba6676ae356d79 1322101a799449c189e79d8ba7ddfb0d - - default default] 10.0.0.115 "GET /v2.0/ports?device_id=02846129-a0dc-4868-98af-e846030b07e5 HTTP/1.1" status: 200 len: 1174 time: 0.1011322
2026-07-02 16:35:05.764 9 INFO neutron.services.segments.plugin [-] Segment a6f3aa41-064b-48f6-9c66-6349f0942eec resource provider aggregate not found
2026-07-02 16:35:05.804 9 INFO neutron.services.segments.plugin [-] Segment a6f3aa41-064b-48f6-9c66-6349f0942eec resource provider not found; error: Placement Client Error (4xx): {"errors": [{"status": 404, "title": "Not Found", "detail": "The resource could not be found.\n\n No resource provider with uuid a6f3aa41-064b-48f6-9c66-6349f0942eec found for delete ", "request_id": "req-a1fb3476-597c-458a-adb4-b8f150d317b8"}]}
2026-07-02 16:35:05.815 10 INFO neutron.wsgi [None req-2cf68460-8db6-4fbf-8dcb-cc6cb1bbd78c 2ac471ffb14f471eaa02d796dab3e614 291a8a4200aa4ea78232fba5063cae26 - - - -] 10.0.0.116 "DELETE /v2.0/networks/d65504cd-b5ce-40d9-967d-d19d2e31670a HTTP/1.1" status: 204 len: 168 time: 0.7230585
2026-07-02 16:35:05.821 10 INFO neutron.wsgi [req-00023277-fd05-4c68-b252-3b847f4b4572 req-7c1a4fdb-3ce9-4142-bc33-c629ce13e6c7 0419d02043724f1093ba6676ae356d79 1322101a799449c189e79d8ba7ddfb0d - - default default] 10.0.0.115 "GET /v2.0/security-groups?id=8e7208f2-6443-448d-bf44-1a0bc93a1834&fields=id&fields=name HTTP/1.1" status: 200 len: 312 time: 0.0984240
2026-07-02 16:35:05.845 9 INFO neutron.db.ovn_revision_numbers_db [None req-ec7494a4-e628-4994-911c-93418f0e7e27 - - - - - -] Successfully bumped revision number for resource 233818a2-349e-45fa-a070-e7c6778277bf (type: ports) to 4
2026-07-02 16:35:05.911 10 INFO neutron.db.ovn_revision_numbers_db [None req-c1e7f0c7-445f-4159-a3fc-72961c49ddd5 - - - - - -] Successfully bumped revision number for resource fe4ab51e-9426-4b2c-ac1d-e224af17d350 (type: ports) to 4 /var/lib/openstack/lib/python3.10/site-packages/pycadf/identifier.py:71: UserWarning: Invalid uuid: neutron. To ensure interoperability, identifiers should be a valid uuid. warnings.warn(('Invalid uuid: %s. To ensure interoperability, '
2026-07-02 16:35:06.128 9 INFO neutron.wsgi [None req-3ed1655c-aed0-433d-bce3-a0f29940c83d 2ac471ffb14f471eaa02d796dab3e614 291a8a4200aa4ea78232fba5063cae26 - - default default] 10.0.0.116 "GET /v2.0/security-groups?tenant_id=09f33413aee94b3ea2c1a4f349ef78c4&name=default HTTP/1.1" status: 200 len: 2992 time: 0.0449851
2026-07-02 16:35:06.378 9 INFO neutron.wsgi [None req-e9fccdca-e8fe-492a-b676-0431a4ff2ff2 2ac471ffb14f471eaa02d796dab3e614 291a8a4200aa4ea78232fba5063cae26 - - - -] 10.0.0.116 "DELETE /v2.0/security-groups/699bb2dd-8d23-46be-96db-957c5694a169 HTTP/1.1" status: 204 len: 168 time: 0.2428291
2026-07-02 16:35:06.472 10 INFO neutron.services.segments.plugin [-] Segment e94415fc-0b4b-4fde-927e-1b039500ad65 resource provider aggregate not found
2026-07-02 16:35:06.497 10 INFO neutron.services.segments.plugin [-] Segment e94415fc-0b4b-4fde-927e-1b039500ad65 resource provider not found; error: Placement Client Error (4xx): {"errors": [{"status": 404, "title": "Not Found", "detail": "The resource could not be found.\n\n No resource provider with uuid e94415fc-0b4b-4fde-927e-1b039500ad65 found for delete ", "request_id": "req-b3c3025a-03aa-4d6c-82ee-b40383f31657"}]}
2026-07-02 16:35:06.521 10 INFO neutron.services.segments.plugin [-] Segment e94415fc-0b4b-4fde-927e-1b039500ad65 resource provider aggregate not found
2026-07-02 16:35:06.546 10 INFO neutron.services.segments.plugin [-] Segment e94415fc-0b4b-4fde-927e-1b039500ad65 resource provider not found; error: Placement Client Error (4xx): {"errors": [{"status": 404, "title": "Not Found", "detail": "The resource could not be found.\n\n No resource provider with uuid e94415fc-0b4b-4fde-927e-1b039500ad65 found for delete ", "request_id": "req-4fb7b065-352c-4117-a589-2d18af7f3212"}]} /var/lib/openstack/lib/python3.10/site-packages/pycadf/identifier.py:71: UserWarning: Invalid uuid: neutron. To ensure interoperability, identifiers should be a valid uuid. warnings.warn(('Invalid uuid: %s. To ensure interoperability, '
2026-07-02 16:35:06.664 10 INFO neutron.wsgi [req-345a0995-43ef-452d-a6cf-5e625b6cb053 req-70ac29e4-0370-4c9d-ad2c-d0d3bcd8275e f2b8f552d2474259b4e91b6277559d60 ce8860f36b8c45d0ac54c952a2416f96 - - default default] 10.0.0.115 "GET /v2.0/ports?device_id=8fd155c0-75f2-4f2f-ad38-44463f1d202a HTTP/1.1" status: 200 len: 1170 time: 0.0487425
2026-07-02 16:35:06.707 10 INFO neutron.wsgi [req-345a0995-43ef-452d-a6cf-5e625b6cb053 req-7bf670bd-30cb-4599-b0a7-bb0424909464 f2b8f552d2474259b4e91b6277559d60 ce8860f36b8c45d0ac54c952a2416f96 - - default default] 10.0.0.115 "GET /v2.0/security-groups?id=43e98826-090a-40e8-9c72-a2b551daae47&fields=id&fields=name HTTP/1.1" status: 200 len: 313 time: 0.0342908
2026-07-02 16:35:06.955 10 INFO neutron.wsgi [req-e8cc8949-fdb4-459b-b6c3-6d42c07917f2 req-ffbca903-bc8f-40e5-a4d1-5174403f5065 0419d02043724f1093ba6676ae356d79 1322101a799449c189e79d8ba7ddfb0d - - default default] 10.0.0.115 "GET /v2.0/ports?device_id=02846129-a0dc-4868-98af-e846030b07e5 HTTP/1.1" status: 200 len: 1174 time: 0.0536287
2026-07-02 16:35:07.008 10 INFO neutron.wsgi [req-e8cc8949-fdb4-459b-b6c3-6d42c07917f2 req-30982d1a-f052-461c-8833-45fe32b932ea 0419d02043724f1093ba6676ae356d79 1322101a799449c189e79d8ba7ddfb0d - - default default] 10.0.0.115 "GET /v2.0/security-groups?id=8e7208f2-6443-448d-bf44-1a0bc93a1834&fields=id&fields=name HTTP/1.1" status: 200 len: 312 time: 0.0419624
2026-07-02 16:35:07.307 10 INFO neutron.wsgi [req-a19303ab-1bed-437a-aa46-0dba029ed39d req-192b9a9e-325e-4833-b895-28e8cf2d20fb 0419d02043724f1093ba6676ae356d79 1322101a799449c189e79d8ba7ddfb0d - - default default] 10.0.0.115 "GET /v2.0/ports?device_id=02846129-a0dc-4868-98af-e846030b07e5 HTTP/1.1" status: 200 len: 1174 time: 0.1888618
2026-07-02 16:35:07.757 9 INFO neutron.notifiers.nova [-] Nova event matching ['req-ececf654-356e-4ff5-87cf-db2cda0ae65e'] response: {'server_uuid': '8fd155c0-75f2-4f2f-ad38-44463f1d202a', 'name': 'network-vif-plugged', 'status': 'completed', 'tag': '233818a2-349e-45fa-a070-e7c6778277bf', 'code': 200}
2026-07-02 16:35:07.891 10 INFO neutron.notifiers.nova [-] Nova event matching ['req-80d96a48-0e94-47e1-b7a0-7ca974c6ac28'] response: {'server_uuid': '02846129-a0dc-4868-98af-e846030b07e5', 'name': 'network-vif-plugged', 'status': 'completed', 'tag': 'fe4ab51e-9426-4b2c-ac1d-e224af17d350', 'code': 200}
2026-07-02 16:35:07.923 10 INFO neutron.db.l3_db [None req-a454de78-1dcf-4afa-a4a3-b7b7aeb257d1 0419d02043724f1093ba6676ae356d79 1322101a799449c189e79d8ba7ddfb0d - - - -] Floating IP 17fa0d3a-87d7-4d24-88a9-8ff63a2c4877 associated. External IP: 10.96.250.216, port: fe4ab51e-9426-4b2c-ac1d-e224af17d350.
2026-07-02 16:35:08.042 10 INFO neutron.wsgi [req-b68e1cb7-ec44-4a30-8935-e2dce038ec97 req-d207375c-734a-48e3-a957-b9d33b7ff0f4 f2b8f552d2474259b4e91b6277559d60 ce8860f36b8c45d0ac54c952a2416f96 - - default default] 10.0.0.115 "GET /v2.0/ports?device_id=8fd155c0-75f2-4f2f-ad38-44463f1d202a HTTP/1.1" status: 200 len: 1170 time: 0.1880009
2026-07-02 16:35:08.129 10 INFO neutron.wsgi [req-b68e1cb7-ec44-4a30-8935-e2dce038ec97 req-47133d23-1d95-4267-b713-1d9a437563a2 f2b8f552d2474259b4e91b6277559d60 ce8860f36b8c45d0ac54c952a2416f96 - - default default] 10.0.0.115 "GET /v2.0/security-groups?id=43e98826-090a-40e8-9c72-a2b551daae47&fields=id&fields=name HTTP/1.1" status: 200 len: 313 time: 0.0810835
2026-07-02 16:35:08.199 10 INFO neutron.db.ovn_revision_numbers_db [None req-a454de78-1dcf-4afa-a4a3-b7b7aeb257d1 0419d02043724f1093ba6676ae356d79 1322101a799449c189e79d8ba7ddfb0d - - - -] Successfully bumped revision number for resource 17fa0d3a-87d7-4d24-88a9-8ff63a2c4877 (type: floatingips) to 1
2026-07-02 16:35:08.308 10 INFO neutron.wsgi [req-6b75e121-117c-41d3-83a0-09ca1ef8dcfa req-16404d66-15c7-4182-a543-795f29c2c24a f2b8f552d2474259b4e91b6277559d60 ce8860f36b8c45d0ac54c952a2416f96 - - default default] 10.0.0.115 "GET /v2.0/ports?device_id=8fd155c0-75f2-4f2f-ad38-44463f1d202a HTTP/1.1" status: 200 len: 1170 time: 0.0573888 /var/lib/openstack/lib/python3.10/site-packages/pycadf/identifier.py:71: UserWarning: Invalid uuid: neutron. To ensure interoperability, identifiers should be a valid uuid. warnings.warn(('Invalid uuid: %s. To ensure interoperability, '
2026-07-02 16:35:08.340 10 INFO neutron.db.ovn_revision_numbers_db [None req-a454de78-1dcf-4afa-a4a3-b7b7aeb257d1 0419d02043724f1093ba6676ae356d79 1322101a799449c189e79d8ba7ddfb0d - - - -] Successfully bumped revision number for resource 17fa0d3a-87d7-4d24-88a9-8ff63a2c4877 (type: floatingips) to 2
2026-07-02 16:35:08.375 10 INFO neutron.wsgi [None req-a454de78-1dcf-4afa-a4a3-b7b7aeb257d1 0419d02043724f1093ba6676ae356d79 1322101a799449c189e79d8ba7ddfb0d - - - -] 10.0.0.116 "PUT /v2.0/floatingips/17fa0d3a-87d7-4d24-88a9-8ff63a2c4877 HTTP/1.1" status: 200 len: 1050 time: 1.0545416
2026-07-02 16:35:08.399 10 INFO neutron.db.ovn_revision_numbers_db [None req-1ce909e1-9c64-46f6-9a7a-02e6aa97f52d 2ac471ffb14f471eaa02d796dab3e614 291a8a4200aa4ea78232fba5063cae26 - - - -] Successfully bumped revision number for resource 0e079276-84ce-43ba-82d0-2b0298f035ce (type: security_groups) to 1
2026-07-02 16:35:08.486 10 INFO neutron.wsgi [req-37717a10-d2b4-411e-80f2-caf02cbcae2d req-16d6a03c-f2c3-46ab-ae5c-2e62c75f79ce 0419d02043724f1093ba6676ae356d79 1322101a799449c189e79d8ba7ddfb0d - - default default] 10.0.0.115 "GET /v2.0/ports?device_id=02846129-a0dc-4868-98af-e846030b07e5 HTTP/1.1" status: 200 len: 1174 time: 0.0595498
2026-07-02 16:35:08.489 10 INFO neutron.db.segments_db [None req-1ce909e1-9c64-46f6-9a7a-02e6aa97f52d 2ac471ffb14f471eaa02d796dab3e614 291a8a4200aa4ea78232fba5063cae26 - - - -] Added segment 225c7d76-d97e-4b29-810f-2e67b0efbd8b of type geneve for network e8e7a6dd-632c-4ae7-82a9-f5f17dd2b8dd
2026-07-02 16:35:08.549 10 INFO neutron.wsgi [req-37717a10-d2b4-411e-80f2-caf02cbcae2d req-1f196e22-7171-4525-8d7a-70ca16a0b12e 0419d02043724f1093ba6676ae356d79 1322101a799449c189e79d8ba7ddfb0d - - default default] 10.0.0.115 "GET /v2.0/security-groups?id=8e7208f2-6443-448d-bf44-1a0bc93a1834&fields=id&fields=name HTTP/1.1" status: 200 len: 312 time: 0.0525997
2026-07-02 16:35:08.657 10 INFO neutron.db.ovn_revision_numbers_db [None req-1ce909e1-9c64-46f6-9a7a-02e6aa97f52d 2ac471ffb14f471eaa02d796dab3e614 291a8a4200aa4ea78232fba5063cae26 - - - -] Successfully bumped revision number for resource e8e7a6dd-632c-4ae7-82a9-f5f17dd2b8dd (type: networks) to 1
2026-07-02 16:35:08.905 10 WARNING neutron.scheduler.dhcp_agent_scheduler [None req-1ce909e1-9c64-46f6-9a7a-02e6aa97f52d 2ac471ffb14f471eaa02d796dab3e614 291a8a4200aa4ea78232fba5063cae26 - - - -] No more DHCP agents
2026-07-02 16:35:08.910 10 WARNING neutron.api.rpc.agentnotifiers.dhcp_rpc_agent_api [None req-1ce909e1-9c64-46f6-9a7a-02e6aa97f52d 2ac471ffb14f471eaa02d796dab3e614 291a8a4200aa4ea78232fba5063cae26 - - - -] Unable to schedule network e8e7a6dd-632c-4ae7-82a9-f5f17dd2b8dd: no agents available; will retry on subsequent port and subnet creation events.
2026-07-02 16:35:08.972 10 INFO neutron.db.ovn_revision_numbers_db [None req-b6e7d396-52e9-4948-badf-b3a5c944dd19 2ac471ffb14f471eaa02d796dab3e614 291a8a4200aa4ea78232fba5063cae26 - - - -] Successfully bumped revision number for resource 7e90211c-646e-4a49-869a-5dea8dd1df4a (type: security_groups) to 1
2026-07-02 16:35:09.008 10 INFO neutron.db.ovn_revision_numbers_db [None req-1ce909e1-9c64-46f6-9a7a-02e6aa97f52d 2ac471ffb14f471eaa02d796dab3e614 291a8a4200aa4ea78232fba5063cae26 - - - -] Successfully bumped revision number for resource 5b182cb2-191f-4e00-b66b-5fe91ef979f3 (type: ports) to 1
2026-07-02 16:35:09.034 10 INFO neutron.db.segments_db [None req-b6e7d396-52e9-4948-badf-b3a5c944dd19 2ac471ffb14f471eaa02d796dab3e614 291a8a4200aa4ea78232fba5063cae26 - - - -] Added segment 378f00cc-b46c-499e-b338-bbe9c2abf7ba of type geneve for network 7d10d65d-29c6-40d8-ac42-49c6d0f6f650
2026-07-02 16:35:09.044 10 INFO neutron.wsgi [None req-1ce909e1-9c64-46f6-9a7a-02e6aa97f52d 2ac471ffb14f471eaa02d796dab3e614 291a8a4200aa4ea78232fba5063cae26 - - - -] 10.0.0.116 "POST /v2.0/networks HTTP/1.1" status: 201 len: 949 time: 1.0696714
2026-07-02 16:35:09.136 9 INFO neutron.db.l3_db [None req-94901718-c035-445c-84e8-1bbdc8dd1f19 f2b8f552d2474259b4e91b6277559d60 ce8860f36b8c45d0ac54c952a2416f96 - - - -] Floating IP b7773757-ffd3-4342-984a-777cc9f17fd2 associated. External IP: 10.96.250.211, port: 233818a2-349e-45fa-a070-e7c6778277bf.
2026-07-02 16:35:09.190 10 INFO neutron.db.ovn_revision_numbers_db [None req-b6e7d396-52e9-4948-badf-b3a5c944dd19 2ac471ffb14f471eaa02d796dab3e614 291a8a4200aa4ea78232fba5063cae26 - - - -] Successfully bumped revision number for resource 7d10d65d-29c6-40d8-ac42-49c6d0f6f650 (type: networks) to 1
2026-07-02 16:35:09.425 9 WARNING neutron.scheduler.dhcp_agent_scheduler [None req-de8571fa-3fdf-4c92-a960-f4a7a980d122 2ac471ffb14f471eaa02d796dab3e614 291a8a4200aa4ea78232fba5063cae26 - - - -] No more DHCP agents
2026-07-02 16:35:09.436 10 WARNING neutron.scheduler.dhcp_agent_scheduler [None req-b6e7d396-52e9-4948-badf-b3a5c944dd19 2ac471ffb14f471eaa02d796dab3e614 291a8a4200aa4ea78232fba5063cae26 - - - -] No more DHCP agents
2026-07-02 16:35:09.439 10 WARNING neutron.api.rpc.agentnotifiers.dhcp_rpc_agent_api [None req-b6e7d396-52e9-4948-badf-b3a5c944dd19 2ac471ffb14f471eaa02d796dab3e614 291a8a4200aa4ea78232fba5063cae26 - - - -] Unable to schedule network 7d10d65d-29c6-40d8-ac42-49c6d0f6f650: no agents available; will retry on subsequent port and subnet creation events.
2026-07-02 16:35:09.441 9 WARNING neutron.api.rpc.agentnotifiers.dhcp_rpc_agent_api [None req-de8571fa-3fdf-4c92-a960-f4a7a980d122 2ac471ffb14f471eaa02d796dab3e614 291a8a4200aa4ea78232fba5063cae26 - - - -] Unable to schedule network e8e7a6dd-632c-4ae7-82a9-f5f17dd2b8dd: no agents available; will retry on subsequent port and subnet creation events.
2026-07-02 16:35:09.515 9 INFO neutron.db.ovn_revision_numbers_db [None req-94901718-c035-445c-84e8-1bbdc8dd1f19 f2b8f552d2474259b4e91b6277559d60 ce8860f36b8c45d0ac54c952a2416f96 - - - -] Successfully bumped revision number for resource b7773757-ffd3-4342-984a-777cc9f17fd2 (type: floatingips) to 1
2026-07-02 16:35:09.535 10 INFO neutron.db.ovn_revision_numbers_db [None req-b6e7d396-52e9-4948-badf-b3a5c944dd19 2ac471ffb14f471eaa02d796dab3e614 291a8a4200aa4ea78232fba5063cae26 - - - -] Successfully bumped revision number for resource 9081c2d6-06f4-4dbd-bf76-dce84ff98837 (type: ports) to 1
2026-07-02 16:35:09.564 10 INFO neutron.wsgi [None req-b6e7d396-52e9-4948-badf-b3a5c944dd19 2ac471ffb14f471eaa02d796dab3e614 291a8a4200aa4ea78232fba5063cae26 - - - -] 10.0.0.116 "POST /v2.0/networks HTTP/1.1" status: 201 len: 945 time: 0.9508185 /var/lib/openstack/lib/python3.10/site-packages/pycadf/identifier.py:71: UserWarning: Invalid uuid: neutron. To ensure interoperability, identifiers should be a valid uuid. warnings.warn(('Invalid uuid: %s. To ensure interoperability, '
2026-07-02 16:35:09.681 9 INFO neutron.db.ovn_revision_numbers_db [None req-94901718-c035-445c-84e8-1bbdc8dd1f19 f2b8f552d2474259b4e91b6277559d60 ce8860f36b8c45d0ac54c952a2416f96 - - - -] Successfully bumped revision number for resource b7773757-ffd3-4342-984a-777cc9f17fd2 (type: floatingips) to 2
2026-07-02 16:35:09.718 9 INFO neutron.wsgi [None req-94901718-c035-445c-84e8-1bbdc8dd1f19 f2b8f552d2474259b4e91b6277559d60 ce8860f36b8c45d0ac54c952a2416f96 - - - -] 10.0.0.116 "PUT /v2.0/floatingips/b7773757-ffd3-4342-984a-777cc9f17fd2 HTTP/1.1" status: 200 len: 1049 time: 1.3952010
2026-07-02 16:35:09.817 9 INFO neutron.notifiers.nova [-] Nova event matching ['req-068b1edc-87d4-4dcc-a5a3-7c3037517092'] response: {'name': 'network-changed', 'server_uuid': '8fd155c0-75f2-4f2f-ad38-44463f1d202a', 'tag': '233818a2-349e-45fa-a070-e7c6778277bf', 'status': 'completed', 'code': 200}
2026-07-02 16:35:09.832 10 WARNING neutron.scheduler.dhcp_agent_scheduler [None req-681411a2-737a-4f1d-8235-55ca418757d2 2ac471ffb14f471eaa02d796dab3e614 291a8a4200aa4ea78232fba5063cae26 - - - -] No more DHCP agents
2026-07-02 16:35:09.839 10 WARNING neutron.api.rpc.agentnotifiers.dhcp_rpc_agent_api [None req-681411a2-737a-4f1d-8235-55ca418757d2 2ac471ffb14f471eaa02d796dab3e614 291a8a4200aa4ea78232fba5063cae26 - - - -] Unable to schedule network 7d10d65d-29c6-40d8-ac42-49c6d0f6f650: no agents available; will retry on subsequent port and subnet creation events.
2026-07-02 16:35:09.858 10 INFO neutron.wsgi [req-55569c77-24ec-46d9-bf57-1b9003757745 req-8690caf1-96bd-424e-a170-763050ed3db7 f2b8f552d2474259b4e91b6277559d60 ce8860f36b8c45d0ac54c952a2416f96 - - default default] 10.0.0.115 "GET /v2.0/ports?device_id=8fd155c0-75f2-4f2f-ad38-44463f1d202a HTTP/1.1" status: 200 len: 1170 time: 0.0709651
2026-07-02 16:35:09.884 9 INFO neutron.wsgi [req-a7a14a33-5726-4de9-af9e-240c87e5de85 req-c16848a4-7f18-4117-9349-3f1129a1c1ca 816e0fe0e2c94c3f9ed719a637978ec4 78acf20edb0945f694bde75abc038ede - - 18978e90542b4dfd85a92c0da9b0c354 18978e90542b4dfd85a92c0da9b0c354] 199.19.213.52 "GET /v2.0/ports?tenant_id=ce8860f36b8c45d0ac54c952a2416f96&device_id=8fd155c0-75f2-4f2f-ad38-44463f1d202a HTTP/1.1" status: 200 len: 1361 time: 0.0463479
2026-07-02 16:35:09.930 10 INFO neutron.notifiers.nova [-] Nova event matching ['req-58a4607c-57e3-421e-a08d-55d1d5baedf4'] response: {'name': 'network-changed', 'server_uuid': '02846129-a0dc-4868-98af-e846030b07e5', 'tag': 'fe4ab51e-9426-4b2c-ac1d-e224af17d350', 'status': 'completed', 'code': 200}
2026-07-02 16:35:09.966 10 INFO neutron.wsgi [req-55569c77-24ec-46d9-bf57-1b9003757745 req-3c991307-6c58-42f3-aa04-d520b8d9ab41 f2b8f552d2474259b4e91b6277559d60 ce8860f36b8c45d0ac54c952a2416f96 - - default default] 10.0.0.115 "GET /v2.0/security-groups?id=43e98826-090a-40e8-9c72-a2b551daae47&fields=id&fields=name HTTP/1.1" status: 200 len: 313 time: 0.0870564
2026-07-02 16:35:09.973 9 INFO neutron.wsgi [req-a7a14a33-5726-4de9-af9e-240c87e5de85 req-afce24ed-7543-4884-8251-f2aa55109ec3 816e0fe0e2c94c3f9ed719a637978ec4 78acf20edb0945f694bde75abc038ede - - 18978e90542b4dfd85a92c0da9b0c354 18978e90542b4dfd85a92c0da9b0c354] 199.19.213.52 "GET /v2.0/networks?id=2f532973-7463-419b-9039-f08af96bcd63 HTTP/1.1" status: 200 len: 967 time: 0.0782888
2026-07-02 16:35:10.014 10 INFO neutron.wsgi [req-6a3df33c-0bb9-4609-b6c8-42584756e913 req-642f8411-af52-491d-a9b8-111a97fa7c58 816e0fe0e2c94c3f9ed719a637978ec4 78acf20edb0945f694bde75abc038ede - - 18978e90542b4dfd85a92c0da9b0c354 18978e90542b4dfd85a92c0da9b0c354] 199.19.213.52 "GET /v2.0/ports?tenant_id=1322101a799449c189e79d8ba7ddfb0d&device_id=02846129-a0dc-4868-98af-e846030b07e5 HTTP/1.1" status: 200 len: 1365 time: 0.0594583
2026-07-02 16:35:10.050 9 INFO neutron.wsgi [req-a7a14a33-5726-4de9-af9e-240c87e5de85 req-4357bdb3-d922-40f7-9cb6-c3f9da3915fb 816e0fe0e2c94c3f9ed719a637978ec4 78acf20edb0945f694bde75abc038ede - - 18978e90542b4dfd85a92c0da9b0c354 18978e90542b4dfd85a92c0da9b0c354] 199.19.213.52 "GET /v2.0/floatingips?fixed_ip_address=10.100.0.6&port_id=233818a2-349e-45fa-a070-e7c6778277bf HTTP/1.1" status: 200 len: 1059 time: 0.0681150
2026-07-02 16:35:10.115 10 INFO neutron.wsgi [req-6a3df33c-0bb9-4609-b6c8-42584756e913 req-a4a83814-c142-4a7f-a83a-b7ab5fc0ea91 816e0fe0e2c94c3f9ed719a637978ec4 78acf20edb0945f694bde75abc038ede - - 18978e90542b4dfd85a92c0da9b0c354 18978e90542b4dfd85a92c0da9b0c354] 199.19.213.52 "GET /v2.0/networks?id=57ff82a4-8e7b-4e2f-81be-d04c11008c9d HTTP/1.1" status: 200 len: 982 time: 0.0962656
2026-07-02 16:35:10.133 9 INFO neutron.wsgi [req-a7a14a33-5726-4de9-af9e-240c87e5de85 req-178ba556-8dcb-4c16-bec5-ec979cc25737 816e0fe0e2c94c3f9ed719a637978ec4 78acf20edb0945f694bde75abc038ede - - 18978e90542b4dfd85a92c0da9b0c354 18978e90542b4dfd85a92c0da9b0c354] 199.19.213.52 "GET /v2.0/subnets?id=c975c3e7-6e6f-4308-a1fc-315cec29347c HTTP/1.1" status: 200 len: 863 time: 0.0752087
2026-07-02 16:35:10.147 9 INFO neutron.db.ovn_revision_numbers_db [None req-de8571fa-3fdf-4c92-a960-f4a7a980d122 2ac471ffb14f471eaa02d796dab3e614 291a8a4200aa4ea78232fba5063cae26 - - - -] Successfully bumped revision number for resource 5b182cb2-191f-4e00-b66b-5fe91ef979f3 (type: ports) to 2
2026-07-02 16:35:10.161 9 INFO neutron.wsgi [req-a7a14a33-5726-4de9-af9e-240c87e5de85 req-1f8b7c93-892b-4fb3-8acc-808f714e3f92 816e0fe0e2c94c3f9ed719a637978ec4 78acf20edb0945f694bde75abc038ede - - 18978e90542b4dfd85a92c0da9b0c354 18978e90542b4dfd85a92c0da9b0c354] 199.19.213.52 "GET /v2.0/ports?network_id=2f532973-7463-419b-9039-f08af96bcd63&device_owner=network%3Adhcp HTTP/1.1" status: 200 len: 210 time: 0.0210526
2026-07-02 16:35:10.172 9 INFO neutron.db.ovn_revision_numbers_db [None req-de8571fa-3fdf-4c92-a960-f4a7a980d122 2ac471ffb14f471eaa02d796dab3e614 291a8a4200aa4ea78232fba5063cae26 - - - -] Successfully bumped revision number for resource 1c4dfba0-4b6f-4cc7-b8ac-e08f2c15148b (type: subnets) to 0
2026-07-02 16:35:10.201 9 INFO neutron.wsgi [None req-de8571fa-3fdf-4c92-a960-f4a7a980d122 2ac471ffb14f471eaa02d796dab3e614 291a8a4200aa4ea78232fba5063cae26 - - - -] 10.0.0.116 "POST /v2.0/subnets HTTP/1.1" status: 201 len: 869 time: 1.1496091
2026-07-02 16:35:10.383 10 INFO neutron.wsgi [req-6a3df33c-0bb9-4609-b6c8-42584756e913 req-747b63bd-adb9-417c-9b1d-f2657abf3fe6 816e0fe0e2c94c3f9ed719a637978ec4 78acf20edb0945f694bde75abc038ede - - 18978e90542b4dfd85a92c0da9b0c354 18978e90542b4dfd85a92c0da9b0c354] 199.19.213.52 "GET /v2.0/floatingips?fixed_ip_address=10.100.0.14&port_id=fe4ab51e-9426-4b2c-ac1d-e224af17d350 HTTP/1.1" status: 200 len: 1060 time: 0.2544479
2026-07-02 16:35:10.436 9 INFO neutron.wsgi [req-a7a14a33-5726-4de9-af9e-240c87e5de85 req-9502cf19-beaf-4aff-a18c-b6c4cbab5748 816e0fe0e2c94c3f9ed719a637978ec4 78acf20edb0945f694bde75abc038ede - - 18978e90542b4dfd85a92c0da9b0c354 18978e90542b4dfd85a92c0da9b0c354] 199.19.213.52 "GET /v2.0/networks/2f532973-7463-419b-9039-f08af96bcd63?fields=segments HTTP/1.1" status: 200 len: 212 time: 0.2652373
2026-07-02 16:35:10.480 9 INFO neutron.plugins.ml2.drivers.ovn.mech_driver.mech_driver [None req-ec7494a4-e628-4994-911c-93418f0e7e27 - - - - - -] OVN reports status down for port: 233818a2-349e-45fa-a070-e7c6778277bf
2026-07-02 16:35:10.490 10 INFO neutron.wsgi [req-db656f53-4b9d-47a5-9be1-7fb5ca497621 req-1b022628-11de-4033-9405-2d7318447197 f2b8f552d2474259b4e91b6277559d60 ce8860f36b8c45d0ac54c952a2416f96 - - default default] 10.0.0.115 "GET /v2.0/ports?device_id=8fd155c0-75f2-4f2f-ad38-44463f1d202a HTTP/1.1" status: 200 len: 1170 time: 0.0822330
2026-07-02 16:35:10.496 10 INFO neutron.wsgi [req-6a3df33c-0bb9-4609-b6c8-42584756e913 req-e9b33167-fd59-40e7-bc43-e5fd8bf8d74e 816e0fe0e2c94c3f9ed719a637978ec4 78acf20edb0945f694bde75abc038ede - - 18978e90542b4dfd85a92c0da9b0c354 18978e90542b4dfd85a92c0da9b0c354] 199.19.213.52 "GET /v2.0/subnets?id=ba077f55-ed17-4a51-9a56-579c1491c920 HTTP/1.1" status: 200 len: 877 time: 0.0753098
2026-07-02 16:35:10.552 10 INFO neutron.wsgi [req-6a3df33c-0bb9-4609-b6c8-42584756e913 req-70332dc3-75be-41cc-9a16-14d1907ac979 816e0fe0e2c94c3f9ed719a637978ec4 78acf20edb0945f694bde75abc038ede - - 18978e90542b4dfd85a92c0da9b0c354 18978e90542b4dfd85a92c0da9b0c354] 199.19.213.52 "GET /v2.0/ports?network_id=57ff82a4-8e7b-4e2f-81be-d04c11008c9d&device_owner=network%3Adhcp HTTP/1.1" status: 200 len: 210 time: 0.0453160
2026-07-02 16:35:10.572 10 INFO neutron.wsgi [req-db656f53-4b9d-47a5-9be1-7fb5ca497621 req-d29cd3bc-c9f8-481b-b554-10c8683cc4ac f2b8f552d2474259b4e91b6277559d60 ce8860f36b8c45d0ac54c952a2416f96 - - default default] 10.0.0.115 "GET /v2.0/security-groups?id=43e98826-090a-40e8-9c72-a2b551daae47&fields=id&fields=name HTTP/1.1" status: 200 len: 313 time: 0.0722475
