2026-07-02 16:37:08.214 10 WARNING neutron.api.rpc.agentnotifiers.dhcp_rpc_agent_api [None req-f3026714-26da-4393-8535-1049ad119045 517f10b2d32b4a608a2124c624506398 0934f036f1ab48489fffeb94796bba15 - - - -] Unable to schedule network 17e9e74e-fb4b-49f1-9968-65df7456c46d: no agents available; will retry on subsequent port and subnet creation events.
2026-07-02 16:37:08.293 10 WARNING neutron.scheduler.dhcp_agent_scheduler [None req-5022def2-42a1-4742-8b6e-e3024a87dae1 01b87c2b25004c0088a495c7fa30bc79 0aaece42076c4d288819f53add6ca55d - - - -] No more DHCP agents
2026-07-02 16:37:08.297 10 WARNING neutron.api.rpc.agentnotifiers.dhcp_rpc_agent_api [None req-5022def2-42a1-4742-8b6e-e3024a87dae1 01b87c2b25004c0088a495c7fa30bc79 0aaece42076c4d288819f53add6ca55d - - - -] Unable to schedule network 89fb4464-91f1-47d2-ae82-6009fa205fca: no agents available; will retry on subsequent port and subnet creation events.
2026-07-02 16:37:08.407 9 INFO neutron.db.ovn_revision_numbers_db [None req-bbf177e6-76f6-4ba8-b6dd-9cfe1492e1c8 6bbcdee396934d72b0bccea287047d18 242fbfd7f926485eb18724778e9bdf56 - - - -] Successfully bumped revision number for resource af00823a-b71a-4e91-a2a1-c215f3006328 (type: routers) to 1
2026-07-02 16:37:08.424 9 INFO neutron.wsgi [None req-bbf177e6-76f6-4ba8-b6dd-9cfe1492e1c8 6bbcdee396934d72b0bccea287047d18 242fbfd7f926485eb18724778e9bdf56 - - - -] 10.0.0.116 "POST /v2.0/routers HTTP/1.1" status: 201 len: 690 time: 0.2223368
2026-07-02 16:37:08.454 10 INFO neutron.services.segments.plugin [-] Segment 5cc59dc7-a492-41a3-855f-1b5af2a3db22 resource provider aggregate not found
2026-07-02 16:37:08.474 10 INFO neutron.services.segments.plugin [-] Segment 5cc59dc7-a492-41a3-855f-1b5af2a3db22 resource provider aggregate not found
2026-07-02 16:37:08.479 10 INFO neutron.services.segments.plugin [-] Segment 5cc59dc7-a492-41a3-855f-1b5af2a3db22 resource provider not found; error: Placement Client Error (4xx): {"errors": [{"status": 404, "title": "Not Found", "detail": "The resource could not be found.\n\n No resource provider with uuid 5cc59dc7-a492-41a3-855f-1b5af2a3db22 found for delete ", "request_id": "req-42c2781d-2fa1-43fd-a8eb-d04a602cb036"}]}
2026-07-02 16:37:08.495 10 INFO neutron.services.segments.plugin [-] Segment 5cc59dc7-a492-41a3-855f-1b5af2a3db22 resource provider not found; error: Placement Client Error (4xx): {"errors": [{"status": 404, "title": "Not Found", "detail": "The resource could not be found.\n\n No resource provider with uuid 5cc59dc7-a492-41a3-855f-1b5af2a3db22 found for delete ", "request_id": "req-dd7646d6-e8dd-4a4f-9fe3-b9d253412bbb"}]}
2026-07-02 16:37:08.818 9 WARNING neutron.scheduler.dhcp_agent_scheduler [None req-f25a4e8b-377c-4f5c-b24c-e57c37e739fa 6bbcdee396934d72b0bccea287047d18 242fbfd7f926485eb18724778e9bdf56 - - - -] No more DHCP agents
2026-07-02 16:37:08.820 9 WARNING neutron.api.rpc.agentnotifiers.dhcp_rpc_agent_api [None req-f25a4e8b-377c-4f5c-b24c-e57c37e739fa 6bbcdee396934d72b0bccea287047d18 242fbfd7f926485eb18724778e9bdf56 - - - -] Unable to schedule network 7ae8bf21-a6f3-4fcf-b807-856ea42c9309: no agents available; will retry on subsequent port and subnet creation events.
2026-07-02 16:37:08.903 9 INFO neutron.db.ovn_revision_numbers_db [None req-f25a4e8b-377c-4f5c-b24c-e57c37e739fa 6bbcdee396934d72b0bccea287047d18 242fbfd7f926485eb18724778e9bdf56 - - - -] Successfully bumped revision number for resource 3b76956c-e5c5-4107-b19e-58f6bc6bec31 (type: ports) to 1
2026-07-02 16:37:08.928 9 INFO neutron.wsgi [None req-f25a4e8b-377c-4f5c-b24c-e57c37e739fa 6bbcdee396934d72b0bccea287047d18 242fbfd7f926485eb18724778e9bdf56 - - - -] 10.0.0.116 "POST /v2.0/ports HTTP/1.1" status: 201 len: 1163 time: 0.4964228 /var/lib/openstack/lib/python3.10/site-packages/pycadf/identifier.py:71: UserWarning: Invalid uuid: neutron. To ensure interoperability, identifiers should be a valid uuid. warnings.warn(('Invalid uuid: %s. To ensure interoperability, '
2026-07-02 16:37:09.132 9 INFO neutron.services.segments.plugin [-] Segment a6c92f58-3daf-4060-9c1f-0a2764c2ae9f resource provider aggregate not found
2026-07-02 16:37:09.180 9 INFO neutron.services.segments.plugin [-] Segment a6c92f58-3daf-4060-9c1f-0a2764c2ae9f resource provider aggregate not found
2026-07-02 16:37:09.190 9 INFO neutron.services.segments.plugin [-] Segment a6c92f58-3daf-4060-9c1f-0a2764c2ae9f resource provider not found; error: Placement Client Error (4xx): {"errors": [{"status": 404, "title": "Not Found", "detail": "The resource could not be found.\n\n No resource provider with uuid a6c92f58-3daf-4060-9c1f-0a2764c2ae9f found for delete ", "request_id": "req-d516440b-bb53-41e2-b684-f3ffa1ec3c01"}]}
2026-07-02 16:37:09.209 9 INFO neutron.services.segments.plugin [-] Segment a6c92f58-3daf-4060-9c1f-0a2764c2ae9f resource provider not found; error: Placement Client Error (4xx): {"errors": [{"status": 404, "title": "Not Found", "detail": "The resource could not be found.\n\n No resource provider with uuid a6c92f58-3daf-4060-9c1f-0a2764c2ae9f found for delete ", "request_id": "req-6edef201-a142-4cf2-a140-3a968433fe81"}]}
2026-07-02 16:37:09.224 9 WARNING neutron.plugins.ml2.drivers.ovn.mech_driver.ovsdb.ovn_client [None req-ec7494a4-e628-4994-911c-93418f0e7e27 - - - - - -] No port found with ID 8adc3235-2def-468a-9184-7ff3df65ac7d: RuntimeError: No port found with ID 8adc3235-2def-468a-9184-7ff3df65ac7d
2026-07-02 16:37:09.279 10 INFO neutron.db.ovn_revision_numbers_db [None req-5022def2-42a1-4742-8b6e-e3024a87dae1 01b87c2b25004c0088a495c7fa30bc79 0aaece42076c4d288819f53add6ca55d - - - -] Successfully bumped revision number for resource 438b960f-6f0e-4ff9-8245-b86330c001cc (type: floatingips) to 0
2026-07-02 16:37:09.303 10 INFO neutron.wsgi [None req-5022def2-42a1-4742-8b6e-e3024a87dae1 01b87c2b25004c0088a495c7fa30bc79 0aaece42076c4d288819f53add6ca55d - - - -] 10.0.0.116 "POST /v2.0/floatingips HTTP/1.1" status: 201 len: 751 time: 1.4412470
2026-07-02 16:37:09.367 10 INFO neutron.db.ovn_revision_numbers_db [None req-f3026714-26da-4393-8535-1049ad119045 517f10b2d32b4a608a2124c624506398 0934f036f1ab48489fffeb94796bba15 - - - -] Successfully bumped revision number for resource 7b0cbc20-306b-4c30-b64b-2cb4866b77d8 (type: ports) to 2
2026-07-02 16:37:09.399 10 INFO neutron.db.ovn_revision_numbers_db [None req-f3026714-26da-4393-8535-1049ad119045 517f10b2d32b4a608a2124c624506398 0934f036f1ab48489fffeb94796bba15 - - - -] Successfully bumped revision number for resource b94c8707-c6e9-4803-b428-5688331ab2b5 (type: subnets) to 0
2026-07-02 16:37:09.420 10 INFO neutron.wsgi [None req-f3026714-26da-4393-8535-1049ad119045 517f10b2d32b4a608a2124c624506398 0934f036f1ab48489fffeb94796bba15 - - - -] 10.0.0.116 "POST /v2.0/subnets HTTP/1.1" status: 201 len: 822 time: 1.4717724
2026-07-02 16:37:09.422 9 INFO neutron.plugins.ml2.drivers.ovn.mech_driver.mech_driver [None req-ec7494a4-e628-4994-911c-93418f0e7e27 - - - - - -] OVN reports status up for port: 3b76956c-e5c5-4107-b19e-58f6bc6bec31 /var/lib/openstack/lib/python3.10/site-packages/pycadf/identifier.py:71: UserWarning: Invalid uuid: neutron. To ensure interoperability, identifiers should be a valid uuid. warnings.warn(('Invalid uuid: %s. To ensure interoperability, '
2026-07-02 16:37:09.436 9 WARNING neutron.api.v2.base [None req-b171d30c-6692-4fff-9104-2d49e6402f7c 517f10b2d32b4a608a2124c624506398 0934f036f1ab48489fffeb94796bba15 - - - -] An exception happened while processing the request body. The exception message is [Invalid input for target_tenant. Reason: '1234123412341234123412341234123412341234123412341234123412341234123412341234123412341234123412341234123412341234123412341234123412341234123412341234123412341234123412341234123412341234123412341234123412341234123412341234123412341234123412341234123412341234123412341234123412341234123412341234123412341234123412341234123412341234123412341234123412341234123412341234123412341234123412341234123412341234' exceeds maximum length of 255.].: webob.exc.HTTPBadRequest: Invalid input for target_tenant. Reason: '1234123412341234123412341234123412341234123412341234123412341234123412341234123412341234123412341234123412341234123412341234123412341234123412341234123412341234123412341234123412341234123412341234123412341234123412341234123412341234123412341234123412341234123412341234123412341234123412341234123412341234123412341234123412341234123412341234123412341234123412341234123412341234123412341234123412341234' exceeds maximum length of 255.
2026-07-02 16:37:09.436 9 INFO neutron.api.v2.resource [None req-b171d30c-6692-4fff-9104-2d49e6402f7c 517f10b2d32b4a608a2124c624506398 0934f036f1ab48489fffeb94796bba15 - - - -] create failed (client error): Invalid input for target_tenant. Reason: '1234123412341234123412341234123412341234123412341234123412341234123412341234123412341234123412341234123412341234123412341234123412341234123412341234123412341234123412341234123412341234123412341234123412341234123412341234123412341234123412341234123412341234123412341234123412341234123412341234123412341234123412341234123412341234123412341234123412341234123412341234123412341234123412341234123412341234' exceeds maximum length of 255.
2026-07-02 16:37:09.437 9 INFO neutron.wsgi [None req-b171d30c-6692-4fff-9104-2d49e6402f7c 517f10b2d32b4a608a2124c624506398 0934f036f1ab48489fffeb94796bba15 - - - -] 10.0.0.116 "POST /v2.0/rbac-policies HTTP/1.1" status: 400 len: 750 time: 0.0062401
2026-07-02 16:37:09.438 9 INFO neutron.plugins.ml2.plugin [None req-ec7494a4-e628-4994-911c-93418f0e7e27 - - - - - -] Attempt 1 to provision port 3b76956c-e5c5-4107-b19e-58f6bc6bec31
2026-07-02 16:37:09.439 9 INFO neutron.db.ovn_revision_numbers_db [None req-21b2748b-7b82-4c43-ae0a-42fe9268b5e4 6bbcdee396934d72b0bccea287047d18 242fbfd7f926485eb18724778e9bdf56 - - default default] Successfully bumped revision number for resource 3b76956c-e5c5-4107-b19e-58f6bc6bec31 (type: router_ports) to 2
2026-07-02 16:37:09.642 10 WARNING neutron.scheduler.dhcp_agent_scheduler [None req-fa853495-3665-493c-bc4a-9f0cc80ba1aa 01b87c2b25004c0088a495c7fa30bc79 0aaece42076c4d288819f53add6ca55d - - - -] No more DHCP agents
2026-07-02 16:37:09.645 10 WARNING neutron.api.rpc.agentnotifiers.dhcp_rpc_agent_api [None req-fa853495-3665-493c-bc4a-9f0cc80ba1aa 01b87c2b25004c0088a495c7fa30bc79 0aaece42076c4d288819f53add6ca55d - - - -] Unable to schedule network 89fb4464-91f1-47d2-ae82-6009fa205fca: no agents available; will retry on subsequent port and subnet creation events.
2026-07-02 16:37:09.976 10 INFO neutron.db.ovn_revision_numbers_db [None req-fa853495-3665-493c-bc4a-9f0cc80ba1aa 01b87c2b25004c0088a495c7fa30bc79 0aaece42076c4d288819f53add6ca55d - - - -] Successfully bumped revision number for resource 682820f3-62bd-42af-9fd9-5e48e5a55a62 (type: floatingips) to 0
2026-07-02 16:37:09.993 10 INFO neutron.wsgi [None req-fa853495-3665-493c-bc4a-9f0cc80ba1aa 01b87c2b25004c0088a495c7fa30bc79 0aaece42076c4d288819f53add6ca55d - - - -] 10.0.0.116 "POST /v2.0/floatingips HTTP/1.1" status: 201 len: 751 time: 0.6830513
2026-07-02 16:37:10.235 9 INFO neutron.db.ovn_revision_numbers_db [None req-21b2748b-7b82-4c43-ae0a-42fe9268b5e4 6bbcdee396934d72b0bccea287047d18 242fbfd7f926485eb18724778e9bdf56 - - default default] Successfully bumped revision number for resource 3b76956c-e5c5-4107-b19e-58f6bc6bec31 (type: ports) to 2
2026-07-02 16:37:10.347 10 WARNING neutron.scheduler.dhcp_agent_scheduler [None req-b474fa22-78b6-49e6-9913-c185cd9ec275 01b87c2b25004c0088a495c7fa30bc79 0aaece42076c4d288819f53add6ca55d - - - -] No more DHCP agents
2026-07-02 16:37:10.350 10 WARNING neutron.api.rpc.agentnotifiers.dhcp_rpc_agent_api [None req-b474fa22-78b6-49e6-9913-c185cd9ec275 01b87c2b25004c0088a495c7fa30bc79 0aaece42076c4d288819f53add6ca55d - - - -] Unable to schedule network 89fb4464-91f1-47d2-ae82-6009fa205fca: no agents available; will retry on subsequent port and subnet creation events.
2026-07-02 16:37:10.419 10 INFO neutron.db.ovn_revision_numbers_db [None req-209baa83-083c-4fde-a09b-bad59b914717 2ac471ffb14f471eaa02d796dab3e614 291a8a4200aa4ea78232fba5063cae26 - - - -] Successfully bumped revision number for resource 4cf252ed-03c9-49c9-bcdf-9b3b706da89d (type: security_groups) to 1
2026-07-02 16:37:10.510 10 INFO neutron.db.segments_db [None req-209baa83-083c-4fde-a09b-bad59b914717 2ac471ffb14f471eaa02d796dab3e614 291a8a4200aa4ea78232fba5063cae26 - - - -] Added segment 6e83ddb2-d737-43c6-903f-b4b0480be8a3 of type geneve for network c4d9b43a-a98a-4da8-8241-8493f32f37bb
2026-07-02 16:37:10.597 9 INFO neutron.db.ovn_revision_numbers_db [None req-ec7494a4-e628-4994-911c-93418f0e7e27 - - - - - -] Successfully bumped revision number for resource 3b76956c-e5c5-4107-b19e-58f6bc6bec31 (type: ports) to 3
2026-07-02 16:37:10.683 10 INFO neutron.db.ovn_revision_numbers_db [None req-209baa83-083c-4fde-a09b-bad59b914717 2ac471ffb14f471eaa02d796dab3e614 291a8a4200aa4ea78232fba5063cae26 - - - -] Successfully bumped revision number for resource c4d9b43a-a98a-4da8-8241-8493f32f37bb (type: networks) to 1
2026-07-02 16:37:10.838 9 INFO neutron.db.ovn_revision_numbers_db [None req-ec7494a4-e628-4994-911c-93418f0e7e27 - - - - - -] Successfully bumped revision number for resource 3b76956c-e5c5-4107-b19e-58f6bc6bec31 (type: router_ports) to 3
2026-07-02 16:37:10.879 10 INFO neutron.db.ovn_revision_numbers_db [None req-b474fa22-78b6-49e6-9913-c185cd9ec275 01b87c2b25004c0088a495c7fa30bc79 0aaece42076c4d288819f53add6ca55d - - - -] Successfully bumped revision number for resource 4b3bf8ba-9e6f-440b-90df-ea549a6b824d (type: floatingips) to 0
2026-07-02 16:37:10.898 10 WARNING neutron.scheduler.dhcp_agent_scheduler [None req-209baa83-083c-4fde-a09b-bad59b914717 2ac471ffb14f471eaa02d796dab3e614 291a8a4200aa4ea78232fba5063cae26 - - - -] No more DHCP agents
2026-07-02 16:37:10.903 10 INFO neutron.wsgi [None req-b474fa22-78b6-49e6-9913-c185cd9ec275 01b87c2b25004c0088a495c7fa30bc79 0aaece42076c4d288819f53add6ca55d - - - -] 10.0.0.116 "POST /v2.0/floatingips HTTP/1.1" status: 201 len: 751 time: 0.9043300
2026-07-02 16:37:10.904 10 WARNING neutron.api.rpc.agentnotifiers.dhcp_rpc_agent_api [None req-209baa83-083c-4fde-a09b-bad59b914717 2ac471ffb14f471eaa02d796dab3e614 291a8a4200aa4ea78232fba5063cae26 - - - -] Unable to schedule network c4d9b43a-a98a-4da8-8241-8493f32f37bb: no agents available; will retry on subsequent port and subnet creation events.
2026-07-02 16:37:11.013 10 INFO neutron.db.ovn_revision_numbers_db [None req-209baa83-083c-4fde-a09b-bad59b914717 2ac471ffb14f471eaa02d796dab3e614 291a8a4200aa4ea78232fba5063cae26 - - - -] Successfully bumped revision number for resource 22516076-043c-47e6-9c11-ba5ef461e6f7 (type: ports) to 1
2026-07-02 16:37:11.055 10 INFO neutron.wsgi [None req-209baa83-083c-4fde-a09b-bad59b914717 2ac471ffb14f471eaa02d796dab3e614 291a8a4200aa4ea78232fba5063cae26 - - - -] 10.0.0.116 "POST /v2.0/networks HTTP/1.1" status: 201 len: 943 time: 1.0395410
2026-07-02 16:37:11.117 9 INFO neutron.db.ovn_revision_numbers_db [None req-21b2748b-7b82-4c43-ae0a-42fe9268b5e4 6bbcdee396934d72b0bccea287047d18 242fbfd7f926485eb18724778e9bdf56 - - default default] Successfully bumped revision number for resource 3b76956c-e5c5-4107-b19e-58f6bc6bec31 (type: ports) to 4
2026-07-02 16:37:11.123 9 INFO neutron.wsgi [None req-8f10c3b7-3be5-4dd2-bade-2c5c48fdbb30 517f10b2d32b4a608a2124c624506398 0934f036f1ab48489fffeb94796bba15 - - - -] 10.0.0.116 "DELETE /v2.0/networks/17e9e74e-fb4b-49f1-9968-65df7456c46d HTTP/1.1" status: 204 len: 168 time: 1.6606512 /var/lib/openstack/lib/python3.10/site-packages/pycadf/identifier.py:71: UserWarning: Invalid uuid: neutron. To ensure interoperability, identifiers should be a valid uuid. warnings.warn(('Invalid uuid: %s. To ensure interoperability, '
2026-07-02 16:37:11.197 9 WARNING neutron.scheduler.dhcp_agent_scheduler [None req-21b2748b-7b82-4c43-ae0a-42fe9268b5e4 6bbcdee396934d72b0bccea287047d18 242fbfd7f926485eb18724778e9bdf56 - - default default] No more DHCP agents
2026-07-02 16:37:11.198 9 WARNING neutron.api.rpc.agentnotifiers.dhcp_rpc_agent_api [None req-21b2748b-7b82-4c43-ae0a-42fe9268b5e4 6bbcdee396934d72b0bccea287047d18 242fbfd7f926485eb18724778e9bdf56 - - default default] Unable to schedule network 7ae8bf21-a6f3-4fcf-b807-856ea42c9309: no agents available; will retry on subsequent port and subnet creation events.
2026-07-02 16:37:11.226 9 INFO neutron.services.segments.plugin [-] Segment 887d21c5-6f81-46c9-8647-785a6607910c resource provider aggregate not found
2026-07-02 16:37:11.236 9 INFO neutron.services.segments.plugin [-] Segment 887d21c5-6f81-46c9-8647-785a6607910c resource provider aggregate not found
2026-07-02 16:37:11.244 9 INFO neutron.services.segments.plugin [-] Segment 887d21c5-6f81-46c9-8647-785a6607910c resource provider not found; error: Placement Client Error (4xx): {"errors": [{"status": 404, "title": "Not Found", "detail": "The resource could not be found.\n\n No resource provider with uuid 887d21c5-6f81-46c9-8647-785a6607910c found for delete ", "request_id": "req-b00cb36d-26e0-4729-9aa8-8c785fdb2444"}]}
2026-07-02 16:37:11.250 9 INFO neutron.db.segments_db [None req-5e79b1d5-0c7a-42a2-90d4-f2c1ce5b966a 517f10b2d32b4a608a2124c624506398 0934f036f1ab48489fffeb94796bba15 - - - -] Added segment 4ebc7828-1417-4610-bf59-af87b4f33105 of type geneve for network e53b773d-9a0c-4b2f-b83e-777e94ada622
2026-07-02 16:37:11.254 10 WARNING neutron.scheduler.dhcp_agent_scheduler [None req-ddb20e87-18a6-4d14-b211-f19345653c56 01b87c2b25004c0088a495c7fa30bc79 0aaece42076c4d288819f53add6ca55d - - - -] No more DHCP agents
2026-07-02 16:37:11.255 9 INFO neutron.services.segments.plugin [-] Segment 887d21c5-6f81-46c9-8647-785a6607910c resource provider not found; error: Placement Client Error (4xx): {"errors": [{"status": 404, "title": "Not Found", "detail": "The resource could not be found.\n\n No resource provider with uuid 887d21c5-6f81-46c9-8647-785a6607910c found for delete ", "request_id": "req-ba52602f-9bad-49f8-a65c-1a6a4be6727b"}]}
2026-07-02 16:37:11.258 10 WARNING neutron.api.rpc.agentnotifiers.dhcp_rpc_agent_api [None req-ddb20e87-18a6-4d14-b211-f19345653c56 01b87c2b25004c0088a495c7fa30bc79 0aaece42076c4d288819f53add6ca55d - - - -] Unable to schedule network 89fb4464-91f1-47d2-ae82-6009fa205fca: no agents available; will retry on subsequent port and subnet creation events.
2026-07-02 16:37:11.313 10 WARNING neutron.scheduler.dhcp_agent_scheduler [None req-769a4bb6-9e46-4a0c-9480-65a3f3776d47 2ac471ffb14f471eaa02d796dab3e614 291a8a4200aa4ea78232fba5063cae26 - - - -] No more DHCP agents
2026-07-02 16:37:11.318 10 WARNING neutron.api.rpc.agentnotifiers.dhcp_rpc_agent_api [None req-769a4bb6-9e46-4a0c-9480-65a3f3776d47 2ac471ffb14f471eaa02d796dab3e614 291a8a4200aa4ea78232fba5063cae26 - - - -] Unable to schedule network c4d9b43a-a98a-4da8-8241-8493f32f37bb: no agents available; will retry on subsequent port and subnet creation events.
2026-07-02 16:37:11.429 9 INFO neutron.db.ovn_revision_numbers_db [None req-5e79b1d5-0c7a-42a2-90d4-f2c1ce5b966a 517f10b2d32b4a608a2124c624506398 0934f036f1ab48489fffeb94796bba15 - - - -] Successfully bumped revision number for resource e53b773d-9a0c-4b2f-b83e-777e94ada622 (type: networks) to 1
2026-07-02 16:37:11.521 9 INFO neutron.db.ovn_revision_numbers_db [None req-21b2748b-7b82-4c43-ae0a-42fe9268b5e4 6bbcdee396934d72b0bccea287047d18 242fbfd7f926485eb18724778e9bdf56 - - - -] Successfully bumped revision number for resource 3b76956c-e5c5-4107-b19e-58f6bc6bec31 (type: router_ports) to 4
2026-07-02 16:37:11.525 9 INFO neutron.wsgi [None req-21b2748b-7b82-4c43-ae0a-42fe9268b5e4 6bbcdee396934d72b0bccea287047d18 242fbfd7f926485eb18724778e9bdf56 - - - -] 10.0.0.116 "PUT /v2.0/routers/af00823a-b71a-4e91-a2a1-c215f3006328/add_router_interface HTTP/1.1" status: 200 len: 503 time: 2.5899918
2026-07-02 16:37:11.578 9 INFO neutron.wsgi [None req-2f7bacd9-9ca2-403b-b885-24c6130d4c9e 6bbcdee396934d72b0bccea287047d18 242fbfd7f926485eb18724778e9bdf56 - - default default] 10.0.0.116 "GET /v2.0/ports/3b76956c-e5c5-4107-b19e-58f6bc6bec31 HTTP/1.1" status: 200 len: 1221 time: 0.0480459
2026-07-02 16:37:11.689 9 WARNING neutron.scheduler.dhcp_agent_scheduler [None req-5e79b1d5-0c7a-42a2-90d4-f2c1ce5b966a 517f10b2d32b4a608a2124c624506398 0934f036f1ab48489fffeb94796bba15 - - - -] No more DHCP agents
2026-07-02 16:37:11.694 9 WARNING neutron.api.rpc.agentnotifiers.dhcp_rpc_agent_api [None req-5e79b1d5-0c7a-42a2-90d4-f2c1ce5b966a 517f10b2d32b4a608a2124c624506398 0934f036f1ab48489fffeb94796bba15 - - - -] Unable to schedule network e53b773d-9a0c-4b2f-b83e-777e94ada622: no agents available; will retry on subsequent port and subnet creation events.
2026-07-02 16:37:11.787 9 INFO neutron.db.ovn_revision_numbers_db [None req-5e79b1d5-0c7a-42a2-90d4-f2c1ce5b966a 517f10b2d32b4a608a2124c624506398 0934f036f1ab48489fffeb94796bba15 - - - -] Successfully bumped revision number for resource 8a908d30-51e2-4c98-a8dc-680ef26d5d9a (type: ports) to 1
2026-07-02 16:37:11.813 9 INFO neutron.wsgi [None req-5e79b1d5-0c7a-42a2-90d4-f2c1ce5b966a 517f10b2d32b4a608a2124c624506398 0934f036f1ab48489fffeb94796bba15 - - - -] 10.0.0.116 "POST /v2.0/networks HTTP/1.1" status: 201 len: 929 time: 0.6819706
2026-07-02 16:37:11.908 10 INFO neutron.db.ovn_revision_numbers_db [None req-ddb20e87-18a6-4d14-b211-f19345653c56 01b87c2b25004c0088a495c7fa30bc79 0aaece42076c4d288819f53add6ca55d - - - -] Successfully bumped revision number for resource 648570bf-3efc-4cdf-b433-930b6440dab5 (type: floatingips) to 0
2026-07-02 16:37:11.947 10 INFO neutron.wsgi [None req-ddb20e87-18a6-4d14-b211-f19345653c56 01b87c2b25004c0088a495c7fa30bc79 0aaece42076c4d288819f53add6ca55d - - - -] 10.0.0.116 "POST /v2.0/floatingips HTTP/1.1" status: 201 len: 751 time: 1.0375857
2026-07-02 16:37:12.043 9 WARNING neutron.scheduler.dhcp_agent_scheduler [None req-7a3dfa94-8d60-43c3-b8f3-f599da27386e 517f10b2d32b4a608a2124c624506398 0934f036f1ab48489fffeb94796bba15 - - - -] No more DHCP agents
2026-07-02 16:37:12.044 9 WARNING neutron.api.rpc.agentnotifiers.dhcp_rpc_agent_api [None req-7a3dfa94-8d60-43c3-b8f3-f599da27386e 517f10b2d32b4a608a2124c624506398 0934f036f1ab48489fffeb94796bba15 - - - -] Unable to schedule network e53b773d-9a0c-4b2f-b83e-777e94ada622: no agents available; will retry on subsequent port and subnet creation events.
2026-07-02 16:37:12.047 9 INFO neutron.wsgi [None req-d9864da3-612f-4593-bbb5-6511286be79a 01b87c2b25004c0088a495c7fa30bc79 0aaece42076c4d288819f53add6ca55d - - - -] 10.0.0.116 "PUT /v2.0/floatingips/410a3583-7e18-4cec-ae19-6ee244c22db6/tags HTTP/1.1" status: 200 len: 210 time: 0.0908067
2026-07-02 16:37:12.139 9 INFO neutron.wsgi [None req-c8253c51-7d93-4edb-a913-e4dbef12c46a 01b87c2b25004c0088a495c7fa30bc79 0aaece42076c4d288819f53add6ca55d - - - -] 10.0.0.116 "PUT /v2.0/floatingips/438b960f-6f0e-4ff9-8245-b86330c001cc/tags HTTP/1.1" status: 200 len: 218 time: 0.0771108
2026-07-02 16:37:12.221 9 INFO neutron.wsgi [None req-75f22ef9-9c66-432f-91e3-ea0ebfc635ff 01b87c2b25004c0088a495c7fa30bc79 0aaece42076c4d288819f53add6ca55d - - - -] 10.0.0.116 "PUT /v2.0/floatingips/682820f3-62bd-42af-9fd9-5e48e5a55a62/tags HTTP/1.1" status: 200 len: 227 time: 0.0733175
2026-07-02 16:37:12.275 9 INFO neutron.wsgi [None req-eee277e5-4b49-415e-8159-69a3607f9124 01b87c2b25004c0088a495c7fa30bc79 0aaece42076c4d288819f53add6ca55d - - - -] 10.0.0.116 "PUT /v2.0/floatingips/4b3bf8ba-9e6f-440b-90df-ea549a6b824d/tags HTTP/1.1" status: 200 len: 212 time: 0.0497234
2026-07-02 16:37:12.339 9 INFO neutron.wsgi [None req-0b0c7ff2-25df-417d-b64d-e85d2429ae9a 01b87c2b25004c0088a495c7fa30bc79 0aaece42076c4d288819f53add6ca55d - - default default] 10.0.0.116 "GET /v2.0/floatingips?tags=red HTTP/1.1" status: 200 len: 1866 time: 0.0566194 /var/lib/openstack/lib/python3.10/site-packages/pycadf/identifier.py:71: UserWarning: Invalid uuid: neutron. To ensure interoperability, identifiers should be a valid uuid. warnings.warn(('Invalid uuid: %s. To ensure interoperability, '
2026-07-02 16:37:12.395 10 INFO neutron.wsgi [None req-518f981a-7cf5-4d90-9c5a-c5a6e297cf95 01b87c2b25004c0088a495c7fa30bc79 0aaece42076c4d288819f53add6ca55d - - default default] 10.0.0.116 "GET /v2.0/floatingips?tags=red%2Cblue HTTP/1.1" status: 200 len: 1323 time: 0.0496681
2026-07-02 16:37:12.499 10 INFO neutron.db.ovn_revision_numbers_db [None req-769a4bb6-9e46-4a0c-9480-65a3f3776d47 2ac471ffb14f471eaa02d796dab3e614 291a8a4200aa4ea78232fba5063cae26 - - - -] Successfully bumped revision number for resource 22516076-043c-47e6-9c11-ba5ef461e6f7 (type: ports) to 2
2026-07-02 16:37:12.528 10 INFO neutron.db.ovn_revision_numbers_db [None req-769a4bb6-9e46-4a0c-9480-65a3f3776d47 2ac471ffb14f471eaa02d796dab3e614 291a8a4200aa4ea78232fba5063cae26 - - - -] Successfully bumped revision number for resource 7c7556ec-0d99-4937-93a2-a736b2e1e1d9 (type: subnets) to 0
2026-07-02 16:37:12.560 10 INFO neutron.wsgi [None req-769a4bb6-9e46-4a0c-9480-65a3f3776d47 2ac471ffb14f471eaa02d796dab3e614 291a8a4200aa4ea78232fba5063cae26 - - - -] 10.0.0.116 "POST /v2.0/subnets HTTP/1.1" status: 201 len: 863 time: 1.4981480
2026-07-02 16:37:12.917 10 INFO neutron.wsgi [None req-3d09f0b4-5176-4379-9923-8f8db27fc084 6bbcdee396934d72b0bccea287047d18 242fbfd7f926485eb18724778e9bdf56 - - - -] 10.0.0.116 "PUT /v2.0/routers/af00823a-b71a-4e91-a2a1-c215f3006328/remove_router_interface HTTP/1.1" status: 200 len: 503 time: 1.3311207 /var/lib/openstack/lib/python3.10/site-packages/pycadf/identifier.py:71: UserWarning: Invalid uuid: neutron. To ensure interoperability, identifiers should be a valid uuid. warnings.warn(('Invalid uuid: %s. To ensure interoperability, '
2026-07-02 16:37:13.034 10 INFO neutron.api.v2.resource [None req-7b01b581-d70b-4751-9bc3-2bc757b3dcdd 6bbcdee396934d72b0bccea287047d18 242fbfd7f926485eb18724778e9bdf56 - - default default] remove_router_interface failed (client error): The resource could not be found.
2026-07-02 16:37:13.036 10 INFO neutron.wsgi [None req-7b01b581-d70b-4751-9bc3-2bc757b3dcdd 6bbcdee396934d72b0bccea287047d18 242fbfd7f926485eb18724778e9bdf56 - - default default] 10.0.0.116 "PUT /v2.0/routers/af00823a-b71a-4e91-a2a1-c215f3006328/remove_router_interface HTTP/1.1" status: 404 len: 398 time: 0.1034064
2026-07-02 16:37:13.064 9 INFO neutron.wsgi [None req-ebe5554c-4775-475c-bf21-235c447c77b0 01b87c2b25004c0088a495c7fa30bc79 0aaece42076c4d288819f53add6ca55d - - default default] 10.0.0.116 "GET /v2.0/floatingips?tags-any=blue HTTP/1.1" status: 200 len: 1323 time: 0.6632905
2026-07-02 16:37:13.069 10 INFO neutron.wsgi [None req-7725b27e-6ee9-41bc-82d2-198d664fb644 6bbcdee396934d72b0bccea287047d18 242fbfd7f926485eb18724778e9bdf56 - - default default] 10.0.0.116 "GET /v2.0/ports?device_id=af00823a-b71a-4e91-a2a1-c215f3006328 HTTP/1.1" status: 200 len: 205 time: 0.0235498
2026-07-02 16:37:13.118 9 INFO neutron.wsgi [None req-a8a79e7d-8182-426c-937b-78add2de5588 01b87c2b25004c0088a495c7fa30bc79 0aaece42076c4d288819f53add6ca55d - - default default] 10.0.0.116 "GET /v2.0/floatingips?tags-any=red%2Cblue HTTP/1.1" status: 200 len: 1866 time: 0.0487058
2026-07-02 16:37:13.194 9 INFO neutron.wsgi [None req-177dcbc2-7400-426e-a61c-11c5599f3c5b 01b87c2b25004c0088a495c7fa30bc79 0aaece42076c4d288819f53add6ca55d - - default default] 10.0.0.116 "GET /v2.0/floatingips?not-tags=red HTTP/1.1" status: 200 len: 1295 time: 0.0682547
2026-07-02 16:37:13.258 9 INFO neutron.wsgi [None req-1a809e02-09f2-4618-aa93-225bb0425dfe 01b87c2b25004c0088a495c7fa30bc79 0aaece42076c4d288819f53add6ca55d - - default default] 10.0.0.116 "GET /v2.0/floatingips?not-tags=red%2Cblue HTTP/1.1" status: 200 len: 1838 time: 0.0531168
2026-07-02 16:37:13.317 9 INFO neutron.wsgi [None req-76aba9e2-1476-4004-a72d-9251649c2b45 01b87c2b25004c0088a495c7fa30bc79 0aaece42076c4d288819f53add6ca55d - - default default] 10.0.0.116 "GET /v2.0/floatingips?not-tags-any=blue HTTP/1.1" status: 200 len: 1838 time: 0.0452516
2026-07-02 16:37:13.364 9 INFO neutron.wsgi [None req-6ebcecc3-0148-42c5-9134-ffa581544622 01b87c2b25004c0088a495c7fa30bc79 0aaece42076c4d288819f53add6ca55d - - default default] 10.0.0.116 "GET /v2.0/floatingips?not-tags-any=red%2Cblue HTTP/1.1" status: 200 len: 1295 time: 0.0404270
2026-07-02 16:37:13.406 10 INFO neutron.wsgi [None req-e8871a83-37c1-4550-b3a9-2c591f65fb73 6bbcdee396934d72b0bccea287047d18 242fbfd7f926485eb18724778e9bdf56 - - - -] 10.0.0.116 "DELETE /v2.0/routers/af00823a-b71a-4e91-a2a1-c215f3006328 HTTP/1.1" status: 204 len: 168 time: 0.3317637
2026-07-02 16:37:13.550 9 INFO neutron.db.ovn_revision_numbers_db [None req-7a3dfa94-8d60-43c3-b8f3-f599da27386e 517f10b2d32b4a608a2124c624506398 0934f036f1ab48489fffeb94796bba15 - - - -] Successfully bumped revision number for resource 8a908d30-51e2-4c98-a8dc-680ef26d5d9a (type: ports) to 2
2026-07-02 16:37:13.599 9 INFO neutron.db.ovn_revision_numbers_db [None req-7a3dfa94-8d60-43c3-b8f3-f599da27386e 517f10b2d32b4a608a2124c624506398 0934f036f1ab48489fffeb94796bba15 - - - -] Successfully bumped revision number for resource 9d0842be-c349-471f-805c-13f1c0624ce7 (type: subnets) to 0
2026-07-02 16:37:13.615 9 INFO neutron.wsgi [None req-7a3dfa94-8d60-43c3-b8f3-f599da27386e 517f10b2d32b4a608a2124c624506398 0934f036f1ab48489fffeb94796bba15 - - - -] 10.0.0.116 "POST /v2.0/subnets HTTP/1.1" status: 201 len: 822 time: 1.7956424
2026-07-02 16:37:13.665 9 INFO neutron.wsgi [None req-5cedf786-35fe-4b75-adb6-3147b8436a2f 6bbcdee396934d72b0bccea287047d18 242fbfd7f926485eb18724778e9bdf56 - - - -] 10.0.0.116 "DELETE /v2.0/subnets/40eede7a-e7dd-4b47-92b5-e369134e01fb HTTP/1.1" status: 204 len: 168 time: 0.2395480
2026-07-02 16:37:13.759 10 WARNING neutron.scheduler.dhcp_agent_scheduler [None req-65725a53-4be3-472b-ab5b-925dcb0d305c 2ac471ffb14f471eaa02d796dab3e614 291a8a4200aa4ea78232fba5063cae26 - - - -] No more DHCP agents
2026-07-02 16:37:13.760 10 WARNING neutron.api.rpc.agentnotifiers.dhcp_rpc_agent_api [None req-65725a53-4be3-472b-ab5b-925dcb0d305c 2ac471ffb14f471eaa02d796dab3e614 291a8a4200aa4ea78232fba5063cae26 - - - -] Unable to schedule network 89fb4464-91f1-47d2-ae82-6009fa205fca: no agents available; will retry on subsequent port and subnet creation events.
2026-07-02 16:37:13.998 10 INFO neutron.db.ovn_revision_numbers_db [None req-65725a53-4be3-472b-ab5b-925dcb0d305c 2ac471ffb14f471eaa02d796dab3e614 291a8a4200aa4ea78232fba5063cae26 - - - -] Successfully bumped revision number for resource 16084f95-80c1-4e43-bfee-6b1d788d43c7 (type: ports) to 1
2026-07-02 16:37:14.062 9 INFO neutron.wsgi [None req-8007e16d-5db1-4cbf-a033-c4267e0c9baa 517f10b2d32b4a608a2124c624506398 0934f036f1ab48489fffeb94796bba15 - - - -] 10.0.0.116 "POST /v2.0/rbac-policies HTTP/1.1" status: 201 len: 523 time: 0.4401727
2026-07-02 16:37:14.168 10 INFO neutron.wsgi [None req-732d405f-9af4-4b65-aa73-96b2a1885d06 01b87c2b25004c0088a495c7fa30bc79 0aaece42076c4d288819f53add6ca55d - - - -] 10.0.0.116 "DELETE /v2.0/floatingips/410a3583-7e18-4cec-ae19-6ee244c22db6 HTTP/1.1" status: 204 len: 168 time: 0.7908156
2026-07-02 16:37:14.179 9 INFO neutron.services.segments.plugin [-] Segment a879e715-9cd0-4274-961c-029e284c680d resource provider aggregate not found
2026-07-02 16:37:14.188 9 INFO neutron.services.segments.plugin [-] Segment a879e715-9cd0-4274-961c-029e284c680d resource provider aggregate not found
2026-07-02 16:37:14.216 9 INFO neutron.services.segments.plugin [-] Segment a879e715-9cd0-4274-961c-029e284c680d resource provider not found; error: Placement Client Error (4xx): {"errors": [{"status": 404, "title": "Not Found", "detail": "The resource could not be found.\n\n No resource provider with uuid a879e715-9cd0-4274-961c-029e284c680d found for delete ", "request_id": "req-4e85cb4b-06bf-48dd-be83-4a9b6930b8d9"}]}
2026-07-02 16:37:14.217 9 INFO neutron.services.segments.plugin [-] Segment a879e715-9cd0-4274-961c-029e284c680d resource provider not found; error: Placement Client Error (4xx): {"errors": [{"status": 404, "title": "Not Found", "detail": "The resource could not be found.\n\n No resource provider with uuid a879e715-9cd0-4274-961c-029e284c680d found for delete ", "request_id": "req-88a235e6-ce54-4c3e-ad15-1dcd68b1f87b"}]}
2026-07-02 16:37:14.264 9 INFO neutron.wsgi [None req-d1358796-c200-4f9a-b9fb-b0858e81295d 6bbcdee396934d72b0bccea287047d18 242fbfd7f926485eb18724778e9bdf56 - - - -] 10.0.0.116 "DELETE /v2.0/networks/7ae8bf21-a6f3-4fcf-b807-856ea42c9309 HTTP/1.1" status: 204 len: 168 time: 0.5932310
2026-07-02 16:37:14.409 10 INFO neutron.db.segments_db [None req-ac1a466e-6a4e-422b-97c5-95bf41add64e 6bbcdee396934d72b0bccea287047d18 242fbfd7f926485eb18724778e9bdf56 - - - -] Added segment 26079861-c542-47aa-84e8-e500e37622cb of type geneve for network c0e29625-1baf-42e8-a7a8-dcaa5de9ab63
2026-07-02 16:37:14.562 9 INFO neutron.wsgi [None req-59bc7bf6-48de-4071-9f5f-dd107a487d19 01b87c2b25004c0088a495c7fa30bc79 0aaece42076c4d288819f53add6ca55d - - - -] 10.0.0.116 "DELETE /v2.0/floatingips/438b960f-6f0e-4ff9-8245-b86330c001cc HTTP/1.1" status: 204 len: 168 time: 0.3882425
2026-07-02 16:37:14.634 10 INFO neutron.db.ovn_revision_numbers_db [None req-ac1a466e-6a4e-422b-97c5-95bf41add64e 6bbcdee396934d72b0bccea287047d18 242fbfd7f926485eb18724778e9bdf56 - - - -] Successfully bumped revision number for resource c0e29625-1baf-42e8-a7a8-dcaa5de9ab63 (type: networks) to 1
2026-07-02 16:37:14.652 10 INFO neutron.wsgi [None req-ee0e7057-2fc5-4f59-9659-944400ee80e1 26e9ab6b537b45f2aee4ed8be98514e7 2b9ef072e1fc4c6ca6ef3d7f10498444 - - default default] 10.0.0.116 "GET /v2.0/networks/e53b773d-9a0c-4b2f-b83e-777e94ada622 HTTP/1.1" status: 200 len: 849 time: 0.1900251
2026-07-02 16:37:14.844 10 INFO neutron.db.ovn_revision_numbers_db [None req-65725a53-4be3-472b-ab5b-925dcb0d305c 2ac471ffb14f471eaa02d796dab3e614 291a8a4200aa4ea78232fba5063cae26 - - - -] Successfully bumped revision number for resource 16084f95-80c1-4e43-bfee-6b1d788d43c7 (type: router_ports) to 1
2026-07-02 16:37:14.933 9 INFO neutron.wsgi [None req-ed6b5440-0e13-436e-87c3-613a5040f19b 01b87c2b25004c0088a495c7fa30bc79 0aaece42076c4d288819f53add6ca55d - - - -] 10.0.0.116 "DELETE /v2.0/floatingips/682820f3-62bd-42af-9fd9-5e48e5a55a62 HTTP/1.1" status: 204 len: 168 time: 0.3651898
2026-07-02 16:37:15.088 9 INFO neutron.pecan_wsgi.hooks.translation [None req-8ca37aaf-748a-47e5-b783-96392f453939 a42a5019c31c4f7bb84648765caaaa4e e2f9375aa7cb4133a790749568e6888c - - default default] GET failed (client error): The resource could not be found.
2026-07-02 16:37:15.090 9 INFO neutron.wsgi [None req-8ca37aaf-748a-47e5-b783-96392f453939 a42a5019c31c4f7bb84648765caaaa4e e2f9375aa7cb4133a790749568e6888c - - default default] 10.0.0.116 "GET /v2.0/networks/e53b773d-9a0c-4b2f-b83e-777e94ada622 HTTP/1.1" status: 404 len: 339 time: 0.0709262
2026-07-02 16:37:15.121 10 WARNING neutron.scheduler.dhcp_agent_scheduler [None req-ac1a466e-6a4e-422b-97c5-95bf41add64e 6bbcdee396934d72b0bccea287047d18 242fbfd7f926485eb18724778e9bdf56 - - - -] No more DHCP agents
2026-07-02 16:37:15.126 10 WARNING neutron.api.rpc.agentnotifiers.dhcp_rpc_agent_api [None req-ac1a466e-6a4e-422b-97c5-95bf41add64e 6bbcdee396934d72b0bccea287047d18 242fbfd7f926485eb18724778e9bdf56 - - - -] Unable to schedule network c0e29625-1baf-42e8-a7a8-dcaa5de9ab63: no agents available; will retry on subsequent port and subnet creation events.
2026-07-02 16:37:15.164 10 INFO neutron.db.ovn_revision_numbers_db [None req-65725a53-4be3-472b-ab5b-925dcb0d305c 2ac471ffb14f471eaa02d796dab3e614 291a8a4200aa4ea78232fba5063cae26 - - - -] Successfully bumped revision number for resource 1c6ef82d-c937-451b-a0ce-1b15dfeedefd (type: routers) to 3
2026-07-02 16:37:15.191 10 INFO neutron.wsgi [None req-65725a53-4be3-472b-ab5b-925dcb0d305c 2ac471ffb14f471eaa02d796dab3e614 291a8a4200aa4ea78232fba5063cae26 - - - -] 10.0.0.116 "POST /v2.0/routers HTTP/1.1" status: 201 len: 874 time: 2.6251574
2026-07-02 16:37:15.270 10 INFO neutron.db.ovn_revision_numbers_db [None req-ac1a466e-6a4e-422b-97c5-95bf41add64e 6bbcdee396934d72b0bccea287047d18 242fbfd7f926485eb18724778e9bdf56 - - - -] Successfully bumped revision number for resource 00714047-e3fb-416f-ac98-8543bcb3215a (type: ports) to 1
2026-07-02 16:37:15.305 9 INFO neutron.wsgi [None req-c18cc749-e820-49ce-8471-b5309926879d 01b87c2b25004c0088a495c7fa30bc79 0aaece42076c4d288819f53add6ca55d - - - -] 10.0.0.116 "DELETE /v2.0/floatingips/4b3bf8ba-9e6f-440b-90df-ea549a6b824d HTTP/1.1" status: 204 len: 168 time: 0.3625486
2026-07-02 16:37:15.321 10 INFO neutron.wsgi [None req-ac1a466e-6a4e-422b-97c5-95bf41add64e 6bbcdee396934d72b0bccea287047d18 242fbfd7f926485eb18724778e9bdf56 - - - -] 10.0.0.116 "POST /v2.0/networks HTTP/1.1" status: 201 len: 833 time: 1.0499549
2026-07-02 16:37:15.780 10 WARNING neutron.scheduler.dhcp_agent_scheduler [None req-46773ea3-9fae-4e7a-8644-3e3c30b67775 6bbcdee396934d72b0bccea287047d18 242fbfd7f926485eb18724778e9bdf56 - - - -] No more DHCP agents
2026-07-02 16:37:15.789 10 WARNING neutron.api.rpc.agentnotifiers.dhcp_rpc_agent_api [None req-46773ea3-9fae-4e7a-8644-3e3c30b67775 6bbcdee396934d72b0bccea287047d18 242fbfd7f926485eb18724778e9bdf56 - - - -] Unable to schedule network c0e29625-1baf-42e8-a7a8-dcaa5de9ab63: no agents available; will retry on subsequent port and subnet creation events.
2026-07-02 16:37:15.827 10 INFO neutron.db.ovn_revision_numbers_db [None req-46773ea3-9fae-4e7a-8644-3e3c30b67775 6bbcdee396934d72b0bccea287047d18 242fbfd7f926485eb18724778e9bdf56 - - - -] Successfully bumped revision number for resource 0c99d084-2c2a-4074-9b79-c3d84aa87bdb (type: subnets) to 0
2026-07-02 16:37:15.863 10 INFO neutron.wsgi [None req-46773ea3-9fae-4e7a-8644-3e3c30b67775 6bbcdee396934d72b0bccea287047d18 242fbfd7f926485eb18724778e9bdf56 - - - -] 10.0.0.116 "POST /v2.0/subnets HTTP/1.1" status: 201 len: 821 time: 0.5281775
2026-07-02 16:37:15.881 10 WARNING neutron.scheduler.dhcp_agent_scheduler [None req-54720de2-bbad-4a01-9f64-d78a3aa0e0b2 2ac471ffb14f471eaa02d796dab3e614 291a8a4200aa4ea78232fba5063cae26 - - default default] No more DHCP agents
2026-07-02 16:37:15.888 10 WARNING neutron.api.rpc.agentnotifiers.dhcp_rpc_agent_api [None req-54720de2-bbad-4a01-9f64-d78a3aa0e0b2 2ac471ffb14f471eaa02d796dab3e614 291a8a4200aa4ea78232fba5063cae26 - - default default] Unable to schedule network c4d9b43a-a98a-4da8-8241-8493f32f37bb: no agents available; will retry on subsequent port and subnet creation events.
2026-07-02 16:37:16.071 9 INFO neutron.wsgi [None req-e817f577-2c6a-4a6d-8737-fdf9cefc55b1 01b87c2b25004c0088a495c7fa30bc79 0aaece42076c4d288819f53add6ca55d - - - -] 10.0.0.116 "DELETE /v2.0/floatingips/648570bf-3efc-4cdf-b433-930b6440dab5 HTTP/1.1" status: 204 len: 168 time: 0.7576559
2026-07-02 16:37:16.112 10 INFO neutron.services.segments.plugin [-] Segment 4ebc7828-1417-4610-bf59-af87b4f33105 resource provider aggregate not found
2026-07-02 16:37:16.120 10 INFO neutron.services.segments.plugin [-] Segment 4ebc7828-1417-4610-bf59-af87b4f33105 resource provider aggregate not found
2026-07-02 16:37:16.155 10 INFO neutron.services.segments.plugin [-] Segment 4ebc7828-1417-4610-bf59-af87b4f33105 resource provider not found; error: Placement Client Error (4xx): {"errors": [{"status": 404, "title": "Not Found", "detail": "The resource could not be found.\n\n No resource provider with uuid 4ebc7828-1417-4610-bf59-af87b4f33105 found for delete ", "request_id": "req-348ecd5a-bc27-4eef-b82e-49c158a48d5c"}]}
2026-07-02 16:37:16.161 10 INFO neutron.services.segments.plugin [-] Segment 4ebc7828-1417-4610-bf59-af87b4f33105 resource provider not found; error: Placement Client Error (4xx): {"errors": [{"status": 404, "title": "Not Found", "detail": "The resource could not be found.\n\n No resource provider with uuid 4ebc7828-1417-4610-bf59-af87b4f33105 found for delete ", "request_id": "req-03b04b85-82a5-4fef-80a2-72814e5b5937"}]}
2026-07-02 16:37:16.174 10 INFO neutron.db.ovn_revision_numbers_db [None req-e2b9aa36-3b12-45c2-8c37-648d0eeba5cc 6bbcdee396934d72b0bccea287047d18 242fbfd7f926485eb18724778e9bdf56 - - - -] Successfully bumped revision number for resource 2e523233-8e9d-4c66-bc36-33372d10b55e (type: routers) to 1
2026-07-02 16:37:16.188 10 INFO neutron.db.ovn_revision_numbers_db [None req-54720de2-bbad-4a01-9f64-d78a3aa0e0b2 2ac471ffb14f471eaa02d796dab3e614 291a8a4200aa4ea78232fba5063cae26 - - default default] Successfully bumped revision number for resource 597b9e25-71c7-4d23-934f-a8b05406c823 (type: ports) to 1
2026-07-02 16:37:16.192 10 INFO neutron.wsgi [None req-e2b9aa36-3b12-45c2-8c37-648d0eeba5cc 6bbcdee396934d72b0bccea287047d18 242fbfd7f926485eb18724778e9bdf56 - - - -] 10.0.0.116 "POST /v2.0/routers HTTP/1.1" status: 201 len: 690 time: 0.3224130
2026-07-02 16:37:16.198 10 INFO neutron.wsgi [None req-75da7e4e-bdd7-4e1d-9121-8018ca84eea9 517f10b2d32b4a608a2124c624506398 0934f036f1ab48489fffeb94796bba15 - - - -] 10.0.0.116 "DELETE /v2.0/networks/e53b773d-9a0c-4b2f-b83e-777e94ada622 HTTP/1.1" status: 204 len: 168 time: 1.0998106
2026-07-02 16:37:16.256 9 INFO neutron.pecan_wsgi.hooks.translation [None req-f6b98482-8c32-4033-8452-af00c55a3258 517f10b2d32b4a608a2124c624506398 0934f036f1ab48489fffeb94796bba15 - - - -] DELETE failed (client error): The resource could not be found.
2026-07-02 16:37:16.259 9 INFO neutron.wsgi [None req-f6b98482-8c32-4033-8452-af00c55a3258 517f10b2d32b4a608a2124c624506398 0934f036f1ab48489fffeb94796bba15 - - - -] 10.0.0.116 "DELETE /v2.0/subnets/6be1b826-3849-456f-a49f-bcd4ca82963e HTTP/1.1" status: 404 len: 337 time: 0.0482965
2026-07-02 16:37:16.298 9 INFO neutron.pecan_wsgi.hooks.translation [None req-b16dd973-3e47-46b2-8950-f12b5b725e39 517f10b2d32b4a608a2124c624506398 0934f036f1ab48489fffeb94796bba15 - - - -] DELETE failed (client error): The resource could not be found.
2026-07-02 16:37:16.301 9 INFO neutron.wsgi [None req-b16dd973-3e47-46b2-8950-f12b5b725e39 517f10b2d32b4a608a2124c624506398 0934f036f1ab48489fffeb94796bba15 - - - -] 10.0.0.116 "DELETE /v2.0/subnets/b94c8707-c6e9-4803-b428-5688331ab2b5 HTTP/1.1" status: 404 len: 337 time: 0.0351994
2026-07-02 16:37:16.333 9 WARNING neutron.plugins.ml2.drivers.ovn.mech_driver.ovsdb.ovn_client [None req-ec7494a4-e628-4994-911c-93418f0e7e27 - - - - - -] No port found with ID 3b76956c-e5c5-4107-b19e-58f6bc6bec31: RuntimeError: No port found with ID 3b76956c-e5c5-4107-b19e-58f6bc6bec31
2026-07-02 16:37:16.333 9 INFO neutron.plugins.ml2.drivers.ovn.mech_driver.mech_driver [None req-ec7494a4-e628-4994-911c-93418f0e7e27 - - - - - -] OVN reports status up for port: 16084f95-80c1-4e43-bfee-6b1d788d43c7
2026-07-02 16:37:16.344 9 INFO neutron.pecan_wsgi.hooks.translation [None req-164e4ed1-d8df-4088-8374-6ddc444e3669 517f10b2d32b4a608a2124c624506398 0934f036f1ab48489fffeb94796bba15 - - - -] DELETE failed (client error): The resource could not be found.
2026-07-02 16:37:16.346 9 INFO neutron.wsgi [None req-164e4ed1-d8df-4088-8374-6ddc444e3669 517f10b2d32b4a608a2124c624506398 0934f036f1ab48489fffeb94796bba15 - - - -] 10.0.0.116 "DELETE /v2.0/subnets/9d0842be-c349-471f-805c-13f1c0624ce7 HTTP/1.1" status: 404 len: 337 time: 0.0277338
2026-07-02 16:37:16.360 9 INFO neutron.plugins.ml2.plugin [None req-ec7494a4-e628-4994-911c-93418f0e7e27 - - - - - -] Attempt 1 to provision port 16084f95-80c1-4e43-bfee-6b1d788d43c7
2026-07-02 16:37:16.743 9 WARNING neutron.scheduler.dhcp_agent_scheduler [None req-c57d70f6-4261-413d-aa67-3878ef1269cc 6bbcdee396934d72b0bccea287047d18 242fbfd7f926485eb18724778e9bdf56 - - default default] No more DHCP agents
2026-07-02 16:37:16.746 9 WARNING neutron.api.rpc.agentnotifiers.dhcp_rpc_agent_api [None req-c57d70f6-4261-413d-aa67-3878ef1269cc 6bbcdee396934d72b0bccea287047d18 242fbfd7f926485eb18724778e9bdf56 - - default default] Unable to schedule network c0e29625-1baf-42e8-a7a8-dcaa5de9ab63: no agents available; will retry on subsequent port and subnet creation events.
2026-07-02 16:37:16.859 9 INFO neutron.db.ovn_revision_numbers_db [None req-c57d70f6-4261-413d-aa67-3878ef1269cc 6bbcdee396934d72b0bccea287047d18 242fbfd7f926485eb18724778e9bdf56 - - default default] Successfully bumped revision number for resource 01b1a2f3-46b9-4e46-afa6-dd166b1fdf99 (type: ports) to 1
2026-07-02 16:37:16.931 10 INFO neutron.plugins.ml2.drivers.ovn.mech_driver.mech_driver [None req-c1e7f0c7-445f-4159-a3fc-72961c49ddd5 - - - - - -] OVN reports status up for port: 597b9e25-71c7-4d23-934f-a8b05406c823
2026-07-02 16:37:16.942 10 INFO neutron.plugins.ml2.plugin [None req-c1e7f0c7-445f-4159-a3fc-72961c49ddd5 - - - - - -] Attempt 1 to provision port 597b9e25-71c7-4d23-934f-a8b05406c823
2026-07-02 16:37:16.944 10 INFO neutron.db.ovn_revision_numbers_db [None req-54720de2-bbad-4a01-9f64-d78a3aa0e0b2 2ac471ffb14f471eaa02d796dab3e614 291a8a4200aa4ea78232fba5063cae26 - - default default] Successfully bumped revision number for resource 597b9e25-71c7-4d23-934f-a8b05406c823 (type: router_ports) to 2
2026-07-02 16:37:17.165 10 INFO neutron.wsgi [-] 10.0.0.252 "GET / HTTP/1.1" status: 200 len: 247 time: 0.0018485
2026-07-02 16:37:17.167 10 INFO neutron.wsgi [-] 10.0.0.252 "GET / HTTP/1.1" status: 200 len: 247 time: 0.0009801
2026-07-02 16:37:17.213 10 INFO neutron.db.ovn_revision_numbers_db [None req-54720de2-bbad-4a01-9f64-d78a3aa0e0b2 2ac471ffb14f471eaa02d796dab3e614 291a8a4200aa4ea78232fba5063cae26 - - default default] Successfully bumped revision number for resource 597b9e25-71c7-4d23-934f-a8b05406c823 (type: ports) to 2
2026-07-02 16:37:17.361 9 INFO neutron.db.ovn_revision_numbers_db [None req-c57d70f6-4261-413d-aa67-3878ef1269cc 6bbcdee396934d72b0bccea287047d18 242fbfd7f926485eb18724778e9bdf56 - - default default] Successfully bumped revision number for resource 01b1a2f3-46b9-4e46-afa6-dd166b1fdf99 (type: router_ports) to 2
2026-07-02 16:37:17.362 10 WARNING neutron.scheduler.dhcp_agent_scheduler [None req-54720de2-bbad-4a01-9f64-d78a3aa0e0b2 2ac471ffb14f471eaa02d796dab3e614 291a8a4200aa4ea78232fba5063cae26 - - default default] No more DHCP agents
2026-07-02 16:37:17.366 10 WARNING neutron.api.rpc.agentnotifiers.dhcp_rpc_agent_api [None req-54720de2-bbad-4a01-9f64-d78a3aa0e0b2 2ac471ffb14f471eaa02d796dab3e614 291a8a4200aa4ea78232fba5063cae26 - - default default] Unable to schedule network c4d9b43a-a98a-4da8-8241-8493f32f37bb: no agents available; will retry on subsequent port and subnet creation events.
2026-07-02 16:37:17.403 10 INFO neutron.db.ovn_revision_numbers_db [None req-ffea4730-ae1c-46dc-9214-20de70237aa8 2ac471ffb14f471eaa02d796dab3e614 291a8a4200aa4ea78232fba5063cae26 - - default default] Successfully bumped revision number for resource dd73684c-775b-4346-91aa-4b4bcc46c5eb (type: security_groups) to 1
2026-07-02 16:37:17.410 10 INFO neutron.db.ovn_revision_numbers_db [None req-c1e7f0c7-445f-4159-a3fc-72961c49ddd5 - - - - - -] Successfully bumped revision number for resource 597b9e25-71c7-4d23-934f-a8b05406c823 (type: ports) to 3
2026-07-02 16:37:17.482 10 INFO neutron.wsgi [None req-ffea4730-ae1c-46dc-9214-20de70237aa8 2ac471ffb14f471eaa02d796dab3e614 291a8a4200aa4ea78232fba5063cae26 - - default default] 10.0.0.116 "GET /v2.0/security-groups?tenant_id=754d6dd3d38a414b8406f8eb73c7d682&name=default HTTP/1.1" status: 200 len: 2996 time: 0.5624292
2026-07-02 16:37:17.522 9 INFO neutron.db.ovn_revision_numbers_db [None req-c57d70f6-4261-413d-aa67-3878ef1269cc 6bbcdee396934d72b0bccea287047d18 242fbfd7f926485eb18724778e9bdf56 - - default default] Successfully bumped revision number for resource 01b1a2f3-46b9-4e46-afa6-dd166b1fdf99 (type: ports) to 2
2026-07-02 16:37:17.622 9 INFO neutron.db.ovn_revision_numbers_db [None req-4428c84d-1fe4-4297-aff9-25ac72ee47d8 2ac471ffb14f471eaa02d796dab3e614 291a8a4200aa4ea78232fba5063cae26 - - default default] Successfully bumped revision number for resource 22291417-174c-4b23-933d-4b006c00f960 (type: security_groups) to 1
2026-07-02 16:37:17.649 10 INFO neutron.db.ovn_revision_numbers_db [None req-c1e7f0c7-445f-4159-a3fc-72961c49ddd5 - - - - - -] Successfully bumped revision number for resource 597b9e25-71c7-4d23-934f-a8b05406c823 (type: router_ports) to 3
2026-07-02 16:37:17.655 9 INFO neutron.wsgi [None req-4428c84d-1fe4-4297-aff9-25ac72ee47d8 2ac471ffb14f471eaa02d796dab3e614 291a8a4200aa4ea78232fba5063cae26 - - default default] 10.0.0.116 "GET /v2.0/security-groups?tenant_id=2b9ef072e1fc4c6ca6ef3d7f10498444&name=default HTTP/1.1" status: 200 len: 2996 time: 0.3802242
2026-07-02 16:37:17.664 9 WARNING neutron.scheduler.dhcp_agent_scheduler [None req-c57d70f6-4261-413d-aa67-3878ef1269cc 6bbcdee396934d72b0bccea287047d18 242fbfd7f926485eb18724778e9bdf56 - - default default] No more DHCP agents
2026-07-02 16:37:17.671 9 WARNING neutron.api.rpc.agentnotifiers.dhcp_rpc_agent_api [None req-c57d70f6-4261-413d-aa67-3878ef1269cc 6bbcdee396934d72b0bccea287047d18 242fbfd7f926485eb18724778e9bdf56 - - default default] Unable to schedule network c0e29625-1baf-42e8-a7a8-dcaa5de9ab63: no agents available; will retry on subsequent port and subnet creation events.
2026-07-02 16:37:17.923 9 INFO neutron.wsgi [None req-83af70ff-b1ef-481b-a153-bd591aa5ed8d 2ac471ffb14f471eaa02d796dab3e614 291a8a4200aa4ea78232fba5063cae26 - - - -] 10.0.0.116 "DELETE /v2.0/security-groups/dd73684c-775b-4346-91aa-4b4bcc46c5eb HTTP/1.1" status: 204 len: 168 time: 0.4315498
2026-07-02 16:37:17.934 9 INFO neutron.db.ovn_revision_numbers_db [None req-c57d70f6-4261-413d-aa67-3878ef1269cc 6bbcdee396934d72b0bccea287047d18 242fbfd7f926485eb18724778e9bdf56 - - - -] Successfully bumped revision number for resource 01b1a2f3-46b9-4e46-afa6-dd166b1fdf99 (type: router_ports) to 2
2026-07-02 16:37:17.937 9 INFO neutron.wsgi [None req-c57d70f6-4261-413d-aa67-3878ef1269cc 6bbcdee396934d72b0bccea287047d18 242fbfd7f926485eb18724778e9bdf56 - - - -] 10.0.0.116 "PUT /v2.0/routers/2e523233-8e9d-4c66-bc36-33372d10b55e/add_router_interface HTTP/1.1" status: 200 len: 503 time: 1.7387981
