2026-07-02 16:39:55.286 9 INFO neutron.api.v2.resource [None req-63ca06d0-7a39-4684-b641-a8eddfe158cf e0c410abb33f4810b78e43ed24aafccc e2158d05656a4d729dbde475d642f839 - - - -] delete failed (client error): The resource could not be found.
2026-07-02 16:39:55.288 9 INFO neutron.wsgi [None req-63ca06d0-7a39-4684-b641-a8eddfe158cf e0c410abb33f4810b78e43ed24aafccc e2158d05656a4d729dbde475d642f839 - - - -] 10.0.0.116 "DELETE /v2.0/routers/f47eb039-da53-4745-a464-5894fa97e10e/tags/green HTTP/1.1" status: 404 len: 299 time: 0.0535889
2026-07-02 16:39:55.376 9 INFO neutron.wsgi [None req-16dd129c-37de-4b1b-aada-d4de6897a28c e0c410abb33f4810b78e43ed24aafccc e2158d05656a4d729dbde475d642f839 - - - -] 10.0.0.116 "DELETE /v2.0/routers/f47eb039-da53-4745-a464-5894fa97e10e/tags HTTP/1.1" status: 204 len: 168 time: 0.0815456
2026-07-02 16:39:55.442 9 INFO neutron.wsgi [None req-2f6f50e1-3716-42a3-9c6d-4fe6a45aa34e e0c410abb33f4810b78e43ed24aafccc e2158d05656a4d729dbde475d642f839 - - default default] 10.0.0.116 "GET /v2.0/routers/f47eb039-da53-4745-a464-5894fa97e10e/tags HTTP/1.1" status: 200 len: 205 time: 0.0540221
2026-07-02 16:39:55.514 10 INFO neutron.wsgi [None req-a82ba24b-8e87-4468-957d-d2929a3e0c1b e0c410abb33f4810b78e43ed24aafccc e2158d05656a4d729dbde475d642f839 - - default default] 10.0.0.116 "GET /v2.0/routers/f47eb039-da53-4745-a464-5894fa97e10e HTTP/1.1" status: 200 len: 655 time: 0.0612350
2026-07-02 16:39:56.298 10 INFO neutron.db.ovn_revision_numbers_db [None req-c8df5754-72a9-4080-b936-71a9d14f984e e0c410abb33f4810b78e43ed24aafccc e2158d05656a4d729dbde475d642f839 - - - -] Successfully bumped revision number for resource f47eb039-da53-4745-a464-5894fa97e10e (type: routers) to 9
2026-07-02 16:39:56.304 10 INFO neutron.wsgi [None req-c8df5754-72a9-4080-b936-71a9d14f984e e0c410abb33f4810b78e43ed24aafccc e2158d05656a4d729dbde475d642f839 - - - -] 10.0.0.116 "PUT /v2.0/routers/f47eb039-da53-4745-a464-5894fa97e10e HTTP/1.1" status: 200 len: 655 time: 0.7793331
2026-07-02 16:39:56.331 10 INFO neutron.wsgi [None req-2af6b8df-cb77-45ad-a2a6-8fc3cf97ebab e0c410abb33f4810b78e43ed24aafccc e2158d05656a4d729dbde475d642f839 - - default default] 10.0.0.116 "GET /v2.0/ports?device_id=f47eb039-da53-4745-a464-5894fa97e10e HTTP/1.1" status: 200 len: 205 time: 0.0217168
2026-07-02 16:39:56.659 10 INFO neutron.wsgi [None req-a0ebecbe-f5fb-47fe-ba53-87bc08e9880c e0c410abb33f4810b78e43ed24aafccc e2158d05656a4d729dbde475d642f839 - - - -] 10.0.0.116 "DELETE /v2.0/routers/f47eb039-da53-4745-a464-5894fa97e10e HTTP/1.1" status: 204 len: 168 time: 0.3229456
2026-07-02 16:39:57.635 9 INFO neutron.wsgi [None req-8b2dc73c-f363-49a4-b875-5308f646a1cb 2ac471ffb14f471eaa02d796dab3e614 291a8a4200aa4ea78232fba5063cae26 - - default default] 10.0.0.163 "GET /v2.0/subnets HTTP/1.1" status: 200 len: 5494 time: 0.1780202
2026-07-02 16:39:57.648 9 INFO neutron.wsgi [None req-0751aa84-673b-439b-9fb9-94f45f88937e 2ac471ffb14f471eaa02d796dab3e614 291a8a4200aa4ea78232fba5063cae26 - - default default] 10.0.0.163 "GET /v2.0/subnetpools HTTP/1.1" status: 200 len: 193 time: 0.0104251
2026-07-02 16:39:57.702 10 INFO neutron.db.ovn_revision_numbers_db [None req-facb07cc-3c10-4242-a7fb-49401f5f154d 2ac471ffb14f471eaa02d796dab3e614 291a8a4200aa4ea78232fba5063cae26 - - default default] Successfully bumped revision number for resource e1801583-f875-4a35-a38c-e3a6b89a7232 (type: security_groups) to 1
2026-07-02 16:39:57.708 9 INFO neutron.wsgi [None req-77a02cbc-7144-4a54-a802-9fbb487832c1 2ac471ffb14f471eaa02d796dab3e614 291a8a4200aa4ea78232fba5063cae26 - - default default] 10.0.0.163 "GET /v2.0/floatingips HTTP/1.1" status: 200 len: 1878 time: 0.0602381
2026-07-02 16:39:57.731 10 INFO neutron.wsgi [None req-facb07cc-3c10-4242-a7fb-49401f5f154d 2ac471ffb14f471eaa02d796dab3e614 291a8a4200aa4ea78232fba5063cae26 - - default default] 10.0.0.116 "GET /v2.0/security-groups?tenant_id=e2158d05656a4d729dbde475d642f839&name=default HTTP/1.1" status: 200 len: 3000 time: 0.2690175
2026-07-02 16:39:57.768 9 INFO neutron.wsgi [None req-9ffe9456-43a5-45f0-bf05-4473be3293bd 2ac471ffb14f471eaa02d796dab3e614 291a8a4200aa4ea78232fba5063cae26 - - default default] 10.0.0.163 "GET /v2.0/ports HTTP/1.1" status: 200 len: 19621 time: 0.0562727
2026-07-02 16:39:57.898 9 INFO neutron.wsgi [None req-d2c7bacf-f536-4ce8-aa08-038e0af377f2 2ac471ffb14f471eaa02d796dab3e614 291a8a4200aa4ea78232fba5063cae26 - - default default] 10.0.0.163 "GET /v2.0/security-groups HTTP/1.1" status: 200 len: 31871 time: 0.1184435
2026-07-02 16:39:57.918 10 INFO neutron.wsgi [None req-d844509d-bfe3-48f6-933c-7c40ce752d82 2ac471ffb14f471eaa02d796dab3e614 291a8a4200aa4ea78232fba5063cae26 - - - -] 10.0.0.116 "DELETE /v2.0/security-groups/e1801583-f875-4a35-a38c-e3a6b89a7232 HTTP/1.1" status: 204 len: 168 time: 0.1811049
2026-07-02 16:39:57.979 9 INFO neutron.wsgi [None req-f17d3cd9-d224-41d6-bd6a-9acccbff0350 2ac471ffb14f471eaa02d796dab3e614 291a8a4200aa4ea78232fba5063cae26 - - default default] 10.0.0.163 "GET /v2.0/networks HTTP/1.1" status: 200 len: 4719 time: 0.0677583
2026-07-02 16:39:58.023 9 INFO neutron.wsgi [None req-682710bb-9e69-453b-9e60-9765b4de53d2 2ac471ffb14f471eaa02d796dab3e614 291a8a4200aa4ea78232fba5063cae26 - - default default] 10.0.0.163 "GET /v2.0/subnets HTTP/1.1" status: 200 len: 5494 time: 0.0373411
2026-07-02 16:39:58.128 9 INFO neutron.wsgi [None req-9ce829bc-413e-4e1f-8349-524629caa9e8 2ac471ffb14f471eaa02d796dab3e614 291a8a4200aa4ea78232fba5063cae26 - - default default] 10.0.0.163 "GET /v2.0/routers HTTP/1.1" status: 200 len: 849 time: 0.1013939
2026-07-02 16:39:58.142 9 INFO neutron.wsgi [None req-a40f7854-ed3f-4451-b472-9399b4b90ad3 2ac471ffb14f471eaa02d796dab3e614 291a8a4200aa4ea78232fba5063cae26 - - default default] 10.0.0.163 "GET /v2.0/agents?binary=ovn-controller HTTP/1.1" status: 200 len: 591 time: 0.0135348
2026-07-02 16:39:58.161 9 INFO neutron.wsgi [None req-00ffea52-183d-4357-8596-93fe7ea93b0f 2ac471ffb14f471eaa02d796dab3e614 291a8a4200aa4ea78232fba5063cae26 - - default default] 10.0.0.163 "GET /v2.0/agents HTTP/1.1" status: 200 len: 997 time: 0.0181420
2026-07-02 16:39:58.169 10 INFO neutron.db.ovn_revision_numbers_db [None req-f9b7ebec-9cdb-42fd-a6f1-9760dea28e91 2ac471ffb14f471eaa02d796dab3e614 291a8a4200aa4ea78232fba5063cae26 - - default default] Successfully bumped revision number for resource 685ae945-ba6b-4c66-aaf0-d86db9d64c60 (type: security_groups) to 1
2026-07-02 16:39:58.177 9 INFO neutron.wsgi [None req-881dc03b-8e84-4288-9042-bc7fa41cff01 2ac471ffb14f471eaa02d796dab3e614 291a8a4200aa4ea78232fba5063cae26 - - default default] 10.0.0.163 "GET /v2.0/network-ip-availabilities HTTP/1.1" status: 200 len: 3360 time: 0.0139828
2026-07-02 16:39:58.196 10 INFO neutron.wsgi [None req-f9b7ebec-9cdb-42fd-a6f1-9760dea28e91 2ac471ffb14f471eaa02d796dab3e614 291a8a4200aa4ea78232fba5063cae26 - - default default] 10.0.0.116 "GET /v2.0/security-groups?tenant_id=fe79cce9c3614b8797798562b173d87a&name=default HTTP/1.1" status: 200 len: 3000 time: 0.1294956
2026-07-02 16:39:58.373 10 INFO neutron.wsgi [None req-d6c6eed4-753e-4688-b6c2-7ab297cfdead 2ac471ffb14f471eaa02d796dab3e614 291a8a4200aa4ea78232fba5063cae26 - - - -] 10.0.0.116 "DELETE /v2.0/security-groups/685ae945-ba6b-4c66-aaf0-d86db9d64c60 HTTP/1.1" status: 204 len: 168 time: 0.1726720
2026-07-02 16:40:02.162 9 INFO neutron.wsgi [-] 10.0.0.252 "GET / HTTP/1.1" status: 200 len: 247 time: 0.0034418
2026-07-02 16:40:02.165 9 INFO neutron.wsgi [-] 10.0.0.252 "GET / HTTP/1.1" status: 200 len: 247 time: 0.0016851
2026-07-02 16:40:02.385 10 INFO neutron.db.ovn_revision_numbers_db [None req-6e8f9884-5921-4d01-b33d-2956094fdc37 f8f42e5aa1a74c5ab1ec380c74ca1418 bd3b83191e0d442ebfdefc02d07aff75 - - - -] Successfully bumped revision number for resource e8a02cac-d9fb-4d86-ba91-4071332f0846 (type: security_groups) to 1
2026-07-02 16:40:02.445 10 INFO neutron.db.segments_db [None req-6e8f9884-5921-4d01-b33d-2956094fdc37 f8f42e5aa1a74c5ab1ec380c74ca1418 bd3b83191e0d442ebfdefc02d07aff75 - - - -] Added segment 0e6a46c3-37ae-4446-89ef-e66ccdf1d4d3 of type geneve for network 0c52dd2e-87b9-4ac9-b7ec-003e739e967c
2026-07-02 16:40:02.595 10 INFO neutron.db.ovn_revision_numbers_db [None req-6e8f9884-5921-4d01-b33d-2956094fdc37 f8f42e5aa1a74c5ab1ec380c74ca1418 bd3b83191e0d442ebfdefc02d07aff75 - - - -] Successfully bumped revision number for resource 0c52dd2e-87b9-4ac9-b7ec-003e739e967c (type: networks) to 1
2026-07-02 16:40:02.884 10 WARNING neutron.scheduler.dhcp_agent_scheduler [None req-6e8f9884-5921-4d01-b33d-2956094fdc37 f8f42e5aa1a74c5ab1ec380c74ca1418 bd3b83191e0d442ebfdefc02d07aff75 - - - -] No more DHCP agents
2026-07-02 16:40:02.885 10 WARNING neutron.api.rpc.agentnotifiers.dhcp_rpc_agent_api [None req-6e8f9884-5921-4d01-b33d-2956094fdc37 f8f42e5aa1a74c5ab1ec380c74ca1418 bd3b83191e0d442ebfdefc02d07aff75 - - - -] Unable to schedule network 0c52dd2e-87b9-4ac9-b7ec-003e739e967c: no agents available; will retry on subsequent port and subnet creation events.
2026-07-02 16:40:02.966 10 INFO neutron.db.ovn_revision_numbers_db [None req-6e8f9884-5921-4d01-b33d-2956094fdc37 f8f42e5aa1a74c5ab1ec380c74ca1418 bd3b83191e0d442ebfdefc02d07aff75 - - - -] Successfully bumped revision number for resource 107f607d-743a-437b-a3c4-43b67da0f4fc (type: ports) to 1
2026-07-02 16:40:02.998 10 INFO neutron.wsgi [None req-6e8f9884-5921-4d01-b33d-2956094fdc37 f8f42e5aa1a74c5ab1ec380c74ca1418 bd3b83191e0d442ebfdefc02d07aff75 - - - -] 10.0.0.116 "POST /v2.0/networks HTTP/1.1" status: 201 len: 830 time: 0.9264741
2026-07-02 16:40:03.276 9 WARNING neutron.scheduler.dhcp_agent_scheduler [None req-722d2381-eff7-487b-b31e-753503c34c3e f8f42e5aa1a74c5ab1ec380c74ca1418 bd3b83191e0d442ebfdefc02d07aff75 - - - -] No more DHCP agents
2026-07-02 16:40:03.279 9 WARNING neutron.api.rpc.agentnotifiers.dhcp_rpc_agent_api [None req-722d2381-eff7-487b-b31e-753503c34c3e f8f42e5aa1a74c5ab1ec380c74ca1418 bd3b83191e0d442ebfdefc02d07aff75 - - - -] Unable to schedule network 0c52dd2e-87b9-4ac9-b7ec-003e739e967c: no agents available; will retry on subsequent port and subnet creation events.
2026-07-02 16:40:03.364 9 INFO neutron.db.ovn_revision_numbers_db [None req-722d2381-eff7-487b-b31e-753503c34c3e f8f42e5aa1a74c5ab1ec380c74ca1418 bd3b83191e0d442ebfdefc02d07aff75 - - - -] Successfully bumped revision number for resource df2b93a0-6d8b-47d9-998d-3cedb7de0210 (type: ports) to 1
2026-07-02 16:40:03.387 9 INFO neutron.wsgi [None req-722d2381-eff7-487b-b31e-753503c34c3e f8f42e5aa1a74c5ab1ec380c74ca1418 bd3b83191e0d442ebfdefc02d07aff75 - - - -] 10.0.0.116 "POST /v2.0/ports HTTP/1.1" status: 201 len: 942 time: 0.3811798 /var/lib/openstack/lib/python3.10/site-packages/pycadf/identifier.py:71: UserWarning: Invalid uuid: neutron. To ensure interoperability, identifiers should be a valid uuid. warnings.warn(('Invalid uuid: %s. To ensure interoperability, '
2026-07-02 16:40:03.655 9 INFO neutron.wsgi [None req-4c0a197d-dcc6-4859-8d40-58b6d1689e85 f8f42e5aa1a74c5ab1ec380c74ca1418 bd3b83191e0d442ebfdefc02d07aff75 - - - -] 10.0.0.116 "POST /v2.0/trunks HTTP/1.1" status: 201 len: 608 time: 0.2629545
2026-07-02 16:40:03.698 10 INFO neutron.wsgi [None req-7bc18ab0-de27-4d68-95e1-c79a6e445287 f8f42e5aa1a74c5ab1ec380c74ca1418 bd3b83191e0d442ebfdefc02d07aff75 - - - -] 10.0.0.116 "PUT /v2.0/trunks/d0640671-521e-4d3a-922d-14802fd022d8/tags HTTP/1.1" status: 200 len: 218 time: 0.0342815
2026-07-02 16:40:03.725 10 INFO neutron.wsgi [None req-c737187d-6ddf-4ba2-97a9-bc6870bca862 f8f42e5aa1a74c5ab1ec380c74ca1418 bd3b83191e0d442ebfdefc02d07aff75 - - default default] 10.0.0.116 "GET /v2.0/trunks/d0640671-521e-4d3a-922d-14802fd022d8/tags HTTP/1.1" status: 200 len: 218 time: 0.0155187
2026-07-02 16:40:03.786 9 INFO neutron.wsgi [None req-ee164078-341c-493f-a7cb-c0ddef715647 f8f42e5aa1a74c5ab1ec380c74ca1418 bd3b83191e0d442ebfdefc02d07aff75 - - - -] 10.0.0.116 "PUT /v2.0/trunks/d0640671-521e-4d3a-922d-14802fd022d8/tags/green HTTP/1.1" status: 201 len: 201 time: 0.0527182
2026-07-02 16:40:03.808 9 INFO neutron.wsgi [None req-19ffa4c5-655c-4a87-b10a-f16888e894e8 f8f42e5aa1a74c5ab1ec380c74ca1418 bd3b83191e0d442ebfdefc02d07aff75 - - default default] 10.0.0.116 "GET /v2.0/trunks/d0640671-521e-4d3a-922d-14802fd022d8/tags HTTP/1.1" status: 200 len: 227 time: 0.0169864
2026-07-02 16:40:03.843 9 INFO neutron.wsgi [None req-bdb5ff4d-f4a5-43c5-af7f-3dceface11e1 f8f42e5aa1a74c5ab1ec380c74ca1418 bd3b83191e0d442ebfdefc02d07aff75 - - - -] 10.0.0.116 "PUT /v2.0/trunks/d0640671-521e-4d3a-922d-14802fd022d8/tags/red HTTP/1.1" status: 201 len: 201 time: 0.0293694
2026-07-02 16:40:03.864 9 INFO neutron.wsgi [None req-2aaf579d-ae2a-4543-a919-c18d662237b4 f8f42e5aa1a74c5ab1ec380c74ca1418 bd3b83191e0d442ebfdefc02d07aff75 - - default default] 10.0.0.116 "GET /v2.0/trunks/d0640671-521e-4d3a-922d-14802fd022d8/tags HTTP/1.1" status: 200 len: 227 time: 0.0173385
2026-07-02 16:40:03.900 9 INFO neutron.wsgi [None req-e00180ff-e740-420e-bffe-3e3eaf058e7e f8f42e5aa1a74c5ab1ec380c74ca1418 bd3b83191e0d442ebfdefc02d07aff75 - - - -] 10.0.0.116 "PUT /v2.0/trunks/d0640671-521e-4d3a-922d-14802fd022d8/tags/black.or.white HTTP/1.1" status: 201 len: 201 time: 0.0320776
2026-07-02 16:40:03.924 9 INFO neutron.wsgi [None req-e5c849db-70c0-4d26-8f05-7e14eefd39a6 f8f42e5aa1a74c5ab1ec380c74ca1418 bd3b83191e0d442ebfdefc02d07aff75 - - default default] 10.0.0.116 "GET /v2.0/trunks/d0640671-521e-4d3a-922d-14802fd022d8/tags HTTP/1.1" status: 200 len: 245 time: 0.0170593
2026-07-02 16:40:03.964 9 INFO neutron.wsgi [None req-3542a235-215e-4c86-9659-e62b2ce2aa8f f8f42e5aa1a74c5ab1ec380c74ca1418 bd3b83191e0d442ebfdefc02d07aff75 - - - -] 10.0.0.116 "PUT /v2.0/trunks/d0640671-521e-4d3a-922d-14802fd022d8/tags HTTP/1.1" status: 200 len: 230 time: 0.0341654
2026-07-02 16:40:03.993 9 INFO neutron.wsgi [None req-64547fce-3bda-4bd1-9627-c19504da1c2d f8f42e5aa1a74c5ab1ec380c74ca1418 bd3b83191e0d442ebfdefc02d07aff75 - - default default] 10.0.0.116 "GET /v2.0/trunks/d0640671-521e-4d3a-922d-14802fd022d8/tags HTTP/1.1" status: 200 len: 230 time: 0.0213728
2026-07-02 16:40:04.013 9 INFO neutron.wsgi [None req-abc66070-fca3-4986-8395-cb8d98589973 f8f42e5aa1a74c5ab1ec380c74ca1418 bd3b83191e0d442ebfdefc02d07aff75 - - default default] 10.0.0.116 "GET /v2.0/trunks/d0640671-521e-4d3a-922d-14802fd022d8/tags/red HTTP/1.1" status: 204 len: 168 time: 0.0145655
2026-07-02 16:40:04.036 10 INFO neutron.api.v2.resource [None req-fde0fb99-50f3-4d9a-9487-b1b3c2216a61 f8f42e5aa1a74c5ab1ec380c74ca1418 bd3b83191e0d442ebfdefc02d07aff75 - - default default] show failed (client error): The resource could not be found.
2026-07-02 16:40:04.039 10 INFO neutron.wsgi [None req-fde0fb99-50f3-4d9a-9487-b1b3c2216a61 f8f42e5aa1a74c5ab1ec380c74ca1418 bd3b83191e0d442ebfdefc02d07aff75 - - default default] 10.0.0.116 "GET /v2.0/trunks/d0640671-521e-4d3a-922d-14802fd022d8/tags/green HTTP/1.1" status: 404 len: 299 time: 0.0195088
2026-07-02 16:40:04.075 10 INFO neutron.wsgi [None req-39cb5bd3-ec4c-492e-8d7b-5e965c201148 f8f42e5aa1a74c5ab1ec380c74ca1418 bd3b83191e0d442ebfdefc02d07aff75 - - - -] 10.0.0.116 "DELETE /v2.0/trunks/d0640671-521e-4d3a-922d-14802fd022d8/tags/red HTTP/1.1" status: 204 len: 168 time: 0.0296037
2026-07-02 16:40:04.096 10 INFO neutron.wsgi [None req-bfa0156d-e8c6-465e-a175-e5b20622aac8 f8f42e5aa1a74c5ab1ec380c74ca1418 bd3b83191e0d442ebfdefc02d07aff75 - - default default] 10.0.0.116 "GET /v2.0/trunks/d0640671-521e-4d3a-922d-14802fd022d8/tags HTTP/1.1" status: 200 len: 223 time: 0.0160244
2026-07-02 16:40:04.134 9 INFO neutron.api.v2.resource [None req-f2a5b253-fd68-47db-a7d0-7cea702eddf9 f8f42e5aa1a74c5ab1ec380c74ca1418 bd3b83191e0d442ebfdefc02d07aff75 - - - -] delete failed (client error): The resource could not be found.
2026-07-02 16:40:04.136 9 INFO neutron.wsgi [None req-f2a5b253-fd68-47db-a7d0-7cea702eddf9 f8f42e5aa1a74c5ab1ec380c74ca1418 bd3b83191e0d442ebfdefc02d07aff75 - - - -] 10.0.0.116 "DELETE /v2.0/trunks/d0640671-521e-4d3a-922d-14802fd022d8/tags/green HTTP/1.1" status: 404 len: 299 time: 0.0248001
2026-07-02 16:40:04.170 9 INFO neutron.wsgi [None req-ebeed2d6-233a-431a-ab26-e2a3b4e12073 f8f42e5aa1a74c5ab1ec380c74ca1418 bd3b83191e0d442ebfdefc02d07aff75 - - - -] 10.0.0.116 "DELETE /v2.0/trunks/d0640671-521e-4d3a-922d-14802fd022d8/tags HTTP/1.1" status: 204 len: 168 time: 0.0284734
2026-07-02 16:40:04.192 9 INFO neutron.wsgi [None req-acd45dbe-e16c-40e5-818f-8e4d9b4b6720 f8f42e5aa1a74c5ab1ec380c74ca1418 bd3b83191e0d442ebfdefc02d07aff75 - - default default] 10.0.0.116 "GET /v2.0/trunks/d0640671-521e-4d3a-922d-14802fd022d8/tags HTTP/1.1" status: 200 len: 205 time: 0.0161347
2026-07-02 16:40:04.229 10 INFO neutron.wsgi [None req-33afa01b-78d0-4f55-b3c6-e1d09f7bd260 f8f42e5aa1a74c5ab1ec380c74ca1418 bd3b83191e0d442ebfdefc02d07aff75 - - default default] 10.0.0.116 "GET /v2.0/trunks/d0640671-521e-4d3a-922d-14802fd022d8 HTTP/1.1" status: 200 len: 603 time: 0.0221128
2026-07-02 16:40:04.340 10 INFO neutron.wsgi [None req-59f9624c-8539-47c8-953e-dd4a11cedb32 f8f42e5aa1a74c5ab1ec380c74ca1418 bd3b83191e0d442ebfdefc02d07aff75 - - default default] 10.0.0.116 "GET /v2.0/ports/df2b93a0-6d8b-47d9-998d-3cedb7de0210 HTTP/1.1" status: 200 len: 1020 time: 0.1074221
2026-07-02 16:40:04.531 10 INFO neutron.wsgi [None req-0afa448b-1cfd-4c55-9832-0f14c650edb8 f8f42e5aa1a74c5ab1ec380c74ca1418 bd3b83191e0d442ebfdefc02d07aff75 - - - -] 10.0.0.116 "DELETE /v2.0/trunks/d0640671-521e-4d3a-922d-14802fd022d8 HTTP/1.1" status: 204 len: 168 time: 0.1855001
2026-07-02 16:40:04.851 10 INFO neutron.wsgi [None req-51d23617-0166-493e-a07c-fae56af07dac f8f42e5aa1a74c5ab1ec380c74ca1418 bd3b83191e0d442ebfdefc02d07aff75 - - - -] 10.0.0.116 "DELETE /v2.0/ports/df2b93a0-6d8b-47d9-998d-3cedb7de0210 HTTP/1.1" status: 204 len: 168 time: 0.3142791
2026-07-02 16:40:05.252 10 INFO neutron.services.segments.plugin [-] Segment 0e6a46c3-37ae-4446-89ef-e66ccdf1d4d3 resource provider aggregate not found
2026-07-02 16:40:05.256 10 INFO neutron.services.segments.plugin [-] Segment 0e6a46c3-37ae-4446-89ef-e66ccdf1d4d3 resource provider aggregate not found
2026-07-02 16:40:05.272 10 INFO neutron.services.segments.plugin [-] Segment 0e6a46c3-37ae-4446-89ef-e66ccdf1d4d3 resource provider not found; error: Placement Client Error (4xx): {"errors": [{"status": 404, "title": "Not Found", "detail": "The resource could not be found.\n\n No resource provider with uuid 0e6a46c3-37ae-4446-89ef-e66ccdf1d4d3 found for delete ", "request_id": "req-d28368b7-e2f9-4858-a8fd-717ab13a0d27"}]}
2026-07-02 16:40:05.274 10 INFO neutron.services.segments.plugin [-] Segment 0e6a46c3-37ae-4446-89ef-e66ccdf1d4d3 resource provider not found; error: Placement Client Error (4xx): {"errors": [{"status": 404, "title": "Not Found", "detail": "The resource could not be found.\n\n No resource provider with uuid 0e6a46c3-37ae-4446-89ef-e66ccdf1d4d3 found for delete ", "request_id": "req-2729894e-afbb-4a70-ac5f-79efdf0def53"}]}
2026-07-02 16:40:05.297 10 INFO neutron.wsgi [None req-d8d06d19-5a11-42b4-9f96-b47f50527aef f8f42e5aa1a74c5ab1ec380c74ca1418 bd3b83191e0d442ebfdefc02d07aff75 - - - -] 10.0.0.116 "DELETE /v2.0/networks/0c52dd2e-87b9-4ac9-b7ec-003e739e967c HTTP/1.1" status: 204 len: 168 time: 0.4397891
2026-07-02 16:40:06.184 9 INFO neutron.wsgi [None req-316dd4ea-8bf3-4879-8f5c-94cfb998f485 2ac471ffb14f471eaa02d796dab3e614 291a8a4200aa4ea78232fba5063cae26 - - default default] 10.0.0.116 "GET /v2.0/security-groups?tenant_id=bd3b83191e0d442ebfdefc02d07aff75&name=default HTTP/1.1" status: 200 len: 3000 time: 0.1705308
2026-07-02 16:40:06.417 9 INFO neutron.wsgi [None req-5699e50f-cc05-4b36-bf31-2798b5969db6 2ac471ffb14f471eaa02d796dab3e614 291a8a4200aa4ea78232fba5063cae26 - - - -] 10.0.0.116 "DELETE /v2.0/security-groups/e8a02cac-d9fb-4d86-ba91-4071332f0846 HTTP/1.1" status: 204 len: 168 time: 0.2269423
2026-07-02 16:40:06.720 9 INFO neutron.db.ovn_revision_numbers_db [None req-1f4b83b8-277b-4fd0-91d4-109485a7f25d 2ac471ffb14f471eaa02d796dab3e614 291a8a4200aa4ea78232fba5063cae26 - - default default] Successfully bumped revision number for resource 61dbb2aa-3f30-4ff9-8b56-089c8cdab77e (type: security_groups) to 1
2026-07-02 16:40:06.743 9 INFO neutron.wsgi [None req-1f4b83b8-277b-4fd0-91d4-109485a7f25d 2ac471ffb14f471eaa02d796dab3e614 291a8a4200aa4ea78232fba5063cae26 - - default default] 10.0.0.116 "GET /v2.0/security-groups?tenant_id=07763ebcdd284c69940710a4638751a4&name=default HTTP/1.1" status: 200 len: 3000 time: 0.1806769
2026-07-02 16:40:07.009 9 INFO neutron.wsgi [None req-44854417-610a-4117-ab30-7030e06ffe57 2ac471ffb14f471eaa02d796dab3e614 291a8a4200aa4ea78232fba5063cae26 - - - -] 10.0.0.116 "DELETE /v2.0/security-groups/61dbb2aa-3f30-4ff9-8b56-089c8cdab77e HTTP/1.1" status: 204 len: 168 time: 0.2617357
2026-07-02 16:40:17.161 10 INFO neutron.wsgi [-] 10.0.0.252 "GET / HTTP/1.1" status: 200 len: 247 time: 0.0026441
2026-07-02 16:40:17.165 10 INFO neutron.wsgi [-] 10.0.0.252 "GET / HTTP/1.1" status: 200 len: 247 time: 0.0022893
2026-07-02 16:40:25.362 9 INFO neutron.wsgi [None req-ec50c03c-56bc-4bce-846f-7f5904b7c075 2ac471ffb14f471eaa02d796dab3e614 291a8a4200aa4ea78232fba5063cae26 - - default default] 199.19.213.52 "GET /v2.0/extensions/security-group HTTP/1.1" status: 200 len: 369 time: 0.0068467
2026-07-02 16:40:25.373 9 INFO neutron.wsgi [None req-63241b9b-ad6a-4fb2-9789-ff311bd34a1b 2ac471ffb14f471eaa02d796dab3e614 291a8a4200aa4ea78232fba5063cae26 - - default default] 199.19.213.52 "GET /v2.0/extensions/dns-integration HTTP/1.1" status: 200 len: 371 time: 0.0046306
2026-07-02 16:40:25.381 9 INFO neutron.wsgi [None req-019f9b8d-ff25-4ccc-8267-8e91290d940b 2ac471ffb14f471eaa02d796dab3e614 291a8a4200aa4ea78232fba5063cae26 - - default default] 199.19.213.52 "GET /v2.0/extensions/qos HTTP/1.1" status: 200 len: 365 time: 0.0044770
2026-07-02 16:40:25.394 9 INFO neutron.wsgi [None req-ae02bd5e-d15d-47e9-9104-9491ddea6499 2ac471ffb14f471eaa02d796dab3e614 291a8a4200aa4ea78232fba5063cae26 - - default default] 199.19.213.52 "GET /v2.0/extensions/allowed-address-pairs HTTP/1.1" status: 200 len: 383 time: 0.0073328
2026-07-02 16:40:25.450 9 INFO neutron.wsgi [None req-cb6fa734-583e-4298-ba00-fe0c21f6c2e0 2ac471ffb14f471eaa02d796dab3e614 291a8a4200aa4ea78232fba5063cae26 - - default default] 199.19.213.52 "GET /v2.0/subnets/08daf762-2c90-4820-a50e-e5c1c6219636 HTTP/1.1" status: 200 len: 851 time: 0.0468056
2026-07-02 16:40:25.563 9 INFO neutron.wsgi [None req-2809c7ce-44f4-4a16-8a59-b2a64fccdab1 2ac471ffb14f471eaa02d796dab3e614 291a8a4200aa4ea78232fba5063cae26 - - default default] 199.19.213.52 "GET /v2.0/ports?device_id=a7f80928-a6e0-417c-b09e-5eedc887627d HTTP/1.1" status: 200 len: 1365 time: 0.0709035
2026-07-02 16:40:25.919 9 WARNING neutron.scheduler.dhcp_agent_scheduler [None req-d068a6a1-99cc-4dd6-84c8-55ac9fe06528 2ac471ffb14f471eaa02d796dab3e614 291a8a4200aa4ea78232fba5063cae26 - - - -] No more DHCP agents
2026-07-02 16:40:25.922 9 WARNING neutron.api.rpc.agentnotifiers.dhcp_rpc_agent_api [None req-d068a6a1-99cc-4dd6-84c8-55ac9fe06528 2ac471ffb14f471eaa02d796dab3e614 291a8a4200aa4ea78232fba5063cae26 - - - -] Unable to schedule network 02148dd9-5a12-4098-917c-cd1fde9185fa: no agents available; will retry on subsequent port and subnet creation events.
2026-07-02 16:40:26.098 9 INFO neutron.db.ovn_revision_numbers_db [None req-d068a6a1-99cc-4dd6-84c8-55ac9fe06528 2ac471ffb14f471eaa02d796dab3e614 291a8a4200aa4ea78232fba5063cae26 - - - -] Successfully bumped revision number for resource 6c8e5b60-83e1-4338-aa4f-9647f7558e31 (type: ports) to 1
2026-07-02 16:40:26.128 9 INFO neutron.wsgi [None req-d068a6a1-99cc-4dd6-84c8-55ac9fe06528 2ac471ffb14f471eaa02d796dab3e614 291a8a4200aa4ea78232fba5063cae26 - - - -] 199.19.213.52 "POST /v2.0/ports HTTP/1.1" status: 201 len: 1302 time: 0.5556822
2026-07-02 16:40:26.400 10 INFO neutron.wsgi [req-a9c4f09a-4a1f-4286-a17c-16b3800bb0b7 req-a92c3bce-a124-4dbc-b579-11ec6fb53067 2ac471ffb14f471eaa02d796dab3e614 291a8a4200aa4ea78232fba5063cae26 - - default default] 10.0.0.115 "GET /v2.0/ports/6c8e5b60-83e1-4338-aa4f-9647f7558e31 HTTP/1.1" status: 200 len: 1297 time: 0.2101524
2026-07-02 16:40:26.413 10 INFO neutron.wsgi [req-a9c4f09a-4a1f-4286-a17c-16b3800bb0b7 req-c08cf792-d42f-4bdf-b500-ab6cd72ac868 2ac471ffb14f471eaa02d796dab3e614 291a8a4200aa4ea78232fba5063cae26 - - default default] 10.0.0.115 "GET /v2.0/extensions HTTP/1.1" status: 200 len: 16525 time: 0.0065100
2026-07-02 16:40:26.717 10 INFO neutron.wsgi [req-a9c4f09a-4a1f-4286-a17c-16b3800bb0b7 req-a0083f9f-7a3f-44ba-9e97-1266104a01f3 816e0fe0e2c94c3f9ed719a637978ec4 78acf20edb0945f694bde75abc038ede - - 18978e90542b4dfd85a92c0da9b0c354 18978e90542b4dfd85a92c0da9b0c354] 199.19.213.52 "GET /v2.0/ports/6c8e5b60-83e1-4338-aa4f-9647f7558e31?fields=binding%3Avnic_type&fields=binding%3Aprofile&fields=network_id&fields=resource_request&fields=numa_affinity_policy&fields=device_profile HTTP/1.1" status: 200 len: 335 time: 0.2114563
2026-07-02 16:40:26.771 10 INFO neutron.wsgi [req-a9c4f09a-4a1f-4286-a17c-16b3800bb0b7 req-d059b6f5-091e-4a8c-ab6d-5a4ae6336418 816e0fe0e2c94c3f9ed719a637978ec4 78acf20edb0945f694bde75abc038ede - - 18978e90542b4dfd85a92c0da9b0c354 18978e90542b4dfd85a92c0da9b0c354] 199.19.213.52 "GET /v2.0/networks/02148dd9-5a12-4098-917c-cd1fde9185fa?fields=segments HTTP/1.1" status: 200 len: 212 time: 0.0476778
2026-07-02 16:40:26.841 10 INFO neutron.wsgi [req-a9c4f09a-4a1f-4286-a17c-16b3800bb0b7 req-da8c5c15-0812-4615-9266-0417b9c31498 816e0fe0e2c94c3f9ed719a637978ec4 78acf20edb0945f694bde75abc038ede - - 18978e90542b4dfd85a92c0da9b0c354 18978e90542b4dfd85a92c0da9b0c354] 199.19.213.52 "GET /v2.0/networks/02148dd9-5a12-4098-917c-cd1fde9185fa?fields=provider%3Aphysical_network&fields=provider%3Anetwork_type HTTP/1.1" status: 200 len: 277 time: 0.0639937
2026-07-02 16:40:26.904 10 INFO neutron.wsgi [req-a9c4f09a-4a1f-4286-a17c-16b3800bb0b7 req-fa27cbc0-0445-4531-9d18-70afa6144722 816e0fe0e2c94c3f9ed719a637978ec4 78acf20edb0945f694bde75abc038ede - - 18978e90542b4dfd85a92c0da9b0c354 18978e90542b4dfd85a92c0da9b0c354] 199.19.213.52 "GET /v2.0/ports/6c8e5b60-83e1-4338-aa4f-9647f7558e31 HTTP/1.1" status: 200 len: 1297 time: 0.0413918
2026-07-02 16:40:26.961 10 INFO neutron.wsgi [req-a9c4f09a-4a1f-4286-a17c-16b3800bb0b7 req-18ad1f76-7b20-4919-b254-6eb756120d39 2ac471ffb14f471eaa02d796dab3e614 291a8a4200aa4ea78232fba5063cae26 - - default default] 199.19.213.52 "GET /v2.0/networks?id=02148dd9-5a12-4098-917c-cd1fde9185fa HTTP/1.1" status: 200 len: 1004 time: 0.0509207
2026-07-02 16:40:27.340 10 INFO neutron.db.ovn_revision_numbers_db [None req-1462317c-b18a-467b-9dd7-4bea9444cebd 816e0fe0e2c94c3f9ed719a637978ec4 78acf20edb0945f694bde75abc038ede - - - -] Successfully bumped revision number for resource 6c8e5b60-83e1-4338-aa4f-9647f7558e31 (type: ports) to 2
2026-07-02 16:40:27.568 10 INFO neutron.db.ovn_revision_numbers_db [None req-1462317c-b18a-467b-9dd7-4bea9444cebd 816e0fe0e2c94c3f9ed719a637978ec4 78acf20edb0945f694bde75abc038ede - - - -] Successfully bumped revision number for resource 6c8e5b60-83e1-4338-aa4f-9647f7558e31 (type: ports) to 2
2026-07-02 16:40:27.587 10 INFO neutron.wsgi [None req-1462317c-b18a-467b-9dd7-4bea9444cebd 816e0fe0e2c94c3f9ed719a637978ec4 78acf20edb0945f694bde75abc038ede - - - -] 199.19.213.52 "PUT /v2.0/ports/6c8e5b60-83e1-4338-aa4f-9647f7558e31 HTTP/1.1" status: 200 len: 1380 time: 0.6175880 /var/lib/openstack/lib/python3.10/site-packages/pycadf/identifier.py:71: UserWarning: Invalid uuid: neutron. To ensure interoperability, identifiers should be a valid uuid. warnings.warn(('Invalid uuid: %s. To ensure interoperability, '
2026-07-02 16:40:27.679 10 INFO neutron.wsgi [req-a9c4f09a-4a1f-4286-a17c-16b3800bb0b7 req-de44c53e-717c-477e-8836-86f6ddbb7104 816e0fe0e2c94c3f9ed719a637978ec4 78acf20edb0945f694bde75abc038ede - - 18978e90542b4dfd85a92c0da9b0c354 18978e90542b4dfd85a92c0da9b0c354] 199.19.213.52 "GET /v2.0/ports?tenant_id=291a8a4200aa4ea78232fba5063cae26&device_id=a7f80928-a6e0-417c-b09e-5eedc887627d HTTP/1.1" status: 200 len: 2565 time: 0.0499163
2026-07-02 16:40:27.687 10 INFO neutron.notifiers.nova [-] Nova event matching ['req-159cffc9-6057-45ff-9a22-6d62e383db98'] response: {'name': 'network-changed', 'server_uuid': 'a7f80928-a6e0-417c-b09e-5eedc887627d', 'tag': '6c8e5b60-83e1-4338-aa4f-9647f7558e31', 'status': 'completed', 'code': 200}
2026-07-02 16:40:27.734 10 INFO neutron.wsgi [req-a9c4f09a-4a1f-4286-a17c-16b3800bb0b7 req-87f0ab5b-e2d2-44c8-b28d-ccd411af790d 816e0fe0e2c94c3f9ed719a637978ec4 78acf20edb0945f694bde75abc038ede - - 18978e90542b4dfd85a92c0da9b0c354 18978e90542b4dfd85a92c0da9b0c354] 199.19.213.52 "GET /v2.0/floatingips?fixed_ip_address=172.24.0.23&port_id=82e7b965-0a9d-4fe3-b84a-b03c6b1df0d2 HTTP/1.1" status: 200 len: 217 time: 0.0450389
2026-07-02 16:40:27.778 10 INFO neutron.wsgi [req-a9c4f09a-4a1f-4286-a17c-16b3800bb0b7 req-b91d3abc-fd5c-4d68-8163-7f9a68ef12e8 816e0fe0e2c94c3f9ed719a637978ec4 78acf20edb0945f694bde75abc038ede - - 18978e90542b4dfd85a92c0da9b0c354 18978e90542b4dfd85a92c0da9b0c354] 199.19.213.52 "GET /v2.0/subnets?id=f9db03c2-fcf5-402e-a906-87d9f14280aa HTTP/1.1" status: 200 len: 829 time: 0.0358098
2026-07-02 16:40:27.809 10 INFO neutron.wsgi [req-a9c4f09a-4a1f-4286-a17c-16b3800bb0b7 req-9f4794fe-8051-4e0d-8354-82f49bd6bdf8 816e0fe0e2c94c3f9ed719a637978ec4 78acf20edb0945f694bde75abc038ede - - 18978e90542b4dfd85a92c0da9b0c354 18978e90542b4dfd85a92c0da9b0c354] 199.19.213.52 "GET /v2.0/ports?network_id=c6876f43-7c20-4e02-b933-de07ed73b789&device_owner=network%3Adhcp HTTP/1.1" status: 200 len: 210 time: 0.0223117
2026-07-02 16:40:27.875 10 INFO neutron.wsgi [req-a9c4f09a-4a1f-4286-a17c-16b3800bb0b7 req-89c8dacd-fefd-4cb4-84bf-b5671fcf6fd3 816e0fe0e2c94c3f9ed719a637978ec4 78acf20edb0945f694bde75abc038ede - - 18978e90542b4dfd85a92c0da9b0c354 18978e90542b4dfd85a92c0da9b0c354] 199.19.213.52 "GET /v2.0/networks/c6876f43-7c20-4e02-b933-de07ed73b789?fields=segments HTTP/1.1" status: 200 len: 212 time: 0.0601239
2026-07-02 16:40:27.954 10 INFO neutron.wsgi [req-a9c4f09a-4a1f-4286-a17c-16b3800bb0b7 req-66178a0f-d605-4d4d-9c88-2b7029f9ae82 816e0fe0e2c94c3f9ed719a637978ec4 78acf20edb0945f694bde75abc038ede - - 18978e90542b4dfd85a92c0da9b0c354 18978e90542b4dfd85a92c0da9b0c354] 199.19.213.52 "GET /v2.0/networks/c6876f43-7c20-4e02-b933-de07ed73b789?fields=provider%3Aphysical_network&fields=provider%3Anetwork_type HTTP/1.1" status: 200 len: 277 time: 0.0701928
2026-07-02 16:40:27.993 10 INFO neutron.wsgi [req-a9c4f09a-4a1f-4286-a17c-16b3800bb0b7 req-ebb0e7a7-412d-4c5c-9f08-63ad55a4be85 816e0fe0e2c94c3f9ed719a637978ec4 78acf20edb0945f694bde75abc038ede - - 18978e90542b4dfd85a92c0da9b0c354 18978e90542b4dfd85a92c0da9b0c354] 199.19.213.52 "GET /v2.0/floatingips?fixed_ip_address=10.1.1.171&port_id=6c8e5b60-83e1-4338-aa4f-9647f7558e31 HTTP/1.1" status: 200 len: 217 time: 0.0318308
2026-07-02 16:40:28.035 10 INFO neutron.wsgi [req-a9c4f09a-4a1f-4286-a17c-16b3800bb0b7 req-4794cf0f-4e63-4d3d-ba63-a638f422e47f 816e0fe0e2c94c3f9ed719a637978ec4 78acf20edb0945f694bde75abc038ede - - 18978e90542b4dfd85a92c0da9b0c354 18978e90542b4dfd85a92c0da9b0c354] 199.19.213.52 "GET /v2.0/subnets?id=08daf762-2c90-4820-a50e-e5c1c6219636 HTTP/1.1" status: 200 len: 854 time: 0.0346510
2026-07-02 16:40:28.066 10 INFO neutron.wsgi [req-a9c4f09a-4a1f-4286-a17c-16b3800bb0b7 req-b2425838-8945-43eb-ac63-20c5293189f4 816e0fe0e2c94c3f9ed719a637978ec4 78acf20edb0945f694bde75abc038ede - - 18978e90542b4dfd85a92c0da9b0c354 18978e90542b4dfd85a92c0da9b0c354] 199.19.213.52 "GET /v2.0/ports?network_id=02148dd9-5a12-4098-917c-cd1fde9185fa&device_owner=network%3Adhcp HTTP/1.1" status: 200 len: 210 time: 0.0220199
2026-07-02 16:40:28.142 10 INFO neutron.wsgi [req-a9c4f09a-4a1f-4286-a17c-16b3800bb0b7 req-ee3aa35a-cad6-4b55-a220-188d24df76ed 816e0fe0e2c94c3f9ed719a637978ec4 78acf20edb0945f694bde75abc038ede - - 18978e90542b4dfd85a92c0da9b0c354 18978e90542b4dfd85a92c0da9b0c354] 199.19.213.52 "GET /v2.0/networks/02148dd9-5a12-4098-917c-cd1fde9185fa?fields=segments HTTP/1.1" status: 200 len: 212 time: 0.0683343
2026-07-02 16:40:28.211 10 INFO neutron.wsgi [req-a9c4f09a-4a1f-4286-a17c-16b3800bb0b7 req-2a3b62cf-f313-483b-9f38-6e4dd0862a86 816e0fe0e2c94c3f9ed719a637978ec4 78acf20edb0945f694bde75abc038ede - - 18978e90542b4dfd85a92c0da9b0c354 18978e90542b4dfd85a92c0da9b0c354] 199.19.213.52 "GET /v2.0/networks/02148dd9-5a12-4098-917c-cd1fde9185fa?fields=provider%3Aphysical_network&fields=provider%3Anetwork_type HTTP/1.1" status: 200 len: 277 time: 0.0608046
2026-07-02 16:40:28.339 9 INFO neutron.plugins.ml2.drivers.ovn.mech_driver.mech_driver [None req-ec7494a4-e628-4994-911c-93418f0e7e27 - - - - - -] OVN reports status up for port: 6c8e5b60-83e1-4338-aa4f-9647f7558e31
2026-07-02 16:40:28.354 9 INFO neutron.plugins.ml2.plugin [None req-ec7494a4-e628-4994-911c-93418f0e7e27 - - - - - -] Attempt 1 to provision port 6c8e5b60-83e1-4338-aa4f-9647f7558e31
2026-07-02 16:40:28.590 9 INFO neutron.notifiers.nova [-] Nova event matching ['req-7663de5d-1e2b-4e20-bbd2-7c509763319a'] response: {'server_uuid': 'a7f80928-a6e0-417c-b09e-5eedc887627d', 'name': 'network-vif-plugged', 'status': 'completed', 'tag': '6c8e5b60-83e1-4338-aa4f-9647f7558e31', 'code': 200}
2026-07-02 16:40:28.673 9 INFO neutron.db.ovn_revision_numbers_db [None req-ec7494a4-e628-4994-911c-93418f0e7e27 - - - - - -] Successfully bumped revision number for resource 6c8e5b60-83e1-4338-aa4f-9647f7558e31 (type: ports) to 4
2026-07-02 16:40:28.755 10 INFO neutron.wsgi [req-9ce2ea76-ea65-4581-875b-ed26c8afcaa8 req-938c16e0-bb90-4072-a68a-ad0e8fc11c77 816e0fe0e2c94c3f9ed719a637978ec4 78acf20edb0945f694bde75abc038ede - - 18978e90542b4dfd85a92c0da9b0c354 18978e90542b4dfd85a92c0da9b0c354] 199.19.213.52 "GET /v2.0/ports?tenant_id=291a8a4200aa4ea78232fba5063cae26&device_id=a7f80928-a6e0-417c-b09e-5eedc887627d HTTP/1.1" status: 200 len: 2567 time: 0.4929760
2026-07-02 16:40:28.760 10 INFO neutron.wsgi [req-a9c4f09a-4a1f-4286-a17c-16b3800bb0b7 req-1d39fdb8-fd6a-4e1d-a750-47d851e3752b 2ac471ffb14f471eaa02d796dab3e614 291a8a4200aa4ea78232fba5063cae26 - - default default] 10.0.0.115 "GET /v2.0/ports/6c8e5b60-83e1-4338-aa4f-9647f7558e31 HTTP/1.1" status: 200 len: 1410 time: 0.0371084 /var/lib/openstack/lib/python3.10/site-packages/pycadf/identifier.py:71: UserWarning: Invalid uuid: neutron. To ensure interoperability, identifiers should be a valid uuid. warnings.warn(('Invalid uuid: %s. To ensure interoperability, '
2026-07-02 16:40:28.818 10 INFO neutron.wsgi [req-9ce2ea76-ea65-4581-875b-ed26c8afcaa8 req-9d6287ba-bb1f-40a8-9021-e28f2b7a2302 816e0fe0e2c94c3f9ed719a637978ec4 78acf20edb0945f694bde75abc038ede - - 18978e90542b4dfd85a92c0da9b0c354 18978e90542b4dfd85a92c0da9b0c354] 199.19.213.52 "GET /v2.0/networks?id=02148dd9-5a12-4098-917c-cd1fde9185fa HTTP/1.1" status: 200 len: 1004 time: 0.0567942
2026-07-02 16:40:28.852 10 INFO neutron.wsgi [req-9ce2ea76-ea65-4581-875b-ed26c8afcaa8 req-ffaef63a-d237-45e3-b698-062147f7d935 816e0fe0e2c94c3f9ed719a637978ec4 78acf20edb0945f694bde75abc038ede - - 18978e90542b4dfd85a92c0da9b0c354 18978e90542b4dfd85a92c0da9b0c354] 199.19.213.52 "GET /v2.0/floatingips?fixed_ip_address=10.1.1.171&port_id=6c8e5b60-83e1-4338-aa4f-9647f7558e31 HTTP/1.1" status: 200 len: 217 time: 0.0265341
2026-07-02 16:40:28.896 10 INFO neutron.wsgi [req-9ce2ea76-ea65-4581-875b-ed26c8afcaa8 req-ff96750b-e030-4654-940a-c4780f5913ec 816e0fe0e2c94c3f9ed719a637978ec4 78acf20edb0945f694bde75abc038ede - - 18978e90542b4dfd85a92c0da9b0c354 18978e90542b4dfd85a92c0da9b0c354] 199.19.213.52 "GET /v2.0/subnets?id=08daf762-2c90-4820-a50e-e5c1c6219636 HTTP/1.1" status: 200 len: 854 time: 0.0363472
2026-07-02 16:40:28.922 10 INFO neutron.wsgi [req-9ce2ea76-ea65-4581-875b-ed26c8afcaa8 req-16f1406d-5d99-4c08-8289-2fc55df76b9f 816e0fe0e2c94c3f9ed719a637978ec4 78acf20edb0945f694bde75abc038ede - - 18978e90542b4dfd85a92c0da9b0c354 18978e90542b4dfd85a92c0da9b0c354] 199.19.213.52 "GET /v2.0/ports?network_id=02148dd9-5a12-4098-917c-cd1fde9185fa&device_owner=network%3Adhcp HTTP/1.1" status: 200 len: 210 time: 0.0207174
2026-07-02 16:40:28.991 10 INFO neutron.wsgi [req-9ce2ea76-ea65-4581-875b-ed26c8afcaa8 req-9d9fd231-ba81-4b21-a7d2-9fb11300ac80 816e0fe0e2c94c3f9ed719a637978ec4 78acf20edb0945f694bde75abc038ede - - 18978e90542b4dfd85a92c0da9b0c354 18978e90542b4dfd85a92c0da9b0c354] 199.19.213.52 "GET /v2.0/networks/02148dd9-5a12-4098-917c-cd1fde9185fa?fields=segments HTTP/1.1" status: 200 len: 212 time: 0.0617938
2026-07-02 16:40:29.060 9 INFO neutron.db.ovn_revision_numbers_db [None req-b884846b-d795-4440-9d73-edc4dd86c70b 2ac471ffb14f471eaa02d796dab3e614 291a8a4200aa4ea78232fba5063cae26 - - - -] Successfully bumped revision number for resource 6c8e5b60-83e1-4338-aa4f-9647f7558e31 (type: ports) to 5
2026-07-02 16:40:29.066 10 INFO neutron.wsgi [req-9ce2ea76-ea65-4581-875b-ed26c8afcaa8 req-777d92d5-c442-48f9-974b-b505ae92b1ee 816e0fe0e2c94c3f9ed719a637978ec4 78acf20edb0945f694bde75abc038ede - - 18978e90542b4dfd85a92c0da9b0c354 18978e90542b4dfd85a92c0da9b0c354] 199.19.213.52 "GET /v2.0/networks/02148dd9-5a12-4098-917c-cd1fde9185fa?fields=provider%3Aphysical_network&fields=provider%3Anetwork_type HTTP/1.1" status: 200 len: 277 time: 0.0669262
2026-07-02 16:40:29.069 9 INFO neutron.wsgi [None req-b884846b-d795-4440-9d73-edc4dd86c70b 2ac471ffb14f471eaa02d796dab3e614 291a8a4200aa4ea78232fba5063cae26 - - - -] 199.19.213.52 "PUT /v2.0/ports/6c8e5b60-83e1-4338-aa4f-9647f7558e31 HTTP/1.1" status: 200 len: 1443 time: 0.2959399 /var/lib/openstack/lib/python3.10/site-packages/pycadf/identifier.py:71: UserWarning: Invalid uuid: neutron. To ensure interoperability, identifiers should be a valid uuid. warnings.warn(('Invalid uuid: %s. To ensure interoperability, '
2026-07-02 16:40:29.112 9 INFO neutron.wsgi [None req-e7666103-c87b-4e27-8da4-c5709c99cc2d 2ac471ffb14f471eaa02d796dab3e614 291a8a4200aa4ea78232fba5063cae26 - - default default] 199.19.213.52 "GET /v2.0/security-groups?name=lb-98745349-3cf9-426b-8166-a745f05a0f55 HTTP/1.1" status: 200 len: 1777 time: 0.0332580
2026-07-02 16:40:29.423 9 INFO neutron.db.ovn_revision_numbers_db [None req-4431994f-ec26-4b0c-b64f-efdf167c1605 2ac471ffb14f471eaa02d796dab3e614 291a8a4200aa4ea78232fba5063cae26 - - - -] Successfully bumped revision number for resource 6c8e5b60-83e1-4338-aa4f-9647f7558e31 (type: ports) to 6
2026-07-02 16:40:29.433 9 INFO neutron.wsgi [None req-4431994f-ec26-4b0c-b64f-efdf167c1605 2ac471ffb14f471eaa02d796dab3e614 291a8a4200aa4ea78232fba5063cae26 - - - -] 199.19.213.52 "PUT /v2.0/ports/6c8e5b60-83e1-4338-aa4f-9647f7558e31 HTTP/1.1" status: 200 len: 1443 time: 0.3133273 /var/lib/openstack/lib/python3.10/site-packages/pycadf/identifier.py:71: UserWarning: Invalid uuid: neutron. To ensure interoperability, identifiers should be a valid uuid. warnings.warn(('Invalid uuid: %s. To ensure interoperability, '
2026-07-02 16:40:29.531 9 INFO neutron.wsgi [None req-c809e2ff-bf2d-40a6-9907-d9ac85cbca17 2ac471ffb14f471eaa02d796dab3e614 291a8a4200aa4ea78232fba5063cae26 - - default default] 199.19.213.52 "GET /v2.0/extensions/security-group HTTP/1.1" status: 200 len: 369 time: 0.0078962
2026-07-02 16:40:29.541 9 INFO neutron.wsgi [None req-dc4e6367-76d2-4bfe-987b-6c8b59d90515 2ac471ffb14f471eaa02d796dab3e614 291a8a4200aa4ea78232fba5063cae26 - - default default] 199.19.213.52 "GET /v2.0/extensions/dns-integration HTTP/1.1" status: 200 len: 371 time: 0.0047050
2026-07-02 16:40:29.553 9 INFO neutron.wsgi [None req-b60f42b7-755a-4e6c-92a0-a3e0f772eb3f 2ac471ffb14f471eaa02d796dab3e614 291a8a4200aa4ea78232fba5063cae26 - - default default] 199.19.213.52 "GET /v2.0/extensions/qos HTTP/1.1" status: 200 len: 365 time: 0.0044229
2026-07-02 16:40:29.564 9 INFO neutron.wsgi [None req-36d0c15b-491a-44bf-bbf1-1c1b3b6a1fe1 2ac471ffb14f471eaa02d796dab3e614 291a8a4200aa4ea78232fba5063cae26 - - default default] 199.19.213.52 "GET /v2.0/extensions/allowed-address-pairs HTTP/1.1" status: 200 len: 383 time: 0.0050220
2026-07-02 16:40:29.898 9 INFO neutron.wsgi [None req-a43e02a6-e137-436c-82d6-8092cad13f34 2ac471ffb14f471eaa02d796dab3e614 291a8a4200aa4ea78232fba5063cae26 - - default default] 199.19.213.52 "GET /v2.0/subnets/08daf762-2c90-4820-a50e-e5c1c6219636 HTTP/1.1" status: 200 len: 851 time: 0.3260572
2026-07-02 16:40:29.936 9 INFO neutron.wsgi [None req-d63fa7a1-097c-460f-9caf-c77045adca96 2ac471ffb14f471eaa02d796dab3e614 291a8a4200aa4ea78232fba5063cae26 - - default default] 199.19.213.52 "GET /v2.0/ports/470461c9-d4cf-4c86-8d20-3f249e6fdedf HTTP/1.1" status: 200 len: 1332 time: 0.0300076
2026-07-02 16:40:29.976 9 INFO neutron.wsgi [None req-791cdf46-38b8-447d-86c0-4ae58b20152b 2ac471ffb14f471eaa02d796dab3e614 291a8a4200aa4ea78232fba5063cae26 - - default default] 199.19.213.52 "GET /v2.0/ports/6c8e5b60-83e1-4338-aa4f-9647f7558e31 HTTP/1.1" status: 200 len: 1471 time: 0.0327294
2026-07-02 16:40:30.015 9 INFO neutron.wsgi [None req-df219575-8091-4186-a94a-1b739745d8b7 2ac471ffb14f471eaa02d796dab3e614 291a8a4200aa4ea78232fba5063cae26 - - default default] 199.19.213.52 "GET /v2.0/subnets/08daf762-2c90-4820-a50e-e5c1c6219636 HTTP/1.1" status: 200 len: 851 time: 0.0311115
2026-07-02 16:40:30.084 9 INFO neutron.wsgi [None req-157f479f-0578-49bb-92a3-bd91cc8304cf 2ac471ffb14f471eaa02d796dab3e614 291a8a4200aa4ea78232fba5063cae26 - - default default] 199.19.213.52 "GET /v2.0/networks/02148dd9-5a12-4098-917c-cd1fde9185fa HTTP/1.1" status: 200 len: 1001 time: 0.0632305
2026-07-02 16:40:30.122 9 INFO neutron.wsgi [None req-ad393d8e-617c-469b-b885-7e4fc569b2a1 2ac471ffb14f471eaa02d796dab3e614 291a8a4200aa4ea78232fba5063cae26 - - default default] 199.19.213.52 "GET /v2.0/ports/470461c9-d4cf-4c86-8d20-3f249e6fdedf HTTP/1.1" status: 200 len: 1332 time: 0.0328095
2026-07-02 16:40:30.173 9 INFO neutron.wsgi [None req-b2660653-25bd-4017-a01c-4178266d16a8 2ac471ffb14f471eaa02d796dab3e614 291a8a4200aa4ea78232fba5063cae26 - - default default] 199.19.213.52 "GET /v2.0/subnets/08daf762-2c90-4820-a50e-e5c1c6219636 HTTP/1.1" status: 200 len: 851 time: 0.0413706
2026-07-02 16:40:30.635 9 INFO neutron.notifiers.nova [-] Nova event matching ['req-d008233a-87ac-4846-ba70-ca4f0e2f9c25'] response: {'server_uuid': 'a7f80928-a6e0-417c-b09e-5eedc887627d', 'name': 'network-vif-plugged', 'status': 'completed', 'tag': '6c8e5b60-83e1-4338-aa4f-9647f7558e31', 'code': 200}
2026-07-02 16:40:30.636 9 INFO neutron.notifiers.nova [-] Nova event matching ['req-d008233a-87ac-4846-ba70-ca4f0e2f9c25'] response: {'name': 'network-changed', 'server_uuid': 'a7f80928-a6e0-417c-b09e-5eedc887627d', 'tag': '6c8e5b60-83e1-4338-aa4f-9647f7558e31', 'status': 'completed', 'code': 200}
2026-07-02 16:40:30.636 9 INFO neutron.notifiers.nova [-] Nova event matching ['req-d008233a-87ac-4846-ba70-ca4f0e2f9c25'] response: {'name': 'network-changed', 'server_uuid': 'a7f80928-a6e0-417c-b09e-5eedc887627d', 'tag': '6c8e5b60-83e1-4338-aa4f-9647f7558e31', 'status': 'completed', 'code': 200}
2026-07-02 16:40:30.711 10 INFO neutron.wsgi [req-cbbd0a11-e147-404c-96ad-fc1a7e05c1de req-b9bd97c0-aef7-44b1-802a-c69ccf2b412c 816e0fe0e2c94c3f9ed719a637978ec4 78acf20edb0945f694bde75abc038ede - - 18978e90542b4dfd85a92c0da9b0c354 18978e90542b4dfd85a92c0da9b0c354] 199.19.213.52 "GET /v2.0/ports?tenant_id=291a8a4200aa4ea78232fba5063cae26&device_id=a7f80928-a6e0-417c-b09e-5eedc887627d HTTP/1.1" status: 200 len: 2628 time: 0.0496440
2026-07-02 16:40:30.787 10 INFO neutron.wsgi [req-cbbd0a11-e147-404c-96ad-fc1a7e05c1de req-84953327-a91a-44bd-99dc-9197f27760c0 816e0fe0e2c94c3f9ed719a637978ec4 78acf20edb0945f694bde75abc038ede - - 18978e90542b4dfd85a92c0da9b0c354 18978e90542b4dfd85a92c0da9b0c354] 199.19.213.52 "GET /v2.0/networks?id=02148dd9-5a12-4098-917c-cd1fde9185fa HTTP/1.1" status: 200 len: 1004 time: 0.0696392
2026-07-02 16:40:30.825 10 INFO neutron.wsgi [req-cbbd0a11-e147-404c-96ad-fc1a7e05c1de req-5b887ef6-314e-4e16-aa78-b19de416617e 816e0fe0e2c94c3f9ed719a637978ec4 78acf20edb0945f694bde75abc038ede - - 18978e90542b4dfd85a92c0da9b0c354 18978e90542b4dfd85a92c0da9b0c354] 199.19.213.52 "GET /v2.0/floatingips?fixed_ip_address=10.1.1.171&port_id=6c8e5b60-83e1-4338-aa4f-9647f7558e31 HTTP/1.1" status: 200 len: 217 time: 0.0293152
2026-07-02 16:40:30.865 10 INFO neutron.wsgi [req-cbbd0a11-e147-404c-96ad-fc1a7e05c1de req-07719660-62e5-4b0d-b9fb-78c183e503e0 816e0fe0e2c94c3f9ed719a637978ec4 78acf20edb0945f694bde75abc038ede - - 18978e90542b4dfd85a92c0da9b0c354 18978e90542b4dfd85a92c0da9b0c354] 199.19.213.52 "GET /v2.0/subnets?id=08daf762-2c90-4820-a50e-e5c1c6219636 HTTP/1.1" status: 200 len: 854 time: 0.0331681
2026-07-02 16:40:30.904 10 INFO neutron.wsgi [req-cbbd0a11-e147-404c-96ad-fc1a7e05c1de req-0bedc99d-d6e2-4ecd-b6fa-c0b81093209f 816e0fe0e2c94c3f9ed719a637978ec4 78acf20edb0945f694bde75abc038ede - - 18978e90542b4dfd85a92c0da9b0c354 18978e90542b4dfd85a92c0da9b0c354] 199.19.213.52 "GET /v2.0/ports?network_id=02148dd9-5a12-4098-917c-cd1fde9185fa&device_owner=network%3Adhcp HTTP/1.1" status: 200 len: 210 time: 0.0322478
2026-07-02 16:40:30.983 10 INFO neutron.wsgi [req-cbbd0a11-e147-404c-96ad-fc1a7e05c1de req-5e9d813c-22d6-448d-86fc-dd9d24eb35bc 816e0fe0e2c94c3f9ed719a637978ec4 78acf20edb0945f694bde75abc038ede - - 18978e90542b4dfd85a92c0da9b0c354 18978e90542b4dfd85a92c0da9b0c354] 199.19.213.52 "GET /v2.0/networks/02148dd9-5a12-4098-917c-cd1fde9185fa?fields=segments HTTP/1.1" status: 200 len: 212 time: 0.0709493
2026-07-02 16:40:31.087 10 INFO neutron.wsgi [req-cbbd0a11-e147-404c-96ad-fc1a7e05c1de req-99ee4933-85ca-4c18-948a-2e21bc53f646 816e0fe0e2c94c3f9ed719a637978ec4 78acf20edb0945f694bde75abc038ede - - 18978e90542b4dfd85a92c0da9b0c354 18978e90542b4dfd85a92c0da9b0c354] 199.19.213.52 "GET /v2.0/networks/02148dd9-5a12-4098-917c-cd1fde9185fa?fields=provider%3Aphysical_network&fields=provider%3Anetwork_type HTTP/1.1" status: 200 len: 277 time: 0.0962234
2026-07-02 16:40:31.172 10 INFO neutron.wsgi [req-cbbd0a11-e147-404c-96ad-fc1a7e05c1de req-80fedd2a-cde7-4471-8bd3-40060fb1bb60 816e0fe0e2c94c3f9ed719a637978ec4 78acf20edb0945f694bde75abc038ede - - 18978e90542b4dfd85a92c0da9b0c354 18978e90542b4dfd85a92c0da9b0c354] 199.19.213.52 "GET /v2.0/ports?tenant_id=291a8a4200aa4ea78232fba5063cae26&device_id=a7f80928-a6e0-417c-b09e-5eedc887627d HTTP/1.1" status: 200 len: 2628 time: 0.0408204
2026-07-02 16:40:31.237 10 INFO neutron.wsgi [req-cbbd0a11-e147-404c-96ad-fc1a7e05c1de req-37eca31d-0df8-4358-a2a2-10c5b5275229 816e0fe0e2c94c3f9ed719a637978ec4 78acf20edb0945f694bde75abc038ede - - 18978e90542b4dfd85a92c0da9b0c354 18978e90542b4dfd85a92c0da9b0c354] 199.19.213.52 "GET /v2.0/networks?id=02148dd9-5a12-4098-917c-cd1fde9185fa HTTP/1.1" status: 200 len: 1004 time: 0.0594461
2026-07-02 16:40:31.267 10 INFO neutron.wsgi [req-cbbd0a11-e147-404c-96ad-fc1a7e05c1de req-77c06342-942a-4270-b2e0-b15e9848f192 816e0fe0e2c94c3f9ed719a637978ec4 78acf20edb0945f694bde75abc038ede - - 18978e90542b4dfd85a92c0da9b0c354 18978e90542b4dfd85a92c0da9b0c354] 199.19.213.52 "GET /v2.0/floatingips?fixed_ip_address=10.1.1.171&port_id=6c8e5b60-83e1-4338-aa4f-9647f7558e31 HTTP/1.1" status: 200 len: 217 time: 0.0214858
2026-07-02 16:40:31.311 10 INFO neutron.wsgi [req-cbbd0a11-e147-404c-96ad-fc1a7e05c1de req-a62b3896-4ea2-493b-bcc7-e1efb86f588e 816e0fe0e2c94c3f9ed719a637978ec4 78acf20edb0945f694bde75abc038ede - - 18978e90542b4dfd85a92c0da9b0c354 18978e90542b4dfd85a92c0da9b0c354] 199.19.213.52 "GET /v2.0/subnets?id=08daf762-2c90-4820-a50e-e5c1c6219636 HTTP/1.1" status: 200 len: 854 time: 0.0385585
2026-07-02 16:40:31.348 10 INFO neutron.wsgi [req-cbbd0a11-e147-404c-96ad-fc1a7e05c1de req-25523dc5-a2c5-444f-8730-d37ed74a6c89 816e0fe0e2c94c3f9ed719a637978ec4 78acf20edb0945f694bde75abc038ede - - 18978e90542b4dfd85a92c0da9b0c354 18978e90542b4dfd85a92c0da9b0c354] 199.19.213.52 "GET /v2.0/ports?network_id=02148dd9-5a12-4098-917c-cd1fde9185fa&device_owner=network%3Adhcp HTTP/1.1" status: 200 len: 210 time: 0.0313766
2026-07-02 16:40:31.430 10 INFO neutron.wsgi [req-cbbd0a11-e147-404c-96ad-fc1a7e05c1de req-d8ef07c3-7f3e-4380-9b5e-5ca9b9780934 816e0fe0e2c94c3f9ed719a637978ec4 78acf20edb0945f694bde75abc038ede - - 18978e90542b4dfd85a92c0da9b0c354 18978e90542b4dfd85a92c0da9b0c354] 199.19.213.52 "GET /v2.0/networks/02148dd9-5a12-4098-917c-cd1fde9185fa?fields=segments HTTP/1.1" status: 200 len: 212 time: 0.0754094
2026-07-02 16:40:31.510 10 INFO neutron.wsgi [req-cbbd0a11-e147-404c-96ad-fc1a7e05c1de req-0905e74e-bfa4-43e5-81d1-df50f5a183fb 816e0fe0e2c94c3f9ed719a637978ec4 78acf20edb0945f694bde75abc038ede - - 18978e90542b4dfd85a92c0da9b0c354 18978e90542b4dfd85a92c0da9b0c354] 199.19.213.52 "GET /v2.0/networks/02148dd9-5a12-4098-917c-cd1fde9185fa?fields=provider%3Aphysical_network&fields=provider%3Anetwork_type HTTP/1.1" status: 200 len: 277 time: 0.0725589
2026-07-02 16:40:32.160 10 INFO neutron.wsgi [-] 10.0.0.252 "GET / HTTP/1.1" status: 200 len: 247 time: 0.0026050
2026-07-02 16:40:32.164 10 INFO neutron.wsgi [-] 10.0.0.252 "GET / HTTP/1.1" status: 200 len: 247 time: 0.0023785
2026-07-02 16:40:36.590 10 WARNING neutron.scheduler.dhcp_agent_scheduler [None req-167ea839-8c2c-4fc8-af80-b2186d153a98 ca365bebdccd402aba5818120915d21f 5183cdcd9b0a4c9d93699831fa50aa4a - - - -] No more DHCP agents
2026-07-02 16:40:36.593 10 WARNING neutron.api.rpc.agentnotifiers.dhcp_rpc_agent_api [None req-167ea839-8c2c-4fc8-af80-b2186d153a98 ca365bebdccd402aba5818120915d21f 5183cdcd9b0a4c9d93699831fa50aa4a - - - -] Unable to schedule network 89fb4464-91f1-47d2-ae82-6009fa205fca: no agents available; will retry on subsequent port and subnet creation events.
2026-07-02 16:40:37.005 10 INFO neutron.db.l3_db [None req-167ea839-8c2c-4fc8-af80-b2186d153a98 ca365bebdccd402aba5818120915d21f 5183cdcd9b0a4c9d93699831fa50aa4a - - - -] Floating IP a1d2a2cc-8c6e-4b0e-8f45-fde3464579ca associated. External IP: 10.96.250.219, port: 470461c9-d4cf-4c86-8d20-3f249e6fdedf.
