2026-07-02 16:36:05.159 9 INFO neutron.db.ovn_revision_numbers_db [None req-f0fd3ea6-531a-409c-ba53-16b203f889ec 63c29908e1c9416690bd6d6d678bbbfb 79c2066ac3f54c199a8d09941ea84267 - - - -] Successfully bumped revision number for resource 8b2717fb-564d-43ff-9535-2682eba23a1c (type: floatingips) to 1
2026-07-02 16:36:05.196 9 INFO neutron.wsgi [None req-9be0af05-f997-43af-a280-15ee23f8c2ee 2ac471ffb14f471eaa02d796dab3e614 291a8a4200aa4ea78232fba5063cae26 - - default default] 10.0.0.116 "GET /v2.0/security-groups?tenant_id=5d9bcba2809d45a78d3385199df21893&name=default HTTP/1.1" status: 200 len: 2996 time: 0.0452662
2026-07-02 16:36:05.202 9 INFO neutron.wsgi [None req-f0fd3ea6-531a-409c-ba53-16b203f889ec 63c29908e1c9416690bd6d6d678bbbfb 79c2066ac3f54c199a8d09941ea84267 - - - -] 10.0.0.116 "POST /v2.0/floatingips HTTP/1.1" status: 201 len: 1042 time: 1.4240458
2026-07-02 16:36:05.202 10 INFO neutron.wsgi [None req-4ee16a78-b3ef-40a4-9a2a-d374916035fb 975a7ab638924a109b08b5db1f6330d9 8deed0ab0f434e4b968d2cad1a96c7ba - - - -] 10.0.0.116 "DELETE /v2.0/security-groups/b8cd3cfe-8cad-45c1-addb-8c04c4f076bd HTTP/1.1" status: 204 len: 168 time: 0.1465335
2026-07-02 16:36:05.219 10 INFO neutron.api.v2.resource [None req-6845ef43-675d-44f1-b432-4c5aa6f976d8 975a7ab638924a109b08b5db1f6330d9 8deed0ab0f434e4b968d2cad1a96c7ba - - default default] show failed (client error): The resource could not be found.
2026-07-02 16:36:05.221 10 INFO neutron.wsgi [None req-6845ef43-675d-44f1-b432-4c5aa6f976d8 975a7ab638924a109b08b5db1f6330d9 8deed0ab0f434e4b968d2cad1a96c7ba - - default default] 10.0.0.116 "GET /v2.0/security-groups/b8cd3cfe-8cad-45c1-addb-8c04c4f076bd HTTP/1.1" status: 404 len: 347 time: 0.0136657
2026-07-02 16:36:05.275 9 INFO neutron.wsgi [None req-9a53525a-6606-449b-8e50-031c0fa9601e 63c29908e1c9416690bd6d6d678bbbfb 79c2066ac3f54c199a8d09941ea84267 - - default default] 10.0.0.116 "GET /v2.0/floatingips/8b2717fb-564d-43ff-9535-2682eba23a1c HTTP/1.1" status: 200 len: 1039 time: 0.0651920
2026-07-02 16:36:05.379 10 INFO neutron.wsgi [None req-b685b871-f11a-48fa-a03a-9f95c3c22403 63c29908e1c9416690bd6d6d678bbbfb 79c2066ac3f54c199a8d09941ea84267 - - default default] 10.0.0.116 "GET /v2.0/floatingips HTTP/1.1" status: 200 len: 1042 time: 0.0973773
2026-07-02 16:36:05.463 9 INFO neutron.wsgi [None req-6a623d57-b6cc-47e8-aa12-13c549ccc3c6 2ac471ffb14f471eaa02d796dab3e614 291a8a4200aa4ea78232fba5063cae26 - - - -] 10.0.0.116 "DELETE /v2.0/security-groups/3f21dd59-903c-48f2-b64b-c60fc8d91ff8 HTTP/1.1" status: 204 len: 168 time: 0.2600932
2026-07-02 16:36:06.295 10 INFO neutron.db.l3_db [None req-843c45f5-8567-4522-b822-d256c8c1e452 63c29908e1c9416690bd6d6d678bbbfb 79c2066ac3f54c199a8d09941ea84267 - - - -] Floating IP 8b2717fb-564d-43ff-9535-2682eba23a1c associated. External IP: 10.96.250.215, port: 6439324b-8d5f-4f4b-8a8c-50a278cbd1b5.
2026-07-02 16:36:06.398 10 INFO neutron.wsgi [None req-c12b2868-9e42-4b45-955c-5d3d14edca0d 975a7ab638924a109b08b5db1f6330d9 8deed0ab0f434e4b968d2cad1a96c7ba - - - -] 10.0.0.116 "DELETE /v2.0/floatingips/7c92cd20-c6cf-43af-8347-703ddeb56c43 HTTP/1.1" status: 204 len: 168 time: 1.1717780
2026-07-02 16:36:06.571 10 INFO neutron.db.ovn_revision_numbers_db [None req-843c45f5-8567-4522-b822-d256c8c1e452 63c29908e1c9416690bd6d6d678bbbfb 79c2066ac3f54c199a8d09941ea84267 - - - -] Successfully bumped revision number for resource 8b2717fb-564d-43ff-9535-2682eba23a1c (type: floatingips) to 2
2026-07-02 16:36:06.721 10 INFO neutron.db.ovn_revision_numbers_db [None req-843c45f5-8567-4522-b822-d256c8c1e452 63c29908e1c9416690bd6d6d678bbbfb 79c2066ac3f54c199a8d09941ea84267 - - - -] Successfully bumped revision number for resource 8b2717fb-564d-43ff-9535-2682eba23a1c (type: floatingips) to 3
2026-07-02 16:36:06.771 10 INFO neutron.wsgi [None req-843c45f5-8567-4522-b822-d256c8c1e452 63c29908e1c9416690bd6d6d678bbbfb 79c2066ac3f54c199a8d09941ea84267 - - - -] 10.0.0.116 "PUT /v2.0/floatingips/8b2717fb-564d-43ff-9535-2682eba23a1c HTTP/1.1" status: 200 len: 1039 time: 1.3853612 /var/lib/openstack/lib/python3.10/site-packages/pycadf/identifier.py:71: UserWarning: Invalid uuid: neutron. To ensure interoperability, identifiers should be a valid uuid. warnings.warn(('Invalid uuid: %s. To ensure interoperability, '
2026-07-02 16:36:06.933 9 INFO neutron.db.l3_db [None req-5c9be186-3919-43ef-91b5-113abf5d42fc 63c29908e1c9416690bd6d6d678bbbfb 79c2066ac3f54c199a8d09941ea84267 - - - -] Floating IP 8b2717fb-564d-43ff-9535-2682eba23a1c disassociated. External IP: 10.96.250.215, port: 819ce7c6-9ce4-4217-a6fc-ea811bf36439.
2026-07-02 16:36:06.994 9 INFO neutron.db.ovn_revision_numbers_db [None req-5c9be186-3919-43ef-91b5-113abf5d42fc 63c29908e1c9416690bd6d6d678bbbfb 79c2066ac3f54c199a8d09941ea84267 - - - -] Successfully bumped revision number for resource 8b2717fb-564d-43ff-9535-2682eba23a1c (type: floatingips) to 4
2026-07-02 16:36:07.097 9 INFO neutron.wsgi [None req-5c9be186-3919-43ef-91b5-113abf5d42fc 63c29908e1c9416690bd6d6d678bbbfb 79c2066ac3f54c199a8d09941ea84267 - - - -] 10.0.0.116 "PUT /v2.0/floatingips/8b2717fb-564d-43ff-9535-2682eba23a1c HTTP/1.1" status: 200 len: 748 time: 0.3145051 /var/lib/openstack/lib/python3.10/site-packages/pycadf/identifier.py:71: UserWarning: Invalid uuid: neutron. To ensure interoperability, identifiers should be a valid uuid. warnings.warn(('Invalid uuid: %s. To ensure interoperability, '
2026-07-02 16:36:07.518 9 INFO neutron.wsgi [None req-86a146f0-7fe4-48fe-bbda-87e74415d2e1 63c29908e1c9416690bd6d6d678bbbfb 79c2066ac3f54c199a8d09941ea84267 - - - -] 10.0.0.116 "DELETE /v2.0/floatingips/8b2717fb-564d-43ff-9535-2682eba23a1c HTTP/1.1" status: 204 len: 168 time: 0.4142735
2026-07-02 16:36:07.548 9 INFO neutron.api.v2.resource [None req-0706f58b-4a70-47d5-ac8f-5b43ef75910e 63c29908e1c9416690bd6d6d678bbbfb 79c2066ac3f54c199a8d09941ea84267 - - - -] delete failed (client error): The resource could not be found.
2026-07-02 16:36:07.549 9 INFO neutron.wsgi [None req-0706f58b-4a70-47d5-ac8f-5b43ef75910e 63c29908e1c9416690bd6d6d678bbbfb 79c2066ac3f54c199a8d09941ea84267 - - - -] 10.0.0.116 "DELETE /v2.0/floatingips/8b2717fb-564d-43ff-9535-2682eba23a1c HTTP/1.1" status: 404 len: 345 time: 0.0252337
2026-07-02 16:36:07.671 10 INFO neutron.wsgi [None req-a4d5b538-7c4e-4988-9635-8e5e363238bf 2ac471ffb14f471eaa02d796dab3e614 291a8a4200aa4ea78232fba5063cae26 - - - -] 10.0.0.116 "PUT /v2.0/routers/17161efc-073c-49eb-a800-dac90f2240ef/remove_router_interface HTTP/1.1" status: 200 len: 503 time: 1.2652698 /var/lib/openstack/lib/python3.10/site-packages/pycadf/identifier.py:71: UserWarning: Invalid uuid: neutron. To ensure interoperability, identifiers should be a valid uuid. warnings.warn(('Invalid uuid: %s. To ensure interoperability, '
2026-07-02 16:36:07.934 9 INFO neutron.wsgi [None req-6278a78e-1572-4fed-b053-4a6b9093827a 63c29908e1c9416690bd6d6d678bbbfb 79c2066ac3f54c199a8d09941ea84267 - - - -] 10.0.0.116 "DELETE /v2.0/ports/819ce7c6-9ce4-4217-a6fc-ea811bf36439 HTTP/1.1" status: 204 len: 168 time: 0.3774741
2026-07-02 16:36:08.419 9 INFO neutron.wsgi [None req-059d39bb-8e87-4534-a9f9-c75723aa9b84 63c29908e1c9416690bd6d6d678bbbfb 79c2066ac3f54c199a8d09941ea84267 - - - -] 10.0.0.116 "DELETE /v2.0/ports/6439324b-8d5f-4f4b-8a8c-50a278cbd1b5 HTTP/1.1" status: 204 len: 168 time: 0.4797869
2026-07-02 16:36:08.588 9 INFO neutron.wsgi [None req-1f3487f0-3bed-4c8a-a5cb-f8733e93decb 63c29908e1c9416690bd6d6d678bbbfb 79c2066ac3f54c199a8d09941ea84267 - - default default] 10.0.0.116 "GET /v2.0/ports?device_id=9eef15cb-1cff-49a1-8fec-6f7bbcca3a36 HTTP/1.1" status: 200 len: 1140 time: 0.1639068
2026-07-02 16:36:08.766 10 INFO neutron.wsgi [None req-43d3a756-8441-4366-95c9-040fc4d394dd 2ac471ffb14f471eaa02d796dab3e614 291a8a4200aa4ea78232fba5063cae26 - - - -] 10.0.0.116 "DELETE /v2.0/routers/17161efc-073c-49eb-a800-dac90f2240ef HTTP/1.1" status: 204 len: 168 time: 1.0893295
2026-07-02 16:36:09.002 9 INFO neutron.wsgi [None req-027c7c9c-3658-42ee-a4fd-38def60fe928 2ac471ffb14f471eaa02d796dab3e614 291a8a4200aa4ea78232fba5063cae26 - - - -] 10.0.0.116 "DELETE /v2.0/subnets/a11a2f2d-28e9-4bd1-a4ff-cfb2686a6e05 HTTP/1.1" status: 204 len: 168 time: 0.2300668
2026-07-02 16:36:09.416 9 INFO neutron.services.segments.plugin [-] Segment 378f00cc-b46c-499e-b338-bbe9c2abf7ba resource provider aggregate not found
2026-07-02 16:36:09.431 9 INFO neutron.services.segments.plugin [-] Segment 378f00cc-b46c-499e-b338-bbe9c2abf7ba resource provider aggregate not found
2026-07-02 16:36:09.450 9 INFO neutron.services.segments.plugin [-] Segment 378f00cc-b46c-499e-b338-bbe9c2abf7ba resource provider not found; error: Placement Client Error (4xx): {"errors": [{"status": 404, "title": "Not Found", "detail": "The resource could not be found.\n\n No resource provider with uuid 378f00cc-b46c-499e-b338-bbe9c2abf7ba found for delete ", "request_id": "req-18952e02-19c7-4eb8-8448-19fcd05ecf27"}]}
2026-07-02 16:36:09.452 9 INFO neutron.services.segments.plugin [-] Segment 378f00cc-b46c-499e-b338-bbe9c2abf7ba resource provider not found; error: Placement Client Error (4xx): {"errors": [{"status": 404, "title": "Not Found", "detail": "The resource could not be found.\n\n No resource provider with uuid 378f00cc-b46c-499e-b338-bbe9c2abf7ba found for delete ", "request_id": "req-e057da0c-3edd-4d89-a3a4-25fe2b9183d9"}]}
2026-07-02 16:36:09.482 9 INFO neutron.wsgi [None req-40756598-fb3f-4005-bf36-32ade510e3fc 2ac471ffb14f471eaa02d796dab3e614 291a8a4200aa4ea78232fba5063cae26 - - - -] 10.0.0.116 "DELETE /v2.0/networks/7d10d65d-29c6-40d8-ac42-49c6d0f6f650 HTTP/1.1" status: 204 len: 168 time: 0.4739923
2026-07-02 16:36:09.626 10 INFO neutron.wsgi [None req-e4af8db3-e8c4-46e7-862a-7a4f2bff4fa5 2ac471ffb14f471eaa02d796dab3e614 291a8a4200aa4ea78232fba5063cae26 - - default default] 10.0.0.116 "GET /v2.0/security-groups?tenant_id=8deed0ab0f434e4b968d2cad1a96c7ba&name=default HTTP/1.1" status: 200 len: 2996 time: 0.0414891
2026-07-02 16:36:09.679 10 INFO neutron.wsgi [None req-9cfab38f-7ec9-46ad-bf83-76ae598936c0 63c29908e1c9416690bd6d6d678bbbfb 79c2066ac3f54c199a8d09941ea84267 - - - -] 10.0.0.116 "PUT /v2.0/routers/9eef15cb-1cff-49a1-8fec-6f7bbcca3a36/remove_router_interface HTTP/1.1" status: 200 len: 503 time: 1.0823851 /var/lib/openstack/lib/python3.10/site-packages/pycadf/identifier.py:71: UserWarning: Invalid uuid: neutron. To ensure interoperability, identifiers should be a valid uuid. warnings.warn(('Invalid uuid: %s. To ensure interoperability, '
2026-07-02 16:36:09.843 9 INFO neutron.wsgi [None req-a25e2675-fdff-4d96-b9a1-39ea0cf35aca 2ac471ffb14f471eaa02d796dab3e614 291a8a4200aa4ea78232fba5063cae26 - - - -] 10.0.0.116 "DELETE /v2.0/security-groups/7e90211c-646e-4a49-869a-5dea8dd1df4a HTTP/1.1" status: 204 len: 168 time: 0.2098517
2026-07-02 16:36:09.960 10 INFO neutron.db.ovn_revision_numbers_db [None req-98af9f41-dd92-41fd-80ce-94f4d0963401 2ac471ffb14f471eaa02d796dab3e614 291a8a4200aa4ea78232fba5063cae26 - - default default] Successfully bumped revision number for resource 136b2af1-0ac1-4045-9c2f-0e56c1c7c6a1 (type: security_groups) to 1
2026-07-02 16:36:09.966 10 INFO neutron.db.ovn_revision_numbers_db [None req-cb76f8c5-6a69-4153-abce-0a2be32cea50 2ac471ffb14f471eaa02d796dab3e614 291a8a4200aa4ea78232fba5063cae26 - - default default] Successfully bumped revision number for resource 21d56f82-0dd8-43cb-8924-e6e9c7231517 (type: security_groups) to 1
2026-07-02 16:36:10.010 10 INFO neutron.wsgi [None req-cb76f8c5-6a69-4153-abce-0a2be32cea50 2ac471ffb14f471eaa02d796dab3e614 291a8a4200aa4ea78232fba5063cae26 - - default default] 10.0.0.116 "GET /v2.0/security-groups?tenant_id=1ef76f8e617e4ab9b4e6628a7b834014&name=default HTTP/1.1" status: 200 len: 2996 time: 0.5810149
2026-07-02 16:36:10.015 10 INFO neutron.wsgi [None req-98af9f41-dd92-41fd-80ce-94f4d0963401 2ac471ffb14f471eaa02d796dab3e614 291a8a4200aa4ea78232fba5063cae26 - - default default] 10.0.0.116 "GET /v2.0/security-groups?tenant_id=a3c927cb69e74b1581a260fcde198c3b&name=default HTTP/1.1" status: 200 len: 2996 time: 0.5746992
2026-07-02 16:36:10.265 9 INFO neutron.wsgi [None req-b6948813-0ea1-43ac-80d7-ec32b3c9a59b 2ac471ffb14f471eaa02d796dab3e614 291a8a4200aa4ea78232fba5063cae26 - - - -] 10.0.0.116 "DELETE /v2.0/security-groups/21d56f82-0dd8-43cb-8924-e6e9c7231517 HTTP/1.1" status: 204 len: 168 time: 0.2484136
2026-07-02 16:36:10.299 9 INFO neutron.wsgi [None req-de4601d7-d185-442a-be07-92a617ff85a0 2ac471ffb14f471eaa02d796dab3e614 291a8a4200aa4ea78232fba5063cae26 - - - -] 10.0.0.116 "DELETE /v2.0/security-groups/136b2af1-0ac1-4045-9c2f-0e56c1c7c6a1 HTTP/1.1" status: 204 len: 168 time: 0.2750518
2026-07-02 16:36:10.648 9 INFO neutron.db.ovn_revision_numbers_db [None req-6095e892-cced-4456-a311-61f5d1eeda6b 2ac471ffb14f471eaa02d796dab3e614 291a8a4200aa4ea78232fba5063cae26 - - default default] Successfully bumped revision number for resource 257f44fb-b105-4c17-95a3-a0485683890e (type: security_groups) to 1
2026-07-02 16:36:10.676 9 INFO neutron.wsgi [None req-6095e892-cced-4456-a311-61f5d1eeda6b 2ac471ffb14f471eaa02d796dab3e614 291a8a4200aa4ea78232fba5063cae26 - - default default] 10.0.0.116 "GET /v2.0/security-groups?tenant_id=28b2188154fd4f76a004e596fd2d8ddf&name=default HTTP/1.1" status: 200 len: 2996 time: 0.1838386
2026-07-02 16:36:10.708 9 INFO neutron.db.ovn_revision_numbers_db [None req-45f33bb0-bfdd-487c-81ca-718e7bc0bfbd 2ac471ffb14f471eaa02d796dab3e614 291a8a4200aa4ea78232fba5063cae26 - - default default] Successfully bumped revision number for resource b010924b-5ceb-4114-b03d-3ef5c9be68f9 (type: security_groups) to 1
2026-07-02 16:36:10.734 9 INFO neutron.wsgi [None req-45f33bb0-bfdd-487c-81ca-718e7bc0bfbd 2ac471ffb14f471eaa02d796dab3e614 291a8a4200aa4ea78232fba5063cae26 - - default default] 10.0.0.116 "GET /v2.0/security-groups?tenant_id=941789760e2d46cc940c3d77ad7e8c30&name=default HTTP/1.1" status: 200 len: 2996 time: 0.1882317
2026-07-02 16:36:10.854 10 INFO neutron.wsgi [None req-fc3d6df6-07c1-4cac-8ad8-1711991a4a08 63c29908e1c9416690bd6d6d678bbbfb 79c2066ac3f54c199a8d09941ea84267 - - - -] 10.0.0.116 "DELETE /v2.0/routers/9eef15cb-1cff-49a1-8fec-6f7bbcca3a36 HTTP/1.1" status: 204 len: 168 time: 1.1705332
2026-07-02 16:36:11.154 10 INFO neutron.wsgi [None req-67bd1dd6-9626-4814-a859-8a54c9d869a3 63c29908e1c9416690bd6d6d678bbbfb 79c2066ac3f54c199a8d09941ea84267 - - - -] 10.0.0.116 "DELETE /v2.0/subnets/96088f02-5c5f-4062-aae0-ec06bec1bb0a HTTP/1.1" status: 204 len: 168 time: 0.2921371
2026-07-02 16:36:11.284 9 INFO neutron.wsgi [None req-9cfebaaf-289f-476b-b167-3cb469b9a280 2ac471ffb14f471eaa02d796dab3e614 291a8a4200aa4ea78232fba5063cae26 - - - -] 10.0.0.116 "DELETE /v2.0/security-groups/257f44fb-b105-4c17-95a3-a0485683890e HTTP/1.1" status: 204 len: 168 time: 0.6032796
2026-07-02 16:36:11.311 9 INFO neutron.wsgi [None req-429296ac-284c-445c-ba0b-677d7f32782c 2ac471ffb14f471eaa02d796dab3e614 291a8a4200aa4ea78232fba5063cae26 - - - -] 10.0.0.116 "DELETE /v2.0/security-groups/b010924b-5ceb-4114-b03d-3ef5c9be68f9 HTTP/1.1" status: 204 len: 168 time: 0.5688071
2026-07-02 16:36:11.653 10 INFO neutron.services.segments.plugin [-] Segment 8aecc501-a441-43c1-86da-e3caa595c81c resource provider aggregate not found
2026-07-02 16:36:11.661 10 INFO neutron.services.segments.plugin [-] Segment 8aecc501-a441-43c1-86da-e3caa595c81c resource provider aggregate not found
2026-07-02 16:36:11.681 10 INFO neutron.services.segments.plugin [-] Segment 8aecc501-a441-43c1-86da-e3caa595c81c resource provider not found; error: Placement Client Error (4xx): {"errors": [{"status": 404, "title": "Not Found", "detail": "The resource could not be found.\n\n No resource provider with uuid 8aecc501-a441-43c1-86da-e3caa595c81c found for delete ", "request_id": "req-003bb1e1-5477-4390-8f70-da6f8f54ed23"}]}
2026-07-02 16:36:11.683 10 INFO neutron.services.segments.plugin [-] Segment 8aecc501-a441-43c1-86da-e3caa595c81c resource provider not found; error: Placement Client Error (4xx): {"errors": [{"status": 404, "title": "Not Found", "detail": "The resource could not be found.\n\n No resource provider with uuid 8aecc501-a441-43c1-86da-e3caa595c81c found for delete ", "request_id": "req-3e4b9f64-0599-418a-9c17-c8a8f70bc688"}]}
2026-07-02 16:36:11.729 10 INFO neutron.wsgi [None req-39cd26e2-852e-41e3-92dd-7fbe26841f8b 63c29908e1c9416690bd6d6d678bbbfb 79c2066ac3f54c199a8d09941ea84267 - - - -] 10.0.0.116 "DELETE /v2.0/networks/754dd954-5844-4ab4-a7c4-73ac6102012d HTTP/1.1" status: 204 len: 168 time: 0.5686009
2026-07-02 16:36:12.452 10 INFO neutron.wsgi [None req-8f8c404c-430f-4777-a7d4-5e0a2b19e6b5 2ac471ffb14f471eaa02d796dab3e614 291a8a4200aa4ea78232fba5063cae26 - - default default] 10.0.0.116 "GET /v2.0/security-groups?tenant_id=79c2066ac3f54c199a8d09941ea84267&name=default HTTP/1.1" status: 200 len: 2996 time: 0.2120409
2026-07-02 16:36:12.674 10 INFO neutron.wsgi [None req-10eaa0d3-37b6-4701-b2d3-1f6aa62a0d85 2ac471ffb14f471eaa02d796dab3e614 291a8a4200aa4ea78232fba5063cae26 - - - -] 10.0.0.116 "DELETE /v2.0/security-groups/906fdb2b-0fd7-429b-9319-ef4d828b38bf HTTP/1.1" status: 204 len: 168 time: 0.2167649
2026-07-02 16:36:13.597 9 INFO neutron.db.ovn_revision_numbers_db [None req-cd336b6b-5c03-4d1d-82f4-1c32509f8717 6800736de0e44c819a8aab3887086481 316673c7a0074fbead525dc40e5ab2b5 - - - -] Successfully bumped revision number for resource cda01217-762c-463f-b814-7874edeb3cf7 (type: security_groups) to 1
2026-07-02 16:36:13.668 9 INFO neutron.db.segments_db [None req-cd336b6b-5c03-4d1d-82f4-1c32509f8717 6800736de0e44c819a8aab3887086481 316673c7a0074fbead525dc40e5ab2b5 - - - -] Added segment 7342ceb6-2083-4d63-8d6b-555ea4ae6f7b of type geneve for network 03ab3c78-171a-4278-8f8d-3fae249c3d12
2026-07-02 16:36:13.809 9 INFO neutron.db.segments_db [None req-cd336b6b-5c03-4d1d-82f4-1c32509f8717 6800736de0e44c819a8aab3887086481 316673c7a0074fbead525dc40e5ab2b5 - - - -] Added segment 7b5d2ced-1c51-4cc6-af62-aa305229043f of type geneve for network 449b6d62-bd6e-48f7-8ab5-26f22bfc32ed
2026-07-02 16:36:13.945 9 INFO neutron.db.ovn_revision_numbers_db [None req-cd336b6b-5c03-4d1d-82f4-1c32509f8717 6800736de0e44c819a8aab3887086481 316673c7a0074fbead525dc40e5ab2b5 - - - -] Successfully bumped revision number for resource 03ab3c78-171a-4278-8f8d-3fae249c3d12 (type: networks) to 1
2026-07-02 16:36:14.157 9 WARNING neutron.scheduler.dhcp_agent_scheduler [None req-cd336b6b-5c03-4d1d-82f4-1c32509f8717 6800736de0e44c819a8aab3887086481 316673c7a0074fbead525dc40e5ab2b5 - - - -] No more DHCP agents
2026-07-02 16:36:14.159 9 WARNING neutron.api.rpc.agentnotifiers.dhcp_rpc_agent_api [None req-cd336b6b-5c03-4d1d-82f4-1c32509f8717 6800736de0e44c819a8aab3887086481 316673c7a0074fbead525dc40e5ab2b5 - - - -] Unable to schedule network 03ab3c78-171a-4278-8f8d-3fae249c3d12: no agents available; will retry on subsequent port and subnet creation events.
2026-07-02 16:36:14.240 9 INFO neutron.db.ovn_revision_numbers_db [None req-cd336b6b-5c03-4d1d-82f4-1c32509f8717 6800736de0e44c819a8aab3887086481 316673c7a0074fbead525dc40e5ab2b5 - - - -] Successfully bumped revision number for resource 8cd1a8ae-a501-4707-9323-a55e7312c7c4 (type: ports) to 1
2026-07-02 16:36:14.307 9 INFO neutron.db.ovn_revision_numbers_db [None req-cd336b6b-5c03-4d1d-82f4-1c32509f8717 6800736de0e44c819a8aab3887086481 316673c7a0074fbead525dc40e5ab2b5 - - - -] Successfully bumped revision number for resource 449b6d62-bd6e-48f7-8ab5-26f22bfc32ed (type: networks) to 1
2026-07-02 16:36:14.516 9 WARNING neutron.scheduler.dhcp_agent_scheduler [None req-cd336b6b-5c03-4d1d-82f4-1c32509f8717 6800736de0e44c819a8aab3887086481 316673c7a0074fbead525dc40e5ab2b5 - - - -] No more DHCP agents
2026-07-02 16:36:14.520 9 WARNING neutron.api.rpc.agentnotifiers.dhcp_rpc_agent_api [None req-cd336b6b-5c03-4d1d-82f4-1c32509f8717 6800736de0e44c819a8aab3887086481 316673c7a0074fbead525dc40e5ab2b5 - - - -] Unable to schedule network 449b6d62-bd6e-48f7-8ab5-26f22bfc32ed: no agents available; will retry on subsequent port and subnet creation events.
2026-07-02 16:36:14.608 9 INFO neutron.db.ovn_revision_numbers_db [None req-cd336b6b-5c03-4d1d-82f4-1c32509f8717 6800736de0e44c819a8aab3887086481 316673c7a0074fbead525dc40e5ab2b5 - - - -] Successfully bumped revision number for resource fe44ce85-156b-4501-87e9-b6219dd31893 (type: ports) to 1
2026-07-02 16:36:14.640 9 INFO neutron.wsgi [None req-cd336b6b-5c03-4d1d-82f4-1c32509f8717 6800736de0e44c819a8aab3887086481 316673c7a0074fbead525dc40e5ab2b5 - - - -] 10.0.0.116 "POST /v2.0/networks HTTP/1.1" status: 201 len: 1446 time: 1.4389462
2026-07-02 16:36:14.784 9 INFO neutron.wsgi [None req-f2826b87-7bf7-4c0e-aaaa-76f83783b617 6800736de0e44c819a8aab3887086481 316673c7a0074fbead525dc40e5ab2b5 - - default default] 10.0.0.116 "GET /v2.0/networks HTTP/1.1" status: 200 len: 2052 time: 0.1377032
2026-07-02 16:36:14.879 9 INFO neutron.db.ovn_revision_numbers_db [None req-24da21c7-2d13-486c-9beb-600b2d1bf82e 2ac471ffb14f471eaa02d796dab3e614 291a8a4200aa4ea78232fba5063cae26 - - default default] Successfully bumped revision number for resource 53694303-734d-45f4-94ed-5e820729dd75 (type: security_groups) to 1
2026-07-02 16:36:14.911 9 INFO neutron.wsgi [None req-24da21c7-2d13-486c-9beb-600b2d1bf82e 2ac471ffb14f471eaa02d796dab3e614 291a8a4200aa4ea78232fba5063cae26 - - default default] 10.0.0.116 "GET /v2.0/security-groups?tenant_id=166c3bdbd65846a78b25f31b2012569d&name=default HTTP/1.1" status: 200 len: 2996 time: 0.2288969
2026-07-02 16:36:15.030 9 INFO neutron.db.ovn_revision_numbers_db [None req-fbf87d2f-d6d0-4038-bdc5-182017092ff8 b5c33cd33e984ac0b3f5312c645cb951 8b5debf0857a4bcca93c596f65038b95 - - - -] Successfully bumped revision number for resource e4db2861-7042-4b4f-b6c2-35d3bc058a4e (type: security_groups) to 1
2026-07-02 16:36:15.105 9 INFO neutron.db.segments_db [None req-fbf87d2f-d6d0-4038-bdc5-182017092ff8 b5c33cd33e984ac0b3f5312c645cb951 8b5debf0857a4bcca93c596f65038b95 - - - -] Added segment ab4fd8b3-8e36-4670-b324-f327236debee of type geneve for network 9e897331-2595-446f-a656-8c79df802a92
2026-07-02 16:36:15.191 9 INFO neutron.wsgi [None req-3ec160f4-e00e-4c4c-b954-cd316d4e5b26 2ac471ffb14f471eaa02d796dab3e614 291a8a4200aa4ea78232fba5063cae26 - - - -] 10.0.0.116 "DELETE /v2.0/security-groups/53694303-734d-45f4-94ed-5e820729dd75 HTTP/1.1" status: 204 len: 168 time: 0.2690442
2026-07-02 16:36:15.209 10 INFO neutron.services.segments.plugin [-] Segment 7342ceb6-2083-4d63-8d6b-555ea4ae6f7b resource provider aggregate not found
2026-07-02 16:36:15.216 10 INFO neutron.services.segments.plugin [-] Segment 7342ceb6-2083-4d63-8d6b-555ea4ae6f7b resource provider aggregate not found
2026-07-02 16:36:15.242 10 INFO neutron.services.segments.plugin [-] Segment 7342ceb6-2083-4d63-8d6b-555ea4ae6f7b resource provider not found; error: Placement Client Error (4xx): {"errors": [{"status": 404, "title": "Not Found", "detail": "The resource could not be found.\n\n No resource provider with uuid 7342ceb6-2083-4d63-8d6b-555ea4ae6f7b found for delete ", "request_id": "req-10861905-5504-4d18-af2e-8d21c47cc1f8"}]}
2026-07-02 16:36:15.242 10 INFO neutron.services.segments.plugin [-] Segment 7342ceb6-2083-4d63-8d6b-555ea4ae6f7b resource provider not found; error: Placement Client Error (4xx): {"errors": [{"status": 404, "title": "Not Found", "detail": "The resource could not be found.\n\n No resource provider with uuid 7342ceb6-2083-4d63-8d6b-555ea4ae6f7b found for delete ", "request_id": "req-6422d716-8ed0-475c-a808-d7b0b6444115"}]}
2026-07-02 16:36:15.253 9 INFO neutron.db.segments_db [None req-fbf87d2f-d6d0-4038-bdc5-182017092ff8 b5c33cd33e984ac0b3f5312c645cb951 8b5debf0857a4bcca93c596f65038b95 - - - -] Added segment c0131644-3db5-4f4c-8e8e-c0be18575d57 of type geneve for network 08970bcd-36f1-4517-8b75-940ee0df94d3
2026-07-02 16:36:15.269 10 INFO neutron.wsgi [None req-10b3307a-9f7b-4622-864d-7f72e7aca950 6800736de0e44c819a8aab3887086481 316673c7a0074fbead525dc40e5ab2b5 - - - -] 10.0.0.116 "DELETE /v2.0/networks/03ab3c78-171a-4278-8f8d-3fae249c3d12 HTTP/1.1" status: 204 len: 168 time: 0.4765906
2026-07-02 16:36:15.416 9 INFO neutron.db.ovn_revision_numbers_db [None req-fbf87d2f-d6d0-4038-bdc5-182017092ff8 b5c33cd33e984ac0b3f5312c645cb951 8b5debf0857a4bcca93c596f65038b95 - - - -] Successfully bumped revision number for resource 9e897331-2595-446f-a656-8c79df802a92 (type: networks) to 1
2026-07-02 16:36:15.654 9 INFO neutron.db.ovn_revision_numbers_db [None req-dc498750-facb-4639-aae9-2eb828a47ab9 2ac471ffb14f471eaa02d796dab3e614 291a8a4200aa4ea78232fba5063cae26 - - default default] Successfully bumped revision number for resource 54e621b2-e6b8-477c-bb5d-7283a47363ce (type: security_groups) to 1
2026-07-02 16:36:15.701 9 INFO neutron.wsgi [None req-dc498750-facb-4639-aae9-2eb828a47ab9 2ac471ffb14f471eaa02d796dab3e614 291a8a4200aa4ea78232fba5063cae26 - - default default] 10.0.0.116 "GET /v2.0/security-groups?tenant_id=09eb9977a6314298b0f322b4d760ad33&name=default HTTP/1.1" status: 200 len: 2996 time: 0.3235905
2026-07-02 16:36:15.757 9 WARNING neutron.scheduler.dhcp_agent_scheduler [None req-fbf87d2f-d6d0-4038-bdc5-182017092ff8 b5c33cd33e984ac0b3f5312c645cb951 8b5debf0857a4bcca93c596f65038b95 - - - -] No more DHCP agents
2026-07-02 16:36:15.767 9 WARNING neutron.api.rpc.agentnotifiers.dhcp_rpc_agent_api [None req-fbf87d2f-d6d0-4038-bdc5-182017092ff8 b5c33cd33e984ac0b3f5312c645cb951 8b5debf0857a4bcca93c596f65038b95 - - - -] Unable to schedule network 9e897331-2595-446f-a656-8c79df802a92: no agents available; will retry on subsequent port and subnet creation events.
2026-07-02 16:36:15.862 9 INFO neutron.db.ovn_revision_numbers_db [None req-fbf87d2f-d6d0-4038-bdc5-182017092ff8 b5c33cd33e984ac0b3f5312c645cb951 8b5debf0857a4bcca93c596f65038b95 - - - -] Successfully bumped revision number for resource df6b3aff-50e0-44e8-a555-3e695042565c (type: ports) to 1
2026-07-02 16:36:15.894 9 INFO neutron.services.segments.plugin [-] Segment 7b5d2ced-1c51-4cc6-af62-aa305229043f resource provider aggregate not found
2026-07-02 16:36:15.903 9 INFO neutron.services.segments.plugin [-] Segment 7b5d2ced-1c51-4cc6-af62-aa305229043f resource provider aggregate not found
2026-07-02 16:36:15.925 9 INFO neutron.services.segments.plugin [-] Segment 7b5d2ced-1c51-4cc6-af62-aa305229043f resource provider not found; error: Placement Client Error (4xx): {"errors": [{"status": 404, "title": "Not Found", "detail": "The resource could not be found.\n\n No resource provider with uuid 7b5d2ced-1c51-4cc6-af62-aa305229043f found for delete ", "request_id": "req-3d6a81b7-04c7-4f6a-8c28-be5eb6c4f8bc"}]}
2026-07-02 16:36:15.930 9 INFO neutron.services.segments.plugin [-] Segment 7b5d2ced-1c51-4cc6-af62-aa305229043f resource provider not found; error: Placement Client Error (4xx): {"errors": [{"status": 404, "title": "Not Found", "detail": "The resource could not be found.\n\n No resource provider with uuid 7b5d2ced-1c51-4cc6-af62-aa305229043f found for delete ", "request_id": "req-fb2e4e44-07df-499c-bc2e-1097f61e0a37"}]}
2026-07-02 16:36:15.943 10 INFO neutron.wsgi [None req-c3da3bc0-ba9a-426a-8b14-38db06c55967 2ac471ffb14f471eaa02d796dab3e614 291a8a4200aa4ea78232fba5063cae26 - - - -] 10.0.0.116 "DELETE /v2.0/security-groups/54e621b2-e6b8-477c-bb5d-7283a47363ce HTTP/1.1" status: 204 len: 168 time: 0.2340460
2026-07-02 16:36:15.972 9 INFO neutron.db.ovn_revision_numbers_db [None req-fbf87d2f-d6d0-4038-bdc5-182017092ff8 b5c33cd33e984ac0b3f5312c645cb951 8b5debf0857a4bcca93c596f65038b95 - - - -] Successfully bumped revision number for resource 08970bcd-36f1-4517-8b75-940ee0df94d3 (type: networks) to 1
2026-07-02 16:36:15.980 9 INFO neutron.wsgi [None req-27cab684-8e46-4ac8-8266-03adf14698db 6800736de0e44c819a8aab3887086481 316673c7a0074fbead525dc40e5ab2b5 - - - -] 10.0.0.116 "DELETE /v2.0/networks/449b6d62-bd6e-48f7-8ab5-26f22bfc32ed HTTP/1.1" status: 204 len: 168 time: 0.7045655
2026-07-02 16:36:16.099 10 INFO neutron.wsgi [None req-e2abaf6c-7d26-475d-a33d-fdd5d07a051f 6800736de0e44c819a8aab3887086481 316673c7a0074fbead525dc40e5ab2b5 - - default default] 10.0.0.116 "GET /v2.0/networks HTTP/1.1" status: 200 len: 845 time: 0.1074595
2026-07-02 16:36:16.159 9 WARNING neutron.scheduler.dhcp_agent_scheduler [None req-fbf87d2f-d6d0-4038-bdc5-182017092ff8 b5c33cd33e984ac0b3f5312c645cb951 8b5debf0857a4bcca93c596f65038b95 - - - -] No more DHCP agents
2026-07-02 16:36:16.161 9 WARNING neutron.api.rpc.agentnotifiers.dhcp_rpc_agent_api [None req-fbf87d2f-d6d0-4038-bdc5-182017092ff8 b5c33cd33e984ac0b3f5312c645cb951 8b5debf0857a4bcca93c596f65038b95 - - - -] Unable to schedule network 08970bcd-36f1-4517-8b75-940ee0df94d3: no agents available; will retry on subsequent port and subnet creation events.
2026-07-02 16:36:16.186 10 INFO neutron.db.segments_db [None req-b1837aef-cd60-4aa4-8fc6-ea9630aad50a 6800736de0e44c819a8aab3887086481 316673c7a0074fbead525dc40e5ab2b5 - - - -] Added segment 998773aa-e535-4234-97d7-49c55406b4f3 of type geneve for network d3961e6b-446c-4690-860d-86b63362a918
2026-07-02 16:36:16.223 9 INFO neutron.db.ovn_revision_numbers_db [None req-fbf87d2f-d6d0-4038-bdc5-182017092ff8 b5c33cd33e984ac0b3f5312c645cb951 8b5debf0857a4bcca93c596f65038b95 - - - -] Successfully bumped revision number for resource d6a490a2-3453-4f90-91fc-997cf5a24c8b (type: ports) to 1
2026-07-02 16:36:16.244 9 INFO neutron.wsgi [None req-fbf87d2f-d6d0-4038-bdc5-182017092ff8 b5c33cd33e984ac0b3f5312c645cb951 8b5debf0857a4bcca93c596f65038b95 - - - -] 10.0.0.116 "POST /v2.0/networks HTTP/1.1" status: 201 len: 1446 time: 1.4031932
2026-07-02 16:36:16.333 9 INFO neutron.wsgi [None req-f23577db-ebcc-4a1f-9acf-0b36b387633e b5c33cd33e984ac0b3f5312c645cb951 8b5debf0857a4bcca93c596f65038b95 - - default default] 10.0.0.116 "GET /v2.0/networks HTTP/1.1" status: 200 len: 2052 time: 0.0815532
2026-07-02 16:36:16.334 10 INFO neutron.db.ovn_revision_numbers_db [None req-b1837aef-cd60-4aa4-8fc6-ea9630aad50a 6800736de0e44c819a8aab3887086481 316673c7a0074fbead525dc40e5ab2b5 - - - -] Successfully bumped revision number for resource d3961e6b-446c-4690-860d-86b63362a918 (type: networks) to 1
2026-07-02 16:36:16.602 10 WARNING neutron.scheduler.dhcp_agent_scheduler [None req-b1837aef-cd60-4aa4-8fc6-ea9630aad50a 6800736de0e44c819a8aab3887086481 316673c7a0074fbead525dc40e5ab2b5 - - - -] No more DHCP agents
2026-07-02 16:36:16.604 10 WARNING neutron.api.rpc.agentnotifiers.dhcp_rpc_agent_api [None req-b1837aef-cd60-4aa4-8fc6-ea9630aad50a 6800736de0e44c819a8aab3887086481 316673c7a0074fbead525dc40e5ab2b5 - - - -] Unable to schedule network d3961e6b-446c-4690-860d-86b63362a918: no agents available; will retry on subsequent port and subnet creation events.
2026-07-02 16:36:16.665 10 INFO neutron.db.ovn_revision_numbers_db [None req-b1837aef-cd60-4aa4-8fc6-ea9630aad50a 6800736de0e44c819a8aab3887086481 316673c7a0074fbead525dc40e5ab2b5 - - - -] Successfully bumped revision number for resource 6ef7d25f-995b-436f-a549-bc023f42e5fd (type: ports) to 1
2026-07-02 16:36:16.685 10 INFO neutron.wsgi [None req-b1837aef-cd60-4aa4-8fc6-ea9630aad50a 6800736de0e44c819a8aab3887086481 316673c7a0074fbead525dc40e5ab2b5 - - - -] 10.0.0.116 "POST /v2.0/networks HTTP/1.1" status: 201 len: 849 time: 0.5770040
2026-07-02 16:36:16.788 10 INFO neutron.db.segments_db [None req-c2176bd8-d9bd-4372-ae2b-fa1d852fcf79 6800736de0e44c819a8aab3887086481 316673c7a0074fbead525dc40e5ab2b5 - - - -] Added segment 5b9a090b-b11b-48bf-8bae-ce4016d73d26 of type geneve for network bba87396-7c2d-404e-a182-6ecc06dd9f9c
2026-07-02 16:36:16.806 9 INFO neutron.wsgi [None req-13fdbb78-742f-4f5e-bdff-56a7a7357885 b5c33cd33e984ac0b3f5312c645cb951 8b5debf0857a4bcca93c596f65038b95 - - - -] 10.0.0.116 "DELETE /v2.0/networks/9e897331-2595-446f-a656-8c79df802a92 HTTP/1.1" status: 204 len: 168 time: 0.4639325
2026-07-02 16:36:16.930 10 INFO neutron.db.ovn_revision_numbers_db [None req-c2176bd8-d9bd-4372-ae2b-fa1d852fcf79 6800736de0e44c819a8aab3887086481 316673c7a0074fbead525dc40e5ab2b5 - - - -] Successfully bumped revision number for resource bba87396-7c2d-404e-a182-6ecc06dd9f9c (type: networks) to 1
2026-07-02 16:36:17.151 10 WARNING neutron.scheduler.dhcp_agent_scheduler [None req-c2176bd8-d9bd-4372-ae2b-fa1d852fcf79 6800736de0e44c819a8aab3887086481 316673c7a0074fbead525dc40e5ab2b5 - - - -] No more DHCP agents
2026-07-02 16:36:17.154 10 WARNING neutron.api.rpc.agentnotifiers.dhcp_rpc_agent_api [None req-c2176bd8-d9bd-4372-ae2b-fa1d852fcf79 6800736de0e44c819a8aab3887086481 316673c7a0074fbead525dc40e5ab2b5 - - - -] Unable to schedule network bba87396-7c2d-404e-a182-6ecc06dd9f9c: no agents available; will retry on subsequent port and subnet creation events.
2026-07-02 16:36:17.160 9 INFO neutron.wsgi [-] 10.0.0.252 "GET / HTTP/1.1" status: 200 len: 247 time: 0.0014262
2026-07-02 16:36:17.163 9 INFO neutron.wsgi [-] 10.0.0.252 "GET / HTTP/1.1" status: 200 len: 247 time: 0.0018814
2026-07-02 16:36:17.212 9 INFO neutron.wsgi [None req-446c330e-4df2-45a5-9ecc-621c5c8fdd02 b5c33cd33e984ac0b3f5312c645cb951 8b5debf0857a4bcca93c596f65038b95 - - - -] 10.0.0.116 "DELETE /v2.0/networks/08970bcd-36f1-4517-8b75-940ee0df94d3 HTTP/1.1" status: 204 len: 168 time: 0.3966069
2026-07-02 16:36:17.255 10 INFO neutron.db.ovn_revision_numbers_db [None req-c2176bd8-d9bd-4372-ae2b-fa1d852fcf79 6800736de0e44c819a8aab3887086481 316673c7a0074fbead525dc40e5ab2b5 - - - -] Successfully bumped revision number for resource 1071a172-019b-4c57-8fcb-5cd3dc05a478 (type: ports) to 1
2026-07-02 16:36:17.284 10 INFO neutron.wsgi [None req-c2176bd8-d9bd-4372-ae2b-fa1d852fcf79 6800736de0e44c819a8aab3887086481 316673c7a0074fbead525dc40e5ab2b5 - - - -] 10.0.0.116 "POST /v2.0/networks HTTP/1.1" status: 201 len: 848 time: 0.5871072
2026-07-02 16:36:17.290 9 INFO neutron.wsgi [None req-f6fc9f4d-eb80-41fd-ab5d-eb9f9669acdc b5c33cd33e984ac0b3f5312c645cb951 8b5debf0857a4bcca93c596f65038b95 - - default default] 10.0.0.116 "GET /v2.0/networks HTTP/1.1" status: 200 len: 845 time: 0.0696709
2026-07-02 16:36:17.380 9 INFO neutron.db.segments_db [None req-3530642c-d563-4bce-ac71-47ff4d7c909d b5c33cd33e984ac0b3f5312c645cb951 8b5debf0857a4bcca93c596f65038b95 - - - -] Added segment 63d91614-c23a-4e11-9ac6-5a17e051d96e of type geneve for network bada19be-ba73-4c22-9e75-21dd0e0f8d69
2026-07-02 16:36:17.576 9 INFO neutron.db.ovn_revision_numbers_db [None req-3530642c-d563-4bce-ac71-47ff4d7c909d b5c33cd33e984ac0b3f5312c645cb951 8b5debf0857a4bcca93c596f65038b95 - - - -] Successfully bumped revision number for resource bada19be-ba73-4c22-9e75-21dd0e0f8d69 (type: networks) to 1
2026-07-02 16:36:17.806 10 WARNING neutron.scheduler.dhcp_agent_scheduler [None req-ad73ae70-ce9a-4892-a997-eeb827b10326 6800736de0e44c819a8aab3887086481 316673c7a0074fbead525dc40e5ab2b5 - - - -] No more DHCP agents
2026-07-02 16:36:17.810 10 WARNING neutron.api.rpc.agentnotifiers.dhcp_rpc_agent_api [None req-ad73ae70-ce9a-4892-a997-eeb827b10326 6800736de0e44c819a8aab3887086481 316673c7a0074fbead525dc40e5ab2b5 - - - -] Unable to schedule network d3961e6b-446c-4690-860d-86b63362a918: no agents available; will retry on subsequent port and subnet creation events.
2026-07-02 16:36:17.900 10 INFO neutron.db.ovn_revision_numbers_db [None req-ad73ae70-ce9a-4892-a997-eeb827b10326 6800736de0e44c819a8aab3887086481 316673c7a0074fbead525dc40e5ab2b5 - - - -] Successfully bumped revision number for resource e8902ae8-4e5e-4b54-a3df-7c5fb39854a4 (type: ports) to 1
2026-07-02 16:36:17.938 10 WARNING neutron.scheduler.dhcp_agent_scheduler [None req-ad73ae70-ce9a-4892-a997-eeb827b10326 6800736de0e44c819a8aab3887086481 316673c7a0074fbead525dc40e5ab2b5 - - - -] No more DHCP agents
2026-07-02 16:36:17.940 10 WARNING neutron.api.rpc.agentnotifiers.dhcp_rpc_agent_api [None req-ad73ae70-ce9a-4892-a997-eeb827b10326 6800736de0e44c819a8aab3887086481 316673c7a0074fbead525dc40e5ab2b5 - - - -] Unable to schedule network bba87396-7c2d-404e-a182-6ecc06dd9f9c: no agents available; will retry on subsequent port and subnet creation events.
2026-07-02 16:36:17.955 9 INFO neutron.services.segments.plugin [-] Segment ab4fd8b3-8e36-4670-b324-f327236debee resource provider aggregate not found
2026-07-02 16:36:17.968 9 INFO neutron.services.segments.plugin [-] Segment ab4fd8b3-8e36-4670-b324-f327236debee resource provider aggregate not found
2026-07-02 16:36:17.978 9 INFO neutron.services.segments.plugin [-] Segment ab4fd8b3-8e36-4670-b324-f327236debee resource provider not found; error: Placement Client Error (4xx): {"errors": [{"status": 404, "title": "Not Found", "detail": "The resource could not be found.\n\n No resource provider with uuid ab4fd8b3-8e36-4670-b324-f327236debee found for delete ", "request_id": "req-5031ec46-e083-4ab0-a132-5f4d513178bc"}]}
2026-07-02 16:36:17.994 9 INFO neutron.services.segments.plugin [-] Segment ab4fd8b3-8e36-4670-b324-f327236debee resource provider not found; error: Placement Client Error (4xx): {"errors": [{"status": 404, "title": "Not Found", "detail": "The resource could not be found.\n\n No resource provider with uuid ab4fd8b3-8e36-4670-b324-f327236debee found for delete ", "request_id": "req-2d505648-63ff-4c52-b5b8-c02df47fe5bc"}]}
2026-07-02 16:36:18.009 10 INFO neutron.db.ovn_revision_numbers_db [None req-ad73ae70-ce9a-4892-a997-eeb827b10326 6800736de0e44c819a8aab3887086481 316673c7a0074fbead525dc40e5ab2b5 - - - -] Successfully bumped revision number for resource 0c3730ca-6abc-4dbf-b3c8-14bb339e5d13 (type: ports) to 1
2026-07-02 16:36:18.015 9 INFO neutron.services.segments.plugin [-] Segment c0131644-3db5-4f4c-8e8e-c0be18575d57 resource provider aggregate not found
2026-07-02 16:36:18.019 9 INFO neutron.services.segments.plugin [-] Segment c0131644-3db5-4f4c-8e8e-c0be18575d57 resource provider aggregate not found
2026-07-02 16:36:18.036 9 INFO neutron.services.segments.plugin [-] Segment c0131644-3db5-4f4c-8e8e-c0be18575d57 resource provider not found; error: Placement Client Error (4xx): {"errors": [{"status": 404, "title": "Not Found", "detail": "The resource could not be found.\n\n No resource provider with uuid c0131644-3db5-4f4c-8e8e-c0be18575d57 found for delete ", "request_id": "req-c00a7480-1ade-4845-ac8f-3975217c5d85"}]}
2026-07-02 16:36:18.037 9 INFO neutron.services.segments.plugin [-] Segment c0131644-3db5-4f4c-8e8e-c0be18575d57 resource provider not found; error: Placement Client Error (4xx): {"errors": [{"status": 404, "title": "Not Found", "detail": "The resource could not be found.\n\n No resource provider with uuid c0131644-3db5-4f4c-8e8e-c0be18575d57 found for delete ", "request_id": "req-be0a4373-180f-4d26-af9e-2b0433d1cdde"}]}
2026-07-02 16:36:18.038 10 INFO neutron.wsgi [None req-ad73ae70-ce9a-4892-a997-eeb827b10326 6800736de0e44c819a8aab3887086481 316673c7a0074fbead525dc40e5ab2b5 - - - -] 10.0.0.116 "POST /v2.0/ports HTTP/1.1" status: 201 len: 1704 time: 0.7480249 /var/lib/openstack/lib/python3.10/site-packages/pycadf/identifier.py:71: UserWarning: Invalid uuid: neutron. To ensure interoperability, identifiers should be a valid uuid. warnings.warn(('Invalid uuid: %s. To ensure interoperability, '
2026-07-02 16:36:18.069 9 WARNING neutron.scheduler.dhcp_agent_scheduler [None req-3530642c-d563-4bce-ac71-47ff4d7c909d b5c33cd33e984ac0b3f5312c645cb951 8b5debf0857a4bcca93c596f65038b95 - - - -] No more DHCP agents
2026-07-02 16:36:18.071 9 WARNING neutron.api.rpc.agentnotifiers.dhcp_rpc_agent_api [None req-3530642c-d563-4bce-ac71-47ff4d7c909d b5c33cd33e984ac0b3f5312c645cb951 8b5debf0857a4bcca93c596f65038b95 - - - -] Unable to schedule network bada19be-ba73-4c22-9e75-21dd0e0f8d69: no agents available; will retry on subsequent port and subnet creation events.
2026-07-02 16:36:18.143 9 INFO neutron.db.ovn_revision_numbers_db [None req-3530642c-d563-4bce-ac71-47ff4d7c909d b5c33cd33e984ac0b3f5312c645cb951 8b5debf0857a4bcca93c596f65038b95 - - - -] Successfully bumped revision number for resource a38b3345-7cc4-4ef1-bd49-6060b7cb60c2 (type: ports) to 1
2026-07-02 16:36:18.165 9 INFO neutron.wsgi [None req-3530642c-d563-4bce-ac71-47ff4d7c909d b5c33cd33e984ac0b3f5312c645cb951 8b5debf0857a4bcca93c596f65038b95 - - - -] 10.0.0.116 "POST /v2.0/networks HTTP/1.1" status: 201 len: 852 time: 0.8669791
2026-07-02 16:36:18.210 10 INFO neutron.wsgi [None req-0ad74a55-c8e2-44fb-9e46-9208c57ee229 6800736de0e44c819a8aab3887086481 316673c7a0074fbead525dc40e5ab2b5 - - default default] 10.0.0.116 "GET /v2.0/ports HTTP/1.1" status: 200 len: 3211 time: 0.1648583
2026-07-02 16:36:18.263 9 INFO neutron.db.segments_db [None req-8cf502e8-82b3-46b5-b682-ba32b321c0a5 b5c33cd33e984ac0b3f5312c645cb951 8b5debf0857a4bcca93c596f65038b95 - - - -] Added segment f856b579-f884-439f-89ee-20dc6a2591be of type geneve for network b9a50044-ae8b-42dd-96a5-74312a105200
2026-07-02 16:36:18.396 9 INFO neutron.db.ovn_revision_numbers_db [None req-8cf502e8-82b3-46b5-b682-ba32b321c0a5 b5c33cd33e984ac0b3f5312c645cb951 8b5debf0857a4bcca93c596f65038b95 - - - -] Successfully bumped revision number for resource b9a50044-ae8b-42dd-96a5-74312a105200 (type: networks) to 1
2026-07-02 16:36:18.489 10 INFO neutron.db.ovn_revision_numbers_db [None req-323c363a-f8e6-4428-b92f-541bfa046374 2ac471ffb14f471eaa02d796dab3e614 291a8a4200aa4ea78232fba5063cae26 - - default default] Successfully bumped revision number for resource e129a980-f0ae-456a-9334-910f315558f0 (type: security_groups) to 1
2026-07-02 16:36:18.529 10 INFO neutron.wsgi [None req-323c363a-f8e6-4428-b92f-541bfa046374 2ac471ffb14f471eaa02d796dab3e614 291a8a4200aa4ea78232fba5063cae26 - - default default] 10.0.0.116 "GET /v2.0/security-groups?tenant_id=339eb1325c82429cb85f6cad028ff898&name=default HTTP/1.1" status: 200 len: 2996 time: 0.3338668
2026-07-02 16:36:18.534 10 INFO neutron.wsgi [None req-ee64c5a8-f0f9-4ae4-b179-54069408a31a 6800736de0e44c819a8aab3887086481 316673c7a0074fbead525dc40e5ab2b5 - - - -] 10.0.0.116 "DELETE /v2.0/ports/e8902ae8-4e5e-4b54-a3df-7c5fb39854a4 HTTP/1.1" status: 204 len: 168 time: 0.3183668
2026-07-02 16:36:18.635 9 WARNING neutron.scheduler.dhcp_agent_scheduler [None req-8cf502e8-82b3-46b5-b682-ba32b321c0a5 b5c33cd33e984ac0b3f5312c645cb951 8b5debf0857a4bcca93c596f65038b95 - - - -] No more DHCP agents
2026-07-02 16:36:18.647 9 WARNING neutron.api.rpc.agentnotifiers.dhcp_rpc_agent_api [None req-8cf502e8-82b3-46b5-b682-ba32b321c0a5 b5c33cd33e984ac0b3f5312c645cb951 8b5debf0857a4bcca93c596f65038b95 - - - -] Unable to schedule network b9a50044-ae8b-42dd-96a5-74312a105200: no agents available; will retry on subsequent port and subnet creation events.
2026-07-02 16:36:18.754 10 INFO neutron.wsgi [None req-8a629e5d-2c8e-4cca-84a4-55c82648f8e6 2ac471ffb14f471eaa02d796dab3e614 291a8a4200aa4ea78232fba5063cae26 - - - -] 10.0.0.116 "DELETE /v2.0/security-groups/e129a980-f0ae-456a-9334-910f315558f0 HTTP/1.1" status: 204 len: 168 time: 0.2182200
2026-07-02 16:36:18.758 9 INFO neutron.db.ovn_revision_numbers_db [None req-8cf502e8-82b3-46b5-b682-ba32b321c0a5 b5c33cd33e984ac0b3f5312c645cb951 8b5debf0857a4bcca93c596f65038b95 - - - -] Successfully bumped revision number for resource 993b3bcd-a01b-40b9-ae2d-1255cdd4a19c (type: ports) to 1
2026-07-02 16:36:18.783 9 INFO neutron.wsgi [None req-8cf502e8-82b3-46b5-b682-ba32b321c0a5 b5c33cd33e984ac0b3f5312c645cb951 8b5debf0857a4bcca93c596f65038b95 - - - -] 10.0.0.116 "POST /v2.0/networks HTTP/1.1" status: 201 len: 853 time: 0.6079273
2026-07-02 16:36:18.869 9 INFO neutron.wsgi [None req-c3b80d5e-8c12-44e8-9861-36dd75e26374 6800736de0e44c819a8aab3887086481 316673c7a0074fbead525dc40e5ab2b5 - - - -] 10.0.0.116 "DELETE /v2.0/ports/0c3730ca-6abc-4dbf-b3c8-14bb339e5d13 HTTP/1.1" status: 204 len: 168 time: 0.3264661
2026-07-02 16:36:18.924 10 INFO neutron.wsgi [None req-e8744502-b735-4196-8516-5238703fcab2 6800736de0e44c819a8aab3887086481 316673c7a0074fbead525dc40e5ab2b5 - - default default] 10.0.0.116 "GET /v2.0/ports HTTP/1.1" status: 200 len: 1718 time: 0.0482044
2026-07-02 16:36:19.012 9 INFO neutron.db.ovn_revision_numbers_db [None req-31346b6c-24ca-4077-97c3-04950c3c66b9 2ac471ffb14f471eaa02d796dab3e614 291a8a4200aa4ea78232fba5063cae26 - - default default] Successfully bumped revision number for resource 21251ef3-0e9a-4018-a343-fc180707d1a7 (type: security_groups) to 1
2026-07-02 16:36:19.040 9 INFO neutron.wsgi [None req-31346b6c-24ca-4077-97c3-04950c3c66b9 2ac471ffb14f471eaa02d796dab3e614 291a8a4200aa4ea78232fba5063cae26 - - default default] 10.0.0.116 "GET /v2.0/security-groups?tenant_id=353041a3d11242a79d977ecd749000f2&name=default HTTP/1.1" status: 200 len: 2996 time: 0.1865859
2026-07-02 16:36:19.048 9 INFO neutron.db.segments_db [None req-ba1caa65-327f-4417-842d-32082c50b240 6800736de0e44c819a8aab3887086481 316673c7a0074fbead525dc40e5ab2b5 - - - -] Added segment 56c15f2b-d8b1-4396-8bb9-3bc62851ee39 of type geneve for network 9f84701c-e0c1-4b6b-928d-77f17a618346
2026-07-02 16:36:19.214 9 INFO neutron.db.ovn_revision_numbers_db [None req-ba1caa65-327f-4417-842d-32082c50b240 6800736de0e44c819a8aab3887086481 316673c7a0074fbead525dc40e5ab2b5 - - - -] Successfully bumped revision number for resource 9f84701c-e0c1-4b6b-928d-77f17a618346 (type: networks) to 1
2026-07-02 16:36:19.231 10 INFO neutron.wsgi [None req-b424b7d2-f1ca-48e8-abdc-fcc3a85a885a 2ac471ffb14f471eaa02d796dab3e614 291a8a4200aa4ea78232fba5063cae26 - - - -] 10.0.0.116 "DELETE /v2.0/security-groups/21251ef3-0e9a-4018-a343-fc180707d1a7 HTTP/1.1" status: 204 len: 168 time: 0.1837122
2026-07-02 16:36:19.448 9 WARNING neutron.scheduler.dhcp_agent_scheduler [None req-24177ef4-c8f5-4216-a2a9-4d17145d3e05 b5c33cd33e984ac0b3f5312c645cb951 8b5debf0857a4bcca93c596f65038b95 - - - -] No more DHCP agents
2026-07-02 16:36:19.451 9 WARNING neutron.scheduler.dhcp_agent_scheduler [None req-ba1caa65-327f-4417-842d-32082c50b240 6800736de0e44c819a8aab3887086481 316673c7a0074fbead525dc40e5ab2b5 - - - -] No more DHCP agents
2026-07-02 16:36:19.453 9 WARNING neutron.api.rpc.agentnotifiers.dhcp_rpc_agent_api [None req-24177ef4-c8f5-4216-a2a9-4d17145d3e05 b5c33cd33e984ac0b3f5312c645cb951 8b5debf0857a4bcca93c596f65038b95 - - - -] Unable to schedule network bada19be-ba73-4c22-9e75-21dd0e0f8d69: no agents available; will retry on subsequent port and subnet creation events.
2026-07-02 16:36:19.455 9 WARNING neutron.api.rpc.agentnotifiers.dhcp_rpc_agent_api [None req-ba1caa65-327f-4417-842d-32082c50b240 6800736de0e44c819a8aab3887086481 316673c7a0074fbead525dc40e5ab2b5 - - - -] Unable to schedule network 9f84701c-e0c1-4b6b-928d-77f17a618346: no agents available; will retry on subsequent port and subnet creation events.
2026-07-02 16:36:19.584 9 INFO neutron.db.ovn_revision_numbers_db [None req-24177ef4-c8f5-4216-a2a9-4d17145d3e05 b5c33cd33e984ac0b3f5312c645cb951 8b5debf0857a4bcca93c596f65038b95 - - - -] Successfully bumped revision number for resource e3deacf5-1bcb-45b1-b7f5-2d7398e927e0 (type: ports) to 1
2026-07-02 16:36:19.587 9 INFO neutron.db.ovn_revision_numbers_db [None req-ba1caa65-327f-4417-842d-32082c50b240 6800736de0e44c819a8aab3887086481 316673c7a0074fbead525dc40e5ab2b5 - - - -] Successfully bumped revision number for resource 19dcd2b8-7b7e-4a3e-b962-9110276d89e1 (type: ports) to 1
2026-07-02 16:36:19.622 9 WARNING neutron.scheduler.dhcp_agent_scheduler [None req-24177ef4-c8f5-4216-a2a9-4d17145d3e05 b5c33cd33e984ac0b3f5312c645cb951 8b5debf0857a4bcca93c596f65038b95 - - - -] No more DHCP agents
2026-07-02 16:36:19.625 9 INFO neutron.wsgi [None req-ba1caa65-327f-4417-842d-32082c50b240 6800736de0e44c819a8aab3887086481 316673c7a0074fbead525dc40e5ab2b5 - - - -] 10.0.0.116 "POST /v2.0/networks HTTP/1.1" status: 201 len: 848 time: 0.6939793
2026-07-02 16:36:19.626 9 WARNING neutron.api.rpc.agentnotifiers.dhcp_rpc_agent_api [None req-24177ef4-c8f5-4216-a2a9-4d17145d3e05 b5c33cd33e984ac0b3f5312c645cb951 8b5debf0857a4bcca93c596f65038b95 - - - -] Unable to schedule network b9a50044-ae8b-42dd-96a5-74312a105200: no agents available; will retry on subsequent port and subnet creation events.
2026-07-02 16:36:19.698 9 INFO neutron.db.ovn_revision_numbers_db [None req-24177ef4-c8f5-4216-a2a9-4d17145d3e05 b5c33cd33e984ac0b3f5312c645cb951 8b5debf0857a4bcca93c596f65038b95 - - - -] Successfully bumped revision number for resource 49f8c2a8-3a5d-4dd6-84e8-0e38b8826393 (type: ports) to 1
2026-07-02 16:36:19.731 9 INFO neutron.wsgi [None req-24177ef4-c8f5-4216-a2a9-4d17145d3e05 b5c33cd33e984ac0b3f5312c645cb951 8b5debf0857a4bcca93c596f65038b95 - - - -] 10.0.0.116 "POST /v2.0/ports HTTP/1.1" status: 201 len: 1706 time: 0.9397573
2026-07-02 16:36:19.738 10 INFO neutron.db.segments_db [None req-a4e25358-1874-4480-a358-ab22f8d77ec9 6800736de0e44c819a8aab3887086481 316673c7a0074fbead525dc40e5ab2b5 - - - -] Added segment 0152a96b-abca-4d32-a4ee-adb06e55eb3c of type geneve for network fe6d845f-279d-46e6-95ce-6525d7fdf766 /var/lib/openstack/lib/python3.10/site-packages/pycadf/identifier.py:71: UserWarning: Invalid uuid: neutron. To ensure interoperability, identifiers should be a valid uuid. warnings.warn(('Invalid uuid: %s. To ensure interoperability, '
2026-07-02 16:36:19.874 9 INFO neutron.wsgi [None req-658aea47-eb3c-4eb9-a370-047ad54ad801 b5c33cd33e984ac0b3f5312c645cb951 8b5debf0857a4bcca93c596f65038b95 - - default default] 10.0.0.116 "GET /v2.0/ports HTTP/1.1" status: 200 len: 3213 time: 0.1377099
2026-07-02 16:36:19.904 10 INFO neutron.db.ovn_revision_numbers_db [None req-a4e25358-1874-4480-a358-ab22f8d77ec9 6800736de0e44c819a8aab3887086481 316673c7a0074fbead525dc40e5ab2b5 - - - -] Successfully bumped revision number for resource fe6d845f-279d-46e6-95ce-6525d7fdf766 (type: networks) to 1
2026-07-02 16:36:20.162 9 INFO neutron.wsgi [None req-f6ef0ac6-ddbf-4d5d-af54-43b5ca782c2d b5c33cd33e984ac0b3f5312c645cb951 8b5debf0857a4bcca93c596f65038b95 - - - -] 10.0.0.116 "DELETE /v2.0/ports/e3deacf5-1bcb-45b1-b7f5-2d7398e927e0 HTTP/1.1" status: 204 len: 168 time: 0.2830427
