Feb 16 19:40:52.258223 np0000155678 neutron-periodic-workers[105109]: DEBUG cotyledon.oslo_config_glue [-] database.db_max_retries = 20 {{(pid=105109) log_opt_values /opt/stack/data/venv/lib/python3.12/site-packages/oslo_config/cfg.py:2824}}
Feb 16 19:40:52.258268 np0000155678 neutron-periodic-workers[105109]: DEBUG cotyledon.oslo_config_glue [-] database.db_max_retry_interval = 10 {{(pid=105109) log_opt_values /opt/stack/data/venv/lib/python3.12/site-packages/oslo_config/cfg.py:2824}}
Feb 16 19:40:52.258298 np0000155678 neutron-periodic-workers[105109]: DEBUG cotyledon.oslo_config_glue [-] database.db_retry_interval = 1 {{(pid=105109) log_opt_values /opt/stack/data/venv/lib/python3.12/site-packages/oslo_config/cfg.py:2824}}
Feb 16 19:40:52.258341 np0000155678 neutron-periodic-workers[105109]: DEBUG cotyledon.oslo_config_glue [-] database.max_overflow = 50 {{(pid=105109) log_opt_values /opt/stack/data/venv/lib/python3.12/site-packages/oslo_config/cfg.py:2824}}
Feb 16 19:40:52.258392 np0000155678 neutron-periodic-workers[105109]: DEBUG cotyledon.oslo_config_glue [-] database.max_pool_size = 5 {{(pid=105109) log_opt_values /opt/stack/data/venv/lib/python3.12/site-packages/oslo_config/cfg.py:2824}}
Feb 16 19:40:52.258429 np0000155678 neutron-periodic-workers[105109]: DEBUG cotyledon.oslo_config_glue [-] database.max_retries = 10 {{(pid=105109) log_opt_values /opt/stack/data/venv/lib/python3.12/site-packages/oslo_config/cfg.py:2824}}
Feb 16 19:40:52.258479 np0000155678 neutron-periodic-workers[105109]: DEBUG cotyledon.oslo_config_glue [-] database.mysql_sql_mode = TRADITIONAL {{(pid=105109) log_opt_values /opt/stack/data/venv/lib/python3.12/site-packages/oslo_config/cfg.py:2824}}
Feb 16 19:40:52.258515 np0000155678 neutron-periodic-workers[105109]: DEBUG cotyledon.oslo_config_glue [-] database.mysql_wsrep_sync_wait = None {{(pid=105109) log_opt_values /opt/stack/data/venv/lib/python3.12/site-packages/oslo_config/cfg.py:2824}}
Feb 16 19:40:52.258545 np0000155678 neutron-periodic-workers[105109]: DEBUG cotyledon.oslo_config_glue [-] database.pool_timeout = None {{(pid=105109) log_opt_values /opt/stack/data/venv/lib/python3.12/site-packages/oslo_config/cfg.py:2824}}
Feb 16 19:40:52.258618 np0000155678 neutron-periodic-workers[105109]: DEBUG cotyledon.oslo_config_glue [-] database.retry_interval = 10 {{(pid=105109) log_opt_values /opt/stack/data/venv/lib/python3.12/site-packages/oslo_config/cfg.py:2824}}
Feb 16 19:40:52.258618 np0000155678 neutron-periodic-workers[105109]: DEBUG cotyledon.oslo_config_glue [-] database.slave_connection = **** {{(pid=105109) log_opt_values /opt/stack/data/venv/lib/python3.12/site-packages/oslo_config/cfg.py:2824}}
Feb 16 19:40:52.258668 np0000155678 neutron-periodic-workers[105109]: DEBUG cotyledon.oslo_config_glue [-] database.sqlite_synchronous = True {{(pid=105109) log_opt_values /opt/stack/data/venv/lib/python3.12/site-packages/oslo_config/cfg.py:2824}}
Feb 16 19:40:52.258727 np0000155678 neutron-periodic-workers[105109]: DEBUG cotyledon.oslo_config_glue [-] database.synchronous_reader = True {{(pid=105109) log_opt_values /opt/stack/data/venv/lib/python3.12/site-packages/oslo_config/cfg.py:2824}}
Feb 16 19:40:52.258759 np0000155678 neutron-periodic-workers[105109]: DEBUG cotyledon.oslo_config_glue [-] database.use_db_reconnect = False {{(pid=105109) log_opt_values /opt/stack/data/venv/lib/python3.12/site-packages/oslo_config/cfg.py:2824}}
Feb 16 19:40:52.258822 np0000155678 neutron-periodic-workers[105109]: DEBUG cotyledon.oslo_config_glue [-] ovn.broadcast_arps_to_all_routers = True {{(pid=105109) log_opt_values /opt/stack/data/venv/lib/python3.12/site-packages/oslo_config/cfg.py:2824}}
Feb 16 19:40:52.258862 np0000155678 neutron-periodic-workers[105109]: DEBUG cotyledon.oslo_config_glue [-] ovn.dhcp_default_lease_time = 43200 {{(pid=105109) log_opt_values /opt/stack/data/venv/lib/python3.12/site-packages/oslo_config/cfg.py:2824}}
Feb 16 19:40:52.258910 np0000155678 neutron-periodic-workers[105109]: DEBUG cotyledon.oslo_config_glue [-] ovn.disable_ovn_dhcp_for_baremetal_ports = False {{(pid=105109) log_opt_values /opt/stack/data/venv/lib/python3.12/site-packages/oslo_config/cfg.py:2824}}
Feb 16 19:40:52.258941 np0000155678 neutron-periodic-workers[105109]: DEBUG cotyledon.oslo_config_glue [-] ovn.dns_records_ovn_owned = False {{(pid=105109) log_opt_values /opt/stack/data/venv/lib/python3.12/site-packages/oslo_config/cfg.py:2824}}
Feb 16 19:40:52.258978 np0000155678 neutron-periodic-workers[105109]: DEBUG cotyledon.oslo_config_glue [-] ovn.dns_servers = [] {{(pid=105109) log_opt_values /opt/stack/data/venv/lib/python3.12/site-packages/oslo_config/cfg.py:2824}}
Feb 16 19:40:52.259034 np0000155678 neutron-periodic-workers[105109]: DEBUG cotyledon.oslo_config_glue [-] ovn.enable_distributed_floating_ip = False {{(pid=105109) log_opt_values /opt/stack/data/venv/lib/python3.12/site-packages/oslo_config/cfg.py:2824}}
Feb 16 19:40:52.259065 np0000155678 neutron-periodic-workers[105109]: DEBUG cotyledon.oslo_config_glue [-] ovn.fdb_age_threshold = 0 {{(pid=105109) log_opt_values /opt/stack/data/venv/lib/python3.12/site-packages/oslo_config/cfg.py:2824}}
Feb 16 19:40:52.259100 np0000155678 neutron-periodic-workers[105109]: DEBUG cotyledon.oslo_config_glue [-] ovn.live_migration_activation_strategy = rarp {{(pid=105109) log_opt_values /opt/stack/data/venv/lib/python3.12/site-packages/oslo_config/cfg.py:2824}}
Feb 16 19:40:52.259134 np0000155678 neutron-periodic-workers[105109]: DEBUG cotyledon.oslo_config_glue [-] ovn.localnet_learn_fdb = False {{(pid=105109) log_opt_values /opt/stack/data/venv/lib/python3.12/site-packages/oslo_config/cfg.py:2824}}
Feb 16 19:40:52.259185 np0000155678 neutron-periodic-workers[105109]: DEBUG cotyledon.oslo_config_glue [-] ovn.mac_binding_age_threshold = 0 {{(pid=105109) log_opt_values /opt/stack/data/venv/lib/python3.12/site-packages/oslo_config/cfg.py:2824}}
Feb 16 19:40:52.259216 np0000155678 neutron-periodic-workers[105109]: DEBUG cotyledon.oslo_config_glue [-] ovn.neutron_sync_mode = log {{(pid=105109) log_opt_values /opt/stack/data/venv/lib/python3.12/site-packages/oslo_config/cfg.py:2824}}
Feb 16 19:40:52.259261 np0000155678 neutron-periodic-workers[105109]: DEBUG cotyledon.oslo_config_glue [-] ovn.ovn_dhcp4_global_options = {} {{(pid=105109) log_opt_values /opt/stack/data/venv/lib/python3.12/site-packages/oslo_config/cfg.py:2824}}
Feb 16 19:40:52.259293 np0000155678 neutron-periodic-workers[105109]: DEBUG cotyledon.oslo_config_glue [-] ovn.ovn_dhcp6_global_options = {} {{(pid=105109) log_opt_values /opt/stack/data/venv/lib/python3.12/site-packages/oslo_config/cfg.py:2824}}
Feb 16 19:40:52.259354 np0000155678 neutron-periodic-workers[105109]: DEBUG cotyledon.oslo_config_glue [-] ovn.ovn_l3_scheduler = leastloaded {{(pid=105109) log_opt_values /opt/stack/data/venv/lib/python3.12/site-packages/oslo_config/cfg.py:2824}}
Feb 16 19:40:52.259384 np0000155678 neutron-periodic-workers[105109]: DEBUG cotyledon.oslo_config_glue [-] ovn.ovn_metadata_enabled = True {{(pid=105109) log_opt_values /opt/stack/data/venv/lib/python3.12/site-packages/oslo_config/cfg.py:2824}}
Feb 16 19:40:52.259415 np0000155678 neutron-periodic-workers[105109]: DEBUG cotyledon.oslo_config_glue [-] ovn.ovn_nb_ca_cert = /opt/stack/data/CA/int-ca/ca-chain.pem {{(pid=105109) log_opt_values /opt/stack/data/venv/lib/python3.12/site-packages/oslo_config/cfg.py:2824}}
Feb 16 19:40:52.259467 np0000155678 neutron-periodic-workers[105109]: DEBUG cotyledon.oslo_config_glue [-] ovn.ovn_nb_certificate = /opt/stack/data/CA/int-ca/devstack-cert.crt {{(pid=105109) log_opt_values /opt/stack/data/venv/lib/python3.12/site-packages/oslo_config/cfg.py:2824}}
Feb 16 19:40:52.259498 np0000155678 neutron-periodic-workers[105109]: DEBUG cotyledon.oslo_config_glue [-] ovn.ovn_nb_connection = ['ssl:199.204.45.122:6641'] {{(pid=105109) log_opt_values /opt/stack/data/venv/lib/python3.12/site-packages/oslo_config/cfg.py:2824}}
Feb 16 19:40:52.259553 np0000155678 neutron-periodic-workers[105109]: DEBUG cotyledon.oslo_config_glue [-] ovn.ovn_nb_private_key = /opt/stack/data/CA/int-ca/private/devstack-cert.key {{(pid=105109) log_opt_values /opt/stack/data/venv/lib/python3.12/site-packages/oslo_config/cfg.py:2824}}
Feb 16 19:40:52.259583 np0000155678 neutron-periodic-workers[105109]: DEBUG cotyledon.oslo_config_glue [-] ovn.ovn_router_indirect_snat = False {{(pid=105109) log_opt_values /opt/stack/data/venv/lib/python3.12/site-packages/oslo_config/cfg.py:2824}}
Feb 16 19:40:52.259636 np0000155678 neutron-periodic-workers[105109]: DEBUG cotyledon.oslo_config_glue [-] ovn.ovn_sb_ca_cert = /opt/stack/data/CA/int-ca/ca-chain.pem {{(pid=105109) log_opt_values /opt/stack/data/venv/lib/python3.12/site-packages/oslo_config/cfg.py:2824}}
Feb 16 19:40:52.259668 np0000155678 neutron-periodic-workers[105109]: DEBUG cotyledon.oslo_config_glue [-] ovn.ovn_sb_certificate = /opt/stack/data/CA/int-ca/devstack-cert.crt {{(pid=105109) log_opt_values /opt/stack/data/venv/lib/python3.12/site-packages/oslo_config/cfg.py:2824}}
Feb 16 19:40:52.259734 np0000155678 neutron-periodic-workers[105109]: DEBUG cotyledon.oslo_config_glue [-] ovn.ovn_sb_connection = ['ssl:199.204.45.122:6642'] {{(pid=105109) log_opt_values /opt/stack/data/venv/lib/python3.12/site-packages/oslo_config/cfg.py:2824}}
Feb 16 19:40:52.259765 np0000155678 neutron-periodic-workers[105109]: DEBUG cotyledon.oslo_config_glue [-] ovn.ovn_sb_private_key = /opt/stack/data/CA/int-ca/private/devstack-cert.key {{(pid=105109) log_opt_values /opt/stack/data/venv/lib/python3.12/site-packages/oslo_config/cfg.py:2824}}
Feb 16 19:40:52.259799 np0000155678 neutron-periodic-workers[105109]: DEBUG cotyledon.oslo_config_glue [-] ovn.ovs_create_tap = False {{(pid=105109) log_opt_values /opt/stack/data/venv/lib/python3.12/site-packages/oslo_config/cfg.py:2824}}
Feb 16 19:40:52.259828 np0000155678 neutron-periodic-workers[105109]: DEBUG cotyledon.oslo_config_glue [-] ovn.ovsdb_connection_timeout = 180 {{(pid=105109) log_opt_values /opt/stack/data/venv/lib/python3.12/site-packages/oslo_config/cfg.py:2824}}
Feb 16 19:40:52.259865 np0000155678 neutron-periodic-workers[105109]: DEBUG cotyledon.oslo_config_glue [-] ovn.ovsdb_log_level = INFO {{(pid=105109) log_opt_values /opt/stack/data/venv/lib/python3.12/site-packages/oslo_config/cfg.py:2824}}
Feb 16 19:40:52.259919 np0000155678 neutron-periodic-workers[105109]: DEBUG cotyledon.oslo_config_glue [-] ovn.ovsdb_probe_interval = 60000 {{(pid=105109) log_opt_values /opt/stack/data/venv/lib/python3.12/site-packages/oslo_config/cfg.py:2824}}
Feb 16 19:40:52.259950 np0000155678 neutron-periodic-workers[105109]: DEBUG cotyledon.oslo_config_glue [-] ovn.ovsdb_retry_max_interval = 180 {{(pid=105109) log_opt_values /opt/stack/data/venv/lib/python3.12/site-packages/oslo_config/cfg.py:2824}}
Feb 16 19:40:52.259988 np0000155678 neutron-periodic-workers[105109]: DEBUG cotyledon.oslo_config_glue [-] ovn.stateless_nat_enabled = False {{(pid=105109) log_opt_values /opt/stack/data/venv/lib/python3.12/site-packages/oslo_config/cfg.py:2824}}
Feb 16 19:40:52.260039 np0000155678 neutron-periodic-workers[105109]: DEBUG cotyledon.oslo_config_glue [-] ovn.vhost_sock_dir = /var/run/openvswitch {{(pid=105109) log_opt_values /opt/stack/data/venv/lib/python3.12/site-packages/oslo_config/cfg.py:2824}}
Feb 16 19:40:52.260076 np0000155678 neutron-periodic-workers[105109]: DEBUG cotyledon.oslo_config_glue [-] OVS.bridge_mac_table_size = 50000 {{(pid=105109) log_opt_values /opt/stack/data/venv/lib/python3.12/site-packages/oslo_config/cfg.py:2824}}
Feb 16 19:40:52.260120 np0000155678 neutron-periodic-workers[105109]: DEBUG cotyledon.oslo_config_glue [-] OVS.igmp_flood = False {{(pid=105109) log_opt_values /opt/stack/data/venv/lib/python3.12/site-packages/oslo_config/cfg.py:2824}}
Feb 16 19:40:52.260158 np0000155678 neutron-periodic-workers[105109]: DEBUG cotyledon.oslo_config_glue [-] OVS.igmp_flood_reports = True {{(pid=105109) log_opt_values /opt/stack/data/venv/lib/python3.12/site-packages/oslo_config/cfg.py:2824}}
Feb 16 19:40:52.260190 np0000155678 neutron-periodic-workers[105109]: DEBUG cotyledon.oslo_config_glue [-] OVS.igmp_flood_unregistered = False {{(pid=105109) log_opt_values /opt/stack/data/venv/lib/python3.12/site-packages/oslo_config/cfg.py:2824}}
Feb 16 19:40:52.260233 np0000155678 neutron-periodic-workers[105109]: DEBUG cotyledon.oslo_config_glue [-] OVS.igmp_snooping_enable = False {{(pid=105109) log_opt_values /opt/stack/data/venv/lib/python3.12/site-packages/oslo_config/cfg.py:2824}}
Feb 16 19:40:52.260263 np0000155678 neutron-periodic-workers[105109]: DEBUG cotyledon.oslo_config_glue [-] OVS.ovsdb_timeout = 10 {{(pid=105109) log_opt_values /opt/stack/data/venv/lib/python3.12/site-packages/oslo_config/cfg.py:2824}}
Feb 16 19:40:52.260324 np0000155678 neutron-periodic-workers[105109]: DEBUG cotyledon.oslo_config_glue [-] ovn_nb_global.fdb_removal_limit = 0 {{(pid=105109) log_opt_values /opt/stack/data/venv/lib/python3.12/site-packages/oslo_config/cfg.py:2824}}
Feb 16 19:40:52.260362 np0000155678 neutron-periodic-workers[105109]: DEBUG cotyledon.oslo_config_glue [-] ovn_nb_global.ignore_lsp_down = False {{(pid=105109) log_opt_values /opt/stack/data/venv/lib/python3.12/site-packages/oslo_config/cfg.py:2824}}
Feb 16 19:40:52.260391 np0000155678 neutron-periodic-workers[105109]: DEBUG cotyledon.oslo_config_glue [-] ovn_nb_global.mac_binding_removal_limit = 0 {{(pid=105109) log_opt_values /opt/stack/data/venv/lib/python3.12/site-packages/oslo_config/cfg.py:2824}}
Feb 16 19:40:52.260440 np0000155678 neutron-periodic-workers[105109]: DEBUG cotyledon.oslo_config_glue [-] ******************************************************************************** {{(pid=105109) log_opt_values /opt/stack/data/venv/lib/python3.12/site-packages/oslo_config/cfg.py:2828}}
Feb 16 19:40:52.260613 np0000155678 neutron-periodic-workers[105109]: DEBUG cotyledon._service_worker [-] Run service ServiceWrapper(0) [105109] {{(pid=105109) wait_forever /opt/stack/data/venv/lib/python3.12/site-packages/cotyledon/_service_worker.py:218}}
Feb 16 19:41:01.921961 np0000155678 neutron-periodic-workers[104380]: DEBUG dbcounter [-] [104380] Writing DB stats neutron:SELECT=4 {{(pid=104380) stat_writer /opt/stack/data/venv/lib/python3.12/site-packages/dbcounter.py:115}}
Feb 16 19:41:29.253915 np0000155678 neutron-periodic-workers[105101]: DEBUG oslo_db.sqlalchemy.engines [None req-1f779b0a-a69b-4dd9-b04d-31fc204d0f6d None None] Parent process 104380 forked (105101) with an open database connection, which is being discarded and recreated. {{(pid=105101) checkout /opt/stack/data/venv/lib/python3.12/site-packages/oslo_db/sqlalchemy/engines.py:402}}
Feb 16 19:41:29.261315 np0000155678 neutron-periodic-workers[105101]: DEBUG dbcounter [-] [105101] Writer thread running {{(pid=105101) stat_writer /opt/stack/data/venv/lib/python3.12/site-packages/dbcounter.py:102}}
Feb 16 19:41:29.264353 np0000155678 neutron-periodic-workers[105101]: DEBUG neutron.db.agents_db [None req-1f779b0a-a69b-4dd9-b04d-31fc204d0f6d None None] Agent healthcheck: found 0 active agents {{(pid=105101) agent_health_check /opt/stack/neutron/neutron/db/agents_db.py:317}}
Feb 16 19:41:29.264591 np0000155678 neutron-periodic-workers[105101]: DEBUG oslo.service.backend._threading.loopingcall [None req-1f779b0a-a69b-4dd9-b04d-31fc204d0f6d None None] Fixed interval looping call 'neutron.plugins.ml2.plugin.AgentDbMixin.agent_health_check' sleeping for 36.98 seconds {{(pid=105101) _run_loop /opt/stack/data/venv/lib/python3.12/site-packages/oslo_service/backend/_threading/loopingcall.py:125}}
Feb 16 19:41:39.262609 np0000155678 neutron-periodic-workers[105101]: DEBUG dbcounter [-] [105101] Writing DB stats neutron:SELECT=1 {{(pid=105101) stat_writer /opt/stack/data/venv/lib/python3.12/site-packages/dbcounter.py:115}}
Feb 16 19:41:44.252669 np0000155678 neutron-periodic-workers[105092]: DEBUG dbcounter [-] [105092] Writer thread running {{(pid=105092) stat_writer /opt/stack/data/venv/lib/python3.12/site-packages/dbcounter.py:102}}
Feb 16 19:41:44.264442 np0000155678 neutron-periodic-workers[105092]: DEBUG oslo.service.backend._threading.loopingcall [None req-b8e2a853-c4b7-4aa3-88df-21e833467119 None None] Fixed interval looping call 'neutron.plugins.ml2.plugin.DhcpAgentSchedulerDbMixin.remove_networks_from_down_agents' sleeping for 36.97 seconds {{(pid=105092) _run_loop /opt/stack/data/venv/lib/python3.12/site-packages/oslo_service/backend/_threading/loopingcall.py:125}}
Feb 16 19:41:54.263440 np0000155678 neutron-periodic-workers[105092]: DEBUG dbcounter [-] [105092] Writing DB stats neutron:SELECT=3 {{(pid=105092) stat_writer /opt/stack/data/venv/lib/python3.12/site-packages/dbcounter.py:115}}
Feb 16 19:42:06.253515 np0000155678 neutron-periodic-workers[105101]: DEBUG neutron.db.agents_db [None req-1f779b0a-a69b-4dd9-b04d-31fc204d0f6d None None] Agent healthcheck: found 0 active agents {{(pid=105101) agent_health_check /opt/stack/neutron/neutron/db/agents_db.py:317}}
Feb 16 19:42:06.254405 np0000155678 neutron-periodic-workers[105101]: DEBUG oslo.service.backend._threading.loopingcall [None req-1f779b0a-a69b-4dd9-b04d-31fc204d0f6d None None] Fixed interval looping call 'neutron.plugins.ml2.plugin.AgentDbMixin.agent_health_check' sleeping for 36.99 seconds {{(pid=105101) _run_loop /opt/stack/data/venv/lib/python3.12/site-packages/oslo_service/backend/_threading/loopingcall.py:125}}
Feb 16 19:42:16.251839 np0000155678 neutron-periodic-workers[105101]: DEBUG dbcounter [-] [105101] Writing DB stats neutron:SELECT=1 {{(pid=105101) stat_writer /opt/stack/data/venv/lib/python3.12/site-packages/dbcounter.py:115}}
Feb 16 19:42:21.244775 np0000155678 neutron-periodic-workers[105092]: DEBUG oslo.service.backend._threading.loopingcall [None req-b8e2a853-c4b7-4aa3-88df-21e833467119 None None] Fixed interval looping call 'neutron.plugins.ml2.plugin.DhcpAgentSchedulerDbMixin.remove_networks_from_down_agents' sleeping for 36.99 seconds {{(pid=105092) _run_loop /opt/stack/data/venv/lib/python3.12/site-packages/oslo_service/backend/_threading/loopingcall.py:125}}
Feb 16 19:42:23.271834 np0000155678 neutron-periodic-workers[105081]: DEBUG dbcounter [-] [105081] Writer thread running {{(pid=105081) stat_writer /opt/stack/data/venv/lib/python3.12/site-packages/dbcounter.py:102}}
Feb 16 19:42:23.285270 np0000155678 neutron-periodic-workers[105081]: DEBUG oslo.service.backend._threading.loopingcall [None req-5ac8d9ad-70e0-4230-8699-6425623cac23 None None] Fixed interval looping call 'neutron.services.ovn_l3.plugin.L3_NAT_dbonly_mixin._clean_garbage' sleeping for 299.96 seconds {{(pid=105081) _run_loop /opt/stack/data/venv/lib/python3.12/site-packages/oslo_service/backend/_threading/loopingcall.py:125}}
Feb 16 19:42:31.244171 np0000155678 neutron-periodic-workers[105092]: DEBUG dbcounter [-] [105092] Writing DB stats neutron:SELECT=3 {{(pid=105092) stat_writer /opt/stack/data/venv/lib/python3.12/site-packages/dbcounter.py:115}}
Feb 16 19:42:33.272507 np0000155678 neutron-periodic-workers[105081]: DEBUG dbcounter [-] [105081] Writing DB stats neutron:SELECT=1 {{(pid=105081) stat_writer /opt/stack/data/venv/lib/python3.12/site-packages/dbcounter.py:115}}
Feb 16 19:42:43.249394 np0000155678 neutron-periodic-workers[105101]: DEBUG neutron.db.agents_db [None req-1f779b0a-a69b-4dd9-b04d-31fc204d0f6d None None] Agent healthcheck: found 0 active agents {{(pid=105101) agent_health_check /opt/stack/neutron/neutron/db/agents_db.py:317}}
Feb 16 19:42:43.249394 np0000155678 neutron-periodic-workers[105101]: DEBUG oslo.service.backend._threading.loopingcall [None req-1f779b0a-a69b-4dd9-b04d-31fc204d0f6d None None] Fixed interval looping call 'neutron.plugins.ml2.plugin.AgentDbMixin.agent_health_check' sleeping for 36.99 seconds {{(pid=105101) _run_loop /opt/stack/data/venv/lib/python3.12/site-packages/oslo_service/backend/_threading/loopingcall.py:125}}
Feb 16 19:42:52.276725 np0000155678 neutron-periodic-workers[105109]: DEBUG dbcounter [-] [105109] Writer thread running {{(pid=105109) stat_writer /opt/stack/data/venv/lib/python3.12/site-packages/dbcounter.py:102}}
Feb 16 19:42:52.279124 np0000155678 neutron-periodic-workers[105109]: DEBUG oslo.service.backend._threading.loopingcall [None req-18765e68-69a7-4344-ae18-c5df4733a88d None None] Fixed interval looping call 'neutron.db.quota.driver_nolock.DbQuotaNoLockDriver._remove_expired_reservations' sleeping for 119.98 seconds {{(pid=105109) _run_loop /opt/stack/data/venv/lib/python3.12/site-packages/oslo_service/backend/_threading/loopingcall.py:125}}
Feb 16 19:42:53.247469 np0000155678 neutron-periodic-workers[105101]: DEBUG dbcounter [-] [105101] Writing DB stats neutron:SELECT=1 {{(pid=105101) stat_writer /opt/stack/data/venv/lib/python3.12/site-packages/dbcounter.py:115}}
Feb 16 19:42:58.244061 np0000155678 neutron-periodic-workers[105092]: DEBUG oslo.service.backend._threading.loopingcall [None req-b8e2a853-c4b7-4aa3-88df-21e833467119 None None] Fixed interval looping call 'neutron.plugins.ml2.plugin.DhcpAgentSchedulerDbMixin.remove_networks_from_down_agents' sleeping for 36.99 seconds {{(pid=105092) _run_loop /opt/stack/data/venv/lib/python3.12/site-packages/oslo_service/backend/_threading/loopingcall.py:125}}
Feb 16 19:43:02.277227 np0000155678 neutron-periodic-workers[105109]: DEBUG dbcounter [-] [105109] Writing DB stats neutron:DELETE=1 {{(pid=105109) stat_writer /opt/stack/data/venv/lib/python3.12/site-packages/dbcounter.py:115}}
Feb 16 19:43:08.242656 np0000155678 neutron-periodic-workers[105092]: DEBUG dbcounter [-] [105092] Writing DB stats neutron:SELECT=3 {{(pid=105092) stat_writer /opt/stack/data/venv/lib/python3.12/site-packages/dbcounter.py:115}}
Feb 16 19:43:20.244990 np0000155678 neutron-periodic-workers[105101]: DEBUG neutron.db.agents_db [None req-1f779b0a-a69b-4dd9-b04d-31fc204d0f6d None None] Agent healthcheck: found 0 active agents {{(pid=105101) agent_health_check /opt/stack/neutron/neutron/db/agents_db.py:317}}
Feb 16 19:43:20.245625 np0000155678 neutron-periodic-workers[105101]: DEBUG oslo.service.backend._threading.loopingcall [None req-1f779b0a-a69b-4dd9-b04d-31fc204d0f6d None None] Fixed interval looping call 'neutron.plugins.ml2.plugin.AgentDbMixin.agent_health_check' sleeping for 36.99 seconds {{(pid=105101) _run_loop /opt/stack/data/venv/lib/python3.12/site-packages/oslo_service/backend/_threading/loopingcall.py:125}}
Feb 16 19:43:30.243634 np0000155678 neutron-periodic-workers[105101]: DEBUG dbcounter [-] [105101] Writing DB stats neutron:SELECT=1 {{(pid=105101) stat_writer /opt/stack/data/venv/lib/python3.12/site-packages/dbcounter.py:115}}
Feb 16 19:43:35.243800 np0000155678 neutron-periodic-workers[105092]: DEBUG oslo.service.backend._threading.loopingcall [None req-b8e2a853-c4b7-4aa3-88df-21e833467119 None None] Fixed interval looping call 'neutron.plugins.ml2.plugin.DhcpAgentSchedulerDbMixin.remove_networks_from_down_agents' sleeping for 36.99 seconds {{(pid=105092) _run_loop /opt/stack/data/venv/lib/python3.12/site-packages/oslo_service/backend/_threading/loopingcall.py:125}}
Feb 16 19:43:45.242178 np0000155678 neutron-periodic-workers[105092]: DEBUG dbcounter [-] [105092] Writing DB stats neutron:SELECT=3 {{(pid=105092) stat_writer /opt/stack/data/venv/lib/python3.12/site-packages/dbcounter.py:115}}
Feb 16 19:43:57.239943 np0000155678 neutron-periodic-workers[105101]: DEBUG neutron.db.agents_db [None req-1f779b0a-a69b-4dd9-b04d-31fc204d0f6d None None] Agent healthcheck: found 0 active agents {{(pid=105101) agent_health_check /opt/stack/neutron/neutron/db/agents_db.py:317}}
Feb 16 19:43:57.240619 np0000155678 neutron-periodic-workers[105101]: DEBUG oslo.service.backend._threading.loopingcall [None req-1f779b0a-a69b-4dd9-b04d-31fc204d0f6d None None] Fixed interval looping call 'neutron.plugins.ml2.plugin.AgentDbMixin.agent_health_check' sleeping for 37.00 seconds {{(pid=105101) _run_loop /opt/stack/data/venv/lib/python3.12/site-packages/oslo_service/backend/_threading/loopingcall.py:125}}
Feb 16 19:44:07.238932 np0000155678 neutron-periodic-workers[105101]: DEBUG dbcounter [-] [105101] Writing DB stats neutron:SELECT=1 {{(pid=105101) stat_writer /opt/stack/data/venv/lib/python3.12/site-packages/dbcounter.py:115}}
Feb 16 19:44:12.243956 np0000155678 neutron-periodic-workers[105092]: DEBUG oslo.service.backend._threading.loopingcall [None req-b8e2a853-c4b7-4aa3-88df-21e833467119 None None] Fixed interval looping call 'neutron.plugins.ml2.plugin.DhcpAgentSchedulerDbMixin.remove_networks_from_down_agents' sleeping for 36.99 seconds {{(pid=105092) _run_loop /opt/stack/data/venv/lib/python3.12/site-packages/oslo_service/backend/_threading/loopingcall.py:125}}
Feb 16 19:44:22.243252 np0000155678 neutron-periodic-workers[105092]: DEBUG dbcounter [-] [105092] Writing DB stats neutron:SELECT=3 {{(pid=105092) stat_writer /opt/stack/data/venv/lib/python3.12/site-packages/dbcounter.py:115}}
Feb 16 19:44:34.245002 np0000155678 neutron-periodic-workers[105101]: DEBUG neutron.db.agents_db [None req-1f779b0a-a69b-4dd9-b04d-31fc204d0f6d None None] Agent healthcheck: found 0 active agents {{(pid=105101) agent_health_check /opt/stack/neutron/neutron/db/agents_db.py:317}}
Feb 16 19:44:34.245808 np0000155678 neutron-periodic-workers[105101]: DEBUG oslo.service.backend._threading.loopingcall [None req-1f779b0a-a69b-4dd9-b04d-31fc204d0f6d None None] Fixed interval looping call 'neutron.plugins.ml2.plugin.AgentDbMixin.agent_health_check' sleeping for 37.00 seconds {{(pid=105101) _run_loop /opt/stack/data/venv/lib/python3.12/site-packages/oslo_service/backend/_threading/loopingcall.py:125}}
Feb 16 19:44:44.243655 np0000155678 neutron-periodic-workers[105101]: DEBUG dbcounter [-] [105101] Writing DB stats neutron:SELECT=1 {{(pid=105101) stat_writer /opt/stack/data/venv/lib/python3.12/site-packages/dbcounter.py:115}}
Feb 16 19:44:49.245389 np0000155678 neutron-periodic-workers[105092]: DEBUG oslo.service.backend._threading.loopingcall [None req-b8e2a853-c4b7-4aa3-88df-21e833467119 None None] Fixed interval looping call 'neutron.plugins.ml2.plugin.DhcpAgentSchedulerDbMixin.remove_networks_from_down_agents' sleeping for 36.99 seconds {{(pid=105092) _run_loop /opt/stack/data/venv/lib/python3.12/site-packages/oslo_service/backend/_threading/loopingcall.py:125}}
Feb 16 19:44:52.264576 np0000155678 neutron-periodic-workers[105109]: DEBUG oslo.service.backend._threading.loopingcall [None req-18765e68-69a7-4344-ae18-c5df4733a88d None None] Fixed interval looping call 'neutron.db.quota.driver_nolock.DbQuotaNoLockDriver._remove_expired_reservations' sleeping for 119.99 seconds {{(pid=105109) _run_loop /opt/stack/data/venv/lib/python3.12/site-packages/oslo_service/backend/_threading/loopingcall.py:125}}
Feb 16 19:44:59.243117 np0000155678 neutron-periodic-workers[105092]: DEBUG dbcounter [-] [105092] Writing DB stats neutron:SELECT=3 {{(pid=105092) stat_writer /opt/stack/data/venv/lib/python3.12/site-packages/dbcounter.py:115}}
Feb 16 19:45:02.263958 np0000155678 neutron-periodic-workers[105109]: DEBUG dbcounter [-] [105109] Writing DB stats neutron:DELETE=1 {{(pid=105109) stat_writer /opt/stack/data/venv/lib/python3.12/site-packages/dbcounter.py:115}}
Feb 16 19:45:11.249064 np0000155678 neutron-periodic-workers[105101]: DEBUG neutron.db.agents_db [None req-1f779b0a-a69b-4dd9-b04d-31fc204d0f6d None None] Agent healthcheck: found 0 active agents {{(pid=105101) agent_health_check /opt/stack/neutron/neutron/db/agents_db.py:317}}
Feb 16 19:45:11.249885 np0000155678 neutron-periodic-workers[105101]: DEBUG oslo.service.backend._threading.loopingcall [None req-1f779b0a-a69b-4dd9-b04d-31fc204d0f6d None None] Fixed interval looping call 'neutron.plugins.ml2.plugin.AgentDbMixin.agent_health_check' sleeping for 37.00 seconds {{(pid=105101) _run_loop /opt/stack/data/venv/lib/python3.12/site-packages/oslo_service/backend/_threading/loopingcall.py:125}}
Feb 16 19:45:21.248064 np0000155678 neutron-periodic-workers[105101]: DEBUG dbcounter [-] [105101] Writing DB stats neutron:SELECT=1 {{(pid=105101) stat_writer /opt/stack/data/venv/lib/python3.12/site-packages/dbcounter.py:115}}
Feb 16 19:45:26.246193 np0000155678 neutron-periodic-workers[105092]: DEBUG oslo.service.backend._threading.loopingcall [None req-b8e2a853-c4b7-4aa3-88df-21e833467119 None None] Fixed interval looping call 'neutron.plugins.ml2.plugin.DhcpAgentSchedulerDbMixin.remove_networks_from_down_agents' sleeping for 36.99 seconds {{(pid=105092) _run_loop /opt/stack/data/venv/lib/python3.12/site-packages/oslo_service/backend/_threading/loopingcall.py:125}}
Feb 16 19:45:36.244637 np0000155678 neutron-periodic-workers[105092]: DEBUG dbcounter [-] [105092] Writing DB stats neutron:SELECT=3 {{(pid=105092) stat_writer /opt/stack/data/venv/lib/python3.12/site-packages/dbcounter.py:115}}
Feb 16 19:45:48.254819 np0000155678 neutron-periodic-workers[105101]: DEBUG neutron.db.agents_db [None req-1f779b0a-a69b-4dd9-b04d-31fc204d0f6d None None] Agent healthcheck: found 0 active agents {{(pid=105101) agent_health_check /opt/stack/neutron/neutron/db/agents_db.py:317}}
Feb 16 19:45:48.255453 np0000155678 neutron-periodic-workers[105101]: DEBUG oslo.service.backend._threading.loopingcall [None req-1f779b0a-a69b-4dd9-b04d-31fc204d0f6d None None] Fixed interval looping call 'neutron.plugins.ml2.plugin.AgentDbMixin.agent_health_check' sleeping for 37.00 seconds {{(pid=105101) _run_loop /opt/stack/data/venv/lib/python3.12/site-packages/oslo_service/backend/_threading/loopingcall.py:125}}
Feb 16 19:45:58.253140 np0000155678 neutron-periodic-workers[105101]: DEBUG dbcounter [-] [105101] Writing DB stats neutron:SELECT=1 {{(pid=105101) stat_writer /opt/stack/data/venv/lib/python3.12/site-packages/dbcounter.py:115}}
Feb 16 19:46:03.244828 np0000155678 neutron-periodic-workers[105092]: DEBUG oslo.service.backend._threading.loopingcall [None req-b8e2a853-c4b7-4aa3-88df-21e833467119 None None] Fixed interval looping call 'neutron.plugins.ml2.plugin.DhcpAgentSchedulerDbMixin.remove_networks_from_down_agents' sleeping for 36.99 seconds {{(pid=105092) _run_loop /opt/stack/data/venv/lib/python3.12/site-packages/oslo_service/backend/_threading/loopingcall.py:125}}
Feb 16 19:46:13.243770 np0000155678 neutron-periodic-workers[105092]: DEBUG dbcounter [-] [105092] Writing DB stats neutron:SELECT=3 {{(pid=105092) stat_writer /opt/stack/data/venv/lib/python3.12/site-packages/dbcounter.py:115}}
Feb 16 19:46:25.260566 np0000155678 neutron-periodic-workers[105101]: DEBUG neutron.db.agents_db [None req-1f779b0a-a69b-4dd9-b04d-31fc204d0f6d None None] Agent healthcheck: found 0 active agents {{(pid=105101) agent_health_check /opt/stack/neutron/neutron/db/agents_db.py:317}}
Feb 16 19:46:25.260966 np0000155678 neutron-periodic-workers[105101]: DEBUG oslo.service.backend._threading.loopingcall [None req-1f779b0a-a69b-4dd9-b04d-31fc204d0f6d None None] Fixed interval looping call 'neutron.plugins.ml2.plugin.AgentDbMixin.agent_health_check' sleeping for 36.99 seconds {{(pid=105101) _run_loop /opt/stack/data/venv/lib/python3.12/site-packages/oslo_service/backend/_threading/loopingcall.py:125}}
Feb 16 19:46:35.259164 np0000155678 neutron-periodic-workers[105101]: DEBUG dbcounter [-] [105101] Writing DB stats neutron:SELECT=1 {{(pid=105101) stat_writer /opt/stack/data/venv/lib/python3.12/site-packages/dbcounter.py:115}}
Feb 16 19:46:40.243367 np0000155678 neutron-periodic-workers[105092]: DEBUG oslo.service.backend._threading.loopingcall [None req-b8e2a853-c4b7-4aa3-88df-21e833467119 None None] Fixed interval looping call 'neutron.plugins.ml2.plugin.DhcpAgentSchedulerDbMixin.remove_networks_from_down_agents' sleeping for 36.99 seconds {{(pid=105092) _run_loop /opt/stack/data/venv/lib/python3.12/site-packages/oslo_service/backend/_threading/loopingcall.py:125}}
Feb 16 19:46:50.242608 np0000155678 neutron-periodic-workers[105092]: DEBUG dbcounter [-] [105092] Writing DB stats neutron:SELECT=3 {{(pid=105092) stat_writer /opt/stack/data/venv/lib/python3.12/site-packages/dbcounter.py:115}}
Feb 16 19:46:52.259845 np0000155678 neutron-periodic-workers[105109]: DEBUG oslo.service.backend._threading.loopingcall [None req-18765e68-69a7-4344-ae18-c5df4733a88d None None] Fixed interval looping call 'neutron.db.quota.driver_nolock.DbQuotaNoLockDriver._remove_expired_reservations' sleeping for 120.00 seconds {{(pid=105109) _run_loop /opt/stack/data/venv/lib/python3.12/site-packages/oslo_service/backend/_threading/loopingcall.py:125}}
Feb 16 19:47:02.256991 np0000155678 neutron-periodic-workers[105101]: DEBUG neutron.db.agents_db [None req-1f779b0a-a69b-4dd9-b04d-31fc204d0f6d None None] Agent healthcheck: found 0 active agents {{(pid=105101) agent_health_check /opt/stack/neutron/neutron/db/agents_db.py:317}}
Feb 16 19:47:02.256991 np0000155678 neutron-periodic-workers[105101]: DEBUG oslo.service.backend._threading.loopingcall [None req-1f779b0a-a69b-4dd9-b04d-31fc204d0f6d None None] Fixed interval looping call 'neutron.plugins.ml2.plugin.AgentDbMixin.agent_health_check' sleeping for 36.99 seconds {{(pid=105101) _run_loop /opt/stack/data/venv/lib/python3.12/site-packages/oslo_service/backend/_threading/loopingcall.py:125}}
Feb 16 19:47:02.258408 np0000155678 neutron-periodic-workers[105109]: DEBUG dbcounter [-] [105109] Writing DB stats neutron:DELETE=1 {{(pid=105109) stat_writer /opt/stack/data/venv/lib/python3.12/site-packages/dbcounter.py:115}}
Feb 16 19:47:12.254826 np0000155678 neutron-periodic-workers[105101]: DEBUG dbcounter [-] [105101] Writing DB stats neutron:SELECT=1 {{(pid=105101) stat_writer /opt/stack/data/venv/lib/python3.12/site-packages/dbcounter.py:115}}
Feb 16 19:47:17.241275 np0000155678 neutron-periodic-workers[105092]: DEBUG oslo.service.backend._threading.loopingcall [None req-b8e2a853-c4b7-4aa3-88df-21e833467119 None None] Fixed interval looping call 'neutron.plugins.ml2.plugin.DhcpAgentSchedulerDbMixin.remove_networks_from_down_agents' sleeping for 36.99 seconds {{(pid=105092) _run_loop /opt/stack/data/venv/lib/python3.12/site-packages/oslo_service/backend/_threading/loopingcall.py:125}}
Feb 16 19:47:23.254338 np0000155678 neutron-periodic-workers[105081]: DEBUG oslo.service.backend._threading.loopingcall [None req-5ac8d9ad-70e0-4230-8699-6425623cac23 None None] Fixed interval looping call 'neutron.services.ovn_l3.plugin.L3_NAT_dbonly_mixin._clean_garbage' sleeping for 299.99 seconds {{(pid=105081) _run_loop /opt/stack/data/venv/lib/python3.12/site-packages/oslo_service/backend/_threading/loopingcall.py:125}}
Feb 16 19:47:27.240279 np0000155678 neutron-periodic-workers[105092]: DEBUG dbcounter [-] [105092] Writing DB stats neutron:SELECT=3 {{(pid=105092) stat_writer /opt/stack/data/venv/lib/python3.12/site-packages/dbcounter.py:115}}
Feb 16 19:47:33.248201 np0000155678 neutron-periodic-workers[105081]: DEBUG dbcounter [-] [105081] Writing DB stats neutron:SELECT=1 {{(pid=105081) stat_writer /opt/stack/data/venv/lib/python3.12/site-packages/dbcounter.py:115}}
Feb 16 19:47:39.252330 np0000155678 neutron-periodic-workers[105101]: DEBUG neutron.db.agents_db [None req-1f779b0a-a69b-4dd9-b04d-31fc204d0f6d None None] Agent healthcheck: found 0 active agents {{(pid=105101) agent_health_check /opt/stack/neutron/neutron/db/agents_db.py:317}}
Feb 16 19:47:39.252994 np0000155678 neutron-periodic-workers[105101]: DEBUG oslo.service.backend._threading.loopingcall [None req-1f779b0a-a69b-4dd9-b04d-31fc204d0f6d None None] Fixed interval looping call 'neutron.plugins.ml2.plugin.AgentDbMixin.agent_health_check' sleeping for 36.99 seconds {{(pid=105101) _run_loop /opt/stack/data/venv/lib/python3.12/site-packages/oslo_service/backend/_threading/loopingcall.py:125}}
Feb 16 19:47:49.250664 np0000155678 neutron-periodic-workers[105101]: DEBUG dbcounter [-] [105101] Writing DB stats neutron:SELECT=1 {{(pid=105101) stat_writer /opt/stack/data/venv/lib/python3.12/site-packages/dbcounter.py:115}}
Feb 16 19:47:54.241841 np0000155678 neutron-periodic-workers[105092]: DEBUG oslo.service.backend._threading.loopingcall [None req-b8e2a853-c4b7-4aa3-88df-21e833467119 None None] Fixed interval looping call 'neutron.plugins.ml2.plugin.DhcpAgentSchedulerDbMixin.remove_networks_from_down_agents' sleeping for 36.99 seconds {{(pid=105092) _run_loop /opt/stack/data/venv/lib/python3.12/site-packages/oslo_service/backend/_threading/loopingcall.py:125}}
Feb 16 19:48:04.240732 np0000155678 neutron-periodic-workers[105092]: DEBUG dbcounter [-] [105092] Writing DB stats neutron:SELECT=3 {{(pid=105092) stat_writer /opt/stack/data/venv/lib/python3.12/site-packages/dbcounter.py:115}}
Feb 16 19:48:16.246906 np0000155678 neutron-periodic-workers[105101]: DEBUG neutron.db.agents_db [None req-1f779b0a-a69b-4dd9-b04d-31fc204d0f6d None None] Agent healthcheck: found 0 active agents {{(pid=105101) agent_health_check /opt/stack/neutron/neutron/db/agents_db.py:317}}
Feb 16 19:48:16.247441 np0000155678 neutron-periodic-workers[105101]: DEBUG oslo.service.backend._threading.loopingcall [None req-1f779b0a-a69b-4dd9-b04d-31fc204d0f6d None None] Fixed interval looping call 'neutron.plugins.ml2.plugin.AgentDbMixin.agent_health_check' sleeping for 37.00 seconds {{(pid=105101) _run_loop /opt/stack/data/venv/lib/python3.12/site-packages/oslo_service/backend/_threading/loopingcall.py:125}}
Feb 16 19:48:26.245614 np0000155678 neutron-periodic-workers[105101]: DEBUG dbcounter [-] [105101] Writing DB stats neutron:SELECT=1 {{(pid=105101) stat_writer /opt/stack/data/venv/lib/python3.12/site-packages/dbcounter.py:115}}
Feb 16 19:48:31.240993 np0000155678 neutron-periodic-workers[105092]: DEBUG oslo.service.backend._threading.loopingcall [None req-b8e2a853-c4b7-4aa3-88df-21e833467119 None None] Fixed interval looping call 'neutron.plugins.ml2.plugin.DhcpAgentSchedulerDbMixin.remove_networks_from_down_agents' sleeping for 36.99 seconds {{(pid=105092) _run_loop /opt/stack/data/venv/lib/python3.12/site-packages/oslo_service/backend/_threading/loopingcall.py:125}}
Feb 16 19:48:41.240055 np0000155678 neutron-periodic-workers[105092]: DEBUG dbcounter [-] [105092] Writing DB stats neutron:SELECT=3 {{(pid=105092) stat_writer /opt/stack/data/venv/lib/python3.12/site-packages/dbcounter.py:115}}
Feb 16 19:48:52.264497 np0000155678 neutron-periodic-workers[105109]: DEBUG oslo.service.backend._threading.loopingcall [None req-18765e68-69a7-4344-ae18-c5df4733a88d None None] Fixed interval looping call 'neutron.db.quota.driver_nolock.DbQuotaNoLockDriver._remove_expired_reservations' sleeping for 120.00 seconds {{(pid=105109) _run_loop /opt/stack/data/venv/lib/python3.12/site-packages/oslo_service/backend/_threading/loopingcall.py:125}}
Feb 16 19:48:53.252409 np0000155678 neutron-periodic-workers[105101]: DEBUG neutron.db.agents_db [None req-1f779b0a-a69b-4dd9-b04d-31fc204d0f6d None None] Agent healthcheck: found 0 active agents {{(pid=105101) agent_health_check /opt/stack/neutron/neutron/db/agents_db.py:317}}
Feb 16 19:48:53.253140 np0000155678 neutron-periodic-workers[105101]: DEBUG oslo.service.backend._threading.loopingcall [None req-1f779b0a-a69b-4dd9-b04d-31fc204d0f6d None None] Fixed interval looping call 'neutron.plugins.ml2.plugin.AgentDbMixin.agent_health_check' sleeping for 36.99 seconds {{(pid=105101) _run_loop /opt/stack/data/venv/lib/python3.12/site-packages/oslo_service/backend/_threading/loopingcall.py:125}}
Feb 16 19:49:02.263333 np0000155678 neutron-periodic-workers[105109]: DEBUG dbcounter [-] [105109] Writing DB stats neutron:DELETE=1 {{(pid=105109) stat_writer /opt/stack/data/venv/lib/python3.12/site-packages/dbcounter.py:115}}
Feb 16 19:49:03.250523 np0000155678 neutron-periodic-workers[105101]: DEBUG dbcounter [-] [105101] Writing DB stats neutron:SELECT=1 {{(pid=105101) stat_writer /opt/stack/data/venv/lib/python3.12/site-packages/dbcounter.py:115}}
Feb 16 19:49:08.239845 np0000155678 neutron-periodic-workers[105092]: DEBUG oslo.service.backend._threading.loopingcall [None req-b8e2a853-c4b7-4aa3-88df-21e833467119 None None] Fixed interval looping call 'neutron.plugins.ml2.plugin.DhcpAgentSchedulerDbMixin.remove_networks_from_down_agents' sleeping for 36.99 seconds {{(pid=105092) _run_loop /opt/stack/data/venv/lib/python3.12/site-packages/oslo_service/backend/_threading/loopingcall.py:125}}
Feb 16 19:49:18.238833 np0000155678 neutron-periodic-workers[105092]: DEBUG dbcounter [-] [105092] Writing DB stats neutron:SELECT=3 {{(pid=105092) stat_writer /opt/stack/data/venv/lib/python3.12/site-packages/dbcounter.py:115}}
Feb 16 19:49:30.249499 np0000155678 neutron-periodic-workers[105101]: DEBUG neutron.db.agents_db [None req-1f779b0a-a69b-4dd9-b04d-31fc204d0f6d None None] Agent healthcheck: found 0 active agents {{(pid=105101) agent_health_check /opt/stack/neutron/neutron/db/agents_db.py:317}}
Feb 16 19:49:30.250236 np0000155678 neutron-periodic-workers[105101]: DEBUG oslo.service.backend._threading.loopingcall [None req-1f779b0a-a69b-4dd9-b04d-31fc204d0f6d None None] Fixed interval looping call 'neutron.plugins.ml2.plugin.AgentDbMixin.agent_health_check' sleeping for 36.99 seconds {{(pid=105101) _run_loop /opt/stack/data/venv/lib/python3.12/site-packages/oslo_service/backend/_threading/loopingcall.py:125}}
Feb 16 19:49:40.248436 np0000155678 neutron-periodic-workers[105101]: DEBUG dbcounter [-] [105101] Writing DB stats neutron:SELECT=1 {{(pid=105101) stat_writer /opt/stack/data/venv/lib/python3.12/site-packages/dbcounter.py:115}}
Feb 16 19:49:45.247914 np0000155678 neutron-periodic-workers[105092]: DEBUG oslo.service.backend._threading.loopingcall [None req-b8e2a853-c4b7-4aa3-88df-21e833467119 None None] Fixed interval looping call 'neutron.plugins.ml2.plugin.DhcpAgentSchedulerDbMixin.remove_networks_from_down_agents' sleeping for 36.99 seconds {{(pid=105092) _run_loop /opt/stack/data/venv/lib/python3.12/site-packages/oslo_service/backend/_threading/loopingcall.py:125}}
Feb 16 19:49:55.246350 np0000155678 neutron-periodic-workers[105092]: DEBUG dbcounter [-] [105092] Writing DB stats neutron:SELECT=3 {{(pid=105092) stat_writer /opt/stack/data/venv/lib/python3.12/site-packages/dbcounter.py:115}}
Feb 16 19:50:07.244805 np0000155678 neutron-periodic-workers[105101]: DEBUG neutron.db.agents_db [None req-1f779b0a-a69b-4dd9-b04d-31fc204d0f6d None None] Agent healthcheck: found 0 active agents {{(pid=105101) agent_health_check /opt/stack/neutron/neutron/db/agents_db.py:317}}
Feb 16 19:50:07.245295 np0000155678 neutron-periodic-workers[105101]: DEBUG oslo.service.backend._threading.loopingcall [None req-1f779b0a-a69b-4dd9-b04d-31fc204d0f6d None None] Fixed interval looping call 'neutron.plugins.ml2.plugin.AgentDbMixin.agent_health_check' sleeping for 37.00 seconds {{(pid=105101) _run_loop /opt/stack/data/venv/lib/python3.12/site-packages/oslo_service/backend/_threading/loopingcall.py:125}}
Feb 16 19:50:17.243480 np0000155678 neutron-periodic-workers[105101]: DEBUG dbcounter [-] [105101] Writing DB stats neutron:SELECT=1 {{(pid=105101) stat_writer /opt/stack/data/venv/lib/python3.12/site-packages/dbcounter.py:115}}
Feb 16 19:50:22.244209 np0000155678 neutron-periodic-workers[105092]: DEBUG oslo.service.backend._threading.loopingcall [None req-b8e2a853-c4b7-4aa3-88df-21e833467119 None None] Fixed interval looping call 'neutron.plugins.ml2.plugin.DhcpAgentSchedulerDbMixin.remove_networks_from_down_agents' sleeping for 36.99 seconds {{(pid=105092) _run_loop /opt/stack/data/venv/lib/python3.12/site-packages/oslo_service/backend/_threading/loopingcall.py:125}}
Feb 16 19:50:32.243876 np0000155678 neutron-periodic-workers[105092]: DEBUG dbcounter [-] [105092] Writing DB stats neutron:SELECT=3 {{(pid=105092) stat_writer /opt/stack/data/venv/lib/python3.12/site-packages/dbcounter.py:115}}
Feb 16 19:50:44.250645 np0000155678 neutron-periodic-workers[105101]: DEBUG neutron.db.agents_db [None req-1f779b0a-a69b-4dd9-b04d-31fc204d0f6d None None] Agent healthcheck: found 0 active agents {{(pid=105101) agent_health_check /opt/stack/neutron/neutron/db/agents_db.py:317}}
Feb 16 19:50:44.251367 np0000155678 neutron-periodic-workers[105101]: DEBUG oslo.service.backend._threading.loopingcall [None req-1f779b0a-a69b-4dd9-b04d-31fc204d0f6d None None] Fixed interval looping call 'neutron.plugins.ml2.plugin.AgentDbMixin.agent_health_check' sleeping for 36.99 seconds {{(pid=105101) _run_loop /opt/stack/data/venv/lib/python3.12/site-packages/oslo_service/backend/_threading/loopingcall.py:125}}
Feb 16 19:50:52.267252 np0000155678 neutron-periodic-workers[105109]: DEBUG oslo.service.backend._threading.loopingcall [None req-18765e68-69a7-4344-ae18-c5df4733a88d None None] Fixed interval looping call 'neutron.db.quota.driver_nolock.DbQuotaNoLockDriver._remove_expired_reservations' sleeping for 120.00 seconds {{(pid=105109) _run_loop /opt/stack/data/venv/lib/python3.12/site-packages/oslo_service/backend/_threading/loopingcall.py:125}}
Feb 16 19:50:54.248497 np0000155678 neutron-periodic-workers[105101]: DEBUG dbcounter [-] [105101] Writing DB stats neutron:SELECT=1 {{(pid=105101) stat_writer /opt/stack/data/venv/lib/python3.12/site-packages/dbcounter.py:115}}
Feb 16 19:50:59.245208 np0000155678 neutron-periodic-workers[105092]: DEBUG oslo.service.backend._threading.loopingcall [None req-b8e2a853-c4b7-4aa3-88df-21e833467119 None None] Fixed interval looping call 'neutron.plugins.ml2.plugin.DhcpAgentSchedulerDbMixin.remove_networks_from_down_agents' sleeping for 36.99 seconds {{(pid=105092) _run_loop /opt/stack/data/venv/lib/python3.12/site-packages/oslo_service/backend/_threading/loopingcall.py:125}}
Feb 16 19:51:02.266941 np0000155678 neutron-periodic-workers[105109]: DEBUG dbcounter [-] [105109] Writing DB stats neutron:DELETE=1 {{(pid=105109) stat_writer /opt/stack/data/venv/lib/python3.12/site-packages/dbcounter.py:115}}
Feb 16 19:51:09.244005 np0000155678 neutron-periodic-workers[105092]: DEBUG dbcounter [-] [105092] Writing DB stats neutron:SELECT=3 {{(pid=105092) stat_writer /opt/stack/data/venv/lib/python3.12/site-packages/dbcounter.py:115}}
Feb 16 19:51:21.246615 np0000155678 neutron-periodic-workers[105101]: DEBUG neutron.db.agents_db [None req-1f779b0a-a69b-4dd9-b04d-31fc204d0f6d None None] Agent healthcheck: found 0 active agents {{(pid=105101) agent_health_check /opt/stack/neutron/neutron/db/agents_db.py:317}}
Feb 16 19:51:21.246615 np0000155678 neutron-periodic-workers[105101]: DEBUG oslo.service.backend._threading.loopingcall [None req-1f779b0a-a69b-4dd9-b04d-31fc204d0f6d None None] Fixed interval looping call 'neutron.plugins.ml2.plugin.AgentDbMixin.agent_health_check' sleeping for 36.99 seconds {{(pid=105101) _run_loop /opt/stack/data/venv/lib/python3.12/site-packages/oslo_service/backend/_threading/loopingcall.py:125}}
Feb 16 19:51:31.245493 np0000155678 neutron-periodic-workers[105101]: DEBUG dbcounter [-] [105101] Writing DB stats neutron:SELECT=1 {{(pid=105101) stat_writer /opt/stack/data/venv/lib/python3.12/site-packages/dbcounter.py:115}}
Feb 16 19:51:36.246855 np0000155678 neutron-periodic-workers[105092]: DEBUG oslo.service.backend._threading.loopingcall [None req-b8e2a853-c4b7-4aa3-88df-21e833467119 None None] Fixed interval looping call 'neutron.plugins.ml2.plugin.DhcpAgentSchedulerDbMixin.remove_networks_from_down_agents' sleeping for 36.99 seconds {{(pid=105092) _run_loop /opt/stack/data/venv/lib/python3.12/site-packages/oslo_service/backend/_threading/loopingcall.py:125}}
Feb 16 19:51:46.244994 np0000155678 neutron-periodic-workers[105092]: DEBUG dbcounter [-] [105092] Writing DB stats neutron:SELECT=3 {{(pid=105092) stat_writer /opt/stack/data/venv/lib/python3.12/site-packages/dbcounter.py:115}}
Feb 16 19:51:58.242757 np0000155678 neutron-periodic-workers[105101]: DEBUG neutron.db.agents_db [None req-1f779b0a-a69b-4dd9-b04d-31fc204d0f6d None None] Agent healthcheck: found 0 active agents {{(pid=105101) agent_health_check /opt/stack/neutron/neutron/db/agents_db.py:317}}
Feb 16 19:51:58.243298 np0000155678 neutron-periodic-workers[105101]: DEBUG oslo.service.backend._threading.loopingcall [None req-1f779b0a-a69b-4dd9-b04d-31fc204d0f6d None None] Fixed interval looping call 'neutron.plugins.ml2.plugin.AgentDbMixin.agent_health_check' sleeping for 36.99 seconds {{(pid=105101) _run_loop /opt/stack/data/venv/lib/python3.12/site-packages/oslo_service/backend/_threading/loopingcall.py:125}}
Feb 16 19:52:08.240503 np0000155678 neutron-periodic-workers[105101]: DEBUG dbcounter [-] [105101] Writing DB stats neutron:SELECT=1 {{(pid=105101) stat_writer /opt/stack/data/venv/lib/python3.12/site-packages/dbcounter.py:115}}
Feb 16 19:52:13.244011 np0000155678 neutron-periodic-workers[105092]: DEBUG oslo.service.backend._threading.loopingcall [None req-b8e2a853-c4b7-4aa3-88df-21e833467119 None None] Fixed interval looping call 'neutron.plugins.ml2.plugin.DhcpAgentSchedulerDbMixin.remove_networks_from_down_agents' sleeping for 36.99 seconds {{(pid=105092) _run_loop /opt/stack/data/venv/lib/python3.12/site-packages/oslo_service/backend/_threading/loopingcall.py:125}}
Feb 16 19:52:23.243389 np0000155678 neutron-periodic-workers[105092]: DEBUG dbcounter [-] [105092] Writing DB stats neutron:SELECT=3 {{(pid=105092) stat_writer /opt/stack/data/venv/lib/python3.12/site-packages/dbcounter.py:115}}
Feb 16 19:52:23.256718 np0000155678 neutron-periodic-workers[105081]: DEBUG oslo.service.backend._threading.loopingcall [None req-5ac8d9ad-70e0-4230-8699-6425623cac23 None None] Fixed interval looping call 'neutron.services.ovn_l3.plugin.L3_NAT_dbonly_mixin._clean_garbage' sleeping for 299.99 seconds {{(pid=105081) _run_loop /opt/stack/data/venv/lib/python3.12/site-packages/oslo_service/backend/_threading/loopingcall.py:125}}
Feb 16 19:52:33.249268 np0000155678 neutron-periodic-workers[105081]: DEBUG dbcounter [-] [105081] Writing DB stats neutron:SELECT=1 {{(pid=105081) stat_writer /opt/stack/data/venv/lib/python3.12/site-packages/dbcounter.py:115}}
