Feb 16 19:41:23.379343 np0000155678 nova-scheduler[108614]: DEBUG cotyledon.oslo_config_glue [-] vnc.server_proxyclient_address = 127.0.0.1 {{(pid=108614) log_opt_values /opt/stack/data/venv/lib/python3.12/site-packages/oslo_config/cfg.py:2824}}
Feb 16 19:41:23.379343 np0000155678 nova-scheduler[108614]: DEBUG cotyledon.oslo_config_glue [-] vnc.vencrypt_ca_certs = None {{(pid=108614) log_opt_values /opt/stack/data/venv/lib/python3.12/site-packages/oslo_config/cfg.py:2824}}
Feb 16 19:41:23.379343 np0000155678 nova-scheduler[108614]: DEBUG cotyledon.oslo_config_glue [-] vnc.vencrypt_client_cert = None {{(pid=108614) log_opt_values /opt/stack/data/venv/lib/python3.12/site-packages/oslo_config/cfg.py:2824}}
Feb 16 19:41:23.379573 np0000155678 nova-scheduler[108614]: DEBUG cotyledon.oslo_config_glue [-] vnc.vencrypt_client_key = None {{(pid=108614) log_opt_values /opt/stack/data/venv/lib/python3.12/site-packages/oslo_config/cfg.py:2824}}
Feb 16 19:41:23.379573 np0000155678 nova-scheduler[108614]: DEBUG cotyledon.oslo_config_glue [-] workarounds.disable_compute_service_check_for_ffu = False {{(pid=108614) log_opt_values /opt/stack/data/venv/lib/python3.12/site-packages/oslo_config/cfg.py:2824}}
Feb 16 19:41:23.379573 np0000155678 nova-scheduler[108614]: DEBUG cotyledon.oslo_config_glue [-] workarounds.disable_deep_image_inspection = False {{(pid=108614) log_opt_values /opt/stack/data/venv/lib/python3.12/site-packages/oslo_config/cfg.py:2824}}
Feb 16 19:41:23.379573 np0000155678 nova-scheduler[108614]: DEBUG cotyledon.oslo_config_glue [-] workarounds.disable_fallback_pcpu_query = False {{(pid=108614) log_opt_values /opt/stack/data/venv/lib/python3.12/site-packages/oslo_config/cfg.py:2824}}
Feb 16 19:41:23.379573 np0000155678 nova-scheduler[108614]: DEBUG cotyledon.oslo_config_glue [-] workarounds.disable_group_policy_check_upcall = False {{(pid=108614) log_opt_values /opt/stack/data/venv/lib/python3.12/site-packages/oslo_config/cfg.py:2824}}
Feb 16 19:41:23.379573 np0000155678 nova-scheduler[108614]: DEBUG cotyledon.oslo_config_glue [-] workarounds.disable_libvirt_livesnapshot = False {{(pid=108614) log_opt_values /opt/stack/data/venv/lib/python3.12/site-packages/oslo_config/cfg.py:2824}}
Feb 16 19:41:23.379573 np0000155678 nova-scheduler[108614]: DEBUG cotyledon.oslo_config_glue [-] workarounds.disable_rootwrap = False {{(pid=108614) log_opt_values /opt/stack/data/venv/lib/python3.12/site-packages/oslo_config/cfg.py:2824}}
Feb 16 19:41:23.379573 np0000155678 nova-scheduler[108614]: DEBUG cotyledon.oslo_config_glue [-] workarounds.enable_numa_live_migration = False {{(pid=108614) log_opt_values /opt/stack/data/venv/lib/python3.12/site-packages/oslo_config/cfg.py:2824}}
Feb 16 19:41:23.379573 np0000155678 nova-scheduler[108614]: DEBUG cotyledon.oslo_config_glue [-] workarounds.enable_qemu_monitor_announce_self = False {{(pid=108614) log_opt_values /opt/stack/data/venv/lib/python3.12/site-packages/oslo_config/cfg.py:2824}}
Feb 16 19:41:23.379827 np0000155678 nova-scheduler[108614]: DEBUG cotyledon.oslo_config_glue [-] workarounds.ensure_libvirt_rbd_instance_dir_cleanup = False {{(pid=108614) log_opt_values /opt/stack/data/venv/lib/python3.12/site-packages/oslo_config/cfg.py:2824}}
Feb 16 19:41:23.379827 np0000155678 nova-scheduler[108614]: DEBUG cotyledon.oslo_config_glue [-] workarounds.handle_virt_lifecycle_events = True {{(pid=108614) log_opt_values /opt/stack/data/venv/lib/python3.12/site-packages/oslo_config/cfg.py:2824}}
Feb 16 19:41:23.379827 np0000155678 nova-scheduler[108614]: DEBUG cotyledon.oslo_config_glue [-] workarounds.libvirt_disable_apic = False {{(pid=108614) log_opt_values /opt/stack/data/venv/lib/python3.12/site-packages/oslo_config/cfg.py:2824}}
Feb 16 19:41:23.379827 np0000155678 nova-scheduler[108614]: DEBUG cotyledon.oslo_config_glue [-] workarounds.never_download_image_if_on_rbd = False {{(pid=108614) log_opt_values /opt/stack/data/venv/lib/python3.12/site-packages/oslo_config/cfg.py:2824}}
Feb 16 19:41:23.379827 np0000155678 nova-scheduler[108614]: DEBUG cotyledon.oslo_config_glue [-] workarounds.qemu_monitor_announce_self_count = 3 {{(pid=108614) log_opt_values /opt/stack/data/venv/lib/python3.12/site-packages/oslo_config/cfg.py:2824}}
Feb 16 19:41:23.379827 np0000155678 nova-scheduler[108614]: DEBUG cotyledon.oslo_config_glue [-] workarounds.qemu_monitor_announce_self_interval = 1 {{(pid=108614) log_opt_values /opt/stack/data/venv/lib/python3.12/site-packages/oslo_config/cfg.py:2824}}
Feb 16 19:41:23.379827 np0000155678 nova-scheduler[108614]: DEBUG cotyledon.oslo_config_glue [-] workarounds.reserve_disk_resource_for_image_cache = False {{(pid=108614) log_opt_values /opt/stack/data/venv/lib/python3.12/site-packages/oslo_config/cfg.py:2824}}
Feb 16 19:41:23.379827 np0000155678 nova-scheduler[108614]: DEBUG cotyledon.oslo_config_glue [-] workarounds.skip_cpu_compare_at_startup = False {{(pid=108614) log_opt_values /opt/stack/data/venv/lib/python3.12/site-packages/oslo_config/cfg.py:2824}}
Feb 16 19:41:23.379827 np0000155678 nova-scheduler[108614]: DEBUG cotyledon.oslo_config_glue [-] workarounds.skip_cpu_compare_on_dest = False {{(pid=108614) log_opt_values /opt/stack/data/venv/lib/python3.12/site-packages/oslo_config/cfg.py:2824}}
Feb 16 19:41:23.380053 np0000155678 nova-scheduler[108614]: DEBUG cotyledon.oslo_config_glue [-] workarounds.skip_hypervisor_version_check_on_lm = False {{(pid=108614) log_opt_values /opt/stack/data/venv/lib/python3.12/site-packages/oslo_config/cfg.py:2824}}
Feb 16 19:41:23.380053 np0000155678 nova-scheduler[108614]: DEBUG cotyledon.oslo_config_glue [-] workarounds.skip_reserve_in_use_ironic_nodes = False {{(pid=108614) log_opt_values /opt/stack/data/venv/lib/python3.12/site-packages/oslo_config/cfg.py:2824}}
Feb 16 19:41:23.380053 np0000155678 nova-scheduler[108614]: DEBUG cotyledon.oslo_config_glue [-] workarounds.unified_limits_count_pcpu_as_vcpu = False {{(pid=108614) log_opt_values /opt/stack/data/venv/lib/python3.12/site-packages/oslo_config/cfg.py:2824}}
Feb 16 19:41:23.380053 np0000155678 nova-scheduler[108614]: DEBUG cotyledon.oslo_config_glue [-] workarounds.wait_for_vif_plugged_event_during_hard_reboot = [] {{(pid=108614) log_opt_values /opt/stack/data/venv/lib/python3.12/site-packages/oslo_config/cfg.py:2824}}
Feb 16 19:41:23.380053 np0000155678 nova-scheduler[108614]: DEBUG cotyledon.oslo_config_glue [-] wsgi.api_paste_config = /etc/nova/api-paste.ini {{(pid=108614) log_opt_values /opt/stack/data/venv/lib/python3.12/site-packages/oslo_config/cfg.py:2824}}
Feb 16 19:41:23.380053 np0000155678 nova-scheduler[108614]: DEBUG cotyledon.oslo_config_glue [-] wsgi.secure_proxy_ssl_header = None {{(pid=108614) log_opt_values /opt/stack/data/venv/lib/python3.12/site-packages/oslo_config/cfg.py:2824}}
Feb 16 19:41:23.380053 np0000155678 nova-scheduler[108614]: DEBUG cotyledon.oslo_config_glue [-] zvm.ca_file = None {{(pid=108614) log_opt_values /opt/stack/data/venv/lib/python3.12/site-packages/oslo_config/cfg.py:2824}}
Feb 16 19:41:23.380053 np0000155678 nova-scheduler[108614]: DEBUG cotyledon.oslo_config_glue [-] zvm.cloud_connector_url = None {{(pid=108614) log_opt_values /opt/stack/data/venv/lib/python3.12/site-packages/oslo_config/cfg.py:2824}}
Feb 16 19:41:23.380053 np0000155678 nova-scheduler[108614]: DEBUG cotyledon.oslo_config_glue [-] zvm.image_tmp_path = /opt/stack/data/nova/images {{(pid=108614) log_opt_values /opt/stack/data/venv/lib/python3.12/site-packages/oslo_config/cfg.py:2824}}
Feb 16 19:41:23.380258 np0000155678 nova-scheduler[108614]: DEBUG cotyledon.oslo_config_glue [-] zvm.reachable_timeout = 300 {{(pid=108614) log_opt_values /opt/stack/data/venv/lib/python3.12/site-packages/oslo_config/cfg.py:2824}}
Feb 16 19:41:23.380258 np0000155678 nova-scheduler[108614]: DEBUG cotyledon.oslo_config_glue [-] oslo_versionedobjects.fatal_exception_format_errors = False {{(pid=108614) log_opt_values /opt/stack/data/venv/lib/python3.12/site-packages/oslo_config/cfg.py:2824}}
Feb 16 19:41:23.380258 np0000155678 nova-scheduler[108614]: DEBUG cotyledon.oslo_config_glue [-] oslo_middleware.http_basic_auth_user_file = /etc/htpasswd {{(pid=108614) log_opt_values /opt/stack/data/venv/lib/python3.12/site-packages/oslo_config/cfg.py:2824}}
Feb 16 19:41:23.380258 np0000155678 nova-scheduler[108614]: DEBUG cotyledon.oslo_config_glue [-] oslo_messaging_metrics.metrics_buffer_size = 1000 {{(pid=108614) log_opt_values /opt/stack/data/venv/lib/python3.12/site-packages/oslo_config/cfg.py:2824}}
Feb 16 19:41:23.380258 np0000155678 nova-scheduler[108614]: DEBUG cotyledon.oslo_config_glue [-] oslo_messaging_metrics.metrics_enabled = False {{(pid=108614) log_opt_values /opt/stack/data/venv/lib/python3.12/site-packages/oslo_config/cfg.py:2824}}
Feb 16 19:41:23.380258 np0000155678 nova-scheduler[108614]: DEBUG cotyledon.oslo_config_glue [-] oslo_messaging_metrics.metrics_process_name = {{(pid=108614) log_opt_values /opt/stack/data/venv/lib/python3.12/site-packages/oslo_config/cfg.py:2824}}
Feb 16 19:41:23.380258 np0000155678 nova-scheduler[108614]: DEBUG cotyledon.oslo_config_glue [-] oslo_messaging_metrics.metrics_socket_file = /var/tmp/metrics_collector.sock {{(pid=108614) log_opt_values /opt/stack/data/venv/lib/python3.12/site-packages/oslo_config/cfg.py:2824}}
Feb 16 19:41:23.380258 np0000155678 nova-scheduler[108614]: DEBUG cotyledon.oslo_config_glue [-] oslo_messaging_metrics.metrics_thread_stop_timeout = 10 {{(pid=108614) log_opt_values /opt/stack/data/venv/lib/python3.12/site-packages/oslo_config/cfg.py:2824}}
Feb 16 19:41:23.380453 np0000155678 nova-scheduler[108614]: DEBUG cotyledon.oslo_config_glue [-] profiler.connection_string = messaging:// {{(pid=108614) log_opt_values /opt/stack/data/venv/lib/python3.12/site-packages/oslo_config/cfg.py:2824}}
Feb 16 19:41:23.380453 np0000155678 nova-scheduler[108614]: DEBUG cotyledon.oslo_config_glue [-] profiler.enabled = False {{(pid=108614) log_opt_values /opt/stack/data/venv/lib/python3.12/site-packages/oslo_config/cfg.py:2824}}
Feb 16 19:41:23.380453 np0000155678 nova-scheduler[108614]: DEBUG cotyledon.oslo_config_glue [-] profiler.es_doc_type = notification {{(pid=108614) log_opt_values /opt/stack/data/venv/lib/python3.12/site-packages/oslo_config/cfg.py:2824}}
Feb 16 19:41:23.380453 np0000155678 nova-scheduler[108614]: DEBUG cotyledon.oslo_config_glue [-] profiler.es_scroll_size = 10000 {{(pid=108614) log_opt_values /opt/stack/data/venv/lib/python3.12/site-packages/oslo_config/cfg.py:2824}}
Feb 16 19:41:23.380453 np0000155678 nova-scheduler[108614]: DEBUG cotyledon.oslo_config_glue [-] profiler.es_scroll_time = 2m {{(pid=108614) log_opt_values /opt/stack/data/venv/lib/python3.12/site-packages/oslo_config/cfg.py:2824}}
Feb 16 19:41:23.380453 np0000155678 nova-scheduler[108614]: DEBUG cotyledon.oslo_config_glue [-] profiler.filter_error_trace = False {{(pid=108614) log_opt_values /opt/stack/data/venv/lib/python3.12/site-packages/oslo_config/cfg.py:2824}}
Feb 16 19:41:23.380453 np0000155678 nova-scheduler[108614]: DEBUG cotyledon.oslo_config_glue [-] profiler.hmac_keys = **** {{(pid=108614) log_opt_values /opt/stack/data/venv/lib/python3.12/site-packages/oslo_config/cfg.py:2824}}
Feb 16 19:41:23.380453 np0000155678 nova-scheduler[108614]: DEBUG cotyledon.oslo_config_glue [-] profiler.sentinel_service_name = mymaster {{(pid=108614) log_opt_values /opt/stack/data/venv/lib/python3.12/site-packages/oslo_config/cfg.py:2824}}
Feb 16 19:41:23.380453 np0000155678 nova-scheduler[108614]: DEBUG cotyledon.oslo_config_glue [-] profiler.socket_timeout = 0.1 {{(pid=108614) log_opt_values /opt/stack/data/venv/lib/python3.12/site-packages/oslo_config/cfg.py:2824}}
Feb 16 19:41:23.380650 np0000155678 nova-scheduler[108614]: DEBUG cotyledon.oslo_config_glue [-] profiler.trace_requests = False {{(pid=108614) log_opt_values /opt/stack/data/venv/lib/python3.12/site-packages/oslo_config/cfg.py:2824}}
Feb 16 19:41:23.380650 np0000155678 nova-scheduler[108614]: DEBUG cotyledon.oslo_config_glue [-] profiler.trace_sqlalchemy = False {{(pid=108614) log_opt_values /opt/stack/data/venv/lib/python3.12/site-packages/oslo_config/cfg.py:2824}}
Feb 16 19:41:23.380650 np0000155678 nova-scheduler[108614]: DEBUG cotyledon.oslo_config_glue [-] profiler_jaeger.process_tags = {} {{(pid=108614) log_opt_values /opt/stack/data/venv/lib/python3.12/site-packages/oslo_config/cfg.py:2824}}
Feb 16 19:41:23.380650 np0000155678 nova-scheduler[108614]: DEBUG cotyledon.oslo_config_glue [-] profiler_jaeger.service_name_prefix = None {{(pid=108614) log_opt_values /opt/stack/data/venv/lib/python3.12/site-packages/oslo_config/cfg.py:2824}}
Feb 16 19:41:23.380650 np0000155678 nova-scheduler[108614]: DEBUG cotyledon.oslo_config_glue [-] profiler_otlp.service_name_prefix = None {{(pid=108614) log_opt_values /opt/stack/data/venv/lib/python3.12/site-packages/oslo_config/cfg.py:2824}}
Feb 16 19:41:23.380650 np0000155678 nova-scheduler[108614]: DEBUG cotyledon.oslo_config_glue [-] oslo_messaging_rabbit.amqp_auto_delete = False {{(pid=108614) log_opt_values /opt/stack/data/venv/lib/python3.12/site-packages/oslo_config/cfg.py:2824}}
Feb 16 19:41:23.380650 np0000155678 nova-scheduler[108614]: DEBUG cotyledon.oslo_config_glue [-] oslo_messaging_rabbit.amqp_durable_queues = False {{(pid=108614) log_opt_values /opt/stack/data/venv/lib/python3.12/site-packages/oslo_config/cfg.py:2824}}
Feb 16 19:41:23.380650 np0000155678 nova-scheduler[108614]: DEBUG cotyledon.oslo_config_glue [-] oslo_messaging_rabbit.conn_pool_min_size = 2 {{(pid=108614) log_opt_values /opt/stack/data/venv/lib/python3.12/site-packages/oslo_config/cfg.py:2824}}
Feb 16 19:41:23.380650 np0000155678 nova-scheduler[108614]: DEBUG cotyledon.oslo_config_glue [-] oslo_messaging_rabbit.conn_pool_ttl = 1200 {{(pid=108614) log_opt_values /opt/stack/data/venv/lib/python3.12/site-packages/oslo_config/cfg.py:2824}}
Feb 16 19:41:23.380870 np0000155678 nova-scheduler[108614]: DEBUG cotyledon.oslo_config_glue [-] oslo_messaging_rabbit.direct_mandatory_flag = True {{(pid=108614) log_opt_values /opt/stack/data/venv/lib/python3.12/site-packages/oslo_config/cfg.py:2824}}
Feb 16 19:41:23.380870 np0000155678 nova-scheduler[108614]: DEBUG cotyledon.oslo_config_glue [-] oslo_messaging_rabbit.enable_cancel_on_failover = False {{(pid=108614) log_opt_values /opt/stack/data/venv/lib/python3.12/site-packages/oslo_config/cfg.py:2824}}
Feb 16 19:41:23.380870 np0000155678 nova-scheduler[108614]: DEBUG cotyledon.oslo_config_glue [-] oslo_messaging_rabbit.heartbeat_in_pthread = False {{(pid=108614) log_opt_values /opt/stack/data/venv/lib/python3.12/site-packages/oslo_config/cfg.py:2824}}
Feb 16 19:41:23.380870 np0000155678 nova-scheduler[108614]: DEBUG cotyledon.oslo_config_glue [-] oslo_messaging_rabbit.heartbeat_rate = 3 {{(pid=108614) log_opt_values /opt/stack/data/venv/lib/python3.12/site-packages/oslo_config/cfg.py:2824}}
Feb 16 19:41:23.380870 np0000155678 nova-scheduler[108614]: DEBUG cotyledon.oslo_config_glue [-] oslo_messaging_rabbit.heartbeat_timeout_threshold = 60 {{(pid=108614) log_opt_values /opt/stack/data/venv/lib/python3.12/site-packages/oslo_config/cfg.py:2824}}
Feb 16 19:41:23.380870 np0000155678 nova-scheduler[108614]: DEBUG cotyledon.oslo_config_glue [-] oslo_messaging_rabbit.hostname = np0000155678 {{(pid=108614) log_opt_values /opt/stack/data/venv/lib/python3.12/site-packages/oslo_config/cfg.py:2824}}
Feb 16 19:41:23.380870 np0000155678 nova-scheduler[108614]: DEBUG cotyledon.oslo_config_glue [-] oslo_messaging_rabbit.kombu_compression = None {{(pid=108614) log_opt_values /opt/stack/data/venv/lib/python3.12/site-packages/oslo_config/cfg.py:2824}}
Feb 16 19:41:23.380870 np0000155678 nova-scheduler[108614]: DEBUG cotyledon.oslo_config_glue [-] oslo_messaging_rabbit.kombu_failover_strategy = round-robin {{(pid=108614) log_opt_values /opt/stack/data/venv/lib/python3.12/site-packages/oslo_config/cfg.py:2824}}
Feb 16 19:41:23.381044 np0000155678 nova-scheduler[108614]: DEBUG cotyledon.oslo_config_glue [-] oslo_messaging_rabbit.kombu_missing_consumer_retry_timeout = 60 {{(pid=108614) log_opt_values /opt/stack/data/venv/lib/python3.12/site-packages/oslo_config/cfg.py:2824}}
Feb 16 19:41:23.381044 np0000155678 nova-scheduler[108614]: DEBUG cotyledon.oslo_config_glue [-] oslo_messaging_rabbit.kombu_reconnect_delay = 1.0 {{(pid=108614) log_opt_values /opt/stack/data/venv/lib/python3.12/site-packages/oslo_config/cfg.py:2824}}
Feb 16 19:41:23.381044 np0000155678 nova-scheduler[108614]: DEBUG cotyledon.oslo_config_glue [-] oslo_messaging_rabbit.kombu_reconnect_splay = 0.0 {{(pid=108614) log_opt_values /opt/stack/data/venv/lib/python3.12/site-packages/oslo_config/cfg.py:2824}}
Feb 16 19:41:23.381044 np0000155678 nova-scheduler[108614]: DEBUG cotyledon.oslo_config_glue [-] oslo_messaging_rabbit.processname = nova-scheduler {{(pid=108614) log_opt_values /opt/stack/data/venv/lib/python3.12/site-packages/oslo_config/cfg.py:2824}}
Feb 16 19:41:23.381044 np0000155678 nova-scheduler[108614]: DEBUG cotyledon.oslo_config_glue [-] oslo_messaging_rabbit.rabbit_ha_queues = False {{(pid=108614) log_opt_values /opt/stack/data/venv/lib/python3.12/site-packages/oslo_config/cfg.py:2824}}
Feb 16 19:41:23.381044 np0000155678 nova-scheduler[108614]: DEBUG cotyledon.oslo_config_glue [-] oslo_messaging_rabbit.rabbit_interval_max = 30 {{(pid=108614) log_opt_values /opt/stack/data/venv/lib/python3.12/site-packages/oslo_config/cfg.py:2824}}
Feb 16 19:41:23.381044 np0000155678 nova-scheduler[108614]: DEBUG cotyledon.oslo_config_glue [-] oslo_messaging_rabbit.rabbit_login_method = AMQPLAIN {{(pid=108614) log_opt_values /opt/stack/data/venv/lib/python3.12/site-packages/oslo_config/cfg.py:2824}}
Feb 16 19:41:23.381044 np0000155678 nova-scheduler[108614]: DEBUG cotyledon.oslo_config_glue [-] oslo_messaging_rabbit.rabbit_qos_prefetch_count = 0 {{(pid=108614) log_opt_values /opt/stack/data/venv/lib/python3.12/site-packages/oslo_config/cfg.py:2824}}
Feb 16 19:41:23.381224 np0000155678 nova-scheduler[108614]: DEBUG cotyledon.oslo_config_glue [-] oslo_messaging_rabbit.rabbit_quorum_delivery_limit = 0 {{(pid=108614) log_opt_values /opt/stack/data/venv/lib/python3.12/site-packages/oslo_config/cfg.py:2824}}
Feb 16 19:41:23.381224 np0000155678 nova-scheduler[108614]: DEBUG cotyledon.oslo_config_glue [-] oslo_messaging_rabbit.rabbit_quorum_max_memory_bytes = 0 {{(pid=108614) log_opt_values /opt/stack/data/venv/lib/python3.12/site-packages/oslo_config/cfg.py:2824}}
Feb 16 19:41:23.381224 np0000155678 nova-scheduler[108614]: DEBUG cotyledon.oslo_config_glue [-] oslo_messaging_rabbit.rabbit_quorum_max_memory_length = 0 {{(pid=108614) log_opt_values /opt/stack/data/venv/lib/python3.12/site-packages/oslo_config/cfg.py:2824}}
Feb 16 19:41:23.381224 np0000155678 nova-scheduler[108614]: DEBUG cotyledon.oslo_config_glue [-] oslo_messaging_rabbit.rabbit_quorum_queue = False {{(pid=108614) log_opt_values /opt/stack/data/venv/lib/python3.12/site-packages/oslo_config/cfg.py:2824}}
Feb 16 19:41:23.381224 np0000155678 nova-scheduler[108614]: DEBUG cotyledon.oslo_config_glue [-] oslo_messaging_rabbit.rabbit_retry_backoff = 2 {{(pid=108614) log_opt_values /opt/stack/data/venv/lib/python3.12/site-packages/oslo_config/cfg.py:2824}}
Feb 16 19:41:23.381224 np0000155678 nova-scheduler[108614]: DEBUG cotyledon.oslo_config_glue [-] oslo_messaging_rabbit.rabbit_retry_interval = 1 {{(pid=108614) log_opt_values /opt/stack/data/venv/lib/python3.12/site-packages/oslo_config/cfg.py:2824}}
Feb 16 19:41:23.381224 np0000155678 nova-scheduler[108614]: DEBUG cotyledon.oslo_config_glue [-] oslo_messaging_rabbit.rabbit_stream_fanout = False {{(pid=108614) log_opt_values /opt/stack/data/venv/lib/python3.12/site-packages/oslo_config/cfg.py:2824}}
Feb 16 19:41:23.381224 np0000155678 nova-scheduler[108614]: DEBUG cotyledon.oslo_config_glue [-] oslo_messaging_rabbit.rabbit_transient_queues_ttl = 1800 {{(pid=108614) log_opt_values /opt/stack/data/venv/lib/python3.12/site-packages/oslo_config/cfg.py:2824}}
Feb 16 19:41:23.381416 np0000155678 nova-scheduler[108614]: DEBUG cotyledon.oslo_config_glue [-] oslo_messaging_rabbit.rabbit_transient_quorum_queue = False {{(pid=108614) log_opt_values /opt/stack/data/venv/lib/python3.12/site-packages/oslo_config/cfg.py:2824}}
Feb 16 19:41:23.381416 np0000155678 nova-scheduler[108614]: DEBUG cotyledon.oslo_config_glue [-] oslo_messaging_rabbit.rpc_conn_pool_size = 30 {{(pid=108614) log_opt_values /opt/stack/data/venv/lib/python3.12/site-packages/oslo_config/cfg.py:2824}}
Feb 16 19:41:23.381416 np0000155678 nova-scheduler[108614]: DEBUG cotyledon.oslo_config_glue [-] oslo_messaging_rabbit.ssl = False {{(pid=108614) log_opt_values /opt/stack/data/venv/lib/python3.12/site-packages/oslo_config/cfg.py:2824}}
Feb 16 19:41:23.381416 np0000155678 nova-scheduler[108614]: DEBUG cotyledon.oslo_config_glue [-] oslo_messaging_rabbit.ssl_ca_file = {{(pid=108614) log_opt_values /opt/stack/data/venv/lib/python3.12/site-packages/oslo_config/cfg.py:2824}}
Feb 16 19:41:23.381416 np0000155678 nova-scheduler[108614]: DEBUG cotyledon.oslo_config_glue [-] oslo_messaging_rabbit.ssl_cert_file = {{(pid=108614) log_opt_values /opt/stack/data/venv/lib/python3.12/site-packages/oslo_config/cfg.py:2824}}
Feb 16 19:41:23.381416 np0000155678 nova-scheduler[108614]: DEBUG cotyledon.oslo_config_glue [-] oslo_messaging_rabbit.ssl_enforce_fips_mode = False {{(pid=108614) log_opt_values /opt/stack/data/venv/lib/python3.12/site-packages/oslo_config/cfg.py:2824}}
Feb 16 19:41:23.381416 np0000155678 nova-scheduler[108614]: DEBUG cotyledon.oslo_config_glue [-] oslo_messaging_rabbit.ssl_key_file = {{(pid=108614) log_opt_values /opt/stack/data/venv/lib/python3.12/site-packages/oslo_config/cfg.py:2824}}
Feb 16 19:41:23.381416 np0000155678 nova-scheduler[108614]: DEBUG cotyledon.oslo_config_glue [-] oslo_messaging_rabbit.ssl_version = {{(pid=108614) log_opt_values /opt/stack/data/venv/lib/python3.12/site-packages/oslo_config/cfg.py:2824}}
Feb 16 19:41:23.381416 np0000155678 nova-scheduler[108614]: DEBUG cotyledon.oslo_config_glue [-] oslo_messaging_rabbit.use_queue_manager = False {{(pid=108614) log_opt_values /opt/stack/data/venv/lib/python3.12/site-packages/oslo_config/cfg.py:2824}}
Feb 16 19:41:23.381625 np0000155678 nova-scheduler[108614]: DEBUG cotyledon.oslo_config_glue [-] oslo_messaging_notifications.driver = ['messagingv2'] {{(pid=108614) log_opt_values /opt/stack/data/venv/lib/python3.12/site-packages/oslo_config/cfg.py:2824}}
Feb 16 19:41:23.381625 np0000155678 nova-scheduler[108614]: DEBUG cotyledon.oslo_config_glue [-] oslo_messaging_notifications.retry = -1 {{(pid=108614) log_opt_values /opt/stack/data/venv/lib/python3.12/site-packages/oslo_config/cfg.py:2824}}
Feb 16 19:41:23.381625 np0000155678 nova-scheduler[108614]: DEBUG cotyledon.oslo_config_glue [-] oslo_messaging_notifications.topics = ['notifications'] {{(pid=108614) log_opt_values /opt/stack/data/venv/lib/python3.12/site-packages/oslo_config/cfg.py:2824}}
Feb 16 19:41:23.381625 np0000155678 nova-scheduler[108614]: DEBUG cotyledon.oslo_config_glue [-] oslo_messaging_notifications.transport_url = **** {{(pid=108614) log_opt_values /opt/stack/data/venv/lib/python3.12/site-packages/oslo_config/cfg.py:2824}}
Feb 16 19:41:23.381625 np0000155678 nova-scheduler[108614]: DEBUG cotyledon.oslo_config_glue [-] oslo_limit.auth_section = None {{(pid=108614) log_opt_values /opt/stack/data/venv/lib/python3.12/site-packages/oslo_config/cfg.py:2824}}
Feb 16 19:41:23.381625 np0000155678 nova-scheduler[108614]: DEBUG cotyledon.oslo_config_glue [-] oslo_limit.auth_type = None {{(pid=108614) log_opt_values /opt/stack/data/venv/lib/python3.12/site-packages/oslo_config/cfg.py:2824}}
Feb 16 19:41:23.381625 np0000155678 nova-scheduler[108614]: DEBUG cotyledon.oslo_config_glue [-] oslo_limit.cafile = None {{(pid=108614) log_opt_values /opt/stack/data/venv/lib/python3.12/site-packages/oslo_config/cfg.py:2824}}
Feb 16 19:41:23.381625 np0000155678 nova-scheduler[108614]: DEBUG cotyledon.oslo_config_glue [-] oslo_limit.certfile = None {{(pid=108614) log_opt_values /opt/stack/data/venv/lib/python3.12/site-packages/oslo_config/cfg.py:2824}}
Feb 16 19:41:23.381625 np0000155678 nova-scheduler[108614]: DEBUG cotyledon.oslo_config_glue [-] oslo_limit.collect_timing = False {{(pid=108614) log_opt_values /opt/stack/data/venv/lib/python3.12/site-packages/oslo_config/cfg.py:2824}}
Feb 16 19:41:23.381862 np0000155678 nova-scheduler[108614]: DEBUG cotyledon.oslo_config_glue [-] oslo_limit.connect_retries = None {{(pid=108614) log_opt_values /opt/stack/data/venv/lib/python3.12/site-packages/oslo_config/cfg.py:2824}}
Feb 16 19:41:23.381862 np0000155678 nova-scheduler[108614]: DEBUG cotyledon.oslo_config_glue [-] oslo_limit.connect_retry_delay = None {{(pid=108614) log_opt_values /opt/stack/data/venv/lib/python3.12/site-packages/oslo_config/cfg.py:2824}}
Feb 16 19:41:23.381862 np0000155678 nova-scheduler[108614]: DEBUG cotyledon.oslo_config_glue [-] oslo_limit.endpoint_id = None {{(pid=108614) log_opt_values /opt/stack/data/venv/lib/python3.12/site-packages/oslo_config/cfg.py:2824}}
Feb 16 19:41:23.381862 np0000155678 nova-scheduler[108614]: DEBUG cotyledon.oslo_config_glue [-] oslo_limit.endpoint_interface = publicURL {{(pid=108614) log_opt_values /opt/stack/data/venv/lib/python3.12/site-packages/oslo_config/cfg.py:2824}}
Feb 16 19:41:23.381862 np0000155678 nova-scheduler[108614]: DEBUG cotyledon.oslo_config_glue [-] oslo_limit.endpoint_override = None {{(pid=108614) log_opt_values /opt/stack/data/venv/lib/python3.12/site-packages/oslo_config/cfg.py:2824}}
Feb 16 19:41:23.381862 np0000155678 nova-scheduler[108614]: DEBUG cotyledon.oslo_config_glue [-] oslo_limit.endpoint_region_name = None {{(pid=108614) log_opt_values /opt/stack/data/venv/lib/python3.12/site-packages/oslo_config/cfg.py:2824}}
Feb 16 19:41:23.381862 np0000155678 nova-scheduler[108614]: DEBUG cotyledon.oslo_config_glue [-] oslo_limit.endpoint_service_name = None {{(pid=108614) log_opt_values /opt/stack/data/venv/lib/python3.12/site-packages/oslo_config/cfg.py:2824}}
Feb 16 19:41:23.381862 np0000155678 nova-scheduler[108614]: DEBUG cotyledon.oslo_config_glue [-] oslo_limit.endpoint_service_type = None {{(pid=108614) log_opt_values /opt/stack/data/venv/lib/python3.12/site-packages/oslo_config/cfg.py:2824}}
Feb 16 19:41:23.381862 np0000155678 nova-scheduler[108614]: DEBUG cotyledon.oslo_config_glue [-] oslo_limit.insecure = False {{(pid=108614) log_opt_values /opt/stack/data/venv/lib/python3.12/site-packages/oslo_config/cfg.py:2824}}
Feb 16 19:41:23.382187 np0000155678 nova-scheduler[108614]: DEBUG cotyledon.oslo_config_glue [-] oslo_limit.keyfile = None {{(pid=108614) log_opt_values /opt/stack/data/venv/lib/python3.12/site-packages/oslo_config/cfg.py:2824}}
Feb 16 19:41:23.382218 np0000155678 nova-scheduler[108601]: DEBUG dbcounter [-] [108601] Writer thread running {{(pid=108601) stat_writer /opt/stack/data/venv/lib/python3.12/site-packages/dbcounter.py:102}}
Feb 16 19:41:23.382247 np0000155678 nova-scheduler[108614]: DEBUG cotyledon.oslo_config_glue [-] oslo_limit.max_version = None {{(pid=108614) log_opt_values /opt/stack/data/venv/lib/python3.12/site-packages/oslo_config/cfg.py:2824}}
Feb 16 19:41:23.382247 np0000155678 nova-scheduler[108614]: DEBUG cotyledon.oslo_config_glue [-] oslo_limit.min_version = None {{(pid=108614) log_opt_values /opt/stack/data/venv/lib/python3.12/site-packages/oslo_config/cfg.py:2824}}
Feb 16 19:41:23.382247 np0000155678 nova-scheduler[108614]: DEBUG cotyledon.oslo_config_glue [-] oslo_limit.region_name = None {{(pid=108614) log_opt_values /opt/stack/data/venv/lib/python3.12/site-packages/oslo_config/cfg.py:2824}}
Feb 16 19:41:23.382247 np0000155678 nova-scheduler[108614]: DEBUG cotyledon.oslo_config_glue [-] oslo_limit.retriable_status_codes = None {{(pid=108614) log_opt_values /opt/stack/data/venv/lib/python3.12/site-packages/oslo_config/cfg.py:2824}}
Feb 16 19:41:23.382247 np0000155678 nova-scheduler[108614]: DEBUG cotyledon.oslo_config_glue [-] oslo_limit.service_name = None {{(pid=108614) log_opt_values /opt/stack/data/venv/lib/python3.12/site-packages/oslo_config/cfg.py:2824}}
Feb 16 19:41:23.382247 np0000155678 nova-scheduler[108614]: DEBUG cotyledon.oslo_config_glue [-] oslo_limit.service_type = None {{(pid=108614) log_opt_values /opt/stack/data/venv/lib/python3.12/site-packages/oslo_config/cfg.py:2824}}
Feb 16 19:41:23.382247 np0000155678 nova-scheduler[108614]: DEBUG cotyledon.oslo_config_glue [-] oslo_limit.split_loggers = False {{(pid=108614) log_opt_values /opt/stack/data/venv/lib/python3.12/site-packages/oslo_config/cfg.py:2824}}
Feb 16 19:41:23.382247 np0000155678 nova-scheduler[108614]: DEBUG cotyledon.oslo_config_glue [-] oslo_limit.status_code_retries = None {{(pid=108614) log_opt_values /opt/stack/data/venv/lib/python3.12/site-packages/oslo_config/cfg.py:2824}}
Feb 16 19:41:23.382247 np0000155678 nova-scheduler[108614]: DEBUG cotyledon.oslo_config_glue [-] oslo_limit.status_code_retry_delay = None {{(pid=108614) log_opt_values /opt/stack/data/venv/lib/python3.12/site-packages/oslo_config/cfg.py:2824}}
Feb 16 19:41:23.382456 np0000155678 nova-scheduler[108614]: DEBUG cotyledon.oslo_config_glue [-] oslo_limit.timeout = None {{(pid=108614) log_opt_values /opt/stack/data/venv/lib/python3.12/site-packages/oslo_config/cfg.py:2824}}
Feb 16 19:41:23.382456 np0000155678 nova-scheduler[108614]: DEBUG cotyledon.oslo_config_glue [-] oslo_limit.valid_interfaces = None {{(pid=108614) log_opt_values /opt/stack/data/venv/lib/python3.12/site-packages/oslo_config/cfg.py:2824}}
Feb 16 19:41:23.382456 np0000155678 nova-scheduler[108614]: DEBUG cotyledon.oslo_config_glue [-] oslo_limit.version = None {{(pid=108614) log_opt_values /opt/stack/data/venv/lib/python3.12/site-packages/oslo_config/cfg.py:2824}}
Feb 16 19:41:23.382456 np0000155678 nova-scheduler[108614]: DEBUG cotyledon.oslo_config_glue [-] oslo_reports.file_event_handler = None {{(pid=108614) log_opt_values /opt/stack/data/venv/lib/python3.12/site-packages/oslo_config/cfg.py:2824}}
Feb 16 19:41:23.382456 np0000155678 nova-scheduler[108614]: DEBUG cotyledon.oslo_config_glue [-] oslo_reports.file_event_handler_interval = 1 {{(pid=108614) log_opt_values /opt/stack/data/venv/lib/python3.12/site-packages/oslo_config/cfg.py:2824}}
Feb 16 19:41:23.382456 np0000155678 nova-scheduler[108614]: DEBUG cotyledon.oslo_config_glue [-] oslo_reports.log_dir = None {{(pid=108614) log_opt_values /opt/stack/data/venv/lib/python3.12/site-packages/oslo_config/cfg.py:2824}}
Feb 16 19:41:23.382456 np0000155678 nova-scheduler[108614]: DEBUG cotyledon.oslo_config_glue [-] ******************************************************************************** {{(pid=108614) log_opt_values /opt/stack/data/venv/lib/python3.12/site-packages/oslo_config/cfg.py:2828}}
Feb 16 19:41:23.382456 np0000155678 nova-scheduler[108614]: DEBUG cotyledon._service_worker [-] Run service ServiceWrapper(3) [108614] {{(pid=108614) wait_forever /opt/stack/data/venv/lib/python3.12/site-packages/cotyledon/_service_worker.py:218}}
Feb 16 19:41:23.382456 np0000155678 nova-scheduler[108614]: INFO nova.service [-] Starting scheduler node (version 32.1.0)
Feb 16 19:41:23.383172 np0000155678 nova-scheduler[108607]: DEBUG oslo_db.sqlalchemy.engines [None req-6bf56b12-edf6-47e7-b926-abb1e199a94b None None] MySQL server mode set to STRICT_TRANS_TABLES,STRICT_ALL_TABLES,NO_ZERO_IN_DATE,NO_ZERO_DATE,ERROR_FOR_DIVISION_BY_ZERO,TRADITIONAL,NO_ENGINE_SUBSTITUTION {{(pid=108607) _check_effective_sql_mode /opt/stack/data/venv/lib/python3.12/site-packages/oslo_db/sqlalchemy/engines.py:325}}
Feb 16 19:41:23.383317 np0000155678 nova-scheduler[108601]: DEBUG nova.service [None req-c6d31a3c-3d4f-471f-a4fd-6bbc310c4adb None None] Creating RPC server for service scheduler {{(pid=108601) start /opt/stack/nova/nova/service.py:177}}
Feb 16 19:41:23.383482 np0000155678 nova-scheduler[108614]: INFO dbcounter [None req-c417cd08-aa09-4ec9-babf-9e12407a2a9f None None] Registered counter for database nova_cell0
Feb 16 19:41:23.389161 np0000155678 nova-scheduler[108614]: DEBUG oslo_db.sqlalchemy.engines [None req-c417cd08-aa09-4ec9-babf-9e12407a2a9f None None] MySQL server mode set to STRICT_TRANS_TABLES,STRICT_ALL_TABLES,NO_ZERO_IN_DATE,NO_ZERO_DATE,ERROR_FOR_DIVISION_BY_ZERO,TRADITIONAL,NO_ENGINE_SUBSTITUTION {{(pid=108614) _check_effective_sql_mode /opt/stack/data/venv/lib/python3.12/site-packages/oslo_db/sqlalchemy/engines.py:325}}
Feb 16 19:41:23.392324 np0000155678 nova-scheduler[108607]: DEBUG dbcounter [-] [108607] Writer thread running {{(pid=108607) stat_writer /opt/stack/data/venv/lib/python3.12/site-packages/dbcounter.py:102}}
Feb 16 19:41:23.394429 np0000155678 nova-scheduler[108590]: DEBUG nova.service [None req-ca56a160-557f-4f32-a2d1-620186feb4a6 None None] Join ServiceGroup membership for this service scheduler {{(pid=108590) start /opt/stack/nova/nova/service.py:194}}
Feb 16 19:41:23.394608 np0000155678 nova-scheduler[108590]: DEBUG nova.servicegroup.drivers.db [None req-ca56a160-557f-4f32-a2d1-620186feb4a6 None None] DB_Driver: join new ServiceGroup member np0000155678 to the scheduler group, service = {{(pid=108590) join /opt/stack/nova/nova/servicegroup/drivers/db.py:44}}
Feb 16 19:41:23.399357 np0000155678 nova-scheduler[108607]: DEBUG nova.service [None req-6bf56b12-edf6-47e7-b926-abb1e199a94b None None] Creating RPC server for service scheduler {{(pid=108607) start /opt/stack/nova/nova/service.py:177}}
Feb 16 19:41:23.401425 np0000155678 nova-scheduler[108614]: DEBUG dbcounter [-] [108614] Writer thread running {{(pid=108614) stat_writer /opt/stack/data/venv/lib/python3.12/site-packages/dbcounter.py:102}}
Feb 16 19:41:23.404831 np0000155678 nova-scheduler[108601]: DEBUG nova.service [None req-c6d31a3c-3d4f-471f-a4fd-6bbc310c4adb None None] Join ServiceGroup membership for this service scheduler {{(pid=108601) start /opt/stack/nova/nova/service.py:194}}
Feb 16 19:41:23.405063 np0000155678 nova-scheduler[108614]: DEBUG nova.service [None req-c417cd08-aa09-4ec9-babf-9e12407a2a9f None None] Creating RPC server for service scheduler {{(pid=108614) start /opt/stack/nova/nova/service.py:177}}
Feb 16 19:41:23.405154 np0000155678 nova-scheduler[108601]: DEBUG nova.servicegroup.drivers.db [None req-c6d31a3c-3d4f-471f-a4fd-6bbc310c4adb None None] DB_Driver: join new ServiceGroup member np0000155678 to the scheduler group, service = {{(pid=108601) join /opt/stack/nova/nova/servicegroup/drivers/db.py:44}}
Feb 16 19:41:23.426467 np0000155678 nova-scheduler[108614]: DEBUG nova.service [None req-c417cd08-aa09-4ec9-babf-9e12407a2a9f None None] Join ServiceGroup membership for this service scheduler {{(pid=108614) start /opt/stack/nova/nova/service.py:194}}
Feb 16 19:41:23.426977 np0000155678 nova-scheduler[108614]: DEBUG nova.servicegroup.drivers.db [None req-c417cd08-aa09-4ec9-babf-9e12407a2a9f None None] DB_Driver: join new ServiceGroup member np0000155678 to the scheduler group, service = {{(pid=108614) join /opt/stack/nova/nova/servicegroup/drivers/db.py:44}}
Feb 16 19:41:23.427698 np0000155678 nova-scheduler[108607]: DEBUG nova.service [None req-6bf56b12-edf6-47e7-b926-abb1e199a94b None None] Join ServiceGroup membership for this service scheduler {{(pid=108607) start /opt/stack/nova/nova/service.py:194}}
Feb 16 19:41:23.427874 np0000155678 nova-scheduler[108607]: DEBUG nova.servicegroup.drivers.db [None req-6bf56b12-edf6-47e7-b926-abb1e199a94b None None] DB_Driver: join new ServiceGroup member np0000155678 to the scheduler group, service = {{(pid=108607) join /opt/stack/nova/nova/servicegroup/drivers/db.py:44}}
Feb 16 19:41:28.413718 np0000155678 nova-scheduler[108590]: DEBUG oslo.service.backend._threading.loopingcall [-] Fixed interval looping call 'nova.servicegroup.drivers.db.DbDriver._report_state' sleeping for 119.98 seconds {{(pid=108590) _run_loop /opt/stack/data/venv/lib/python3.12/site-packages/oslo_service/backend/_threading/loopingcall.py:125}}
Feb 16 19:41:28.421017 np0000155678 nova-scheduler[108601]: DEBUG oslo.service.backend._threading.loopingcall [-] Fixed interval looping call 'nova.servicegroup.drivers.db.DbDriver._report_state' sleeping for 119.99 seconds {{(pid=108601) _run_loop /opt/stack/data/venv/lib/python3.12/site-packages/oslo_service/backend/_threading/loopingcall.py:125}}
Feb 16 19:41:28.441577 np0000155678 nova-scheduler[108614]: DEBUG oslo.service.backend._threading.loopingcall [-] Fixed interval looping call 'nova.servicegroup.drivers.db.DbDriver._report_state' sleeping for 119.99 seconds {{(pid=108614) _run_loop /opt/stack/data/venv/lib/python3.12/site-packages/oslo_service/backend/_threading/loopingcall.py:125}}
Feb 16 19:41:28.443911 np0000155678 nova-scheduler[108607]: DEBUG oslo.service.backend._threading.loopingcall [-] Fixed interval looping call 'nova.servicegroup.drivers.db.DbDriver._report_state' sleeping for 119.99 seconds {{(pid=108607) _run_loop /opt/stack/data/venv/lib/python3.12/site-packages/oslo_service/backend/_threading/loopingcall.py:125}}
Feb 16 19:41:32.016464 np0000155678 nova-scheduler[107841]: DEBUG dbcounter [-] [107841] Writing DB stats nova_api:SELECT=3 {{(pid=107841) stat_writer /opt/stack/data/venv/lib/python3.12/site-packages/dbcounter.py:115}}
Feb 16 19:41:32.113328 np0000155678 nova-scheduler[107841]: DEBUG dbcounter [-] [107841] Writing DB stats nova_cell0:SELECT=1 {{(pid=107841) stat_writer /opt/stack/data/venv/lib/python3.12/site-packages/dbcounter.py:115}}
Feb 16 19:41:32.119587 np0000155678 nova-scheduler[107841]: DEBUG dbcounter [-] [107841] Writing DB stats nova_cell1:SELECT=1 {{(pid=107841) stat_writer /opt/stack/data/venv/lib/python3.12/site-packages/dbcounter.py:115}}
Feb 16 19:41:37.430595 np0000155678 nova-scheduler[108607]: DEBUG oslo.service.backend._threading.loopingcall [None req-9d147749-d96a-44c0-8cd6-ccfd903199d8 None None] Dynamic interval looping call 'nova.service.Service.periodic_tasks' sleeping for 60.00 seconds {{(pid=108607) _run_loop /opt/stack/data/venv/lib/python3.12/site-packages/oslo_service/backend/_threading/loopingcall.py:125}}
Feb 16 19:41:38.408006 np0000155678 nova-scheduler[108590]: DEBUG dbcounter [-] [108590] Writing DB stats nova_cell0:SELECT=4,nova_cell0:INSERT=1,nova_cell0:UPDATE=1 {{(pid=108590) stat_writer /opt/stack/data/venv/lib/python3.12/site-packages/dbcounter.py:115}}
Feb 16 19:41:38.418040 np0000155678 nova-scheduler[108601]: DEBUG dbcounter [-] [108601] Writing DB stats nova_cell0:SELECT=3 {{(pid=108601) stat_writer /opt/stack/data/venv/lib/python3.12/site-packages/dbcounter.py:115}}
Feb 16 19:41:38.438540 np0000155678 nova-scheduler[108614]: DEBUG dbcounter [-] [108614] Writing DB stats nova_cell0:SELECT=3 {{(pid=108614) stat_writer /opt/stack/data/venv/lib/python3.12/site-packages/dbcounter.py:115}}
Feb 16 19:41:38.440146 np0000155678 nova-scheduler[108607]: DEBUG dbcounter [-] [108607] Writing DB stats nova_cell0:SELECT=3 {{(pid=108607) stat_writer /opt/stack/data/venv/lib/python3.12/site-packages/dbcounter.py:115}}
Feb 16 19:41:47.408011 np0000155678 nova-scheduler[108601]: DEBUG oslo.service.backend._threading.loopingcall [None req-c217d0a8-6ff6-4320-bbf6-237123806ada None None] Dynamic interval looping call 'nova.service.Service.periodic_tasks' sleeping for 60.00 seconds {{(pid=108601) _run_loop /opt/stack/data/venv/lib/python3.12/site-packages/oslo_service/backend/_threading/loopingcall.py:125}}
Feb 16 19:41:53.398238 np0000155678 nova-scheduler[108590]: DEBUG oslo.service.backend._threading.loopingcall [None req-047ae201-56f3-4838-9e4c-18779de9c9f1 None None] Dynamic interval looping call 'nova.service.Service.periodic_tasks' sleeping for 60.00 seconds {{(pid=108590) _run_loop /opt/stack/data/venv/lib/python3.12/site-packages/oslo_service/backend/_threading/loopingcall.py:125}}
Feb 16 19:42:17.429805 np0000155678 nova-scheduler[108614]: DEBUG oslo.service.backend._threading.loopingcall [None req-19d82eaf-63ec-48d4-8c29-7cdf93d357b0 None None] Dynamic interval looping call 'nova.service.Service.periodic_tasks' sleeping for 60.00 seconds {{(pid=108614) _run_loop /opt/stack/data/venv/lib/python3.12/site-packages/oslo_service/backend/_threading/loopingcall.py:125}}
Feb 16 19:42:37.431821 np0000155678 nova-scheduler[108607]: DEBUG oslo.service.backend._threading.loopingcall [None req-9d147749-d96a-44c0-8cd6-ccfd903199d8 None None] Dynamic interval looping call 'nova.service.Service.periodic_tasks' sleeping for 60.00 seconds {{(pid=108607) _run_loop /opt/stack/data/venv/lib/python3.12/site-packages/oslo_service/backend/_threading/loopingcall.py:125}}
Feb 16 19:42:47.408669 np0000155678 nova-scheduler[108601]: DEBUG oslo.service.backend._threading.loopingcall [None req-c217d0a8-6ff6-4320-bbf6-237123806ada None None] Dynamic interval looping call 'nova.service.Service.periodic_tasks' sleeping for 60.00 seconds {{(pid=108601) _run_loop /opt/stack/data/venv/lib/python3.12/site-packages/oslo_service/backend/_threading/loopingcall.py:125}}
Feb 16 19:42:53.399243 np0000155678 nova-scheduler[108590]: DEBUG oslo.service.backend._threading.loopingcall [None req-047ae201-56f3-4838-9e4c-18779de9c9f1 None None] Dynamic interval looping call 'nova.service.Service.periodic_tasks' sleeping for 60.00 seconds {{(pid=108590) _run_loop /opt/stack/data/venv/lib/python3.12/site-packages/oslo_service/backend/_threading/loopingcall.py:125}}
Feb 16 19:43:17.430332 np0000155678 nova-scheduler[108614]: DEBUG oslo.service.backend._threading.loopingcall [None req-19d82eaf-63ec-48d4-8c29-7cdf93d357b0 None None] Dynamic interval looping call 'nova.service.Service.periodic_tasks' sleeping for 60.00 seconds {{(pid=108614) _run_loop /opt/stack/data/venv/lib/python3.12/site-packages/oslo_service/backend/_threading/loopingcall.py:125}}
Feb 16 19:43:28.448355 np0000155678 nova-scheduler[108590]: DEBUG oslo.service.backend._threading.loopingcall [-] Fixed interval looping call 'nova.servicegroup.drivers.db.DbDriver._report_state' sleeping for 119.95 seconds {{(pid=108590) _run_loop /opt/stack/data/venv/lib/python3.12/site-packages/oslo_service/backend/_threading/loopingcall.py:125}}
Feb 16 19:43:28.448928 np0000155678 nova-scheduler[108601]: DEBUG oslo.service.backend._threading.loopingcall [-] Fixed interval looping call 'nova.servicegroup.drivers.db.DbDriver._report_state' sleeping for 119.96 seconds {{(pid=108601) _run_loop /opt/stack/data/venv/lib/python3.12/site-packages/oslo_service/backend/_threading/loopingcall.py:125}}
Feb 16 19:43:28.450191 np0000155678 nova-scheduler[108614]: DEBUG oslo.service.backend._threading.loopingcall [-] Fixed interval looping call 'nova.servicegroup.drivers.db.DbDriver._report_state' sleeping for 119.98 seconds {{(pid=108614) _run_loop /opt/stack/data/venv/lib/python3.12/site-packages/oslo_service/backend/_threading/loopingcall.py:125}}
Feb 16 19:43:28.450580 np0000155678 nova-scheduler[108607]: DEBUG oslo.service.backend._threading.loopingcall [-] Fixed interval looping call 'nova.servicegroup.drivers.db.DbDriver._report_state' sleeping for 119.98 seconds {{(pid=108607) _run_loop /opt/stack/data/venv/lib/python3.12/site-packages/oslo_service/backend/_threading/loopingcall.py:125}}
Feb 16 19:43:37.432553 np0000155678 nova-scheduler[108607]: DEBUG oslo.service.backend._threading.loopingcall [None req-9d147749-d96a-44c0-8cd6-ccfd903199d8 None None] Dynamic interval looping call 'nova.service.Service.periodic_tasks' sleeping for 60.00 seconds {{(pid=108607) _run_loop /opt/stack/data/venv/lib/python3.12/site-packages/oslo_service/backend/_threading/loopingcall.py:125}}
Feb 16 19:43:38.399529 np0000155678 nova-scheduler[108590]: DEBUG dbcounter [-] [108590] Writing DB stats nova_cell0:SELECT=1,nova_cell0:UPDATE=1 {{(pid=108590) stat_writer /opt/stack/data/venv/lib/python3.12/site-packages/dbcounter.py:115}}
Feb 16 19:43:38.420531 np0000155678 nova-scheduler[108601]: DEBUG dbcounter [-] [108601] Writing DB stats nova_cell0:SELECT=1,nova_cell0:UPDATE=1 {{(pid=108601) stat_writer /opt/stack/data/venv/lib/python3.12/site-packages/dbcounter.py:115}}
Feb 16 19:43:38.436303 np0000155678 nova-scheduler[108614]: DEBUG dbcounter [-] [108614] Writing DB stats nova_cell0:SELECT=1,nova_cell0:UPDATE=1 {{(pid=108614) stat_writer /opt/stack/data/venv/lib/python3.12/site-packages/dbcounter.py:115}}
Feb 16 19:43:38.440264 np0000155678 nova-scheduler[108607]: DEBUG dbcounter [-] [108607] Writing DB stats nova_cell0:SELECT=1,nova_cell0:UPDATE=1 {{(pid=108607) stat_writer /opt/stack/data/venv/lib/python3.12/site-packages/dbcounter.py:115}}
Feb 16 19:43:47.409377 np0000155678 nova-scheduler[108601]: DEBUG oslo.service.backend._threading.loopingcall [None req-c217d0a8-6ff6-4320-bbf6-237123806ada None None] Dynamic interval looping call 'nova.service.Service.periodic_tasks' sleeping for 60.00 seconds {{(pid=108601) _run_loop /opt/stack/data/venv/lib/python3.12/site-packages/oslo_service/backend/_threading/loopingcall.py:125}}
Feb 16 19:43:53.400005 np0000155678 nova-scheduler[108590]: DEBUG oslo.service.backend._threading.loopingcall [None req-047ae201-56f3-4838-9e4c-18779de9c9f1 None None] Dynamic interval looping call 'nova.service.Service.periodic_tasks' sleeping for 60.00 seconds {{(pid=108590) _run_loop /opt/stack/data/venv/lib/python3.12/site-packages/oslo_service/backend/_threading/loopingcall.py:125}}
Feb 16 19:44:17.431056 np0000155678 nova-scheduler[108614]: DEBUG oslo.service.backend._threading.loopingcall [None req-19d82eaf-63ec-48d4-8c29-7cdf93d357b0 None None] Dynamic interval looping call 'nova.service.Service.periodic_tasks' sleeping for 60.00 seconds {{(pid=108614) _run_loop /opt/stack/data/venv/lib/python3.12/site-packages/oslo_service/backend/_threading/loopingcall.py:125}}
Feb 16 19:44:37.433360 np0000155678 nova-scheduler[108607]: DEBUG oslo.service.backend._threading.loopingcall [None req-9d147749-d96a-44c0-8cd6-ccfd903199d8 None None] Dynamic interval looping call 'nova.service.Service.periodic_tasks' sleeping for 60.00 seconds {{(pid=108607) _run_loop /opt/stack/data/venv/lib/python3.12/site-packages/oslo_service/backend/_threading/loopingcall.py:125}}
Feb 16 19:44:47.410873 np0000155678 nova-scheduler[108601]: DEBUG oslo.service.backend._threading.loopingcall [None req-c217d0a8-6ff6-4320-bbf6-237123806ada None None] Dynamic interval looping call 'nova.service.Service.periodic_tasks' sleeping for 60.00 seconds {{(pid=108601) _run_loop /opt/stack/data/venv/lib/python3.12/site-packages/oslo_service/backend/_threading/loopingcall.py:125}}
Feb 16 19:44:53.400707 np0000155678 nova-scheduler[108590]: DEBUG oslo.service.backend._threading.loopingcall [None req-047ae201-56f3-4838-9e4c-18779de9c9f1 None None] Dynamic interval looping call 'nova.service.Service.periodic_tasks' sleeping for 60.00 seconds {{(pid=108590) _run_loop /opt/stack/data/venv/lib/python3.12/site-packages/oslo_service/backend/_threading/loopingcall.py:125}}
Feb 16 19:45:17.431591 np0000155678 nova-scheduler[108614]: DEBUG oslo.service.backend._threading.loopingcall [None req-19d82eaf-63ec-48d4-8c29-7cdf93d357b0 None None] Dynamic interval looping call 'nova.service.Service.periodic_tasks' sleeping for 60.00 seconds {{(pid=108614) _run_loop /opt/stack/data/venv/lib/python3.12/site-packages/oslo_service/backend/_threading/loopingcall.py:125}}
Feb 16 19:45:28.410215 np0000155678 nova-scheduler[108590]: DEBUG oslo.service.backend._threading.loopingcall [-] Fixed interval looping call 'nova.servicegroup.drivers.db.DbDriver._report_state' sleeping for 119.99 seconds {{(pid=108590) _run_loop /opt/stack/data/venv/lib/python3.12/site-packages/oslo_service/backend/_threading/loopingcall.py:125}}
Feb 16 19:45:28.412699 np0000155678 nova-scheduler[108601]: DEBUG oslo.service.backend._threading.loopingcall [-] Fixed interval looping call 'nova.servicegroup.drivers.db.DbDriver._report_state' sleeping for 120.00 seconds {{(pid=108601) _run_loop /opt/stack/data/venv/lib/python3.12/site-packages/oslo_service/backend/_threading/loopingcall.py:125}}
Feb 16 19:45:28.435391 np0000155678 nova-scheduler[108607]: DEBUG oslo.service.backend._threading.loopingcall [-] Fixed interval looping call 'nova.servicegroup.drivers.db.DbDriver._report_state' sleeping for 120.00 seconds {{(pid=108607) _run_loop /opt/stack/data/venv/lib/python3.12/site-packages/oslo_service/backend/_threading/loopingcall.py:125}}
Feb 16 19:45:28.435837 np0000155678 nova-scheduler[108614]: DEBUG oslo.service.backend._threading.loopingcall [-] Fixed interval looping call 'nova.servicegroup.drivers.db.DbDriver._report_state' sleeping for 120.00 seconds {{(pid=108614) _run_loop /opt/stack/data/venv/lib/python3.12/site-packages/oslo_service/backend/_threading/loopingcall.py:125}}
Feb 16 19:45:37.433877 np0000155678 nova-scheduler[108607]: DEBUG oslo.service.backend._threading.loopingcall [None req-9d147749-d96a-44c0-8cd6-ccfd903199d8 None None] Dynamic interval looping call 'nova.service.Service.periodic_tasks' sleeping for 60.00 seconds {{(pid=108607) _run_loop /opt/stack/data/venv/lib/python3.12/site-packages/oslo_service/backend/_threading/loopingcall.py:125}}
Feb 16 19:45:38.404443 np0000155678 nova-scheduler[108590]: DEBUG dbcounter [-] [108590] Writing DB stats nova_cell0:SELECT=1,nova_cell0:UPDATE=1 {{(pid=108590) stat_writer /opt/stack/data/venv/lib/python3.12/site-packages/dbcounter.py:115}}
Feb 16 19:45:38.411031 np0000155678 nova-scheduler[108601]: DEBUG dbcounter [-] [108601] Writing DB stats nova_cell0:SELECT=1 {{(pid=108601) stat_writer /opt/stack/data/venv/lib/python3.12/site-packages/dbcounter.py:115}}
Feb 16 19:45:38.433526 np0000155678 nova-scheduler[108614]: DEBUG dbcounter [-] [108614] Writing DB stats nova_cell0:SELECT=1 {{(pid=108614) stat_writer /opt/stack/data/venv/lib/python3.12/site-packages/dbcounter.py:115}}
Feb 16 19:45:38.434146 np0000155678 nova-scheduler[108607]: DEBUG dbcounter [-] [108607] Writing DB stats nova_cell0:SELECT=1 {{(pid=108607) stat_writer /opt/stack/data/venv/lib/python3.12/site-packages/dbcounter.py:115}}
