2026-07-01 08:36:20.464 7 INFO placement.requestlog [req-ea34e025-7cb8-4c0c-9b3a-888323aee1d1 req-7c1df5e2-dcbc-4f2d-95cf-9ab1a8b059d0 6554393bdf714660ae601519dd245b6a f9fb9a9f9cb94349b2b09b518b11bb22 - - 92528f82975c46bdaab9e69bfb83a290 92528f82975c46bdaab9e69bfb83a290] 199.204.45.74 "GET /resource_providers/9986486a-257c-41a0-b843-f4c32f3ef1d4/allocations" status: 200 len: 238 microversion: 1.0 [pid: 7|app: 0|req: 382/760] 199.204.45.74 () {32 vars in 855 bytes} [Wed Jul 1 08:36:20 2026] GET /resource_providers/9986486a-257c-41a0-b843-f4c32f3ef1d4/allocations => generated 238 bytes in 18 msecs (HTTP/1.1 200) 6 headers in 224 bytes (1 switches on core 0)
2026-07-01 08:36:20.488 8 INFO placement.requestlog [req-ea34e025-7cb8-4c0c-9b3a-888323aee1d1 req-2bb9a94d-5919-487c-bedf-f1d800ea8541 6554393bdf714660ae601519dd245b6a f9fb9a9f9cb94349b2b09b518b11bb22 - - 92528f82975c46bdaab9e69bfb83a290 92528f82975c46bdaab9e69bfb83a290] 199.204.45.74 "GET /allocations/cabed782-f1bf-473a-aba7-a8d049857992" status: 200 len: 243 microversion: 1.28 [pid: 8|app: 0|req: 379/761] 199.204.45.74 () {34 vars in 861 bytes} [Wed Jul 1 08:36:20 2026] GET /allocations/cabed782-f1bf-473a-aba7-a8d049857992 => generated 243 bytes in 16 msecs (HTTP/1.1 200) 8 headers in 296 bytes (1 switches on core 0)
2026-07-01 08:36:20.510 7 INFO placement.requestlog [req-ea34e025-7cb8-4c0c-9b3a-888323aee1d1 req-e0843643-51fa-42c7-9ceb-5533db9591e2 6554393bdf714660ae601519dd245b6a f9fb9a9f9cb94349b2b09b518b11bb22 - - 92528f82975c46bdaab9e69bfb83a290 92528f82975c46bdaab9e69bfb83a290] 199.204.45.74 "GET /allocations/57a538c8-6e88-4745-b970-9df6610fefa0" status: 200 len: 257 microversion: 1.28 [pid: 7|app: 0|req: 383/762] 199.204.45.74 () {34 vars in 861 bytes} [Wed Jul 1 08:36:20 2026] GET /allocations/57a538c8-6e88-4745-b970-9df6610fefa0 => generated 257 bytes in 16 msecs (HTTP/1.1 200) 8 headers in 296 bytes (1 switches on core 0)
2026-07-01 08:36:21.564 8 INFO placement.requestlog [req-4b396416-299c-4e3a-8280-b7801402b390 req-59eba019-0835-477b-a3a0-eea3c9ed2e83 6554393bdf714660ae601519dd245b6a f9fb9a9f9cb94349b2b09b518b11bb22 - - 92528f82975c46bdaab9e69bfb83a290 92528f82975c46bdaab9e69bfb83a290] 199.204.45.74 "GET /resource_providers/9986486a-257c-41a0-b843-f4c32f3ef1d4/allocations" status: 200 len: 238 microversion: 1.0 [pid: 8|app: 0|req: 380/763] 199.204.45.74 () {32 vars in 855 bytes} [Wed Jul 1 08:36:21 2026] GET /resource_providers/9986486a-257c-41a0-b843-f4c32f3ef1d4/allocations => generated 238 bytes in 19 msecs (HTTP/1.1 200) 6 headers in 224 bytes (1 switches on core 0)
2026-07-01 08:36:21.588 7 INFO placement.requestlog [req-4b396416-299c-4e3a-8280-b7801402b390 req-29b2aff4-8c8d-4f05-ab24-a7a649a807fe 6554393bdf714660ae601519dd245b6a f9fb9a9f9cb94349b2b09b518b11bb22 - - 92528f82975c46bdaab9e69bfb83a290 92528f82975c46bdaab9e69bfb83a290] 199.204.45.74 "GET /allocations/cabed782-f1bf-473a-aba7-a8d049857992" status: 200 len: 243 microversion: 1.28 [pid: 7|app: 0|req: 384/764] 199.204.45.74 () {34 vars in 861 bytes} [Wed Jul 1 08:36:21 2026] GET /allocations/cabed782-f1bf-473a-aba7-a8d049857992 => generated 243 bytes in 17 msecs (HTTP/1.1 200) 8 headers in 296 bytes (1 switches on core 0)
2026-07-01 08:36:21.609 8 INFO placement.requestlog [req-4b396416-299c-4e3a-8280-b7801402b390 req-3f0d622c-8b63-4e09-aa23-84b5c6033058 6554393bdf714660ae601519dd245b6a f9fb9a9f9cb94349b2b09b518b11bb22 - - 92528f82975c46bdaab9e69bfb83a290 92528f82975c46bdaab9e69bfb83a290] 199.204.45.74 "GET /allocations/57a538c8-6e88-4745-b970-9df6610fefa0" status: 200 len: 257 microversion: 1.28 [pid: 8|app: 0|req: 381/765] 199.204.45.74 () {34 vars in 861 bytes} [Wed Jul 1 08:36:21 2026] GET /allocations/57a538c8-6e88-4745-b970-9df6610fefa0 => generated 257 bytes in 14 msecs (HTTP/1.1 200) 8 headers in 296 bytes (1 switches on core 0)
2026-07-01 08:36:22.621 8 INFO placement.requestlog [None req-3a814ee4-0b31-4a38-b790-b37f6bf3e920 - - - - - -] 10.0.0.21 "GET /" status: 200 len: 136 microversion: 1.0
2026-07-01 08:36:22.622 7 INFO placement.requestlog [None req-e9a6203d-ae95-4638-b59f-2a863c036e82 - - - - - -] 10.0.0.21 "GET /" status: 200 len: 136 microversion: 1.0
2026-07-01 08:36:22.670 8 INFO placement.requestlog [req-4b396416-299c-4e3a-8280-b7801402b390 req-4f973e72-2a31-4134-a741-ff9c7f144f1f 6554393bdf714660ae601519dd245b6a f9fb9a9f9cb94349b2b09b518b11bb22 - - 92528f82975c46bdaab9e69bfb83a290 92528f82975c46bdaab9e69bfb83a290] 199.204.45.74 "DELETE /allocations/57a538c8-6e88-4745-b970-9df6610fefa0" status: 204 len: 0 microversion: 1.0 [pid: 8|app: 0|req: 383/768] 199.204.45.74 () {34 vars in 839 bytes} [Wed Jul 1 08:36:22 2026] DELETE /allocations/57a538c8-6e88-4745-b970-9df6610fefa0 => generated 0 bytes in 36 msecs (HTTP/1.1 204) 5 headers in 198 bytes (1 switches on core 0)
2026-07-01 08:36:27.925 7 INFO placement.requestlog [None req-d43de0b9-1e1a-47b3-afc6-0985af52a3d8 ceb89a06057345148043faeaccaa6b08 f9fb9a9f9cb94349b2b09b518b11bb22 - - 92528f82975c46bdaab9e69bfb83a290 92528f82975c46bdaab9e69bfb83a290] 10.0.0.187 "GET /resource_providers/721dd470-b7e6-4e3e-9c3d-bcd27cc6ded6/aggregates" status: 404 len: 235 microversion: 1.1 [pid: 7|app: 0|req: 386/769] 10.0.0.187 () {32 vars in 824 bytes} [Wed Jul 1 08:36:27 2026] GET /resource_providers/721dd470-b7e6-4e3e-9c3d-bcd27cc6ded6/aggregates => generated 235 bytes in 10 msecs (HTTP/1.1 404) 5 headers in 202 bytes (1 switches on core 0)
2026-07-01 08:36:27.927 8 INFO placement.requestlog [None req-39e6d989-70ca-4c03-97b4-7704fb4a0324 ceb89a06057345148043faeaccaa6b08 f9fb9a9f9cb94349b2b09b518b11bb22 - - 92528f82975c46bdaab9e69bfb83a290 92528f82975c46bdaab9e69bfb83a290] 10.0.0.187 "GET /resource_providers/721dd470-b7e6-4e3e-9c3d-bcd27cc6ded6/aggregates" status: 404 len: 235 microversion: 1.1 [pid: 8|app: 0|req: 384/770] 10.0.0.187 () {32 vars in 824 bytes} [Wed Jul 1 08:36:27 2026] GET /resource_providers/721dd470-b7e6-4e3e-9c3d-bcd27cc6ded6/aggregates => generated 235 bytes in 12 msecs (HTTP/1.1 404) 5 headers in 202 bytes (1 switches on core 0)
2026-07-01 08:36:27.941 7 INFO placement.requestlog [None req-d38adcd0-ad75-489f-9ade-1cb5a2d429bd ceb89a06057345148043faeaccaa6b08 f9fb9a9f9cb94349b2b09b518b11bb22 - - 92528f82975c46bdaab9e69bfb83a290 92528f82975c46bdaab9e69bfb83a290] 10.0.0.187 "DELETE /resource_providers/721dd470-b7e6-4e3e-9c3d-bcd27cc6ded6" status: 404 len: 246 microversion: 1.1 [pid: 7|app: 0|req: 387/771] 10.0.0.187 () {34 vars in 824 bytes} [Wed Jul 1 08:36:27 2026] DELETE /resource_providers/721dd470-b7e6-4e3e-9c3d-bcd27cc6ded6 => generated 246 bytes in 8 msecs (HTTP/1.1 404) 6 headers in 231 bytes (1 switches on core 0)
2026-07-01 08:36:27.946 8 INFO placement.requestlog [None req-db7f882d-f127-4c71-bb33-10899a49808a ceb89a06057345148043faeaccaa6b08 f9fb9a9f9cb94349b2b09b518b11bb22 - - 92528f82975c46bdaab9e69bfb83a290 92528f82975c46bdaab9e69bfb83a290] 10.0.0.187 "DELETE /resource_providers/721dd470-b7e6-4e3e-9c3d-bcd27cc6ded6" status: 404 len: 246 microversion: 1.1 [pid: 8|app: 0|req: 385/772] 10.0.0.187 () {34 vars in 824 bytes} [Wed Jul 1 08:36:27 2026] DELETE /resource_providers/721dd470-b7e6-4e3e-9c3d-bcd27cc6ded6 => generated 246 bytes in 11 msecs (HTTP/1.1 404) 6 headers in 231 bytes (1 switches on core 0)
2026-07-01 08:36:29.629 7 INFO placement.requestlog [req-dd962adb-7241-4539-9644-7be310219404 req-8abb2ef4-48fd-4523-b639-378ced8066eb 6554393bdf714660ae601519dd245b6a f9fb9a9f9cb94349b2b09b518b11bb22 - - 92528f82975c46bdaab9e69bfb83a290 92528f82975c46bdaab9e69bfb83a290] 10.0.0.124 "GET /allocation_candidates?limit=1000&resources=DISK_GB%3A1%2CMEMORY_MB%3A512%2CVCPU%3A1&root_required=%21COMPUTE_STATUS_DISABLED" status: 200 len: 2386 microversion: 1.36 [pid: 7|app: 0|req: 388/773] 10.0.0.124 () {34 vars in 1011 bytes} [Wed Jul 1 08:36:29 2026] GET /allocation_candidates?limit=1000&resources=DISK_GB%3A1%2CMEMORY_MB%3A512%2CVCPU%3A1&root_required=%21COMPUTE_STATUS_DISABLED => generated 2386 bytes in 43 msecs (HTTP/1.1 200) 8 headers in 297 bytes (1 switches on core 0)
2026-07-01 08:36:29.663 8 INFO placement.requestlog [req-dd962adb-7241-4539-9644-7be310219404 req-ad7e187d-03cb-42b0-9157-efa30127b4aa 6554393bdf714660ae601519dd245b6a f9fb9a9f9cb94349b2b09b518b11bb22 - - 92528f82975c46bdaab9e69bfb83a290 92528f82975c46bdaab9e69bfb83a290] 10.0.0.124 "GET /allocations/d194899f-50b9-4b09-9cd9-9fbb34591f12" status: 200 len: 19 microversion: 1.28 [pid: 8|app: 0|req: 386/774] 10.0.0.124 () {34 vars in 860 bytes} [Wed Jul 1 08:36:29 2026] GET /allocations/d194899f-50b9-4b09-9cd9-9fbb34591f12 => generated 19 bytes in 13 msecs (HTTP/1.1 200) 8 headers in 295 bytes (1 switches on core 0)
2026-07-01 08:36:29.756 7 INFO placement.requestlog [req-dd962adb-7241-4539-9644-7be310219404 req-fc8f3c00-680b-4c41-962d-f692b82d61db 6554393bdf714660ae601519dd245b6a f9fb9a9f9cb94349b2b09b518b11bb22 - - 92528f82975c46bdaab9e69bfb83a290 92528f82975c46bdaab9e69bfb83a290] 10.0.0.124 "PUT /allocations/d194899f-50b9-4b09-9cd9-9fbb34591f12" status: 204 len: 0 microversion: 1.36 [pid: 7|app: 0|req: 389/775] 10.0.0.124 () {38 vars in 913 bytes} [Wed Jul 1 08:36:29 2026] PUT /allocations/d194899f-50b9-4b09-9cd9-9fbb34591f12 => generated 0 bytes in 89 msecs (HTTP/1.1 204) 5 headers in 199 bytes (1 switches on core 0)
2026-07-01 08:36:31.262 8 INFO placement.requestlog [req-dd962adb-7241-4539-9644-7be310219404 req-f50aec2a-9c8d-4ce0-a554-6725bfebfd03 6554393bdf714660ae601519dd245b6a f9fb9a9f9cb94349b2b09b518b11bb22 - - 92528f82975c46bdaab9e69bfb83a290 92528f82975c46bdaab9e69bfb83a290] 199.204.45.74 "GET /allocations/d194899f-50b9-4b09-9cd9-9fbb34591f12" status: 200 len: 257 microversion: 1.28 [pid: 8|app: 0|req: 387/776] 199.204.45.74 () {34 vars in 861 bytes} [Wed Jul 1 08:36:31 2026] GET /allocations/d194899f-50b9-4b09-9cd9-9fbb34591f12 => generated 257 bytes in 22 msecs (HTTP/1.1 200) 8 headers in 296 bytes (1 switches on core 0)
2026-07-01 08:36:32.311 7 INFO placement.requestlog [req-dd962adb-7241-4539-9644-7be310219404 req-d6c3426f-ac42-4ee0-8b0c-a957d08c13c4 6554393bdf714660ae601519dd245b6a f9fb9a9f9cb94349b2b09b518b11bb22 - - 92528f82975c46bdaab9e69bfb83a290 92528f82975c46bdaab9e69bfb83a290] 199.204.45.74 "GET /resource_providers/9986486a-257c-41a0-b843-f4c32f3ef1d4/allocations" status: 200 len: 238 microversion: 1.0 [pid: 7|app: 0|req: 390/777] 199.204.45.74 () {32 vars in 855 bytes} [Wed Jul 1 08:36:32 2026] GET /resource_providers/9986486a-257c-41a0-b843-f4c32f3ef1d4/allocations => generated 238 bytes in 25 msecs (HTTP/1.1 200) 6 headers in 224 bytes (1 switches on core 0)
2026-07-01 08:36:32.337 8 INFO placement.requestlog [req-dd962adb-7241-4539-9644-7be310219404 req-597b99c9-a7a2-4e59-bee7-3ae1bc080be6 6554393bdf714660ae601519dd245b6a f9fb9a9f9cb94349b2b09b518b11bb22 - - 92528f82975c46bdaab9e69bfb83a290 92528f82975c46bdaab9e69bfb83a290] 199.204.45.74 "GET /allocations/d194899f-50b9-4b09-9cd9-9fbb34591f12" status: 200 len: 257 microversion: 1.28 [pid: 8|app: 0|req: 388/778] 199.204.45.74 () {34 vars in 861 bytes} [Wed Jul 1 08:36:32 2026] GET /allocations/d194899f-50b9-4b09-9cd9-9fbb34591f12 => generated 257 bytes in 17 msecs (HTTP/1.1 200) 8 headers in 296 bytes (1 switches on core 0)
2026-07-01 08:36:32.362 7 INFO placement.requestlog [req-dd962adb-7241-4539-9644-7be310219404 req-142f496e-8827-4263-a5f4-b05994abc302 6554393bdf714660ae601519dd245b6a f9fb9a9f9cb94349b2b09b518b11bb22 - - 92528f82975c46bdaab9e69bfb83a290 92528f82975c46bdaab9e69bfb83a290] 199.204.45.74 "GET /allocations/cabed782-f1bf-473a-aba7-a8d049857992" status: 200 len: 243 microversion: 1.28 [pid: 7|app: 0|req: 391/779] 199.204.45.74 () {34 vars in 861 bytes} [Wed Jul 1 08:36:32 2026] GET /allocations/cabed782-f1bf-473a-aba7-a8d049857992 => generated 243 bytes in 19 msecs (HTTP/1.1 200) 8 headers in 296 bytes (1 switches on core 0)
2026-07-01 08:36:32.621 7 INFO placement.requestlog [None req-f75e6d39-e496-498c-aa1c-e4d405f89538 - - - - - -] 10.0.0.21 "GET /" status: 200 len: 136 microversion: 1.0
2026-07-01 08:36:32.621 8 INFO placement.requestlog [None req-48eebcd8-89f0-458d-b451-6753bcfd1348 - - - - - -] 10.0.0.21 "GET /" status: 200 len: 136 microversion: 1.0
2026-07-01 08:36:39.904 7 INFO placement.requestlog [req-5fd27b5f-3700-4e2e-b431-4ee6ffe18e2e req-e84d81a7-86fd-419c-ab4d-90c925810893 6554393bdf714660ae601519dd245b6a f9fb9a9f9cb94349b2b09b518b11bb22 - - 92528f82975c46bdaab9e69bfb83a290 92528f82975c46bdaab9e69bfb83a290] 199.204.45.74 "GET /resource_providers/9986486a-257c-41a0-b843-f4c32f3ef1d4/allocations" status: 200 len: 238 microversion: 1.0 [pid: 7|app: 0|req: 393/782] 199.204.45.74 () {32 vars in 855 bytes} [Wed Jul 1 08:36:39 2026] GET /resource_providers/9986486a-257c-41a0-b843-f4c32f3ef1d4/allocations => generated 238 bytes in 33 msecs (HTTP/1.1 200) 6 headers in 224 bytes (1 switches on core 0)
2026-07-01 08:36:39.925 8 INFO placement.requestlog [req-5fd27b5f-3700-4e2e-b431-4ee6ffe18e2e req-cb055135-1cda-4b21-8f24-b4edba6c7d63 6554393bdf714660ae601519dd245b6a f9fb9a9f9cb94349b2b09b518b11bb22 - - 92528f82975c46bdaab9e69bfb83a290 92528f82975c46bdaab9e69bfb83a290] 199.204.45.74 "GET /allocations/d194899f-50b9-4b09-9cd9-9fbb34591f12" status: 200 len: 257 microversion: 1.28 [pid: 8|app: 0|req: 390/783] 199.204.45.74 () {34 vars in 861 bytes} [Wed Jul 1 08:36:39 2026] GET /allocations/d194899f-50b9-4b09-9cd9-9fbb34591f12 => generated 257 bytes in 14 msecs (HTTP/1.1 200) 8 headers in 296 bytes (1 switches on core 0)
2026-07-01 08:36:39.948 7 INFO placement.requestlog [req-5fd27b5f-3700-4e2e-b431-4ee6ffe18e2e req-64088e7f-9f5d-42d4-9e2e-d7b70b26b2f5 6554393bdf714660ae601519dd245b6a f9fb9a9f9cb94349b2b09b518b11bb22 - - 92528f82975c46bdaab9e69bfb83a290 92528f82975c46bdaab9e69bfb83a290] 199.204.45.74 "GET /allocations/cabed782-f1bf-473a-aba7-a8d049857992" status: 200 len: 243 microversion: 1.28 [pid: 7|app: 0|req: 394/784] 199.204.45.74 () {34 vars in 861 bytes} [Wed Jul 1 08:36:39 2026] GET /allocations/cabed782-f1bf-473a-aba7-a8d049857992 => generated 243 bytes in 19 msecs (HTTP/1.1 200) 8 headers in 296 bytes (1 switches on core 0)
2026-07-01 08:36:41.016 8 INFO placement.requestlog [req-5fd27b5f-3700-4e2e-b431-4ee6ffe18e2e req-7d4c7666-2baf-4f25-a3d3-51b52b6a0690 6554393bdf714660ae601519dd245b6a f9fb9a9f9cb94349b2b09b518b11bb22 - - 92528f82975c46bdaab9e69bfb83a290 92528f82975c46bdaab9e69bfb83a290] 199.204.45.74 "DELETE /allocations/cabed782-f1bf-473a-aba7-a8d049857992" status: 204 len: 0 microversion: 1.0 [pid: 8|app: 0|req: 391/785] 199.204.45.74 () {34 vars in 839 bytes} [Wed Jul 1 08:36:40 2026] DELETE /allocations/cabed782-f1bf-473a-aba7-a8d049857992 => generated 0 bytes in 39 msecs (HTTP/1.1 204) 5 headers in 198 bytes (1 switches on core 0)
2026-07-01 08:36:42.621 7 INFO placement.requestlog [None req-cadf7bb8-69a1-444e-9984-086fc25ac716 - - - - - -] 10.0.0.21 "GET /" status: 200 len: 136 microversion: 1.0
2026-07-01 08:36:42.621 8 INFO placement.requestlog [None req-dbd79100-bf94-4779-8ef7-8ffa5fba298d - - - - - -] 10.0.0.21 "GET /" status: 200 len: 136 microversion: 1.0
2026-07-01 08:36:46.244 8 INFO placement.requestlog [None req-07d9054b-dd2d-45e3-a5f6-6f608845c665 ceb89a06057345148043faeaccaa6b08 f9fb9a9f9cb94349b2b09b518b11bb22 - - 92528f82975c46bdaab9e69bfb83a290 92528f82975c46bdaab9e69bfb83a290] 10.0.0.187 "GET /resource_providers/aac1e1f4-c845-4114-b974-1d9ae1adeb4e/aggregates" status: 404 len: 235 microversion: 1.1 [pid: 8|app: 0|req: 393/788] 10.0.0.187 () {32 vars in 824 bytes} [Wed Jul 1 08:36:46 2026] GET /resource_providers/aac1e1f4-c845-4114-b974-1d9ae1adeb4e/aggregates => generated 235 bytes in 12 msecs (HTTP/1.1 404) 5 headers in 202 bytes (1 switches on core 0)
2026-07-01 08:36:46.246 7 INFO placement.requestlog [None req-da86b398-5a62-4337-b4d4-9150ccb110d2 ceb89a06057345148043faeaccaa6b08 f9fb9a9f9cb94349b2b09b518b11bb22 - - 92528f82975c46bdaab9e69bfb83a290 92528f82975c46bdaab9e69bfb83a290] 10.0.0.187 "GET /resource_providers/aac1e1f4-c845-4114-b974-1d9ae1adeb4e/aggregates" status: 404 len: 235 microversion: 1.1 [pid: 7|app: 0|req: 396/789] 10.0.0.187 () {32 vars in 824 bytes} [Wed Jul 1 08:36:46 2026] GET /resource_providers/aac1e1f4-c845-4114-b974-1d9ae1adeb4e/aggregates => generated 235 bytes in 14 msecs (HTTP/1.1 404) 5 headers in 202 bytes (1 switches on core 0)
2026-07-01 08:36:46.258 8 INFO placement.requestlog [None req-33861952-cc69-4ce9-bbc7-4c639f7cd2c2 ceb89a06057345148043faeaccaa6b08 f9fb9a9f9cb94349b2b09b518b11bb22 - - 92528f82975c46bdaab9e69bfb83a290 92528f82975c46bdaab9e69bfb83a290] 10.0.0.187 "DELETE /resource_providers/aac1e1f4-c845-4114-b974-1d9ae1adeb4e" status: 404 len: 246 microversion: 1.1 [pid: 8|app: 0|req: 394/790] 10.0.0.187 () {34 vars in 824 bytes} [Wed Jul 1 08:36:46 2026] DELETE /resource_providers/aac1e1f4-c845-4114-b974-1d9ae1adeb4e => generated 246 bytes in 9 msecs (HTTP/1.1 404) 6 headers in 231 bytes (1 switches on core 0)
2026-07-01 08:36:46.261 7 INFO placement.requestlog [None req-bf4b5833-41e5-4358-a419-7af9b94c8230 ceb89a06057345148043faeaccaa6b08 f9fb9a9f9cb94349b2b09b518b11bb22 - - 92528f82975c46bdaab9e69bfb83a290 92528f82975c46bdaab9e69bfb83a290] 10.0.0.187 "DELETE /resource_providers/aac1e1f4-c845-4114-b974-1d9ae1adeb4e" status: 404 len: 246 microversion: 1.1 [pid: 7|app: 0|req: 397/791] 10.0.0.187 () {34 vars in 824 bytes} [Wed Jul 1 08:36:46 2026] DELETE /resource_providers/aac1e1f4-c845-4114-b974-1d9ae1adeb4e => generated 246 bytes in 10 msecs (HTTP/1.1 404) 6 headers in 231 bytes (1 switches on core 0)
2026-07-01 08:36:47.276 8 INFO placement.requestlog [None req-45ba4078-aa71-4380-94a5-c80fea50c5a5 ceb89a06057345148043faeaccaa6b08 f9fb9a9f9cb94349b2b09b518b11bb22 - - 92528f82975c46bdaab9e69bfb83a290 92528f82975c46bdaab9e69bfb83a290] 10.0.0.187 "GET /resource_providers/0b9cedba-d513-4fd4-ba8c-fae23bc725a9/aggregates" status: 404 len: 235 microversion: 1.1 [pid: 8|app: 0|req: 395/792] 10.0.0.187 () {32 vars in 824 bytes} [Wed Jul 1 08:36:47 2026] GET /resource_providers/0b9cedba-d513-4fd4-ba8c-fae23bc725a9/aggregates => generated 235 bytes in 12 msecs (HTTP/1.1 404) 5 headers in 202 bytes (1 switches on core 0)
2026-07-01 08:36:47.278 7 INFO placement.requestlog [None req-2f76526c-7917-426a-8b7d-8fb390691b4b ceb89a06057345148043faeaccaa6b08 f9fb9a9f9cb94349b2b09b518b11bb22 - - 92528f82975c46bdaab9e69bfb83a290 92528f82975c46bdaab9e69bfb83a290] 10.0.0.187 "GET /resource_providers/0b9cedba-d513-4fd4-ba8c-fae23bc725a9/aggregates" status: 404 len: 235 microversion: 1.1 [pid: 7|app: 0|req: 398/793] 10.0.0.187 () {32 vars in 824 bytes} [Wed Jul 1 08:36:47 2026] GET /resource_providers/0b9cedba-d513-4fd4-ba8c-fae23bc725a9/aggregates => generated 235 bytes in 12 msecs (HTTP/1.1 404) 5 headers in 202 bytes (1 switches on core 0)
2026-07-01 08:36:47.299 8 INFO placement.requestlog [None req-8cd57673-4212-4d85-888c-c20e0eda8b22 ceb89a06057345148043faeaccaa6b08 f9fb9a9f9cb94349b2b09b518b11bb22 - - 92528f82975c46bdaab9e69bfb83a290 92528f82975c46bdaab9e69bfb83a290] 10.0.0.187 "DELETE /resource_providers/0b9cedba-d513-4fd4-ba8c-fae23bc725a9" status: 404 len: 246 microversion: 1.1 [pid: 8|app: 0|req: 396/794] 10.0.0.187 () {34 vars in 824 bytes} [Wed Jul 1 08:36:47 2026] DELETE /resource_providers/0b9cedba-d513-4fd4-ba8c-fae23bc725a9 => generated 246 bytes in 11 msecs (HTTP/1.1 404) 6 headers in 231 bytes (1 switches on core 0)
2026-07-01 08:36:47.301 7 INFO placement.requestlog [None req-0770544b-d794-4e6b-beac-a337506820ab ceb89a06057345148043faeaccaa6b08 f9fb9a9f9cb94349b2b09b518b11bb22 - - 92528f82975c46bdaab9e69bfb83a290 92528f82975c46bdaab9e69bfb83a290] 10.0.0.187 "DELETE /resource_providers/0b9cedba-d513-4fd4-ba8c-fae23bc725a9" status: 404 len: 246 microversion: 1.1 [pid: 7|app: 0|req: 399/795] 10.0.0.187 () {34 vars in 824 bytes} [Wed Jul 1 08:36:47 2026] DELETE /resource_providers/0b9cedba-d513-4fd4-ba8c-fae23bc725a9 => generated 246 bytes in 19 msecs (HTTP/1.1 404) 6 headers in 231 bytes (1 switches on core 0)
2026-07-01 08:36:48.279 8 INFO placement.requestlog [None req-f68af540-0018-49ea-9e32-c3d86285a493 ceb89a06057345148043faeaccaa6b08 f9fb9a9f9cb94349b2b09b518b11bb22 - - 92528f82975c46bdaab9e69bfb83a290 92528f82975c46bdaab9e69bfb83a290] 10.0.0.187 "GET /resource_providers/f53f308d-4645-4f9b-ae8a-ba0e60ca757b/aggregates" status: 404 len: 235 microversion: 1.1 [pid: 8|app: 0|req: 397/796] 10.0.0.187 () {32 vars in 824 bytes} [Wed Jul 1 08:36:48 2026] GET /resource_providers/f53f308d-4645-4f9b-ae8a-ba0e60ca757b/aggregates => generated 235 bytes in 13 msecs (HTTP/1.1 404) 5 headers in 202 bytes (1 switches on core 0)
2026-07-01 08:36:48.283 7 INFO placement.requestlog [None req-4fd9cdeb-e6ea-4d59-b5c9-ce5460e6462f ceb89a06057345148043faeaccaa6b08 f9fb9a9f9cb94349b2b09b518b11bb22 - - 92528f82975c46bdaab9e69bfb83a290 92528f82975c46bdaab9e69bfb83a290] 10.0.0.187 "GET /resource_providers/f53f308d-4645-4f9b-ae8a-ba0e60ca757b/aggregates" status: 404 len: 235 microversion: 1.1 [pid: 7|app: 0|req: 400/797] 10.0.0.187 () {32 vars in 824 bytes} [Wed Jul 1 08:36:48 2026] GET /resource_providers/f53f308d-4645-4f9b-ae8a-ba0e60ca757b/aggregates => generated 235 bytes in 13 msecs (HTTP/1.1 404) 5 headers in 202 bytes (1 switches on core 0)
2026-07-01 08:36:48.295 7 INFO placement.requestlog [None req-9b63a797-84d5-41cc-a54f-7800ee25cc4d ceb89a06057345148043faeaccaa6b08 f9fb9a9f9cb94349b2b09b518b11bb22 - - 92528f82975c46bdaab9e69bfb83a290 92528f82975c46bdaab9e69bfb83a290] 10.0.0.187 "DELETE /resource_providers/f53f308d-4645-4f9b-ae8a-ba0e60ca757b" status: 404 len: 246 microversion: 1.1 [pid: 7|app: 0|req: 401/798] 10.0.0.187 () {34 vars in 824 bytes} [Wed Jul 1 08:36:48 2026] DELETE /resource_providers/f53f308d-4645-4f9b-ae8a-ba0e60ca757b => generated 246 bytes in 5 msecs (HTTP/1.1 404) 6 headers in 231 bytes (1 switches on core 0)
2026-07-01 08:36:48.301 8 INFO placement.requestlog [None req-ddffb5db-1e5a-4e70-be46-52c6f2a2d69b ceb89a06057345148043faeaccaa6b08 f9fb9a9f9cb94349b2b09b518b11bb22 - - 92528f82975c46bdaab9e69bfb83a290 92528f82975c46bdaab9e69bfb83a290] 10.0.0.187 "DELETE /resource_providers/f53f308d-4645-4f9b-ae8a-ba0e60ca757b" status: 404 len: 246 microversion: 1.1 [pid: 8|app: 0|req: 398/799] 10.0.0.187 () {34 vars in 824 bytes} [Wed Jul 1 08:36:48 2026] DELETE /resource_providers/f53f308d-4645-4f9b-ae8a-ba0e60ca757b => generated 246 bytes in 14 msecs (HTTP/1.1 404) 6 headers in 231 bytes (1 switches on core 0)
2026-07-01 08:36:52.621 7 INFO placement.requestlog [None req-701e2948-49da-487f-816a-16f709ddee40 - - - - - -] 10.0.0.21 "GET /" status: 200 len: 136 microversion: 1.0
2026-07-01 08:36:52.623 8 INFO placement.requestlog [None req-3967f164-fdeb-4b68-b10c-aa1ba29b0eb5 - - - - - -] 10.0.0.21 "GET /" status: 200 len: 136 microversion: 1.0
2026-07-01 08:36:53.975 8 INFO placement.requestlog [None req-46692e25-27fa-4e9f-9683-9fb82d014ea8 ceb89a06057345148043faeaccaa6b08 f9fb9a9f9cb94349b2b09b518b11bb22 - - 92528f82975c46bdaab9e69bfb83a290 92528f82975c46bdaab9e69bfb83a290] 10.0.0.187 "GET /resource_providers/43e004af-bed5-49d3-9613-461562555dc9/aggregates" status: 404 len: 235 microversion: 1.1 [pid: 8|app: 0|req: 400/802] 10.0.0.187 () {32 vars in 824 bytes} [Wed Jul 1 08:36:53 2026] GET /resource_providers/43e004af-bed5-49d3-9613-461562555dc9/aggregates => generated 235 bytes in 14 msecs (HTTP/1.1 404) 5 headers in 202 bytes (1 switches on core 0)
2026-07-01 08:36:53.978 7 INFO placement.requestlog [None req-8c319050-4b1a-48e6-b8fd-49c6afab31f2 ceb89a06057345148043faeaccaa6b08 f9fb9a9f9cb94349b2b09b518b11bb22 - - 92528f82975c46bdaab9e69bfb83a290 92528f82975c46bdaab9e69bfb83a290] 10.0.0.187 "GET /resource_providers/43e004af-bed5-49d3-9613-461562555dc9/aggregates" status: 404 len: 235 microversion: 1.1 [pid: 7|app: 0|req: 403/803] 10.0.0.187 () {32 vars in 824 bytes} [Wed Jul 1 08:36:53 2026] GET /resource_providers/43e004af-bed5-49d3-9613-461562555dc9/aggregates => generated 235 bytes in 17 msecs (HTTP/1.1 404) 5 headers in 202 bytes (1 switches on core 0)
2026-07-01 08:36:53.994 8 INFO placement.requestlog [None req-ba0d5a3c-ba45-4879-bb4c-035f8aea01a6 ceb89a06057345148043faeaccaa6b08 f9fb9a9f9cb94349b2b09b518b11bb22 - - 92528f82975c46bdaab9e69bfb83a290 92528f82975c46bdaab9e69bfb83a290] 10.0.0.187 "DELETE /resource_providers/43e004af-bed5-49d3-9613-461562555dc9" status: 404 len: 246 microversion: 1.1 [pid: 8|app: 0|req: 401/804] 10.0.0.187 () {34 vars in 824 bytes} [Wed Jul 1 08:36:53 2026] DELETE /resource_providers/43e004af-bed5-49d3-9613-461562555dc9 => generated 246 bytes in 9 msecs (HTTP/1.1 404) 6 headers in 231 bytes (1 switches on core 0)
2026-07-01 08:36:53.995 7 INFO placement.requestlog [None req-e577ef35-6145-4120-863c-88aad66622ff ceb89a06057345148043faeaccaa6b08 f9fb9a9f9cb94349b2b09b518b11bb22 - - 92528f82975c46bdaab9e69bfb83a290 92528f82975c46bdaab9e69bfb83a290] 10.0.0.187 "DELETE /resource_providers/43e004af-bed5-49d3-9613-461562555dc9" status: 404 len: 246 microversion: 1.1 [pid: 7|app: 0|req: 404/805] 10.0.0.187 () {34 vars in 824 bytes} [Wed Jul 1 08:36:53 2026] DELETE /resource_providers/43e004af-bed5-49d3-9613-461562555dc9 => generated 246 bytes in 9 msecs (HTTP/1.1 404) 6 headers in 231 bytes (1 switches on core 0)
2026-07-01 08:36:54.581 8 INFO placement.requestlog [req-0822360e-6113-4fa4-a494-261751f68aa0 req-a401e8f1-20b7-437c-9468-0b03677704cb 6554393bdf714660ae601519dd245b6a f9fb9a9f9cb94349b2b09b518b11bb22 - - 92528f82975c46bdaab9e69bfb83a290 92528f82975c46bdaab9e69bfb83a290] 10.0.0.124 "GET /allocation_candidates?limit=1000&resources=DISK_GB%3A1%2CMEMORY_MB%3A512%2CVCPU%3A1&root_required=%21COMPUTE_STATUS_DISABLED" status: 200 len: 2386 microversion: 1.36 [pid: 8|app: 0|req: 402/806] 10.0.0.124 () {34 vars in 1011 bytes} [Wed Jul 1 08:36:54 2026] GET /allocation_candidates?limit=1000&resources=DISK_GB%3A1%2CMEMORY_MB%3A512%2CVCPU%3A1&root_required=%21COMPUTE_STATUS_DISABLED => generated 2386 bytes in 40 msecs (HTTP/1.1 200) 8 headers in 297 bytes (1 switches on core 0)
2026-07-01 08:36:54.611 7 INFO placement.requestlog [req-0822360e-6113-4fa4-a494-261751f68aa0 req-319bf444-2a10-4f63-8f86-9640791b6b75 6554393bdf714660ae601519dd245b6a f9fb9a9f9cb94349b2b09b518b11bb22 - - 92528f82975c46bdaab9e69bfb83a290 92528f82975c46bdaab9e69bfb83a290] 10.0.0.124 "GET /allocations/ce74e5b2-26ee-492a-b500-39f012ea02b3" status: 200 len: 19 microversion: 1.28 [pid: 7|app: 0|req: 405/807] 10.0.0.124 () {34 vars in 860 bytes} [Wed Jul 1 08:36:54 2026] GET /allocations/ce74e5b2-26ee-492a-b500-39f012ea02b3 => generated 19 bytes in 9 msecs (HTTP/1.1 200) 8 headers in 295 bytes (1 switches on core 0)
2026-07-01 08:36:54.684 8 INFO placement.requestlog [req-0822360e-6113-4fa4-a494-261751f68aa0 req-9b66b283-74a6-4aaf-a959-2f2f08d7b1ca 6554393bdf714660ae601519dd245b6a f9fb9a9f9cb94349b2b09b518b11bb22 - - 92528f82975c46bdaab9e69bfb83a290 92528f82975c46bdaab9e69bfb83a290] 10.0.0.124 "PUT /allocations/ce74e5b2-26ee-492a-b500-39f012ea02b3" status: 204 len: 0 microversion: 1.36 [pid: 8|app: 0|req: 403/808] 10.0.0.124 () {38 vars in 913 bytes} [Wed Jul 1 08:36:54 2026] PUT /allocations/ce74e5b2-26ee-492a-b500-39f012ea02b3 => generated 0 bytes in 66 msecs (HTTP/1.1 204) 5 headers in 199 bytes (1 switches on core 0)
2026-07-01 08:36:54.965 8 INFO placement.requestlog [None req-1fac1ff8-305a-438c-9f39-1f3400ce9346 ceb89a06057345148043faeaccaa6b08 f9fb9a9f9cb94349b2b09b518b11bb22 - - 92528f82975c46bdaab9e69bfb83a290 92528f82975c46bdaab9e69bfb83a290] 10.0.0.187 "GET /resource_providers/d6383250-49b3-4e04-886d-8e4db7e1b45f/aggregates" status: 404 len: 235 microversion: 1.1 [pid: 8|app: 0|req: 404/809] 10.0.0.187 () {32 vars in 824 bytes} [Wed Jul 1 08:36:54 2026] GET /resource_providers/d6383250-49b3-4e04-886d-8e4db7e1b45f/aggregates => generated 235 bytes in 13 msecs (HTTP/1.1 404) 5 headers in 202 bytes (1 switches on core 0)
2026-07-01 08:36:54.967 7 INFO placement.requestlog [None req-99301ae4-a065-4e00-a921-f7d309eaba2d ceb89a06057345148043faeaccaa6b08 f9fb9a9f9cb94349b2b09b518b11bb22 - - 92528f82975c46bdaab9e69bfb83a290 92528f82975c46bdaab9e69bfb83a290] 10.0.0.187 "GET /resource_providers/d6383250-49b3-4e04-886d-8e4db7e1b45f/aggregates" status: 404 len: 235 microversion: 1.1 [pid: 7|app: 0|req: 406/810] 10.0.0.187 () {32 vars in 824 bytes} [Wed Jul 1 08:36:54 2026] GET /resource_providers/d6383250-49b3-4e04-886d-8e4db7e1b45f/aggregates => generated 235 bytes in 15 msecs (HTTP/1.1 404) 5 headers in 202 bytes (1 switches on core 0)
2026-07-01 08:36:54.989 8 INFO placement.requestlog [None req-8ebf4711-ef9f-4547-8e61-2ad4075ed86c ceb89a06057345148043faeaccaa6b08 f9fb9a9f9cb94349b2b09b518b11bb22 - - 92528f82975c46bdaab9e69bfb83a290 92528f82975c46bdaab9e69bfb83a290] 10.0.0.187 "DELETE /resource_providers/d6383250-49b3-4e04-886d-8e4db7e1b45f" status: 404 len: 246 microversion: 1.1 [pid: 8|app: 0|req: 405/811] 10.0.0.187 () {34 vars in 824 bytes} [Wed Jul 1 08:36:54 2026] DELETE /resource_providers/d6383250-49b3-4e04-886d-8e4db7e1b45f => generated 246 bytes in 14 msecs (HTTP/1.1 404) 6 headers in 231 bytes (1 switches on core 0)
2026-07-01 08:36:54.996 7 INFO placement.requestlog [None req-5cdf3cc9-3fb9-495e-8425-2c75374182c9 ceb89a06057345148043faeaccaa6b08 f9fb9a9f9cb94349b2b09b518b11bb22 - - 92528f82975c46bdaab9e69bfb83a290 92528f82975c46bdaab9e69bfb83a290] 10.0.0.187 "DELETE /resource_providers/d6383250-49b3-4e04-886d-8e4db7e1b45f" status: 404 len: 246 microversion: 1.1 [pid: 7|app: 0|req: 407/812] 10.0.0.187 () {34 vars in 824 bytes} [Wed Jul 1 08:36:54 2026] DELETE /resource_providers/d6383250-49b3-4e04-886d-8e4db7e1b45f => generated 246 bytes in 20 msecs (HTTP/1.1 404) 6 headers in 231 bytes (1 switches on core 0)
2026-07-01 08:36:56.258 8 INFO placement.requestlog [req-0822360e-6113-4fa4-a494-261751f68aa0 req-4f5896b0-6571-4e4e-915f-5b76ed452e8d 6554393bdf714660ae601519dd245b6a f9fb9a9f9cb94349b2b09b518b11bb22 - - 92528f82975c46bdaab9e69bfb83a290 92528f82975c46bdaab9e69bfb83a290] 199.204.45.74 "GET /allocations/ce74e5b2-26ee-492a-b500-39f012ea02b3" status: 200 len: 258 microversion: 1.28 [pid: 8|app: 0|req: 406/813] 199.204.45.74 () {34 vars in 861 bytes} [Wed Jul 1 08:36:56 2026] GET /allocations/ce74e5b2-26ee-492a-b500-39f012ea02b3 => generated 258 bytes in 19 msecs (HTTP/1.1 200) 8 headers in 296 bytes (1 switches on core 0)
2026-07-01 08:36:57.300 7 INFO placement.requestlog [req-0822360e-6113-4fa4-a494-261751f68aa0 req-53657e06-3494-4971-a7c6-c6137d546906 6554393bdf714660ae601519dd245b6a f9fb9a9f9cb94349b2b09b518b11bb22 - - 92528f82975c46bdaab9e69bfb83a290 92528f82975c46bdaab9e69bfb83a290] 199.204.45.74 "GET /resource_providers/9986486a-257c-41a0-b843-f4c32f3ef1d4/allocations" status: 200 len: 253 microversion: 1.0 [pid: 7|app: 0|req: 408/814] 199.204.45.74 () {32 vars in 855 bytes} [Wed Jul 1 08:36:57 2026] GET /resource_providers/9986486a-257c-41a0-b843-f4c32f3ef1d4/allocations => generated 253 bytes in 17 msecs (HTTP/1.1 200) 6 headers in 224 bytes (1 switches on core 0)
2026-07-01 08:36:57.319 8 INFO placement.requestlog [req-0822360e-6113-4fa4-a494-261751f68aa0 req-3f4ff311-6785-4125-a779-8e87e509f761 6554393bdf714660ae601519dd245b6a f9fb9a9f9cb94349b2b09b518b11bb22 - - 92528f82975c46bdaab9e69bfb83a290 92528f82975c46bdaab9e69bfb83a290] 199.204.45.74 "GET /allocations/d194899f-50b9-4b09-9cd9-9fbb34591f12" status: 200 len: 258 microversion: 1.28 [pid: 8|app: 0|req: 407/815] 199.204.45.74 () {34 vars in 861 bytes} [Wed Jul 1 08:36:57 2026] GET /allocations/d194899f-50b9-4b09-9cd9-9fbb34591f12 => generated 258 bytes in 13 msecs (HTTP/1.1 200) 8 headers in 296 bytes (1 switches on core 0)
2026-07-01 08:36:57.339 7 INFO placement.requestlog [req-0822360e-6113-4fa4-a494-261751f68aa0 req-c889480e-2c64-437f-b3b6-b59caa5922b3 6554393bdf714660ae601519dd245b6a f9fb9a9f9cb94349b2b09b518b11bb22 - - 92528f82975c46bdaab9e69bfb83a290 92528f82975c46bdaab9e69bfb83a290] 199.204.45.74 "GET /allocations/ce74e5b2-26ee-492a-b500-39f012ea02b3" status: 200 len: 258 microversion: 1.28 [pid: 7|app: 0|req: 409/816] 199.204.45.74 () {34 vars in 861 bytes} [Wed Jul 1 08:36:57 2026] GET /allocations/ce74e5b2-26ee-492a-b500-39f012ea02b3 => generated 258 bytes in 13 msecs (HTTP/1.1 200) 8 headers in 296 bytes (1 switches on core 0)
2026-07-01 08:36:59.476 8 INFO placement.requestlog [req-7880f580-ad99-471f-b08b-586b46c9be44 req-ec1809fa-d968-4cbc-8bc3-ebb36765a462 6554393bdf714660ae601519dd245b6a f9fb9a9f9cb94349b2b09b518b11bb22 - - 92528f82975c46bdaab9e69bfb83a290 92528f82975c46bdaab9e69bfb83a290] 10.0.0.124 "GET /allocation_candidates?limit=1000&resources=DISK_GB%3A1%2CMEMORY_MB%3A512%2CVCPU%3A1&root_required=%21COMPUTE_STATUS_DISABLED" status: 200 len: 2387 microversion: 1.36 [pid: 8|app: 0|req: 408/817] 10.0.0.124 () {34 vars in 1011 bytes} [Wed Jul 1 08:36:59 2026] GET /allocation_candidates?limit=1000&resources=DISK_GB%3A1%2CMEMORY_MB%3A512%2CVCPU%3A1&root_required=%21COMPUTE_STATUS_DISABLED => generated 2387 bytes in 45 msecs (HTTP/1.1 200) 8 headers in 297 bytes (1 switches on core 0)
2026-07-01 08:36:59.513 7 INFO placement.requestlog [req-7880f580-ad99-471f-b08b-586b46c9be44 req-5b7464a4-88e5-4157-9173-bc52bac6ce98 6554393bdf714660ae601519dd245b6a f9fb9a9f9cb94349b2b09b518b11bb22 - - 92528f82975c46bdaab9e69bfb83a290 92528f82975c46bdaab9e69bfb83a290] 10.0.0.124 "GET /allocations/4289b6ee-ead0-4427-ba76-d8149f5f8354" status: 200 len: 19 microversion: 1.28 [pid: 7|app: 0|req: 410/818] 10.0.0.124 () {34 vars in 860 bytes} [Wed Jul 1 08:36:59 2026] GET /allocations/4289b6ee-ead0-4427-ba76-d8149f5f8354 => generated 19 bytes in 12 msecs (HTTP/1.1 200) 8 headers in 295 bytes (1 switches on core 0)
2026-07-01 08:36:59.574 8 INFO placement.requestlog [req-7880f580-ad99-471f-b08b-586b46c9be44 req-bc5c8db3-a3f0-4e75-a6e1-c098f5d14e4b 6554393bdf714660ae601519dd245b6a f9fb9a9f9cb94349b2b09b518b11bb22 - - 92528f82975c46bdaab9e69bfb83a290 92528f82975c46bdaab9e69bfb83a290] 10.0.0.124 "PUT /allocations/4289b6ee-ead0-4427-ba76-d8149f5f8354" status: 204 len: 0 microversion: 1.36 [pid: 8|app: 0|req: 409/819] 10.0.0.124 () {38 vars in 913 bytes} [Wed Jul 1 08:36:59 2026] PUT /allocations/4289b6ee-ead0-4427-ba76-d8149f5f8354 => generated 0 bytes in 52 msecs (HTTP/1.1 204) 5 headers in 199 bytes (1 switches on core 0)
2026-07-01 08:37:01.139 7 INFO placement.requestlog [req-7880f580-ad99-471f-b08b-586b46c9be44 req-71a9f7a1-8c4c-40df-afff-4a90da707915 6554393bdf714660ae601519dd245b6a f9fb9a9f9cb94349b2b09b518b11bb22 - - 92528f82975c46bdaab9e69bfb83a290 92528f82975c46bdaab9e69bfb83a290] 199.204.45.74 "GET /allocations/4289b6ee-ead0-4427-ba76-d8149f5f8354" status: 200 len: 258 microversion: 1.28 [pid: 7|app: 0|req: 411/820] 199.204.45.74 () {34 vars in 861 bytes} [Wed Jul 1 08:37:01 2026] GET /allocations/4289b6ee-ead0-4427-ba76-d8149f5f8354 => generated 258 bytes in 16 msecs (HTTP/1.1 200) 8 headers in 296 bytes (1 switches on core 0)
2026-07-01 08:37:01.700 8 INFO placement.requestlog [None req-835b6516-ab38-4daf-a421-979b75cd71da ceb89a06057345148043faeaccaa6b08 f9fb9a9f9cb94349b2b09b518b11bb22 - - 92528f82975c46bdaab9e69bfb83a290 92528f82975c46bdaab9e69bfb83a290] 10.0.0.187 "GET /resource_providers/42fc141b-e1ac-43c3-9ccc-bf2487d52d08/aggregates" status: 404 len: 235 microversion: 1.1 [pid: 8|app: 0|req: 410/821] 10.0.0.187 () {32 vars in 824 bytes} [Wed Jul 1 08:37:01 2026] GET /resource_providers/42fc141b-e1ac-43c3-9ccc-bf2487d52d08/aggregates => generated 235 bytes in 10 msecs (HTTP/1.1 404) 5 headers in 202 bytes (1 switches on core 0)
2026-07-01 08:37:01.702 7 INFO placement.requestlog [None req-03e3c98e-8a37-4823-8a90-720f23cb1df9 ceb89a06057345148043faeaccaa6b08 f9fb9a9f9cb94349b2b09b518b11bb22 - - 92528f82975c46bdaab9e69bfb83a290 92528f82975c46bdaab9e69bfb83a290] 10.0.0.187 "GET /resource_providers/42fc141b-e1ac-43c3-9ccc-bf2487d52d08/aggregates" status: 404 len: 235 microversion: 1.1 [pid: 7|app: 0|req: 412/822] 10.0.0.187 () {32 vars in 824 bytes} [Wed Jul 1 08:37:01 2026] GET /resource_providers/42fc141b-e1ac-43c3-9ccc-bf2487d52d08/aggregates => generated 235 bytes in 11 msecs (HTTP/1.1 404) 5 headers in 202 bytes (1 switches on core 0)
2026-07-01 08:37:01.712 8 INFO placement.requestlog [None req-94fbb8f6-6d11-486d-93d7-31c875ae2b0a ceb89a06057345148043faeaccaa6b08 f9fb9a9f9cb94349b2b09b518b11bb22 - - 92528f82975c46bdaab9e69bfb83a290 92528f82975c46bdaab9e69bfb83a290] 10.0.0.187 "DELETE /resource_providers/42fc141b-e1ac-43c3-9ccc-bf2487d52d08" status: 404 len: 246 microversion: 1.1 [pid: 8|app: 0|req: 411/823] 10.0.0.187 () {34 vars in 824 bytes} [Wed Jul 1 08:37:01 2026] DELETE /resource_providers/42fc141b-e1ac-43c3-9ccc-bf2487d52d08 => generated 246 bytes in 6 msecs (HTTP/1.1 404) 6 headers in 231 bytes (1 switches on core 0)
2026-07-01 08:37:01.719 7 INFO placement.requestlog [None req-2dc907a0-ddd0-4cd1-8a7b-7f20b1b8a036 ceb89a06057345148043faeaccaa6b08 f9fb9a9f9cb94349b2b09b518b11bb22 - - 92528f82975c46bdaab9e69bfb83a290 92528f82975c46bdaab9e69bfb83a290] 10.0.0.187 "DELETE /resource_providers/42fc141b-e1ac-43c3-9ccc-bf2487d52d08" status: 404 len: 246 microversion: 1.1 [pid: 7|app: 0|req: 413/824] 10.0.0.187 () {34 vars in 824 bytes} [Wed Jul 1 08:37:01 2026] DELETE /resource_providers/42fc141b-e1ac-43c3-9ccc-bf2487d52d08 => generated 246 bytes in 11 msecs (HTTP/1.1 404) 6 headers in 231 bytes (1 switches on core 0)
2026-07-01 08:37:02.193 8 INFO placement.requestlog [req-7880f580-ad99-471f-b08b-586b46c9be44 req-edd54fe1-300b-490a-aaab-52bb3f284b81 6554393bdf714660ae601519dd245b6a f9fb9a9f9cb94349b2b09b518b11bb22 - - 92528f82975c46bdaab9e69bfb83a290 92528f82975c46bdaab9e69bfb83a290] 199.204.45.74 "GET /resource_providers/9986486a-257c-41a0-b843-f4c32f3ef1d4/allocations" status: 200 len: 353 microversion: 1.0 [pid: 8|app: 0|req: 412/825] 199.204.45.74 () {32 vars in 855 bytes} [Wed Jul 1 08:37:02 2026] GET /resource_providers/9986486a-257c-41a0-b843-f4c32f3ef1d4/allocations => generated 353 bytes in 21 msecs (HTTP/1.1 200) 6 headers in 224 bytes (1 switches on core 0)
2026-07-01 08:37:02.212 7 INFO placement.requestlog [req-7880f580-ad99-471f-b08b-586b46c9be44 req-81d5e85a-78d4-45ea-aaad-15efe63b6645 6554393bdf714660ae601519dd245b6a f9fb9a9f9cb94349b2b09b518b11bb22 - - 92528f82975c46bdaab9e69bfb83a290 92528f82975c46bdaab9e69bfb83a290] 199.204.45.74 "GET /allocations/d194899f-50b9-4b09-9cd9-9fbb34591f12" status: 200 len: 258 microversion: 1.28 [pid: 7|app: 0|req: 414/826] 199.204.45.74 () {34 vars in 861 bytes} [Wed Jul 1 08:37:02 2026] GET /allocations/d194899f-50b9-4b09-9cd9-9fbb34591f12 => generated 258 bytes in 14 msecs (HTTP/1.1 200) 8 headers in 296 bytes (1 switches on core 0)
2026-07-01 08:37:02.237 8 INFO placement.requestlog [req-7880f580-ad99-471f-b08b-586b46c9be44 req-5d71f015-ea5d-40f9-88a9-5d770de24916 6554393bdf714660ae601519dd245b6a f9fb9a9f9cb94349b2b09b518b11bb22 - - 92528f82975c46bdaab9e69bfb83a290 92528f82975c46bdaab9e69bfb83a290] 199.204.45.74 "GET /allocations/4289b6ee-ead0-4427-ba76-d8149f5f8354" status: 200 len: 258 microversion: 1.28 [pid: 8|app: 0|req: 413/827] 199.204.45.74 () {34 vars in 861 bytes} [Wed Jul 1 08:37:02 2026] GET /allocations/4289b6ee-ead0-4427-ba76-d8149f5f8354 => generated 258 bytes in 20 msecs (HTTP/1.1 200) 8 headers in 296 bytes (1 switches on core 0)
2026-07-01 08:37:02.262 7 INFO placement.requestlog [req-7880f580-ad99-471f-b08b-586b46c9be44 req-163f0d1b-b2c8-4d16-b526-662262f4450a 6554393bdf714660ae601519dd245b6a f9fb9a9f9cb94349b2b09b518b11bb22 - - 92528f82975c46bdaab9e69bfb83a290 92528f82975c46bdaab9e69bfb83a290] 199.204.45.74 "GET /allocations/ce74e5b2-26ee-492a-b500-39f012ea02b3" status: 200 len: 258 microversion: 1.28 [pid: 7|app: 0|req: 415/828] 199.204.45.74 () {34 vars in 861 bytes} [Wed Jul 1 08:37:02 2026] GET /allocations/ce74e5b2-26ee-492a-b500-39f012ea02b3 => generated 258 bytes in 13 msecs (HTTP/1.1 200) 8 headers in 296 bytes (1 switches on core 0)
2026-07-01 08:37:02.621 7 INFO placement.requestlog [None req-147dec50-5e23-418c-9fd8-1670dc62b8bc - - - - - -] 10.0.0.21 "GET /" status: 200 len: 136 microversion: 1.0
2026-07-01 08:37:02.622 8 INFO placement.requestlog [None req-309bcf6c-748f-462e-82e8-e064e6510309 - - - - - -] 10.0.0.21 "GET /" status: 200 len: 136 microversion: 1.0
2026-07-01 08:37:04.991 8 INFO placement.requestlog [None req-815a2c1f-f9e8-4c30-a761-7c4b89f114b6 ceb89a06057345148043faeaccaa6b08 f9fb9a9f9cb94349b2b09b518b11bb22 - - 92528f82975c46bdaab9e69bfb83a290 92528f82975c46bdaab9e69bfb83a290] 10.0.0.187 "GET /resource_providers/0299b08c-861b-4d04-adc5-7b173996c929/aggregates" status: 404 len: 235 microversion: 1.1 [pid: 8|app: 0|req: 415/831] 10.0.0.187 () {32 vars in 824 bytes} [Wed Jul 1 08:37:04 2026] GET /resource_providers/0299b08c-861b-4d04-adc5-7b173996c929/aggregates => generated 235 bytes in 30 msecs (HTTP/1.1 404) 5 headers in 202 bytes (1 switches on core 0)
2026-07-01 08:37:04.997 7 INFO placement.requestlog [None req-00b9f2fb-2d3d-4d8a-b760-ed56c220bfdc ceb89a06057345148043faeaccaa6b08 f9fb9a9f9cb94349b2b09b518b11bb22 - - 92528f82975c46bdaab9e69bfb83a290 92528f82975c46bdaab9e69bfb83a290] 10.0.0.187 "GET /resource_providers/0299b08c-861b-4d04-adc5-7b173996c929/aggregates" status: 404 len: 235 microversion: 1.1 [pid: 7|app: 0|req: 417/832] 10.0.0.187 () {32 vars in 824 bytes} [Wed Jul 1 08:37:04 2026] GET /resource_providers/0299b08c-861b-4d04-adc5-7b173996c929/aggregates => generated 235 bytes in 40 msecs (HTTP/1.1 404) 5 headers in 202 bytes (1 switches on core 0)
2026-07-01 08:37:05.017 7 INFO placement.requestlog [None req-bce71b2c-2306-4af1-9a9a-5fd637dac0bf ceb89a06057345148043faeaccaa6b08 f9fb9a9f9cb94349b2b09b518b11bb22 - - 92528f82975c46bdaab9e69bfb83a290 92528f82975c46bdaab9e69bfb83a290] 10.0.0.187 "DELETE /resource_providers/0299b08c-861b-4d04-adc5-7b173996c929" status: 404 len: 246 microversion: 1.1 [pid: 7|app: 0|req: 418/833] 10.0.0.187 () {34 vars in 824 bytes} [Wed Jul 1 08:37:05 2026] DELETE /resource_providers/0299b08c-861b-4d04-adc5-7b173996c929 => generated 246 bytes in 14 msecs (HTTP/1.1 404) 6 headers in 231 bytes (1 switches on core 0)
2026-07-01 08:37:05.024 8 INFO placement.requestlog [None req-19e4d9c1-419a-4fb0-bb94-99728b213789 ceb89a06057345148043faeaccaa6b08 f9fb9a9f9cb94349b2b09b518b11bb22 - - 92528f82975c46bdaab9e69bfb83a290 92528f82975c46bdaab9e69bfb83a290] 10.0.0.187 "DELETE /resource_providers/0299b08c-861b-4d04-adc5-7b173996c929" status: 404 len: 246 microversion: 1.1 [pid: 8|app: 0|req: 416/834] 10.0.0.187 () {34 vars in 824 bytes} [Wed Jul 1 08:37:04 2026] DELETE /resource_providers/0299b08c-861b-4d04-adc5-7b173996c929 => generated 246 bytes in 26 msecs (HTTP/1.1 404) 6 headers in 231 bytes (1 switches on core 0)
2026-07-01 08:37:07.133 8 INFO placement.requestlog [None req-d6014ab2-387d-4c35-b147-1d31d15b8dfa ceb89a06057345148043faeaccaa6b08 f9fb9a9f9cb94349b2b09b518b11bb22 - - 92528f82975c46bdaab9e69bfb83a290 92528f82975c46bdaab9e69bfb83a290] 10.0.0.187 "GET /resource_providers/e1f9c423-b901-4d21-8893-0493ffb40918/aggregates" status: 404 len: 235 microversion: 1.1 [pid: 8|app: 0|req: 417/835] 10.0.0.187 () {32 vars in 824 bytes} [Wed Jul 1 08:37:07 2026] GET /resource_providers/e1f9c423-b901-4d21-8893-0493ffb40918/aggregates => generated 235 bytes in 14 msecs (HTTP/1.1 404) 5 headers in 202 bytes (1 switches on core 0)
2026-07-01 08:37:07.135 7 INFO placement.requestlog [None req-e27035c5-6418-465e-a202-7e67064197c0 ceb89a06057345148043faeaccaa6b08 f9fb9a9f9cb94349b2b09b518b11bb22 - - 92528f82975c46bdaab9e69bfb83a290 92528f82975c46bdaab9e69bfb83a290] 10.0.0.187 "GET /resource_providers/e1f9c423-b901-4d21-8893-0493ffb40918/aggregates" status: 404 len: 235 microversion: 1.1 [pid: 7|app: 0|req: 419/836] 10.0.0.187 () {32 vars in 824 bytes} [Wed Jul 1 08:37:07 2026] GET /resource_providers/e1f9c423-b901-4d21-8893-0493ffb40918/aggregates => generated 235 bytes in 17 msecs (HTTP/1.1 404) 5 headers in 202 bytes (1 switches on core 0)
2026-07-01 08:37:07.148 8 INFO placement.requestlog [None req-3be3d6b4-c6a0-44a8-9771-e64d363580b4 ceb89a06057345148043faeaccaa6b08 f9fb9a9f9cb94349b2b09b518b11bb22 - - 92528f82975c46bdaab9e69bfb83a290 92528f82975c46bdaab9e69bfb83a290] 10.0.0.187 "DELETE /resource_providers/e1f9c423-b901-4d21-8893-0493ffb40918" status: 404 len: 246 microversion: 1.1 [pid: 8|app: 0|req: 418/837] 10.0.0.187 () {34 vars in 824 bytes} [Wed Jul 1 08:37:07 2026] DELETE /resource_providers/e1f9c423-b901-4d21-8893-0493ffb40918 => generated 246 bytes in 10 msecs (HTTP/1.1 404) 6 headers in 231 bytes (1 switches on core 0)
2026-07-01 08:37:07.152 7 INFO placement.requestlog [None req-c2ce9890-dd22-4be0-9d06-1d5ac2e2585a ceb89a06057345148043faeaccaa6b08 f9fb9a9f9cb94349b2b09b518b11bb22 - - 92528f82975c46bdaab9e69bfb83a290 92528f82975c46bdaab9e69bfb83a290] 10.0.0.187 "DELETE /resource_providers/e1f9c423-b901-4d21-8893-0493ffb40918" status: 404 len: 246 microversion: 1.1 [pid: 7|app: 0|req: 420/838] 10.0.0.187 () {34 vars in 824 bytes} [Wed Jul 1 08:37:07 2026] DELETE /resource_providers/e1f9c423-b901-4d21-8893-0493ffb40918 => generated 246 bytes in 8 msecs (HTTP/1.1 404) 6 headers in 231 bytes (1 switches on core 0)
2026-07-01 08:37:12.621 8 INFO placement.requestlog [None req-cc647ddd-4dee-4bd1-ba7b-08029d1cc496 - - - - - -] 10.0.0.21 "GET /" status: 200 len: 136 microversion: 1.0
2026-07-01 08:37:12.621 7 INFO placement.requestlog [None req-9e7d7942-2ef3-474b-910e-c714663ea342 - - - - - -] 10.0.0.21 "GET /" status: 200 len: 136 microversion: 1.0
2026-07-01 08:37:20.919 8 INFO placement.requestlog [req-6403d5f5-7f2b-486d-996e-c69874c029b5 req-83cfd467-3960-4829-871d-88d1a926ed3d 6554393bdf714660ae601519dd245b6a f9fb9a9f9cb94349b2b09b518b11bb22 - - 92528f82975c46bdaab9e69bfb83a290 92528f82975c46bdaab9e69bfb83a290] 199.204.45.74 "GET /resource_providers/9986486a-257c-41a0-b843-f4c32f3ef1d4/allocations" status: 200 len: 353 microversion: 1.0 [pid: 8|app: 0|req: 420/841] 199.204.45.74 () {32 vars in 855 bytes} [Wed Jul 1 08:37:20 2026] GET /resource_providers/9986486a-257c-41a0-b843-f4c32f3ef1d4/allocations => generated 353 bytes in 20 msecs (HTTP/1.1 200) 6 headers in 224 bytes (1 switches on core 0)
2026-07-01 08:37:20.955 7 INFO placement.requestlog [req-6403d5f5-7f2b-486d-996e-c69874c029b5 req-8538b744-6fb2-4c12-a5da-75cb90d53ea9 6554393bdf714660ae601519dd245b6a f9fb9a9f9cb94349b2b09b518b11bb22 - - 92528f82975c46bdaab9e69bfb83a290 92528f82975c46bdaab9e69bfb83a290] 199.204.45.74 "GET /resource_providers/9986486a-257c-41a0-b843-f4c32f3ef1d4/allocations" status: 200 len: 353 microversion: 1.0 [pid: 7|app: 0|req: 422/842] 199.204.45.74 () {32 vars in 855 bytes} [Wed Jul 1 08:37:20 2026] GET /resource_providers/9986486a-257c-41a0-b843-f4c32f3ef1d4/allocations => generated 353 bytes in 26 msecs (HTTP/1.1 200) 6 headers in 224 bytes (1 switches on core 0)
2026-07-01 08:37:20.986 8 INFO placement.requestlog [req-6403d5f5-7f2b-486d-996e-c69874c029b5 req-51ea3e94-28fb-4a2f-a41b-1200d5ad1d28 6554393bdf714660ae601519dd245b6a f9fb9a9f9cb94349b2b09b518b11bb22 - - 92528f82975c46bdaab9e69bfb83a290 92528f82975c46bdaab9e69bfb83a290] 199.204.45.74 "GET /allocations/d194899f-50b9-4b09-9cd9-9fbb34591f12" status: 200 len: 258 microversion: 1.28 [pid: 8|app: 0|req: 421/843] 199.204.45.74 () {34 vars in 861 bytes} [Wed Jul 1 08:37:20 2026] GET /allocations/d194899f-50b9-4b09-9cd9-9fbb34591f12 => generated 258 bytes in 23 msecs (HTTP/1.1 200) 8 headers in 296 bytes (1 switches on core 0)
2026-07-01 08:37:21.007 7 INFO placement.requestlog [req-6403d5f5-7f2b-486d-996e-c69874c029b5 req-125b5738-227b-4297-8165-880aada5dd65 6554393bdf714660ae601519dd245b6a f9fb9a9f9cb94349b2b09b518b11bb22 - - 92528f82975c46bdaab9e69bfb83a290 92528f82975c46bdaab9e69bfb83a290] 199.204.45.74 "GET /allocations/4289b6ee-ead0-4427-ba76-d8149f5f8354" status: 200 len: 258 microversion: 1.28 [pid: 7|app: 0|req: 423/844] 199.204.45.74 () {34 vars in 861 bytes} [Wed Jul 1 08:37:20 2026] GET /allocations/4289b6ee-ead0-4427-ba76-d8149f5f8354 => generated 258 bytes in 14 msecs (HTTP/1.1 200) 8 headers in 296 bytes (1 switches on core 0)
2026-07-01 08:37:21.033 8 INFO placement.requestlog [req-6403d5f5-7f2b-486d-996e-c69874c029b5 req-493b574f-acff-4d2d-b7ca-be82815a55e1 6554393bdf714660ae601519dd245b6a f9fb9a9f9cb94349b2b09b518b11bb22 - - 92528f82975c46bdaab9e69bfb83a290 92528f82975c46bdaab9e69bfb83a290] 199.204.45.74 "GET /allocations/ce74e5b2-26ee-492a-b500-39f012ea02b3" status: 200 len: 258 microversion: 1.28 [pid: 8|app: 0|req: 422/845] 199.204.45.74 () {34 vars in 861 bytes} [Wed Jul 1 08:37:21 2026] GET /allocations/ce74e5b2-26ee-492a-b500-39f012ea02b3 => generated 258 bytes in 19 msecs (HTTP/1.1 200) 8 headers in 296 bytes (1 switches on core 0)
2026-07-01 08:37:22.622 8 INFO placement.requestlog [None req-2d146a5d-2a71-4806-aa3d-5a0d489c6109 - - - - - -] 10.0.0.21 "GET /" status: 200 len: 136 microversion: 1.0
2026-07-01 08:37:22.622 7 INFO placement.requestlog [None req-0371b466-8663-4d03-ae5e-ae8c5c1ced14 - - - - - -] 10.0.0.21 "GET /" status: 200 len: 136 microversion: 1.0
2026-07-01 08:37:23.894 8 INFO placement.requestlog [None req-d7222690-9d16-479d-a18a-2735281cee44 ceb89a06057345148043faeaccaa6b08 f9fb9a9f9cb94349b2b09b518b11bb22 - - 92528f82975c46bdaab9e69bfb83a290 92528f82975c46bdaab9e69bfb83a290] 10.0.0.187 "GET /resource_providers/0ab8f9a8-6e76-48c7-80f6-fab11ce31de4/aggregates" status: 404 len: 235 microversion: 1.1 [pid: 8|app: 0|req: 424/848] 10.0.0.187 () {32 vars in 824 bytes} [Wed Jul 1 08:37:23 2026] GET /resource_providers/0ab8f9a8-6e76-48c7-80f6-fab11ce31de4/aggregates => generated 235 bytes in 10 msecs (HTTP/1.1 404) 5 headers in 202 bytes (1 switches on core 0)
