2026-07-01 08:36:02.589 10 INFO neutron.api.wsgi [None req-6b32b5ae-ec4f-467b-a0be-e264ee6216f0 36b0c00a8e904af6ac46d1e4d432fc01 bd75923a26204044a26a04f015198e04 - - default default] 10.0.0.220 "DELETE /v2.0/security-groups/b24208ae-fa5f-4125-9f7b-fa8562960aab HTTP/1.1" status: 204 len: 168 time: 0.3410797
2026-07-01 08:36:02.858 9 INFO neutron.services.segments.plugin [-] Segment 721844fb-1664-4fd1-aba5-2d3a9fb05917 resource provider aggregate not found
2026-07-01 08:36:02.863 9 INFO neutron.services.segments.plugin [-] Segment 721844fb-1664-4fd1-aba5-2d3a9fb05917 resource provider aggregate not found
2026-07-01 08:36:02.875 9 INFO neutron.services.segments.plugin [-] Segment 721844fb-1664-4fd1-aba5-2d3a9fb05917 resource provider not found; error: Placement Client Error (4xx): {"errors": [{"status": 404, "title": "Not Found", "detail": "The resource could not be found.\n\n No resource provider with uuid 721844fb-1664-4fd1-aba5-2d3a9fb05917 found for delete ", "request_id": "req-2954319f-4bab-4624-b333-8093e86384dd"}]}
2026-07-01 08:36:02.880 9 INFO neutron.services.segments.plugin [-] Segment 721844fb-1664-4fd1-aba5-2d3a9fb05917 resource provider not found; error: Placement Client Error (4xx): {"errors": [{"status": 404, "title": "Not Found", "detail": "The resource could not be found.\n\n No resource provider with uuid 721844fb-1664-4fd1-aba5-2d3a9fb05917 found for delete ", "request_id": "req-be991873-8ba6-4399-8ec0-25ba119e1a1f"}]}
2026-07-01 08:36:02.898 9 INFO neutron.api.wsgi [None req-00c6c453-3d8e-4c9b-8c80-fde9c266de63 36b0c00a8e904af6ac46d1e4d432fc01 bd75923a26204044a26a04f015198e04 - - default default] 10.0.0.220 "DELETE /v2.0/networks/e8e1b7ec-00b8-4f08-8328-2661c20d9261 HTTP/1.1" status: 204 len: 168 time: 0.3482220
2026-07-01 08:36:03.151 10 INFO neutron.api.wsgi [None req-ea1a2af9-7868-4b9f-8ea7-7240e69bbd40 36b0c00a8e904af6ac46d1e4d432fc01 bd75923a26204044a26a04f015198e04 - - default default] 10.0.0.220 "GET /v2.0/security-groups?tenant_id=edd51f1244614053a66e04c491d97011&name=default HTTP/1.1" status: 200 len: 3120 time: 0.0508835
2026-07-01 08:36:03.380 10 INFO neutron.api.wsgi [None req-b14959a3-b332-45e9-a3a4-6998abfee531 36b0c00a8e904af6ac46d1e4d432fc01 bd75923a26204044a26a04f015198e04 - - default default] 10.0.0.220 "DELETE /v2.0/security-groups/2a0bc28e-6caa-409c-b79a-1f3d6a7aae46 HTTP/1.1" status: 204 len: 168 time: 0.2225029
2026-07-01 08:36:04.189 9 INFO neutron.db.ovn_revision_numbers_db [None req-2cf60ced-1038-4732-b890-a14fa76669bc 36b0c00a8e904af6ac46d1e4d432fc01 bd75923a26204044a26a04f015198e04 - - default default] Successfully bumped revision number for resource bf0980ee-ae34-4f98-bb45-9f531700be22 (type: security_groups) to 1
2026-07-01 08:36:04.212 9 INFO neutron.db.ovn_revision_numbers_db [None req-2cf60ced-1038-4732-b890-a14fa76669bc 36b0c00a8e904af6ac46d1e4d432fc01 bd75923a26204044a26a04f015198e04 - - default default] Successfully bumped revision number for resource 40098e29-4086-4418-8166-81d2a2416a14 (type: security_group_rules) to 0
2026-07-01 08:36:04.228 9 INFO neutron.db.ovn_revision_numbers_db [None req-2cf60ced-1038-4732-b890-a14fa76669bc 36b0c00a8e904af6ac46d1e4d432fc01 bd75923a26204044a26a04f015198e04 - - default default] Successfully bumped revision number for resource 46468c55-01ba-4a0e-a3f6-4644a2fac437 (type: security_group_rules) to 0
2026-07-01 08:36:04.259 9 INFO neutron.db.ovn_revision_numbers_db [None req-2cf60ced-1038-4732-b890-a14fa76669bc 36b0c00a8e904af6ac46d1e4d432fc01 bd75923a26204044a26a04f015198e04 - - default default] Successfully bumped revision number for resource b27ec062-12c3-44d8-bcdb-2dc285147659 (type: security_group_rules) to 0
2026-07-01 08:36:04.271 9 INFO neutron.db.ovn_revision_numbers_db [None req-2cf60ced-1038-4732-b890-a14fa76669bc 36b0c00a8e904af6ac46d1e4d432fc01 bd75923a26204044a26a04f015198e04 - - default default] Successfully bumped revision number for resource f7b661b1-a25a-407b-970c-89907b58d7bc (type: security_group_rules) to 0
2026-07-01 08:36:04.306 9 INFO neutron.api.wsgi [None req-2cf60ced-1038-4732-b890-a14fa76669bc 36b0c00a8e904af6ac46d1e4d432fc01 bd75923a26204044a26a04f015198e04 - - default default] 10.0.0.220 "GET /v2.0/security-groups?tenant_id=1cede7d569ff4835a830d4e8f2841114&name=default HTTP/1.1" status: 200 len: 3120 time: 0.4574766
2026-07-01 08:36:04.612 9 INFO neutron.api.wsgi [None req-0c02f2b3-6fd7-48e9-b118-3424ed3d77af 36b0c00a8e904af6ac46d1e4d432fc01 bd75923a26204044a26a04f015198e04 - - default default] 10.0.0.220 "DELETE /v2.0/security-groups/bf0980ee-ae34-4f98-bb45-9f531700be22 HTTP/1.1" status: 204 len: 168 time: 0.2803531
2026-07-01 08:36:04.761 9 WARNING neutron_lib.context [None req-a089e2a8-dce9-4546-ab1e-ca277d474169 c5d947c62d3d4a1a8f087667e7d317f1 0525e1b705574008a2a1a0eed59c9a15 - - default default] Method 'is_advsvc' is deprecated since 2023.2 release (neutron-lib 3.8.0) and will be removed once support for the old RBAC API policies will be removed from Neutron. Please use method 'is_service_role' instead.
2026-07-01 08:36:04.923 9 INFO neutron.db.ovn_revision_numbers_db [None req-a089e2a8-dce9-4546-ab1e-ca277d474169 c5d947c62d3d4a1a8f087667e7d317f1 0525e1b705574008a2a1a0eed59c9a15 - - default default] Successfully bumped revision number for resource ad719870-840a-440f-9adc-92935d7e966f (type: security_groups) to 1
2026-07-01 08:36:04.936 9 INFO neutron.db.ovn_revision_numbers_db [None req-a089e2a8-dce9-4546-ab1e-ca277d474169 c5d947c62d3d4a1a8f087667e7d317f1 0525e1b705574008a2a1a0eed59c9a15 - - default default] Successfully bumped revision number for resource 59e312b6-2cf7-447a-9537-517e51854a9f (type: security_group_rules) to 0
2026-07-01 08:36:04.951 9 INFO neutron.db.ovn_revision_numbers_db [None req-a089e2a8-dce9-4546-ab1e-ca277d474169 c5d947c62d3d4a1a8f087667e7d317f1 0525e1b705574008a2a1a0eed59c9a15 - - default default] Successfully bumped revision number for resource 6f1f7b2d-3302-40d5-9c15-34b307c9933e (type: security_group_rules) to 0
2026-07-01 08:36:04.979 9 INFO neutron.db.ovn_revision_numbers_db [None req-a089e2a8-dce9-4546-ab1e-ca277d474169 c5d947c62d3d4a1a8f087667e7d317f1 0525e1b705574008a2a1a0eed59c9a15 - - default default] Successfully bumped revision number for resource 7f749969-1f4d-4488-9922-ea1c9e461678 (type: security_group_rules) to 0
2026-07-01 08:36:04.997 9 INFO neutron.db.ovn_revision_numbers_db [None req-a089e2a8-dce9-4546-ab1e-ca277d474169 c5d947c62d3d4a1a8f087667e7d317f1 0525e1b705574008a2a1a0eed59c9a15 - - default default] Successfully bumped revision number for resource ac48e9b1-d25c-48c7-99c5-223552ccd102 (type: security_group_rules) to 0
2026-07-01 08:36:05.080 9 INFO neutron.db.segments_db [None req-a089e2a8-dce9-4546-ab1e-ca277d474169 c5d947c62d3d4a1a8f087667e7d317f1 0525e1b705574008a2a1a0eed59c9a15 - - default default] Added segment 9636d172-e91b-4e9b-b8da-c985e4e640a2 of type geneve for network 9a31b70f-8d82-49e0-a01a-61150d077f62
2026-07-01 08:36:05.221 9 INFO neutron.db.ovn_revision_numbers_db [None req-a089e2a8-dce9-4546-ab1e-ca277d474169 c5d947c62d3d4a1a8f087667e7d317f1 0525e1b705574008a2a1a0eed59c9a15 - - default default] Successfully bumped revision number for resource 9a31b70f-8d82-49e0-a01a-61150d077f62 (type: networks) to 1
2026-07-01 08:36:05.414 9 WARNING neutron.scheduler.dhcp_agent_scheduler [None req-a089e2a8-dce9-4546-ab1e-ca277d474169 c5d947c62d3d4a1a8f087667e7d317f1 0525e1b705574008a2a1a0eed59c9a15 - - default default] No more DHCP agents
2026-07-01 08:36:05.416 9 WARNING neutron.api.rpc.agentnotifiers.dhcp_rpc_agent_api [None req-a089e2a8-dce9-4546-ab1e-ca277d474169 c5d947c62d3d4a1a8f087667e7d317f1 0525e1b705574008a2a1a0eed59c9a15 - - default default] Unable to schedule network 9a31b70f-8d82-49e0-a01a-61150d077f62: no agents available; will retry on subsequent port and subnet creation events.
2026-07-01 08:36:05.482 9 INFO neutron.db.ovn_revision_numbers_db [None req-55234677-9edf-4453-b3d9-548e84a5197e 36b0c00a8e904af6ac46d1e4d432fc01 bd75923a26204044a26a04f015198e04 - - default default] Successfully bumped revision number for resource 1e127c23-aaf6-42ff-8ca2-092dba39c50c (type: security_groups) to 1
2026-07-01 08:36:05.490 9 INFO neutron.db.ovn_revision_numbers_db [None req-a089e2a8-dce9-4546-ab1e-ca277d474169 c5d947c62d3d4a1a8f087667e7d317f1 0525e1b705574008a2a1a0eed59c9a15 - - default default] Successfully bumped revision number for resource 05b81137-06b0-4058-85cd-ac9c23a9048a (type: ports) to 1
2026-07-01 08:36:05.496 9 INFO neutron.db.ovn_revision_numbers_db [None req-55234677-9edf-4453-b3d9-548e84a5197e 36b0c00a8e904af6ac46d1e4d432fc01 bd75923a26204044a26a04f015198e04 - - default default] Successfully bumped revision number for resource 4e031510-351c-439e-8897-6a01a174494c (type: security_group_rules) to 0
2026-07-01 08:36:05.513 9 INFO neutron.api.wsgi [None req-a089e2a8-dce9-4546-ab1e-ca277d474169 c5d947c62d3d4a1a8f087667e7d317f1 0525e1b705574008a2a1a0eed59c9a15 - - default default] 10.0.0.220 "POST /v2.0/networks HTTP/1.1" status: 201 len: 848 time: 0.9839027
2026-07-01 08:36:05.514 9 INFO neutron.db.ovn_revision_numbers_db [None req-55234677-9edf-4453-b3d9-548e84a5197e 36b0c00a8e904af6ac46d1e4d432fc01 bd75923a26204044a26a04f015198e04 - - default default] Successfully bumped revision number for resource 74a5a246-4e4a-4059-83b8-786b6a358fe8 (type: security_group_rules) to 0
2026-07-01 08:36:05.526 9 WARNING neutron_lib.context [None req-08b6dbf1-f13d-47e2-a0b8-212c2c9552a8 c5d947c62d3d4a1a8f087667e7d317f1 0525e1b705574008a2a1a0eed59c9a15 - - default default] Method 'is_advsvc' is deprecated since 2023.2 release (neutron-lib 3.8.0) and will be removed once support for the old RBAC API policies will be removed from Neutron. Please use method 'is_service_role' instead.
2026-07-01 08:36:05.542 9 INFO neutron.db.ovn_revision_numbers_db [None req-55234677-9edf-4453-b3d9-548e84a5197e 36b0c00a8e904af6ac46d1e4d432fc01 bd75923a26204044a26a04f015198e04 - - default default] Successfully bumped revision number for resource 8a737eda-a13b-42cc-ad06-2dfa205b969e (type: security_group_rules) to 0
2026-07-01 08:36:05.561 9 INFO neutron.db.ovn_revision_numbers_db [None req-55234677-9edf-4453-b3d9-548e84a5197e 36b0c00a8e904af6ac46d1e4d432fc01 bd75923a26204044a26a04f015198e04 - - default default] Successfully bumped revision number for resource f80ca1e5-a187-471c-87fb-6155e7da98df (type: security_group_rules) to 0
2026-07-01 08:36:05.649 9 INFO neutron.db.segments_db [None req-55234677-9edf-4453-b3d9-548e84a5197e 36b0c00a8e904af6ac46d1e4d432fc01 bd75923a26204044a26a04f015198e04 - - default default] Added segment aac1e1f4-c845-4114-b974-1d9ae1adeb4e of type geneve for network 96417586-a216-4acb-b572-b20d02126a4d
2026-07-01 08:36:05.787 9 INFO neutron.db.ovn_revision_numbers_db [None req-55234677-9edf-4453-b3d9-548e84a5197e 36b0c00a8e904af6ac46d1e4d432fc01 bd75923a26204044a26a04f015198e04 - - default default] Successfully bumped revision number for resource 96417586-a216-4acb-b572-b20d02126a4d (type: networks) to 1
2026-07-01 08:36:05.789 9 WARNING neutron.scheduler.dhcp_agent_scheduler [None req-08b6dbf1-f13d-47e2-a0b8-212c2c9552a8 c5d947c62d3d4a1a8f087667e7d317f1 0525e1b705574008a2a1a0eed59c9a15 - - default default] No more DHCP agents
2026-07-01 08:36:05.791 9 WARNING neutron.api.rpc.agentnotifiers.dhcp_rpc_agent_api [None req-08b6dbf1-f13d-47e2-a0b8-212c2c9552a8 c5d947c62d3d4a1a8f087667e7d317f1 0525e1b705574008a2a1a0eed59c9a15 - - default default] Unable to schedule network 9a31b70f-8d82-49e0-a01a-61150d077f62: no agents available; will retry on subsequent port and subnet creation events.
2026-07-01 08:36:05.882 9 INFO neutron.db.ovn_revision_numbers_db [None req-08b6dbf1-f13d-47e2-a0b8-212c2c9552a8 c5d947c62d3d4a1a8f087667e7d317f1 0525e1b705574008a2a1a0eed59c9a15 - - default default] Successfully bumped revision number for resource 97cc5ad8-9194-4f37-b72b-a41606227d66 (type: ports) to 1
2026-07-01 08:36:05.906 9 INFO neutron.api.wsgi [None req-08b6dbf1-f13d-47e2-a0b8-212c2c9552a8 c5d947c62d3d4a1a8f087667e7d317f1 0525e1b705574008a2a1a0eed59c9a15 - - default default] 10.0.0.220 "POST /v2.0/ports HTTP/1.1" status: 201 len: 977 time: 0.3845623
2026-07-01 08:36:05.924 10 WARNING neutron_lib.context [None req-8ffda9b0-0775-44dc-8bdd-57a2e82363eb c5d947c62d3d4a1a8f087667e7d317f1 0525e1b705574008a2a1a0eed59c9a15 - - default default] Method 'is_advsvc' is deprecated since 2023.2 release (neutron-lib 3.8.0) and will be removed once support for the old RBAC API policies will be removed from Neutron. Please use method 'is_service_role' instead.
2026-07-01 08:36:05.975 9 WARNING neutron.scheduler.dhcp_agent_scheduler [None req-55234677-9edf-4453-b3d9-548e84a5197e 36b0c00a8e904af6ac46d1e4d432fc01 bd75923a26204044a26a04f015198e04 - - default default] No more DHCP agents
2026-07-01 08:36:05.977 9 WARNING neutron.api.rpc.agentnotifiers.dhcp_rpc_agent_api [None req-55234677-9edf-4453-b3d9-548e84a5197e 36b0c00a8e904af6ac46d1e4d432fc01 bd75923a26204044a26a04f015198e04 - - default default] Unable to schedule network 96417586-a216-4acb-b572-b20d02126a4d: no agents available; will retry on subsequent port and subnet creation events.
2026-07-01 08:36:06.027 10 INFO neutron.db.segments_db [None req-8ffda9b0-0775-44dc-8bdd-57a2e82363eb c5d947c62d3d4a1a8f087667e7d317f1 0525e1b705574008a2a1a0eed59c9a15 - - default default] Added segment 804bc4e2-73fe-49e9-a26e-6e1bc69ff5be of type geneve for network 855f8e7a-e8ec-4b21-9dfa-7544cf5aa956
2026-07-01 08:36:06.044 9 INFO neutron.db.ovn_revision_numbers_db [None req-55234677-9edf-4453-b3d9-548e84a5197e 36b0c00a8e904af6ac46d1e4d432fc01 bd75923a26204044a26a04f015198e04 - - default default] Successfully bumped revision number for resource d4e42cc5-0670-44e7-9031-44bb4752be72 (type: ports) to 1
2026-07-01 08:36:06.066 9 INFO neutron.api.wsgi [None req-55234677-9edf-4453-b3d9-548e84a5197e 36b0c00a8e904af6ac46d1e4d432fc01 bd75923a26204044a26a04f015198e04 - - default default] 10.0.0.220 "POST /v2.0/networks HTTP/1.1" status: 201 len: 950 time: 0.8530502 /var/lib/openstack/lib/python3.12/site-packages/pycadf/identifier.py:71: UserWarning: Invalid uuid: neutron. To ensure interoperability, identifiers should be a valid uuid. warnings.warn(('Invalid uuid: %s. To ensure interoperability, '
2026-07-01 08:36:06.154 10 INFO neutron.db.ovn_revision_numbers_db [None req-8ffda9b0-0775-44dc-8bdd-57a2e82363eb c5d947c62d3d4a1a8f087667e7d317f1 0525e1b705574008a2a1a0eed59c9a15 - - default default] Successfully bumped revision number for resource 855f8e7a-e8ec-4b21-9dfa-7544cf5aa956 (type: networks) to 1
2026-07-01 08:36:06.195 9 WARNING neutron.scheduler.dhcp_agent_scheduler [None req-6f5313f3-f385-45f1-98eb-59edb1d1e2d6 36b0c00a8e904af6ac46d1e4d432fc01 bd75923a26204044a26a04f015198e04 - - default default] No more DHCP agents
2026-07-01 08:36:06.196 9 WARNING neutron.api.rpc.agentnotifiers.dhcp_rpc_agent_api [None req-6f5313f3-f385-45f1-98eb-59edb1d1e2d6 36b0c00a8e904af6ac46d1e4d432fc01 bd75923a26204044a26a04f015198e04 - - default default] Unable to schedule network 96417586-a216-4acb-b572-b20d02126a4d: no agents available; will retry on subsequent port and subnet creation events.
2026-07-01 08:36:06.291 10 WARNING neutron.scheduler.dhcp_agent_scheduler [None req-8ffda9b0-0775-44dc-8bdd-57a2e82363eb c5d947c62d3d4a1a8f087667e7d317f1 0525e1b705574008a2a1a0eed59c9a15 - - default default] No more DHCP agents
2026-07-01 08:36:06.292 10 WARNING neutron.api.rpc.agentnotifiers.dhcp_rpc_agent_api [None req-8ffda9b0-0775-44dc-8bdd-57a2e82363eb c5d947c62d3d4a1a8f087667e7d317f1 0525e1b705574008a2a1a0eed59c9a15 - - default default] Unable to schedule network 855f8e7a-e8ec-4b21-9dfa-7544cf5aa956: no agents available; will retry on subsequent port and subnet creation events.
2026-07-01 08:36:06.354 10 INFO neutron.db.ovn_revision_numbers_db [None req-8ffda9b0-0775-44dc-8bdd-57a2e82363eb c5d947c62d3d4a1a8f087667e7d317f1 0525e1b705574008a2a1a0eed59c9a15 - - default default] Successfully bumped revision number for resource 523f2cd5-120e-4fd5-92ad-603ebb1721e2 (type: ports) to 1
2026-07-01 08:36:06.375 10 INFO neutron.api.wsgi [None req-8ffda9b0-0775-44dc-8bdd-57a2e82363eb c5d947c62d3d4a1a8f087667e7d317f1 0525e1b705574008a2a1a0eed59c9a15 - - default default] 10.0.0.220 "POST /v2.0/networks HTTP/1.1" status: 201 len: 835 time: 0.4615450
2026-07-01 08:36:06.386 10 WARNING neutron_lib.context [None req-20979f13-c7f3-435b-912e-159cfda95ac7 c5d947c62d3d4a1a8f087667e7d317f1 0525e1b705574008a2a1a0eed59c9a15 - - default default] Method 'is_advsvc' is deprecated since 2023.2 release (neutron-lib 3.8.0) and will be removed once support for the old RBAC API policies will be removed from Neutron. Please use method 'is_service_role' instead.
2026-07-01 08:36:06.387 9 INFO neutron.api.wsgi [-] 10.0.0.21 "GET / HTTP/1.1" status: 200 len: 247 time: 0.0020087
2026-07-01 08:36:06.389 9 INFO neutron.api.wsgi [-] 10.0.0.21 "GET / HTTP/1.1" status: 200 len: 247 time: 0.0010116
2026-07-01 08:36:06.581 10 WARNING neutron.scheduler.dhcp_agent_scheduler [None req-20979f13-c7f3-435b-912e-159cfda95ac7 c5d947c62d3d4a1a8f087667e7d317f1 0525e1b705574008a2a1a0eed59c9a15 - - default default] No more DHCP agents
2026-07-01 08:36:06.583 10 WARNING neutron.api.rpc.agentnotifiers.dhcp_rpc_agent_api [None req-20979f13-c7f3-435b-912e-159cfda95ac7 c5d947c62d3d4a1a8f087667e7d317f1 0525e1b705574008a2a1a0eed59c9a15 - - default default] Unable to schedule network 855f8e7a-e8ec-4b21-9dfa-7544cf5aa956: no agents available; will retry on subsequent port and subnet creation events.
2026-07-01 08:36:06.618 10 INFO neutron.db.ovn_revision_numbers_db [None req-20979f13-c7f3-435b-912e-159cfda95ac7 c5d947c62d3d4a1a8f087667e7d317f1 0525e1b705574008a2a1a0eed59c9a15 - - default default] Successfully bumped revision number for resource 53523da1-541e-4521-a0a6-e78b6ac1abc3 (type: subnets) to 0
2026-07-01 08:36:06.626 9 INFO neutron.db.ovn_revision_numbers_db [None req-559af529-731e-425a-bc5c-500e36bc1a94 - - - - - -] Successfully bumped revision number for resource d4e42cc5-0670-44e7-9031-44bb4752be72 (type: ports) to 2
2026-07-01 08:36:06.641 10 INFO neutron.api.wsgi [None req-20979f13-c7f3-435b-912e-159cfda95ac7 c5d947c62d3d4a1a8f087667e7d317f1 0525e1b705574008a2a1a0eed59c9a15 - - default default] 10.0.0.220 "POST /v2.0/subnets HTTP/1.1" status: 201 len: 845 time: 0.2595019
2026-07-01 08:36:06.653 9 WARNING neutron_lib.context [None req-cb852feb-aa56-4c65-86f0-13b6e2e998c2 c5d947c62d3d4a1a8f087667e7d317f1 0525e1b705574008a2a1a0eed59c9a15 - - default default] Method 'is_advsvc' is deprecated since 2023.2 release (neutron-lib 3.8.0) and will be removed once support for the old RBAC API policies will be removed from Neutron. Please use method 'is_service_role' instead.
2026-07-01 08:36:06.669 9 INFO neutron.db.ovn_revision_numbers_db [None req-559af529-731e-425a-bc5c-500e36bc1a94 - - - - - -] Successfully bumped revision number for resource c93039c5-c485-45d5-9781-74adf05bb52f (type: subnets) to 0
2026-07-01 08:36:06.685 9 INFO neutron.api.wsgi [None req-6f5313f3-f385-45f1-98eb-59edb1d1e2d6 36b0c00a8e904af6ac46d1e4d432fc01 bd75923a26204044a26a04f015198e04 - - default default] 10.0.0.220 "POST /v2.0/subnets HTTP/1.1" status: 201 len: 894 time: 0.6136906
2026-07-01 08:36:06.998 9 WARNING neutron.scheduler.dhcp_agent_scheduler [None req-cb852feb-aa56-4c65-86f0-13b6e2e998c2 c5d947c62d3d4a1a8f087667e7d317f1 0525e1b705574008a2a1a0eed59c9a15 - - default default] No more DHCP agents
2026-07-01 08:36:07.000 9 WARNING neutron.api.rpc.agentnotifiers.dhcp_rpc_agent_api [None req-cb852feb-aa56-4c65-86f0-13b6e2e998c2 c5d947c62d3d4a1a8f087667e7d317f1 0525e1b705574008a2a1a0eed59c9a15 - - default default] Unable to schedule network 855f8e7a-e8ec-4b21-9dfa-7544cf5aa956: no agents available; will retry on subsequent port and subnet creation events.
2026-07-01 08:36:07.105 9 INFO neutron.db.ovn_revision_numbers_db [None req-cb852feb-aa56-4c65-86f0-13b6e2e998c2 c5d947c62d3d4a1a8f087667e7d317f1 0525e1b705574008a2a1a0eed59c9a15 - - default default] Successfully bumped revision number for resource 15179b3f-64ea-4d60-9ae1-c68dfe8a8e81 (type: ports) to 1
2026-07-01 08:36:07.137 9 INFO neutron.api.wsgi [None req-cb852feb-aa56-4c65-86f0-13b6e2e998c2 c5d947c62d3d4a1a8f087667e7d317f1 0525e1b705574008a2a1a0eed59c9a15 - - default default] 10.0.0.220 "POST /v2.0/ports HTTP/1.1" status: 201 len: 1160 time: 0.4903569 /var/lib/openstack/lib/python3.12/site-packages/pycadf/identifier.py:71: UserWarning: Invalid uuid: neutron. To ensure interoperability, identifiers should be a valid uuid. warnings.warn(('Invalid uuid: %s. To ensure interoperability, '
2026-07-01 08:36:07.170 10 WARNING neutron.scheduler.dhcp_agent_scheduler [None req-b66371ad-e95d-4a9f-bdb7-3adfbfe9f0e4 36b0c00a8e904af6ac46d1e4d432fc01 bd75923a26204044a26a04f015198e04 - - default default] No more DHCP agents
2026-07-01 08:36:07.172 10 WARNING neutron.api.rpc.agentnotifiers.dhcp_rpc_agent_api [None req-b66371ad-e95d-4a9f-bdb7-3adfbfe9f0e4 36b0c00a8e904af6ac46d1e4d432fc01 bd75923a26204044a26a04f015198e04 - - default default] Unable to schedule network 60b61759-f4f3-45eb-a1af-86e709006d56: no agents available; will retry on subsequent port and subnet creation events.
2026-07-01 08:36:07.295 10 INFO neutron.db.ovn_revision_numbers_db [None req-b66371ad-e95d-4a9f-bdb7-3adfbfe9f0e4 36b0c00a8e904af6ac46d1e4d432fc01 bd75923a26204044a26a04f015198e04 - - default default] Successfully bumped revision number for resource b25bb9ee-a026-4388-aefa-ef86dd55bf0c (type: ports) to 1
2026-07-01 08:36:07.473 9 INFO neutron.api.wsgi [None req-de59a6d9-7c47-43b6-bea6-f4316aab4f32 c5d947c62d3d4a1a8f087667e7d317f1 0525e1b705574008a2a1a0eed59c9a15 - - default default] 10.0.0.220 "DELETE /v2.0/ports/15179b3f-64ea-4d60-9ae1-c68dfe8a8e81 HTTP/1.1" status: 204 len: 168 time: 0.3303084
2026-07-01 08:36:07.500 9 INFO neutron.pecan_wsgi.hooks.translation [None req-3f0ff6e3-8c12-494d-96f1-d26a0654ccd6 c5d947c62d3d4a1a8f087667e7d317f1 0525e1b705574008a2a1a0eed59c9a15 - - default default] DELETE failed (client error): The resource could not be found.
2026-07-01 08:36:07.503 9 INFO neutron.api.wsgi [None req-3f0ff6e3-8c12-494d-96f1-d26a0654ccd6 c5d947c62d3d4a1a8f087667e7d317f1 0525e1b705574008a2a1a0eed59c9a15 - - default default] 10.0.0.220 "DELETE /v2.0/ports/15179b3f-64ea-4d60-9ae1-c68dfe8a8e81 HTTP/1.1" status: 404 len: 333 time: 0.0241241
2026-07-01 08:36:07.521 9 INFO neutron.pecan_wsgi.hooks.translation [None req-fc180408-07a5-4adf-805d-5847bd9893fb c5d947c62d3d4a1a8f087667e7d317f1 0525e1b705574008a2a1a0eed59c9a15 - - default default] GET failed (client error): The resource could not be found.
2026-07-01 08:36:07.523 9 INFO neutron.api.wsgi [None req-fc180408-07a5-4adf-805d-5847bd9893fb c5d947c62d3d4a1a8f087667e7d317f1 0525e1b705574008a2a1a0eed59c9a15 - - default default] 10.0.0.220 "GET /v2.0/ports/15179b3f-64ea-4d60-9ae1-c68dfe8a8e81 HTTP/1.1" status: 404 len: 333 time: 0.0149763
2026-07-01 08:36:07.669 9 INFO neutron.api.wsgi [None req-99f390b6-7684-4483-b16f-b8ae503898e5 c5d947c62d3d4a1a8f087667e7d317f1 0525e1b705574008a2a1a0eed59c9a15 - - default default] 10.0.0.220 "DELETE /v2.0/subnets/53523da1-541e-4521-a0a6-e78b6ac1abc3 HTTP/1.1" status: 204 len: 168 time: 0.1425786
2026-07-01 08:36:07.852 10 INFO neutron.plugins.ml2.drivers.ovn.mech_driver.ovsdb.commands [None req-277c484b-5dc7-4976-97e7-498251f615ca - - - - - -] Schedule LRP lrp-b25bb9ee-a026-4388-aefa-ef86dd55bf0c on gateway 64db2054-b6fe-4f1f-9cce-693648a7b04e with priority 1
2026-07-01 08:36:07.865 9 INFO neutron.plugins.ml2.drivers.ovn.mech_driver.mech_driver [None req-99f06181-e970-49f1-985e-f8f2aada6aeb - - - - - -] OVN reports status up for port: b25bb9ee-a026-4388-aefa-ef86dd55bf0c
2026-07-01 08:36:07.875 9 INFO neutron.plugins.ml2.plugin [None req-99f06181-e970-49f1-985e-f8f2aada6aeb - - - - - -] Attempt 1 to provision port b25bb9ee-a026-4388-aefa-ef86dd55bf0c
2026-07-01 08:36:07.878 10 INFO neutron.plugins.ml2.drivers.ovn.mech_driver.ovsdb.ovsdb_monitor [None req-667beddf-3fdc-479a-a5c2-885f6063022f - - - - - -] Router 92460b19-9bc6-4684-b2f9-b57042bdff6f is bound to host instance
2026-07-01 08:36:07.903 10 INFO neutron.db.ovn_revision_numbers_db [None req-b66371ad-e95d-4a9f-bdb7-3adfbfe9f0e4 36b0c00a8e904af6ac46d1e4d432fc01 bd75923a26204044a26a04f015198e04 - - default default] Successfully bumped revision number for resource b25bb9ee-a026-4388-aefa-ef86dd55bf0c (type: router_ports) to 1
2026-07-01 08:36:08.003 9 INFO neutron.services.segments.plugin [-] Segment 804bc4e2-73fe-49e9-a26e-6e1bc69ff5be resource provider aggregate not found
2026-07-01 08:36:08.006 9 INFO neutron.services.segments.plugin [-] Segment 804bc4e2-73fe-49e9-a26e-6e1bc69ff5be resource provider aggregate not found
2026-07-01 08:36:08.008 10 INFO neutron.db.ovn_revision_numbers_db [None req-b66371ad-e95d-4a9f-bdb7-3adfbfe9f0e4 36b0c00a8e904af6ac46d1e4d432fc01 bd75923a26204044a26a04f015198e04 - - default default] Successfully bumped revision number for resource 92460b19-9bc6-4684-b2f9-b57042bdff6f (type: routers) to 2
2026-07-01 08:36:08.022 9 INFO neutron.services.segments.plugin [-] Segment 804bc4e2-73fe-49e9-a26e-6e1bc69ff5be resource provider not found; error: Placement Client Error (4xx): {"errors": [{"status": 404, "title": "Not Found", "detail": "The resource could not be found.\n\n No resource provider with uuid 804bc4e2-73fe-49e9-a26e-6e1bc69ff5be found for delete ", "request_id": "req-42fe87b7-fad6-4517-b821-e4bbca8bdec2"}]}
2026-07-01 08:36:08.024 9 INFO neutron.services.segments.plugin [-] Segment 804bc4e2-73fe-49e9-a26e-6e1bc69ff5be resource provider not found; error: Placement Client Error (4xx): {"errors": [{"status": 404, "title": "Not Found", "detail": "The resource could not be found.\n\n No resource provider with uuid 804bc4e2-73fe-49e9-a26e-6e1bc69ff5be found for delete ", "request_id": "req-963c3633-e265-4187-9f00-703c73f00a18"}]}
2026-07-01 08:36:08.027 10 INFO neutron.api.wsgi [None req-b66371ad-e95d-4a9f-bdb7-3adfbfe9f0e4 36b0c00a8e904af6ac46d1e4d432fc01 bd75923a26204044a26a04f015198e04 - - default default] 10.0.0.220 "POST /v2.0/routers HTTP/1.1" status: 201 len: 1172 time: 1.3366194
2026-07-01 08:36:08.065 9 INFO neutron.api.wsgi [None req-fb3d30b3-1f09-4d7a-b842-f467b239e56e c5d947c62d3d4a1a8f087667e7d317f1 0525e1b705574008a2a1a0eed59c9a15 - - default default] 10.0.0.220 "DELETE /v2.0/networks/855f8e7a-e8ec-4b21-9dfa-7544cf5aa956 HTTP/1.1" status: 204 len: 168 time: 0.3916161
2026-07-01 08:36:08.075 9 WARNING neutron_lib.context [None req-0215c604-25be-45c7-9c3a-3b0d2b3a862c c5d947c62d3d4a1a8f087667e7d317f1 0525e1b705574008a2a1a0eed59c9a15 - - default default] Method 'is_advsvc' is deprecated since 2023.2 release (neutron-lib 3.8.0) and will be removed once support for the old RBAC API policies will be removed from Neutron. Please use method 'is_service_role' instead.
2026-07-01 08:36:08.150 9 INFO neutron.db.ovn_revision_numbers_db [None req-49a79061-dac4-4768-bed9-76610e24c7f2 36b0c00a8e904af6ac46d1e4d432fc01 bd75923a26204044a26a04f015198e04 - - default default] Successfully bumped revision number for resource b603a841-4898-414a-ad99-0bcbdd886043 (type: security_groups) to 1
2026-07-01 08:36:08.164 9 INFO neutron.db.ovn_revision_numbers_db [None req-49a79061-dac4-4768-bed9-76610e24c7f2 36b0c00a8e904af6ac46d1e4d432fc01 bd75923a26204044a26a04f015198e04 - - default default] Successfully bumped revision number for resource 855f8f35-4d8a-463c-be0d-406656bf1874 (type: security_group_rules) to 0
2026-07-01 08:36:08.177 9 INFO neutron.db.segments_db [None req-0215c604-25be-45c7-9c3a-3b0d2b3a862c c5d947c62d3d4a1a8f087667e7d317f1 0525e1b705574008a2a1a0eed59c9a15 - - default default] Added segment f6e4366e-ce7b-474c-90ec-20cddffc1a7a of type geneve for network 8006b492-2fb8-45c9-ae72-c4aa652dc990
2026-07-01 08:36:08.182 9 INFO neutron.db.ovn_revision_numbers_db [None req-49a79061-dac4-4768-bed9-76610e24c7f2 36b0c00a8e904af6ac46d1e4d432fc01 bd75923a26204044a26a04f015198e04 - - default default] Successfully bumped revision number for resource 967664e0-fd03-44b3-896a-0927d1dfe4f2 (type: security_group_rules) to 0
2026-07-01 08:36:08.197 9 INFO neutron.db.ovn_revision_numbers_db [None req-49a79061-dac4-4768-bed9-76610e24c7f2 36b0c00a8e904af6ac46d1e4d432fc01 bd75923a26204044a26a04f015198e04 - - default default] Successfully bumped revision number for resource 98991c24-4cf9-4d03-bd36-67e0ba9a164f (type: security_group_rules) to 0
2026-07-01 08:36:08.217 9 INFO neutron.db.ovn_revision_numbers_db [None req-49a79061-dac4-4768-bed9-76610e24c7f2 36b0c00a8e904af6ac46d1e4d432fc01 bd75923a26204044a26a04f015198e04 - - default default] Successfully bumped revision number for resource f6b67853-da00-4580-a5fc-c39a0893ecf5 (type: security_group_rules) to 0
2026-07-01 08:36:08.258 9 INFO neutron.api.wsgi [None req-49a79061-dac4-4768-bed9-76610e24c7f2 36b0c00a8e904af6ac46d1e4d432fc01 bd75923a26204044a26a04f015198e04 - - default default] 10.0.0.220 "GET /v2.0/security-groups?tenant_id=34766f724c904222968be879a2625565&name=default HTTP/1.1" status: 200 len: 3120 time: 0.4396582
2026-07-01 08:36:08.285 9 INFO neutron.db.ovn_revision_numbers_db [None req-0215c604-25be-45c7-9c3a-3b0d2b3a862c c5d947c62d3d4a1a8f087667e7d317f1 0525e1b705574008a2a1a0eed59c9a15 - - default default] Successfully bumped revision number for resource 8006b492-2fb8-45c9-ae72-c4aa652dc990 (type: networks) to 1
2026-07-01 08:36:08.438 9 WARNING neutron.scheduler.dhcp_agent_scheduler [None req-0215c604-25be-45c7-9c3a-3b0d2b3a862c c5d947c62d3d4a1a8f087667e7d317f1 0525e1b705574008a2a1a0eed59c9a15 - - default default] No more DHCP agents
2026-07-01 08:36:08.440 9 WARNING neutron.api.rpc.agentnotifiers.dhcp_rpc_agent_api [None req-0215c604-25be-45c7-9c3a-3b0d2b3a862c c5d947c62d3d4a1a8f087667e7d317f1 0525e1b705574008a2a1a0eed59c9a15 - - default default] Unable to schedule network 8006b492-2fb8-45c9-ae72-c4aa652dc990: no agents available; will retry on subsequent port and subnet creation events.
2026-07-01 08:36:08.510 9 INFO neutron.db.ovn_revision_numbers_db [None req-0215c604-25be-45c7-9c3a-3b0d2b3a862c c5d947c62d3d4a1a8f087667e7d317f1 0525e1b705574008a2a1a0eed59c9a15 - - default default] Successfully bumped revision number for resource 2245fc86-5799-4116-a9e0-f4841f24bddd (type: ports) to 1
2026-07-01 08:36:08.537 9 INFO neutron.api.wsgi [None req-0215c604-25be-45c7-9c3a-3b0d2b3a862c c5d947c62d3d4a1a8f087667e7d317f1 0525e1b705574008a2a1a0eed59c9a15 - - default default] 10.0.0.220 "POST /v2.0/networks HTTP/1.1" status: 201 len: 835 time: 0.4660645
2026-07-01 08:36:08.547 9 WARNING neutron_lib.context [None req-d0a43d8d-2551-4c6e-91b9-369b509dec11 c5d947c62d3d4a1a8f087667e7d317f1 0525e1b705574008a2a1a0eed59c9a15 - - default default] Method 'is_advsvc' is deprecated since 2023.2 release (neutron-lib 3.8.0) and will be removed once support for the old RBAC API policies will be removed from Neutron. Please use method 'is_service_role' instead.
2026-07-01 08:36:08.592 10 INFO neutron.db.ovn_revision_numbers_db [None req-aea29ed9-6126-40fd-b85e-b2ff95cd03c3 - - - - - -] Successfully bumped revision number for resource b25bb9ee-a026-4388-aefa-ef86dd55bf0c (type: ports) to 1
2026-07-01 08:36:08.731 9 WARNING neutron.scheduler.dhcp_agent_scheduler [None req-d0a43d8d-2551-4c6e-91b9-369b509dec11 c5d947c62d3d4a1a8f087667e7d317f1 0525e1b705574008a2a1a0eed59c9a15 - - default default] No more DHCP agents
2026-07-01 08:36:08.732 9 WARNING neutron.api.rpc.agentnotifiers.dhcp_rpc_agent_api [None req-d0a43d8d-2551-4c6e-91b9-369b509dec11 c5d947c62d3d4a1a8f087667e7d317f1 0525e1b705574008a2a1a0eed59c9a15 - - default default] Unable to schedule network 8006b492-2fb8-45c9-ae72-c4aa652dc990: no agents available; will retry on subsequent port and subnet creation events.
2026-07-01 08:36:08.760 9 INFO neutron.db.ovn_revision_numbers_db [None req-d0a43d8d-2551-4c6e-91b9-369b509dec11 c5d947c62d3d4a1a8f087667e7d317f1 0525e1b705574008a2a1a0eed59c9a15 - - default default] Successfully bumped revision number for resource 9af366e5-b476-446d-a4ad-c7d116aa30a5 (type: subnets) to 0
2026-07-01 08:36:08.774 9 INFO neutron.api.wsgi [None req-d0a43d8d-2551-4c6e-91b9-369b509dec11 c5d947c62d3d4a1a8f087667e7d317f1 0525e1b705574008a2a1a0eed59c9a15 - - default default] 10.0.0.220 "POST /v2.0/subnets HTTP/1.1" status: 201 len: 845 time: 0.2312870
2026-07-01 08:36:08.784 9 WARNING neutron_lib.context [None req-3ae111bf-89dc-45e6-a693-68207b7eac95 c5d947c62d3d4a1a8f087667e7d317f1 0525e1b705574008a2a1a0eed59c9a15 - - default default] Method 'is_advsvc' is deprecated since 2023.2 release (neutron-lib 3.8.0) and will be removed once support for the old RBAC API policies will be removed from Neutron. Please use method 'is_service_role' instead.
2026-07-01 08:36:09.041 10 INFO neutron.api.wsgi [None req-fa3a864f-5329-4b0e-bb93-80438153db8a 36b0c00a8e904af6ac46d1e4d432fc01 bd75923a26204044a26a04f015198e04 - - default default] 10.0.0.220 "DELETE /v2.0/security-groups/b603a841-4898-414a-ad99-0bcbdd886043 HTTP/1.1" status: 204 len: 168 time: 0.7771356
2026-07-01 08:36:09.105 9 WARNING neutron.scheduler.dhcp_agent_scheduler [None req-3ae111bf-89dc-45e6-a693-68207b7eac95 c5d947c62d3d4a1a8f087667e7d317f1 0525e1b705574008a2a1a0eed59c9a15 - - default default] No more DHCP agents
2026-07-01 08:36:09.106 9 WARNING neutron.api.rpc.agentnotifiers.dhcp_rpc_agent_api [None req-3ae111bf-89dc-45e6-a693-68207b7eac95 c5d947c62d3d4a1a8f087667e7d317f1 0525e1b705574008a2a1a0eed59c9a15 - - default default] Unable to schedule network 8006b492-2fb8-45c9-ae72-c4aa652dc990: no agents available; will retry on subsequent port and subnet creation events.
2026-07-01 08:36:09.126 10 WARNING neutron.scheduler.dhcp_agent_scheduler [None req-7182960e-7c07-40d3-9e42-97330f9db98d 36b0c00a8e904af6ac46d1e4d432fc01 bd75923a26204044a26a04f015198e04 - - default default] No more DHCP agents
2026-07-01 08:36:09.129 10 WARNING neutron.api.rpc.agentnotifiers.dhcp_rpc_agent_api [None req-7182960e-7c07-40d3-9e42-97330f9db98d 36b0c00a8e904af6ac46d1e4d432fc01 bd75923a26204044a26a04f015198e04 - - default default] Unable to schedule network 96417586-a216-4acb-b572-b20d02126a4d: no agents available; will retry on subsequent port and subnet creation events.
2026-07-01 08:36:09.194 9 INFO neutron.db.ovn_revision_numbers_db [None req-3ae111bf-89dc-45e6-a693-68207b7eac95 c5d947c62d3d4a1a8f087667e7d317f1 0525e1b705574008a2a1a0eed59c9a15 - - default default] Successfully bumped revision number for resource e12d7087-75be-4559-ba4d-68f8a7d48280 (type: ports) to 1
2026-07-01 08:36:09.215 9 INFO neutron.api.wsgi [None req-3ae111bf-89dc-45e6-a693-68207b7eac95 c5d947c62d3d4a1a8f087667e7d317f1 0525e1b705574008a2a1a0eed59c9a15 - - default default] 10.0.0.220 "POST /v2.0/ports HTTP/1.1" status: 201 len: 1127 time: 0.4344106
2026-07-01 08:36:09.264 10 INFO neutron.db.ovn_revision_numbers_db [None req-7182960e-7c07-40d3-9e42-97330f9db98d 36b0c00a8e904af6ac46d1e4d432fc01 bd75923a26204044a26a04f015198e04 - - default default] Successfully bumped revision number for resource cf7dc3a7-d8e6-45f0-9f02-d4b9e474b397 (type: ports) to 1
2026-07-01 08:36:09.376 10 INFO neutron.db.ovn_revision_numbers_db [None req-aea29ed9-6126-40fd-b85e-b2ff95cd03c3 - - - - - -] Successfully bumped revision number for resource b25bb9ee-a026-4388-aefa-ef86dd55bf0c (type: ports) to 4
2026-07-01 08:36:09.474 9 INFO neutron.api.wsgi [None req-3b0a94fc-6741-410c-badb-9752bb0e55ab c5d947c62d3d4a1a8f087667e7d317f1 0525e1b705574008a2a1a0eed59c9a15 - - default default] 10.0.0.220 "DELETE /v2.0/ports/e12d7087-75be-4559-ba4d-68f8a7d48280 HTTP/1.1" status: 204 len: 168 time: 0.2486067
2026-07-01 08:36:09.492 9 INFO neutron.pecan_wsgi.hooks.translation [None req-290ebbc2-87e4-49f8-81a8-57fa1a4db42d c5d947c62d3d4a1a8f087667e7d317f1 0525e1b705574008a2a1a0eed59c9a15 - - default default] GET failed (client error): The resource could not be found.
2026-07-01 08:36:09.493 9 INFO neutron.api.wsgi [None req-290ebbc2-87e4-49f8-81a8-57fa1a4db42d c5d947c62d3d4a1a8f087667e7d317f1 0525e1b705574008a2a1a0eed59c9a15 - - default default] 10.0.0.220 "GET /v2.0/ports/e12d7087-75be-4559-ba4d-68f8a7d48280 HTTP/1.1" status: 404 len: 333 time: 0.0136244
2026-07-01 08:36:09.635 9 INFO neutron.api.wsgi [None req-006e109b-1cd8-4824-9e62-863e05267bb5 c5d947c62d3d4a1a8f087667e7d317f1 0525e1b705574008a2a1a0eed59c9a15 - - default default] 10.0.0.220 "DELETE /v2.0/subnets/9af366e5-b476-446d-a4ad-c7d116aa30a5 HTTP/1.1" status: 204 len: 168 time: 0.1366169
2026-07-01 08:36:09.718 10 INFO neutron.db.ovn_revision_numbers_db [None req-aea29ed9-6126-40fd-b85e-b2ff95cd03c3 - - - - - -] Successfully bumped revision number for resource b25bb9ee-a026-4388-aefa-ef86dd55bf0c (type: ports) to 5
2026-07-01 08:36:09.853 10 INFO neutron.db.ovn_revision_numbers_db [None req-7182960e-7c07-40d3-9e42-97330f9db98d 36b0c00a8e904af6ac46d1e4d432fc01 bd75923a26204044a26a04f015198e04 - - default default] Successfully bumped revision number for resource cf7dc3a7-d8e6-45f0-9f02-d4b9e474b397 (type: ports) to 1
2026-07-01 08:36:09.901 10 WARNING neutron.scheduler.dhcp_agent_scheduler [None req-7182960e-7c07-40d3-9e42-97330f9db98d 36b0c00a8e904af6ac46d1e4d432fc01 bd75923a26204044a26a04f015198e04 - - default default] No more DHCP agents
2026-07-01 08:36:09.903 10 WARNING neutron.api.rpc.agentnotifiers.dhcp_rpc_agent_api [None req-7182960e-7c07-40d3-9e42-97330f9db98d 36b0c00a8e904af6ac46d1e4d432fc01 bd75923a26204044a26a04f015198e04 - - default default] Unable to schedule network 96417586-a216-4acb-b572-b20d02126a4d: no agents available; will retry on subsequent port and subnet creation events.
2026-07-01 08:36:09.974 9 INFO neutron.api.wsgi [None req-93272d1a-324c-4ffc-a083-0542e47bb1ae c5d947c62d3d4a1a8f087667e7d317f1 0525e1b705574008a2a1a0eed59c9a15 - - default default] 10.0.0.220 "DELETE /v2.0/networks/8006b492-2fb8-45c9-ae72-c4aa652dc990 HTTP/1.1" status: 204 len: 168 time: 0.3326268
2026-07-01 08:36:09.991 9 WARNING neutron_lib.context [None req-737672a7-c65b-4b11-8483-78541ac07079 c5d947c62d3d4a1a8f087667e7d317f1 0525e1b705574008a2a1a0eed59c9a15 - - default default] Method 'is_advsvc' is deprecated since 2023.2 release (neutron-lib 3.8.0) and will be removed once support for the old RBAC API policies will be removed from Neutron. Please use method 'is_service_role' instead.
2026-07-01 08:36:10.043 9 INFO neutron.services.segments.plugin [-] Segment f6e4366e-ce7b-474c-90ec-20cddffc1a7a resource provider aggregate not found
2026-07-01 08:36:10.047 9 INFO neutron.services.segments.plugin [-] Segment f6e4366e-ce7b-474c-90ec-20cddffc1a7a resource provider aggregate not found
2026-07-01 08:36:10.059 9 INFO neutron.services.segments.plugin [-] Segment f6e4366e-ce7b-474c-90ec-20cddffc1a7a resource provider not found; error: Placement Client Error (4xx): {"errors": [{"status": 404, "title": "Not Found", "detail": "The resource could not be found.\n\n No resource provider with uuid f6e4366e-ce7b-474c-90ec-20cddffc1a7a found for delete ", "request_id": "req-d9429cca-e30d-4c3b-8a8f-6f946c9e56ab"}]}
2026-07-01 08:36:10.061 9 INFO neutron.services.segments.plugin [-] Segment f6e4366e-ce7b-474c-90ec-20cddffc1a7a resource provider not found; error: Placement Client Error (4xx): {"errors": [{"status": 404, "title": "Not Found", "detail": "The resource could not be found.\n\n No resource provider with uuid f6e4366e-ce7b-474c-90ec-20cddffc1a7a found for delete ", "request_id": "req-a0f7d7e8-8fff-4821-a1b2-aa0a68438d6f"}]}
2026-07-01 08:36:10.194 9 INFO neutron.plugins.ml2.drivers.ovn.mech_driver.mech_driver [None req-99f06181-e970-49f1-985e-f8f2aada6aeb - - - - - -] OVN reports status up for port: cf7dc3a7-d8e6-45f0-9f02-d4b9e474b397
2026-07-01 08:36:10.204 9 INFO neutron.plugins.ml2.plugin [None req-99f06181-e970-49f1-985e-f8f2aada6aeb - - - - - -] Attempt 1 to provision port cf7dc3a7-d8e6-45f0-9f02-d4b9e474b397
2026-07-01 08:36:10.248 9 WARNING neutron.scheduler.dhcp_agent_scheduler [None req-737672a7-c65b-4b11-8483-78541ac07079 c5d947c62d3d4a1a8f087667e7d317f1 0525e1b705574008a2a1a0eed59c9a15 - - default default] No more DHCP agents
2026-07-01 08:36:10.250 9 WARNING neutron.api.rpc.agentnotifiers.dhcp_rpc_agent_api [None req-737672a7-c65b-4b11-8483-78541ac07079 c5d947c62d3d4a1a8f087667e7d317f1 0525e1b705574008a2a1a0eed59c9a15 - - default default] Unable to schedule network 9a31b70f-8d82-49e0-a01a-61150d077f62: no agents available; will retry on subsequent port and subnet creation events.
2026-07-01 08:36:10.333 9 INFO neutron.db.ovn_revision_numbers_db [None req-737672a7-c65b-4b11-8483-78541ac07079 c5d947c62d3d4a1a8f087667e7d317f1 0525e1b705574008a2a1a0eed59c9a15 - - default default] Successfully bumped revision number for resource dffdf01c-c2c3-409e-aa74-68b86f6fc981 (type: ports) to 1
2026-07-01 08:36:10.364 9 INFO neutron.api.wsgi [None req-737672a7-c65b-4b11-8483-78541ac07079 c5d947c62d3d4a1a8f087667e7d317f1 0525e1b705574008a2a1a0eed59c9a15 - - default default] 10.0.0.220 "POST /v2.0/ports HTTP/1.1" status: 201 len: 978 time: 0.3776634 /var/lib/openstack/lib/python3.12/site-packages/pycadf/identifier.py:71: UserWarning: Invalid uuid: neutron. To ensure interoperability, identifiers should be a valid uuid. warnings.warn(('Invalid uuid: %s. To ensure interoperability, '
2026-07-01 08:36:10.458 10 INFO neutron.db.ovn_revision_numbers_db [None req-7182960e-7c07-40d3-9e42-97330f9db98d 36b0c00a8e904af6ac46d1e4d432fc01 bd75923a26204044a26a04f015198e04 - - default default] Successfully bumped revision number for resource cf7dc3a7-d8e6-45f0-9f02-d4b9e474b397 (type: router_ports) to 1
2026-07-01 08:36:10.466 10 INFO neutron.api.wsgi [None req-7182960e-7c07-40d3-9e42-97330f9db98d 36b0c00a8e904af6ac46d1e4d432fc01 bd75923a26204044a26a04f015198e04 - - default default] 10.0.0.220 "PUT /v2.0/routers/92460b19-9bc6-4684-b2f9-b57042bdff6f/add_router_interface HTTP/1.1" status: 200 len: 503 time: 2.4338865
2026-07-01 08:36:10.688 9 INFO neutron.db.ovn_revision_numbers_db [None req-5a83484b-e1fc-4308-baac-66c5f963d563 c5d947c62d3d4a1a8f087667e7d317f1 0525e1b705574008a2a1a0eed59c9a15 - - default default] Successfully bumped revision number for resource dffdf01c-c2c3-409e-aa74-68b86f6fc981 (type: ports) to 2
2026-07-01 08:36:10.700 9 INFO neutron.api.wsgi [None req-5a83484b-e1fc-4308-baac-66c5f963d563 c5d947c62d3d4a1a8f087667e7d317f1 0525e1b705574008a2a1a0eed59c9a15 - - default default] 10.0.0.220 "PUT /v2.0/ports/dffdf01c-c2c3-409e-aa74-68b86f6fc981 HTTP/1.1" status: 200 len: 946 time: 0.3260610
2026-07-01 08:36:10.763 9 INFO neutron.db.ovn_revision_numbers_db [None req-99f06181-e970-49f1-985e-f8f2aada6aeb - - - - - -] Successfully bumped revision number for resource cf7dc3a7-d8e6-45f0-9f02-d4b9e474b397 (type: ports) to 2
2026-07-01 08:36:10.945 10 INFO neutron.api.wsgi [None req-29a415fc-79b6-47b8-b17c-8c967425b2c1 c5d947c62d3d4a1a8f087667e7d317f1 0525e1b705574008a2a1a0eed59c9a15 - - default default] 10.0.0.220 "DELETE /v2.0/ports/dffdf01c-c2c3-409e-aa74-68b86f6fc981 HTTP/1.1" status: 204 len: 168 time: 0.2397976
2026-07-01 08:36:10.990 10 INFO neutron.api.wsgi [None req-acad9241-9c44-4b11-8038-7dde06e037ff c5d947c62d3d4a1a8f087667e7d317f1 0525e1b705574008a2a1a0eed59c9a15 - - default default] 10.0.0.220 "GET /v2.0/ports HTTP/1.1" status: 200 len: 1732 time: 0.0374503
2026-07-01 08:36:11.024 10 INFO neutron.pecan_wsgi.hooks.translation [None req-4bbe3f2f-f5e6-4b77-8c1e-e2a05919c1c6 c5d947c62d3d4a1a8f087667e7d317f1 0525e1b705574008a2a1a0eed59c9a15 - - default default] GET failed (client error): The resource could not be found.
2026-07-01 08:36:11.027 10 INFO neutron.api.wsgi [None req-4bbe3f2f-f5e6-4b77-8c1e-e2a05919c1c6 c5d947c62d3d4a1a8f087667e7d317f1 0525e1b705574008a2a1a0eed59c9a15 - - default default] 10.0.0.220 "GET /v2.0/ports/dffdf01c-c2c3-409e-aa74-68b86f6fc981 HTTP/1.1" status: 404 len: 333 time: 0.0298345
2026-07-01 08:36:11.092 10 INFO neutron.api.wsgi [None req-c7d8e4ea-a62c-4d2b-981d-a3bfda6a717e c5d947c62d3d4a1a8f087667e7d317f1 0525e1b705574008a2a1a0eed59c9a15 - - default default] 10.0.0.220 "GET /v2.0/ports HTTP/1.1" status: 200 len: 1732 time: 0.0575225 /var/lib/openstack/lib/python3.12/site-packages/pycadf/identifier.py:71: UserWarning: Invalid uuid: neutron. To ensure interoperability, identifiers should be a valid uuid. warnings.warn(('Invalid uuid: %s. To ensure interoperability, '
2026-07-01 08:36:11.138 9 WARNING neutron_lib.context [None req-9f4fc5da-4dd3-42af-9df8-03e04a4d0b40 3f171d1cb9f042ab8d5ac9ed0b5fa335 10a7f29d9be340458db3b3f71be87b8d - - default default] Method 'is_advsvc' is deprecated since 2023.2 release (neutron-lib 3.8.0) and will be removed once support for the old RBAC API policies will be removed from Neutron. Please use method 'is_service_role' instead.
2026-07-01 08:36:11.144 10 INFO neutron.api.wsgi [None req-468850ad-5594-4034-ba4a-d6b0086f5ba5 c5d947c62d3d4a1a8f087667e7d317f1 0525e1b705574008a2a1a0eed59c9a15 - - default default] 10.0.0.220 "GET /v2.0/ports/97cc5ad8-9194-4f37-b72b-a41606227d66 HTTP/1.1" status: 200 len: 972 time: 0.0445330
2026-07-01 08:36:11.167 9 INFO neutron.pecan_wsgi.hooks.translation [None req-e5334bd6-53c1-470a-9acd-dce6a7828203 c5d947c62d3d4a1a8f087667e7d317f1 0525e1b705574008a2a1a0eed59c9a15 - - default default] DELETE failed (client error): The resource could not be found.
2026-07-01 08:36:11.170 9 INFO neutron.api.wsgi [None req-e5334bd6-53c1-470a-9acd-dce6a7828203 c5d947c62d3d4a1a8f087667e7d317f1 0525e1b705574008a2a1a0eed59c9a15 - - default default] 10.0.0.220 "DELETE /v2.0/ports/e12d7087-75be-4559-ba4d-68f8a7d48280 HTTP/1.1" status: 404 len: 333 time: 0.0171371
2026-07-01 08:36:11.187 10 INFO neutron.pecan_wsgi.hooks.translation [None req-ea3ccf83-eea6-40ab-a635-629175c2718c c5d947c62d3d4a1a8f087667e7d317f1 0525e1b705574008a2a1a0eed59c9a15 - - default default] DELETE failed (client error): The resource could not be found.
2026-07-01 08:36:11.189 10 INFO neutron.api.wsgi [None req-ea3ccf83-eea6-40ab-a635-629175c2718c c5d947c62d3d4a1a8f087667e7d317f1 0525e1b705574008a2a1a0eed59c9a15 - - default default] 10.0.0.220 "DELETE /v2.0/subnets/9af366e5-b476-446d-a4ad-c7d116aa30a5 HTTP/1.1" status: 404 len: 337 time: 0.0145137
2026-07-01 08:36:11.206 10 INFO neutron.pecan_wsgi.hooks.translation [None req-b03f15b3-593b-402d-9951-498e68387a93 c5d947c62d3d4a1a8f087667e7d317f1 0525e1b705574008a2a1a0eed59c9a15 - - default default] DELETE failed (client error): The resource could not be found.
2026-07-01 08:36:11.209 10 INFO neutron.api.wsgi [None req-b03f15b3-593b-402d-9951-498e68387a93 c5d947c62d3d4a1a8f087667e7d317f1 0525e1b705574008a2a1a0eed59c9a15 - - default default] 10.0.0.220 "DELETE /v2.0/subnets/53523da1-541e-4521-a0a6-e78b6ac1abc3 HTTP/1.1" status: 404 len: 337 time: 0.0137236
2026-07-01 08:36:11.263 9 INFO neutron.db.ovn_revision_numbers_db [None req-9f4fc5da-4dd3-42af-9df8-03e04a4d0b40 3f171d1cb9f042ab8d5ac9ed0b5fa335 10a7f29d9be340458db3b3f71be87b8d - - default default] Successfully bumped revision number for resource ff1e2452-6175-4d3b-9ea3-743252b81465 (type: security_groups) to 1
2026-07-01 08:36:11.279 9 INFO neutron.db.ovn_revision_numbers_db [None req-9f4fc5da-4dd3-42af-9df8-03e04a4d0b40 3f171d1cb9f042ab8d5ac9ed0b5fa335 10a7f29d9be340458db3b3f71be87b8d - - default default] Successfully bumped revision number for resource 3afc9087-9984-403b-9b0f-b466b5ffeac1 (type: security_group_rules) to 0
2026-07-01 08:36:11.297 9 INFO neutron.db.ovn_revision_numbers_db [None req-9f4fc5da-4dd3-42af-9df8-03e04a4d0b40 3f171d1cb9f042ab8d5ac9ed0b5fa335 10a7f29d9be340458db3b3f71be87b8d - - default default] Successfully bumped revision number for resource 8307f871-80ac-487b-9cf7-a4ed7ffa5014 (type: security_group_rules) to 0
2026-07-01 08:36:11.332 9 INFO neutron.api.wsgi [None req-9f4fc5da-4dd3-42af-9df8-03e04a4d0b40 3f171d1cb9f042ab8d5ac9ed0b5fa335 10a7f29d9be340458db3b3f71be87b8d - - default default] 10.0.0.220 "POST /v2.0/security-groups HTTP/1.1" status: 201 len: 1859 time: 0.2005637
2026-07-01 08:36:11.342 9 WARNING neutron_lib.context [None req-7052e0e3-bd8e-4e55-9d98-9665db06b9bc 3f171d1cb9f042ab8d5ac9ed0b5fa335 10a7f29d9be340458db3b3f71be87b8d - - default default] Method 'is_advsvc' is deprecated since 2023.2 release (neutron-lib 3.8.0) and will be removed once support for the old RBAC API policies will be removed from Neutron. Please use method 'is_service_role' instead.
2026-07-01 08:36:11.446 10 INFO neutron.api.wsgi [None req-e42a7436-b579-4f36-88e9-0d5ca502b7bc c5d947c62d3d4a1a8f087667e7d317f1 0525e1b705574008a2a1a0eed59c9a15 - - default default] 10.0.0.220 "DELETE /v2.0/ports/97cc5ad8-9194-4f37-b72b-a41606227d66 HTTP/1.1" status: 204 len: 168 time: 0.2323003
2026-07-01 08:36:11.462 9 INFO neutron.db.ovn_revision_numbers_db [None req-7052e0e3-bd8e-4e55-9d98-9665db06b9bc 3f171d1cb9f042ab8d5ac9ed0b5fa335 10a7f29d9be340458db3b3f71be87b8d - - default default] Successfully bumped revision number for resource 23cc3de1-0efa-4030-9150-871f138a8418 (type: security_group_rules) to 0
2026-07-01 08:36:11.497 9 INFO neutron.api.wsgi [None req-7052e0e3-bd8e-4e55-9d98-9665db06b9bc 3f171d1cb9f042ab8d5ac9ed0b5fa335 10a7f29d9be340458db3b3f71be87b8d - - default default] 10.0.0.220 "POST /v2.0/security-group-rules HTTP/1.1" status: 201 len: 796 time: 0.1592939
2026-07-01 08:36:11.506 9 WARNING neutron_lib.context [None req-d87d44d8-19cb-4f53-badd-53f4e25d4384 3f171d1cb9f042ab8d5ac9ed0b5fa335 10a7f29d9be340458db3b3f71be87b8d - - default default] Method 'is_advsvc' is deprecated since 2023.2 release (neutron-lib 3.8.0) and will be removed once support for the old RBAC API policies will be removed from Neutron. Please use method 'is_service_role' instead.
2026-07-01 08:36:11.631 9 INFO neutron.db.ovn_revision_numbers_db [None req-d87d44d8-19cb-4f53-badd-53f4e25d4384 3f171d1cb9f042ab8d5ac9ed0b5fa335 10a7f29d9be340458db3b3f71be87b8d - - default default] Successfully bumped revision number for resource 4a9261a8-db1c-4e9d-91dc-850dedd6b4c4 (type: security_group_rules) to 0
