2026-07-01 08:38:36.390 10 INFO neutron.api.wsgi [-] 10.0.0.21 "GET / HTTP/1.1" status: 200 len: 247 time: 0.0019095
2026-07-01 08:38:36.433 9 INFO neutron.api.wsgi [req-e3d7e93f-12aa-4c90-94d9-f2bb0fd14c4f req-22d17232-47af-46fc-8adf-e83f01f628ab 5b49f1f2e46b46c891783c359539ad0d 2ca7dda5b14c457e928cb43e55394ac7 - - default default] 199.204.45.74 "GET /v2.0/security-groups?fields=id&fields=name&tenant_id=2ca7dda5b14c457e928cb43e55394ac7 HTTP/1.1" status: 200 len: 378 time: 0.0408101
2026-07-01 08:38:36.440 9 WARNING neutron_lib.context [req-e3d7e93f-12aa-4c90-94d9-f2bb0fd14c4f req-6080d036-95ba-47d9-89b3-d5903656aa11 5b49f1f2e46b46c891783c359539ad0d 2ca7dda5b14c457e928cb43e55394ac7 - - default default] Method 'is_advsvc' is deprecated since 2023.2 release (neutron-lib 3.8.0) and will be removed once support for the old RBAC API policies will be removed from Neutron. Please use method 'is_service_role' instead.
2026-07-01 08:38:36.515 9 INFO neutron.api.wsgi [None req-f261f472-91ba-443b-b138-0287dac61fc3 36b0c00a8e904af6ac46d1e4d432fc01 bd75923a26204044a26a04f015198e04 - - default default] 10.0.0.220 "DELETE /v2.0/security-groups/26490795-5f1d-42df-b5ea-24a7289b1793 HTTP/1.1" status: 204 len: 168 time: 0.2559068
2026-07-01 08:38:36.765 9 WARNING neutron.scheduler.dhcp_agent_scheduler [req-e3d7e93f-12aa-4c90-94d9-f2bb0fd14c4f req-6080d036-95ba-47d9-89b3-d5903656aa11 5b49f1f2e46b46c891783c359539ad0d 2ca7dda5b14c457e928cb43e55394ac7 - - default default] No more DHCP agents
2026-07-01 08:38:36.766 9 WARNING neutron.api.rpc.agentnotifiers.dhcp_rpc_agent_api [req-e3d7e93f-12aa-4c90-94d9-f2bb0fd14c4f req-6080d036-95ba-47d9-89b3-d5903656aa11 5b49f1f2e46b46c891783c359539ad0d 2ca7dda5b14c457e928cb43e55394ac7 - - default default] Unable to schedule network 07351106-4855-49c3-be75-c8364ffcc59a: no agents available; will retry on subsequent port and subnet creation events.
2026-07-01 08:38:36.909 9 INFO neutron.db.ovn_revision_numbers_db [req-e3d7e93f-12aa-4c90-94d9-f2bb0fd14c4f req-6080d036-95ba-47d9-89b3-d5903656aa11 5b49f1f2e46b46c891783c359539ad0d 2ca7dda5b14c457e928cb43e55394ac7 - - default default] Successfully bumped revision number for resource 478059ed-a8fa-41ed-94be-1901511cb302 (type: ports) to 1
2026-07-01 08:38:36.929 9 INFO neutron.api.wsgi [req-e3d7e93f-12aa-4c90-94d9-f2bb0fd14c4f req-6080d036-95ba-47d9-89b3-d5903656aa11 5b49f1f2e46b46c891783c359539ad0d 2ca7dda5b14c457e928cb43e55394ac7 - - default default] 199.204.45.74 "POST /v2.0/ports HTTP/1.1" status: 201 len: 1388 time: 0.4927716 /var/lib/openstack/lib/python3.12/site-packages/pycadf/identifier.py:71: UserWarning: Invalid uuid: neutron. To ensure interoperability, identifiers should be a valid uuid. warnings.warn(('Invalid uuid: %s. To ensure interoperability, '
2026-07-01 08:38:37.318 9 INFO neutron.db.ovn_revision_numbers_db [req-e3d7e93f-12aa-4c90-94d9-f2bb0fd14c4f req-fc3b691f-6969-4173-9100-7aedf902aa49 ceb89a06057345148043faeaccaa6b08 f9fb9a9f9cb94349b2b09b518b11bb22 - - 92528f82975c46bdaab9e69bfb83a290 92528f82975c46bdaab9e69bfb83a290] Successfully bumped revision number for resource 478059ed-a8fa-41ed-94be-1901511cb302 (type: ports) to 2
2026-07-01 08:38:37.537 9 INFO neutron.db.ovn_revision_numbers_db [req-e3d7e93f-12aa-4c90-94d9-f2bb0fd14c4f req-fc3b691f-6969-4173-9100-7aedf902aa49 ceb89a06057345148043faeaccaa6b08 f9fb9a9f9cb94349b2b09b518b11bb22 - - 92528f82975c46bdaab9e69bfb83a290 92528f82975c46bdaab9e69bfb83a290] Successfully bumped revision number for resource 478059ed-a8fa-41ed-94be-1901511cb302 (type: ports) to 4
2026-07-01 08:38:37.554 9 INFO neutron.api.wsgi [req-e3d7e93f-12aa-4c90-94d9-f2bb0fd14c4f req-fc3b691f-6969-4173-9100-7aedf902aa49 ceb89a06057345148043faeaccaa6b08 f9fb9a9f9cb94349b2b09b518b11bb22 - - 92528f82975c46bdaab9e69bfb83a290 92528f82975c46bdaab9e69bfb83a290] 199.204.45.74 "PUT /v2.0/ports/478059ed-a8fa-41ed-94be-1901511cb302 HTTP/1.1" status: 200 len: 1633 time: 0.6176767
2026-07-01 08:38:37.561 10 INFO neutron.api.wsgi [req-5e4c7310-e65a-40c9-b196-02a90c2e93ec req-1d9522f9-f289-4955-8338-828fe1807bc5 5b49f1f2e46b46c891783c359539ad0d 2ca7dda5b14c457e928cb43e55394ac7 - - default default] 10.0.0.193 "GET /v2.0/ports?device_id=40cf6a4e-587b-494f-9b90-244d22410b0e HTTP/1.1" status: 200 len: 1386 time: 0.4903293
2026-07-01 08:38:37.600 9 INFO neutron.notifiers.nova [-] Nova event matching ['req-c31049e8-a598-4799-8059-305abf5ec811'] response: {'name': 'network-changed', 'server_uuid': '40cf6a4e-587b-494f-9b90-244d22410b0e', 'tag': '478059ed-a8fa-41ed-94be-1901511cb302', 'status': 'completed', 'code': 200}
2026-07-01 08:38:37.638 10 INFO neutron.api.wsgi [req-5e4c7310-e65a-40c9-b196-02a90c2e93ec req-4e69c029-b2fc-415c-93e8-34380a51c777 5b49f1f2e46b46c891783c359539ad0d 2ca7dda5b14c457e928cb43e55394ac7 - - default default] 10.0.0.193 "GET /v2.0/security-groups?id=c6c704db-a1f3-497d-8529-5a85d6b19d2f&fields=id&fields=name HTTP/1.1" status: 200 len: 311 time: 0.0706887 /var/lib/openstack/lib/python3.12/site-packages/pycadf/identifier.py:71: UserWarning: Invalid uuid: neutron. To ensure interoperability, identifiers should be a valid uuid. warnings.warn(('Invalid uuid: %s. To ensure interoperability, '
2026-07-01 08:38:37.858 9 INFO neutron.api.wsgi [req-c6cc6493-6b8a-4182-bc45-baf9df999bda req-1a890e2f-a019-41ea-9f46-6825971d83d3 ceb89a06057345148043faeaccaa6b08 f9fb9a9f9cb94349b2b09b518b11bb22 - - 92528f82975c46bdaab9e69bfb83a290 92528f82975c46bdaab9e69bfb83a290] 10.0.0.166 "GET /v2.0/ports?device_id=f3b4e07c-a4ae-495c-9c67-545755878384 HTTP/1.1" status: 200 len: 1638 time: 0.1781919
2026-07-01 08:38:37.904 9 INFO neutron.api.wsgi [req-c6cc6493-6b8a-4182-bc45-baf9df999bda req-d63e3bce-0353-4a62-a274-c84aca083a3a ceb89a06057345148043faeaccaa6b08 f9fb9a9f9cb94349b2b09b518b11bb22 - - 92528f82975c46bdaab9e69bfb83a290 92528f82975c46bdaab9e69bfb83a290] 10.0.0.166 "GET /v2.0/security-groups?id=c6c704db-a1f3-497d-8529-5a85d6b19d2f&fields=id&fields=name HTTP/1.1" status: 200 len: 311 time: 0.0390246
2026-07-01 08:38:38.190 9 INFO neutron.api.wsgi [req-b1019664-ac22-47f3-a695-ac18c12f7e60 req-e9c5a88c-a659-48b4-b371-d7d2f320bad9 ceb89a06057345148043faeaccaa6b08 f9fb9a9f9cb94349b2b09b518b11bb22 - - 92528f82975c46bdaab9e69bfb83a290 92528f82975c46bdaab9e69bfb83a290] 199.204.45.74 "GET /v2.0/ports?tenant_id=2ca7dda5b14c457e928cb43e55394ac7&device_id=40cf6a4e-587b-494f-9b90-244d22410b0e HTTP/1.1" status: 200 len: 1636 time: 0.0802622
2026-07-01 08:38:38.253 9 INFO neutron.api.wsgi [req-b1019664-ac22-47f3-a695-ac18c12f7e60 req-14167e08-da51-4e4f-9018-5c7cd2cea4aa ceb89a06057345148043faeaccaa6b08 f9fb9a9f9cb94349b2b09b518b11bb22 - - 92528f82975c46bdaab9e69bfb83a290 92528f82975c46bdaab9e69bfb83a290] 199.204.45.74 "GET /v2.0/networks?tenant_id=2ca7dda5b14c457e928cb43e55394ac7&shared=False HTTP/1.1" status: 200 len: 2582 time: 0.0567741
2026-07-01 08:38:38.306 9 INFO neutron.api.wsgi [req-b1019664-ac22-47f3-a695-ac18c12f7e60 req-05f352a2-cbfe-40df-a281-126654fd2b85 ceb89a06057345148043faeaccaa6b08 f9fb9a9f9cb94349b2b09b518b11bb22 - - 92528f82975c46bdaab9e69bfb83a290 92528f82975c46bdaab9e69bfb83a290] 199.204.45.74 "GET /v2.0/networks?shared=True HTTP/1.1" status: 200 len: 952 time: 0.0463755
2026-07-01 08:38:39.353 9 INFO neutron.api.wsgi [req-e3d7e93f-12aa-4c90-94d9-f2bb0fd14c4f req-37b4e5b6-4237-428d-8630-fb6bb37b0189 ceb89a06057345148043faeaccaa6b08 f9fb9a9f9cb94349b2b09b518b11bb22 - - 92528f82975c46bdaab9e69bfb83a290 92528f82975c46bdaab9e69bfb83a290] 199.204.45.74 "GET /v2.0/ports?tenant_id=2ca7dda5b14c457e928cb43e55394ac7&device_id=40cf6a4e-587b-494f-9b90-244d22410b0e HTTP/1.1" status: 200 len: 1636 time: 0.0318415
2026-07-01 08:38:39.377 9 INFO neutron.api.wsgi [req-e3d7e93f-12aa-4c90-94d9-f2bb0fd14c4f req-2c33ddf5-0d87-4082-8c8d-2f0e50b42f89 ceb89a06057345148043faeaccaa6b08 f9fb9a9f9cb94349b2b09b518b11bb22 - - 92528f82975c46bdaab9e69bfb83a290 92528f82975c46bdaab9e69bfb83a290] 199.204.45.74 "GET /v2.0/floatingips?fixed_ip_address=10.2.2.130&port_id=478059ed-a8fa-41ed-94be-1901511cb302 HTTP/1.1" status: 200 len: 217 time: 0.0183547
2026-07-01 08:38:39.401 9 INFO neutron.api.wsgi [req-e3d7e93f-12aa-4c90-94d9-f2bb0fd14c4f req-3eef3666-1a46-421b-956e-bb721db5da96 ceb89a06057345148043faeaccaa6b08 f9fb9a9f9cb94349b2b09b518b11bb22 - - 92528f82975c46bdaab9e69bfb83a290 92528f82975c46bdaab9e69bfb83a290] 199.204.45.74 "GET /v2.0/floatingips?fixed_ip_address=fd77%3A1457%3A4cf0%3A26a8%3A%3A2b&port_id=478059ed-a8fa-41ed-94be-1901511cb302 HTTP/1.1" status: 200 len: 217 time: 0.0173275
2026-07-01 08:38:39.438 9 INFO neutron.api.wsgi [req-e3d7e93f-12aa-4c90-94d9-f2bb0fd14c4f req-842a5476-a334-4c4e-bcc5-a33672020d40 ceb89a06057345148043faeaccaa6b08 f9fb9a9f9cb94349b2b09b518b11bb22 - - 92528f82975c46bdaab9e69bfb83a290 92528f82975c46bdaab9e69bfb83a290] 199.204.45.74 "GET /v2.0/subnets?id=8fe5ed20-f047-4c59-826e-2a3d35520b53&id=3d61e1ad-722e-4276-b804-1067987960e2 HTTP/1.1" status: 200 len: 1615 time: 0.0306261
2026-07-01 08:38:39.464 9 INFO neutron.api.wsgi [req-e3d7e93f-12aa-4c90-94d9-f2bb0fd14c4f req-32394f66-9eca-4da5-8a20-806cfd2089c1 ceb89a06057345148043faeaccaa6b08 f9fb9a9f9cb94349b2b09b518b11bb22 - - 92528f82975c46bdaab9e69bfb83a290 92528f82975c46bdaab9e69bfb83a290] 199.204.45.74 "GET /v2.0/ports?network_id=07351106-4855-49c3-be75-c8364ffcc59a&device_owner=network%3Adhcp HTTP/1.1" status: 200 len: 210 time: 0.0189052
2026-07-01 08:38:39.488 9 INFO neutron.api.wsgi [req-e3d7e93f-12aa-4c90-94d9-f2bb0fd14c4f req-f890e60e-f6c8-4747-a3af-6d2890b8a222 ceb89a06057345148043faeaccaa6b08 f9fb9a9f9cb94349b2b09b518b11bb22 - - 92528f82975c46bdaab9e69bfb83a290 92528f82975c46bdaab9e69bfb83a290] 199.204.45.74 "GET /v2.0/ports?network_id=07351106-4855-49c3-be75-c8364ffcc59a&device_owner=network%3Adhcp HTTP/1.1" status: 200 len: 210 time: 0.0162368
2026-07-01 08:38:39.535 9 INFO neutron.api.wsgi [req-e3d7e93f-12aa-4c90-94d9-f2bb0fd14c4f req-6ccd190c-8958-48a1-9f9b-fb861474f82f ceb89a06057345148043faeaccaa6b08 f9fb9a9f9cb94349b2b09b518b11bb22 - - 92528f82975c46bdaab9e69bfb83a290 92528f82975c46bdaab9e69bfb83a290] 199.204.45.74 "GET /v2.0/networks/07351106-4855-49c3-be75-c8364ffcc59a?fields=segments HTTP/1.1" status: 200 len: 212 time: 0.0411923
2026-07-01 08:38:39.588 9 INFO neutron.api.wsgi [req-e3d7e93f-12aa-4c90-94d9-f2bb0fd14c4f req-57a62a7d-53b2-45c1-b386-a106b25c13ec ceb89a06057345148043faeaccaa6b08 f9fb9a9f9cb94349b2b09b518b11bb22 - - 92528f82975c46bdaab9e69bfb83a290 92528f82975c46bdaab9e69bfb83a290] 199.204.45.74 "GET /v2.0/networks/07351106-4855-49c3-be75-c8364ffcc59a?fields=provider%3Aphysical_network&fields=provider%3Anetwork_type HTTP/1.1" status: 200 len: 277 time: 0.0467799
2026-07-01 08:38:39.850 9 WARNING neutron_lib.context [None req-327e235c-8a99-4dab-9681-f227048df0f8 a89c05bdfb144668ba7baf9c4612778c b327104875ad4c76bf64ef229378580a - - default default] Method 'is_advsvc' is deprecated since 2023.2 release (neutron-lib 3.8.0) and will be removed once support for the old RBAC API policies will be removed from Neutron. Please use method 'is_service_role' instead.
2026-07-01 08:38:39.950 9 INFO neutron.db.ovn_revision_numbers_db [None req-327e235c-8a99-4dab-9681-f227048df0f8 a89c05bdfb144668ba7baf9c4612778c b327104875ad4c76bf64ef229378580a - - default default] Successfully bumped revision number for resource 65686e38-306f-4a8b-89b1-c81904da3abb (type: routers) to 1
2026-07-01 08:38:39.965 9 INFO neutron.api.wsgi [None req-327e235c-8a99-4dab-9681-f227048df0f8 a89c05bdfb144668ba7baf9c4612778c b327104875ad4c76bf64ef229378580a - - default default] 10.0.0.220 "POST /v2.0/routers HTTP/1.1" status: 201 len: 769 time: 0.2475884
2026-07-01 08:38:40.033 9 INFO neutron.api.wsgi [None req-ffbe859c-dfc3-4fd0-9c0b-711d98e4c97f a89c05bdfb144668ba7baf9c4612778c b327104875ad4c76bf64ef229378580a - - default default] 10.0.0.220 "PUT /v2.0/routers/65686e38-306f-4a8b-89b1-c81904da3abb/tags HTTP/1.1" status: 200 len: 218 time: 0.0614965
2026-07-01 08:38:40.079 10 INFO neutron.api.wsgi [None req-723685e0-2597-42d3-8f61-e2363dd7eefb a89c05bdfb144668ba7baf9c4612778c b327104875ad4c76bf64ef229378580a - - default default] 10.0.0.220 "GET /v2.0/routers/65686e38-306f-4a8b-89b1-c81904da3abb/tags HTTP/1.1" status: 200 len: 218 time: 0.0361378
2026-07-01 08:38:40.152 10 INFO neutron.api.wsgi [None req-ae5c9c62-3eb3-4988-ae50-f52974e1b30e a89c05bdfb144668ba7baf9c4612778c b327104875ad4c76bf64ef229378580a - - default default] 10.0.0.220 "PUT /v2.0/routers/65686e38-306f-4a8b-89b1-c81904da3abb/tags/green HTTP/1.1" status: 201 len: 201 time: 0.0664508
2026-07-01 08:38:40.196 10 INFO neutron.api.wsgi [None req-64f99d03-f9f5-4499-bcbe-080cb47dfdd0 a89c05bdfb144668ba7baf9c4612778c b327104875ad4c76bf64ef229378580a - - default default] 10.0.0.220 "GET /v2.0/routers/65686e38-306f-4a8b-89b1-c81904da3abb/tags HTTP/1.1" status: 200 len: 227 time: 0.0385318
2026-07-01 08:38:40.238 10 INFO neutron.api.wsgi [None req-73c750e5-d6dc-48c9-b718-14e87b738cc6 a89c05bdfb144668ba7baf9c4612778c b327104875ad4c76bf64ef229378580a - - default default] 10.0.0.220 "PUT /v2.0/routers/65686e38-306f-4a8b-89b1-c81904da3abb/tags/red HTTP/1.1" status: 201 len: 201 time: 0.0350473
2026-07-01 08:38:40.289 10 INFO neutron.api.wsgi [None req-95b047eb-47a7-466f-a23c-104bec080ef0 a89c05bdfb144668ba7baf9c4612778c b327104875ad4c76bf64ef229378580a - - default default] 10.0.0.220 "GET /v2.0/routers/65686e38-306f-4a8b-89b1-c81904da3abb/tags HTTP/1.1" status: 200 len: 227 time: 0.0456624
2026-07-01 08:38:40.340 10 INFO neutron.api.wsgi [None req-fd3e7bc3-26a3-48f0-a683-2a1b277eb429 a89c05bdfb144668ba7baf9c4612778c b327104875ad4c76bf64ef229378580a - - default default] 10.0.0.220 "PUT /v2.0/routers/65686e38-306f-4a8b-89b1-c81904da3abb/tags/black.or.white HTTP/1.1" status: 201 len: 201 time: 0.0457461
2026-07-01 08:38:40.383 10 INFO neutron.api.wsgi [None req-c2f96436-6f26-43a9-b9bc-4c2ebb66e0dd a89c05bdfb144668ba7baf9c4612778c b327104875ad4c76bf64ef229378580a - - default default] 10.0.0.220 "GET /v2.0/routers/65686e38-306f-4a8b-89b1-c81904da3abb/tags HTTP/1.1" status: 200 len: 245 time: 0.0368927
2026-07-01 08:38:40.438 10 INFO neutron.api.wsgi [None req-d6cde068-61ee-4545-a210-36f779c36843 a89c05bdfb144668ba7baf9c4612778c b327104875ad4c76bf64ef229378580a - - default default] 10.0.0.220 "PUT /v2.0/routers/65686e38-306f-4a8b-89b1-c81904da3abb/tags HTTP/1.1" status: 200 len: 230 time: 0.0494082
2026-07-01 08:38:40.480 10 INFO neutron.api.wsgi [None req-1f6f0d62-b55b-446a-82bd-8fd7f5911aba a89c05bdfb144668ba7baf9c4612778c b327104875ad4c76bf64ef229378580a - - default default] 10.0.0.220 "GET /v2.0/routers/65686e38-306f-4a8b-89b1-c81904da3abb/tags HTTP/1.1" status: 200 len: 230 time: 0.0375147
2026-07-01 08:38:40.537 10 INFO neutron.api.wsgi [None req-39fdbdf2-b8fb-4c36-bb05-809100912704 a89c05bdfb144668ba7baf9c4612778c b327104875ad4c76bf64ef229378580a - - default default] 10.0.0.220 "GET /v2.0/routers/65686e38-306f-4a8b-89b1-c81904da3abb/tags/red HTTP/1.1" status: 204 len: 168 time: 0.0533726
2026-07-01 08:38:40.583 10 INFO neutron.api.v2.resource [None req-2a9c5c90-246c-4b6d-97a1-0d8f15919039 a89c05bdfb144668ba7baf9c4612778c b327104875ad4c76bf64ef229378580a - - default default] show failed (client error): The resource could not be found.
2026-07-01 08:38:40.585 10 INFO neutron.api.wsgi [None req-2a9c5c90-246c-4b6d-97a1-0d8f15919039 a89c05bdfb144668ba7baf9c4612778c b327104875ad4c76bf64ef229378580a - - default default] 10.0.0.220 "GET /v2.0/routers/65686e38-306f-4a8b-89b1-c81904da3abb/tags/green HTTP/1.1" status: 404 len: 299 time: 0.0416341
2026-07-01 08:38:40.654 10 INFO neutron.api.wsgi [None req-d826ff24-e988-460b-ac35-849be4c1b57a a89c05bdfb144668ba7baf9c4612778c b327104875ad4c76bf64ef229378580a - - default default] 10.0.0.220 "DELETE /v2.0/routers/65686e38-306f-4a8b-89b1-c81904da3abb/tags/red HTTP/1.1" status: 204 len: 168 time: 0.0627556
2026-07-01 08:38:40.695 10 INFO neutron.api.wsgi [None req-f7dab5a1-9840-4e63-96c2-a669cdad18e0 a89c05bdfb144668ba7baf9c4612778c b327104875ad4c76bf64ef229378580a - - default default] 10.0.0.220 "GET /v2.0/routers/65686e38-306f-4a8b-89b1-c81904da3abb/tags HTTP/1.1" status: 200 len: 223 time: 0.0367172
2026-07-01 08:38:40.741 10 INFO neutron.api.v2.resource [None req-b3e71fae-f6a7-4fc5-b048-7b3e817823d7 a89c05bdfb144668ba7baf9c4612778c b327104875ad4c76bf64ef229378580a - - default default] delete failed (client error): The resource could not be found.
2026-07-01 08:38:40.743 10 INFO neutron.api.wsgi [None req-b3e71fae-f6a7-4fc5-b048-7b3e817823d7 a89c05bdfb144668ba7baf9c4612778c b327104875ad4c76bf64ef229378580a - - default default] 10.0.0.220 "DELETE /v2.0/routers/65686e38-306f-4a8b-89b1-c81904da3abb/tags/green HTTP/1.1" status: 404 len: 299 time: 0.0426650
2026-07-01 08:38:40.800 10 INFO neutron.api.wsgi [None req-663dca74-6d69-4b3a-95a5-afd4b456737b a89c05bdfb144668ba7baf9c4612778c b327104875ad4c76bf64ef229378580a - - default default] 10.0.0.220 "DELETE /v2.0/routers/65686e38-306f-4a8b-89b1-c81904da3abb/tags HTTP/1.1" status: 204 len: 168 time: 0.0493453
2026-07-01 08:38:40.839 10 INFO neutron.api.wsgi [None req-707b943b-35d0-40b6-a04b-7c5029ac22c9 a89c05bdfb144668ba7baf9c4612778c b327104875ad4c76bf64ef229378580a - - default default] 10.0.0.220 "GET /v2.0/routers/65686e38-306f-4a8b-89b1-c81904da3abb/tags HTTP/1.1" status: 200 len: 205 time: 0.0332258
2026-07-01 08:38:40.880 10 INFO neutron.api.wsgi [None req-096df9dc-c323-4eff-b998-49f1f77af2d9 a89c05bdfb144668ba7baf9c4612778c b327104875ad4c76bf64ef229378580a - - default default] 10.0.0.220 "GET /v2.0/routers/65686e38-306f-4a8b-89b1-c81904da3abb HTTP/1.1" status: 200 len: 770 time: 0.0320966
2026-07-01 08:38:41.211 10 INFO neutron.db.ovn_revision_numbers_db [None req-8f692119-9ec5-426f-aedb-9858d269d939 a89c05bdfb144668ba7baf9c4612778c b327104875ad4c76bf64ef229378580a - - default default] Successfully bumped revision number for resource 65686e38-306f-4a8b-89b1-c81904da3abb (type: routers) to 7
2026-07-01 08:38:41.217 10 INFO neutron.api.wsgi [None req-8f692119-9ec5-426f-aedb-9858d269d939 a89c05bdfb144668ba7baf9c4612778c b327104875ad4c76bf64ef229378580a - - default default] 10.0.0.220 "PUT /v2.0/routers/65686e38-306f-4a8b-89b1-c81904da3abb HTTP/1.1" status: 200 len: 770 time: 0.3320379
2026-07-01 08:38:41.241 10 INFO neutron.api.wsgi [None req-72c33d72-3f66-4606-adaa-17f89ad1bf37 a89c05bdfb144668ba7baf9c4612778c b327104875ad4c76bf64ef229378580a - - default default] 10.0.0.220 "GET /v2.0/ports?device_id=65686e38-306f-4a8b-89b1-c81904da3abb HTTP/1.1" status: 200 len: 205 time: 0.0182924
2026-07-01 08:38:41.417 10 INFO neutron.api.wsgi [None req-e7af24d5-53bc-4373-9915-57c5186fdd90 a89c05bdfb144668ba7baf9c4612778c b327104875ad4c76bf64ef229378580a - - default default] 10.0.0.220 "DELETE /v2.0/routers/65686e38-306f-4a8b-89b1-c81904da3abb HTTP/1.1" status: 204 len: 168 time: 0.1711004
2026-07-01 08:38:41.752 10 INFO neutron.plugins.ml2.drivers.ovn.mech_driver.mech_driver [None req-06c1845d-003d-406a-ab6e-5922308a7bc8 - - - - - -] OVN reports status up for port: 478059ed-a8fa-41ed-94be-1901511cb302
2026-07-01 08:38:41.792 10 INFO neutron.plugins.ml2.plugin [None req-06c1845d-003d-406a-ab6e-5922308a7bc8 - - - - - -] Attempt 1 to provision port 478059ed-a8fa-41ed-94be-1901511cb302
2026-07-01 08:38:41.949 10 INFO neutron.notifiers.nova [-] Nova event matching ['req-8a35bebe-c49a-42b3-bf1b-ccd1463ab9c7'] response: {'server_uuid': '40cf6a4e-587b-494f-9b90-244d22410b0e', 'name': 'network-vif-plugged', 'status': 'completed', 'tag': '478059ed-a8fa-41ed-94be-1901511cb302', 'code': 200}
2026-07-01 08:38:42.076 10 INFO neutron.db.ovn_revision_numbers_db [None req-06c1845d-003d-406a-ab6e-5922308a7bc8 - - - - - -] Successfully bumped revision number for resource 478059ed-a8fa-41ed-94be-1901511cb302 (type: ports) to 5
2026-07-01 08:38:42.338 9 INFO neutron.db.ovn_revision_numbers_db [None req-865470e5-4d30-4933-9d9e-ee2ec1e19bd4 36b0c00a8e904af6ac46d1e4d432fc01 bd75923a26204044a26a04f015198e04 - - default default] Successfully bumped revision number for resource 25690bf2-9203-44de-95f9-5ca9cd9f055d (type: security_groups) to 1
2026-07-01 08:38:42.347 9 INFO neutron.db.ovn_revision_numbers_db [None req-0e4a1d1d-f77e-4390-80f4-ce9cd11a4f54 36b0c00a8e904af6ac46d1e4d432fc01 bd75923a26204044a26a04f015198e04 - - default default] Successfully bumped revision number for resource bd24aecb-cae7-4dbf-aabd-bbc35e699379 (type: security_groups) to 1
2026-07-01 08:38:42.354 9 INFO neutron.db.ovn_revision_numbers_db [None req-865470e5-4d30-4933-9d9e-ee2ec1e19bd4 36b0c00a8e904af6ac46d1e4d432fc01 bd75923a26204044a26a04f015198e04 - - default default] Successfully bumped revision number for resource 56124a89-cad9-43f6-a536-c6f76b6a77ba (type: security_group_rules) to 0
2026-07-01 08:38:42.363 9 INFO neutron.db.ovn_revision_numbers_db [None req-0e4a1d1d-f77e-4390-80f4-ce9cd11a4f54 36b0c00a8e904af6ac46d1e4d432fc01 bd75923a26204044a26a04f015198e04 - - default default] Successfully bumped revision number for resource 22131ef0-0b2f-4b99-84b3-1a6df62c7444 (type: security_group_rules) to 0
2026-07-01 08:38:42.367 9 INFO neutron.db.ovn_revision_numbers_db [None req-865470e5-4d30-4933-9d9e-ee2ec1e19bd4 36b0c00a8e904af6ac46d1e4d432fc01 bd75923a26204044a26a04f015198e04 - - default default] Successfully bumped revision number for resource 6ee41399-9cec-41a0-bc7a-7d0a9c8f2b15 (type: security_group_rules) to 0
2026-07-01 08:38:42.378 9 INFO neutron.db.ovn_revision_numbers_db [None req-0e4a1d1d-f77e-4390-80f4-ce9cd11a4f54 36b0c00a8e904af6ac46d1e4d432fc01 bd75923a26204044a26a04f015198e04 - - default default] Successfully bumped revision number for resource 88b6db75-0019-4fe1-a2b2-4744677c0b34 (type: security_group_rules) to 0
2026-07-01 08:38:42.384 9 INFO neutron.db.ovn_revision_numbers_db [None req-865470e5-4d30-4933-9d9e-ee2ec1e19bd4 36b0c00a8e904af6ac46d1e4d432fc01 bd75923a26204044a26a04f015198e04 - - default default] Successfully bumped revision number for resource 822676a5-eeb5-4b2c-b7fa-ebbb91f53b91 (type: security_group_rules) to 0
2026-07-01 08:38:42.393 9 INFO neutron.db.ovn_revision_numbers_db [None req-0e4a1d1d-f77e-4390-80f4-ce9cd11a4f54 36b0c00a8e904af6ac46d1e4d432fc01 bd75923a26204044a26a04f015198e04 - - default default] Successfully bumped revision number for resource 8fd0c1b3-3a63-48a4-acf0-03e9a80d8d97 (type: security_group_rules) to 0
2026-07-01 08:38:42.413 9 INFO neutron.db.ovn_revision_numbers_db [None req-0e4a1d1d-f77e-4390-80f4-ce9cd11a4f54 36b0c00a8e904af6ac46d1e4d432fc01 bd75923a26204044a26a04f015198e04 - - default default] Successfully bumped revision number for resource fc6720e8-f065-4b3c-8355-98aaa8f81423 (type: security_group_rules) to 0
2026-07-01 08:38:42.415 9 INFO neutron.db.ovn_revision_numbers_db [None req-865470e5-4d30-4933-9d9e-ee2ec1e19bd4 36b0c00a8e904af6ac46d1e4d432fc01 bd75923a26204044a26a04f015198e04 - - default default] Successfully bumped revision number for resource 89dd0541-94ce-4547-829c-69ede46f45d8 (type: security_group_rules) to 0
2026-07-01 08:38:42.453 9 INFO neutron.api.wsgi [None req-865470e5-4d30-4933-9d9e-ee2ec1e19bd4 36b0c00a8e904af6ac46d1e4d432fc01 bd75923a26204044a26a04f015198e04 - - default default] 10.0.0.220 "GET /v2.0/security-groups?tenant_id=4438258a3f12402a9560b238c456b39f&name=default HTTP/1.1" status: 200 len: 3120 time: 0.4494722
2026-07-01 08:38:42.461 9 INFO neutron.api.wsgi [None req-0e4a1d1d-f77e-4390-80f4-ce9cd11a4f54 36b0c00a8e904af6ac46d1e4d432fc01 bd75923a26204044a26a04f015198e04 - - default default] 10.0.0.220 "GET /v2.0/security-groups?tenant_id=52f5081fa700407f961f8f9b8aa8cc73&name=default HTTP/1.1" status: 200 len: 3120 time: 0.5609806 /var/lib/openstack/lib/python3.12/site-packages/pycadf/identifier.py:71: UserWarning: Invalid uuid: neutron. To ensure interoperability, identifiers should be a valid uuid. warnings.warn(('Invalid uuid: %s. To ensure interoperability, '
2026-07-01 08:38:42.743 9 INFO neutron.api.wsgi [None req-dd67a368-22cd-4c4d-bae9-b9027c7d6973 36b0c00a8e904af6ac46d1e4d432fc01 bd75923a26204044a26a04f015198e04 - - default default] 10.0.0.220 "DELETE /v2.0/security-groups/bd24aecb-cae7-4dbf-aabd-bbc35e699379 HTTP/1.1" status: 204 len: 168 time: 0.2776594
2026-07-01 08:38:42.748 10 INFO neutron.api.wsgi [None req-f104d7b1-9ea6-4fa1-84bc-f99a94e684f3 36b0c00a8e904af6ac46d1e4d432fc01 bd75923a26204044a26a04f015198e04 - - default default] 10.0.0.220 "DELETE /v2.0/security-groups/25690bf2-9203-44de-95f9-5ca9cd9f055d HTTP/1.1" status: 204 len: 168 time: 0.2893701
2026-07-01 08:38:42.794 10 INFO neutron.api.wsgi [req-cdfa0459-135e-45a7-884d-6faad88c084c req-b28ce513-c9e5-48fe-a6fb-59ed7ae82e17 5b49f1f2e46b46c891783c359539ad0d 2ca7dda5b14c457e928cb43e55394ac7 - - default default] 10.0.0.193 "GET /v2.0/ports?device_id=40cf6a4e-587b-494f-9b90-244d22410b0e HTTP/1.1" status: 200 len: 1400 time: 0.0742178
2026-07-01 08:38:42.834 10 INFO neutron.api.wsgi [req-cdfa0459-135e-45a7-884d-6faad88c084c req-2fde81d5-e5c4-4f26-9093-488439fc89d2 5b49f1f2e46b46c891783c359539ad0d 2ca7dda5b14c457e928cb43e55394ac7 - - default default] 10.0.0.193 "GET /v2.0/security-groups?id=c6c704db-a1f3-497d-8529-5a85d6b19d2f&fields=id&fields=name HTTP/1.1" status: 200 len: 311 time: 0.0341353
2026-07-01 08:38:42.969 9 INFO neutron.db.ovn_revision_numbers_db [None req-b15ae9eb-16fa-48d4-b827-f166cab90298 36b0c00a8e904af6ac46d1e4d432fc01 bd75923a26204044a26a04f015198e04 - - default default] Successfully bumped revision number for resource b759098c-d6c9-405f-82f0-53b66b45fa41 (type: security_groups) to 1
2026-07-01 08:38:42.984 9 INFO neutron.db.ovn_revision_numbers_db [None req-b15ae9eb-16fa-48d4-b827-f166cab90298 36b0c00a8e904af6ac46d1e4d432fc01 bd75923a26204044a26a04f015198e04 - - default default] Successfully bumped revision number for resource 38da5868-59c1-4576-96d2-dcc5fe5bffce (type: security_group_rules) to 0
2026-07-01 08:38:42.997 9 INFO neutron.db.ovn_revision_numbers_db [None req-b15ae9eb-16fa-48d4-b827-f166cab90298 36b0c00a8e904af6ac46d1e4d432fc01 bd75923a26204044a26a04f015198e04 - - default default] Successfully bumped revision number for resource 6db7f04c-402b-463e-ab41-a7862ee49b1e (type: security_group_rules) to 0
2026-07-01 08:38:43.022 9 INFO neutron.db.ovn_revision_numbers_db [None req-b15ae9eb-16fa-48d4-b827-f166cab90298 36b0c00a8e904af6ac46d1e4d432fc01 bd75923a26204044a26a04f015198e04 - - default default] Successfully bumped revision number for resource 784cf971-2855-4b10-9cff-9a9ed1b5b1da (type: security_group_rules) to 0
2026-07-01 08:38:43.051 9 INFO neutron.db.ovn_revision_numbers_db [None req-b15ae9eb-16fa-48d4-b827-f166cab90298 36b0c00a8e904af6ac46d1e4d432fc01 bd75923a26204044a26a04f015198e04 - - default default] Successfully bumped revision number for resource c58db208-754b-40ef-9d35-b32e6db6f9a6 (type: security_group_rules) to 0
2026-07-01 08:38:43.115 9 INFO neutron.api.wsgi [None req-b15ae9eb-16fa-48d4-b827-f166cab90298 36b0c00a8e904af6ac46d1e4d432fc01 bd75923a26204044a26a04f015198e04 - - default default] 10.0.0.220 "GET /v2.0/security-groups?tenant_id=b327104875ad4c76bf64ef229378580a&name=default HTTP/1.1" status: 200 len: 3120 time: 0.2604914
2026-07-01 08:38:43.348 9 INFO neutron.api.wsgi [None req-57ee1f5a-48ef-48f0-b1ea-622c29f67eb2 36b0c00a8e904af6ac46d1e4d432fc01 bd75923a26204044a26a04f015198e04 - - default default] 10.0.0.220 "DELETE /v2.0/security-groups/b759098c-d6c9-405f-82f0-53b66b45fa41 HTTP/1.1" status: 204 len: 168 time: 0.2218139
2026-07-01 08:38:44.005 10 INFO neutron.notifiers.nova [-] Nova event matching ['req-8d89baeb-27dc-49e1-a67b-36bba643bfcd'] response: {'server_uuid': '40cf6a4e-587b-494f-9b90-244d22410b0e', 'name': 'network-vif-plugged', 'status': 'completed', 'tag': '478059ed-a8fa-41ed-94be-1901511cb302', 'code': 200}
2026-07-01 08:38:46.772 9 WARNING neutron_lib.context [None req-91203268-bc40-4f0b-b8ff-616a3d2188ad de6dbb2cf21447bbac3a0b70c185b13b 688f4346d9a143dc9b2b18d80b5912b6 - - default default] Method 'is_advsvc' is deprecated since 2023.2 release (neutron-lib 3.8.0) and will be removed once support for the old RBAC API policies will be removed from Neutron. Please use method 'is_service_role' instead.
2026-07-01 08:38:46.909 9 INFO neutron.db.ovn_revision_numbers_db [None req-91203268-bc40-4f0b-b8ff-616a3d2188ad de6dbb2cf21447bbac3a0b70c185b13b 688f4346d9a143dc9b2b18d80b5912b6 - - default default] Successfully bumped revision number for resource ae568f92-eb10-43ea-957e-c96896ad0cbf (type: security_groups) to 1
2026-07-01 08:38:46.924 9 INFO neutron.db.ovn_revision_numbers_db [None req-91203268-bc40-4f0b-b8ff-616a3d2188ad de6dbb2cf21447bbac3a0b70c185b13b 688f4346d9a143dc9b2b18d80b5912b6 - - default default] Successfully bumped revision number for resource 2c8c1b23-75a6-4e65-b70c-8366ce1d60a7 (type: security_group_rules) to 0
2026-07-01 08:38:46.935 9 INFO neutron.db.ovn_revision_numbers_db [None req-91203268-bc40-4f0b-b8ff-616a3d2188ad de6dbb2cf21447bbac3a0b70c185b13b 688f4346d9a143dc9b2b18d80b5912b6 - - default default] Successfully bumped revision number for resource 6a3aa7c5-eb82-48d2-9d40-231843d92359 (type: security_group_rules) to 0
2026-07-01 08:38:46.950 9 INFO neutron.db.ovn_revision_numbers_db [None req-91203268-bc40-4f0b-b8ff-616a3d2188ad de6dbb2cf21447bbac3a0b70c185b13b 688f4346d9a143dc9b2b18d80b5912b6 - - default default] Successfully bumped revision number for resource 92248b2b-672c-41bf-850d-9f418896d919 (type: security_group_rules) to 0
2026-07-01 08:38:46.968 9 INFO neutron.db.ovn_revision_numbers_db [None req-91203268-bc40-4f0b-b8ff-616a3d2188ad de6dbb2cf21447bbac3a0b70c185b13b 688f4346d9a143dc9b2b18d80b5912b6 - - default default] Successfully bumped revision number for resource b4dbd9ec-97ba-456e-bded-b2a0d33c1a0e (type: security_group_rules) to 0
2026-07-01 08:38:47.101 9 INFO neutron.db.ovn_revision_numbers_db [None req-91203268-bc40-4f0b-b8ff-616a3d2188ad de6dbb2cf21447bbac3a0b70c185b13b 688f4346d9a143dc9b2b18d80b5912b6 - - default default] Successfully bumped revision number for resource 2f47906c-3e76-4d08-86db-15596ac885b9 (type: security_groups) to 1
2026-07-01 08:38:47.117 9 INFO neutron.db.ovn_revision_numbers_db [None req-91203268-bc40-4f0b-b8ff-616a3d2188ad de6dbb2cf21447bbac3a0b70c185b13b 688f4346d9a143dc9b2b18d80b5912b6 - - default default] Successfully bumped revision number for resource 062881c5-5d1d-4742-aa0e-8afab5473316 (type: security_group_rules) to 0
2026-07-01 08:38:47.144 9 INFO neutron.db.ovn_revision_numbers_db [None req-91203268-bc40-4f0b-b8ff-616a3d2188ad de6dbb2cf21447bbac3a0b70c185b13b 688f4346d9a143dc9b2b18d80b5912b6 - - default default] Successfully bumped revision number for resource e5ffa013-f847-4595-9914-823248f57b31 (type: security_group_rules) to 0
2026-07-01 08:38:47.176 9 INFO neutron.api.wsgi [None req-91203268-bc40-4f0b-b8ff-616a3d2188ad de6dbb2cf21447bbac3a0b70c185b13b 688f4346d9a143dc9b2b18d80b5912b6 - - default default] 10.0.0.220 "POST /v2.0/security-groups HTTP/1.1" status: 201 len: 1801 time: 0.5579810
2026-07-01 08:38:47.185 10 WARNING neutron_lib.context [None req-1d560bc4-381c-4177-8b8d-ce41614023cd a0fae359ba6b4e649570426503b3bb33 5315366d1fdc457ca4a57ac33894415e - - default default] Method 'is_advsvc' is deprecated since 2023.2 release (neutron-lib 3.8.0) and will be removed once support for the old RBAC API policies will be removed from Neutron. Please use method 'is_service_role' instead.
2026-07-01 08:38:47.205 9 INFO neutron.api.wsgi [None req-b5e2572a-9fa2-426b-91c1-2e21bd7fd6ce de6dbb2cf21447bbac3a0b70c185b13b 688f4346d9a143dc9b2b18d80b5912b6 - - default default] 10.0.0.220 "PUT /v2.0/security-groups/2f47906c-3e76-4d08-86db-15596ac885b9/tags HTTP/1.1" status: 200 len: 218 time: 0.0236959
2026-07-01 08:38:47.226 9 INFO neutron.api.wsgi [None req-20e1c58e-0088-440c-80c9-629d47d32588 de6dbb2cf21447bbac3a0b70c185b13b 688f4346d9a143dc9b2b18d80b5912b6 - - default default] 10.0.0.220 "GET /v2.0/security-groups/2f47906c-3e76-4d08-86db-15596ac885b9/tags HTTP/1.1" status: 200 len: 218 time: 0.0152254
2026-07-01 08:38:47.255 9 INFO neutron.api.wsgi [None req-b21478a4-e0f8-497e-9ca0-e4b8d4b548a2 de6dbb2cf21447bbac3a0b70c185b13b 688f4346d9a143dc9b2b18d80b5912b6 - - default default] 10.0.0.220 "PUT /v2.0/security-groups/2f47906c-3e76-4d08-86db-15596ac885b9/tags/green HTTP/1.1" status: 201 len: 201 time: 0.0243773
2026-07-01 08:38:47.272 9 INFO neutron.api.wsgi [None req-c17f39f3-16c9-4ae4-a32c-55553b15f360 de6dbb2cf21447bbac3a0b70c185b13b 688f4346d9a143dc9b2b18d80b5912b6 - - default default] 10.0.0.220 "GET /v2.0/security-groups/2f47906c-3e76-4d08-86db-15596ac885b9/tags HTTP/1.1" status: 200 len: 227 time: 0.0132742
2026-07-01 08:38:47.283 10 INFO neutron.db.ovn_revision_numbers_db [None req-1d560bc4-381c-4177-8b8d-ce41614023cd a0fae359ba6b4e649570426503b3bb33 5315366d1fdc457ca4a57ac33894415e - - default default] Successfully bumped revision number for resource d2b1c2dd-282d-4e60-a6ca-4e874c14d5b4 (type: routers) to 1
2026-07-01 08:38:47.291 9 INFO neutron.api.wsgi [None req-9d7633dd-6386-4176-b781-b575641a9530 de6dbb2cf21447bbac3a0b70c185b13b 688f4346d9a143dc9b2b18d80b5912b6 - - default default] 10.0.0.220 "PUT /v2.0/security-groups/2f47906c-3e76-4d08-86db-15596ac885b9/tags/red HTTP/1.1" status: 201 len: 201 time: 0.0141306
2026-07-01 08:38:47.297 10 INFO neutron.api.wsgi [None req-1d560bc4-381c-4177-8b8d-ce41614023cd a0fae359ba6b4e649570426503b3bb33 5315366d1fdc457ca4a57ac33894415e - - default default] 10.0.0.220 "POST /v2.0/routers HTTP/1.1" status: 201 len: 769 time: 0.1713459
2026-07-01 08:38:47.307 10 WARNING neutron_lib.context [None req-997d67f6-2781-49b3-b68f-e86a5d69c989 a0fae359ba6b4e649570426503b3bb33 5315366d1fdc457ca4a57ac33894415e - - default default] Method 'is_advsvc' is deprecated since 2023.2 release (neutron-lib 3.8.0) and will be removed once support for the old RBAC API policies will be removed from Neutron. Please use method 'is_service_role' instead.
2026-07-01 08:38:47.308 9 INFO neutron.api.wsgi [None req-0de2fe4b-fa7b-45bb-945f-ea1eb2132715 de6dbb2cf21447bbac3a0b70c185b13b 688f4346d9a143dc9b2b18d80b5912b6 - - default default] 10.0.0.220 "GET /v2.0/security-groups/2f47906c-3e76-4d08-86db-15596ac885b9/tags HTTP/1.1" status: 200 len: 227 time: 0.0126212
2026-07-01 08:38:47.335 9 INFO neutron.api.wsgi [None req-0a675a1d-a716-435c-b0c2-7d8c65985f59 de6dbb2cf21447bbac3a0b70c185b13b 688f4346d9a143dc9b2b18d80b5912b6 - - default default] 10.0.0.220 "PUT /v2.0/security-groups/2f47906c-3e76-4d08-86db-15596ac885b9/tags/black.or.white HTTP/1.1" status: 201 len: 201 time: 0.0230081
2026-07-01 08:38:47.355 9 INFO neutron.api.wsgi [None req-b7f3a615-6faf-44b5-bf00-9e5fc3cbfbad de6dbb2cf21447bbac3a0b70c185b13b 688f4346d9a143dc9b2b18d80b5912b6 - - default default] 10.0.0.220 "GET /v2.0/security-groups/2f47906c-3e76-4d08-86db-15596ac885b9/tags HTTP/1.1" status: 200 len: 245 time: 0.0148668
2026-07-01 08:38:47.393 9 INFO neutron.api.wsgi [None req-5cb19934-1163-44e1-8872-5f9c8e0e706e de6dbb2cf21447bbac3a0b70c185b13b 688f4346d9a143dc9b2b18d80b5912b6 - - default default] 10.0.0.220 "PUT /v2.0/security-groups/2f47906c-3e76-4d08-86db-15596ac885b9/tags HTTP/1.1" status: 200 len: 230 time: 0.0336862
2026-07-01 08:38:47.403 10 INFO neutron.db.ovn_revision_numbers_db [None req-997d67f6-2781-49b3-b68f-e86a5d69c989 a0fae359ba6b4e649570426503b3bb33 5315366d1fdc457ca4a57ac33894415e - - default default] Successfully bumped revision number for resource a8b6101e-941b-4ddc-85c1-5bda43d5cc71 (type: routers) to 1
2026-07-01 08:38:47.418 9 INFO neutron.api.wsgi [None req-05120ba3-9123-4f96-a281-41473c478063 de6dbb2cf21447bbac3a0b70c185b13b 688f4346d9a143dc9b2b18d80b5912b6 - - default default] 10.0.0.220 "GET /v2.0/security-groups/2f47906c-3e76-4d08-86db-15596ac885b9/tags HTTP/1.1" status: 200 len: 230 time: 0.0184784
2026-07-01 08:38:47.419 10 INFO neutron.api.wsgi [None req-997d67f6-2781-49b3-b68f-e86a5d69c989 a0fae359ba6b4e649570426503b3bb33 5315366d1fdc457ca4a57ac33894415e - - default default] 10.0.0.220 "POST /v2.0/routers HTTP/1.1" status: 201 len: 769 time: 0.1164937
2026-07-01 08:38:47.432 10 WARNING neutron_lib.context [None req-7b04a15f-9e82-486d-9c19-4a0b61d43500 a0fae359ba6b4e649570426503b3bb33 5315366d1fdc457ca4a57ac33894415e - - default default] Method 'is_advsvc' is deprecated since 2023.2 release (neutron-lib 3.8.0) and will be removed once support for the old RBAC API policies will be removed from Neutron. Please use method 'is_service_role' instead.
2026-07-01 08:38:47.442 9 INFO neutron.api.wsgi [None req-4d191066-dcaa-4c0d-86b8-bc7c1d2a945c de6dbb2cf21447bbac3a0b70c185b13b 688f4346d9a143dc9b2b18d80b5912b6 - - default default] 10.0.0.220 "GET /v2.0/security-groups/2f47906c-3e76-4d08-86db-15596ac885b9/tags/red HTTP/1.1" status: 204 len: 168 time: 0.0192363
2026-07-01 08:38:47.461 9 INFO neutron.api.v2.resource [None req-41da17e9-2de9-4c0d-8a24-aa2a35b5a1a7 de6dbb2cf21447bbac3a0b70c185b13b 688f4346d9a143dc9b2b18d80b5912b6 - - default default] show failed (client error): The resource could not be found.
2026-07-01 08:38:47.462 9 INFO neutron.api.wsgi [None req-41da17e9-2de9-4c0d-8a24-aa2a35b5a1a7 de6dbb2cf21447bbac3a0b70c185b13b 688f4346d9a143dc9b2b18d80b5912b6 - - default default] 10.0.0.220 "GET /v2.0/security-groups/2f47906c-3e76-4d08-86db-15596ac885b9/tags/green HTTP/1.1" status: 404 len: 299 time: 0.0163434
2026-07-01 08:38:47.498 9 INFO neutron.api.wsgi [None req-5e052afa-236e-4a9e-b813-7a46e9db73df de6dbb2cf21447bbac3a0b70c185b13b 688f4346d9a143dc9b2b18d80b5912b6 - - default default] 10.0.0.220 "DELETE /v2.0/security-groups/2f47906c-3e76-4d08-86db-15596ac885b9/tags/red HTTP/1.1" status: 204 len: 168 time: 0.0317376
2026-07-01 08:38:47.514 10 INFO neutron.db.ovn_revision_numbers_db [None req-7b04a15f-9e82-486d-9c19-4a0b61d43500 a0fae359ba6b4e649570426503b3bb33 5315366d1fdc457ca4a57ac33894415e - - default default] Successfully bumped revision number for resource 45a32e5c-e2c8-4524-9bd8-8e4326a02b9c (type: routers) to 1
2026-07-01 08:38:47.521 9 INFO neutron.api.wsgi [None req-c732d62e-41cd-48fd-b237-c49b08d5c645 de6dbb2cf21447bbac3a0b70c185b13b 688f4346d9a143dc9b2b18d80b5912b6 - - default default] 10.0.0.220 "GET /v2.0/security-groups/2f47906c-3e76-4d08-86db-15596ac885b9/tags HTTP/1.1" status: 200 len: 223 time: 0.0175023
2026-07-01 08:38:47.526 10 INFO neutron.api.wsgi [None req-7b04a15f-9e82-486d-9c19-4a0b61d43500 a0fae359ba6b4e649570426503b3bb33 5315366d1fdc457ca4a57ac33894415e - - default default] 10.0.0.220 "POST /v2.0/routers HTTP/1.1" status: 201 len: 769 time: 0.1003995
2026-07-01 08:38:47.535 9 WARNING neutron_lib.context [None req-37ed428c-018a-4754-a749-f984c84bed3f a0fae359ba6b4e649570426503b3bb33 5315366d1fdc457ca4a57ac33894415e - - default default] Method 'is_advsvc' is deprecated since 2023.2 release (neutron-lib 3.8.0) and will be removed once support for the old RBAC API policies will be removed from Neutron. Please use method 'is_service_role' instead.
2026-07-01 08:38:47.552 9 INFO neutron.api.v2.resource [None req-afadf620-60b6-4149-88ca-202bf5b03071 de6dbb2cf21447bbac3a0b70c185b13b 688f4346d9a143dc9b2b18d80b5912b6 - - default default] delete failed (client error): The resource could not be found.
2026-07-01 08:38:47.553 9 INFO neutron.api.wsgi [None req-afadf620-60b6-4149-88ca-202bf5b03071 de6dbb2cf21447bbac3a0b70c185b13b 688f4346d9a143dc9b2b18d80b5912b6 - - default default] 10.0.0.220 "DELETE /v2.0/security-groups/2f47906c-3e76-4d08-86db-15596ac885b9/tags/green HTTP/1.1" status: 404 len: 299 time: 0.0270550
2026-07-01 08:38:47.601 9 INFO neutron.api.wsgi [None req-67c03dcf-0b98-4625-9d2d-5d56c02bc4d2 de6dbb2cf21447bbac3a0b70c185b13b 688f4346d9a143dc9b2b18d80b5912b6 - - default default] 10.0.0.220 "DELETE /v2.0/security-groups/2f47906c-3e76-4d08-86db-15596ac885b9/tags HTTP/1.1" status: 204 len: 168 time: 0.0429959
2026-07-01 08:38:47.625 10 INFO neutron.api.wsgi [None req-a6c11411-1964-40a7-aa53-c56abe975259 de6dbb2cf21447bbac3a0b70c185b13b 688f4346d9a143dc9b2b18d80b5912b6 - - default default] 10.0.0.220 "GET /v2.0/security-groups/2f47906c-3e76-4d08-86db-15596ac885b9/tags HTTP/1.1" status: 200 len: 205 time: 0.0200870
2026-07-01 08:38:47.641 9 INFO neutron.db.ovn_revision_numbers_db [None req-37ed428c-018a-4754-a749-f984c84bed3f a0fae359ba6b4e649570426503b3bb33 5315366d1fdc457ca4a57ac33894415e - - default default] Successfully bumped revision number for resource bacd2706-6428-4097-b976-2896ba1c840d (type: routers) to 1
2026-07-01 08:38:47.659 9 INFO neutron.api.wsgi [None req-37ed428c-018a-4754-a749-f984c84bed3f a0fae359ba6b4e649570426503b3bb33 5315366d1fdc457ca4a57ac33894415e - - default default] 10.0.0.220 "POST /v2.0/routers HTTP/1.1" status: 201 len: 769 time: 0.1283154
2026-07-01 08:38:47.667 9 WARNING neutron_lib.context [None req-a1d352fb-0ba9-46f0-8dcc-7895b31c76bb a0fae359ba6b4e649570426503b3bb33 5315366d1fdc457ca4a57ac33894415e - - default default] Method 'is_advsvc' is deprecated since 2023.2 release (neutron-lib 3.8.0) and will be removed once support for the old RBAC API policies will be removed from Neutron. Please use method 'is_service_role' instead.
2026-07-01 08:38:47.757 9 INFO neutron.api.wsgi [None req-f9e0c177-8c24-4b21-96ac-052537843f2e de6dbb2cf21447bbac3a0b70c185b13b 688f4346d9a143dc9b2b18d80b5912b6 - - default default] 10.0.0.220 "DELETE /v2.0/security-groups/2f47906c-3e76-4d08-86db-15596ac885b9 HTTP/1.1" status: 204 len: 168 time: 0.1250699
2026-07-01 08:38:47.765 9 INFO neutron.db.ovn_revision_numbers_db [None req-a1d352fb-0ba9-46f0-8dcc-7895b31c76bb a0fae359ba6b4e649570426503b3bb33 5315366d1fdc457ca4a57ac33894415e - - default default] Successfully bumped revision number for resource 2c37d619-a486-4946-b36b-5c82204d869a (type: routers) to 1
2026-07-01 08:38:47.778 9 INFO neutron.api.wsgi [None req-a1d352fb-0ba9-46f0-8dcc-7895b31c76bb a0fae359ba6b4e649570426503b3bb33 5315366d1fdc457ca4a57ac33894415e - - default default] 10.0.0.220 "POST /v2.0/routers HTTP/1.1" status: 201 len: 769 time: 0.1141834
2026-07-01 08:38:47.829 9 INFO neutron.api.wsgi [None req-416b325b-21f5-4663-8c67-36ce8800c06f a0fae359ba6b4e649570426503b3bb33 5315366d1fdc457ca4a57ac33894415e - - default default] 10.0.0.220 "PUT /v2.0/routers/d2b1c2dd-282d-4e60-a6ca-4e874c14d5b4/tags HTTP/1.1" status: 200 len: 210 time: 0.0449879
2026-07-01 08:38:47.882 9 INFO neutron.api.wsgi [None req-ab67326e-e08f-423c-bce8-2ab61fa5b0d9 a0fae359ba6b4e649570426503b3bb33 5315366d1fdc457ca4a57ac33894415e - - default default] 10.0.0.220 "PUT /v2.0/routers/a8b6101e-941b-4ddc-85c1-5bda43d5cc71/tags HTTP/1.1" status: 200 len: 218 time: 0.0484633
2026-07-01 08:38:47.944 9 INFO neutron.api.wsgi [None req-ad53c04c-fe84-4fc2-ac22-70d7c88fca05 a0fae359ba6b4e649570426503b3bb33 5315366d1fdc457ca4a57ac33894415e - - default default] 10.0.0.220 "PUT /v2.0/routers/45a32e5c-e2c8-4524-9bd8-8e4326a02b9c/tags HTTP/1.1" status: 200 len: 227 time: 0.0562420
2026-07-01 08:38:48.015 10 INFO neutron.api.wsgi [req-00eb692d-0833-4823-a736-8d6d154e3e4e req-050dda17-1008-45a7-af26-2396f4faf7f5 5b49f1f2e46b46c891783c359539ad0d 2ca7dda5b14c457e928cb43e55394ac7 - - default default] 10.0.0.193 "GET /v2.0/ports?device_id=40cf6a4e-587b-494f-9b90-244d22410b0e HTTP/1.1" status: 200 len: 1400 time: 0.1221178
2026-07-01 08:38:48.022 10 INFO neutron.api.wsgi [None req-11a2f270-4038-4cfe-8706-3091f64a71f4 a0fae359ba6b4e649570426503b3bb33 5315366d1fdc457ca4a57ac33894415e - - default default] 10.0.0.220 "PUT /v2.0/routers/bacd2706-6428-4097-b976-2896ba1c840d/tags HTTP/1.1" status: 200 len: 212 time: 0.0732443
2026-07-01 08:38:48.061 10 INFO neutron.api.wsgi [req-00eb692d-0833-4823-a736-8d6d154e3e4e req-58da2087-58ef-479e-9bce-88dd2734bbeb 5b49f1f2e46b46c891783c359539ad0d 2ca7dda5b14c457e928cb43e55394ac7 - - default default] 10.0.0.193 "GET /v2.0/security-groups?id=c6c704db-a1f3-497d-8529-5a85d6b19d2f&fields=id&fields=name HTTP/1.1" status: 200 len: 311 time: 0.0354941
2026-07-01 08:38:48.087 9 INFO neutron.api.wsgi [None req-b4f980b8-9fbe-43f5-a947-3d825628bdcd a0fae359ba6b4e649570426503b3bb33 5315366d1fdc457ca4a57ac33894415e - - default default] 10.0.0.220 "GET /v2.0/routers?tags=red HTTP/1.1" status: 200 len: 1946 time: 0.0583842
2026-07-01 08:38:48.135 10 INFO neutron.api.wsgi [None req-638c5d81-dcb3-4c48-ae8b-5f4cb6de228f 5b49f1f2e46b46c891783c359539ad0d 2ca7dda5b14c457e928cb43e55394ac7 - - default default] 10.0.0.220 "GET /v2.0/ports?network_id=07351106-4855-49c3-be75-c8364ffcc59a&mac_address=fa%3A16%3A3e%3Ab0%3A3a%3Ab1 HTTP/1.1" status: 200 len: 1395 time: 0.0493307
2026-07-01 08:38:48.144 10 WARNING neutron_lib.context [None req-0f90662c-c42e-47a9-bf02-579d013498f7 5b49f1f2e46b46c891783c359539ad0d 2ca7dda5b14c457e928cb43e55394ac7 - - default default] Method 'is_advsvc' is deprecated since 2023.2 release (neutron-lib 3.8.0) and will be removed once support for the old RBAC API policies will be removed from Neutron. Please use method 'is_service_role' instead.
2026-07-01 08:38:48.337 10 WARNING neutron.scheduler.dhcp_agent_scheduler [None req-0f90662c-c42e-47a9-bf02-579d013498f7 5b49f1f2e46b46c891783c359539ad0d 2ca7dda5b14c457e928cb43e55394ac7 - - default default] No more DHCP agents
2026-07-01 08:38:48.339 10 WARNING neutron.api.rpc.agentnotifiers.dhcp_rpc_agent_api [None req-0f90662c-c42e-47a9-bf02-579d013498f7 5b49f1f2e46b46c891783c359539ad0d 2ca7dda5b14c457e928cb43e55394ac7 - - default default] Unable to schedule network 60b61759-f4f3-45eb-a1af-86e709006d56: no agents available; will retry on subsequent port and subnet creation events.
2026-07-01 08:38:48.488 9 INFO neutron.api.wsgi [None req-0ca43058-fb5b-4ddc-93dd-a47606bc2650 a0fae359ba6b4e649570426503b3bb33 5315366d1fdc457ca4a57ac33894415e - - default default] 10.0.0.220 "GET /v2.0/routers?tags=red%2Cblue HTTP/1.1" status: 200 len: 1375 time: 0.3948538
2026-07-01 08:38:48.562 9 INFO neutron.api.wsgi [None req-9b0207e6-21ce-451a-931a-c4af2f3b85df a0fae359ba6b4e649570426503b3bb33 5315366d1fdc457ca4a57ac33894415e - - default default] 10.0.0.220 "GET /v2.0/routers?tags-any=blue HTTP/1.1" status: 200 len: 1375 time: 0.0681698
2026-07-01 08:38:48.601 9 INFO neutron.api.wsgi [None req-0b239c5d-311f-4e03-8725-c840ef8ec341 a0fae359ba6b4e649570426503b3bb33 5315366d1fdc457ca4a57ac33894415e - - default default] 10.0.0.220 "GET /v2.0/routers?tags-any=red%2Cblue HTTP/1.1" status: 200 len: 1946 time: 0.0328341
2026-07-01 08:38:48.655 10 INFO neutron.db.ovn_revision_numbers_db [None req-68a581de-8513-4bb2-9dc0-618c595b7100 36b0c00a8e904af6ac46d1e4d432fc01 bd75923a26204044a26a04f015198e04 - - default default] Successfully bumped revision number for resource 3e3d4689-7752-49d7-a36c-ec44c00414f1 (type: security_groups) to 1
2026-07-01 08:38:48.656 9 INFO neutron.api.wsgi [None req-17ac495f-e542-44f2-a76f-d5478be2ec2a a0fae359ba6b4e649570426503b3bb33 5315366d1fdc457ca4a57ac33894415e - - default default] 10.0.0.220 "GET /v2.0/routers?not-tags=red HTTP/1.1" status: 200 len: 1347 time: 0.0474439
2026-07-01 08:38:48.672 10 INFO neutron.db.ovn_revision_numbers_db [None req-68a581de-8513-4bb2-9dc0-618c595b7100 36b0c00a8e904af6ac46d1e4d432fc01 bd75923a26204044a26a04f015198e04 - - default default] Successfully bumped revision number for resource 5c642aa5-b35b-4f85-9a83-4c1d1392ba6c (type: security_group_rules) to 0
2026-07-01 08:38:48.689 10 INFO neutron.db.ovn_revision_numbers_db [None req-68a581de-8513-4bb2-9dc0-618c595b7100 36b0c00a8e904af6ac46d1e4d432fc01 bd75923a26204044a26a04f015198e04 - - default default] Successfully bumped revision number for resource 7cfe6f91-12fc-4c6e-871d-da930febfa14 (type: security_group_rules) to 0
2026-07-01 08:38:48.710 10 INFO neutron.db.ovn_revision_numbers_db [None req-68a581de-8513-4bb2-9dc0-618c595b7100 36b0c00a8e904af6ac46d1e4d432fc01 bd75923a26204044a26a04f015198e04 - - default default] Successfully bumped revision number for resource 92af9fca-d906-4ced-8883-3c253e7b60ba (type: security_group_rules) to 0
2026-07-01 08:38:48.713 9 INFO neutron.api.wsgi [None req-bcd40983-c407-4356-b79b-9ec476baf731 a0fae359ba6b4e649570426503b3bb33 5315366d1fdc457ca4a57ac33894415e - - default default] 10.0.0.220 "GET /v2.0/routers?not-tags=red%2Cblue HTTP/1.1" status: 200 len: 1918 time: 0.0499434
2026-07-01 08:38:48.725 10 INFO neutron.db.ovn_revision_numbers_db [None req-68a581de-8513-4bb2-9dc0-618c595b7100 36b0c00a8e904af6ac46d1e4d432fc01 bd75923a26204044a26a04f015198e04 - - default default] Successfully bumped revision number for resource a9577000-9bf0-4481-83db-cbb4d69438ff (type: security_group_rules) to 0
2026-07-01 08:38:48.773 9 INFO neutron.api.wsgi [None req-6e8999fc-1004-445f-a7a9-cc0b973446d4 a0fae359ba6b4e649570426503b3bb33 5315366d1fdc457ca4a57ac33894415e - - default default] 10.0.0.220 "GET /v2.0/routers?not-tags-any=blue HTTP/1.1" status: 200 len: 1918 time: 0.0540709
2026-07-01 08:38:48.774 10 INFO neutron.api.wsgi [None req-68a581de-8513-4bb2-9dc0-618c595b7100 36b0c00a8e904af6ac46d1e4d432fc01 bd75923a26204044a26a04f015198e04 - - default default] 10.0.0.220 "GET /v2.0/security-groups?tenant_id=20c84bd3cc094dddae1e9bb456803ba6&name=default HTTP/1.1" status: 200 len: 3122 time: 0.3702443
2026-07-01 08:38:48.815 9 INFO neutron.api.wsgi [None req-4d697bb7-d17c-4ec5-a026-f6e2d0af823a a0fae359ba6b4e649570426503b3bb33 5315366d1fdc457ca4a57ac33894415e - - default default] 10.0.0.220 "GET /v2.0/routers?not-tags-any=red%2Cblue HTTP/1.1" status: 200 len: 1347 time: 0.0358188
2026-07-01 08:38:48.862 10 INFO neutron.api.wsgi [None req-112d3de8-91df-4d10-8f31-d37645e8729e a0fae359ba6b4e649570426503b3bb33 5315366d1fdc457ca4a57ac33894415e - - default default] 10.0.0.220 "GET /v2.0/routers/d2b1c2dd-282d-4e60-a6ca-4e874c14d5b4 HTTP/1.1" status: 200 len: 775 time: 0.0408053
2026-07-01 08:38:49.085 10 INFO neutron.api.wsgi [None req-21880dcf-f142-4c43-bdc3-580e2a971d15 36b0c00a8e904af6ac46d1e4d432fc01 bd75923a26204044a26a04f015198e04 - - default default] 10.0.0.220 "DELETE /v2.0/security-groups/3e3d4689-7752-49d7-a36c-ec44c00414f1 HTTP/1.1" status: 204 len: 168 time: 0.3056474
