2026-07-01 08:38:49.099 10 INFO neutron.db.ovn_revision_numbers_db [None req-0f90662c-c42e-47a9-bf02-579d013498f7 5b49f1f2e46b46c891783c359539ad0d 2ca7dda5b14c457e928cb43e55394ac7 - - default default] Successfully bumped revision number for resource aee63f4d-eb75-4c35-8972-41f889bcfc51 (type: floatingips) to -1 /var/lib/openstack/lib/python3.12/site-packages/pycadf/identifier.py:71: UserWarning: Invalid uuid: neutron. To ensure interoperability, identifiers should be a valid uuid. warnings.warn(('Invalid uuid: %s. To ensure interoperability, '
2026-07-01 08:38:49.212 10 INFO neutron.db.ovn_revision_numbers_db [None req-0f90662c-c42e-47a9-bf02-579d013498f7 5b49f1f2e46b46c891783c359539ad0d 2ca7dda5b14c457e928cb43e55394ac7 - - default default] Successfully bumped revision number for resource aee63f4d-eb75-4c35-8972-41f889bcfc51 (type: floatingips) to 1
2026-07-01 08:38:49.213 10 INFO neutron.db.l3_db [None req-0f90662c-c42e-47a9-bf02-579d013498f7 5b49f1f2e46b46c891783c359539ad0d 2ca7dda5b14c457e928cb43e55394ac7 - - default default] Floating IP aee63f4d-eb75-4c35-8972-41f889bcfc51 associated. External IP: 10.96.250.203, port: 478059ed-a8fa-41ed-94be-1901511cb302.
2026-07-01 08:38:49.249 9 INFO neutron.api.wsgi [None req-ebacc70a-d3ab-4b59-aa9b-32a6ca278fa3 36b0c00a8e904af6ac46d1e4d432fc01 bd75923a26204044a26a04f015198e04 - - default default] 10.0.0.220 "GET /v2.0/security-groups?tenant_id=688f4346d9a143dc9b2b18d80b5912b6&name=default HTTP/1.1" status: 200 len: 3120 time: 0.0705178
2026-07-01 08:38:49.261 9 INFO neutron.db.ovn_revision_numbers_db [None req-59b55bba-aee6-42d1-85c0-88a508c7d0b1 a0fae359ba6b4e649570426503b3bb33 5315366d1fdc457ca4a57ac33894415e - - default default] Successfully bumped revision number for resource d2b1c2dd-282d-4e60-a6ca-4e874c14d5b4 (type: routers) to 2
2026-07-01 08:38:49.263 10 INFO neutron.api.wsgi [None req-0f90662c-c42e-47a9-bf02-579d013498f7 5b49f1f2e46b46c891783c359539ad0d 2ca7dda5b14c457e928cb43e55394ac7 - - default default] 10.0.0.220 "POST /v2.0/floatingips HTTP/1.1" status: 201 len: 1054 time: 1.1219165
2026-07-01 08:38:49.267 9 INFO neutron.api.wsgi [None req-59b55bba-aee6-42d1-85c0-88a508c7d0b1 a0fae359ba6b4e649570426503b3bb33 5315366d1fdc457ca4a57ac33894415e - - default default] 10.0.0.220 "PUT /v2.0/routers/d2b1c2dd-282d-4e60-a6ca-4e874c14d5b4 HTTP/1.1" status: 200 len: 775 time: 0.3980246
2026-07-01 08:38:49.291 10 INFO neutron.api.wsgi [None req-dc2acb92-1d4b-40ac-9786-b39125c1c63a a0fae359ba6b4e649570426503b3bb33 5315366d1fdc457ca4a57ac33894415e - - default default] 10.0.0.220 "GET /v2.0/ports?device_id=d2b1c2dd-282d-4e60-a6ca-4e874c14d5b4 HTTP/1.1" status: 200 len: 205 time: 0.0174496
2026-07-01 08:38:49.296 10 INFO neutron.notifiers.nova [-] Nova event matching ['req-192995b9-c211-4e17-8bc7-1ec85a03d525'] response: {'name': 'network-changed', 'server_uuid': '40cf6a4e-587b-494f-9b90-244d22410b0e', 'tag': '478059ed-a8fa-41ed-94be-1901511cb302', 'status': 'completed', 'code': 200}
2026-07-01 08:38:49.492 9 INFO neutron.api.wsgi [None req-08d153ef-d33b-413e-a0cb-37acd162aeb6 a0fae359ba6b4e649570426503b3bb33 5315366d1fdc457ca4a57ac33894415e - - default default] 10.0.0.220 "DELETE /v2.0/routers/d2b1c2dd-282d-4e60-a6ca-4e874c14d5b4 HTTP/1.1" status: 204 len: 168 time: 0.1956475
2026-07-01 08:38:49.534 10 INFO neutron.api.wsgi [None req-db0baafc-5939-4707-bef9-66bbb0ff5c0b a0fae359ba6b4e649570426503b3bb33 5315366d1fdc457ca4a57ac33894415e - - default default] 10.0.0.220 "GET /v2.0/routers/a8b6101e-941b-4ddc-85c1-5bda43d5cc71 HTTP/1.1" status: 200 len: 783 time: 0.0355010
2026-07-01 08:38:49.569 9 INFO neutron.api.wsgi [None req-0c5a3076-4698-4bfa-b989-eaffa402452f 36b0c00a8e904af6ac46d1e4d432fc01 bd75923a26204044a26a04f015198e04 - - default default] 10.0.0.220 "DELETE /v2.0/security-groups/ae568f92-eb10-43ea-957e-c96896ad0cbf HTTP/1.1" status: 204 len: 168 time: 0.3142693
2026-07-01 08:38:49.842 9 INFO neutron.api.wsgi [req-8e183bbd-8bac-4aae-8d21-71fca9e8fc91 req-4a1b3fa5-2be4-43eb-85b1-dbdc3054b09f ceb89a06057345148043faeaccaa6b08 f9fb9a9f9cb94349b2b09b518b11bb22 - - 92528f82975c46bdaab9e69bfb83a290 92528f82975c46bdaab9e69bfb83a290] 199.204.45.74 "GET /v2.0/ports?tenant_id=2ca7dda5b14c457e928cb43e55394ac7&device_id=40cf6a4e-587b-494f-9b90-244d22410b0e HTTP/1.1" status: 200 len: 1638 time: 0.0369489
2026-07-01 08:38:49.868 10 INFO neutron.db.ovn_revision_numbers_db [None req-b2cce461-da2e-4e0a-abd6-f0c74974dd8d a0fae359ba6b4e649570426503b3bb33 5315366d1fdc457ca4a57ac33894415e - - default default] Successfully bumped revision number for resource a8b6101e-941b-4ddc-85c1-5bda43d5cc71 (type: routers) to 2
2026-07-01 08:38:49.876 10 INFO neutron.api.wsgi [None req-b2cce461-da2e-4e0a-abd6-f0c74974dd8d a0fae359ba6b4e649570426503b3bb33 5315366d1fdc457ca4a57ac33894415e - - default default] 10.0.0.220 "PUT /v2.0/routers/a8b6101e-941b-4ddc-85c1-5bda43d5cc71 HTTP/1.1" status: 200 len: 783 time: 0.3365939
2026-07-01 08:38:49.889 9 INFO neutron.api.wsgi [req-8e183bbd-8bac-4aae-8d21-71fca9e8fc91 req-a90c49c8-6177-4eca-826f-b13a64885747 ceb89a06057345148043faeaccaa6b08 f9fb9a9f9cb94349b2b09b518b11bb22 - - 92528f82975c46bdaab9e69bfb83a290 92528f82975c46bdaab9e69bfb83a290] 199.204.45.74 "GET /v2.0/networks?id=07351106-4855-49c3-be75-c8364ffcc59a HTTP/1.1" status: 200 len: 1003 time: 0.0436749
2026-07-01 08:38:49.901 10 INFO neutron.api.wsgi [None req-492243c4-8911-4475-879b-8a4568eacf41 a0fae359ba6b4e649570426503b3bb33 5315366d1fdc457ca4a57ac33894415e - - default default] 10.0.0.220 "GET /v2.0/ports?device_id=a8b6101e-941b-4ddc-85c1-5bda43d5cc71 HTTP/1.1" status: 200 len: 205 time: 0.0206399
2026-07-01 08:38:49.939 9 INFO neutron.api.wsgi [req-8e183bbd-8bac-4aae-8d21-71fca9e8fc91 req-f824d361-febe-4d2d-b9e7-1aae902cd7a5 ceb89a06057345148043faeaccaa6b08 f9fb9a9f9cb94349b2b09b518b11bb22 - - 92528f82975c46bdaab9e69bfb83a290 92528f82975c46bdaab9e69bfb83a290] 199.204.45.74 "GET /v2.0/floatingips?fixed_ip_address=10.2.2.130&port_id=478059ed-a8fa-41ed-94be-1901511cb302 HTTP/1.1" status: 200 len: 1059 time: 0.0455847
2026-07-01 08:38:49.961 9 INFO neutron.api.wsgi [req-8e183bbd-8bac-4aae-8d21-71fca9e8fc91 req-5b14aafb-401b-4f16-b406-67325f771e08 ceb89a06057345148043faeaccaa6b08 f9fb9a9f9cb94349b2b09b518b11bb22 - - 92528f82975c46bdaab9e69bfb83a290 92528f82975c46bdaab9e69bfb83a290] 199.204.45.74 "GET /v2.0/floatingips?fixed_ip_address=fd77%3A1457%3A4cf0%3A26a8%3A%3A2b&port_id=478059ed-a8fa-41ed-94be-1901511cb302 HTTP/1.1" status: 200 len: 217 time: 0.0158565
2026-07-01 08:38:50.002 9 INFO neutron.api.wsgi [req-8e183bbd-8bac-4aae-8d21-71fca9e8fc91 req-1f7cae49-2574-4447-b615-4834b54d1083 ceb89a06057345148043faeaccaa6b08 f9fb9a9f9cb94349b2b09b518b11bb22 - - 92528f82975c46bdaab9e69bfb83a290 92528f82975c46bdaab9e69bfb83a290] 199.204.45.74 "GET /v2.0/subnets?id=8fe5ed20-f047-4c59-826e-2a3d35520b53&id=3d61e1ad-722e-4276-b804-1067987960e2 HTTP/1.1" status: 200 len: 1615 time: 0.0365677
2026-07-01 08:38:50.022 9 INFO neutron.api.wsgi [req-8e183bbd-8bac-4aae-8d21-71fca9e8fc91 req-428a99fb-0aad-423d-acc6-0e653693921e ceb89a06057345148043faeaccaa6b08 f9fb9a9f9cb94349b2b09b518b11bb22 - - 92528f82975c46bdaab9e69bfb83a290 92528f82975c46bdaab9e69bfb83a290] 199.204.45.74 "GET /v2.0/ports?network_id=07351106-4855-49c3-be75-c8364ffcc59a&device_owner=network%3Adhcp HTTP/1.1" status: 200 len: 210 time: 0.0153909
2026-07-01 08:38:50.045 9 INFO neutron.api.wsgi [req-8e183bbd-8bac-4aae-8d21-71fca9e8fc91 req-0ebc5569-4337-4632-b4bd-82528ff752f1 ceb89a06057345148043faeaccaa6b08 f9fb9a9f9cb94349b2b09b518b11bb22 - - 92528f82975c46bdaab9e69bfb83a290 92528f82975c46bdaab9e69bfb83a290] 199.204.45.74 "GET /v2.0/ports?network_id=07351106-4855-49c3-be75-c8364ffcc59a&device_owner=network%3Adhcp HTTP/1.1" status: 200 len: 210 time: 0.0127456
2026-07-01 08:38:50.106 9 INFO neutron.api.wsgi [req-8e183bbd-8bac-4aae-8d21-71fca9e8fc91 req-33c89760-39ce-4d76-a13f-42e1895a05a9 ceb89a06057345148043faeaccaa6b08 f9fb9a9f9cb94349b2b09b518b11bb22 - - 92528f82975c46bdaab9e69bfb83a290 92528f82975c46bdaab9e69bfb83a290] 199.204.45.74 "GET /v2.0/networks/07351106-4855-49c3-be75-c8364ffcc59a?fields=segments HTTP/1.1" status: 200 len: 212 time: 0.0543683
2026-07-01 08:38:50.125 10 INFO neutron.api.wsgi [None req-7c700479-47f8-44bc-84fc-e0eaf213abec a0fae359ba6b4e649570426503b3bb33 5315366d1fdc457ca4a57ac33894415e - - default default] 10.0.0.220 "DELETE /v2.0/routers/a8b6101e-941b-4ddc-85c1-5bda43d5cc71 HTTP/1.1" status: 204 len: 168 time: 0.2199938
2026-07-01 08:38:50.165 9 INFO neutron.api.wsgi [req-8e183bbd-8bac-4aae-8d21-71fca9e8fc91 req-4b98ba92-ab53-4984-94eb-10d893868d1a ceb89a06057345148043faeaccaa6b08 f9fb9a9f9cb94349b2b09b518b11bb22 - - 92528f82975c46bdaab9e69bfb83a290 92528f82975c46bdaab9e69bfb83a290] 199.204.45.74 "GET /v2.0/networks/07351106-4855-49c3-be75-c8364ffcc59a?fields=provider%3Aphysical_network&fields=provider%3Anetwork_type HTTP/1.1" status: 200 len: 277 time: 0.0505216
2026-07-01 08:38:50.167 10 INFO neutron.api.wsgi [None req-4be5323f-8842-408c-8179-8f68176738a6 a0fae359ba6b4e649570426503b3bb33 5315366d1fdc457ca4a57ac33894415e - - default default] 10.0.0.220 "GET /v2.0/routers/45a32e5c-e2c8-4524-9bd8-8e4326a02b9c HTTP/1.1" status: 200 len: 792 time: 0.0377517
2026-07-01 08:38:50.459 9 INFO neutron.db.ovn_revision_numbers_db [None req-47063a7a-e7d2-41cd-8dc4-82766bd2243b a0fae359ba6b4e649570426503b3bb33 5315366d1fdc457ca4a57ac33894415e - - default default] Successfully bumped revision number for resource 45a32e5c-e2c8-4524-9bd8-8e4326a02b9c (type: routers) to 2
2026-07-01 08:38:50.465 9 INFO neutron.api.wsgi [None req-47063a7a-e7d2-41cd-8dc4-82766bd2243b a0fae359ba6b4e649570426503b3bb33 5315366d1fdc457ca4a57ac33894415e - - default default] 10.0.0.220 "PUT /v2.0/routers/45a32e5c-e2c8-4524-9bd8-8e4326a02b9c HTTP/1.1" status: 200 len: 792 time: 0.2920909
2026-07-01 08:38:50.487 9 INFO neutron.api.wsgi [None req-2e488a22-2453-4efb-a75e-b5de0120a111 a0fae359ba6b4e649570426503b3bb33 5315366d1fdc457ca4a57ac33894415e - - default default] 10.0.0.220 "GET /v2.0/ports?device_id=45a32e5c-e2c8-4524-9bd8-8e4326a02b9c HTTP/1.1" status: 200 len: 205 time: 0.0158703
2026-07-01 08:38:50.673 9 INFO neutron.api.wsgi [None req-7a618b4e-feb2-4454-b62c-962362edaa43 a0fae359ba6b4e649570426503b3bb33 5315366d1fdc457ca4a57ac33894415e - - default default] 10.0.0.220 "DELETE /v2.0/routers/45a32e5c-e2c8-4524-9bd8-8e4326a02b9c HTTP/1.1" status: 204 len: 168 time: 0.1813219
2026-07-01 08:38:50.723 9 INFO neutron.api.wsgi [None req-e9faca29-91d6-4066-be7a-38cc78c8b813 a0fae359ba6b4e649570426503b3bb33 5315366d1fdc457ca4a57ac33894415e - - default default] 10.0.0.220 "GET /v2.0/routers/bacd2706-6428-4097-b976-2896ba1c840d HTTP/1.1" status: 200 len: 777 time: 0.0369983
2026-07-01 08:38:51.003 9 INFO neutron.db.ovn_revision_numbers_db [None req-d389ecd3-8a02-4957-aca9-378b838373da a0fae359ba6b4e649570426503b3bb33 5315366d1fdc457ca4a57ac33894415e - - default default] Successfully bumped revision number for resource bacd2706-6428-4097-b976-2896ba1c840d (type: routers) to 2
2026-07-01 08:38:51.010 9 INFO neutron.api.wsgi [None req-d389ecd3-8a02-4957-aca9-378b838373da a0fae359ba6b4e649570426503b3bb33 5315366d1fdc457ca4a57ac33894415e - - default default] 10.0.0.220 "PUT /v2.0/routers/bacd2706-6428-4097-b976-2896ba1c840d HTTP/1.1" status: 200 len: 777 time: 0.2826002
2026-07-01 08:38:51.037 9 INFO neutron.api.wsgi [None req-be1de0e5-a31e-4b23-af80-81d2ddf72797 a0fae359ba6b4e649570426503b3bb33 5315366d1fdc457ca4a57ac33894415e - - default default] 10.0.0.220 "GET /v2.0/ports?device_id=bacd2706-6428-4097-b976-2896ba1c840d HTTP/1.1" status: 200 len: 205 time: 0.0224679
2026-07-01 08:38:51.241 9 INFO neutron.api.wsgi [None req-0cb931bc-0f7b-44b0-b59b-513221de2d7e a0fae359ba6b4e649570426503b3bb33 5315366d1fdc457ca4a57ac33894415e - - default default] 10.0.0.220 "DELETE /v2.0/routers/bacd2706-6428-4097-b976-2896ba1c840d HTTP/1.1" status: 204 len: 168 time: 0.1974015
2026-07-01 08:38:51.280 10 INFO neutron.api.wsgi [None req-4ba44a25-419c-4faf-8d05-8d8ad04e33e9 a0fae359ba6b4e649570426503b3bb33 5315366d1fdc457ca4a57ac33894415e - - default default] 10.0.0.220 "GET /v2.0/routers/2c37d619-a486-4946-b36b-5c82204d869a HTTP/1.1" status: 200 len: 770 time: 0.0331044
2026-07-01 08:38:51.386 10 INFO neutron.api.wsgi [-] 10.0.0.21 "GET / HTTP/1.1" status: 200 len: 247 time: 0.0015454
2026-07-01 08:38:51.387 10 INFO neutron.api.wsgi [-] 10.0.0.21 "GET / HTTP/1.1" status: 200 len: 247 time: 0.0008633
2026-07-01 08:38:51.490 10 INFO neutron.api.wsgi [None req-ab728b09-4f9d-46e7-906e-dd464cfc4294 a0fae359ba6b4e649570426503b3bb33 5315366d1fdc457ca4a57ac33894415e - - default default] 10.0.0.220 "PUT /v2.0/routers/2c37d619-a486-4946-b36b-5c82204d869a HTTP/1.1" status: 200 len: 770 time: 0.2054412
2026-07-01 08:38:51.509 10 INFO neutron.api.wsgi [None req-2e4a3fad-b8fc-46b4-aa36-6b0e842a10d5 a0fae359ba6b4e649570426503b3bb33 5315366d1fdc457ca4a57ac33894415e - - default default] 10.0.0.220 "GET /v2.0/ports?device_id=2c37d619-a486-4946-b36b-5c82204d869a HTTP/1.1" status: 200 len: 205 time: 0.0133941
2026-07-01 08:38:51.657 9 INFO neutron.api.wsgi [None req-e2d8fb1f-9725-4442-b1ec-c71b26c9e765 a0fae359ba6b4e649570426503b3bb33 5315366d1fdc457ca4a57ac33894415e - - default default] 10.0.0.220 "DELETE /v2.0/routers/2c37d619-a486-4946-b36b-5c82204d869a HTTP/1.1" status: 204 len: 168 time: 0.1432655
2026-07-01 08:38:52.693 9 INFO neutron.db.ovn_revision_numbers_db [None req-1c918f7d-7eb9-4c0f-b1dc-b603f3af5134 36b0c00a8e904af6ac46d1e4d432fc01 bd75923a26204044a26a04f015198e04 - - default default] Successfully bumped revision number for resource 006254c0-e97f-48e2-b667-0dbb8c429ea3 (type: security_groups) to 1
2026-07-01 08:38:52.705 9 INFO neutron.db.ovn_revision_numbers_db [None req-1c918f7d-7eb9-4c0f-b1dc-b603f3af5134 36b0c00a8e904af6ac46d1e4d432fc01 bd75923a26204044a26a04f015198e04 - - default default] Successfully bumped revision number for resource 352abc75-abb8-4b66-8d5c-d2ef15721918 (type: security_group_rules) to 0
2026-07-01 08:38:52.718 9 INFO neutron.db.ovn_revision_numbers_db [None req-1c918f7d-7eb9-4c0f-b1dc-b603f3af5134 36b0c00a8e904af6ac46d1e4d432fc01 bd75923a26204044a26a04f015198e04 - - default default] Successfully bumped revision number for resource 5e41e596-df66-40df-802a-399a4dd668fb (type: security_group_rules) to 0
2026-07-01 08:38:52.732 9 INFO neutron.db.ovn_revision_numbers_db [None req-1c918f7d-7eb9-4c0f-b1dc-b603f3af5134 36b0c00a8e904af6ac46d1e4d432fc01 bd75923a26204044a26a04f015198e04 - - default default] Successfully bumped revision number for resource aab930b2-0567-4b6a-8382-d409fc1dac2c (type: security_group_rules) to 0
2026-07-01 08:38:52.748 9 INFO neutron.db.ovn_revision_numbers_db [None req-1c918f7d-7eb9-4c0f-b1dc-b603f3af5134 36b0c00a8e904af6ac46d1e4d432fc01 bd75923a26204044a26a04f015198e04 - - default default] Successfully bumped revision number for resource dee65881-2e2f-4a78-9251-35b510fc73a7 (type: security_group_rules) to 0
2026-07-01 08:38:52.785 9 INFO neutron.api.wsgi [None req-1c918f7d-7eb9-4c0f-b1dc-b603f3af5134 36b0c00a8e904af6ac46d1e4d432fc01 bd75923a26204044a26a04f015198e04 - - default default] 10.0.0.220 "GET /v2.0/security-groups?tenant_id=6909ddf396c646a7b20f81ae2ba87964&name=default HTTP/1.1" status: 200 len: 3124 time: 0.3780832
2026-07-01 08:38:52.967 9 INFO neutron.api.wsgi [req-d2280177-7415-4135-b267-0b4677cac451 req-35580c8c-0d31-4717-b799-452abc7bbafc ceb89a06057345148043faeaccaa6b08 f9fb9a9f9cb94349b2b09b518b11bb22 - - 92528f82975c46bdaab9e69bfb83a290 92528f82975c46bdaab9e69bfb83a290] 10.0.0.166 "GET /v2.0/ports?device_id=40cf6a4e-587b-494f-9b90-244d22410b0e HTTP/1.1" status: 200 len: 1638 time: 0.0497949
2026-07-01 08:38:53.005 9 INFO neutron.api.wsgi [req-d2280177-7415-4135-b267-0b4677cac451 req-9360b92a-06d8-4c24-b768-1b36246644cf ceb89a06057345148043faeaccaa6b08 f9fb9a9f9cb94349b2b09b518b11bb22 - - 92528f82975c46bdaab9e69bfb83a290 92528f82975c46bdaab9e69bfb83a290] 10.0.0.166 "GET /v2.0/security-groups?id=c6c704db-a1f3-497d-8529-5a85d6b19d2f&fields=id&fields=name HTTP/1.1" status: 200 len: 311 time: 0.0315850
2026-07-01 08:38:53.040 9 INFO neutron.api.wsgi [None req-2946c0c9-22be-48b7-8429-3810f265e001 36b0c00a8e904af6ac46d1e4d432fc01 bd75923a26204044a26a04f015198e04 - - default default] 10.0.0.220 "DELETE /v2.0/security-groups/006254c0-e97f-48e2-b667-0dbb8c429ea3 HTTP/1.1" status: 204 len: 168 time: 0.2483184
2026-07-01 08:38:53.355 10 INFO neutron.db.ovn_revision_numbers_db [None req-cc198885-8348-47af-82e0-dbcfbf29bda8 36b0c00a8e904af6ac46d1e4d432fc01 bd75923a26204044a26a04f015198e04 - - default default] Successfully bumped revision number for resource 63e45f33-78a7-48dd-8081-15d8e75b5e40 (type: security_groups) to 1
2026-07-01 08:38:53.368 10 INFO neutron.db.ovn_revision_numbers_db [None req-cc198885-8348-47af-82e0-dbcfbf29bda8 36b0c00a8e904af6ac46d1e4d432fc01 bd75923a26204044a26a04f015198e04 - - default default] Successfully bumped revision number for resource 0494a12d-5d37-452a-9912-6cd374406bb0 (type: security_group_rules) to 0
2026-07-01 08:38:53.382 10 INFO neutron.db.ovn_revision_numbers_db [None req-cc198885-8348-47af-82e0-dbcfbf29bda8 36b0c00a8e904af6ac46d1e4d432fc01 bd75923a26204044a26a04f015198e04 - - default default] Successfully bumped revision number for resource 812f0236-8ea1-46bb-8d2b-36b5d5ce9684 (type: security_group_rules) to 0
2026-07-01 08:38:53.414 10 INFO neutron.db.ovn_revision_numbers_db [None req-cc198885-8348-47af-82e0-dbcfbf29bda8 36b0c00a8e904af6ac46d1e4d432fc01 bd75923a26204044a26a04f015198e04 - - default default] Successfully bumped revision number for resource bfbf1adc-961e-4f0b-a77b-443d2c3801e7 (type: security_group_rules) to 0
2026-07-01 08:38:53.438 10 INFO neutron.db.ovn_revision_numbers_db [None req-cc198885-8348-47af-82e0-dbcfbf29bda8 36b0c00a8e904af6ac46d1e4d432fc01 bd75923a26204044a26a04f015198e04 - - default default] Successfully bumped revision number for resource e6553061-6fc0-4325-b2b1-6d0a59c88b1e (type: security_group_rules) to 0
2026-07-01 08:38:53.473 10 INFO neutron.api.wsgi [None req-cc198885-8348-47af-82e0-dbcfbf29bda8 36b0c00a8e904af6ac46d1e4d432fc01 bd75923a26204044a26a04f015198e04 - - default default] 10.0.0.220 "GET /v2.0/security-groups?tenant_id=5315366d1fdc457ca4a57ac33894415e&name=default HTTP/1.1" status: 200 len: 3124 time: 0.3078954
2026-07-01 08:38:53.558 10 WARNING neutron_lib.context [None req-d029690d-6d81-49c1-aef0-345b3a81531c 52d253a6cdb243659378913a0d67d639 01ea7254062e4425a4c89eb1efeac97a - - default default] Method 'is_advsvc' is deprecated since 2023.2 release (neutron-lib 3.8.0) and will be removed once support for the old RBAC API policies will be removed from Neutron. Please use method 'is_service_role' instead.
2026-07-01 08:38:53.689 10 INFO neutron.db.ovn_revision_numbers_db [None req-d029690d-6d81-49c1-aef0-345b3a81531c 52d253a6cdb243659378913a0d67d639 01ea7254062e4425a4c89eb1efeac97a - - default default] Successfully bumped revision number for resource ae724a8d-4d24-4fd9-b89c-74a203789dc2 (type: security_groups) to 1
2026-07-01 08:38:53.703 10 INFO neutron.api.wsgi [None req-f9243d1d-60a7-4c4d-a1a7-1806118fda75 36b0c00a8e904af6ac46d1e4d432fc01 bd75923a26204044a26a04f015198e04 - - default default] 10.0.0.220 "DELETE /v2.0/security-groups/63e45f33-78a7-48dd-8081-15d8e75b5e40 HTTP/1.1" status: 204 len: 168 time: 0.2245061
2026-07-01 08:38:53.706 10 INFO neutron.db.ovn_revision_numbers_db [None req-d029690d-6d81-49c1-aef0-345b3a81531c 52d253a6cdb243659378913a0d67d639 01ea7254062e4425a4c89eb1efeac97a - - default default] Successfully bumped revision number for resource 1134f3cc-ad55-4b7a-a07e-ed66670e1e2c (type: security_group_rules) to 0
2026-07-01 08:38:53.717 10 INFO neutron.db.ovn_revision_numbers_db [None req-d029690d-6d81-49c1-aef0-345b3a81531c 52d253a6cdb243659378913a0d67d639 01ea7254062e4425a4c89eb1efeac97a - - default default] Successfully bumped revision number for resource 47ff8da2-0156-4836-bc8d-5b01efa6a6fd (type: security_group_rules) to 0
2026-07-01 08:38:53.729 10 INFO neutron.db.ovn_revision_numbers_db [None req-d029690d-6d81-49c1-aef0-345b3a81531c 52d253a6cdb243659378913a0d67d639 01ea7254062e4425a4c89eb1efeac97a - - default default] Successfully bumped revision number for resource 55590fb5-3109-4d55-ab29-149d65e62d54 (type: security_group_rules) to 0
2026-07-01 08:38:53.741 10 INFO neutron.db.ovn_revision_numbers_db [None req-d029690d-6d81-49c1-aef0-345b3a81531c 52d253a6cdb243659378913a0d67d639 01ea7254062e4425a4c89eb1efeac97a - - default default] Successfully bumped revision number for resource eec4c5dd-dccd-47a6-9f39-6b889a7e88e5 (type: security_group_rules) to 0
2026-07-01 08:38:53.815 10 INFO neutron.db.segments_db [None req-d029690d-6d81-49c1-aef0-345b3a81531c 52d253a6cdb243659378913a0d67d639 01ea7254062e4425a4c89eb1efeac97a - - default default] Added segment 93170b8c-bd03-4119-b5cd-5cd2fc898a33 of type geneve for network 94cdc3a5-895e-406b-9026-e4e55f569195
2026-07-01 08:38:53.945 10 INFO neutron.db.ovn_revision_numbers_db [None req-d029690d-6d81-49c1-aef0-345b3a81531c 52d253a6cdb243659378913a0d67d639 01ea7254062e4425a4c89eb1efeac97a - - default default] Successfully bumped revision number for resource 94cdc3a5-895e-406b-9026-e4e55f569195 (type: networks) to 1
2026-07-01 08:38:53.974 10 INFO neutron.db.ovn_revision_numbers_db [None req-36ad5226-ef9d-4dae-98fd-2a764a10baed 36b0c00a8e904af6ac46d1e4d432fc01 bd75923a26204044a26a04f015198e04 - - default default] Successfully bumped revision number for resource 10d1153c-5909-4c73-a0fb-ccf20210817b (type: security_groups) to 1
2026-07-01 08:38:53.990 10 INFO neutron.db.ovn_revision_numbers_db [None req-36ad5226-ef9d-4dae-98fd-2a764a10baed 36b0c00a8e904af6ac46d1e4d432fc01 bd75923a26204044a26a04f015198e04 - - default default] Successfully bumped revision number for resource 5332245f-235e-4cf7-857f-7d5aad7b05f7 (type: security_group_rules) to 0
2026-07-01 08:38:54.009 10 INFO neutron.db.ovn_revision_numbers_db [None req-36ad5226-ef9d-4dae-98fd-2a764a10baed 36b0c00a8e904af6ac46d1e4d432fc01 bd75923a26204044a26a04f015198e04 - - default default] Successfully bumped revision number for resource 580c509d-af13-4905-b78e-6ac21813323f (type: security_group_rules) to 0
2026-07-01 08:38:54.027 10 INFO neutron.db.ovn_revision_numbers_db [None req-36ad5226-ef9d-4dae-98fd-2a764a10baed 36b0c00a8e904af6ac46d1e4d432fc01 bd75923a26204044a26a04f015198e04 - - default default] Successfully bumped revision number for resource a05cbd17-4534-4dc9-924d-a8d47d473eb8 (type: security_group_rules) to 0
2026-07-01 08:38:54.044 10 INFO neutron.db.ovn_revision_numbers_db [None req-36ad5226-ef9d-4dae-98fd-2a764a10baed 36b0c00a8e904af6ac46d1e4d432fc01 bd75923a26204044a26a04f015198e04 - - default default] Successfully bumped revision number for resource e36b64a6-f45c-463e-90a9-83c8c7b8f2e8 (type: security_group_rules) to 0
2026-07-01 08:38:54.085 10 INFO neutron.api.wsgi [None req-36ad5226-ef9d-4dae-98fd-2a764a10baed 36b0c00a8e904af6ac46d1e4d432fc01 bd75923a26204044a26a04f015198e04 - - default default] 10.0.0.220 "GET /v2.0/security-groups?tenant_id=6b5d69929a0e466bb04b4dd2ab6d722e&name=default HTTP/1.1" status: 200 len: 3124 time: 0.2389994
2026-07-01 08:38:54.104 10 WARNING neutron.scheduler.dhcp_agent_scheduler [None req-d029690d-6d81-49c1-aef0-345b3a81531c 52d253a6cdb243659378913a0d67d639 01ea7254062e4425a4c89eb1efeac97a - - default default] No more DHCP agents
2026-07-01 08:38:54.105 10 WARNING neutron.api.rpc.agentnotifiers.dhcp_rpc_agent_api [None req-d029690d-6d81-49c1-aef0-345b3a81531c 52d253a6cdb243659378913a0d67d639 01ea7254062e4425a4c89eb1efeac97a - - default default] Unable to schedule network 94cdc3a5-895e-406b-9026-e4e55f569195: no agents available; will retry on subsequent port and subnet creation events.
2026-07-01 08:38:54.167 10 INFO neutron.db.ovn_revision_numbers_db [None req-d029690d-6d81-49c1-aef0-345b3a81531c 52d253a6cdb243659378913a0d67d639 01ea7254062e4425a4c89eb1efeac97a - - default default] Successfully bumped revision number for resource 1d2a42c7-fb36-48a2-a494-ba4261c6efec (type: ports) to 1
2026-07-01 08:38:54.188 10 INFO neutron.api.wsgi [None req-d029690d-6d81-49c1-aef0-345b3a81531c 52d253a6cdb243659378913a0d67d639 01ea7254062e4425a4c89eb1efeac97a - - default default] 10.0.0.220 "POST /v2.0/networks HTTP/1.1" status: 201 len: 830 time: 0.7782233
2026-07-01 08:38:54.198 9 WARNING neutron_lib.context [None req-e9f41ad0-be44-478a-8aac-bdfceffeb5f9 52d253a6cdb243659378913a0d67d639 01ea7254062e4425a4c89eb1efeac97a - - default default] Method 'is_advsvc' is deprecated since 2023.2 release (neutron-lib 3.8.0) and will be removed once support for the old RBAC API policies will be removed from Neutron. Please use method 'is_service_role' instead.
2026-07-01 08:38:54.370 9 INFO neutron.api.wsgi [None req-721e19b1-10b4-4519-8531-6352747c4565 36b0c00a8e904af6ac46d1e4d432fc01 bd75923a26204044a26a04f015198e04 - - default default] 10.0.0.220 "DELETE /v2.0/security-groups/10d1153c-5909-4c73-a0fb-ccf20210817b HTTP/1.1" status: 204 len: 168 time: 0.2778523
2026-07-01 08:38:54.456 9 WARNING neutron.scheduler.dhcp_agent_scheduler [None req-e9f41ad0-be44-478a-8aac-bdfceffeb5f9 52d253a6cdb243659378913a0d67d639 01ea7254062e4425a4c89eb1efeac97a - - default default] No more DHCP agents
2026-07-01 08:38:54.457 9 WARNING neutron.api.rpc.agentnotifiers.dhcp_rpc_agent_api [None req-e9f41ad0-be44-478a-8aac-bdfceffeb5f9 52d253a6cdb243659378913a0d67d639 01ea7254062e4425a4c89eb1efeac97a - - default default] Unable to schedule network 94cdc3a5-895e-406b-9026-e4e55f569195: no agents available; will retry on subsequent port and subnet creation events.
2026-07-01 08:38:54.527 9 INFO neutron.db.ovn_revision_numbers_db [None req-e9f41ad0-be44-478a-8aac-bdfceffeb5f9 52d253a6cdb243659378913a0d67d639 01ea7254062e4425a4c89eb1efeac97a - - default default] Successfully bumped revision number for resource b2b69e6a-f02e-4f21-9d31-201951931976 (type: ports) to 1
2026-07-01 08:38:54.547 9 INFO neutron.api.wsgi [None req-e9f41ad0-be44-478a-8aac-bdfceffeb5f9 52d253a6cdb243659378913a0d67d639 01ea7254062e4425a4c89eb1efeac97a - - default default] 10.0.0.220 "POST /v2.0/ports HTTP/1.1" status: 201 len: 942 time: 0.3540468 /var/lib/openstack/lib/python3.12/site-packages/pycadf/identifier.py:71: UserWarning: Invalid uuid: neutron. To ensure interoperability, identifiers should be a valid uuid. warnings.warn(('Invalid uuid: %s. To ensure interoperability, '
2026-07-01 08:38:54.556 9 WARNING neutron_lib.context [None req-7b6898c9-b3a6-4dbf-b11c-60cfae7704a2 52d253a6cdb243659378913a0d67d639 01ea7254062e4425a4c89eb1efeac97a - - default default] Method 'is_advsvc' is deprecated since 2023.2 release (neutron-lib 3.8.0) and will be removed once support for the old RBAC API policies will be removed from Neutron. Please use method 'is_service_role' instead.
2026-07-01 08:38:54.804 9 INFO neutron.api.wsgi [None req-7b6898c9-b3a6-4dbf-b11c-60cfae7704a2 52d253a6cdb243659378913a0d67d639 01ea7254062e4425a4c89eb1efeac97a - - default default] 10.0.0.220 "POST /v2.0/trunks HTTP/1.1" status: 201 len: 608 time: 0.2531083
2026-07-01 08:38:54.839 9 INFO neutron.api.wsgi [None req-15e0121e-741c-4e29-bb96-76d281ff5e9c 52d253a6cdb243659378913a0d67d639 01ea7254062e4425a4c89eb1efeac97a - - default default] 10.0.0.220 "PUT /v2.0/trunks/50ad7e07-cee9-4784-8b31-032fa53dc5f3/tags HTTP/1.1" status: 200 len: 218 time: 0.0300927
2026-07-01 08:38:54.861 9 INFO neutron.api.wsgi [None req-8a530fa5-8f3f-48fe-a9c9-b4cc64557fd1 52d253a6cdb243659378913a0d67d639 01ea7254062e4425a4c89eb1efeac97a - - default default] 10.0.0.220 "GET /v2.0/trunks/50ad7e07-cee9-4784-8b31-032fa53dc5f3/tags HTTP/1.1" status: 200 len: 218 time: 0.0167589
2026-07-01 08:38:54.893 9 INFO neutron.api.wsgi [None req-8bfc0100-c35b-463f-8189-b97f9c3134d4 52d253a6cdb243659378913a0d67d639 01ea7254062e4425a4c89eb1efeac97a - - default default] 10.0.0.220 "PUT /v2.0/trunks/50ad7e07-cee9-4784-8b31-032fa53dc5f3/tags/green HTTP/1.1" status: 201 len: 201 time: 0.0269406
2026-07-01 08:38:54.914 9 INFO neutron.api.wsgi [None req-3d9bebd1-e143-4c37-832d-cb0c8db4d11a 52d253a6cdb243659378913a0d67d639 01ea7254062e4425a4c89eb1efeac97a - - default default] 10.0.0.220 "GET /v2.0/trunks/50ad7e07-cee9-4784-8b31-032fa53dc5f3/tags HTTP/1.1" status: 200 len: 227 time: 0.0148170
2026-07-01 08:38:54.934 9 INFO neutron.api.wsgi [None req-0df9483a-06e2-473b-b24b-1f000fa16a6c 52d253a6cdb243659378913a0d67d639 01ea7254062e4425a4c89eb1efeac97a - - default default] 10.0.0.220 "PUT /v2.0/trunks/50ad7e07-cee9-4784-8b31-032fa53dc5f3/tags/red HTTP/1.1" status: 201 len: 201 time: 0.0155921
2026-07-01 08:38:54.959 9 INFO neutron.api.wsgi [None req-3619c71e-d2fe-4622-be89-567dddf91089 52d253a6cdb243659378913a0d67d639 01ea7254062e4425a4c89eb1efeac97a - - default default] 10.0.0.220 "GET /v2.0/trunks/50ad7e07-cee9-4784-8b31-032fa53dc5f3/tags HTTP/1.1" status: 200 len: 227 time: 0.0205631
2026-07-01 08:38:55.028 10 INFO neutron.api.wsgi [None req-386d1b25-4c38-44af-b166-9acd275c0de1 52d253a6cdb243659378913a0d67d639 01ea7254062e4425a4c89eb1efeac97a - - default default] 10.0.0.220 "PUT /v2.0/trunks/50ad7e07-cee9-4784-8b31-032fa53dc5f3/tags/black.or.white HTTP/1.1" status: 201 len: 201 time: 0.0565889
2026-07-01 08:38:55.054 10 INFO neutron.api.wsgi [None req-80dac32a-2a7b-4671-bf38-b0bfbf96bc63 52d253a6cdb243659378913a0d67d639 01ea7254062e4425a4c89eb1efeac97a - - default default] 10.0.0.220 "GET /v2.0/trunks/50ad7e07-cee9-4784-8b31-032fa53dc5f3/tags HTTP/1.1" status: 200 len: 245 time: 0.0206518
2026-07-01 08:38:55.094 9 INFO neutron.api.wsgi [None req-3fda8b0c-522d-4c62-996e-cea1a4ca4b19 52d253a6cdb243659378913a0d67d639 01ea7254062e4425a4c89eb1efeac97a - - default default] 10.0.0.220 "PUT /v2.0/trunks/50ad7e07-cee9-4784-8b31-032fa53dc5f3/tags HTTP/1.1" status: 200 len: 230 time: 0.0350790
2026-07-01 08:38:55.120 9 INFO neutron.api.wsgi [None req-2d6ef75b-2641-45a3-96ec-cb4d734e4681 52d253a6cdb243659378913a0d67d639 01ea7254062e4425a4c89eb1efeac97a - - default default] 10.0.0.220 "GET /v2.0/trunks/50ad7e07-cee9-4784-8b31-032fa53dc5f3/tags HTTP/1.1" status: 200 len: 230 time: 0.0199618
2026-07-01 08:38:55.148 10 INFO neutron.api.wsgi [None req-6161731d-4579-4856-a8b5-b4042cc072c9 52d253a6cdb243659378913a0d67d639 01ea7254062e4425a4c89eb1efeac97a - - default default] 10.0.0.220 "GET /v2.0/trunks/50ad7e07-cee9-4784-8b31-032fa53dc5f3/tags/red HTTP/1.1" status: 204 len: 168 time: 0.0215569
2026-07-01 08:38:55.167 10 INFO neutron.api.v2.resource [None req-93311c22-5891-4ca6-a6a6-3eec1c1f17e2 52d253a6cdb243659378913a0d67d639 01ea7254062e4425a4c89eb1efeac97a - - default default] show failed (client error): The resource could not be found.
2026-07-01 08:38:55.168 10 INFO neutron.api.wsgi [None req-93311c22-5891-4ca6-a6a6-3eec1c1f17e2 52d253a6cdb243659378913a0d67d639 01ea7254062e4425a4c89eb1efeac97a - - default default] 10.0.0.220 "GET /v2.0/trunks/50ad7e07-cee9-4784-8b31-032fa53dc5f3/tags/green HTTP/1.1" status: 404 len: 299 time: 0.0156391
2026-07-01 08:38:55.207 10 INFO neutron.api.wsgi [None req-c3b89db8-002c-4dff-b12f-bd24c5251237 52d253a6cdb243659378913a0d67d639 01ea7254062e4425a4c89eb1efeac97a - - default default] 10.0.0.220 "DELETE /v2.0/trunks/50ad7e07-cee9-4784-8b31-032fa53dc5f3/tags/red HTTP/1.1" status: 204 len: 168 time: 0.0346196
2026-07-01 08:38:55.227 10 INFO neutron.api.wsgi [None req-cf374cb5-b6fd-4477-89c2-f062286ebe24 52d253a6cdb243659378913a0d67d639 01ea7254062e4425a4c89eb1efeac97a - - default default] 10.0.0.220 "GET /v2.0/trunks/50ad7e07-cee9-4784-8b31-032fa53dc5f3/tags HTTP/1.1" status: 200 len: 223 time: 0.0149541
2026-07-01 08:38:55.264 10 INFO neutron.api.v2.resource [None req-3f9afdf6-df77-4aea-bccc-4be2d48bfd95 52d253a6cdb243659378913a0d67d639 01ea7254062e4425a4c89eb1efeac97a - - default default] delete failed (client error): The resource could not be found.
2026-07-01 08:38:55.266 10 INFO neutron.api.wsgi [None req-3f9afdf6-df77-4aea-bccc-4be2d48bfd95 52d253a6cdb243659378913a0d67d639 01ea7254062e4425a4c89eb1efeac97a - - default default] 10.0.0.220 "DELETE /v2.0/trunks/50ad7e07-cee9-4784-8b31-032fa53dc5f3/tags/green HTTP/1.1" status: 404 len: 299 time: 0.0304687
2026-07-01 08:38:55.322 10 INFO neutron.api.wsgi [None req-159a3787-8df5-49a5-9790-13cd460c0729 52d253a6cdb243659378913a0d67d639 01ea7254062e4425a4c89eb1efeac97a - - default default] 10.0.0.220 "DELETE /v2.0/trunks/50ad7e07-cee9-4784-8b31-032fa53dc5f3/tags HTTP/1.1" status: 204 len: 168 time: 0.0513077
2026-07-01 08:38:55.351 10 INFO neutron.api.wsgi [None req-4d821510-1db7-49f7-8c6f-3f59ccc70453 52d253a6cdb243659378913a0d67d639 01ea7254062e4425a4c89eb1efeac97a - - default default] 10.0.0.220 "GET /v2.0/trunks/50ad7e07-cee9-4784-8b31-032fa53dc5f3/tags HTTP/1.1" status: 200 len: 205 time: 0.0242329
2026-07-01 08:38:55.374 10 INFO neutron.api.wsgi [None req-e5985233-1545-46ec-9815-07177f49478d 52d253a6cdb243659378913a0d67d639 01ea7254062e4425a4c89eb1efeac97a - - default default] 10.0.0.220 "GET /v2.0/trunks/50ad7e07-cee9-4784-8b31-032fa53dc5f3 HTTP/1.1" status: 200 len: 603 time: 0.0165558
2026-07-01 08:38:55.473 10 INFO neutron.api.wsgi [None req-3eb4ff5f-00cb-4425-a065-722c60725443 52d253a6cdb243659378913a0d67d639 01ea7254062e4425a4c89eb1efeac97a - - default default] 10.0.0.220 "GET /v2.0/ports/b2b69e6a-f02e-4f21-9d31-201951931976 HTTP/1.1" status: 200 len: 1020 time: 0.0938761
2026-07-01 08:38:55.543 10 INFO neutron.api.wsgi [None req-604238fc-cf4a-49f0-8a51-9cba67947e8c 52d253a6cdb243659378913a0d67d639 01ea7254062e4425a4c89eb1efeac97a - - default default] 10.0.0.220 "DELETE /v2.0/trunks/50ad7e07-cee9-4784-8b31-032fa53dc5f3 HTTP/1.1" status: 204 len: 168 time: 0.0655849
2026-07-01 08:38:55.753 10 INFO neutron.api.wsgi [None req-6fdc40d9-f211-4f8d-9422-f205be736f13 52d253a6cdb243659378913a0d67d639 01ea7254062e4425a4c89eb1efeac97a - - default default] 10.0.0.220 "DELETE /v2.0/ports/b2b69e6a-f02e-4f21-9d31-201951931976 HTTP/1.1" status: 204 len: 168 time: 0.2046316
2026-07-01 08:38:56.085 9 INFO neutron.services.segments.plugin [-] Segment 93170b8c-bd03-4119-b5cd-5cd2fc898a33 resource provider aggregate not found
2026-07-01 08:38:56.089 9 INFO neutron.services.segments.plugin [-] Segment 93170b8c-bd03-4119-b5cd-5cd2fc898a33 resource provider aggregate not found
2026-07-01 08:38:56.108 9 INFO neutron.services.segments.plugin [-] Segment 93170b8c-bd03-4119-b5cd-5cd2fc898a33 resource provider not found; error: Placement Client Error (4xx): {"errors": [{"status": 404, "title": "Not Found", "detail": "The resource could not be found.\n\n No resource provider with uuid 93170b8c-bd03-4119-b5cd-5cd2fc898a33 found for delete ", "request_id": "req-5cdd8f6b-2a66-4da0-b91a-59ef8e945883"}]}
2026-07-01 08:38:56.111 9 INFO neutron.services.segments.plugin [-] Segment 93170b8c-bd03-4119-b5cd-5cd2fc898a33 resource provider not found; error: Placement Client Error (4xx): {"errors": [{"status": 404, "title": "Not Found", "detail": "The resource could not be found.\n\n No resource provider with uuid 93170b8c-bd03-4119-b5cd-5cd2fc898a33 found for delete ", "request_id": "req-38ed5eca-76a7-4a68-a9ee-a40b34ffa241"}]}
2026-07-01 08:38:56.130 9 INFO neutron.api.wsgi [None req-ba7a64d5-2ce4-45e2-8b24-96b58db3050a 52d253a6cdb243659378913a0d67d639 01ea7254062e4425a4c89eb1efeac97a - - default default] 10.0.0.220 "DELETE /v2.0/networks/94cdc3a5-895e-406b-9026-e4e55f569195 HTTP/1.1" status: 204 len: 168 time: 0.3728001
2026-07-01 08:38:56.651 9 INFO neutron.api.wsgi [None req-98348175-6346-44b3-99c2-1c4d612f3793 02e531cdff144caf9d9173a3322d7dba f7a6467c0fec4d50bcbe4cebe93d3d79 - - default default] 10.0.0.220 "GET /v2.0/subnets/1cd6b566-044e-43fa-8dbe-48e2b2ffa524 HTTP/1.1" status: 200 len: 869 time: 0.0428154
2026-07-01 08:38:57.055 10 INFO neutron.db.ovn_revision_numbers_db [None req-a6906fa6-9590-45eb-866e-a3f67e9856b2 36b0c00a8e904af6ac46d1e4d432fc01 bd75923a26204044a26a04f015198e04 - - default default] Successfully bumped revision number for resource aea3a79d-7be0-4822-8ab1-a14d9fb3085d (type: security_groups) to 1
2026-07-01 08:38:57.072 10 INFO neutron.db.ovn_revision_numbers_db [None req-a6906fa6-9590-45eb-866e-a3f67e9856b2 36b0c00a8e904af6ac46d1e4d432fc01 bd75923a26204044a26a04f015198e04 - - default default] Successfully bumped revision number for resource 1abbb43f-76c6-49ae-9bce-55c05f2c0042 (type: security_group_rules) to 0
2026-07-01 08:38:57.090 10 INFO neutron.db.ovn_revision_numbers_db [None req-a6906fa6-9590-45eb-866e-a3f67e9856b2 36b0c00a8e904af6ac46d1e4d432fc01 bd75923a26204044a26a04f015198e04 - - default default] Successfully bumped revision number for resource 61685e1c-c403-42fe-ac14-4ddc41341270 (type: security_group_rules) to 0
2026-07-01 08:38:57.115 10 INFO neutron.db.ovn_revision_numbers_db [None req-a6906fa6-9590-45eb-866e-a3f67e9856b2 36b0c00a8e904af6ac46d1e4d432fc01 bd75923a26204044a26a04f015198e04 - - default default] Successfully bumped revision number for resource 66ae1669-307d-4d2f-b695-f0bda0872fe7 (type: security_group_rules) to 0
2026-07-01 08:38:57.128 10 INFO neutron.db.ovn_revision_numbers_db [None req-a6906fa6-9590-45eb-866e-a3f67e9856b2 36b0c00a8e904af6ac46d1e4d432fc01 bd75923a26204044a26a04f015198e04 - - default default] Successfully bumped revision number for resource 7666c3c5-c3f9-45c7-ad8a-52f4d3cd55ca (type: security_group_rules) to 0
2026-07-01 08:38:57.168 10 INFO neutron.api.wsgi [None req-a6906fa6-9590-45eb-866e-a3f67e9856b2 36b0c00a8e904af6ac46d1e4d432fc01 bd75923a26204044a26a04f015198e04 - - default default] 10.0.0.220 "GET /v2.0/security-groups?tenant_id=a34c8d30ea904617bd95fb695d4836d1&name=default HTTP/1.1" status: 200 len: 3124 time: 0.4428658
2026-07-01 08:38:57.366 10 INFO neutron.api.wsgi [None req-522b0884-b13c-4fd2-9df2-ca3c3d60a417 36b0c00a8e904af6ac46d1e4d432fc01 bd75923a26204044a26a04f015198e04 - - default default] 10.0.0.220 "DELETE /v2.0/security-groups/aea3a79d-7be0-4822-8ab1-a14d9fb3085d HTTP/1.1" status: 204 len: 168 time: 0.1903653
2026-07-01 08:38:57.506 9 INFO neutron.api.wsgi [None req-0e2a7680-236c-4e32-b566-049c87c0377c 36b0c00a8e904af6ac46d1e4d432fc01 bd75923a26204044a26a04f015198e04 - - default default] 10.0.0.220 "GET /v2.0/security-groups?tenant_id=01ea7254062e4425a4c89eb1efeac97a&name=default HTTP/1.1" status: 200 len: 3124 time: 0.0327725
2026-07-01 08:38:57.725 9 INFO neutron.api.wsgi [None req-bda79b07-14d7-4261-9ffb-fc22d411585e 36b0c00a8e904af6ac46d1e4d432fc01 bd75923a26204044a26a04f015198e04 - - default default] 10.0.0.220 "DELETE /v2.0/security-groups/ae724a8d-4d24-4fd9-b89c-74a203789dc2 HTTP/1.1" status: 204 len: 168 time: 0.2127354
2026-07-01 08:38:57.837 9 INFO neutron.api.wsgi [None req-0f43930b-57e3-421e-b00e-5ded8a6979f3 36b0c00a8e904af6ac46d1e4d432fc01 bd75923a26204044a26a04f015198e04 - - default default] 10.0.0.95 "GET /v2.0/extensions/security-group HTTP/1.1" status: 200 len: 369 time: 0.1466594
2026-07-01 08:38:57.847 9 INFO neutron.api.wsgi [None req-56c6806e-f21d-4d72-aa1f-18a89655c08b 36b0c00a8e904af6ac46d1e4d432fc01 bd75923a26204044a26a04f015198e04 - - default default] 10.0.0.95 "GET /v2.0/extensions/dns-integration HTTP/1.1" status: 200 len: 371 time: 0.0049241
2026-07-01 08:38:57.856 9 INFO neutron.api.wsgi [None req-61cf1e8a-61bb-4482-b2ec-3ac03a53b644 36b0c00a8e904af6ac46d1e4d432fc01 bd75923a26204044a26a04f015198e04 - - default default] 10.0.0.95 "GET /v2.0/extensions/qos HTTP/1.1" status: 200 len: 365 time: 0.0041673
2026-07-01 08:38:57.864 9 INFO neutron.api.wsgi [None req-4ea6ade3-129f-4cb6-80d3-7191a0f30df4 36b0c00a8e904af6ac46d1e4d432fc01 bd75923a26204044a26a04f015198e04 - - default default] 10.0.0.95 "GET /v2.0/extensions/allowed-address-pairs HTTP/1.1" status: 200 len: 383 time: 0.0039532
2026-07-01 08:38:58.376 10 INFO neutron.api.wsgi [-] 10.0.0.95 "GET / HTTP/1.1" status: 200 len: 284 time: 0.0027413
2026-07-01 08:38:58.422 10 INFO neutron.api.wsgi [None req-56de21fe-7c1f-48cd-8305-6069841b7de9 5b49f1f2e46b46c891783c359539ad0d 2ca7dda5b14c457e928cb43e55394ac7 - - default default] 10.0.0.95 "GET /v2.0/subnets/1cd6b566-044e-43fa-8dbe-48e2b2ffa524 HTTP/1.1" status: 200 len: 856 time: 0.0238216
2026-07-01 08:38:58.433 9 INFO neutron.api.wsgi [None req-4bc567ac-5a46-4f3f-a399-acf56f8ad147 36b0c00a8e904af6ac46d1e4d432fc01 bd75923a26204044a26a04f015198e04 - - default default] 10.0.0.95 "GET /v2.0/extensions/security-group HTTP/1.1" status: 200 len: 369 time: 0.0045810
2026-07-01 08:38:58.441 9 INFO neutron.api.wsgi [None req-dd47b03f-dcce-4a94-8dc4-15c7f173b84a 36b0c00a8e904af6ac46d1e4d432fc01 bd75923a26204044a26a04f015198e04 - - default default] 10.0.0.95 "GET /v2.0/extensions/dns-integration HTTP/1.1" status: 200 len: 371 time: 0.0042295
2026-07-01 08:38:58.449 9 INFO neutron.api.wsgi [None req-6eb770e4-67df-460f-9e94-ba8d55609ffd 36b0c00a8e904af6ac46d1e4d432fc01 bd75923a26204044a26a04f015198e04 - - default default] 10.0.0.95 "GET /v2.0/extensions/qos HTTP/1.1" status: 200 len: 365 time: 0.0034268
2026-07-01 08:38:58.456 9 INFO neutron.api.wsgi [None req-6d68e2ff-fe1f-4803-9830-57960322f58c 36b0c00a8e904af6ac46d1e4d432fc01 bd75923a26204044a26a04f015198e04 - - default default] 10.0.0.95 "GET /v2.0/extensions/allowed-address-pairs HTTP/1.1" status: 200 len: 383 time: 0.0036297
2026-07-01 08:38:58.486 9 INFO neutron.api.wsgi [None req-d4380bae-a5ad-464c-9496-acac33c12803 36b0c00a8e904af6ac46d1e4d432fc01 bd75923a26204044a26a04f015198e04 - - default default] 10.0.0.95 "GET /v2.0/subnets/1cd6b566-044e-43fa-8dbe-48e2b2ffa524 HTTP/1.1" status: 200 len: 874 time: 0.0244029
2026-07-01 08:38:58.756 10 WARNING neutron_lib.context [None req-691c9e28-827b-4989-bedb-54ef16552464 2e8fc9dde95144b7af974b858f2981ac 9e18076e01ee4b09b7c5680e888666f3 - - default default] Method 'is_advsvc' is deprecated since 2023.2 release (neutron-lib 3.8.0) and will be removed once support for the old RBAC API policies will be removed from Neutron. Please use method 'is_service_role' instead.
2026-07-01 08:38:58.805 10 INFO neutron.api.wsgi [None req-691c9e28-827b-4989-bedb-54ef16552464 2e8fc9dde95144b7af974b858f2981ac 9e18076e01ee4b09b7c5680e888666f3 - - default default] 10.0.0.220 "POST /v2.0/subnetpools HTTP/1.1" status: 201 len: 715 time: 0.2642651
2026-07-01 08:38:58.805 9 INFO neutron.api.wsgi [None req-6db9065e-27b6-4ed1-8c7f-0ae64d92a476 36b0c00a8e904af6ac46d1e4d432fc01 bd75923a26204044a26a04f015198e04 - - default default] 10.0.0.95 "GET /v2.0/extensions/security-group HTTP/1.1" status: 200 len: 369 time: 0.0070856
2026-07-01 08:38:58.812 9 INFO neutron.api.wsgi [None req-fc30f544-68bc-4508-92aa-6ddcba2a7290 36b0c00a8e904af6ac46d1e4d432fc01 bd75923a26204044a26a04f015198e04 - - default default] 10.0.0.95 "GET /v2.0/extensions/dns-integration HTTP/1.1" status: 200 len: 371 time: 0.0025487
2026-07-01 08:38:58.815 10 WARNING neutron_lib.context [None req-06881d17-fd4f-4b44-8e84-35fdc30d0608 2e8fc9dde95144b7af974b858f2981ac 9e18076e01ee4b09b7c5680e888666f3 - - default default] Method 'is_advsvc' is deprecated since 2023.2 release (neutron-lib 3.8.0) and will be removed once support for the old RBAC API policies will be removed from Neutron. Please use method 'is_service_role' instead.
2026-07-01 08:38:58.823 9 INFO neutron.api.wsgi [None req-1cd09471-32f6-41be-a659-9cfb5d601f70 36b0c00a8e904af6ac46d1e4d432fc01 bd75923a26204044a26a04f015198e04 - - default default] 10.0.0.95 "GET /v2.0/extensions/qos HTTP/1.1" status: 200 len: 365 time: 0.0073881
2026-07-01 08:38:58.832 9 INFO neutron.api.wsgi [None req-384142f9-30a2-411d-ad5c-3a5c6f7d8f71 36b0c00a8e904af6ac46d1e4d432fc01 bd75923a26204044a26a04f015198e04 - - default default] 10.0.0.95 "GET /v2.0/extensions/allowed-address-pairs HTTP/1.1" status: 200 len: 383 time: 0.0037010
2026-07-01 08:38:58.857 10 INFO neutron.api.wsgi [None req-06881d17-fd4f-4b44-8e84-35fdc30d0608 2e8fc9dde95144b7af974b858f2981ac 9e18076e01ee4b09b7c5680e888666f3 - - default default] 10.0.0.220 "POST /v2.0/subnetpools HTTP/1.1" status: 201 len: 715 time: 0.0459878
2026-07-01 08:38:58.866 10 WARNING neutron_lib.context [None req-40ff9371-b914-473b-95e0-6e31d00242da 2e8fc9dde95144b7af974b858f2981ac 9e18076e01ee4b09b7c5680e888666f3 - - default default] Method 'is_advsvc' is deprecated since 2023.2 release (neutron-lib 3.8.0) and will be removed once support for the old RBAC API policies will be removed from Neutron. Please use method 'is_service_role' instead.
2026-07-01 08:38:58.879 9 INFO neutron.api.wsgi [None req-89f6e6c1-2e15-46d2-9391-1494aa669ee8 36b0c00a8e904af6ac46d1e4d432fc01 bd75923a26204044a26a04f015198e04 - - default default] 10.0.0.95 "GET /v2.0/networks/1ae2ffc9-d4fd-4e76-8de3-2a933ec92d35 HTTP/1.1" status: 200 len: 999 time: 0.0421326
2026-07-01 08:38:58.888 9 INFO neutron.api.wsgi [None req-a74d4901-8f2c-4eb5-9414-a879477152b4 36b0c00a8e904af6ac46d1e4d432fc01 bd75923a26204044a26a04f015198e04 - - default default] 10.0.0.95 "GET /v2.0/extensions/project-id HTTP/1.1" status: 200 len: 403 time: 0.0039439
2026-07-01 08:38:58.907 10 INFO neutron.api.wsgi [None req-40ff9371-b914-473b-95e0-6e31d00242da 2e8fc9dde95144b7af974b858f2981ac 9e18076e01ee4b09b7c5680e888666f3 - - default default] 10.0.0.220 "POST /v2.0/subnetpools HTTP/1.1" status: 201 len: 715 time: 0.0451667
2026-07-01 08:38:58.920 9 WARNING neutron_lib.context [None req-4f4f9e82-215e-4468-949e-fd4462d3836e 2e8fc9dde95144b7af974b858f2981ac 9e18076e01ee4b09b7c5680e888666f3 - - default default] Method 'is_advsvc' is deprecated since 2023.2 release (neutron-lib 3.8.0) and will be removed once support for the old RBAC API policies will be removed from Neutron. Please use method 'is_service_role' instead.
2026-07-01 08:38:58.977 9 INFO neutron.api.wsgi [None req-4f4f9e82-215e-4468-949e-fd4462d3836e 2e8fc9dde95144b7af974b858f2981ac 9e18076e01ee4b09b7c5680e888666f3 - - default default] 10.0.0.220 "POST /v2.0/subnetpools HTTP/1.1" status: 201 len: 715 time: 0.0640492
2026-07-01 08:38:58.989 10 WARNING neutron_lib.context [None req-ae72ca55-b3df-4a99-bfec-76f1f024cbb2 2e8fc9dde95144b7af974b858f2981ac 9e18076e01ee4b09b7c5680e888666f3 - - default default] Method 'is_advsvc' is deprecated since 2023.2 release (neutron-lib 3.8.0) and will be removed once support for the old RBAC API policies will be removed from Neutron. Please use method 'is_service_role' instead.
2026-07-01 08:38:59.058 10 INFO neutron.api.wsgi [None req-ae72ca55-b3df-4a99-bfec-76f1f024cbb2 2e8fc9dde95144b7af974b858f2981ac 9e18076e01ee4b09b7c5680e888666f3 - - default default] 10.0.0.220 "POST /v2.0/subnetpools HTTP/1.1" status: 201 len: 715 time: 0.0746002
2026-07-01 08:38:59.093 10 INFO neutron.api.wsgi [None req-67828f83-351e-46f6-8363-adb9fdb815c7 2e8fc9dde95144b7af974b858f2981ac 9e18076e01ee4b09b7c5680e888666f3 - - default default] 10.0.0.220 "PUT /v2.0/subnetpools/f2df3294-2ea7-49be-8a8e-8fa2e677fa39/tags HTTP/1.1" status: 200 len: 210 time: 0.0303190
2026-07-01 08:38:59.132 10 INFO neutron.api.wsgi [None req-3b671ab3-1e99-4034-a608-059bb29d0e5e 2e8fc9dde95144b7af974b858f2981ac 9e18076e01ee4b09b7c5680e888666f3 - - default default] 10.0.0.220 "PUT /v2.0/subnetpools/783eb016-95b0-47ff-876a-db276e41391a/tags HTTP/1.1" status: 200 len: 218 time: 0.0320029
2026-07-01 08:38:59.180 9 INFO neutron.api.wsgi [None req-6d18c64f-bf70-475d-8ff0-1b6df531e161 2e8fc9dde95144b7af974b858f2981ac 9e18076e01ee4b09b7c5680e888666f3 - - default default] 10.0.0.220 "PUT /v2.0/subnetpools/1cf5aff7-34da-450f-8858-5fdac57f5369/tags HTTP/1.1" status: 200 len: 227 time: 0.0430317 /var/lib/openstack/lib/python3.12/site-packages/pycadf/identifier.py:71: UserWarning: Invalid uuid: neutron. To ensure interoperability, identifiers should be a valid uuid. warnings.warn(('Invalid uuid: %s. To ensure interoperability, '
2026-07-01 08:38:59.216 9 INFO neutron.api.wsgi [None req-886fa055-8910-4972-b005-781adccc3898 2e8fc9dde95144b7af974b858f2981ac 9e18076e01ee4b09b7c5680e888666f3 - - default default] 10.0.0.220 "PUT /v2.0/subnetpools/e42a891c-3e26-456c-83ea-83bf2a014648/tags HTTP/1.1" status: 200 len: 212 time: 0.0306289 /var/lib/openstack/lib/python3.12/site-packages/pycadf/identifier.py:71: UserWarning: Invalid uuid: neutron. To ensure interoperability, identifiers should be a valid uuid. warnings.warn(('Invalid uuid: %s. To ensure interoperability, '
2026-07-01 08:38:59.231 9 WARNING neutron.scheduler.dhcp_agent_scheduler [None req-a5dabe09-87d6-4fd0-833e-4706fbc4efce 36b0c00a8e904af6ac46d1e4d432fc01 bd75923a26204044a26a04f015198e04 - - default default] No more DHCP agents
2026-07-01 08:38:59.232 9 WARNING neutron.api.rpc.agentnotifiers.dhcp_rpc_agent_api [None req-a5dabe09-87d6-4fd0-833e-4706fbc4efce 36b0c00a8e904af6ac46d1e4d432fc01 bd75923a26204044a26a04f015198e04 - - default default] Unable to schedule network 1ae2ffc9-d4fd-4e76-8de3-2a933ec92d35: no agents available; will retry on subsequent port and subnet creation events.
2026-07-01 08:38:59.241 9 INFO neutron.api.wsgi [None req-e0dc32ed-83fc-415a-851a-91fc7c5363c6 2e8fc9dde95144b7af974b858f2981ac 9e18076e01ee4b09b7c5680e888666f3 - - default default] 10.0.0.220 "GET /v2.0/subnetpools?tags=red HTTP/1.1" status: 200 len: 1758 time: 0.0188158
2026-07-01 08:38:59.264 9 INFO neutron.api.wsgi [None req-7bbab0eb-56a5-4552-858e-fe1e934412b9 2e8fc9dde95144b7af974b858f2981ac 9e18076e01ee4b09b7c5680e888666f3 - - default default] 10.0.0.220 "GET /v2.0/subnetpools?tags=red%2Cblue HTTP/1.1" status: 200 len: 1251 time: 0.0170636
2026-07-01 08:38:59.294 10 INFO neutron.api.wsgi [None req-7566b23c-56aa-4eab-b2e1-de3bf9951458 2e8fc9dde95144b7af974b858f2981ac 9e18076e01ee4b09b7c5680e888666f3 - - default default] 10.0.0.220 "GET /v2.0/subnetpools?tags-any=blue HTTP/1.1" status: 200 len: 1251 time: 0.0236502
2026-07-01 08:38:59.326 10 INFO neutron.api.wsgi [None req-8b323fd1-8826-4cb0-9b50-8a71bf20bd43 2e8fc9dde95144b7af974b858f2981ac 9e18076e01ee4b09b7c5680e888666f3 - - default default] 10.0.0.220 "GET /v2.0/subnetpools?tags-any=red%2Cblue HTTP/1.1" status: 200 len: 1758 time: 0.0261834
