2026-07-01 08:36:36.798 9 INFO neutron.api.wsgi [req-dd962adb-7241-4539-9644-7be310219404 req-3d3d5719-8462-4c57-b754-83729eb47c2b ceb89a06057345148043faeaccaa6b08 f9fb9a9f9cb94349b2b09b518b11bb22 - - 92528f82975c46bdaab9e69bfb83a290 92528f82975c46bdaab9e69bfb83a290] 199.204.45.74 "GET /v2.0/networks/46b40927-fded-4c0d-bcb6-6fe159022a32?fields=provider%3Aphysical_network&fields=provider%3Anetwork_type HTTP/1.1" status: 200 len: 277 time: 0.0561926
2026-07-01 08:36:36.828 9 INFO neutron.api.wsgi [req-873ddb59-7b75-479c-9055-119851286995 req-d1d8aefa-2e2f-4ca5-a73b-bd3f7b8714ca 3f171d1cb9f042ab8d5ac9ed0b5fa335 10a7f29d9be340458db3b3f71be87b8d - - default default] 10.0.0.193 "GET /v2.0/security-groups?id=ff1e2452-6175-4d3b-9ea3-743252b81465&fields=id&fields=name HTTP/1.1" status: 200 len: 312 time: 0.0410597
2026-07-01 08:36:36.954 10 INFO neutron.db.ovn_revision_numbers_db [None req-ccf76310-4f47-48bb-be35-b4769d5cfa2f 36b0c00a8e904af6ac46d1e4d432fc01 bd75923a26204044a26a04f015198e04 - - default default] Successfully bumped revision number for resource 6853c97d-0ca2-4217-9223-7faa6be7065e (type: security_groups) to 1
2026-07-01 08:36:36.969 10 INFO neutron.db.ovn_revision_numbers_db [None req-ccf76310-4f47-48bb-be35-b4769d5cfa2f 36b0c00a8e904af6ac46d1e4d432fc01 bd75923a26204044a26a04f015198e04 - - default default] Successfully bumped revision number for resource 8268cf1d-7618-4a72-874d-dafbbae4cd26 (type: security_group_rules) to 0
2026-07-01 08:36:36.991 10 INFO neutron.db.ovn_revision_numbers_db [None req-ccf76310-4f47-48bb-be35-b4769d5cfa2f 36b0c00a8e904af6ac46d1e4d432fc01 bd75923a26204044a26a04f015198e04 - - default default] Successfully bumped revision number for resource 972bb572-d73c-4dff-9ad1-aba675cbc157 (type: security_group_rules) to 0
2026-07-01 08:36:37.010 10 INFO neutron.db.ovn_revision_numbers_db [None req-ccf76310-4f47-48bb-be35-b4769d5cfa2f 36b0c00a8e904af6ac46d1e4d432fc01 bd75923a26204044a26a04f015198e04 - - default default] Successfully bumped revision number for resource c3314aad-03f2-40dd-8360-a8132db66676 (type: security_group_rules) to 0
2026-07-01 08:36:37.025 10 INFO neutron.db.ovn_revision_numbers_db [None req-ccf76310-4f47-48bb-be35-b4769d5cfa2f 36b0c00a8e904af6ac46d1e4d432fc01 bd75923a26204044a26a04f015198e04 - - default default] Successfully bumped revision number for resource ca8ce8d3-299b-424a-b42f-28126e6d36a4 (type: security_group_rules) to 0
2026-07-01 08:36:37.072 10 INFO neutron.api.wsgi [None req-ccf76310-4f47-48bb-be35-b4769d5cfa2f 36b0c00a8e904af6ac46d1e4d432fc01 bd75923a26204044a26a04f015198e04 - - default default] 10.0.0.220 "GET /v2.0/security-groups?tenant_id=be830dcda3d34083b281465170e7fe27&name=default HTTP/1.1" status: 200 len: 3120 time: 0.2519846
2026-07-01 08:36:37.246 9 INFO neutron.api.wsgi [req-5fd27b5f-3700-4e2e-b431-4ee6ffe18e2e req-23cf50f4-7d61-4e7b-a178-1792aafead55 3f171d1cb9f042ab8d5ac9ed0b5fa335 10a7f29d9be340458db3b3f71be87b8d - - default default] 199.204.45.74 "GET /v2.0/ports?device_id=cabed782-f1bf-473a-aba7-a8d049857992 HTTP/1.1" status: 200 len: 1172 time: 0.0356917
2026-07-01 08:36:37.282 9 INFO neutron.notifiers.nova [-] Nova event matching ['req-adece78e-726d-4994-a032-66dd8565a73f'] response: {'name': 'network-changed', 'server_uuid': 'd194899f-50b9-4b09-9cd9-9fbb34591f12', 'tag': 'b06a2f12-3ed6-48f2-bf06-d228e0f44be5', 'status': 'completed', 'code': 200}
2026-07-01 08:36:37.298 10 INFO neutron.api.wsgi [None req-c3ff5671-cb9b-4662-bc48-613d7b4b602c 36b0c00a8e904af6ac46d1e4d432fc01 bd75923a26204044a26a04f015198e04 - - default default] 10.0.0.220 "DELETE /v2.0/security-groups/6853c97d-0ca2-4217-9223-7faa6be7065e HTTP/1.1" status: 204 len: 168 time: 0.2215614
2026-07-01 08:36:37.528 9 INFO neutron.api.wsgi [req-8f6f8bbc-6f09-4758-bf88-e6da3600e664 req-6948c18e-391d-45d2-90f3-8eba0eba2885 c6954eb3b2b54ce89c02830398188f3c ed54c7e7a5f44dfbad2a858c88e1363e - - default default] 10.0.0.193 "GET /v2.0/ports?device_id=d194899f-50b9-4b09-9cd9-9fbb34591f12 HTTP/1.1" status: 200 len: 1168 time: 0.1029696
2026-07-01 08:36:37.591 9 INFO neutron.db.l3_db [req-5fd27b5f-3700-4e2e-b431-4ee6ffe18e2e req-4e43e18d-b252-4ad9-973a-ec229da723e0 3f171d1cb9f042ab8d5ac9ed0b5fa335 10a7f29d9be340458db3b3f71be87b8d - - default default] Floating IP 37080415-af30-4e7e-9466-70d55b329bfb disassociated. External IP: 10.96.250.211, port: b5a255b2-93c5-4f1f-be83-48cc4f4d85e7.
2026-07-01 08:36:37.602 9 INFO neutron.api.wsgi [req-8f6f8bbc-6f09-4758-bf88-e6da3600e664 req-be882bd8-e1a3-44d9-8989-b627e7aff383 c6954eb3b2b54ce89c02830398188f3c ed54c7e7a5f44dfbad2a858c88e1363e - - default default] 10.0.0.193 "GET /v2.0/security-groups?id=dcf42237-29c2-4048-8a48-71a44ec7df0a&fields=id&fields=name HTTP/1.1" status: 200 len: 311 time: 0.0657256
2026-07-01 08:36:37.701 9 INFO neutron.api.wsgi [req-5fd27b5f-3700-4e2e-b431-4ee6ffe18e2e req-4e43e18d-b252-4ad9-973a-ec229da723e0 3f171d1cb9f042ab8d5ac9ed0b5fa335 10a7f29d9be340458db3b3f71be87b8d - - default default] 199.204.45.74 "DELETE /v2.0/ports/b5a255b2-93c5-4f1f-be83-48cc4f4d85e7 HTTP/1.1" status: 204 len: 173 time: 0.4493783
2026-07-01 08:36:37.865 9 INFO neutron.api.wsgi [req-c0abf1ce-c573-4a23-97b3-30e8bfd71ba5 req-4264a25e-b16b-4f63-8d81-e414cd9318c8 ceb89a06057345148043faeaccaa6b08 f9fb9a9f9cb94349b2b09b518b11bb22 - - 92528f82975c46bdaab9e69bfb83a290 92528f82975c46bdaab9e69bfb83a290] 199.204.45.74 "GET /v2.0/ports?tenant_id=ed54c7e7a5f44dfbad2a858c88e1363e&device_id=d194899f-50b9-4b09-9cd9-9fbb34591f12 HTTP/1.1" status: 200 len: 1407 time: 0.0469873 /var/lib/openstack/lib/python3.12/site-packages/pycadf/identifier.py:71: UserWarning: Invalid uuid: neutron. To ensure interoperability, identifiers should be a valid uuid. warnings.warn(('Invalid uuid: %s. To ensure interoperability, '
2026-07-01 08:36:37.933 9 INFO neutron.api.wsgi [req-c0abf1ce-c573-4a23-97b3-30e8bfd71ba5 req-3900371f-b276-4e9e-a9b4-970086b2c446 ceb89a06057345148043faeaccaa6b08 f9fb9a9f9cb94349b2b09b518b11bb22 - - 92528f82975c46bdaab9e69bfb83a290 92528f82975c46bdaab9e69bfb83a290] 199.204.45.74 "GET /v2.0/networks?id=46b40927-fded-4c0d-bcb6-6fe159022a32 HTTP/1.1" status: 200 len: 959 time: 0.0621879
2026-07-01 08:36:37.940 10 INFO neutron.api.wsgi [req-8c6909cc-16ee-49fa-a46e-d857fb6d7eca req-adeed5a6-059a-4d73-bc7d-c2064c6608eb 3f171d1cb9f042ab8d5ac9ed0b5fa335 10a7f29d9be340458db3b3f71be87b8d - - default default] 10.0.0.193 "GET /v2.0/ports?device_id=cabed782-f1bf-473a-aba7-a8d049857992 HTTP/1.1" status: 200 len: 210 time: 0.0388768
2026-07-01 08:36:37.966 9 INFO neutron.api.wsgi [req-c0abf1ce-c573-4a23-97b3-30e8bfd71ba5 req-8233b0a9-dc34-4a6f-9432-527ae2f11020 ceb89a06057345148043faeaccaa6b08 f9fb9a9f9cb94349b2b09b518b11bb22 - - 92528f82975c46bdaab9e69bfb83a290 92528f82975c46bdaab9e69bfb83a290] 199.204.45.74 "GET /v2.0/floatingips?fixed_ip_address=10.100.0.3&port_id=b06a2f12-3ed6-48f2-bf06-d228e0f44be5 HTTP/1.1" status: 200 len: 217 time: 0.0290360
2026-07-01 08:36:38.016 9 INFO neutron.api.wsgi [req-c0abf1ce-c573-4a23-97b3-30e8bfd71ba5 req-636c6528-dd4e-4f32-9811-b2696df3b61a ceb89a06057345148043faeaccaa6b08 f9fb9a9f9cb94349b2b09b518b11bb22 - - 92528f82975c46bdaab9e69bfb83a290 92528f82975c46bdaab9e69bfb83a290] 199.204.45.74 "GET /v2.0/subnets?id=ea558e39-093e-4e21-b4ce-4637bfe346fe HTTP/1.1" status: 200 len: 876 time: 0.0373056
2026-07-01 08:36:38.047 9 INFO neutron.api.wsgi [req-c0abf1ce-c573-4a23-97b3-30e8bfd71ba5 req-abf13cf6-62d4-404a-ab33-3cb2fd668d55 ceb89a06057345148043faeaccaa6b08 f9fb9a9f9cb94349b2b09b518b11bb22 - - 92528f82975c46bdaab9e69bfb83a290 92528f82975c46bdaab9e69bfb83a290] 199.204.45.74 "GET /v2.0/ports?network_id=46b40927-fded-4c0d-bcb6-6fe159022a32&device_owner=network%3Adhcp HTTP/1.1" status: 200 len: 210 time: 0.0218072
2026-07-01 08:36:38.104 9 INFO neutron.api.wsgi [req-c0abf1ce-c573-4a23-97b3-30e8bfd71ba5 req-50445c16-e8d8-432c-864f-28c1b43955da ceb89a06057345148043faeaccaa6b08 f9fb9a9f9cb94349b2b09b518b11bb22 - - 92528f82975c46bdaab9e69bfb83a290 92528f82975c46bdaab9e69bfb83a290] 199.204.45.74 "GET /v2.0/networks/46b40927-fded-4c0d-bcb6-6fe159022a32?fields=segments HTTP/1.1" status: 200 len: 212 time: 0.0517664
2026-07-01 08:36:38.164 9 INFO neutron.api.wsgi [req-c0abf1ce-c573-4a23-97b3-30e8bfd71ba5 req-384b7995-5851-4478-b69b-7f9cc8269815 ceb89a06057345148043faeaccaa6b08 f9fb9a9f9cb94349b2b09b518b11bb22 - - 92528f82975c46bdaab9e69bfb83a290 92528f82975c46bdaab9e69bfb83a290] 199.204.45.74 "GET /v2.0/networks/46b40927-fded-4c0d-bcb6-6fe159022a32?fields=provider%3Aphysical_network&fields=provider%3Anetwork_type HTTP/1.1" status: 200 len: 277 time: 0.0564420
2026-07-01 08:36:38.211 10 INFO neutron.notifiers.nova [-] Nova event matching ['req-9ebffa2f-2721-4ba7-8504-26e5efd3805d'] response: {'server_uuid': 'cabed782-f1bf-473a-aba7-a8d049857992', 'name': 'network-vif-unplugged', 'status': 'completed', 'tag': 'b5a255b2-93c5-4f1f-be83-48cc4f4d85e7', 'code': 200}
2026-07-01 08:36:38.280 10 INFO neutron.db.ovn_revision_numbers_db [None req-c69cd3e5-35ec-48ae-9422-9571ead74cb1 36b0c00a8e904af6ac46d1e4d432fc01 bd75923a26204044a26a04f015198e04 - - default default] Successfully bumped revision number for resource fe6fb566-c6cd-473e-aea1-f7edc84eed8b (type: security_groups) to 1
2026-07-01 08:36:38.295 10 INFO neutron.db.ovn_revision_numbers_db [None req-c69cd3e5-35ec-48ae-9422-9571ead74cb1 36b0c00a8e904af6ac46d1e4d432fc01 bd75923a26204044a26a04f015198e04 - - default default] Successfully bumped revision number for resource 35d0d66f-8744-4f33-9cf3-fd93777de453 (type: security_group_rules) to 0
2026-07-01 08:36:38.309 10 INFO neutron.db.ovn_revision_numbers_db [None req-c69cd3e5-35ec-48ae-9422-9571ead74cb1 36b0c00a8e904af6ac46d1e4d432fc01 bd75923a26204044a26a04f015198e04 - - default default] Successfully bumped revision number for resource 45afd64e-25d0-4513-9c6b-c12b740102a8 (type: security_group_rules) to 0
2026-07-01 08:36:38.325 10 INFO neutron.db.ovn_revision_numbers_db [None req-c69cd3e5-35ec-48ae-9422-9571ead74cb1 36b0c00a8e904af6ac46d1e4d432fc01 bd75923a26204044a26a04f015198e04 - - default default] Successfully bumped revision number for resource 6855a6ad-7fc7-4366-bfdc-672f234e7b8f (type: security_group_rules) to 0
2026-07-01 08:36:38.338 10 INFO neutron.db.ovn_revision_numbers_db [None req-c69cd3e5-35ec-48ae-9422-9571ead74cb1 36b0c00a8e904af6ac46d1e4d432fc01 bd75923a26204044a26a04f015198e04 - - default default] Successfully bumped revision number for resource f9c338be-9cc8-4242-98eb-c4eba29e4be6 (type: security_group_rules) to 0
2026-07-01 08:36:38.414 10 INFO neutron.db.segments_db [None req-c69cd3e5-35ec-48ae-9422-9571ead74cb1 36b0c00a8e904af6ac46d1e4d432fc01 bd75923a26204044a26a04f015198e04 - - default default] Added segment 7703cf7f-86dc-4aa3-aaa7-de3671a8c2e2 of type geneve for network 7356aa2a-b17a-42c9-8598-7fd895d7b483
2026-07-01 08:36:38.539 10 INFO neutron.db.ovn_revision_numbers_db [None req-c69cd3e5-35ec-48ae-9422-9571ead74cb1 36b0c00a8e904af6ac46d1e4d432fc01 bd75923a26204044a26a04f015198e04 - - default default] Successfully bumped revision number for resource 7356aa2a-b17a-42c9-8598-7fd895d7b483 (type: networks) to 1
2026-07-01 08:36:38.706 10 INFO neutron.api.wsgi [req-918b026c-d755-49cc-a8ef-4fcdb70e4b14 req-93dc8b83-4840-4b8e-910f-38e2738ae724 c6954eb3b2b54ce89c02830398188f3c ed54c7e7a5f44dfbad2a858c88e1363e - - default default] 10.0.0.193 "GET /v2.0/ports?device_id=d194899f-50b9-4b09-9cd9-9fbb34591f12 HTTP/1.1" status: 200 len: 1168 time: 0.0416968
2026-07-01 08:36:38.711 10 WARNING neutron.scheduler.dhcp_agent_scheduler [None req-c69cd3e5-35ec-48ae-9422-9571ead74cb1 36b0c00a8e904af6ac46d1e4d432fc01 bd75923a26204044a26a04f015198e04 - - default default] No more DHCP agents
2026-07-01 08:36:38.712 10 WARNING neutron.api.rpc.agentnotifiers.dhcp_rpc_agent_api [None req-c69cd3e5-35ec-48ae-9422-9571ead74cb1 36b0c00a8e904af6ac46d1e4d432fc01 bd75923a26204044a26a04f015198e04 - - default default] Unable to schedule network 7356aa2a-b17a-42c9-8598-7fd895d7b483: no agents available; will retry on subsequent port and subnet creation events.
2026-07-01 08:36:38.754 10 INFO neutron.api.wsgi [req-918b026c-d755-49cc-a8ef-4fcdb70e4b14 req-32672e7e-bab1-459d-8e40-02fbf4a47e43 c6954eb3b2b54ce89c02830398188f3c ed54c7e7a5f44dfbad2a858c88e1363e - - default default] 10.0.0.193 "GET /v2.0/security-groups?id=dcf42237-29c2-4048-8a48-71a44ec7df0a&fields=id&fields=name HTTP/1.1" status: 200 len: 311 time: 0.0412436
2026-07-01 08:36:38.784 10 INFO neutron.db.ovn_revision_numbers_db [None req-c69cd3e5-35ec-48ae-9422-9571ead74cb1 36b0c00a8e904af6ac46d1e4d432fc01 bd75923a26204044a26a04f015198e04 - - default default] Successfully bumped revision number for resource 9ea16244-874b-4cc7-8a46-3f22330a95d6 (type: ports) to 1
2026-07-01 08:36:38.806 10 INFO neutron.api.wsgi [None req-c69cd3e5-35ec-48ae-9422-9571ead74cb1 36b0c00a8e904af6ac46d1e4d432fc01 bd75923a26204044a26a04f015198e04 - - default default] 10.0.0.220 "POST /v2.0/networks HTTP/1.1" status: 201 len: 942 time: 0.8178279
2026-07-01 08:36:38.965 10 INFO neutron.plugins.ml2.drivers.ovn.mech_driver.mech_driver [None req-414fc466-081a-4f7d-a4bf-8fae7f7bddcc - - - - - -] OVN reports status up for port: b06a2f12-3ed6-48f2-bf06-d228e0f44be5
2026-07-01 08:36:38.967 10 WARNING neutron.scheduler.dhcp_agent_scheduler [None req-b0358c53-71a3-40ca-9786-1d201a775c0f 36b0c00a8e904af6ac46d1e4d432fc01 bd75923a26204044a26a04f015198e04 - - default default] No more DHCP agents
2026-07-01 08:36:38.968 10 WARNING neutron.api.rpc.agentnotifiers.dhcp_rpc_agent_api [None req-b0358c53-71a3-40ca-9786-1d201a775c0f 36b0c00a8e904af6ac46d1e4d432fc01 bd75923a26204044a26a04f015198e04 - - default default] Unable to schedule network 7356aa2a-b17a-42c9-8598-7fd895d7b483: no agents available; will retry on subsequent port and subnet creation events.
2026-07-01 08:36:38.988 10 INFO neutron.plugins.ml2.plugin [None req-414fc466-081a-4f7d-a4bf-8fae7f7bddcc - - - - - -] Attempt 1 to provision port b06a2f12-3ed6-48f2-bf06-d228e0f44be5
2026-07-01 08:36:39.043 9 INFO neutron.api.wsgi [req-4a157b5c-a76e-42cc-8214-dc8d8d056dd6 req-192bb0c8-289f-49cd-8b5f-46b9445d383c 3f171d1cb9f042ab8d5ac9ed0b5fa335 10a7f29d9be340458db3b3f71be87b8d - - default default] 10.0.0.193 "GET /v2.0/ports?device_id=cabed782-f1bf-473a-aba7-a8d049857992 HTTP/1.1" status: 200 len: 210 time: 0.0293641
2026-07-01 08:36:39.281 10 INFO neutron.db.ovn_revision_numbers_db [None req-414fc466-081a-4f7d-a4bf-8fae7f7bddcc - - - - - -] Successfully bumped revision number for resource b06a2f12-3ed6-48f2-bf06-d228e0f44be5 (type: ports) to 5
2026-07-01 08:36:39.324 9 INFO neutron.notifiers.nova [-] Nova event matching ['req-8201c5af-f81f-41fb-88a4-2a68cea8e216'] response: {'server_uuid': 'cabed782-f1bf-473a-aba7-a8d049857992', 'name': 'network-vif-deleted', 'tag': 'b5a255b2-93c5-4f1f-be83-48cc4f4d85e7', 'status': 'completed', 'code': 200}
2026-07-01 08:36:39.480 10 INFO neutron.db.ovn_revision_numbers_db [None req-0dfa75f4-fbe3-473f-b782-4f50ac15601a - - - - - -] Successfully bumped revision number for resource 9ea16244-874b-4cc7-8a46-3f22330a95d6 (type: ports) to 2
2026-07-01 08:36:39.510 10 INFO neutron.db.ovn_revision_numbers_db [None req-0dfa75f4-fbe3-473f-b782-4f50ac15601a - - - - - -] Successfully bumped revision number for resource 74e69d46-f540-4878-87d9-b8ce665ca03d (type: subnets) to 0
2026-07-01 08:36:39.532 10 INFO neutron.api.wsgi [None req-b0358c53-71a3-40ca-9786-1d201a775c0f 36b0c00a8e904af6ac46d1e4d432fc01 bd75923a26204044a26a04f015198e04 - - default default] 10.0.0.220 "POST /v2.0/subnets HTTP/1.1" status: 201 len: 886 time: 0.7202137 /var/lib/openstack/lib/python3.12/site-packages/pycadf/identifier.py:71: UserWarning: Invalid uuid: neutron. To ensure interoperability, identifiers should be a valid uuid. warnings.warn(('Invalid uuid: %s. To ensure interoperability, '
2026-07-01 08:36:39.861 9 INFO neutron.api.wsgi [req-5113c3ff-3218-4be0-bd6f-3964f4affa99 req-8c8a6168-f14b-4fd3-a124-a27ebde1ccd9 c6954eb3b2b54ce89c02830398188f3c ed54c7e7a5f44dfbad2a858c88e1363e - - default default] 10.0.0.193 "GET /v2.0/ports?device_id=d194899f-50b9-4b09-9cd9-9fbb34591f12 HTTP/1.1" status: 200 len: 1170 time: 0.0342426
2026-07-01 08:36:39.906 10 INFO neutron.db.ovn_revision_numbers_db [None req-adc136d2-1873-4c2e-8111-e96d4953cb88 36b0c00a8e904af6ac46d1e4d432fc01 bd75923a26204044a26a04f015198e04 - - default default] Successfully bumped revision number for resource c78d761d-1b57-42ef-a6c9-c3723ca022fb (type: security_groups) to 1
2026-07-01 08:36:39.912 9 INFO neutron.api.wsgi [req-5113c3ff-3218-4be0-bd6f-3964f4affa99 req-1bab6107-c3d8-46ec-b823-c7fbd39b497e c6954eb3b2b54ce89c02830398188f3c ed54c7e7a5f44dfbad2a858c88e1363e - - default default] 10.0.0.193 "GET /v2.0/security-groups?id=dcf42237-29c2-4048-8a48-71a44ec7df0a&fields=id&fields=name HTTP/1.1" status: 200 len: 311 time: 0.0424793
2026-07-01 08:36:39.918 10 INFO neutron.db.ovn_revision_numbers_db [None req-adc136d2-1873-4c2e-8111-e96d4953cb88 36b0c00a8e904af6ac46d1e4d432fc01 bd75923a26204044a26a04f015198e04 - - default default] Successfully bumped revision number for resource 4cff402a-b77a-41e2-9653-b220fbeb7f45 (type: security_group_rules) to 0
2026-07-01 08:36:39.938 10 INFO neutron.db.ovn_revision_numbers_db [None req-adc136d2-1873-4c2e-8111-e96d4953cb88 36b0c00a8e904af6ac46d1e4d432fc01 bd75923a26204044a26a04f015198e04 - - default default] Successfully bumped revision number for resource 56733f27-9263-4c1f-9608-9d00712c2b54 (type: security_group_rules) to 0
2026-07-01 08:36:39.952 10 INFO neutron.db.ovn_revision_numbers_db [None req-adc136d2-1873-4c2e-8111-e96d4953cb88 36b0c00a8e904af6ac46d1e4d432fc01 bd75923a26204044a26a04f015198e04 - - default default] Successfully bumped revision number for resource 704f99f1-db40-4ef4-9e36-e73db011a9cd (type: security_group_rules) to 0
2026-07-01 08:36:39.973 10 INFO neutron.db.ovn_revision_numbers_db [None req-adc136d2-1873-4c2e-8111-e96d4953cb88 36b0c00a8e904af6ac46d1e4d432fc01 bd75923a26204044a26a04f015198e04 - - default default] Successfully bumped revision number for resource 9b03d30e-0026-408e-9134-562078cff0dc (type: security_group_rules) to 0
2026-07-01 08:36:40.036 10 INFO neutron.api.wsgi [None req-adc136d2-1873-4c2e-8111-e96d4953cb88 36b0c00a8e904af6ac46d1e4d432fc01 bd75923a26204044a26a04f015198e04 - - default default] 10.0.0.220 "GET /v2.0/security-groups?tenant_id=aa481abc105646649d37b0693bd13f86&name=default HTTP/1.1" status: 200 len: 3120 time: 0.4342504
2026-07-01 08:36:40.131 10 INFO neutron.api.wsgi [req-d73e18ef-9fe6-4927-b98f-9c37ec704d88 req-07626768-2e32-4af7-902e-e9a4e1b2f521 3f171d1cb9f042ab8d5ac9ed0b5fa335 10a7f29d9be340458db3b3f71be87b8d - - default default] 10.0.0.193 "GET /v2.0/ports?device_id=cabed782-f1bf-473a-aba7-a8d049857992 HTTP/1.1" status: 200 len: 210 time: 0.0193796
2026-07-01 08:36:40.243 10 INFO neutron.notifiers.nova [-] Nova event matching ['req-4272fb08-0dc5-4b5f-9baa-c9369f627e6c'] response: {'server_uuid': 'd194899f-50b9-4b09-9cd9-9fbb34591f12', 'name': 'network-vif-plugged', 'status': 'completed', 'tag': 'b06a2f12-3ed6-48f2-bf06-d228e0f44be5', 'code': 200}
2026-07-01 08:36:40.244 10 INFO neutron.notifiers.nova [-] Nova event matching ['req-4272fb08-0dc5-4b5f-9baa-c9369f627e6c'] response: {'server_uuid': 'd194899f-50b9-4b09-9cd9-9fbb34591f12', 'name': 'network-vif-plugged', 'status': 'completed', 'tag': 'b06a2f12-3ed6-48f2-bf06-d228e0f44be5', 'code': 200}
2026-07-01 08:36:40.247 9 WARNING neutron.scheduler.dhcp_agent_scheduler [None req-55aa2866-3856-498c-9468-4b49bc8fa682 36b0c00a8e904af6ac46d1e4d432fc01 bd75923a26204044a26a04f015198e04 - - default default] No more DHCP agents
2026-07-01 08:36:40.248 9 WARNING neutron.api.rpc.agentnotifiers.dhcp_rpc_agent_api [None req-55aa2866-3856-498c-9468-4b49bc8fa682 36b0c00a8e904af6ac46d1e4d432fc01 bd75923a26204044a26a04f015198e04 - - default default] Unable to schedule network 60b61759-f4f3-45eb-a1af-86e709006d56: no agents available; will retry on subsequent port and subnet creation events.
2026-07-01 08:36:40.284 10 INFO neutron.api.wsgi [None req-5a8475a7-91c0-44e4-9ff9-5b3132149ccf 36b0c00a8e904af6ac46d1e4d432fc01 bd75923a26204044a26a04f015198e04 - - default default] 10.0.0.220 "DELETE /v2.0/security-groups/c78d761d-1b57-42ef-a6c9-c3723ca022fb HTTP/1.1" status: 204 len: 168 time: 0.2411587
2026-07-01 08:36:40.384 9 INFO neutron.db.ovn_revision_numbers_db [None req-55aa2866-3856-498c-9468-4b49bc8fa682 36b0c00a8e904af6ac46d1e4d432fc01 bd75923a26204044a26a04f015198e04 - - default default] Successfully bumped revision number for resource 84d972ac-c0d7-44e1-8903-85cce441299c (type: ports) to 1
2026-07-01 08:36:41.078 10 INFO neutron.api.wsgi [req-fd57987d-b612-4be1-99bb-7120f373d4ca req-2bbea4d7-627d-4d58-864c-b644f12af4e6 c6954eb3b2b54ce89c02830398188f3c ed54c7e7a5f44dfbad2a858c88e1363e - - default default] 10.0.0.193 "GET /v2.0/ports?device_id=d194899f-50b9-4b09-9cd9-9fbb34591f12 HTTP/1.1" status: 200 len: 1170 time: 0.0846341
2026-07-01 08:36:41.098 9 INFO neutron.plugins.ml2.drivers.ovn.mech_driver.ovsdb.commands [None req-c0fea2d0-1ece-4dcd-9ade-b147c750cb0f - - - - - -] Schedule LRP lrp-84d972ac-c0d7-44e1-8903-85cce441299c on gateway 64db2054-b6fe-4f1f-9cce-693648a7b04e with priority 1
2026-07-01 08:36:41.108 10 INFO neutron.plugins.ml2.drivers.ovn.mech_driver.mech_driver [None req-fe17f6f2-105f-4662-aa43-f5c4a9af5c15 - - - - - -] OVN reports status up for port: 84d972ac-c0d7-44e1-8903-85cce441299c
2026-07-01 08:36:41.128 9 INFO neutron.plugins.ml2.drivers.ovn.mech_driver.ovsdb.ovsdb_monitor [None req-fda54ece-ce1a-45c4-b163-ae5e28b67854 - - - - - -] Router bb6a3b82-542e-4d52-90b7-0fdcbf4060b5 is bound to host instance
2026-07-01 08:36:41.127 10 INFO neutron.plugins.ml2.plugin [None req-fe17f6f2-105f-4662-aa43-f5c4a9af5c15 - - - - - -] Attempt 1 to provision port 84d972ac-c0d7-44e1-8903-85cce441299c
2026-07-01 08:36:41.144 10 INFO neutron.api.wsgi [req-fd57987d-b612-4be1-99bb-7120f373d4ca req-29e6fb16-3fd3-4877-8d5a-3fa334afc6d9 c6954eb3b2b54ce89c02830398188f3c ed54c7e7a5f44dfbad2a858c88e1363e - - default default] 10.0.0.193 "GET /v2.0/security-groups?id=dcf42237-29c2-4048-8a48-71a44ec7df0a&fields=id&fields=name HTTP/1.1" status: 200 len: 311 time: 0.0540140
2026-07-01 08:36:41.167 9 INFO neutron.db.ovn_revision_numbers_db [None req-55aa2866-3856-498c-9468-4b49bc8fa682 36b0c00a8e904af6ac46d1e4d432fc01 bd75923a26204044a26a04f015198e04 - - default default] Successfully bumped revision number for resource 84d972ac-c0d7-44e1-8903-85cce441299c (type: router_ports) to 1
2026-07-01 08:36:41.230 9 INFO neutron.api.wsgi [req-c8343327-135d-4a91-b66a-d6ed5077befb req-195a0dbd-c1fa-4af3-8802-943d692e80e4 3f171d1cb9f042ab8d5ac9ed0b5fa335 10a7f29d9be340458db3b3f71be87b8d - - default default] 10.0.0.193 "GET /v2.0/ports?device_id=cabed782-f1bf-473a-aba7-a8d049857992 HTTP/1.1" status: 200 len: 210 time: 0.0222986
2026-07-01 08:36:41.266 9 INFO neutron.db.ovn_revision_numbers_db [None req-55aa2866-3856-498c-9468-4b49bc8fa682 36b0c00a8e904af6ac46d1e4d432fc01 bd75923a26204044a26a04f015198e04 - - default default] Successfully bumped revision number for resource bb6a3b82-542e-4d52-90b7-0fdcbf4060b5 (type: routers) to 2
2026-07-01 08:36:41.283 9 INFO neutron.api.wsgi [None req-55aa2866-3856-498c-9468-4b49bc8fa682 36b0c00a8e904af6ac46d1e4d432fc01 bd75923a26204044a26a04f015198e04 - - default default] 10.0.0.220 "POST /v2.0/routers HTTP/1.1" status: 201 len: 1164 time: 1.7456551
2026-07-01 08:36:41.674 9 INFO neutron.db.ovn_revision_numbers_db [None req-9d82af05-6770-4b84-ac71-16369bf3f2ea - - - - - -] Successfully bumped revision number for resource 84d972ac-c0d7-44e1-8903-85cce441299c (type: ports) to 1
2026-07-01 08:36:41.839 9 WARNING neutron.scheduler.dhcp_agent_scheduler [None req-75419aa6-42ac-4ea6-9aba-17a6ecb3562c 36b0c00a8e904af6ac46d1e4d432fc01 bd75923a26204044a26a04f015198e04 - - default default] No more DHCP agents
2026-07-01 08:36:41.841 9 WARNING neutron.api.rpc.agentnotifiers.dhcp_rpc_agent_api [None req-75419aa6-42ac-4ea6-9aba-17a6ecb3562c 36b0c00a8e904af6ac46d1e4d432fc01 bd75923a26204044a26a04f015198e04 - - default default] Unable to schedule network 7356aa2a-b17a-42c9-8598-7fd895d7b483: no agents available; will retry on subsequent port and subnet creation events.
2026-07-01 08:36:41.995 9 INFO neutron.db.ovn_revision_numbers_db [None req-75419aa6-42ac-4ea6-9aba-17a6ecb3562c 36b0c00a8e904af6ac46d1e4d432fc01 bd75923a26204044a26a04f015198e04 - - default default] Successfully bumped revision number for resource a5466d4d-0a0f-4ba1-b810-965ec02099bc (type: ports) to 1
2026-07-01 08:36:42.074 9 INFO neutron.db.ovn_revision_numbers_db [None req-9d82af05-6770-4b84-ac71-16369bf3f2ea - - - - - -] Successfully bumped revision number for resource 84d972ac-c0d7-44e1-8903-85cce441299c (type: ports) to 4
2026-07-01 08:36:42.282 10 INFO neutron.api.wsgi [req-cd85fabd-8d24-4fec-9b42-27ed724b22c6 req-7e22a494-e156-491e-b6db-e4eb3757c419 c6954eb3b2b54ce89c02830398188f3c ed54c7e7a5f44dfbad2a858c88e1363e - - default default] 10.0.0.193 "GET /v2.0/ports?device_id=d194899f-50b9-4b09-9cd9-9fbb34591f12 HTTP/1.1" status: 200 len: 1170 time: 0.0626872
2026-07-01 08:36:42.340 10 WARNING neutron_lib.context [None req-c430d9cf-c7df-4cd3-aedf-1736ca592689 189874dc7ea0400c94777a8fa3992c73 2586058c395d47ddbfdd2a1cf8e600d5 - - default default] Method 'is_advsvc' is deprecated since 2023.2 release (neutron-lib 3.8.0) and will be removed once support for the old RBAC API policies will be removed from Neutron. Please use method 'is_service_role' instead.
2026-07-01 08:36:42.346 10 INFO neutron.api.wsgi [req-cd85fabd-8d24-4fec-9b42-27ed724b22c6 req-c0a0e1e9-bb97-44af-a1a0-5ae95c64c38a c6954eb3b2b54ce89c02830398188f3c ed54c7e7a5f44dfbad2a858c88e1363e - - default default] 10.0.0.193 "GET /v2.0/security-groups?id=dcf42237-29c2-4048-8a48-71a44ec7df0a&fields=id&fields=name HTTP/1.1" status: 200 len: 311 time: 0.0572660
2026-07-01 08:36:42.472 9 INFO neutron.api.wsgi [req-b66f2b01-7f2d-426f-a493-200faa3e6124 req-e5455b66-16e1-4ef7-bd64-584491d0b428 c6954eb3b2b54ce89c02830398188f3c ed54c7e7a5f44dfbad2a858c88e1363e - - default default] 10.0.0.193 "GET /v2.0/ports?device_id=d194899f-50b9-4b09-9cd9-9fbb34591f12 HTTP/1.1" status: 200 len: 1170 time: 0.0514522
2026-07-01 08:36:42.527 10 INFO neutron.db.ovn_revision_numbers_db [None req-c430d9cf-c7df-4cd3-aedf-1736ca592689 189874dc7ea0400c94777a8fa3992c73 2586058c395d47ddbfdd2a1cf8e600d5 - - default default] Successfully bumped revision number for resource 647338ad-3ca2-419a-bff1-f8247708baa2 (type: security_groups) to 1
2026-07-01 08:36:42.529 9 INFO neutron.db.ovn_revision_numbers_db [None req-9d82af05-6770-4b84-ac71-16369bf3f2ea - - - - - -] Successfully bumped revision number for resource 84d972ac-c0d7-44e1-8903-85cce441299c (type: ports) to 5
2026-07-01 08:36:42.534 9 INFO neutron.api.wsgi [req-b66f2b01-7f2d-426f-a493-200faa3e6124 req-784dd6a4-6f46-4b21-82b6-4c0eca91a90f c6954eb3b2b54ce89c02830398188f3c ed54c7e7a5f44dfbad2a858c88e1363e - - default default] 10.0.0.193 "GET /v2.0/security-groups?id=dcf42237-29c2-4048-8a48-71a44ec7df0a&fields=id&fields=name HTTP/1.1" status: 200 len: 311 time: 0.0576909
2026-07-01 08:36:42.539 10 INFO neutron.api.wsgi [None req-c64c2dbe-ce5f-4623-bcd7-10340662685b 3f171d1cb9f042ab8d5ac9ed0b5fa335 10a7f29d9be340458db3b3f71be87b8d - - default default] 10.0.0.220 "DELETE /v2.0/security-groups/ff1e2452-6175-4d3b-9ea3-743252b81465 HTTP/1.1" status: 204 len: 168 time: 0.2089400
2026-07-01 08:36:42.551 10 INFO neutron.db.ovn_revision_numbers_db [None req-c430d9cf-c7df-4cd3-aedf-1736ca592689 189874dc7ea0400c94777a8fa3992c73 2586058c395d47ddbfdd2a1cf8e600d5 - - default default] Successfully bumped revision number for resource 095626d2-24e1-4fa4-8c56-aaec433f9055 (type: security_group_rules) to 0
2026-07-01 08:36:42.589 10 INFO neutron.api.v2.resource [None req-e4fee766-a10f-4335-bea2-40196ca0454f 3f171d1cb9f042ab8d5ac9ed0b5fa335 10a7f29d9be340458db3b3f71be87b8d - - default default] show failed (client error): The resource could not be found.
2026-07-01 08:36:42.590 10 INFO neutron.api.wsgi [None req-e4fee766-a10f-4335-bea2-40196ca0454f 3f171d1cb9f042ab8d5ac9ed0b5fa335 10a7f29d9be340458db3b3f71be87b8d - - default default] 10.0.0.220 "GET /v2.0/security-groups/ff1e2452-6175-4d3b-9ea3-743252b81465 HTTP/1.1" status: 404 len: 347 time: 0.0441327
2026-07-01 08:36:42.604 10 INFO neutron.db.ovn_revision_numbers_db [None req-c430d9cf-c7df-4cd3-aedf-1736ca592689 189874dc7ea0400c94777a8fa3992c73 2586058c395d47ddbfdd2a1cf8e600d5 - - default default] Successfully bumped revision number for resource 9e2042d6-ebcf-4b4d-a450-d6ea88815ae0 (type: security_group_rules) to 0
2026-07-01 08:36:42.619 10 INFO neutron.db.ovn_revision_numbers_db [None req-c430d9cf-c7df-4cd3-aedf-1736ca592689 189874dc7ea0400c94777a8fa3992c73 2586058c395d47ddbfdd2a1cf8e600d5 - - default default] Successfully bumped revision number for resource b6dc8d23-c30a-45b7-9e47-32e3553fe77b (type: security_group_rules) to 0
2026-07-01 08:36:42.626 10 INFO neutron.api.wsgi [None req-9b8e3c3d-87f7-4d3c-b71f-e57aa48e850d a2000fc53bde453c89730b2bbfa5c4e3 b7ee7eef5c7d44409731bd3671cf74e2 - - default default] 10.0.0.220 "GET /v2.0/ports?device_id=d194899f-50b9-4b09-9cd9-9fbb34591f12 HTTP/1.1" status: 200 len: 1404 time: 0.0631714
2026-07-01 08:36:42.637 10 WARNING neutron_lib.context [None req-6f6999b7-0f74-4de4-96ba-3b893fb50160 c6954eb3b2b54ce89c02830398188f3c ed54c7e7a5f44dfbad2a858c88e1363e - - default default] Method 'is_advsvc' is deprecated since 2023.2 release (neutron-lib 3.8.0) and will be removed once support for the old RBAC API policies will be removed from Neutron. Please use method 'is_service_role' instead.
2026-07-01 08:36:42.648 10 INFO neutron.db.ovn_revision_numbers_db [None req-c430d9cf-c7df-4cd3-aedf-1736ca592689 189874dc7ea0400c94777a8fa3992c73 2586058c395d47ddbfdd2a1cf8e600d5 - - default default] Successfully bumped revision number for resource ef277e43-9c97-452e-929d-654164de8cad (type: security_group_rules) to 0
2026-07-01 08:36:42.742 10 INFO neutron.db.segments_db [None req-c430d9cf-c7df-4cd3-aedf-1736ca592689 189874dc7ea0400c94777a8fa3992c73 2586058c395d47ddbfdd2a1cf8e600d5 - - default default] Added segment 0b9cedba-d513-4fd4-ba8c-fae23bc725a9 of type geneve for network d2c6807d-d43f-46f2-8f63-2f152da11563
2026-07-01 08:36:42.800 9 INFO neutron.plugins.ml2.drivers.ovn.mech_driver.mech_driver [None req-7d085754-0ddd-4143-beb3-a6d7fa2e6849 - - - - - -] OVN reports status up for port: a5466d4d-0a0f-4ba1-b810-965ec02099bc
2026-07-01 08:36:42.817 9 INFO neutron.plugins.ml2.plugin [None req-7d085754-0ddd-4143-beb3-a6d7fa2e6849 - - - - - -] Attempt 1 to provision port a5466d4d-0a0f-4ba1-b810-965ec02099bc
2026-07-01 08:36:42.841 9 INFO neutron.db.ovn_revision_numbers_db [None req-75419aa6-42ac-4ea6-9aba-17a6ecb3562c 36b0c00a8e904af6ac46d1e4d432fc01 bd75923a26204044a26a04f015198e04 - - default default] Successfully bumped revision number for resource a5466d4d-0a0f-4ba1-b810-965ec02099bc (type: ports) to 1
2026-07-01 08:36:42.939 10 INFO neutron.db.ovn_revision_numbers_db [None req-c430d9cf-c7df-4cd3-aedf-1736ca592689 189874dc7ea0400c94777a8fa3992c73 2586058c395d47ddbfdd2a1cf8e600d5 - - default default] Successfully bumped revision number for resource d2c6807d-d43f-46f2-8f63-2f152da11563 (type: networks) to 1
2026-07-01 08:36:42.968 9 WARNING neutron.scheduler.dhcp_agent_scheduler [None req-75419aa6-42ac-4ea6-9aba-17a6ecb3562c 36b0c00a8e904af6ac46d1e4d432fc01 bd75923a26204044a26a04f015198e04 - - default default] No more DHCP agents
2026-07-01 08:36:42.976 9 WARNING neutron.api.rpc.agentnotifiers.dhcp_rpc_agent_api [None req-75419aa6-42ac-4ea6-9aba-17a6ecb3562c 36b0c00a8e904af6ac46d1e4d432fc01 bd75923a26204044a26a04f015198e04 - - default default] Unable to schedule network 7356aa2a-b17a-42c9-8598-7fd895d7b483: no agents available; will retry on subsequent port and subnet creation events.
2026-07-01 08:36:43.018 10 WARNING neutron.scheduler.dhcp_agent_scheduler [None req-6f6999b7-0f74-4de4-96ba-3b893fb50160 c6954eb3b2b54ce89c02830398188f3c ed54c7e7a5f44dfbad2a858c88e1363e - - default default] No more DHCP agents
2026-07-01 08:36:43.021 10 WARNING neutron.api.rpc.agentnotifiers.dhcp_rpc_agent_api [None req-6f6999b7-0f74-4de4-96ba-3b893fb50160 c6954eb3b2b54ce89c02830398188f3c ed54c7e7a5f44dfbad2a858c88e1363e - - default default] Unable to schedule network 60b61759-f4f3-45eb-a1af-86e709006d56: no agents available; will retry on subsequent port and subnet creation events.
2026-07-01 08:36:43.176 10 WARNING neutron.scheduler.dhcp_agent_scheduler [None req-c430d9cf-c7df-4cd3-aedf-1736ca592689 189874dc7ea0400c94777a8fa3992c73 2586058c395d47ddbfdd2a1cf8e600d5 - - default default] No more DHCP agents
2026-07-01 08:36:43.177 10 WARNING neutron.api.rpc.agentnotifiers.dhcp_rpc_agent_api [None req-c430d9cf-c7df-4cd3-aedf-1736ca592689 189874dc7ea0400c94777a8fa3992c73 2586058c395d47ddbfdd2a1cf8e600d5 - - default default] Unable to schedule network d2c6807d-d43f-46f2-8f63-2f152da11563: no agents available; will retry on subsequent port and subnet creation events.
2026-07-01 08:36:43.229 9 INFO neutron.api.wsgi [None req-a8f5d28c-b2f5-4bc7-8179-e1b013f58e2c 3f171d1cb9f042ab8d5ac9ed0b5fa335 10a7f29d9be340458db3b3f71be87b8d - - default default] 10.0.0.220 "DELETE /v2.0/floatingips/37080415-af30-4e7e-9466-70d55b329bfb HTTP/1.1" status: 204 len: 168 time: 0.6311405
2026-07-01 08:36:43.252 10 INFO neutron.db.ovn_revision_numbers_db [None req-c430d9cf-c7df-4cd3-aedf-1736ca592689 189874dc7ea0400c94777a8fa3992c73 2586058c395d47ddbfdd2a1cf8e600d5 - - default default] Successfully bumped revision number for resource 79efe3d7-9009-4ac2-a71c-501157f9411c (type: ports) to 1
2026-07-01 08:36:43.279 10 INFO neutron.api.wsgi [None req-c430d9cf-c7df-4cd3-aedf-1736ca592689 189874dc7ea0400c94777a8fa3992c73 2586058c395d47ddbfdd2a1cf8e600d5 - - default default] 10.0.0.220 "POST /v2.0/networks HTTP/1.1" status: 201 len: 846 time: 1.1584485
2026-07-01 08:36:43.473 9 INFO neutron.db.ovn_revision_numbers_db [None req-7d085754-0ddd-4143-beb3-a6d7fa2e6849 - - - - - -] Successfully bumped revision number for resource a5466d4d-0a0f-4ba1-b810-965ec02099bc (type: ports) to 2
2026-07-01 08:36:43.696 10 INFO neutron.db.ovn_revision_numbers_db [None req-6f6999b7-0f74-4de4-96ba-3b893fb50160 c6954eb3b2b54ce89c02830398188f3c ed54c7e7a5f44dfbad2a858c88e1363e - - default default] Successfully bumped revision number for resource 00a40579-9482-4580-b525-141d32df6d7e (type: floatingips) to -1 /var/lib/openstack/lib/python3.12/site-packages/pycadf/identifier.py:71: UserWarning: Invalid uuid: neutron. To ensure interoperability, identifiers should be a valid uuid. warnings.warn(('Invalid uuid: %s. To ensure interoperability, '
2026-07-01 08:36:43.767 10 WARNING neutron_lib.context [None req-24030e66-4fee-49a2-a43f-d412de52bbab 189874dc7ea0400c94777a8fa3992c73 2586058c395d47ddbfdd2a1cf8e600d5 - - default default] Method 'is_advsvc' is deprecated since 2023.2 release (neutron-lib 3.8.0) and will be removed once support for the old RBAC API policies will be removed from Neutron. Please use method 'is_service_role' instead.
2026-07-01 08:36:43.866 10 INFO neutron.db.ovn_revision_numbers_db [None req-6f6999b7-0f74-4de4-96ba-3b893fb50160 c6954eb3b2b54ce89c02830398188f3c ed54c7e7a5f44dfbad2a858c88e1363e - - default default] Successfully bumped revision number for resource 00a40579-9482-4580-b525-141d32df6d7e (type: floatingips) to 1
2026-07-01 08:36:43.866 10 INFO neutron.db.l3_db [None req-6f6999b7-0f74-4de4-96ba-3b893fb50160 c6954eb3b2b54ce89c02830398188f3c ed54c7e7a5f44dfbad2a858c88e1363e - - default default] Floating IP 00a40579-9482-4580-b525-141d32df6d7e associated. External IP: 10.96.250.208, port: b06a2f12-3ed6-48f2-bf06-d228e0f44be5.
2026-07-01 08:36:43.905 10 INFO neutron.api.wsgi [None req-6f6999b7-0f74-4de4-96ba-3b893fb50160 c6954eb3b2b54ce89c02830398188f3c ed54c7e7a5f44dfbad2a858c88e1363e - - default default] 10.0.0.220 "POST /v2.0/floatingips HTTP/1.1" status: 201 len: 1054 time: 1.2732027
2026-07-01 08:36:43.944 10 INFO neutron.api.wsgi [None req-7a6f0284-6e87-4014-b43e-dcaf6da23a9e c6954eb3b2b54ce89c02830398188f3c ed54c7e7a5f44dfbad2a858c88e1363e - - default default] 10.0.0.220 "GET /v2.0/floatingips/00a40579-9482-4580-b525-141d32df6d7e HTTP/1.1" status: 200 len: 1051 time: 0.0315676
2026-07-01 08:36:43.951 10 INFO neutron.notifiers.nova [-] Nova event matching ['req-6816ae2c-cd69-4f47-8f34-c7ba81bc7bac'] response: {'name': 'network-changed', 'server_uuid': 'd194899f-50b9-4b09-9cd9-9fbb34591f12', 'tag': 'b06a2f12-3ed6-48f2-bf06-d228e0f44be5', 'status': 'completed', 'code': 200}
2026-07-01 08:36:44.020 10 WARNING neutron.scheduler.dhcp_agent_scheduler [None req-24030e66-4fee-49a2-a43f-d412de52bbab 189874dc7ea0400c94777a8fa3992c73 2586058c395d47ddbfdd2a1cf8e600d5 - - default default] No more DHCP agents
2026-07-01 08:36:44.023 10 WARNING neutron.api.rpc.agentnotifiers.dhcp_rpc_agent_api [None req-24030e66-4fee-49a2-a43f-d412de52bbab 189874dc7ea0400c94777a8fa3992c73 2586058c395d47ddbfdd2a1cf8e600d5 - - default default] Unable to schedule network d2c6807d-d43f-46f2-8f63-2f152da11563: no agents available; will retry on subsequent port and subnet creation events.
2026-07-01 08:36:44.043 9 INFO neutron.db.ovn_revision_numbers_db [None req-75419aa6-42ac-4ea6-9aba-17a6ecb3562c 36b0c00a8e904af6ac46d1e4d432fc01 bd75923a26204044a26a04f015198e04 - - default default] Successfully bumped revision number for resource a5466d4d-0a0f-4ba1-b810-965ec02099bc (type: router_ports) to 1
2026-07-01 08:36:44.049 9 INFO neutron.api.wsgi [None req-75419aa6-42ac-4ea6-9aba-17a6ecb3562c 36b0c00a8e904af6ac46d1e4d432fc01 bd75923a26204044a26a04f015198e04 - - default default] 10.0.0.220 "PUT /v2.0/routers/bb6a3b82-542e-4d52-90b7-0fdcbf4060b5/add_router_interface HTTP/1.1" status: 200 len: 503 time: 2.7573557
2026-07-01 08:36:44.058 10 INFO neutron.db.ovn_revision_numbers_db [None req-24030e66-4fee-49a2-a43f-d412de52bbab 189874dc7ea0400c94777a8fa3992c73 2586058c395d47ddbfdd2a1cf8e600d5 - - default default] Successfully bumped revision number for resource c10a1df6-26c5-4d0e-998e-3c10bbd4e871 (type: subnets) to 0
2026-07-01 08:36:44.089 10 INFO neutron.api.wsgi [None req-24030e66-4fee-49a2-a43f-d412de52bbab 189874dc7ea0400c94777a8fa3992c73 2586058c395d47ddbfdd2a1cf8e600d5 - - default default] 10.0.0.220 "POST /v2.0/subnets HTTP/1.1" status: 201 len: 872 time: 0.3267739
2026-07-01 08:36:44.112 10 WARNING neutron_lib.context [None req-ae0094ed-8c2e-475c-b322-c8db6d4990a2 189874dc7ea0400c94777a8fa3992c73 2586058c395d47ddbfdd2a1cf8e600d5 - - default default] Method 'is_advsvc' is deprecated since 2023.2 release (neutron-lib 3.8.0) and will be removed once support for the old RBAC API policies will be removed from Neutron. Please use method 'is_service_role' instead.
2026-07-01 08:36:44.211 10 INFO neutron.db.segments_db [None req-ae0094ed-8c2e-475c-b322-c8db6d4990a2 189874dc7ea0400c94777a8fa3992c73 2586058c395d47ddbfdd2a1cf8e600d5 - - default default] Added segment f53f308d-4645-4f9b-ae8a-ba0e60ca757b of type geneve for network e80ba041-a5aa-44aa-82f6-a802ae07d19b
2026-07-01 08:36:44.327 10 INFO neutron.db.ovn_revision_numbers_db [None req-ae0094ed-8c2e-475c-b322-c8db6d4990a2 189874dc7ea0400c94777a8fa3992c73 2586058c395d47ddbfdd2a1cf8e600d5 - - default default] Successfully bumped revision number for resource e80ba041-a5aa-44aa-82f6-a802ae07d19b (type: networks) to 1
2026-07-01 08:36:44.505 10 WARNING neutron.scheduler.dhcp_agent_scheduler [None req-ae0094ed-8c2e-475c-b322-c8db6d4990a2 189874dc7ea0400c94777a8fa3992c73 2586058c395d47ddbfdd2a1cf8e600d5 - - default default] No more DHCP agents
2026-07-01 08:36:44.507 10 WARNING neutron.api.rpc.agentnotifiers.dhcp_rpc_agent_api [None req-ae0094ed-8c2e-475c-b322-c8db6d4990a2 189874dc7ea0400c94777a8fa3992c73 2586058c395d47ddbfdd2a1cf8e600d5 - - default default] Unable to schedule network e80ba041-a5aa-44aa-82f6-a802ae07d19b: no agents available; will retry on subsequent port and subnet creation events.
2026-07-01 08:36:44.512 9 INFO neutron.api.wsgi [req-73af3ecb-4523-4b23-a05a-99dfc9f1409f req-e3d7400f-4f70-4b36-9c11-57219cd29839 ceb89a06057345148043faeaccaa6b08 f9fb9a9f9cb94349b2b09b518b11bb22 - - 92528f82975c46bdaab9e69bfb83a290 92528f82975c46bdaab9e69bfb83a290] 199.204.45.74 "GET /v2.0/ports?tenant_id=ed54c7e7a5f44dfbad2a858c88e1363e&device_id=d194899f-50b9-4b09-9cd9-9fbb34591f12 HTTP/1.1" status: 200 len: 1409 time: 0.0528862
2026-07-01 08:36:44.565 10 INFO neutron.db.ovn_revision_numbers_db [None req-ae0094ed-8c2e-475c-b322-c8db6d4990a2 189874dc7ea0400c94777a8fa3992c73 2586058c395d47ddbfdd2a1cf8e600d5 - - default default] Successfully bumped revision number for resource 25f91ec1-011f-4d48-90e1-a0effa1c489e (type: ports) to 1
2026-07-01 08:36:44.590 10 INFO neutron.api.wsgi [None req-ae0094ed-8c2e-475c-b322-c8db6d4990a2 189874dc7ea0400c94777a8fa3992c73 2586058c395d47ddbfdd2a1cf8e600d5 - - default default] 10.0.0.220 "POST /v2.0/networks HTTP/1.1" status: 201 len: 846 time: 0.4859793
2026-07-01 08:36:44.591 9 INFO neutron.api.wsgi [req-73af3ecb-4523-4b23-a05a-99dfc9f1409f req-a992abea-70fd-479d-97aa-408d9a12a7dc ceb89a06057345148043faeaccaa6b08 f9fb9a9f9cb94349b2b09b518b11bb22 - - 92528f82975c46bdaab9e69bfb83a290 92528f82975c46bdaab9e69bfb83a290] 199.204.45.74 "GET /v2.0/networks?id=46b40927-fded-4c0d-bcb6-6fe159022a32 HTTP/1.1" status: 200 len: 959 time: 0.0733788
2026-07-01 08:36:44.639 9 INFO neutron.api.wsgi [req-73af3ecb-4523-4b23-a05a-99dfc9f1409f req-92e08260-f063-42b4-8820-9ef78063aceb ceb89a06057345148043faeaccaa6b08 f9fb9a9f9cb94349b2b09b518b11bb22 - - 92528f82975c46bdaab9e69bfb83a290 92528f82975c46bdaab9e69bfb83a290] 199.204.45.74 "GET /v2.0/floatingips?fixed_ip_address=10.100.0.3&port_id=b06a2f12-3ed6-48f2-bf06-d228e0f44be5 HTTP/1.1" status: 200 len: 1059 time: 0.0427353
2026-07-01 08:36:44.686 9 INFO neutron.api.wsgi [req-73af3ecb-4523-4b23-a05a-99dfc9f1409f req-a8d59e4c-3171-46aa-b1ae-a09e73df9081 ceb89a06057345148043faeaccaa6b08 f9fb9a9f9cb94349b2b09b518b11bb22 - - 92528f82975c46bdaab9e69bfb83a290 92528f82975c46bdaab9e69bfb83a290] 199.204.45.74 "GET /v2.0/subnets?id=ea558e39-093e-4e21-b4ce-4637bfe346fe HTTP/1.1" status: 200 len: 876 time: 0.0386515
2026-07-01 08:36:44.739 9 INFO neutron.api.wsgi [req-73af3ecb-4523-4b23-a05a-99dfc9f1409f req-2fca5cab-bd33-49de-ab53-166be86dbf42 ceb89a06057345148043faeaccaa6b08 f9fb9a9f9cb94349b2b09b518b11bb22 - - 92528f82975c46bdaab9e69bfb83a290 92528f82975c46bdaab9e69bfb83a290] 199.204.45.74 "GET /v2.0/ports?network_id=46b40927-fded-4c0d-bcb6-6fe159022a32&device_owner=network%3Adhcp HTTP/1.1" status: 200 len: 210 time: 0.0487804
2026-07-01 08:36:44.756 10 INFO neutron.db.ovn_revision_numbers_db [None req-ed4d6d8b-9135-4750-bff4-6d08c3742f95 189874dc7ea0400c94777a8fa3992c73 2586058c395d47ddbfdd2a1cf8e600d5 - - default default] Successfully bumped revision number for resource e80ba041-a5aa-44aa-82f6-a802ae07d19b (type: networks) to 2
2026-07-01 08:36:44.761 10 INFO neutron.api.wsgi [None req-ed4d6d8b-9135-4750-bff4-6d08c3742f95 189874dc7ea0400c94777a8fa3992c73 2586058c395d47ddbfdd2a1cf8e600d5 - - default default] 10.0.0.220 "PUT /v2.0/networks/e80ba041-a5aa-44aa-82f6-a802ae07d19b HTTP/1.1" status: 200 len: 792 time: 0.1636095
2026-07-01 08:36:44.772 10 WARNING neutron_lib.context [None req-da8cf5bd-95c4-4a57-9a20-febeadc492e3 189874dc7ea0400c94777a8fa3992c73 2586058c395d47ddbfdd2a1cf8e600d5 - - default default] Method 'is_advsvc' is deprecated since 2023.2 release (neutron-lib 3.8.0) and will be removed once support for the old RBAC API policies will be removed from Neutron. Please use method 'is_service_role' instead.
2026-07-01 08:36:44.801 9 INFO neutron.api.wsgi [req-73af3ecb-4523-4b23-a05a-99dfc9f1409f req-ee4b5e9c-6f20-4eb2-a62d-60bd4c08adf8 ceb89a06057345148043faeaccaa6b08 f9fb9a9f9cb94349b2b09b518b11bb22 - - 92528f82975c46bdaab9e69bfb83a290 92528f82975c46bdaab9e69bfb83a290] 199.204.45.74 "GET /v2.0/networks/46b40927-fded-4c0d-bcb6-6fe159022a32?fields=segments HTTP/1.1" status: 200 len: 212 time: 0.0569060
2026-07-01 08:36:44.866 9 INFO neutron.api.wsgi [req-73af3ecb-4523-4b23-a05a-99dfc9f1409f req-4a8291dc-1882-4b39-ac60-b452b011b666 ceb89a06057345148043faeaccaa6b08 f9fb9a9f9cb94349b2b09b518b11bb22 - - 92528f82975c46bdaab9e69bfb83a290 92528f82975c46bdaab9e69bfb83a290] 199.204.45.74 "GET /v2.0/networks/46b40927-fded-4c0d-bcb6-6fe159022a32?fields=provider%3Aphysical_network&fields=provider%3Anetwork_type HTTP/1.1" status: 200 len: 277 time: 0.0561132
2026-07-01 08:36:44.972 10 WARNING neutron.scheduler.dhcp_agent_scheduler [None req-da8cf5bd-95c4-4a57-9a20-febeadc492e3 189874dc7ea0400c94777a8fa3992c73 2586058c395d47ddbfdd2a1cf8e600d5 - - default default] No more DHCP agents
2026-07-01 08:36:44.973 10 WARNING neutron.api.rpc.agentnotifiers.dhcp_rpc_agent_api [None req-da8cf5bd-95c4-4a57-9a20-febeadc492e3 189874dc7ea0400c94777a8fa3992c73 2586058c395d47ddbfdd2a1cf8e600d5 - - default default] Unable to schedule network e80ba041-a5aa-44aa-82f6-a802ae07d19b: no agents available; will retry on subsequent port and subnet creation events.
2026-07-01 08:36:45.007 10 INFO neutron.db.ovn_revision_numbers_db [None req-da8cf5bd-95c4-4a57-9a20-febeadc492e3 189874dc7ea0400c94777a8fa3992c73 2586058c395d47ddbfdd2a1cf8e600d5 - - default default] Successfully bumped revision number for resource 27a28081-1bb5-4f9d-a30b-5a5edf3d4695 (type: subnets) to 0
2026-07-01 08:36:45.023 10 INFO neutron.api.wsgi [None req-da8cf5bd-95c4-4a57-9a20-febeadc492e3 189874dc7ea0400c94777a8fa3992c73 2586058c395d47ddbfdd2a1cf8e600d5 - - default default] 10.0.0.220 "POST /v2.0/subnets HTTP/1.1" status: 201 len: 845 time: 0.2556295
2026-07-01 08:36:45.050 9 INFO neutron.api.wsgi [None req-971106b3-8d0a-4b32-933c-4d1c91a0b8b4 36b0c00a8e904af6ac46d1e4d432fc01 bd75923a26204044a26a04f015198e04 - - default default] 10.0.0.220 "PUT /v2.0/routers/92460b19-9bc6-4684-b2f9-b57042bdff6f/remove_router_interface HTTP/1.1" status: 200 len: 503 time: 1.8157840 /var/lib/openstack/lib/python3.12/site-packages/pycadf/identifier.py:71: UserWarning: Invalid uuid: neutron. To ensure interoperability, identifiers should be a valid uuid. warnings.warn(('Invalid uuid: %s. To ensure interoperability, '
2026-07-01 08:36:45.333 10 INFO neutron.db.ovn_revision_numbers_db [None req-ca6677f7-8ba4-4087-a687-ce0be7312cc7 36b0c00a8e904af6ac46d1e4d432fc01 bd75923a26204044a26a04f015198e04 - - default default] Successfully bumped revision number for resource c6c8bb20-91b3-4863-b940-15d386f6a1ed (type: security_groups) to 1
2026-07-01 08:36:45.349 10 INFO neutron.db.ovn_revision_numbers_db [None req-ca6677f7-8ba4-4087-a687-ce0be7312cc7 36b0c00a8e904af6ac46d1e4d432fc01 bd75923a26204044a26a04f015198e04 - - default default] Successfully bumped revision number for resource 172facc5-ec9b-409e-a389-d3a6130c838f (type: security_group_rules) to 0
2026-07-01 08:36:45.368 10 INFO neutron.db.ovn_revision_numbers_db [None req-ca6677f7-8ba4-4087-a687-ce0be7312cc7 36b0c00a8e904af6ac46d1e4d432fc01 bd75923a26204044a26a04f015198e04 - - default default] Successfully bumped revision number for resource 1f7ec0f5-38b0-4e6b-81fc-40d94718e72e (type: security_group_rules) to 0
2026-07-01 08:36:45.383 10 INFO neutron.db.ovn_revision_numbers_db [None req-ca6677f7-8ba4-4087-a687-ce0be7312cc7 36b0c00a8e904af6ac46d1e4d432fc01 bd75923a26204044a26a04f015198e04 - - default default] Successfully bumped revision number for resource e322229c-af13-4f90-92b3-597f6a7ff6e1 (type: security_group_rules) to 0
2026-07-01 08:36:45.402 10 INFO neutron.db.ovn_revision_numbers_db [None req-ca6677f7-8ba4-4087-a687-ce0be7312cc7 36b0c00a8e904af6ac46d1e4d432fc01 bd75923a26204044a26a04f015198e04 - - default default] Successfully bumped revision number for resource eb5b8f08-7241-4728-9e91-34aa5fa36be3 (type: security_group_rules) to 0
2026-07-01 08:36:45.478 10 INFO neutron.db.segments_db [None req-ca6677f7-8ba4-4087-a687-ce0be7312cc7 36b0c00a8e904af6ac46d1e4d432fc01 bd75923a26204044a26a04f015198e04 - - default default] Added segment 4e3a3a42-d398-4e81-a4ab-3c6f2869fa1b of type geneve for network cebfa9f4-5b6b-4a71-84b8-218dadd87341
2026-07-01 08:36:45.603 10 INFO neutron.db.ovn_revision_numbers_db [None req-ca6677f7-8ba4-4087-a687-ce0be7312cc7 36b0c00a8e904af6ac46d1e4d432fc01 bd75923a26204044a26a04f015198e04 - - default default] Successfully bumped revision number for resource cebfa9f4-5b6b-4a71-84b8-218dadd87341 (type: networks) to 1
2026-07-01 08:36:45.688 9 INFO neutron.api.wsgi [None req-c650e5b2-1c58-4d64-8dfb-149d8d6feccf 36b0c00a8e904af6ac46d1e4d432fc01 bd75923a26204044a26a04f015198e04 - - default default] 10.0.0.220 "DELETE /v2.0/routers/92460b19-9bc6-4684-b2f9-b57042bdff6f HTTP/1.1" status: 204 len: 168 time: 0.6307328
2026-07-01 08:36:45.700 10 INFO neutron.db.ovn_revision_numbers_db [None req-9961d76e-ee23-4435-b95c-f727fbb18931 - - - - - -] Successfully bumped revision number for resource 25f91ec1-011f-4d48-90e1-a0effa1c489e (type: ports) to 2
2026-07-01 08:36:45.739 10 INFO neutron.db.ovn_revision_numbers_db [None req-9961d76e-ee23-4435-b95c-f727fbb18931 - - - - - -] Successfully bumped revision number for resource 27a28081-1bb5-4f9d-a30b-5a5edf3d4695 (type: subnets) to 1
2026-07-01 08:36:45.743 10 INFO neutron.api.wsgi [None req-a586a228-8be9-4ddb-9b2a-218c5b8a09f2 189874dc7ea0400c94777a8fa3992c73 2586058c395d47ddbfdd2a1cf8e600d5 - - default default] 10.0.0.220 "PUT /v2.0/subnets/27a28081-1bb5-4f9d-a30b-5a5edf3d4695 HTTP/1.1" status: 200 len: 850 time: 0.7118652
2026-07-01 08:36:45.773 10 WARNING neutron.scheduler.dhcp_agent_scheduler [None req-ca6677f7-8ba4-4087-a687-ce0be7312cc7 36b0c00a8e904af6ac46d1e4d432fc01 bd75923a26204044a26a04f015198e04 - - default default] No more DHCP agents
