2026-07-01 08:34:57.595 10 INFO neutron.api.wsgi [req-577fd440-fec6-40dd-91e5-b22a8d937f8f req-338b484c-33b7-42d4-98d5-79279c5bfe7e 991f878582354d1f888b6bbe3cf95f71 2d0bd1ad3da447969a0e62e33e068dbe - - default default] 10.0.0.193 "GET /v2.0/ports?device_id=2eef2a73-51da-4d7c-ac51-2a39ab32cd81 HTTP/1.1" status: 200 len: 1168 time: 0.0959408
2026-07-01 08:34:57.596 10 INFO neutron.db.ovn_revision_numbers_db [None req-630f431b-6a4b-413c-b3c9-5e89b30b015f - - - - - -] Successfully bumped revision number for resource 5c50c8bd-e31b-4d94-8cde-581a4548b70d (type: ports) to 5
2026-07-01 08:34:57.640 10 INFO neutron.notifiers.nova [-] Nova event matching ['req-73888567-a7d1-4a4b-8a76-b3f646cdae73'] response: {'server_uuid': 'a14eac8b-d2c5-4805-9f60-6a71aa73389d', 'name': 'network-vif-plugged', 'status': 'completed', 'tag': '0fc243f8-0410-4dc6-a302-8d8508e2fdde', 'code': 200}
2026-07-01 08:34:57.663 10 INFO neutron.api.wsgi [req-577fd440-fec6-40dd-91e5-b22a8d937f8f req-e71e23c6-a8cc-4a62-abfb-ffe1654cb12c 991f878582354d1f888b6bbe3cf95f71 2d0bd1ad3da447969a0e62e33e068dbe - - default default] 10.0.0.193 "GET /v2.0/security-groups?id=024f3fab-e8f6-4069-bca5-1d8727b4da65&fields=id&fields=name HTTP/1.1" status: 200 len: 312 time: 0.0599372
2026-07-01 08:34:57.775 10 INFO neutron.db.ovn_revision_numbers_db [None req-252450c2-7e1f-4dc5-9e98-e519bb121334 - - - - - -] Successfully bumped revision number for resource 0fc243f8-0410-4dc6-a302-8d8508e2fdde (type: ports) to 5
2026-07-01 08:34:57.786 9 INFO neutron.db.ovn_revision_numbers_db [None req-6f84d0b6-efd6-4958-ab55-1a39b46eb199 36b0c00a8e904af6ac46d1e4d432fc01 bd75923a26204044a26a04f015198e04 - - default default] Successfully bumped revision number for resource 6a45633e-0423-4ff8-81d9-987776693fd0 (type: ports) to 1
2026-07-01 08:34:57.791 9 INFO neutron.api.wsgi [req-03f55222-5342-4e10-ab36-bc37404bb10a req-abd683d4-7baa-4f1d-bc8c-cb81a70ffc61 0bd2da6f22064baeae922135b85b7898 0bf05f5d34c5449c93427dcba25b8874 - - default default] 10.0.0.193 "GET /v2.0/ports?device_id=6d173e1f-20a1-4d00-87ef-62cb36e0f5d2 HTTP/1.1" status: 200 len: 1172 time: 0.0480628
2026-07-01 08:34:57.839 9 INFO neutron.api.wsgi [req-03f55222-5342-4e10-ab36-bc37404bb10a req-c539ef21-41dc-4074-8fbb-e93475c5cf11 0bd2da6f22064baeae922135b85b7898 0bf05f5d34c5449c93427dcba25b8874 - - default default] 10.0.0.193 "GET /v2.0/security-groups?id=6ffb3519-3e00-484b-afc5-62144f8a9c3e&fields=id&fields=name HTTP/1.1" status: 200 len: 286 time: 0.0439792
2026-07-01 08:34:57.842 10 INFO neutron.plugins.ml2.drivers.ovn.mech_driver.mech_driver [None req-c46ba1cd-48e9-4c07-9723-9a5373bc3117 - - - - - -] OVN reports status up for port: 6a45633e-0423-4ff8-81d9-987776693fd0
2026-07-01 08:34:57.848 10 INFO neutron.plugins.ml2.plugin [None req-c46ba1cd-48e9-4c07-9723-9a5373bc3117 - - - - - -] Attempt 1 to provision port 6a45633e-0423-4ff8-81d9-987776693fd0
2026-07-01 08:34:57.854 9 WARNING neutron.scheduler.dhcp_agent_scheduler [None req-6f84d0b6-efd6-4958-ab55-1a39b46eb199 36b0c00a8e904af6ac46d1e4d432fc01 bd75923a26204044a26a04f015198e04 - - default default] No more DHCP agents
2026-07-01 08:34:57.857 9 WARNING neutron.api.rpc.agentnotifiers.dhcp_rpc_agent_api [None req-6f84d0b6-efd6-4958-ab55-1a39b46eb199 36b0c00a8e904af6ac46d1e4d432fc01 bd75923a26204044a26a04f015198e04 - - default default] Unable to schedule network ccb42c90-5300-44dc-820a-9d22062d2cb2: no agents available; will retry on subsequent port and subnet creation events.
2026-07-01 08:34:58.268 10 INFO neutron.db.ovn_revision_numbers_db [None req-c46ba1cd-48e9-4c07-9723-9a5373bc3117 - - - - - -] Successfully bumped revision number for resource 6a45633e-0423-4ff8-81d9-987776693fd0 (type: ports) to 2 /var/lib/openstack/lib/python3.12/site-packages/pycadf/identifier.py:71: UserWarning: Invalid uuid: neutron. To ensure interoperability, identifiers should be a valid uuid. warnings.warn(('Invalid uuid: %s. To ensure interoperability, '
2026-07-01 08:34:58.353 10 INFO neutron.api.wsgi [req-e2565034-5356-4caa-8c3c-732db3386785 req-a0cd1048-efa8-4ceb-925b-3b2076de0256 cda1f56858954ea18ec4ea853ae4634a 13481f24b6c94c908d209a5de2f9e8cc - - default default] 10.0.0.193 "GET /v2.0/ports?device_id=a14eac8b-d2c5-4805-9f60-6a71aa73389d HTTP/1.1" status: 200 len: 1170 time: 0.0577483
2026-07-01 08:34:58.412 10 INFO neutron.api.wsgi [req-e2565034-5356-4caa-8c3c-732db3386785 req-5a4b08f0-4e17-4d21-bb2e-d794b1a6a1ad cda1f56858954ea18ec4ea853ae4634a 13481f24b6c94c908d209a5de2f9e8cc - - default default] 10.0.0.193 "GET /v2.0/security-groups?id=3c1795d9-ed47-4a99-9a7d-de189e44b368&fields=id&fields=name HTTP/1.1" status: 200 len: 313 time: 0.0511048
2026-07-01 08:34:58.737 9 INFO neutron.db.ovn_revision_numbers_db [None req-6f84d0b6-efd6-4958-ab55-1a39b46eb199 36b0c00a8e904af6ac46d1e4d432fc01 bd75923a26204044a26a04f015198e04 - - default default] Successfully bumped revision number for resource 6a45633e-0423-4ff8-81d9-987776693fd0 (type: router_ports) to 1
2026-07-01 08:34:58.743 9 INFO neutron.api.wsgi [None req-6f84d0b6-efd6-4958-ab55-1a39b46eb199 36b0c00a8e904af6ac46d1e4d432fc01 bd75923a26204044a26a04f015198e04 - - default default] 10.0.0.220 "PUT /v2.0/routers/2afb6b87-e7a7-49a2-94e5-a1c09019790e/add_router_interface HTTP/1.1" status: 200 len: 503 time: 2.2418888
2026-07-01 08:34:58.754 9 INFO neutron.plugins.ml2.drivers.ovn.mech_driver.mech_driver [None req-f1efd338-568b-4fd5-9b32-5fa2db407a0a - - - - - -] OVN reports status up for port: e047cdd1-a0b1-4672-b8cf-c64c69e3ffb3
2026-07-01 08:34:58.770 9 INFO neutron.plugins.ml2.plugin [None req-f1efd338-568b-4fd5-9b32-5fa2db407a0a - - - - - -] Attempt 1 to provision port e047cdd1-a0b1-4672-b8cf-c64c69e3ffb3
2026-07-01 08:34:58.828 9 INFO neutron.api.wsgi [req-50491563-52d6-40c3-abe8-36929505e8ee req-cf064736-5f3b-4eee-8e6e-bd025bab81ad 991f878582354d1f888b6bbe3cf95f71 2d0bd1ad3da447969a0e62e33e068dbe - - default default] 10.0.0.193 "GET /v2.0/ports?device_id=2eef2a73-51da-4d7c-ac51-2a39ab32cd81 HTTP/1.1" status: 200 len: 1168 time: 0.0846186
2026-07-01 08:34:58.876 9 INFO neutron.api.wsgi [req-50491563-52d6-40c3-abe8-36929505e8ee req-ad988e78-f746-4967-8a55-e3c3779494fe 991f878582354d1f888b6bbe3cf95f71 2d0bd1ad3da447969a0e62e33e068dbe - - default default] 10.0.0.193 "GET /v2.0/security-groups?id=024f3fab-e8f6-4069-bca5-1d8727b4da65&fields=id&fields=name HTTP/1.1" status: 200 len: 312 time: 0.0443697
2026-07-01 08:34:58.923 9 INFO neutron.notifiers.nova [-] Nova event matching ['req-2b428758-3cf2-4560-a269-a4e30edd546c'] response: {'server_uuid': '2eef2a73-51da-4d7c-ac51-2a39ab32cd81', 'name': 'network-vif-plugged', 'status': 'completed', 'tag': 'e047cdd1-a0b1-4672-b8cf-c64c69e3ffb3', 'code': 200}
2026-07-01 08:34:58.979 10 INFO neutron.api.wsgi [req-e58de4a5-37bf-4aa4-b88e-48beb0e2caa7 req-b214b2d9-cbdb-4836-8ad3-f02bea0f0e82 0bd2da6f22064baeae922135b85b7898 0bf05f5d34c5449c93427dcba25b8874 - - default default] 10.0.0.193 "GET /v2.0/ports?device_id=6d173e1f-20a1-4d00-87ef-62cb36e0f5d2 HTTP/1.1" status: 200 len: 1172 time: 0.0766470
2026-07-01 08:34:59.033 10 INFO neutron.api.wsgi [req-e58de4a5-37bf-4aa4-b88e-48beb0e2caa7 req-212c7095-4239-41db-85d2-77ab8589a17d 0bd2da6f22064baeae922135b85b7898 0bf05f5d34c5449c93427dcba25b8874 - - default default] 10.0.0.193 "GET /v2.0/security-groups?id=6ffb3519-3e00-484b-afc5-62144f8a9c3e&fields=id&fields=name HTTP/1.1" status: 200 len: 286 time: 0.0502410
2026-07-01 08:34:59.085 9 INFO neutron.db.ovn_revision_numbers_db [None req-f1efd338-568b-4fd5-9b32-5fa2db407a0a - - - - - -] Successfully bumped revision number for resource e047cdd1-a0b1-4672-b8cf-c64c69e3ffb3 (type: ports) to 5
2026-07-01 08:34:59.152 9 INFO neutron.plugins.ml2.drivers.ovn.mech_driver.mech_driver [None req-6231e2f7-1544-4795-b6ac-0b522af92a9d - - - - - -] OVN reports status up for port: a51c41ea-9570-4283-bf58-3fc299d3c334
2026-07-01 08:34:59.166 9 INFO neutron.plugins.ml2.plugin [None req-6231e2f7-1544-4795-b6ac-0b522af92a9d - - - - - -] Attempt 1 to provision port a51c41ea-9570-4283-bf58-3fc299d3c334 /var/lib/openstack/lib/python3.12/site-packages/pycadf/identifier.py:71: UserWarning: Invalid uuid: neutron. To ensure interoperability, identifiers should be a valid uuid. warnings.warn(('Invalid uuid: %s. To ensure interoperability, '
2026-07-01 08:34:59.391 9 WARNING neutron_lib.context [req-1be0fdaf-1de5-4633-8920-0c61483d54c2 req-b03f4a27-1808-4007-b221-d4ce18577244 163420d71b7b4379bb9713d7d71d1844 841ae76579ac4f2c90ec7e9bdce05725 - - default default] Method 'is_advsvc' is deprecated since 2023.2 release (neutron-lib 3.8.0) and will be removed once support for the old RBAC API policies will be removed from Neutron. Please use method 'is_service_role' instead.
2026-07-01 08:34:59.505 9 INFO neutron.db.ovn_revision_numbers_db [req-1be0fdaf-1de5-4633-8920-0c61483d54c2 req-b03f4a27-1808-4007-b221-d4ce18577244 163420d71b7b4379bb9713d7d71d1844 841ae76579ac4f2c90ec7e9bdce05725 - - default default] Successfully bumped revision number for resource 279bb7de-6d7f-4d83-a80a-092dd8b4b860 (type: security_groups) to 1
2026-07-01 08:34:59.520 9 INFO neutron.db.ovn_revision_numbers_db [req-1be0fdaf-1de5-4633-8920-0c61483d54c2 req-b03f4a27-1808-4007-b221-d4ce18577244 163420d71b7b4379bb9713d7d71d1844 841ae76579ac4f2c90ec7e9bdce05725 - - default default] Successfully bumped revision number for resource 9f1589c9-9298-4386-984f-0ab5cde69650 (type: security_group_rules) to 0
2026-07-01 08:34:59.529 10 INFO neutron.api.wsgi [req-57b1b352-c3f3-44e7-b1b9-8f2f4239a4b8 req-b24b3f0a-8962-4f13-84dc-395b8f9235c7 cda1f56858954ea18ec4ea853ae4634a 13481f24b6c94c908d209a5de2f9e8cc - - default default] 10.0.0.193 "GET /v2.0/ports?device_id=a14eac8b-d2c5-4805-9f60-6a71aa73389d HTTP/1.1" status: 200 len: 1170 time: 0.0408471
2026-07-01 08:34:59.539 9 INFO neutron.db.ovn_revision_numbers_db [req-1be0fdaf-1de5-4633-8920-0c61483d54c2 req-b03f4a27-1808-4007-b221-d4ce18577244 163420d71b7b4379bb9713d7d71d1844 841ae76579ac4f2c90ec7e9bdce05725 - - default default] Successfully bumped revision number for resource a0d942f6-6237-4dd7-a67c-f0ea390709ef (type: security_group_rules) to 0
2026-07-01 08:34:59.568 10 INFO neutron.api.wsgi [req-57b1b352-c3f3-44e7-b1b9-8f2f4239a4b8 req-4a00ee16-b8df-4e03-8683-37694e8db103 cda1f56858954ea18ec4ea853ae4634a 13481f24b6c94c908d209a5de2f9e8cc - - default default] 10.0.0.193 "GET /v2.0/security-groups?id=3c1795d9-ed47-4a99-9a7d-de189e44b368&fields=id&fields=name HTTP/1.1" status: 200 len: 313 time: 0.0324836
2026-07-01 08:34:59.570 9 INFO neutron.db.ovn_revision_numbers_db [None req-6231e2f7-1544-4795-b6ac-0b522af92a9d - - - - - -] Successfully bumped revision number for resource a51c41ea-9570-4283-bf58-3fc299d3c334 (type: ports) to 5
2026-07-01 08:34:59.585 9 INFO neutron.api.wsgi [req-1be0fdaf-1de5-4633-8920-0c61483d54c2 req-b03f4a27-1808-4007-b221-d4ce18577244 163420d71b7b4379bb9713d7d71d1844 841ae76579ac4f2c90ec7e9bdce05725 - - default default] 10.0.0.193 "POST /v2.0/security-groups HTTP/1.1" status: 201 len: 1886 time: 0.3616989
2026-07-01 08:34:59.620 10 WARNING neutron_lib.context [req-bc6260ef-97ef-49cd-b596-8af5823a20eb req-edb1a847-4689-467f-b3de-a2e708946cca 163420d71b7b4379bb9713d7d71d1844 841ae76579ac4f2c90ec7e9bdce05725 - - default default] Method 'is_advsvc' is deprecated since 2023.2 release (neutron-lib 3.8.0) and will be removed once support for the old RBAC API policies will be removed from Neutron. Please use method 'is_service_role' instead. /var/lib/openstack/lib/python3.12/site-packages/pycadf/identifier.py:71: UserWarning: Invalid uuid: neutron. To ensure interoperability, identifiers should be a valid uuid. warnings.warn(('Invalid uuid: %s. To ensure interoperability, '
2026-07-01 08:34:59.748 9 INFO neutron.api.wsgi [req-02afd8cc-078b-4399-adf7-8a848c484c53 req-8b26b1d4-097f-446e-8c3e-a05117428332 cda1f56858954ea18ec4ea853ae4634a 13481f24b6c94c908d209a5de2f9e8cc - - default default] 10.0.0.193 "GET /v2.0/ports?device_id=a14eac8b-d2c5-4805-9f60-6a71aa73389d HTTP/1.1" status: 200 len: 1170 time: 0.0957897
2026-07-01 08:34:59.771 10 INFO neutron.db.ovn_revision_numbers_db [req-bc6260ef-97ef-49cd-b596-8af5823a20eb req-edb1a847-4689-467f-b3de-a2e708946cca 163420d71b7b4379bb9713d7d71d1844 841ae76579ac4f2c90ec7e9bdce05725 - - default default] Successfully bumped revision number for resource 4d23e2f8-bd2d-4750-92c7-08ba1c7cdfc0 (type: security_groups) to 1
2026-07-01 08:34:59.785 10 INFO neutron.db.ovn_revision_numbers_db [req-bc6260ef-97ef-49cd-b596-8af5823a20eb req-edb1a847-4689-467f-b3de-a2e708946cca 163420d71b7b4379bb9713d7d71d1844 841ae76579ac4f2c90ec7e9bdce05725 - - default default] Successfully bumped revision number for resource 8c50c25a-3b76-4c67-a88a-9e258ff457a4 (type: security_group_rules) to 0
2026-07-01 08:34:59.787 10 INFO neutron.notifiers.nova [-] Nova event matching ['req-be83dc0f-2006-4daa-a1e6-1f9718384884'] response: {'server_uuid': 'a14eac8b-d2c5-4805-9f60-6a71aa73389d', 'name': 'network-vif-plugged', 'status': 'completed', 'tag': '0fc243f8-0410-4dc6-a302-8d8508e2fdde', 'code': 200}
2026-07-01 08:34:59.799 10 INFO neutron.db.ovn_revision_numbers_db [req-bc6260ef-97ef-49cd-b596-8af5823a20eb req-edb1a847-4689-467f-b3de-a2e708946cca 163420d71b7b4379bb9713d7d71d1844 841ae76579ac4f2c90ec7e9bdce05725 - - default default] Successfully bumped revision number for resource c7ef6b4d-44de-4f46-8fea-0b34ff55dcc6 (type: security_group_rules) to 0
2026-07-01 08:34:59.845 10 INFO neutron.api.wsgi [req-bc6260ef-97ef-49cd-b596-8af5823a20eb req-edb1a847-4689-467f-b3de-a2e708946cca 163420d71b7b4379bb9713d7d71d1844 841ae76579ac4f2c90ec7e9bdce05725 - - default default] 10.0.0.193 "POST /v2.0/security-groups HTTP/1.1" status: 201 len: 1886 time: 0.2324893
2026-07-01 08:34:59.874 9 WARNING neutron_lib.context [req-b7dbd448-1dab-4b53-9db3-8090dce52e98 req-baa7741b-5520-4007-9e3b-03ee6b817324 163420d71b7b4379bb9713d7d71d1844 841ae76579ac4f2c90ec7e9bdce05725 - - default default] Method 'is_advsvc' is deprecated since 2023.2 release (neutron-lib 3.8.0) and will be removed once support for the old RBAC API policies will be removed from Neutron. Please use method 'is_service_role' instead.
2026-07-01 08:34:59.987 10 INFO neutron.api.wsgi [req-d4165183-4ecb-4ed7-b56e-28cc254edb15 req-95e80491-379a-416c-974d-177d1c72eeec 991f878582354d1f888b6bbe3cf95f71 2d0bd1ad3da447969a0e62e33e068dbe - - default default] 10.0.0.193 "GET /v2.0/ports?device_id=2eef2a73-51da-4d7c-ac51-2a39ab32cd81 HTTP/1.1" status: 200 len: 1170 time: 0.0388622
2026-07-01 08:35:00.032 10 INFO neutron.api.wsgi [req-d4165183-4ecb-4ed7-b56e-28cc254edb15 req-4ee1f873-2cee-4833-adf0-57bb8c8e9e73 991f878582354d1f888b6bbe3cf95f71 2d0bd1ad3da447969a0e62e33e068dbe - - default default] 10.0.0.193 "GET /v2.0/security-groups?id=024f3fab-e8f6-4069-bca5-1d8727b4da65&fields=id&fields=name HTTP/1.1" status: 200 len: 312 time: 0.0395536
2026-07-01 08:35:00.105 9 INFO neutron.db.ovn_revision_numbers_db [req-b7dbd448-1dab-4b53-9db3-8090dce52e98 req-baa7741b-5520-4007-9e3b-03ee6b817324 163420d71b7b4379bb9713d7d71d1844 841ae76579ac4f2c90ec7e9bdce05725 - - default default] Successfully bumped revision number for resource 381ebb55-fe49-4ab7-a508-26aedb4af892 (type: security_groups) to 1
2026-07-01 08:35:00.148 9 INFO neutron.db.ovn_revision_numbers_db [req-b7dbd448-1dab-4b53-9db3-8090dce52e98 req-baa7741b-5520-4007-9e3b-03ee6b817324 163420d71b7b4379bb9713d7d71d1844 841ae76579ac4f2c90ec7e9bdce05725 - - default default] Successfully bumped revision number for resource 52067a65-b49f-4041-84d6-cc1c6657feeb (type: security_group_rules) to 0
2026-07-01 08:35:00.159 10 INFO neutron.api.wsgi [req-08578242-982f-4526-af87-5aa5dacf790f req-c86315ae-80f4-46c2-b777-e03519058694 0bd2da6f22064baeae922135b85b7898 0bf05f5d34c5449c93427dcba25b8874 - - default default] 10.0.0.193 "GET /v2.0/ports?device_id=6d173e1f-20a1-4d00-87ef-62cb36e0f5d2 HTTP/1.1" status: 200 len: 1174 time: 0.0490334
2026-07-01 08:35:00.185 9 INFO neutron.db.ovn_revision_numbers_db [req-b7dbd448-1dab-4b53-9db3-8090dce52e98 req-baa7741b-5520-4007-9e3b-03ee6b817324 163420d71b7b4379bb9713d7d71d1844 841ae76579ac4f2c90ec7e9bdce05725 - - default default] Successfully bumped revision number for resource ce8486ab-fbd8-4ad9-aeb6-fa569486e7b4 (type: security_group_rules) to 0
2026-07-01 08:35:00.218 10 INFO neutron.api.wsgi [req-08578242-982f-4526-af87-5aa5dacf790f req-8d110d78-6af5-4ad3-b822-3dc95feffc81 0bd2da6f22064baeae922135b85b7898 0bf05f5d34c5449c93427dcba25b8874 - - default default] 10.0.0.193 "GET /v2.0/security-groups?id=6ffb3519-3e00-484b-afc5-62144f8a9c3e&fields=id&fields=name HTTP/1.1" status: 200 len: 286 time: 0.0516250
2026-07-01 08:35:00.259 9 INFO neutron.api.wsgi [req-b7dbd448-1dab-4b53-9db3-8090dce52e98 req-baa7741b-5520-4007-9e3b-03ee6b817324 163420d71b7b4379bb9713d7d71d1844 841ae76579ac4f2c90ec7e9bdce05725 - - default default] 10.0.0.193 "POST /v2.0/security-groups HTTP/1.1" status: 201 len: 1886 time: 0.3919098
2026-07-01 08:35:00.321 10 INFO neutron.api.wsgi [req-56688df7-6520-4031-9a8a-6028a37a0b9b req-b8c7a90e-13e7-46a1-8d61-e437adce5253 163420d71b7b4379bb9713d7d71d1844 841ae76579ac4f2c90ec7e9bdce05725 - - default default] 10.0.0.193 "GET /v2.0/security-groups?tenant_id=841ae76579ac4f2c90ec7e9bdce05725 HTTP/1.1" status: 200 len: 8108 time: 0.0394895
2026-07-01 08:35:00.351 10 INFO neutron.api.wsgi [req-56688df7-6520-4031-9a8a-6028a37a0b9b req-e24cd8eb-73cf-4eb5-ab41-bae9f1684e30 163420d71b7b4379bb9713d7d71d1844 841ae76579ac4f2c90ec7e9bdce05725 - - default default] 10.0.0.193 "GET /v2.0/security-groups/271b8108-0bb4-43ff-90b0-af75664e73f6 HTTP/1.1" status: 200 len: 3122 time: 0.0255921
2026-07-01 08:35:00.385 10 INFO neutron.api.wsgi [req-56688df7-6520-4031-9a8a-6028a37a0b9b req-a159299b-3ff1-4ae3-a948-38c1c48adeb1 163420d71b7b4379bb9713d7d71d1844 841ae76579ac4f2c90ec7e9bdce05725 - - default default] 10.0.0.193 "GET /v2.0/security-groups/271b8108-0bb4-43ff-90b0-af75664e73f6 HTTP/1.1" status: 200 len: 3122 time: 0.0276799
2026-07-01 08:35:00.444 9 INFO neutron.api.wsgi [req-76be842e-958b-4f26-8268-33447de26458 req-71e6262c-0f4c-4740-96a0-ae21c835160f 163420d71b7b4379bb9713d7d71d1844 841ae76579ac4f2c90ec7e9bdce05725 - - default default] 10.0.0.193 "GET /v2.0/security-groups/279bb7de-6d7f-4d83-a80a-092dd8b4b860 HTTP/1.1" status: 200 len: 1881 time: 0.0264344
2026-07-01 08:35:00.528 9 INFO neutron.db.ovn_revision_numbers_db [None req-a512112a-60b3-4c1f-950c-d8c2435c8670 cda1f56858954ea18ec4ea853ae4634a 13481f24b6c94c908d209a5de2f9e8cc - - default default] Successfully bumped revision number for resource e6fad6a7-2896-4783-8ecd-b12aa1bb69ea (type: floatingips) to 1
2026-07-01 08:35:00.614 9 INFO neutron.api.wsgi [req-76be842e-958b-4f26-8268-33447de26458 req-be93b1e5-d758-4867-8748-9bf824433cf1 163420d71b7b4379bb9713d7d71d1844 841ae76579ac4f2c90ec7e9bdce05725 - - default default] 10.0.0.193 "DELETE /v2.0/security-groups/279bb7de-6d7f-4d83-a80a-092dd8b4b860 HTTP/1.1" status: 204 len: 173 time: 0.1548076
2026-07-01 08:35:00.657 9 INFO neutron.db.ovn_revision_numbers_db [None req-a512112a-60b3-4c1f-950c-d8c2435c8670 cda1f56858954ea18ec4ea853ae4634a 13481f24b6c94c908d209a5de2f9e8cc - - default default] Successfully bumped revision number for resource e6fad6a7-2896-4783-8ecd-b12aa1bb69ea (type: floatingips) to 2
2026-07-01 08:35:00.657 9 INFO neutron.db.l3_db [None req-a512112a-60b3-4c1f-950c-d8c2435c8670 cda1f56858954ea18ec4ea853ae4634a 13481f24b6c94c908d209a5de2f9e8cc - - default default] Floating IP e6fad6a7-2896-4783-8ecd-b12aa1bb69ea associated. External IP: 10.96.250.202, port: 0fc243f8-0410-4dc6-a302-8d8508e2fdde.
2026-07-01 08:35:00.657 10 INFO neutron.api.v2.resource [req-0e820c1c-a0b5-4d20-9bef-a4a64181973d req-f1109404-728d-46ba-83f9-aeb5470bcee2 163420d71b7b4379bb9713d7d71d1844 841ae76579ac4f2c90ec7e9bdce05725 - - default default] show failed (client error): The resource could not be found.
2026-07-01 08:35:00.659 10 INFO neutron.api.wsgi [req-0e820c1c-a0b5-4d20-9bef-a4a64181973d req-f1109404-728d-46ba-83f9-aeb5470bcee2 163420d71b7b4379bb9713d7d71d1844 841ae76579ac4f2c90ec7e9bdce05725 - - default default] 10.0.0.193 "GET /v2.0/security-groups/279bb7de-6d7f-4d83-a80a-092dd8b4b860 HTTP/1.1" status: 404 len: 352 time: 0.0148916
2026-07-01 08:35:00.696 9 INFO neutron.api.wsgi [None req-a512112a-60b3-4c1f-950c-d8c2435c8670 cda1f56858954ea18ec4ea853ae4634a 13481f24b6c94c908d209a5de2f9e8cc - - default default] 10.0.0.220 "PUT /v2.0/floatingips/e6fad6a7-2896-4783-8ecd-b12aa1bb69ea HTTP/1.1" status: 200 len: 1049 time: 0.9308527
2026-07-01 08:35:00.710 9 INFO neutron.api.wsgi [req-735ddb67-e350-42d0-88ad-0762c194f4a6 req-29b153c1-ec19-42cb-87de-003bf669437e 163420d71b7b4379bb9713d7d71d1844 841ae76579ac4f2c90ec7e9bdce05725 - - default default] 10.0.0.193 "GET /v2.0/security-groups/4d23e2f8-bd2d-4750-92c7-08ba1c7cdfc0 HTTP/1.1" status: 200 len: 1881 time: 0.0302582
2026-07-01 08:35:00.800 10 INFO neutron.api.wsgi [req-859891c4-e696-4e03-a534-246bc9c2e167 req-22367101-dc15-40f0-acb8-06ecd21d65c7 cda1f56858954ea18ec4ea853ae4634a 13481f24b6c94c908d209a5de2f9e8cc - - default default] 10.0.0.193 "GET /v2.0/ports?device_id=a14eac8b-d2c5-4805-9f60-6a71aa73389d HTTP/1.1" status: 200 len: 1170 time: 0.0470419
2026-07-01 08:35:00.874 9 INFO neutron.api.wsgi [req-735ddb67-e350-42d0-88ad-0762c194f4a6 req-951062fe-b413-4ec9-9b7d-303155f1e2d3 163420d71b7b4379bb9713d7d71d1844 841ae76579ac4f2c90ec7e9bdce05725 - - default default] 10.0.0.193 "DELETE /v2.0/security-groups/4d23e2f8-bd2d-4750-92c7-08ba1c7cdfc0 HTTP/1.1" status: 204 len: 173 time: 0.1560051
2026-07-01 08:35:00.879 10 INFO neutron.api.wsgi [req-859891c4-e696-4e03-a534-246bc9c2e167 req-0d9ad196-0596-4cb3-b086-1057ff0ba7e4 cda1f56858954ea18ec4ea853ae4634a 13481f24b6c94c908d209a5de2f9e8cc - - default default] 10.0.0.193 "GET /v2.0/security-groups?id=3c1795d9-ed47-4a99-9a7d-de189e44b368&fields=id&fields=name HTTP/1.1" status: 200 len: 313 time: 0.0739155
2026-07-01 08:35:00.932 9 INFO neutron.api.v2.resource [req-1e6310fd-64c6-4aab-a3f1-81511c2b8558 req-4267fb97-f7cc-4c9e-8ff2-36b686d2f182 163420d71b7b4379bb9713d7d71d1844 841ae76579ac4f2c90ec7e9bdce05725 - - default default] show failed (client error): The resource could not be found.
2026-07-01 08:35:00.934 9 INFO neutron.api.wsgi [req-1e6310fd-64c6-4aab-a3f1-81511c2b8558 req-4267fb97-f7cc-4c9e-8ff2-36b686d2f182 163420d71b7b4379bb9713d7d71d1844 841ae76579ac4f2c90ec7e9bdce05725 - - default default] 10.0.0.193 "GET /v2.0/security-groups/4d23e2f8-bd2d-4750-92c7-08ba1c7cdfc0 HTTP/1.1" status: 404 len: 352 time: 0.0165873
2026-07-01 08:35:00.972 9 INFO neutron.notifiers.nova [-] Nova event matching ['req-fcd90efa-9201-428b-8f08-8374f482e505'] response: {'server_uuid': '2eef2a73-51da-4d7c-ac51-2a39ab32cd81', 'name': 'network-vif-plugged', 'status': 'completed', 'tag': 'e047cdd1-a0b1-4672-b8cf-c64c69e3ffb3', 'code': 200}
2026-07-01 08:35:00.973 9 INFO neutron.notifiers.nova [-] Nova event matching ['req-fcd90efa-9201-428b-8f08-8374f482e505'] response: {'server_uuid': '6d173e1f-20a1-4d00-87ef-62cb36e0f5d2', 'name': 'network-vif-plugged', 'status': 'completed', 'tag': 'a51c41ea-9570-4283-bf58-3fc299d3c334', 'code': 200}
2026-07-01 08:35:00.973 9 INFO neutron.notifiers.nova [-] Nova event matching ['req-fcd90efa-9201-428b-8f08-8374f482e505'] response: {'server_uuid': '6d173e1f-20a1-4d00-87ef-62cb36e0f5d2', 'name': 'network-vif-plugged', 'status': 'completed', 'tag': 'a51c41ea-9570-4283-bf58-3fc299d3c334', 'code': 200}
2026-07-01 08:35:00.973 9 INFO neutron.notifiers.nova [-] Nova event matching ['req-fcd90efa-9201-428b-8f08-8374f482e505'] response: {'name': 'network-changed', 'server_uuid': 'a14eac8b-d2c5-4805-9f60-6a71aa73389d', 'tag': '0fc243f8-0410-4dc6-a302-8d8508e2fdde', 'status': 'completed', 'code': 200}
2026-07-01 08:35:01.017 9 INFO neutron.api.wsgi [req-c1ee11fd-7fca-452a-aa7e-f3c58f172cfa req-f2813390-9637-4b62-8c12-13545bd28feb 163420d71b7b4379bb9713d7d71d1844 841ae76579ac4f2c90ec7e9bdce05725 - - default default] 10.0.0.193 "GET /v2.0/security-groups/381ebb55-fe49-4ab7-a508-26aedb4af892 HTTP/1.1" status: 200 len: 1881 time: 0.0419877
2026-07-01 08:35:01.160 10 INFO neutron.api.wsgi [req-06e3f19f-1f08-408d-85a6-c1531926835a req-230d6a02-c80c-44de-99c7-8e53c305a5db 991f878582354d1f888b6bbe3cf95f71 2d0bd1ad3da447969a0e62e33e068dbe - - default default] 10.0.0.193 "GET /v2.0/ports?device_id=2eef2a73-51da-4d7c-ac51-2a39ab32cd81 HTTP/1.1" status: 200 len: 1170 time: 0.0569704
2026-07-01 08:35:01.166 9 INFO neutron.api.wsgi [req-c1ee11fd-7fca-452a-aa7e-f3c58f172cfa req-5f194759-33ce-40e9-8fba-c613024f0ba3 163420d71b7b4379bb9713d7d71d1844 841ae76579ac4f2c90ec7e9bdce05725 - - default default] 10.0.0.193 "DELETE /v2.0/security-groups/381ebb55-fe49-4ab7-a508-26aedb4af892 HTTP/1.1" status: 204 len: 173 time: 0.1393607
2026-07-01 08:35:01.205 10 INFO neutron.api.wsgi [req-06e3f19f-1f08-408d-85a6-c1531926835a req-eee7df25-6091-4ef4-945b-1ec48ef63c55 991f878582354d1f888b6bbe3cf95f71 2d0bd1ad3da447969a0e62e33e068dbe - - default default] 10.0.0.193 "GET /v2.0/security-groups?id=024f3fab-e8f6-4069-bca5-1d8727b4da65&fields=id&fields=name HTTP/1.1" status: 200 len: 312 time: 0.0414863
2026-07-01 08:35:01.244 10 INFO neutron.api.v2.resource [req-3520ea02-3fd0-4093-9d6a-8abbcb14a75b req-00c5866b-b7ab-481b-b765-32e2f470d0c9 163420d71b7b4379bb9713d7d71d1844 841ae76579ac4f2c90ec7e9bdce05725 - - default default] show failed (client error): The resource could not be found.
2026-07-01 08:35:01.246 10 INFO neutron.api.wsgi [req-3520ea02-3fd0-4093-9d6a-8abbcb14a75b req-00c5866b-b7ab-481b-b765-32e2f470d0c9 163420d71b7b4379bb9713d7d71d1844 841ae76579ac4f2c90ec7e9bdce05725 - - default default] 10.0.0.193 "GET /v2.0/security-groups/381ebb55-fe49-4ab7-a508-26aedb4af892 HTTP/1.1" status: 404 len: 352 time: 0.0136509
2026-07-01 08:35:01.340 10 INFO neutron.api.wsgi [req-ce2e15ba-ad96-41e3-9d0b-dbe86e2453d2 req-f73ae5e5-5bd8-4bb4-82aa-39a20ee7e320 0bd2da6f22064baeae922135b85b7898 0bf05f5d34c5449c93427dcba25b8874 - - default default] 10.0.0.193 "GET /v2.0/ports?device_id=6d173e1f-20a1-4d00-87ef-62cb36e0f5d2 HTTP/1.1" status: 200 len: 1174 time: 0.0429070
2026-07-01 08:35:01.405 10 INFO neutron.api.wsgi [req-ce2e15ba-ad96-41e3-9d0b-dbe86e2453d2 req-3183b95d-35dd-44ce-9e88-c12cdf9baedd 0bd2da6f22064baeae922135b85b7898 0bf05f5d34c5449c93427dcba25b8874 - - default default] 10.0.0.193 "GET /v2.0/security-groups?id=6ffb3519-3e00-484b-afc5-62144f8a9c3e&fields=id&fields=name HTTP/1.1" status: 200 len: 286 time: 0.0567501
2026-07-01 08:35:01.420 9 INFO neutron.api.wsgi [req-d2d89e97-e5cb-4154-81de-44f6eaa15d1a req-0fadb944-646b-4819-adb7-204cbcf4c1d1 991f878582354d1f888b6bbe3cf95f71 2d0bd1ad3da447969a0e62e33e068dbe - - default default] 10.0.0.193 "GET /v2.0/ports?device_id=2eef2a73-51da-4d7c-ac51-2a39ab32cd81 HTTP/1.1" status: 200 len: 1170 time: 0.0434771
2026-07-01 08:35:01.517 9 INFO neutron.api.wsgi [req-ff42fb82-eea5-4f98-9471-0d3f214653ec req-75601a75-a8e3-4e25-bccf-1d132859e38c 163420d71b7b4379bb9713d7d71d1844 841ae76579ac4f2c90ec7e9bdce05725 - - default default] 10.0.0.193 "GET /v2.0/security-groups?tenant_id=841ae76579ac4f2c90ec7e9bdce05725 HTTP/1.1" status: 200 len: 3125 time: 0.0797856
2026-07-01 08:35:01.533 10 INFO neutron.api.wsgi [req-2495a46c-ef7a-4a9c-b61a-561f1b8f557e req-19b3c4f4-174b-4423-97ee-a1832406a51a ceb89a06057345148043faeaccaa6b08 f9fb9a9f9cb94349b2b09b518b11bb22 - - 92528f82975c46bdaab9e69bfb83a290 92528f82975c46bdaab9e69bfb83a290] 199.204.45.74 "GET /v2.0/ports?tenant_id=13481f24b6c94c908d209a5de2f9e8cc&device_id=a14eac8b-d2c5-4805-9f60-6a71aa73389d HTTP/1.1" status: 200 len: 1409 time: 0.0432410
2026-07-01 08:35:01.582 10 INFO neutron.api.wsgi [req-e1112fe3-87b5-4dae-9928-0bc94ffec62a req-510b2dc7-bf23-48ad-94b3-58906fc8f7c9 cda1f56858954ea18ec4ea853ae4634a 13481f24b6c94c908d209a5de2f9e8cc - - default default] 10.0.0.193 "GET /v2.0/ports?device_id=a14eac8b-d2c5-4805-9f60-6a71aa73389d HTTP/1.1" status: 200 len: 1170 time: 0.1024439
2026-07-01 08:35:01.586 9 INFO neutron.api.wsgi [req-ff42fb82-eea5-4f98-9471-0d3f214653ec req-d4cc2851-0888-4512-a79f-4565ce307beb 163420d71b7b4379bb9713d7d71d1844 841ae76579ac4f2c90ec7e9bdce05725 - - default default] 10.0.0.193 "GET /v2.0/security-groups/271b8108-0bb4-43ff-90b0-af75664e73f6 HTTP/1.1" status: 200 len: 3122 time: 0.0584621
2026-07-01 08:35:01.621 10 INFO neutron.api.wsgi [req-2495a46c-ef7a-4a9c-b61a-561f1b8f557e req-a2c39588-7726-4744-8710-5de669586ba9 ceb89a06057345148043faeaccaa6b08 f9fb9a9f9cb94349b2b09b518b11bb22 - - 92528f82975c46bdaab9e69bfb83a290 92528f82975c46bdaab9e69bfb83a290] 199.204.45.74 "GET /v2.0/networks?id=e22995e0-5c1a-4cb1-8eed-f4cc4dd6d650 HTTP/1.1" status: 200 len: 967 time: 0.0844710
2026-07-01 08:35:01.626 9 INFO neutron.api.wsgi [req-ff42fb82-eea5-4f98-9471-0d3f214653ec req-d3d2d5c9-80f2-40b9-9efb-086f934524cf 163420d71b7b4379bb9713d7d71d1844 841ae76579ac4f2c90ec7e9bdce05725 - - default default] 10.0.0.193 "GET /v2.0/security-groups/271b8108-0bb4-43ff-90b0-af75664e73f6 HTTP/1.1" status: 200 len: 3122 time: 0.0291371
2026-07-01 08:35:01.642 10 INFO neutron.api.wsgi [req-e1112fe3-87b5-4dae-9928-0bc94ffec62a req-11bfa48f-7c2e-43bf-9fde-2e30c8993aca cda1f56858954ea18ec4ea853ae4634a 13481f24b6c94c908d209a5de2f9e8cc - - default default] 10.0.0.193 "GET /v2.0/security-groups?id=3c1795d9-ed47-4a99-9a7d-de189e44b368&fields=id&fields=name HTTP/1.1" status: 200 len: 313 time: 0.0534842
2026-07-01 08:35:01.669 9 INFO neutron.api.v2.resource [req-44ab5af9-212c-44b1-8515-7093edd7fca9 req-1e2a32cb-9248-402f-ab4d-29462370b8a3 163420d71b7b4379bb9713d7d71d1844 841ae76579ac4f2c90ec7e9bdce05725 - - default default] show failed (client error): The resource could not be found.
2026-07-01 08:35:01.670 9 INFO neutron.api.wsgi [req-44ab5af9-212c-44b1-8515-7093edd7fca9 req-1e2a32cb-9248-402f-ab4d-29462370b8a3 163420d71b7b4379bb9713d7d71d1844 841ae76579ac4f2c90ec7e9bdce05725 - - default default] 10.0.0.193 "GET /v2.0/security-groups/381ebb55-fe49-4ab7-a508-26aedb4af892 HTTP/1.1" status: 404 len: 352 time: 0.0199697
2026-07-01 08:35:01.683 10 INFO neutron.api.wsgi [req-2495a46c-ef7a-4a9c-b61a-561f1b8f557e req-48cc7452-4147-427f-863c-3818012b5e89 ceb89a06057345148043faeaccaa6b08 f9fb9a9f9cb94349b2b09b518b11bb22 - - 92528f82975c46bdaab9e69bfb83a290 92528f82975c46bdaab9e69bfb83a290] 199.204.45.74 "GET /v2.0/floatingips?fixed_ip_address=10.100.0.6&port_id=0fc243f8-0410-4dc6-a302-8d8508e2fdde HTTP/1.1" status: 200 len: 1059 time: 0.0575786
2026-07-01 08:35:01.727 10 INFO neutron.api.v2.resource [req-218b6cb2-c108-48a1-bae0-40037eee7ba3 req-a5ef406a-d1b7-49fa-bf55-3a898e2f2fa9 163420d71b7b4379bb9713d7d71d1844 841ae76579ac4f2c90ec7e9bdce05725 - - default default] show failed (client error): The resource could not be found.
2026-07-01 08:35:01.728 10 INFO neutron.api.wsgi [req-218b6cb2-c108-48a1-bae0-40037eee7ba3 req-a5ef406a-d1b7-49fa-bf55-3a898e2f2fa9 163420d71b7b4379bb9713d7d71d1844 841ae76579ac4f2c90ec7e9bdce05725 - - default default] 10.0.0.193 "GET /v2.0/security-groups/4d23e2f8-bd2d-4750-92c7-08ba1c7cdfc0 HTTP/1.1" status: 404 len: 352 time: 0.0365334
2026-07-01 08:35:01.735 10 INFO neutron.api.wsgi [req-2495a46c-ef7a-4a9c-b61a-561f1b8f557e req-a8ee9212-51b6-443c-94b7-b974a7b4aaf5 ceb89a06057345148043faeaccaa6b08 f9fb9a9f9cb94349b2b09b518b11bb22 - - 92528f82975c46bdaab9e69bfb83a290 92528f82975c46bdaab9e69bfb83a290] 199.204.45.74 "GET /v2.0/subnets?id=f679e2b8-b6ab-4799-9a8c-fe3462d5b167 HTTP/1.1" status: 200 len: 886 time: 0.0457053
2026-07-01 08:35:01.759 10 INFO neutron.api.wsgi [req-2495a46c-ef7a-4a9c-b61a-561f1b8f557e req-209835a4-8112-4242-8e11-60838b5c5e5e ceb89a06057345148043faeaccaa6b08 f9fb9a9f9cb94349b2b09b518b11bb22 - - 92528f82975c46bdaab9e69bfb83a290 92528f82975c46bdaab9e69bfb83a290] 199.204.45.74 "GET /v2.0/ports?network_id=e22995e0-5c1a-4cb1-8eed-f4cc4dd6d650&device_owner=network%3Adhcp HTTP/1.1" status: 200 len: 210 time: 0.0178380
2026-07-01 08:35:01.775 9 INFO neutron.api.v2.resource [req-ea47acda-a75d-4d40-bd7c-ea4a15189f41 req-e8b3c818-50db-4499-9182-9fd833bfae2a 163420d71b7b4379bb9713d7d71d1844 841ae76579ac4f2c90ec7e9bdce05725 - - default default] show failed (client error): The resource could not be found.
2026-07-01 08:35:01.776 9 INFO neutron.api.wsgi [req-ea47acda-a75d-4d40-bd7c-ea4a15189f41 req-e8b3c818-50db-4499-9182-9fd833bfae2a 163420d71b7b4379bb9713d7d71d1844 841ae76579ac4f2c90ec7e9bdce05725 - - default default] 10.0.0.193 "GET /v2.0/security-groups/279bb7de-6d7f-4d83-a80a-092dd8b4b860 HTTP/1.1" status: 404 len: 352 time: 0.0238934
2026-07-01 08:35:01.817 10 INFO neutron.api.wsgi [req-2495a46c-ef7a-4a9c-b61a-561f1b8f557e req-3299c5bd-2c05-4ccb-bc82-39e09e8cef57 ceb89a06057345148043faeaccaa6b08 f9fb9a9f9cb94349b2b09b518b11bb22 - - 92528f82975c46bdaab9e69bfb83a290 92528f82975c46bdaab9e69bfb83a290] 199.204.45.74 "GET /v2.0/networks/e22995e0-5c1a-4cb1-8eed-f4cc4dd6d650?fields=segments HTTP/1.1" status: 200 len: 212 time: 0.0504007
2026-07-01 08:35:01.868 10 INFO neutron.api.wsgi [req-2495a46c-ef7a-4a9c-b61a-561f1b8f557e req-7298a44d-a8e6-4c6c-a95d-29c5c32db381 ceb89a06057345148043faeaccaa6b08 f9fb9a9f9cb94349b2b09b518b11bb22 - - 92528f82975c46bdaab9e69bfb83a290 92528f82975c46bdaab9e69bfb83a290] 199.204.45.74 "GET /v2.0/networks/e22995e0-5c1a-4cb1-8eed-f4cc4dd6d650?fields=provider%3Aphysical_network&fields=provider%3Anetwork_type HTTP/1.1" status: 200 len: 277 time: 0.0422013
2026-07-01 08:35:02.466 9 INFO neutron.db.ovn_revision_numbers_db [None req-06c92164-fd4d-49a0-8037-37f3de02d5b8 991f878582354d1f888b6bbe3cf95f71 2d0bd1ad3da447969a0e62e33e068dbe - - default default] Successfully bumped revision number for resource 34ef0b46-d1ae-4ce7-9a53-eb5c7d27154d (type: floatingips) to 1
2026-07-01 08:35:02.554 10 INFO neutron.api.wsgi [req-fb4881b4-f5b6-4240-8d6b-755feacd39e9 req-9d612bcc-749d-47a1-98ea-d901ce034a68 0bd2da6f22064baeae922135b85b7898 0bf05f5d34c5449c93427dcba25b8874 - - default default] 10.0.0.193 "GET /v2.0/ports?device_id=6d173e1f-20a1-4d00-87ef-62cb36e0f5d2 HTTP/1.1" status: 200 len: 1174 time: 0.0754843
2026-07-01 08:35:02.604 10 INFO neutron.api.wsgi [req-fb4881b4-f5b6-4240-8d6b-755feacd39e9 req-323a4c42-339a-4fb7-8dd5-deba4b05e653 0bd2da6f22064baeae922135b85b7898 0bf05f5d34c5449c93427dcba25b8874 - - default default] 10.0.0.193 "GET /v2.0/security-groups?id=6ffb3519-3e00-484b-afc5-62144f8a9c3e&fields=id&fields=name HTTP/1.1" status: 200 len: 286 time: 0.0426049
2026-07-01 08:35:02.612 9 INFO neutron.db.ovn_revision_numbers_db [None req-06c92164-fd4d-49a0-8037-37f3de02d5b8 991f878582354d1f888b6bbe3cf95f71 2d0bd1ad3da447969a0e62e33e068dbe - - default default] Successfully bumped revision number for resource 34ef0b46-d1ae-4ce7-9a53-eb5c7d27154d (type: floatingips) to 2
2026-07-01 08:35:02.612 9 INFO neutron.db.l3_db [None req-06c92164-fd4d-49a0-8037-37f3de02d5b8 991f878582354d1f888b6bbe3cf95f71 2d0bd1ad3da447969a0e62e33e068dbe - - default default] Floating IP 34ef0b46-d1ae-4ce7-9a53-eb5c7d27154d associated. External IP: 10.96.250.217, port: e047cdd1-a0b1-4672-b8cf-c64c69e3ffb3.
2026-07-01 08:35:02.656 9 INFO neutron.api.wsgi [None req-06c92164-fd4d-49a0-8037-37f3de02d5b8 991f878582354d1f888b6bbe3cf95f71 2d0bd1ad3da447969a0e62e33e068dbe - - default default] 10.0.0.220 "PUT /v2.0/floatingips/34ef0b46-d1ae-4ce7-9a53-eb5c7d27154d HTTP/1.1" status: 200 len: 1049 time: 1.2242723
2026-07-01 08:35:02.797 9 INFO neutron.api.wsgi [req-cc9aba07-94a3-4095-8222-1c7881dd7a16 req-6083c50a-ee81-4b10-aaa3-4fbbe244114b cda1f56858954ea18ec4ea853ae4634a 13481f24b6c94c908d209a5de2f9e8cc - - default default] 10.0.0.193 "GET /v2.0/ports?device_id=a14eac8b-d2c5-4805-9f60-6a71aa73389d HTTP/1.1" status: 200 len: 1170 time: 0.0476165
2026-07-01 08:35:02.812 10 INFO neutron.api.wsgi [req-799b01d0-1dec-457d-9f92-f41f7d794ff9 req-82de9fcb-9e1e-4993-b475-8daa2fbfc3d5 991f878582354d1f888b6bbe3cf95f71 2d0bd1ad3da447969a0e62e33e068dbe - - default default] 10.0.0.193 "GET /v2.0/ports?device_id=2eef2a73-51da-4d7c-ac51-2a39ab32cd81 HTTP/1.1" status: 200 len: 1170 time: 0.1040127
2026-07-01 08:35:02.840 9 INFO neutron.api.wsgi [req-cc9aba07-94a3-4095-8222-1c7881dd7a16 req-a03d81ef-540a-4234-befb-14a98830b317 cda1f56858954ea18ec4ea853ae4634a 13481f24b6c94c908d209a5de2f9e8cc - - default default] 10.0.0.193 "GET /v2.0/security-groups?id=3c1795d9-ed47-4a99-9a7d-de189e44b368&fields=id&fields=name HTTP/1.1" status: 200 len: 313 time: 0.0366063
2026-07-01 08:35:02.855 10 INFO neutron.api.wsgi [req-799b01d0-1dec-457d-9f92-f41f7d794ff9 req-9565fa97-6b74-4126-bb4e-adc51342f7da 991f878582354d1f888b6bbe3cf95f71 2d0bd1ad3da447969a0e62e33e068dbe - - default default] 10.0.0.193 "GET /v2.0/security-groups?id=024f3fab-e8f6-4069-bca5-1d8727b4da65&fields=id&fields=name HTTP/1.1" status: 200 len: 312 time: 0.0375440
2026-07-01 08:35:03.158 9 INFO neutron.notifiers.nova [-] Nova event matching ['req-32382c12-7280-46f2-b0c3-74c466550f3a'] response: {'name': 'network-changed', 'server_uuid': '2eef2a73-51da-4d7c-ac51-2a39ab32cd81', 'tag': 'e047cdd1-a0b1-4672-b8cf-c64c69e3ffb3', 'status': 'completed', 'code': 200}
2026-07-01 08:35:03.176 10 INFO neutron.api.wsgi [req-17c3ba6b-1a03-4f55-bbcc-7d53730febbd req-98ca0336-e128-4a64-a41c-5dc7e66c113b cda1f56858954ea18ec4ea853ae4634a 13481f24b6c94c908d209a5de2f9e8cc - - default default] 199.204.45.74 "GET /v2.0/ports?device_id=a14eac8b-d2c5-4805-9f60-6a71aa73389d HTTP/1.1" status: 200 len: 1170 time: 0.0459764
2026-07-01 08:35:03.252 10 INFO neutron.api.wsgi [req-9f5bf50e-f9d9-4b49-9057-d1047a083c00 req-fa04219f-7121-45f2-be53-24a4ccefa71e 991f878582354d1f888b6bbe3cf95f71 2d0bd1ad3da447969a0e62e33e068dbe - - default default] 10.0.0.193 "GET /v2.0/ports?device_id=2eef2a73-51da-4d7c-ac51-2a39ab32cd81 HTTP/1.1" status: 200 len: 1170 time: 0.0741320
2026-07-01 08:35:03.306 10 INFO neutron.api.wsgi [req-9f5bf50e-f9d9-4b49-9057-d1047a083c00 req-6db7bb4d-a99f-49d7-860e-2d12e5c3bdf3 991f878582354d1f888b6bbe3cf95f71 2d0bd1ad3da447969a0e62e33e068dbe - - default default] 10.0.0.193 "GET /v2.0/security-groups?id=024f3fab-e8f6-4069-bca5-1d8727b4da65&fields=id&fields=name HTTP/1.1" status: 200 len: 312 time: 0.0499613
2026-07-01 08:35:03.352 9 INFO neutron.api.wsgi [req-07ac630f-bdd3-4e0a-9872-f5574b89add4 req-794cc9f9-0e7a-4fcf-a4e9-3ca76ed91abb 0bd2da6f22064baeae922135b85b7898 0bf05f5d34c5449c93427dcba25b8874 - - default default] 10.0.0.193 "GET /v2.0/ports?device_id=6d173e1f-20a1-4d00-87ef-62cb36e0f5d2 HTTP/1.1" status: 200 len: 1174 time: 0.1437650
2026-07-01 08:35:03.407 9 INFO neutron.api.wsgi [req-07ac630f-bdd3-4e0a-9872-f5574b89add4 req-381d9b02-58c1-41d3-9839-5b1816ca74d1 0bd2da6f22064baeae922135b85b7898 0bf05f5d34c5449c93427dcba25b8874 - - default default] 10.0.0.193 "GET /v2.0/security-groups?id=6ffb3519-3e00-484b-afc5-62144f8a9c3e&fields=id&fields=name HTTP/1.1" status: 200 len: 286 time: 0.0478022
2026-07-01 08:35:03.441 10 WARNING neutron.plugins.ml2.drivers.ovn.mech_driver.ovsdb.ovn_client [None req-74034c33-acc1-4973-933f-45a3a05a91ea - - - - - -] No port found with ID 6a45633e-0423-4ff8-81d9-987776693fd0: RuntimeError: No port found with ID 6a45633e-0423-4ff8-81d9-987776693fd0
2026-07-01 08:35:03.684 9 INFO neutron.plugins.ml2.drivers.ovn.mech_driver.mech_driver [None req-d5f8d23f-583b-4a6e-9269-335aecd4f194 - - - - - -] OVN reports status down for port: a51c41ea-9570-4283-bf58-3fc299d3c334
2026-07-01 08:35:03.689 10 INFO neutron.plugins.ml2.drivers.ovn.mech_driver.mech_driver [None req-74034c33-acc1-4973-933f-45a3a05a91ea - - - - - -] OVN reports status down for port: 0fc243f8-0410-4dc6-a302-8d8508e2fdde
2026-07-01 08:35:03.715 9 INFO neutron.api.wsgi [req-90ca5371-2792-4e2e-903f-b242e2b7ad4d req-33d8de44-aaf1-43a0-9018-8ce065e98817 ceb89a06057345148043faeaccaa6b08 f9fb9a9f9cb94349b2b09b518b11bb22 - - 92528f82975c46bdaab9e69bfb83a290 92528f82975c46bdaab9e69bfb83a290] 199.204.45.74 "GET /v2.0/ports?tenant_id=2d0bd1ad3da447969a0e62e33e068dbe&device_id=2eef2a73-51da-4d7c-ac51-2a39ab32cd81 HTTP/1.1" status: 200 len: 1409 time: 0.0480776
2026-07-01 08:35:03.766 9 INFO neutron.api.wsgi [req-90ca5371-2792-4e2e-903f-b242e2b7ad4d req-baa711a3-b520-425a-9ecc-677c471fee8c ceb89a06057345148043faeaccaa6b08 f9fb9a9f9cb94349b2b09b518b11bb22 - - 92528f82975c46bdaab9e69bfb83a290 92528f82975c46bdaab9e69bfb83a290] 199.204.45.74 "GET /v2.0/networks?id=5f1e7121-0b4f-41cd-a4bd-fa0abcc4f4df HTTP/1.1" status: 200 len: 974 time: 0.0451829
2026-07-01 08:35:03.843 9 INFO neutron.api.wsgi [None req-a303e417-bf96-4d00-97b6-06a9bca82325 36b0c00a8e904af6ac46d1e4d432fc01 bd75923a26204044a26a04f015198e04 - - default default] 10.0.0.220 "PUT /v2.0/routers/2afb6b87-e7a7-49a2-94e5-a1c09019790e/remove_router_interface HTTP/1.1" status: 200 len: 503 time: 2.0543540 /var/lib/openstack/lib/python3.12/site-packages/pycadf/identifier.py:71: UserWarning: Invalid uuid: neutron. To ensure interoperability, identifiers should be a valid uuid. warnings.warn(('Invalid uuid: %s. To ensure interoperability, '
2026-07-01 08:35:03.905 9 INFO neutron.api.wsgi [req-90ca5371-2792-4e2e-903f-b242e2b7ad4d req-9c33ed27-1895-42ce-bf4e-52acaf01b73d ceb89a06057345148043faeaccaa6b08 f9fb9a9f9cb94349b2b09b518b11bb22 - - 92528f82975c46bdaab9e69bfb83a290 92528f82975c46bdaab9e69bfb83a290] 199.204.45.74 "GET /v2.0/floatingips?fixed_ip_address=10.100.0.7&port_id=e047cdd1-a0b1-4672-b8cf-c64c69e3ffb3 HTTP/1.1" status: 200 len: 1059 time: 0.1332679
2026-07-01 08:35:03.910 10 INFO neutron.db.l3_db [req-17c3ba6b-1a03-4f55-bbcc-7d53730febbd req-b9d2ace6-0d77-453d-a744-977ca13a6beb cda1f56858954ea18ec4ea853ae4634a 13481f24b6c94c908d209a5de2f9e8cc - - default default] Floating IP e6fad6a7-2896-4783-8ecd-b12aa1bb69ea disassociated. External IP: 10.96.250.202, port: 0fc243f8-0410-4dc6-a302-8d8508e2fdde. /var/lib/openstack/lib/python3.12/site-packages/pycadf/identifier.py:71: UserWarning: Invalid uuid: neutron. To ensure interoperability, identifiers should be a valid uuid. warnings.warn(('Invalid uuid: %s. To ensure interoperability, '
2026-07-01 08:35:03.970 10 INFO neutron.api.wsgi [req-3cdbc14b-986c-49cc-a2f4-79e652a6a05d req-75fb7261-271a-48eb-a8ed-f802040b9a5b cda1f56858954ea18ec4ea853ae4634a 13481f24b6c94c908d209a5de2f9e8cc - - default default] 10.0.0.193 "GET /v2.0/ports?device_id=a14eac8b-d2c5-4805-9f60-6a71aa73389d HTTP/1.1" status: 200 len: 1170 time: 0.0565269
2026-07-01 08:35:03.994 9 INFO neutron.api.wsgi [req-90ca5371-2792-4e2e-903f-b242e2b7ad4d req-33606427-1aaa-42d1-b974-8de216062eab ceb89a06057345148043faeaccaa6b08 f9fb9a9f9cb94349b2b09b518b11bb22 - - 92528f82975c46bdaab9e69bfb83a290 92528f82975c46bdaab9e69bfb83a290] 199.204.45.74 "GET /v2.0/subnets?id=82d44e82-7fb9-4059-bd58-4708633c5104 HTTP/1.1" status: 200 len: 893 time: 0.0844514
2026-07-01 08:35:04.030 9 INFO neutron.api.wsgi [req-90ca5371-2792-4e2e-903f-b242e2b7ad4d req-65c9c033-63c1-43bb-ac49-7ea912042939 ceb89a06057345148043faeaccaa6b08 f9fb9a9f9cb94349b2b09b518b11bb22 - - 92528f82975c46bdaab9e69bfb83a290 92528f82975c46bdaab9e69bfb83a290] 199.204.45.74 "GET /v2.0/ports?network_id=5f1e7121-0b4f-41cd-a4bd-fa0abcc4f4df&device_owner=network%3Adhcp HTTP/1.1" status: 200 len: 210 time: 0.0307975
2026-07-01 08:35:04.053 10 INFO neutron.api.wsgi [req-3cdbc14b-986c-49cc-a2f4-79e652a6a05d req-1560da41-2367-4796-a367-6d95e7836123 cda1f56858954ea18ec4ea853ae4634a 13481f24b6c94c908d209a5de2f9e8cc - - default default] 10.0.0.193 "GET /v2.0/security-groups?id=3c1795d9-ed47-4a99-9a7d-de189e44b368&fields=id&fields=name HTTP/1.1" status: 200 len: 313 time: 0.0670271
2026-07-01 08:35:04.110 10 INFO neutron.api.wsgi [req-17c3ba6b-1a03-4f55-bbcc-7d53730febbd req-b9d2ace6-0d77-453d-a744-977ca13a6beb cda1f56858954ea18ec4ea853ae4634a 13481f24b6c94c908d209a5de2f9e8cc - - default default] 199.204.45.74 "DELETE /v2.0/ports/0fc243f8-0410-4dc6-a302-8d8508e2fdde HTTP/1.1" status: 204 len: 173 time: 0.9294848
2026-07-01 08:35:04.138 9 INFO neutron.api.wsgi [req-90ca5371-2792-4e2e-903f-b242e2b7ad4d req-d74fdf85-b32c-4d5a-8e02-584d698d9f35 ceb89a06057345148043faeaccaa6b08 f9fb9a9f9cb94349b2b09b518b11bb22 - - 92528f82975c46bdaab9e69bfb83a290 92528f82975c46bdaab9e69bfb83a290] 199.204.45.74 "GET /v2.0/networks/5f1e7121-0b4f-41cd-a4bd-fa0abcc4f4df?fields=segments HTTP/1.1" status: 200 len: 212 time: 0.0986927
2026-07-01 08:35:04.155 10 INFO neutron.notifiers.nova [-] Nova event matching ['req-f7980644-7a96-4232-b38e-93b0bfd6fe92'] response: {'server_uuid': 'a14eac8b-d2c5-4805-9f60-6a71aa73389d', 'name': 'network-vif-deleted', 'tag': '0fc243f8-0410-4dc6-a302-8d8508e2fdde', 'status': 'completed', 'code': 200}
2026-07-01 08:35:04.205 9 INFO neutron.api.wsgi [req-90ca5371-2792-4e2e-903f-b242e2b7ad4d req-23bba007-1f60-49f3-9243-9a519afaec80 ceb89a06057345148043faeaccaa6b08 f9fb9a9f9cb94349b2b09b518b11bb22 - - 92528f82975c46bdaab9e69bfb83a290 92528f82975c46bdaab9e69bfb83a290] 199.204.45.74 "GET /v2.0/networks/5f1e7121-0b4f-41cd-a4bd-fa0abcc4f4df?fields=provider%3Aphysical_network&fields=provider%3Anetwork_type HTTP/1.1" status: 200 len: 277 time: 0.0600741
2026-07-01 08:35:04.256 9 INFO neutron.db.ovn_revision_numbers_db [None req-d5f8d23f-583b-4a6e-9269-335aecd4f194 - - - - - -] Successfully bumped revision number for resource a51c41ea-9570-4283-bf58-3fc299d3c334 (type: ports) to 6
2026-07-01 08:35:04.312 9 INFO neutron.plugins.ml2.drivers.ovn.mech_driver.mech_driver [None req-c8a34a24-5fab-41aa-9227-ff9fd27ba7a8 - - - - - -] OVN reports status down for port: e047cdd1-a0b1-4672-b8cf-c64c69e3ffb3
2026-07-01 08:35:04.424 10 INFO neutron.api.wsgi [req-664d0904-24a8-4970-9a79-5a04bfcb5478 req-8aefa42a-e980-4c13-9924-fe67c29340ce 991f878582354d1f888b6bbe3cf95f71 2d0bd1ad3da447969a0e62e33e068dbe - - default default] 10.0.0.193 "GET /v2.0/ports?device_id=2eef2a73-51da-4d7c-ac51-2a39ab32cd81 HTTP/1.1" status: 200 len: 1170 time: 0.0470905
2026-07-01 08:35:04.471 10 INFO neutron.api.wsgi [req-664d0904-24a8-4970-9a79-5a04bfcb5478 req-ad65b282-a571-46e4-b0ac-ba498068f80a 991f878582354d1f888b6bbe3cf95f71 2d0bd1ad3da447969a0e62e33e068dbe - - default default] 10.0.0.193 "GET /v2.0/security-groups?id=024f3fab-e8f6-4069-bca5-1d8727b4da65&fields=id&fields=name HTTP/1.1" status: 200 len: 312 time: 0.0427706 /var/lib/openstack/lib/python3.12/site-packages/pycadf/identifier.py:71: UserWarning: Invalid uuid: neutron. To ensure interoperability, identifiers should be a valid uuid. warnings.warn(('Invalid uuid: %s. To ensure interoperability, '
2026-07-01 08:35:04.534 9 INFO neutron.api.wsgi [req-e2a79b4a-1d63-4190-b3eb-779ef1b8adcb req-756c84d9-95be-4ecf-9727-e5fd1dce42c2 0bd2da6f22064baeae922135b85b7898 0bf05f5d34c5449c93427dcba25b8874 - - default default] 10.0.0.193 "GET /v2.0/ports?device_id=6d173e1f-20a1-4d00-87ef-62cb36e0f5d2 HTTP/1.1" status: 200 len: 1172 time: 0.0437086
2026-07-01 08:35:04.572 10 ERROR ovsdbapp.backend.ovs_idl.command [None req-74034c33-acc1-4973-933f-45a3a05a91ea - - - - - -] Error executing command (LspGetUpCommand): ovsdbapp.backend.ovs_idl.idlutils.RowNotFound: Cannot find Logical_Switch_Port with name=0fc243f8-0410-4dc6-a302-8d8508e2fdde
2026-07-01 08:35:04.572 10 ERROR ovsdbapp.backend.ovs_idl.command
Traceback (most recent call last):
2026-07-01 08:35:04.572 10 ERROR ovsdbapp.backend.ovs_idl.command
File "/var/lib/openstack/lib/python3.12/site-packages/ovsdbapp/backend/ovs_idl/command.py", line 47, in execute
2026-07-01 08:35:04.572 10 ERROR ovsdbapp.backend.ovs_idl.command self.run_idl(None)
2026-07-01 08:35:04.572 10 ERROR ovsdbapp.backend.ovs_idl.command
File "/var/lib/openstack/lib/python3.12/site-packages/ovsdbapp/schema/ovn_northbound/commands.py", line 679, in run_idl
2026-07-01 08:35:04.572 10 ERROR ovsdbapp.backend.ovs_idl.command lsp = self.api.lookup('Logical_Switch_Port', self.port)
2026-07-01 08:35:04.572 10 ERROR ovsdbapp.backend.ovs_idl.command ^^^^^^^^^^^^^^^^^^^^^^^^^^^^^^^^^^^^^^^^^^^^^^^^^
2026-07-01 08:35:04.572 10 ERROR ovsdbapp.backend.ovs_idl.command
File "/var/lib/openstack/lib/python3.12/site-packages/ovsdbapp/backend/ovs_idl/__init__.py", line 184, in lookup
2026-07-01 08:35:04.572 10 ERROR ovsdbapp.backend.ovs_idl.command return self._lookup(table, record)
2026-07-01 08:35:04.572 10 ERROR ovsdbapp.backend.ovs_idl.command ^^^^^^^^^^^^^^^^^^^^^^^^^^^
2026-07-01 08:35:04.572 10 ERROR ovsdbapp.backend.ovs_idl.command
File "/var/lib/openstack/lib/python3.12/site-packages/ovsdbapp/backend/ovs_idl/__init__.py", line 235, in _lookup
2026-07-01 08:35:04.572 10 ERROR ovsdbapp.backend.ovs_idl.command row = idlutils.row_by_value(self, rl.table, rl.column, record)
2026-07-01 08:35:04.572 10 ERROR ovsdbapp.backend.ovs_idl.command ^^^^^^^^^^^^^^^^^^^^^^^^^^^^^^^^^^^^^^^^^^^^^^^^^^^^^^^^
2026-07-01 08:35:04.572 10 ERROR ovsdbapp.backend.ovs_idl.command
File "/var/lib/openstack/lib/python3.12/site-packages/ovsdbapp/backend/ovs_idl/idlutils.py", line 114, in row_by_value
2026-07-01 08:35:04.572 10 ERROR ovsdbapp.backend.ovs_idl.command raise RowNotFound(table=table, col=column, match=match)
2026-07-01 08:35:04.572 10 ERROR ovsdbapp.backend.ovs_idl.command ovsdbapp.backend.ovs_idl.idlutils.RowNotFound: Cannot find Logical_Switch_Port with name=0fc243f8-0410-4dc6-a302-8d8508e2fdde
2026-07-01 08:35:04.572 10 ERROR ovsdbapp.backend.ovs_idl.command
2026-07-01 08:35:04.574 10 ERROR ovsdbapp.event [None req-74034c33-acc1-4973-933f-45a3a05a91ea - - - - - -] Unexpected exception in notify_loop: ovsdbapp.backend.ovs_idl.idlutils.RowNotFound: Cannot find Logical_Switch_Port with name=0fc243f8-0410-4dc6-a302-8d8508e2fdde
2026-07-01 08:35:04.574 10 ERROR ovsdbapp.event
Traceback (most recent call last):
2026-07-01 08:35:04.574 10 ERROR ovsdbapp.event
File "/var/lib/openstack/lib/python3.12/site-packages/ovsdbapp/event.py", line 177, in notify_loop
2026-07-01 08:35:04.574 10 ERROR ovsdbapp.event match.run(event, row, updates)
2026-07-01 08:35:04.574 10 ERROR ovsdbapp.event
File "/var/lib/openstack/lib/python3.12/site-packages/neutron/plugins/ml2/drivers/ovn/mech_driver/ovsdb/ovsdb_monitor.py", line 542, in run
2026-07-01 08:35:04.574 10 ERROR ovsdbapp.event self.driver.set_port_status_down(row.name)
2026-07-01 08:35:04.574 10 ERROR ovsdbapp.event
