2026-07-01 08:00:58.601 15 INFO neutron.plugins.ml2.drivers.ovn.mech_driver.ovsdb.maintenance [None req-404d9f9f-a923-4d02-a039-8b003351bca2 - - - - - -] OVN maintenance task set_network_type finished in 0.005 seconds
2026-07-01 08:00:58.602 15 INFO neutron.plugins.ml2.drivers.ovn.mech_driver.ovsdb.maintenance [None req-404d9f9f-a923-4d02-a039-8b003351bca2 - - - - - -] OVN maintenance task update_mac_aging_settings finished in 0.001 seconds
2026-07-01 08:00:58.607 15 INFO neutron.plugins.ml2.drivers.ovn.mech_driver.ovsdb.maintenance [None req-404d9f9f-a923-4d02-a039-8b003351bca2 - - - - - -] OVN maintenance task update_router_distributed_flag finished in 0.004 seconds
2026-07-01 08:00:58.607 15 INFO neutron.plugins.ml2.drivers.ovn.mech_driver.ovsdb.maintenance [None req-404d9f9f-a923-4d02-a039-8b003351bca2 - - - - - -] OVN maintenance task update_router_static_routes finished in 0.000 seconds
2026-07-01 08:00:58.618 15 INFO neutron.plugins.ml2.drivers.ovn.mech_driver.ovsdb.maintenance [None req-404d9f9f-a923-4d02-a039-8b003351bca2 - - - - - -] OVN maintenance task update_security_group_with_address_group finished in 0.010 seconds
2026-07-01 08:01:06.394 10 INFO neutron.api.wsgi [-] 10.0.0.21 "GET / HTTP/1.1" status: 200 len: 247 time: 0.0074015 /var/lib/openstack/lib/python3.12/site-packages/pycadf/identifier.py:71: UserWarning: Invalid uuid: unknown. To ensure interoperability, identifiers should be a valid uuid. warnings.warn(('Invalid uuid: %s. To ensure interoperability, '
2026-07-01 08:01:08.052 9 INFO neutron.pecan_wsgi.hooks.translation [None req-caee1834-968b-4bf8-9ad3-1203ee6f1b52 36b0c00a8e904af6ac46d1e4d432fc01 bd75923a26204044a26a04f015198e04 - - default default] GET failed (client error): The resource could not be found.
2026-07-01 08:01:08.054 9 INFO neutron.api.wsgi [None req-caee1834-968b-4bf8-9ad3-1203ee6f1b52 36b0c00a8e904af6ac46d1e4d432fc01 bd75923a26204044a26a04f015198e04 - - default default] 199.204.45.74,10.0.0.21 "GET /v2.0/networks/public HTTP/1.1" status: 404 len: 290 time: 0.6153395
2026-07-01 08:01:08.078 9 INFO neutron.api.wsgi [None req-a4ad0438-3808-433a-b1de-00800710e4a1 36b0c00a8e904af6ac46d1e4d432fc01 bd75923a26204044a26a04f015198e04 - - default default] 199.204.45.74,10.0.0.21 "GET /v2.0/networks?name=public HTTP/1.1" status: 200 len: 189 time: 0.0193498
2026-07-01 08:01:08.339 9 INFO neutron.plugins.ml2.drivers.ovn.mech_driver.ovsdb.extensions.qos [None req-67865825-eb91-4c41-bf21-840251bad344 36b0c00a8e904af6ac46d1e4d432fc01 bd75923a26204044a26a04f015198e04 - - default default] Starting OVNClientQosExtension
2026-07-01 08:01:08.340 9 INFO neutron.plugins.ml2.drivers.ovn.mech_driver.ovsdb.extensions.placement [None req-67865825-eb91-4c41-bf21-840251bad344 36b0c00a8e904af6ac46d1e4d432fc01 bd75923a26204044a26a04f015198e04 - - default default] Starting OVNClientPlacementExtension
2026-07-01 08:01:08.373 9 INFO neutron.db.ovn_revision_numbers_db [None req-67865825-eb91-4c41-bf21-840251bad344 36b0c00a8e904af6ac46d1e4d432fc01 bd75923a26204044a26a04f015198e04 - - default default] Successfully bumped revision number for resource b3113260-1ec3-4c9c-bd27-08352a509764 (type: security_groups) to 1
2026-07-01 08:01:08.386 9 INFO neutron.db.ovn_revision_numbers_db [None req-67865825-eb91-4c41-bf21-840251bad344 36b0c00a8e904af6ac46d1e4d432fc01 bd75923a26204044a26a04f015198e04 - - default default] Successfully bumped revision number for resource 2b68ef76-8618-404e-be8d-01d1e20d490a (type: security_group_rules) to 0
2026-07-01 08:01:08.392 15 WARNING neutron.plugins.ml2.drivers.ovn.mech_driver.ovsdb.ovn_db_sync [None req-5b7b7337-b6e6-494b-bce2-1f052c93758c - - - - - -] New host instance found in OVN SB DB, but not in Neutron. Add its SegmentHostMapping in Neutron
2026-07-01 08:01:08.398 9 INFO neutron.db.ovn_revision_numbers_db [None req-67865825-eb91-4c41-bf21-840251bad344 36b0c00a8e904af6ac46d1e4d432fc01 bd75923a26204044a26a04f015198e04 - - default default] Successfully bumped revision number for resource 943bc362-e95f-40f8-bbed-14b7e4a3a6ad (type: security_group_rules) to 0
2026-07-01 08:01:08.409 9 INFO neutron.db.ovn_revision_numbers_db [None req-67865825-eb91-4c41-bf21-840251bad344 36b0c00a8e904af6ac46d1e4d432fc01 bd75923a26204044a26a04f015198e04 - - default default] Successfully bumped revision number for resource d633d366-f563-4983-b176-0b1a563b7fd7 (type: security_group_rules) to 0
2026-07-01 08:01:08.421 9 INFO neutron.db.ovn_revision_numbers_db [None req-67865825-eb91-4c41-bf21-840251bad344 36b0c00a8e904af6ac46d1e4d432fc01 bd75923a26204044a26a04f015198e04 - - default default] Successfully bumped revision number for resource fa989a2b-aaab-475c-a746-fc4b6aaf72f2 (type: security_group_rules) to 0
2026-07-01 08:01:08.495 9 WARNING neutron.services.revisions.revision_plugin [None req-67865825-eb91-4c41-bf21-840251bad344 36b0c00a8e904af6ac46d1e4d432fc01 bd75923a26204044a26a04f015198e04 - - default default] Could not find related network for resource to bump revision.
2026-07-01 08:01:08.520 15 INFO neutron.plugins.ml2.drivers.ovn.mech_driver.ovsdb.extensions.qos [None req-a09fd307-61a5-44ee-9908-63fa585ead3c - - - - - -] Starting OVNClientQosExtension
2026-07-01 08:01:08.523 9 INFO neutron.db.segments_db [None req-67865825-eb91-4c41-bf21-840251bad344 36b0c00a8e904af6ac46d1e4d432fc01 bd75923a26204044a26a04f015198e04 - - default default] Added segment 4af1b2e1-e5c2-477f-a710-9de2ec57140e of type flat for network 60b61759-f4f3-45eb-a1af-86e709006d56
2026-07-01 08:01:08.526 15 INFO neutron.plugins.ml2.drivers.ovn.mech_driver.ovsdb.extensions.qos [None req-a09fd307-61a5-44ee-9908-63fa585ead3c - - - - - -] Starting OVNClientQosExtension
2026-07-01 08:01:08.690 9 INFO neutron.db.ovn_revision_numbers_db [None req-67865825-eb91-4c41-bf21-840251bad344 36b0c00a8e904af6ac46d1e4d432fc01 bd75923a26204044a26a04f015198e04 - - default default] Successfully bumped revision number for resource 60b61759-f4f3-45eb-a1af-86e709006d56 (type: networks) to 1
2026-07-01 08:01:08.946 9 WARNING neutron.scheduler.dhcp_agent_scheduler [None req-67865825-eb91-4c41-bf21-840251bad344 36b0c00a8e904af6ac46d1e4d432fc01 bd75923a26204044a26a04f015198e04 - - default default] No more DHCP agents
2026-07-01 08:01:08.948 9 WARNING neutron.api.rpc.agentnotifiers.dhcp_rpc_agent_api [None req-67865825-eb91-4c41-bf21-840251bad344 36b0c00a8e904af6ac46d1e4d432fc01 bd75923a26204044a26a04f015198e04 - - default default] Unable to schedule network 60b61759-f4f3-45eb-a1af-86e709006d56: no agents available; will retry on subsequent port and subnet creation events.
2026-07-01 08:01:09.041 9 INFO neutron.db.ovn_revision_numbers_db [None req-67865825-eb91-4c41-bf21-840251bad344 36b0c00a8e904af6ac46d1e4d432fc01 bd75923a26204044a26a04f015198e04 - - default default] Successfully bumped revision number for resource 87b6f56e-482b-437d-9e6f-b4c0c4243381 (type: ports) to 1
2026-07-01 08:01:09.071 9 INFO neutron.api.wsgi [None req-67865825-eb91-4c41-bf21-840251bad344 36b0c00a8e904af6ac46d1e4d432fc01 bd75923a26204044a26a04f015198e04 - - default default] 199.204.45.74,10.0.0.21 "POST /v2.0/networks HTTP/1.1" status: 201 len: 886 time: 0.9871480 /var/lib/openstack/lib/python3.12/site-packages/pycadf/identifier.py:71: UserWarning: Invalid uuid: unknown. To ensure interoperability, identifiers should be a valid uuid. warnings.warn(('Invalid uuid: %s. To ensure interoperability, '
2026-07-01 08:01:10.593 10 INFO neutron.pecan_wsgi.hooks.translation [None req-a631b8a4-576d-450c-be75-06904d6e4157 36b0c00a8e904af6ac46d1e4d432fc01 bd75923a26204044a26a04f015198e04 - - default default] GET failed (client error): The resource could not be found.
2026-07-01 08:01:10.595 10 INFO neutron.api.wsgi [None req-a631b8a4-576d-450c-be75-06904d6e4157 36b0c00a8e904af6ac46d1e4d432fc01 bd75923a26204044a26a04f015198e04 - - default default] 199.204.45.74,10.0.0.21 "GET /v2.0/networks/public HTTP/1.1" status: 404 len: 290 time: 0.5490539
2026-07-01 08:01:10.759 10 INFO neutron.api.wsgi [None req-d8c59382-7473-48fc-a29f-1d24f48a645d 36b0c00a8e904af6ac46d1e4d432fc01 bd75923a26204044a26a04f015198e04 - - default default] 199.204.45.74,10.0.0.21 "GET /v2.0/networks?name=public HTTP/1.1" status: 200 len: 890 time: 0.1614499
2026-07-01 08:01:10.788 10 INFO neutron.pecan_wsgi.hooks.translation [None req-6f4d0bd8-5fae-42e2-bab6-b9415e54ac24 36b0c00a8e904af6ac46d1e4d432fc01 bd75923a26204044a26a04f015198e04 - - default default] GET failed (client error): The resource could not be found.
2026-07-01 08:01:10.791 10 INFO neutron.api.wsgi [None req-6f4d0bd8-5fae-42e2-bab6-b9415e54ac24 36b0c00a8e904af6ac46d1e4d432fc01 bd75923a26204044a26a04f015198e04 - - default default] 199.204.45.74,10.0.0.21 "GET /v2.0/subnets/public-subnet?network_id=60b61759-f4f3-45eb-a1af-86e709006d56 HTTP/1.1" status: 404 len: 295 time: 0.0228789
2026-07-01 08:01:10.821 10 INFO neutron.api.wsgi [None req-f5b51486-a40f-45d1-a403-0546b425d79e 36b0c00a8e904af6ac46d1e4d432fc01 bd75923a26204044a26a04f015198e04 - - default default] 199.204.45.74,10.0.0.21 "GET /v2.0/subnets?name=public-subnet&network_id=60b61759-f4f3-45eb-a1af-86e709006d56 HTTP/1.1" status: 200 len: 188 time: 0.0252256
2026-07-01 08:01:11.157 10 WARNING neutron.scheduler.dhcp_agent_scheduler [None req-b4d8b319-dfea-44d3-8136-4183a7b898bb 36b0c00a8e904af6ac46d1e4d432fc01 bd75923a26204044a26a04f015198e04 - - default default] No more DHCP agents
2026-07-01 08:01:11.159 10 WARNING neutron.api.rpc.agentnotifiers.dhcp_rpc_agent_api [None req-b4d8b319-dfea-44d3-8136-4183a7b898bb 36b0c00a8e904af6ac46d1e4d432fc01 bd75923a26204044a26a04f015198e04 - - default default] Unable to schedule network 60b61759-f4f3-45eb-a1af-86e709006d56: no agents available; will retry on subsequent port and subnet creation events.
2026-07-01 08:01:11.159 10 INFO neutron.plugins.ml2.drivers.ovn.mech_driver.ovsdb.extensions.qos [None req-b4d8b319-dfea-44d3-8136-4183a7b898bb 36b0c00a8e904af6ac46d1e4d432fc01 bd75923a26204044a26a04f015198e04 - - default default] Starting OVNClientQosExtension
2026-07-01 08:01:11.159 10 INFO neutron.plugins.ml2.drivers.ovn.mech_driver.ovsdb.extensions.placement [None req-b4d8b319-dfea-44d3-8136-4183a7b898bb 36b0c00a8e904af6ac46d1e4d432fc01 bd75923a26204044a26a04f015198e04 - - default default] Starting OVNClientPlacementExtension
2026-07-01 08:01:11.729 10 INFO neutron.db.ovn_revision_numbers_db [None req-a7d0edc6-7c9b-49a2-818a-590f836ca7bb - - - - - -] Successfully bumped revision number for resource 87b6f56e-482b-437d-9e6f-b4c0c4243381 (type: ports) to 2
2026-07-01 08:01:11.762 10 INFO neutron.db.ovn_revision_numbers_db [None req-a7d0edc6-7c9b-49a2-818a-590f836ca7bb - - - - - -] Successfully bumped revision number for resource dd88bc41-72be-4eca-a2ed-4e3b12037a7c (type: subnets) to 0
2026-07-01 08:01:11.781 10 INFO neutron.api.wsgi [None req-b4d8b319-dfea-44d3-8136-4183a7b898bb 36b0c00a8e904af6ac46d1e4d432fc01 bd75923a26204044a26a04f015198e04 - - default default] 199.204.45.74,10.0.0.21 "POST /v2.0/subnets HTTP/1.1" status: 201 len: 844 time: 0.9554846
2026-07-01 08:01:21.387 10 INFO neutron.api.wsgi [-] 10.0.0.21 "GET / HTTP/1.1" status: 200 len: 247 time: 0.0026569
2026-07-01 08:01:36.390 9 INFO neutron.api.wsgi [-] 10.0.0.21 "GET / HTTP/1.1" status: 200 len: 247 time: 0.0039008
2026-07-01 08:01:51.392 10 INFO neutron.api.wsgi [-] 10.0.0.21 "GET / HTTP/1.1" status: 200 len: 247 time: 0.0063992
2026-07-01 08:01:51.397 10 INFO neutron.api.wsgi [-] 10.0.0.21 "GET / HTTP/1.1" status: 200 len: 247 time: 0.0036323
2026-07-01 08:02:06.386 9 INFO neutron.api.wsgi [-] 10.0.0.21 "GET / HTTP/1.1" status: 200 len: 247 time: 0.0016057
2026-07-01 08:02:06.386 10 INFO neutron.api.wsgi [-] 10.0.0.21 "GET / HTTP/1.1" status: 200 len: 247 time: 0.0016069
2026-07-01 08:02:21.387 9 INFO neutron.api.wsgi [-] 10.0.0.21 "GET / HTTP/1.1" status: 200 len: 247 time: 0.0022600
2026-07-01 08:02:21.390 9 INFO neutron.api.wsgi [-] 10.0.0.21 "GET / HTTP/1.1" status: 200 len: 247 time: 0.0016656
2026-07-01 08:02:36.387 10 INFO neutron.api.wsgi [-] 10.0.0.21 "GET / HTTP/1.1" status: 200 len: 247 time: 0.0014651
2026-07-01 08:02:36.389 9 INFO neutron.api.wsgi [-] 10.0.0.21 "GET / HTTP/1.1" status: 200 len: 247 time: 0.0026855
2026-07-01 08:02:51.388 9 INFO neutron.api.wsgi [-] 10.0.0.21 "GET / HTTP/1.1" status: 200 len: 247 time: 0.0021803
2026-07-01 08:02:51.392 9 INFO neutron.api.wsgi [-] 10.0.0.21 "GET / HTTP/1.1" status: 200 len: 247 time: 0.0033164
2026-07-01 08:03:06.388 10 INFO neutron.api.wsgi [-] 10.0.0.21 "GET / HTTP/1.1" status: 200 len: 247 time: 0.0022633
2026-07-01 08:03:06.389 9 INFO neutron.api.wsgi [-] 10.0.0.21 "GET / HTTP/1.1" status: 200 len: 247 time: 0.0029702
2026-07-01 08:03:21.387 10 INFO neutron.api.wsgi [-] 10.0.0.21 "GET / HTTP/1.1" status: 200 len: 247 time: 0.0022078
2026-07-01 08:03:21.390 10 INFO neutron.api.wsgi [-] 10.0.0.21 "GET / HTTP/1.1" status: 200 len: 247 time: 0.0018737
2026-07-01 08:03:36.388 10 INFO neutron.api.wsgi [-] 10.0.0.21 "GET / HTTP/1.1" status: 200 len: 247 time: 0.0023777
2026-07-01 08:03:36.391 10 INFO neutron.api.wsgi [-] 10.0.0.21 "GET / HTTP/1.1" status: 200 len: 247 time: 0.0019815
2026-07-01 08:03:51.388 9 INFO neutron.api.wsgi [-] 10.0.0.21 "GET / HTTP/1.1" status: 200 len: 247 time: 0.0027657
2026-07-01 08:03:51.392 9 INFO neutron.api.wsgi [-] 10.0.0.21 "GET / HTTP/1.1" status: 200 len: 247 time: 0.0027173
2026-07-01 08:04:06.389 9 INFO neutron.api.wsgi [-] 10.0.0.21 "GET / HTTP/1.1" status: 200 len: 247 time: 0.0033677
2026-07-01 08:04:06.392 9 INFO neutron.api.wsgi [-] 10.0.0.21 "GET / HTTP/1.1" status: 200 len: 247 time: 0.0021281
2026-07-01 08:04:21.388 9 INFO neutron.api.wsgi [-] 10.0.0.21 "GET / HTTP/1.1" status: 200 len: 247 time: 0.0028694
2026-07-01 08:04:21.392 10 INFO neutron.api.wsgi [-] 10.0.0.21 "GET / HTTP/1.1" status: 200 len: 247 time: 0.0068710
2026-07-01 08:04:36.386 9 INFO neutron.api.wsgi [-] 10.0.0.21 "GET / HTTP/1.1" status: 200 len: 247 time: 0.0016129
2026-07-01 08:04:36.388 9 INFO neutron.api.wsgi [-] 10.0.0.21 "GET / HTTP/1.1" status: 200 len: 247 time: 0.0013335
2026-07-01 08:04:51.389 10 INFO neutron.api.wsgi [-] 10.0.0.21 "GET / HTTP/1.1" status: 200 len: 247 time: 0.0028565
2026-07-01 08:04:51.389 9 INFO neutron.api.wsgi [-] 10.0.0.21 "GET / HTTP/1.1" status: 200 len: 247 time: 0.0036333
2026-07-01 08:05:06.386 9 INFO neutron.api.wsgi [-] 10.0.0.21 "GET / HTTP/1.1" status: 200 len: 247 time: 0.0011852
2026-07-01 08:05:06.387 9 INFO neutron.api.wsgi [-] 10.0.0.21 "GET / HTTP/1.1" status: 200 len: 247 time: 0.0009005
2026-07-01 08:05:21.389 9 INFO neutron.api.wsgi [-] 10.0.0.21 "GET / HTTP/1.1" status: 200 len: 247 time: 0.0030689
2026-07-01 08:05:21.389 10 INFO neutron.api.wsgi [-] 10.0.0.21 "GET / HTTP/1.1" status: 200 len: 247 time: 0.0032425
2026-07-01 08:05:36.387 10 INFO neutron.api.wsgi [-] 10.0.0.21 "GET / HTTP/1.1" status: 200 len: 247 time: 0.0016091
2026-07-01 08:05:36.389 9 INFO neutron.api.wsgi [-] 10.0.0.21 "GET / HTTP/1.1" status: 200 len: 247 time: 0.0034380
2026-07-01 08:05:51.386 10 INFO neutron.api.wsgi [-] 10.0.0.21 "GET / HTTP/1.1" status: 200 len: 247 time: 0.0013967
2026-07-01 08:05:51.387 9 INFO neutron.api.wsgi [-] 10.0.0.21 "GET / HTTP/1.1" status: 200 len: 247 time: 0.0025847
2026-07-01 08:05:53.142 10 INFO neutron.pecan_wsgi.hooks.translation [None req-12d152ed-24f5-4f06-92b5-bb8129555f2c 36b0c00a8e904af6ac46d1e4d432fc01 bd75923a26204044a26a04f015198e04 - - default default] GET failed (client error): The resource could not be found.
2026-07-01 08:05:53.143 10 INFO neutron.api.wsgi [None req-12d152ed-24f5-4f06-92b5-bb8129555f2c 36b0c00a8e904af6ac46d1e4d432fc01 bd75923a26204044a26a04f015198e04 - - default default] 199.204.45.74,10.0.0.21 "GET /v2.0/networks/lb-mgmt-net HTTP/1.1" status: 404 len: 295 time: 0.1453969
2026-07-01 08:05:53.157 10 INFO neutron.api.wsgi [None req-d2f29fb2-88c4-4b02-9794-5ed0d055b973 36b0c00a8e904af6ac46d1e4d432fc01 bd75923a26204044a26a04f015198e04 - - default default] 199.204.45.74,10.0.0.21 "GET /v2.0/networks?name=lb-mgmt-net HTTP/1.1" status: 200 len: 189 time: 0.0101902
2026-07-01 08:05:53.244 10 INFO neutron.db.segments_db [None req-18a42994-600e-45b1-b3b2-1863d16b341e 36b0c00a8e904af6ac46d1e4d432fc01 bd75923a26204044a26a04f015198e04 - - default default] Added segment 199a3e4f-4e4f-41b6-97d6-67929c1bff04 of type geneve for network 9e92d05f-a029-4e49-9afc-c7ba09cda33d
2026-07-01 08:05:53.375 10 INFO neutron.db.ovn_revision_numbers_db [None req-18a42994-600e-45b1-b3b2-1863d16b341e 36b0c00a8e904af6ac46d1e4d432fc01 bd75923a26204044a26a04f015198e04 - - default default] Successfully bumped revision number for resource 9e92d05f-a029-4e49-9afc-c7ba09cda33d (type: networks) to 1
2026-07-01 08:05:53.535 10 WARNING neutron.scheduler.dhcp_agent_scheduler [None req-18a42994-600e-45b1-b3b2-1863d16b341e 36b0c00a8e904af6ac46d1e4d432fc01 bd75923a26204044a26a04f015198e04 - - default default] No more DHCP agents
2026-07-01 08:05:53.537 10 WARNING neutron.api.rpc.agentnotifiers.dhcp_rpc_agent_api [None req-18a42994-600e-45b1-b3b2-1863d16b341e 36b0c00a8e904af6ac46d1e4d432fc01 bd75923a26204044a26a04f015198e04 - - default default] Unable to schedule network 9e92d05f-a029-4e49-9afc-c7ba09cda33d: no agents available; will retry on subsequent port and subnet creation events.
2026-07-01 08:05:53.600 10 INFO neutron.db.ovn_revision_numbers_db [None req-18a42994-600e-45b1-b3b2-1863d16b341e 36b0c00a8e904af6ac46d1e4d432fc01 bd75923a26204044a26a04f015198e04 - - default default] Successfully bumped revision number for resource 1a4ba065-28a1-4b6d-9212-27f8650b6039 (type: ports) to 1
2026-07-01 08:05:53.619 10 INFO neutron.api.wsgi [None req-18a42994-600e-45b1-b3b2-1863d16b341e 36b0c00a8e904af6ac46d1e4d432fc01 bd75923a26204044a26a04f015198e04 - - default default] 199.204.45.74,10.0.0.21 "POST /v2.0/networks HTTP/1.1" status: 201 len: 890 time: 0.4557343
2026-07-01 08:05:54.594 10 INFO neutron.pecan_wsgi.hooks.translation [None req-9c65daba-d674-4e9f-a24f-bfa69286311b 36b0c00a8e904af6ac46d1e4d432fc01 bd75923a26204044a26a04f015198e04 - - default default] GET failed (client error): The resource could not be found.
2026-07-01 08:05:54.595 10 INFO neutron.api.wsgi [None req-9c65daba-d674-4e9f-a24f-bfa69286311b 36b0c00a8e904af6ac46d1e4d432fc01 bd75923a26204044a26a04f015198e04 - - default default] 199.204.45.74,10.0.0.21 "GET /v2.0/networks/lb-mgmt-net HTTP/1.1" status: 404 len: 295 time: 0.0456624
2026-07-01 08:05:54.632 10 INFO neutron.api.wsgi [None req-c8295383-0ce2-42db-84f8-21e70aaa054d 36b0c00a8e904af6ac46d1e4d432fc01 bd75923a26204044a26a04f015198e04 - - default default] 199.204.45.74,10.0.0.21 "GET /v2.0/networks?name=lb-mgmt-net HTTP/1.1" status: 200 len: 875 time: 0.0333102
2026-07-01 08:05:54.653 10 INFO neutron.pecan_wsgi.hooks.translation [None req-814acab9-55b5-4d91-9d36-96e2f5216213 36b0c00a8e904af6ac46d1e4d432fc01 bd75923a26204044a26a04f015198e04 - - default default] GET failed (client error): The resource could not be found.
2026-07-01 08:05:54.654 10 INFO neutron.api.wsgi [None req-814acab9-55b5-4d91-9d36-96e2f5216213 36b0c00a8e904af6ac46d1e4d432fc01 bd75923a26204044a26a04f015198e04 - - default default] 199.204.45.74,10.0.0.21 "GET /v2.0/subnets/lb-mgmt-subnet?network_id=9e92d05f-a029-4e49-9afc-c7ba09cda33d HTTP/1.1" status: 404 len: 296 time: 0.0126202
2026-07-01 08:05:54.670 10 INFO neutron.api.wsgi [None req-d6a49c9e-dfe6-4869-ade4-a51c74875492 36b0c00a8e904af6ac46d1e4d432fc01 bd75923a26204044a26a04f015198e04 - - default default] 199.204.45.74,10.0.0.21 "GET /v2.0/subnets?name=lb-mgmt-subnet&network_id=9e92d05f-a029-4e49-9afc-c7ba09cda33d HTTP/1.1" status: 200 len: 188 time: 0.0122883
2026-07-01 08:05:54.788 10 WARNING neutron.scheduler.dhcp_agent_scheduler [None req-5bfe3f08-6bc9-41a6-9709-cf364016e981 36b0c00a8e904af6ac46d1e4d432fc01 bd75923a26204044a26a04f015198e04 - - default default] No more DHCP agents
2026-07-01 08:05:54.789 10 WARNING neutron.api.rpc.agentnotifiers.dhcp_rpc_agent_api [None req-5bfe3f08-6bc9-41a6-9709-cf364016e981 36b0c00a8e904af6ac46d1e4d432fc01 bd75923a26204044a26a04f015198e04 - - default default] Unable to schedule network 9e92d05f-a029-4e49-9afc-c7ba09cda33d: no agents available; will retry on subsequent port and subnet creation events.
2026-07-01 08:05:55.173 10 INFO neutron.db.ovn_revision_numbers_db [None req-cdd1f2ab-8d79-4862-b77c-1b63e7604e75 - - - - - -] Successfully bumped revision number for resource 1a4ba065-28a1-4b6d-9212-27f8650b6039 (type: ports) to 2
2026-07-01 08:05:55.199 10 INFO neutron.db.ovn_revision_numbers_db [None req-cdd1f2ab-8d79-4862-b77c-1b63e7604e75 - - - - - -] Successfully bumped revision number for resource 3b8ebac0-21c8-490b-8dca-3d58d39473e5 (type: subnets) to 0
2026-07-01 08:05:55.212 10 INFO neutron.api.wsgi [None req-5bfe3f08-6bc9-41a6-9709-cf364016e981 36b0c00a8e904af6ac46d1e4d432fc01 bd75923a26204044a26a04f015198e04 - - default default] 199.204.45.74,10.0.0.21 "POST /v2.0/subnets HTTP/1.1" status: 201 len: 831 time: 0.5333986
2026-07-01 08:05:56.463 10 INFO neutron.api.v2.resource [None req-94e0da52-4205-4243-8b77-9a6c34a562a8 36b0c00a8e904af6ac46d1e4d432fc01 bd75923a26204044a26a04f015198e04 - - default default] show failed (client error): The resource could not be found.
2026-07-01 08:05:56.464 10 INFO neutron.api.wsgi [None req-94e0da52-4205-4243-8b77-9a6c34a562a8 36b0c00a8e904af6ac46d1e4d432fc01 bd75923a26204044a26a04f015198e04 - - default default] 199.204.45.74,10.0.0.21 "GET /v2.0/security-groups/lb-health-mgr-sec-grp HTTP/1.1" status: 404 len: 313 time: 0.0575066
2026-07-01 08:05:56.497 10 INFO neutron.api.wsgi [None req-a02fcfd7-be1b-4004-99ae-46d911c8c6d3 36b0c00a8e904af6ac46d1e4d432fc01 bd75923a26204044a26a04f015198e04 - - default default] 199.204.45.74,10.0.0.21 "GET /v2.0/security-groups?name=lb-health-mgr-sec-grp HTTP/1.1" status: 200 len: 197 time: 0.0289798
2026-07-01 08:05:56.738 10 INFO neutron.db.ovn_revision_numbers_db [None req-2174dcd6-f814-4140-ae34-60ea92d92e6b 36b0c00a8e904af6ac46d1e4d432fc01 bd75923a26204044a26a04f015198e04 - - default default] Successfully bumped revision number for resource a5e08e10-f64e-4888-957f-bffaeafe1564 (type: security_groups) to 1
2026-07-01 08:05:56.755 10 INFO neutron.db.ovn_revision_numbers_db [None req-2174dcd6-f814-4140-ae34-60ea92d92e6b 36b0c00a8e904af6ac46d1e4d432fc01 bd75923a26204044a26a04f015198e04 - - default default] Successfully bumped revision number for resource 2cc38b7c-c742-4acb-af6d-9b00ac656a47 (type: security_group_rules) to 0
2026-07-01 08:05:56.766 10 INFO neutron.db.ovn_revision_numbers_db [None req-2174dcd6-f814-4140-ae34-60ea92d92e6b 36b0c00a8e904af6ac46d1e4d432fc01 bd75923a26204044a26a04f015198e04 - - default default] Successfully bumped revision number for resource e0212f55-9490-4dab-acc4-5ebcc0749af5 (type: security_group_rules) to 0
2026-07-01 08:05:56.798 10 INFO neutron.api.wsgi [None req-2174dcd6-f814-4140-ae34-60ea92d92e6b 36b0c00a8e904af6ac46d1e4d432fc01 bd75923a26204044a26a04f015198e04 - - default default] 199.204.45.74,10.0.0.21 "POST /v2.0/security-groups HTTP/1.1" status: 201 len: 1797 time: 0.2939236
2026-07-01 08:05:58.019 10 INFO neutron.api.wsgi [None req-2f28e7e0-b84d-4ac5-b663-1e41089e8cf2 36b0c00a8e904af6ac46d1e4d432fc01 bd75923a26204044a26a04f015198e04 - - default default] 199.204.45.74,10.0.0.21 "GET /v2.0/security-groups/a5e08e10-f64e-4888-957f-bffaeafe1564 HTTP/1.1" status: 200 len: 1792 time: 0.0506585
2026-07-01 08:05:58.053 10 INFO neutron.api.wsgi [None req-82fcf91f-d284-417c-ad69-c9635bee33c8 36b0c00a8e904af6ac46d1e4d432fc01 bd75923a26204044a26a04f015198e04 - - default default] 199.204.45.74,10.0.0.21 "GET /v2.0/security-groups/a5e08e10-f64e-4888-957f-bffaeafe1564 HTTP/1.1" status: 200 len: 1792 time: 0.0259473
2026-07-01 08:05:58.094 10 INFO neutron.api.wsgi [None req-8f10b6e0-5212-4a76-8513-064e03441023 36b0c00a8e904af6ac46d1e4d432fc01 bd75923a26204044a26a04f015198e04 - - default default] 199.204.45.74,10.0.0.21 "GET /v2.0/security-groups/a5e08e10-f64e-4888-957f-bffaeafe1564 HTTP/1.1" status: 200 len: 1792 time: 0.0320404
2026-07-01 08:05:58.225 10 INFO neutron.db.ovn_revision_numbers_db [None req-7ded5392-d90a-4da4-867f-9d02413e2a6b 36b0c00a8e904af6ac46d1e4d432fc01 bd75923a26204044a26a04f015198e04 - - default default] Successfully bumped revision number for resource fe215a98-eab4-4779-b5da-ff5e9fcf56e8 (type: security_group_rules) to 0
2026-07-01 08:05:58.263 10 INFO neutron.api.wsgi [None req-7ded5392-d90a-4da4-867f-9d02413e2a6b 36b0c00a8e904af6ac46d1e4d432fc01 bd75923a26204044a26a04f015198e04 - - default default] 199.204.45.74,10.0.0.21 "POST /v2.0/security-group-rules HTTP/1.1" status: 201 len: 781 time: 0.1608233
2026-07-01 08:05:58.632 15 INFO neutron.db.ovn_revision_numbers_db [None req-404d9f9f-a923-4d02-a039-8b003351bca2 - - - - - -] Successfully bumped revision number for resource 60b61759-f4f3-45eb-a1af-86e709006d56 (type: networks) to 2
2026-07-01 08:05:58.632 15 INFO neutron.plugins.ml2.drivers.ovn.mech_driver.ovsdb.maintenance [None req-404d9f9f-a923-4d02-a039-8b003351bca2 - - - - - -] OVN maintenance task check_for_inconsistencies finished in 0.141 seconds
2026-07-01 08:05:59.240 10 INFO neutron.api.wsgi [None req-167156a1-d8f1-469c-92f8-6c4a49cf3115 36b0c00a8e904af6ac46d1e4d432fc01 bd75923a26204044a26a04f015198e04 - - default default] 199.204.45.74,10.0.0.21 "GET /v2.0/security-groups/a5e08e10-f64e-4888-957f-bffaeafe1564 HTTP/1.1" status: 200 len: 2406 time: 0.0577645
2026-07-01 08:05:59.272 10 INFO neutron.api.wsgi [None req-6ad39791-7b19-4b2a-9da7-e9bd03d56549 36b0c00a8e904af6ac46d1e4d432fc01 bd75923a26204044a26a04f015198e04 - - default default] 199.204.45.74,10.0.0.21 "GET /v2.0/security-groups/a5e08e10-f64e-4888-957f-bffaeafe1564 HTTP/1.1" status: 200 len: 2406 time: 0.0229070
2026-07-01 08:05:59.302 10 INFO neutron.api.wsgi [None req-725a783f-b18a-4528-932b-7dfbbc646092 36b0c00a8e904af6ac46d1e4d432fc01 bd75923a26204044a26a04f015198e04 - - default default] 199.204.45.74,10.0.0.21 "GET /v2.0/security-groups/a5e08e10-f64e-4888-957f-bffaeafe1564 HTTP/1.1" status: 200 len: 2406 time: 0.0214508
2026-07-01 08:05:59.419 10 INFO neutron.db.ovn_revision_numbers_db [None req-da66e160-add4-4db2-a31d-ca40ff92ee8e 36b0c00a8e904af6ac46d1e4d432fc01 bd75923a26204044a26a04f015198e04 - - default default] Successfully bumped revision number for resource 46bcca2a-14cb-453e-9f75-c752065906d3 (type: security_group_rules) to 0
2026-07-01 08:05:59.444 10 INFO neutron.api.wsgi [None req-da66e160-add4-4db2-a31d-ca40ff92ee8e 36b0c00a8e904af6ac46d1e4d432fc01 bd75923a26204044a26a04f015198e04 - - default default] 199.204.45.74,10.0.0.21 "POST /v2.0/security-group-rules HTTP/1.1" status: 201 len: 783 time: 0.1335363
2026-07-01 08:06:00.396 10 INFO neutron.api.wsgi [None req-0fa21974-d5ee-4db0-9d70-44995381e944 36b0c00a8e904af6ac46d1e4d432fc01 bd75923a26204044a26a04f015198e04 - - default default] 199.204.45.74,10.0.0.21 "GET /v2.0/security-groups/a5e08e10-f64e-4888-957f-bffaeafe1564 HTTP/1.1" status: 200 len: 3022 time: 0.0493586
2026-07-01 08:06:00.438 10 INFO neutron.api.wsgi [None req-25247f7a-065d-4104-8275-ceae7b96932c 36b0c00a8e904af6ac46d1e4d432fc01 bd75923a26204044a26a04f015198e04 - - default default] 199.204.45.74,10.0.0.21 "GET /v2.0/security-groups/a5e08e10-f64e-4888-957f-bffaeafe1564 HTTP/1.1" status: 200 len: 3022 time: 0.0329590
2026-07-01 08:06:00.467 10 INFO neutron.api.wsgi [None req-3b3d777f-5519-4969-9b8d-e683a31f1309 36b0c00a8e904af6ac46d1e4d432fc01 bd75923a26204044a26a04f015198e04 - - default default] 199.204.45.74,10.0.0.21 "GET /v2.0/security-groups/a5e08e10-f64e-4888-957f-bffaeafe1564 HTTP/1.1" status: 200 len: 3022 time: 0.0217581
2026-07-01 08:06:00.582 10 INFO neutron.db.ovn_revision_numbers_db [None req-d519ee65-e21c-4ad9-8f97-d6b22934e6df 36b0c00a8e904af6ac46d1e4d432fc01 bd75923a26204044a26a04f015198e04 - - default default] Successfully bumped revision number for resource 1bd9454a-99a8-4fe8-bbac-4550d717e545 (type: security_group_rules) to 0
2026-07-01 08:06:00.613 10 INFO neutron.api.wsgi [None req-d519ee65-e21c-4ad9-8f97-d6b22934e6df 36b0c00a8e904af6ac46d1e4d432fc01 bd75923a26204044a26a04f015198e04 - - default default] 199.204.45.74,10.0.0.21 "POST /v2.0/security-group-rules HTTP/1.1" status: 201 len: 783 time: 0.1399286
2026-07-01 08:06:01.529 10 INFO neutron.api.wsgi [None req-ac2e6aa5-8b06-45e2-8c04-f00bfc8d764e 36b0c00a8e904af6ac46d1e4d432fc01 bd75923a26204044a26a04f015198e04 - - default default] 199.204.45.74,10.0.0.21 "GET /v2.0/security-groups/a5e08e10-f64e-4888-957f-bffaeafe1564 HTTP/1.1" status: 200 len: 3638 time: 0.0565546
2026-07-01 08:06:01.561 10 INFO neutron.api.wsgi [None req-e67a97f1-153b-4857-9274-72685f8712a8 36b0c00a8e904af6ac46d1e4d432fc01 bd75923a26204044a26a04f015198e04 - - default default] 199.204.45.74,10.0.0.21 "GET /v2.0/security-groups/a5e08e10-f64e-4888-957f-bffaeafe1564 HTTP/1.1" status: 200 len: 3638 time: 0.0243442
2026-07-01 08:06:01.594 10 INFO neutron.api.wsgi [None req-cd7cc66a-b153-4694-a40d-23734a36adc7 36b0c00a8e904af6ac46d1e4d432fc01 bd75923a26204044a26a04f015198e04 - - default default] 199.204.45.74,10.0.0.21 "GET /v2.0/security-groups/a5e08e10-f64e-4888-957f-bffaeafe1564 HTTP/1.1" status: 200 len: 3638 time: 0.0245349
2026-07-01 08:06:01.727 10 INFO neutron.db.ovn_revision_numbers_db [None req-512c2e94-aed2-4f80-8ac0-8df5a0429b97 36b0c00a8e904af6ac46d1e4d432fc01 bd75923a26204044a26a04f015198e04 - - default default] Successfully bumped revision number for resource 56e89b63-9a24-4904-933c-2a4d42071a31 (type: security_group_rules) to 0
2026-07-01 08:06:01.755 10 INFO neutron.api.wsgi [None req-512c2e94-aed2-4f80-8ac0-8df5a0429b97 36b0c00a8e904af6ac46d1e4d432fc01 bd75923a26204044a26a04f015198e04 - - default default] 199.204.45.74,10.0.0.21 "POST /v2.0/security-group-rules HTTP/1.1" status: 201 len: 783 time: 0.1558597
2026-07-01 08:06:02.605 10 INFO neutron.api.wsgi [None req-21cde7db-be16-40d4-ab8f-cac02d454eb4 36b0c00a8e904af6ac46d1e4d432fc01 bd75923a26204044a26a04f015198e04 - - default default] 199.204.45.74,10.0.0.21 "GET /v2.0/security-groups/a5e08e10-f64e-4888-957f-bffaeafe1564 HTTP/1.1" status: 200 len: 4254 time: 0.0519526
2026-07-01 08:06:02.647 10 INFO neutron.api.wsgi [None req-fda224fd-0daa-4ca2-bdb5-006f3866ec8f 36b0c00a8e904af6ac46d1e4d432fc01 bd75923a26204044a26a04f015198e04 - - default default] 199.204.45.74,10.0.0.21 "GET /v2.0/security-groups/a5e08e10-f64e-4888-957f-bffaeafe1564 HTTP/1.1" status: 200 len: 4254 time: 0.0336745
2026-07-01 08:06:02.685 10 INFO neutron.api.wsgi [None req-1074a107-f447-47d8-848e-1012f5f2b422 36b0c00a8e904af6ac46d1e4d432fc01 bd75923a26204044a26a04f015198e04 - - default default] 199.204.45.74,10.0.0.21 "GET /v2.0/security-groups/a5e08e10-f64e-4888-957f-bffaeafe1564 HTTP/1.1" status: 200 len: 4254 time: 0.0310061
2026-07-01 08:06:02.809 10 INFO neutron.db.ovn_revision_numbers_db [None req-c9bbe4b0-c3f1-4d9d-b062-784aa974c569 36b0c00a8e904af6ac46d1e4d432fc01 bd75923a26204044a26a04f015198e04 - - default default] Successfully bumped revision number for resource b7176fcd-0a48-4fcb-8428-e45d11ff4229 (type: security_group_rules) to 0
2026-07-01 08:06:02.836 10 INFO neutron.api.wsgi [None req-c9bbe4b0-c3f1-4d9d-b062-784aa974c569 36b0c00a8e904af6ac46d1e4d432fc01 bd75923a26204044a26a04f015198e04 - - default default] 199.204.45.74,10.0.0.21 "POST /v2.0/security-group-rules HTTP/1.1" status: 201 len: 783 time: 0.1451333
2026-07-01 08:06:04.204 10 INFO neutron.api.wsgi [None req-839b7738-5d6c-4527-9f30-eb2ba87bdd6b 36b0c00a8e904af6ac46d1e4d432fc01 bd75923a26204044a26a04f015198e04 - - default default] 199.204.45.74,10.0.0.21 "GET /v2.0/networks/9e92d05f-a029-4e49-9afc-c7ba09cda33d HTTP/1.1" status: 200 len: 910 time: 0.0856748
2026-07-01 08:06:04.227 10 INFO neutron.pecan_wsgi.hooks.translation [None req-ec810c90-5e3c-47b1-b4ba-ff774a1097b1 36b0c00a8e904af6ac46d1e4d432fc01 bd75923a26204044a26a04f015198e04 - - default default] GET failed (client error): The resource could not be found.
2026-07-01 08:06:04.229 10 INFO neutron.api.wsgi [None req-ec810c90-5e3c-47b1-b4ba-ff774a1097b1 36b0c00a8e904af6ac46d1e4d432fc01 bd75923a26204044a26a04f015198e04 - - default default] 199.204.45.74,10.0.0.21 "GET /v2.0/ports/octavia-health-manager-port-instance?network_id=9e92d05f-a029-4e49-9afc-c7ba09cda33d HTTP/1.1" status: 404 len: 314 time: 0.0153794
2026-07-01 08:06:04.264 10 INFO neutron.api.wsgi [None req-f3995187-85bb-4d36-87e4-37abe5f0450a 36b0c00a8e904af6ac46d1e4d432fc01 bd75923a26204044a26a04f015198e04 - - default default] 199.204.45.74,10.0.0.21 "GET /v2.0/ports?name=octavia-health-manager-port-instance&network_id=9e92d05f-a029-4e49-9afc-c7ba09cda33d HTTP/1.1" status: 200 len: 186 time: 0.0314436
2026-07-01 08:06:04.304 10 INFO neutron.api.wsgi [None req-2e5315b8-5760-4989-acdd-90551a67d1d3 36b0c00a8e904af6ac46d1e4d432fc01 bd75923a26204044a26a04f015198e04 - - default default] 199.204.45.74,10.0.0.21 "GET /v2.0/security-groups/a5e08e10-f64e-4888-957f-bffaeafe1564 HTTP/1.1" status: 200 len: 4870 time: 0.0333159
2026-07-01 08:06:04.535 10 WARNING neutron.scheduler.dhcp_agent_scheduler [None req-e5de4308-5b3f-4a3a-be2a-bed1a2efdc4f 36b0c00a8e904af6ac46d1e4d432fc01 bd75923a26204044a26a04f015198e04 - - default default] No more DHCP agents
2026-07-01 08:06:04.537 10 WARNING neutron.api.rpc.agentnotifiers.dhcp_rpc_agent_api [None req-e5de4308-5b3f-4a3a-be2a-bed1a2efdc4f 36b0c00a8e904af6ac46d1e4d432fc01 bd75923a26204044a26a04f015198e04 - - default default] Unable to schedule network 9e92d05f-a029-4e49-9afc-c7ba09cda33d: no agents available; will retry on subsequent port and subnet creation events.
2026-07-01 08:06:04.645 10 INFO neutron.db.ovn_revision_numbers_db [None req-e5de4308-5b3f-4a3a-be2a-bed1a2efdc4f 36b0c00a8e904af6ac46d1e4d432fc01 bd75923a26204044a26a04f015198e04 - - default default] Successfully bumped revision number for resource 62f5b9a9-a8f1-46e9-8038-2df15d341303 (type: ports) to 1
2026-07-01 08:06:04.674 10 INFO neutron.api.wsgi [None req-e5de4308-5b3f-4a3a-be2a-bed1a2efdc4f 36b0c00a8e904af6ac46d1e4d432fc01 bd75923a26204044a26a04f015198e04 - - default default] 199.204.45.74,10.0.0.21 "POST /v2.0/ports HTTP/1.1" status: 201 len: 1273 time: 0.3631120
2026-07-01 08:06:06.389 9 INFO neutron.api.wsgi [-] 10.0.0.21 "GET / HTTP/1.1" status: 200 len: 247 time: 0.0027957
2026-07-01 08:06:06.388 10 INFO neutron.api.wsgi [-] 10.0.0.21 "GET / HTTP/1.1" status: 200 len: 247 time: 0.0025480 /var/lib/openstack/lib/python3.12/site-packages/pycadf/identifier.py:71: UserWarning: Invalid uuid: unknown. To ensure interoperability, identifiers should be a valid uuid. warnings.warn(('Invalid uuid: %s. To ensure interoperability, '
2026-07-01 08:06:11.411 10 INFO neutron.pecan_wsgi.hooks.translation [None req-bdec4c3b-f1c4-4ac9-94cd-74c139bf0f58 36b0c00a8e904af6ac46d1e4d432fc01 bd75923a26204044a26a04f015198e04 - - default default] GET failed (client error): The resource could not be found.
2026-07-01 08:06:11.413 10 INFO neutron.api.wsgi [None req-bdec4c3b-f1c4-4ac9-94cd-74c139bf0f58 36b0c00a8e904af6ac46d1e4d432fc01 bd75923a26204044a26a04f015198e04 - - default default] 199.204.45.74,10.0.0.21 "GET /v2.0/ports/octavia-health-manager-port-instance HTTP/1.1" status: 404 len: 314 time: 0.0528510
2026-07-01 08:06:11.463 10 INFO neutron.api.wsgi [None req-c3c9631d-98ff-4db3-9f9e-926ee7504605 36b0c00a8e904af6ac46d1e4d432fc01 bd75923a26204044a26a04f015198e04 - - default default] 199.204.45.74,10.0.0.21 "GET /v2.0/ports?name=octavia-health-manager-port-instance HTTP/1.1" status: 200 len: 1271 time: 0.0455189
2026-07-01 08:06:11.787 10 INFO neutron.db.ovn_revision_numbers_db [None req-9e523294-df81-4c5d-b365-66d1042edbab 36b0c00a8e904af6ac46d1e4d432fc01 bd75923a26204044a26a04f015198e04 - - default default] Successfully bumped revision number for resource 62f5b9a9-a8f1-46e9-8038-2df15d341303 (type: ports) to 1
2026-07-01 08:06:12.025 10 INFO neutron.db.ovn_revision_numbers_db [None req-9e523294-df81-4c5d-b365-66d1042edbab 36b0c00a8e904af6ac46d1e4d432fc01 bd75923a26204044a26a04f015198e04 - - default default] Successfully bumped revision number for resource 62f5b9a9-a8f1-46e9-8038-2df15d341303 (type: ports) to 4
2026-07-01 08:06:12.043 10 INFO neutron.api.wsgi [None req-9e523294-df81-4c5d-b365-66d1042edbab 36b0c00a8e904af6ac46d1e4d432fc01 bd75923a26204044a26a04f015198e04 - - default default] 199.204.45.74,10.0.0.21 "PUT /v2.0/ports/62f5b9a9-a8f1-46e9-8038-2df15d341303 HTTP/1.1" status: 200 len: 1386 time: 0.5730405 /var/lib/openstack/lib/python3.12/site-packages/pycadf/identifier.py:71: UserWarning: Invalid uuid: unknown. To ensure interoperability, identifiers should be a valid uuid. warnings.warn(('Invalid uuid: %s. To ensure interoperability, '
2026-07-01 08:06:13.617 10 INFO neutron.api.wsgi [None req-684ca749-b0a5-4579-b070-5ad07671593f 36b0c00a8e904af6ac46d1e4d432fc01 bd75923a26204044a26a04f015198e04 - - default default] 199.204.45.74,10.0.0.21 "GET /v2.0/ports HTTP/1.1" status: 200 len: 3503 time: 0.0627985
2026-07-01 08:06:14.655 10 INFO neutron.api.v2.resource [None req-c0b1e11f-f956-4307-bfbc-6113d598f9b7 36b0c00a8e904af6ac46d1e4d432fc01 bd75923a26204044a26a04f015198e04 - - default default] show failed (client error): The resource could not be found.
2026-07-01 08:06:14.657 10 INFO neutron.api.wsgi [None req-c0b1e11f-f956-4307-bfbc-6113d598f9b7 36b0c00a8e904af6ac46d1e4d432fc01 bd75923a26204044a26a04f015198e04 - - default default] 199.204.45.74,10.0.0.21 "GET /v2.0/security-groups/lb-mgmt-sec-grp HTTP/1.1" status: 404 len: 307 time: 0.0395620
2026-07-01 08:06:14.690 10 INFO neutron.api.wsgi [None req-fa675553-a5bf-4073-acc4-de552b57abc5 36b0c00a8e904af6ac46d1e4d432fc01 bd75923a26204044a26a04f015198e04 - - default default] 199.204.45.74,10.0.0.21 "GET /v2.0/security-groups?name=lb-mgmt-sec-grp HTTP/1.1" status: 200 len: 197 time: 0.0298197
2026-07-01 08:06:14.807 10 INFO neutron.db.ovn_revision_numbers_db [None req-5fe7efc5-4ae2-4172-9405-da3b541fbba4 36b0c00a8e904af6ac46d1e4d432fc01 bd75923a26204044a26a04f015198e04 - - default default] Successfully bumped revision number for resource ad5abef6-1515-4fa2-a335-3d01ddfd7d56 (type: security_groups) to 1
2026-07-01 08:06:14.821 10 INFO neutron.db.ovn_revision_numbers_db [None req-5fe7efc5-4ae2-4172-9405-da3b541fbba4 36b0c00a8e904af6ac46d1e4d432fc01 bd75923a26204044a26a04f015198e04 - - default default] Successfully bumped revision number for resource 23569320-bdda-4037-93be-b8b967018fd5 (type: security_group_rules) to 0
2026-07-01 08:06:14.835 10 INFO neutron.db.ovn_revision_numbers_db [None req-5fe7efc5-4ae2-4172-9405-da3b541fbba4 36b0c00a8e904af6ac46d1e4d432fc01 bd75923a26204044a26a04f015198e04 - - default default] Successfully bumped revision number for resource a8d5766b-a25e-4bb0-8654-d0bead1d7808 (type: security_group_rules) to 0
2026-07-01 08:06:14.868 10 INFO neutron.api.wsgi [None req-5fe7efc5-4ae2-4172-9405-da3b541fbba4 36b0c00a8e904af6ac46d1e4d432fc01 bd75923a26204044a26a04f015198e04 - - default default] 199.204.45.74,10.0.0.21 "POST /v2.0/security-groups HTTP/1.1" status: 201 len: 1791 time: 0.1710711
2026-07-01 08:06:15.870 10 INFO neutron.api.wsgi [None req-318f793f-9967-4a24-a376-498b61bd47ca 36b0c00a8e904af6ac46d1e4d432fc01 bd75923a26204044a26a04f015198e04 - - default default] 199.204.45.74,10.0.0.21 "GET /v2.0/security-groups/ad5abef6-1515-4fa2-a335-3d01ddfd7d56 HTTP/1.1" status: 200 len: 1786 time: 0.0505497
2026-07-01 08:06:15.897 10 INFO neutron.api.wsgi [None req-72510c13-a297-4397-ac50-26868cf8ea24 36b0c00a8e904af6ac46d1e4d432fc01 bd75923a26204044a26a04f015198e04 - - default default] 199.204.45.74,10.0.0.21 "GET /v2.0/security-groups/ad5abef6-1515-4fa2-a335-3d01ddfd7d56 HTTP/1.1" status: 200 len: 1786 time: 0.0197515
2026-07-01 08:06:15.923 10 INFO neutron.api.wsgi [None req-1819eca7-5b76-41f4-bfc8-c9a0686909ca 36b0c00a8e904af6ac46d1e4d432fc01 bd75923a26204044a26a04f015198e04 - - default default] 199.204.45.74,10.0.0.21 "GET /v2.0/security-groups/ad5abef6-1515-4fa2-a335-3d01ddfd7d56 HTTP/1.1" status: 200 len: 1786 time: 0.0203390
2026-07-01 08:06:16.058 10 INFO neutron.db.ovn_revision_numbers_db [None req-0eb29b58-1531-439e-ab25-12636ed9bf34 36b0c00a8e904af6ac46d1e4d432fc01 bd75923a26204044a26a04f015198e04 - - default default] Successfully bumped revision number for resource f5a40df8-beeb-40d0-839e-0108fa45dd38 (type: security_group_rules) to 0
2026-07-01 08:06:16.096 10 INFO neutron.api.wsgi [None req-0eb29b58-1531-439e-ab25-12636ed9bf34 36b0c00a8e904af6ac46d1e4d432fc01 bd75923a26204044a26a04f015198e04 - - default default] 199.204.45.74,10.0.0.21 "POST /v2.0/security-group-rules HTTP/1.1" status: 201 len: 799 time: 0.1645384
2026-07-01 08:06:17.070 10 INFO neutron.api.wsgi [None req-617cf992-53d0-4f02-930f-3c64d9a9fd65 36b0c00a8e904af6ac46d1e4d432fc01 bd75923a26204044a26a04f015198e04 - - default default] 199.204.45.74,10.0.0.21 "GET /v2.0/security-groups/ad5abef6-1515-4fa2-a335-3d01ddfd7d56 HTTP/1.1" status: 200 len: 2418 time: 0.0635049
2026-07-01 08:06:17.102 10 INFO neutron.api.wsgi [None req-ac2a2dc0-2454-4269-b217-d95e78d75aea 36b0c00a8e904af6ac46d1e4d432fc01 bd75923a26204044a26a04f015198e04 - - default default] 199.204.45.74,10.0.0.21 "GET /v2.0/security-groups/ad5abef6-1515-4fa2-a335-3d01ddfd7d56 HTTP/1.1" status: 200 len: 2418 time: 0.0271056
2026-07-01 08:06:17.129 10 INFO neutron.api.wsgi [None req-411f2171-9c53-45bd-bb60-e734413238a7 36b0c00a8e904af6ac46d1e4d432fc01 bd75923a26204044a26a04f015198e04 - - default default] 199.204.45.74,10.0.0.21 "GET /v2.0/security-groups/ad5abef6-1515-4fa2-a335-3d01ddfd7d56 HTTP/1.1" status: 200 len: 2418 time: 0.0237603
2026-07-01 08:06:17.229 10 INFO neutron.db.ovn_revision_numbers_db [None req-b7fcbd6b-f89c-4578-9e2e-3f48bb71c289 36b0c00a8e904af6ac46d1e4d432fc01 bd75923a26204044a26a04f015198e04 - - default default] Successfully bumped revision number for resource e44b5d56-745e-4d20-a871-58ab6e19f4d5 (type: security_group_rules) to 0
2026-07-01 08:06:17.258 10 INFO neutron.api.wsgi [None req-b7fcbd6b-f89c-4578-9e2e-3f48bb71c289 36b0c00a8e904af6ac46d1e4d432fc01 bd75923a26204044a26a04f015198e04 - - default default] 199.204.45.74,10.0.0.21 "POST /v2.0/security-group-rules HTTP/1.1" status: 201 len: 803 time: 0.1256464
2026-07-01 08:06:21.388 9 INFO neutron.api.wsgi [-] 10.0.0.21 "GET / HTTP/1.1" status: 200 len: 247 time: 0.0024970
2026-07-01 08:06:21.388 10 INFO neutron.api.wsgi [-] 10.0.0.21 "GET / HTTP/1.1" status: 200 len: 247 time: 0.0028050
2026-07-01 08:06:36.389 10 INFO neutron.api.wsgi [-] 10.0.0.21 "GET / HTTP/1.1" status: 200 len: 247 time: 0.0024230
2026-07-01 08:06:36.392 10 INFO neutron.api.wsgi [-] 10.0.0.21 "GET / HTTP/1.1" status: 200 len: 247 time: 0.0019517
2026-07-01 08:06:51.387 9 INFO neutron.api.wsgi [-] 10.0.0.21 "GET / HTTP/1.1" status: 200 len: 247 time: 0.0023048
2026-07-01 08:06:51.387 10 INFO neutron.api.wsgi [-] 10.0.0.21 "GET / HTTP/1.1" status: 200 len: 247 time: 0.0023499
2026-07-01 08:07:06.386 9 INFO neutron.api.wsgi [-] 10.0.0.21 "GET / HTTP/1.1" status: 200 len: 247 time: 0.0015767
2026-07-01 08:07:06.387 10 INFO neutron.api.wsgi [-] 10.0.0.21 "GET / HTTP/1.1" status: 200 len: 247 time: 0.0020008
2026-07-01 08:07:19.416 10 INFO neutron.api.wsgi [None req-ab3e59b3-4825-4ed2-9d87-de0412ae57d1 36b0c00a8e904af6ac46d1e4d432fc01 bd75923a26204044a26a04f015198e04 - - default default] 199.204.45.74,10.0.0.21 "GET /v2.0/quotas/bd75923a26204044a26a04f015198e04 HTTP/1.1" status: 200 len: 467 time: 0.0134008 /var/lib/openstack/lib/python3.12/site-packages/neutron/extensions/quotasv2.py:139: UserWarning: Neutron quota engine will require "--force" parameter to set a quota limit without checking the resource usage. warnings.warn('Neutron quota engine will require "--force" '
2026-07-01 08:07:19.760 10 INFO neutron.api.wsgi [None req-943c3a26-a62e-474a-b0bd-720ac3b73fdf 36b0c00a8e904af6ac46d1e4d432fc01 bd75923a26204044a26a04f015198e04 - - default default] 199.204.45.74,10.0.0.21 "PUT /v2.0/quotas/bd75923a26204044a26a04f015198e04 HTTP/1.1" status: 200 len: 466 time: 0.0269246
2026-07-01 08:07:21.388 10 INFO neutron.api.wsgi [-] 10.0.0.21 "GET / HTTP/1.1" status: 200 len: 247 time: 0.0020831
2026-07-01 08:07:21.390 10 INFO neutron.api.wsgi [-] 10.0.0.21 "GET / HTTP/1.1" status: 200 len: 247 time: 0.0014055
2026-07-01 08:07:36.386 10 INFO neutron.api.wsgi [-] 10.0.0.21 "GET / HTTP/1.1" status: 200 len: 247 time: 0.0017185
2026-07-01 08:07:36.388 10 INFO neutron.api.wsgi [-] 10.0.0.21 "GET / HTTP/1.1" status: 200 len: 247 time: 0.0010860
2026-07-01 08:07:51.387 10 INFO neutron.api.wsgi [-] 10.0.0.21 "GET / HTTP/1.1" status: 200 len: 247 time: 0.0023971
2026-07-01 08:07:51.388 9 INFO neutron.api.wsgi [-] 10.0.0.21 "GET / HTTP/1.1" status: 200 len: 247 time: 0.0031009
2026-07-01 08:08:06.388 9 INFO neutron.api.wsgi [-] 10.0.0.21 "GET / HTTP/1.1" status: 200 len: 247 time: 0.0026872
2026-07-01 08:08:06.389 10 INFO neutron.api.wsgi [-] 10.0.0.21 "GET / HTTP/1.1" status: 200 len: 247 time: 0.0035369
2026-07-01 08:08:21.387 9 INFO neutron.api.wsgi [-] 10.0.0.21 "GET / HTTP/1.1" status: 200 len: 247 time: 0.0022018
2026-07-01 08:08:21.390 9 INFO neutron.api.wsgi [-] 10.0.0.21 "GET / HTTP/1.1" status: 200 len: 247 time: 0.0024257
2026-07-01 08:08:36.387 10 INFO neutron.api.wsgi [-] 10.0.0.21 "GET / HTTP/1.1" status: 200 len: 247 time: 0.0016005
2026-07-01 08:08:36.390 10 INFO neutron.api.wsgi [-] 10.0.0.21 "GET / HTTP/1.1" status: 200 len: 247 time: 0.0012457
2026-07-01 08:08:51.387 10 INFO neutron.api.wsgi [-] 10.0.0.21 "GET / HTTP/1.1" status: 200 len: 247 time: 0.0022089
2026-07-01 08:08:51.388 9 INFO neutron.api.wsgi [-] 10.0.0.21 "GET / HTTP/1.1" status: 200 len: 247 time: 0.0025368
2026-07-01 08:09:06.387 9 INFO neutron.api.wsgi [-] 10.0.0.21 "GET / HTTP/1.1" status: 200 len: 247 time: 0.0016842
2026-07-01 08:09:06.388 10 INFO neutron.api.wsgi [-] 10.0.0.21 "GET / HTTP/1.1" status: 200 len: 247 time: 0.0027156
2026-07-01 08:09:21.388 9 INFO neutron.api.wsgi [-] 10.0.0.21 "GET / HTTP/1.1" status: 200 len: 247 time: 0.0029774
2026-07-01 08:09:21.388 10 INFO neutron.api.wsgi [-] 10.0.0.21 "GET / HTTP/1.1" status: 200 len: 247 time: 0.0031590 /var/lib/openstack/lib/python3.12/site-packages/pycadf/identifier.py:71: UserWarning: Invalid uuid: neutron. To ensure interoperability, identifiers should be a valid uuid. warnings.warn(('Invalid uuid: %s. To ensure interoperability, '
2026-07-01 08:09:31.330 9 INFO neutron.pecan_wsgi.hooks.translation [None req-38d93416-8a4b-4bdc-8f42-af22c51994ef 36b0c00a8e904af6ac46d1e4d432fc01 bd75923a26204044a26a04f015198e04 - - default default] GET failed (client error): The resource could not be found.
2026-07-01 08:09:31.332 9 INFO neutron.api.wsgi [None req-38d93416-8a4b-4bdc-8f42-af22c51994ef 36b0c00a8e904af6ac46d1e4d432fc01 bd75923a26204044a26a04f015198e04 - - default default] 199.204.45.74 "GET /v2.0/ports/octavia-health-manager-port-instance HTTP/1.1" status: 404 len: 338 time: 0.1137776
2026-07-01 08:09:31.381 9 INFO neutron.api.wsgi [None req-3072d6ba-8275-45a1-a1bc-169c5ac13149 36b0c00a8e904af6ac46d1e4d432fc01 bd75923a26204044a26a04f015198e04 - - default default] 199.204.45.74 "GET /v2.0/ports?name=octavia-health-manager-port-instance HTTP/1.1" status: 200 len: 1413 time: 0.0449910 /var/lib/openstack/lib/python3.12/site-packages/pycadf/identifier.py:71: UserWarning: Invalid uuid: neutron. To ensure interoperability, identifiers should be a valid uuid. warnings.warn(('Invalid uuid: %s. To ensure interoperability, '
2026-07-01 08:09:33.230 10 INFO neutron.pecan_wsgi.hooks.translation [None req-b3cd634e-a62f-4447-8761-41e48dd3e4af 36b0c00a8e904af6ac46d1e4d432fc01 bd75923a26204044a26a04f015198e04 - - default default] GET failed (client error): The resource could not be found.
2026-07-01 08:09:33.232 10 INFO neutron.api.wsgi [None req-b3cd634e-a62f-4447-8761-41e48dd3e4af 36b0c00a8e904af6ac46d1e4d432fc01 bd75923a26204044a26a04f015198e04 - - default default] 199.204.45.74 "GET /v2.0/ports/octavia-health-manager-port-instance HTTP/1.1" status: 404 len: 338 time: 0.1294553
2026-07-01 08:09:33.274 10 INFO neutron.api.wsgi [None req-b60de2f9-2d2e-4c52-a45a-ce087bf251ee 36b0c00a8e904af6ac46d1e4d432fc01 bd75923a26204044a26a04f015198e04 - - default default] 199.204.45.74 "GET /v2.0/ports?name=octavia-health-manager-port-instance HTTP/1.1" status: 200 len: 1413 time: 0.0381172
2026-07-01 08:09:34.594 10 INFO neutron.plugins.ml2.drivers.ovn.mech_driver.mech_driver [-] OVN reports status up for port: 62f5b9a9-a8f1-46e9-8038-2df15d341303
2026-07-01 08:09:34.633 10 INFO neutron.plugins.ml2.plugin [None req-0ec1d223-dd22-4abd-be60-e29fed5e43a5 - - - - - -] Attempt 1 to provision port 62f5b9a9-a8f1-46e9-8038-2df15d341303
2026-07-01 08:09:34.916 10 INFO neutron.db.ovn_revision_numbers_db [None req-0ec1d223-dd22-4abd-be60-e29fed5e43a5 - - - - - -] Successfully bumped revision number for resource 62f5b9a9-a8f1-46e9-8038-2df15d341303 (type: ports) to 5
2026-07-01 08:09:36.387 10 INFO neutron.api.wsgi [-] 10.0.0.21 "GET / HTTP/1.1" status: 200 len: 247 time: 0.0018160
2026-07-01 08:09:36.389 9 INFO neutron.api.wsgi [-] 10.0.0.21 "GET / HTTP/1.1" status: 200 len: 247 time: 0.0028007
2026-07-01 08:09:51.388 9 INFO neutron.api.wsgi [-] 10.0.0.21 "GET / HTTP/1.1" status: 200 len: 247 time: 0.0017490
2026-07-01 08:09:51.389 10 INFO neutron.api.wsgi [-] 10.0.0.21 "GET / HTTP/1.1" status: 200 len: 247 time: 0.0029724
2026-07-01 08:10:06.388 10 INFO neutron.api.wsgi [-] 10.0.0.21 "GET / HTTP/1.1" status: 200 len: 247 time: 0.0032375
2026-07-01 08:10:06.388 9 INFO neutron.api.wsgi [-] 10.0.0.21 "GET / HTTP/1.1" status: 200 len: 247 time: 0.0031984
2026-07-01 08:10:21.388 10 INFO neutron.api.wsgi [-] 10.0.0.21 "GET / HTTP/1.1" status: 200 len: 247 time: 0.0025742
2026-07-01 08:10:21.391 10 INFO neutron.api.wsgi [-] 10.0.0.21 "GET / HTTP/1.1" status: 200 len: 247 time: 0.0023839
2026-07-01 08:10:36.388 9 INFO neutron.api.wsgi [-] 10.0.0.21 "GET / HTTP/1.1" status: 200 len: 247 time: 0.0025585
2026-07-01 08:10:36.389 10 INFO neutron.api.wsgi [-] 10.0.0.21 "GET / HTTP/1.1" status: 200 len: 247 time: 0.0034907
