2026-07-01 08:35:33.395 10 INFO neutron.api.wsgi [req-0286aeb3-d46b-4b94-824e-2fb7205ae9d8 req-9bd47308-60ab-4022-8ddc-583af8a22d52 078bee2860b949cfb8eb1b0f032736f4 a82ed5921e824837b266468c540382a6 - - default default] 10.0.0.193 "GET /v2.0/security-groups?id=e91b662a-19e2-4952-a169-447116eb640e&fields=id&fields=name HTTP/1.1" status: 200 len: 312 time: 0.0315487
2026-07-01 08:35:34.534 9 INFO neutron.api.wsgi [req-7e76a098-936b-4fb1-a66a-049e6784e3a5 req-aa9fac98-1cf3-4579-a088-b75a8d0359fd 078bee2860b949cfb8eb1b0f032736f4 a82ed5921e824837b266468c540382a6 - - default default] 10.0.0.193 "GET /v2.0/ports?device_id=57a538c8-6e88-4745-b970-9df6610fefa0 HTTP/1.1" status: 200 len: 1174 time: 0.0722716
2026-07-01 08:35:34.606 9 INFO neutron.api.wsgi [req-7e76a098-936b-4fb1-a66a-049e6784e3a5 req-0cd9e565-1a8b-44d3-8d0f-f2d013180079 078bee2860b949cfb8eb1b0f032736f4 a82ed5921e824837b266468c540382a6 - - default default] 10.0.0.193 "GET /v2.0/security-groups?id=e91b662a-19e2-4952-a169-447116eb640e&fields=id&fields=name HTTP/1.1" status: 200 len: 312 time: 0.0653965
2026-07-01 08:35:34.739 10 INFO neutron.notifiers.nova [-] Nova event matching ['req-b31850b9-128e-4385-801d-f16f537f59f2'] response: {'server_uuid': '57a538c8-6e88-4745-b970-9df6610fefa0', 'name': 'network-vif-plugged', 'status': 'completed', 'tag': '3504bdae-3609-4ddf-9348-bd5906841ec0', 'code': 200}
2026-07-01 08:35:34.781 10 INFO neutron.api.wsgi [req-712e31f8-281a-48ed-bed3-5679727aa459 req-0e8e50ae-2d74-4f34-876f-0f05cc503110 078bee2860b949cfb8eb1b0f032736f4 a82ed5921e824837b266468c540382a6 - - default default] 10.0.0.193 "GET /v2.0/ports?device_id=57a538c8-6e88-4745-b970-9df6610fefa0 HTTP/1.1" status: 200 len: 1174 time: 0.1162722
2026-07-01 08:35:35.179 9 WARNING neutron_lib.context [None req-98e61294-2820-4818-b5d5-9d3b4a73e09d 52980309f47c48f5845505a51c197318 e74015179c8442a3ab0757be9d11bda4 - - default default] Method 'is_advsvc' is deprecated since 2023.2 release (neutron-lib 3.8.0) and will be removed once support for the old RBAC API policies will be removed from Neutron. Please use method 'is_service_role' instead.
2026-07-01 08:35:35.180 9 WARNING neutron_lib.context [None req-98e61294-2820-4818-b5d5-9d3b4a73e09d 52980309f47c48f5845505a51c197318 e74015179c8442a3ab0757be9d11bda4 - - default default] Method 'is_advsvc' is deprecated since 2023.2 release (neutron-lib 3.8.0) and will be removed once support for the old RBAC API policies will be removed from Neutron. Please use method 'is_service_role' instead.
2026-07-01 08:35:35.337 10 INFO neutron.db.ovn_revision_numbers_db [None req-c1bea0e0-314c-48e9-8236-1660d4ad0aa6 078bee2860b949cfb8eb1b0f032736f4 a82ed5921e824837b266468c540382a6 - - default default] Successfully bumped revision number for resource 6305f617-03db-4e73-9c2b-1a81f21039f0 (type: floatingips) to 1
2026-07-01 08:35:35.367 9 INFO neutron.db.ovn_revision_numbers_db [None req-98e61294-2820-4818-b5d5-9d3b4a73e09d 52980309f47c48f5845505a51c197318 e74015179c8442a3ab0757be9d11bda4 - - default default] Successfully bumped revision number for resource 786b3091-fb49-4083-9195-decbd39dd2e4 (type: security_groups) to 1
2026-07-01 08:35:35.382 9 INFO neutron.db.ovn_revision_numbers_db [None req-98e61294-2820-4818-b5d5-9d3b4a73e09d 52980309f47c48f5845505a51c197318 e74015179c8442a3ab0757be9d11bda4 - - default default] Successfully bumped revision number for resource 4018cfc6-2d04-42ec-8222-64fa64c5c41e (type: security_group_rules) to 0
2026-07-01 08:35:35.398 9 INFO neutron.db.ovn_revision_numbers_db [None req-98e61294-2820-4818-b5d5-9d3b4a73e09d 52980309f47c48f5845505a51c197318 e74015179c8442a3ab0757be9d11bda4 - - default default] Successfully bumped revision number for resource 72479feb-cd4c-476b-86f3-b17229966089 (type: security_group_rules) to 0
2026-07-01 08:35:35.413 9 INFO neutron.db.ovn_revision_numbers_db [None req-98e61294-2820-4818-b5d5-9d3b4a73e09d 52980309f47c48f5845505a51c197318 e74015179c8442a3ab0757be9d11bda4 - - default default] Successfully bumped revision number for resource a97f01bb-a49f-4986-8046-1520dd59e8ba (type: security_group_rules) to 0
2026-07-01 08:35:35.431 9 INFO neutron.db.ovn_revision_numbers_db [None req-98e61294-2820-4818-b5d5-9d3b4a73e09d 52980309f47c48f5845505a51c197318 e74015179c8442a3ab0757be9d11bda4 - - default default] Successfully bumped revision number for resource aee9ace3-a577-48ee-a727-ab889848aa32 (type: security_group_rules) to 0
2026-07-01 08:35:35.455 10 INFO neutron.db.ovn_revision_numbers_db [None req-c1bea0e0-314c-48e9-8236-1660d4ad0aa6 078bee2860b949cfb8eb1b0f032736f4 a82ed5921e824837b266468c540382a6 - - default default] Successfully bumped revision number for resource 6305f617-03db-4e73-9c2b-1a81f21039f0 (type: floatingips) to 2
2026-07-01 08:35:35.456 10 INFO neutron.db.l3_db [None req-c1bea0e0-314c-48e9-8236-1660d4ad0aa6 078bee2860b949cfb8eb1b0f032736f4 a82ed5921e824837b266468c540382a6 - - default default] Floating IP 6305f617-03db-4e73-9c2b-1a81f21039f0 associated. External IP: 10.96.250.207, port: 3504bdae-3609-4ddf-9348-bd5906841ec0.
2026-07-01 08:35:35.487 10 INFO neutron.api.wsgi [None req-c1bea0e0-314c-48e9-8236-1660d4ad0aa6 078bee2860b949cfb8eb1b0f032736f4 a82ed5921e824837b266468c540382a6 - - default default] 10.0.0.220 "PUT /v2.0/floatingips/6305f617-03db-4e73-9c2b-1a81f21039f0 HTTP/1.1" status: 200 len: 1050 time: 0.6916361
2026-07-01 08:35:35.525 9 INFO neutron.db.segments_db [None req-98e61294-2820-4818-b5d5-9d3b4a73e09d 52980309f47c48f5845505a51c197318 e74015179c8442a3ab0757be9d11bda4 - - default default] Added segment cb76f2a8-ef51-4bcf-a0fe-15cbc55d14a2 of type geneve for network 7777e38f-c3a2-4180-9498-50c8f2e5842c
2026-07-01 08:35:35.609 9 INFO neutron.db.segments_db [None req-98e61294-2820-4818-b5d5-9d3b4a73e09d 52980309f47c48f5845505a51c197318 e74015179c8442a3ab0757be9d11bda4 - - default default] Added segment f9413414-8e56-4d03-a997-62bde2a6a872 of type geneve for network f0c49a2a-a5a0-4792-862e-20c8379f6a32
2026-07-01 08:35:35.730 9 INFO neutron.db.ovn_revision_numbers_db [None req-98e61294-2820-4818-b5d5-9d3b4a73e09d 52980309f47c48f5845505a51c197318 e74015179c8442a3ab0757be9d11bda4 - - default default] Successfully bumped revision number for resource 7777e38f-c3a2-4180-9498-50c8f2e5842c (type: networks) to 1
2026-07-01 08:35:35.940 9 WARNING neutron.scheduler.dhcp_agent_scheduler [None req-98e61294-2820-4818-b5d5-9d3b4a73e09d 52980309f47c48f5845505a51c197318 e74015179c8442a3ab0757be9d11bda4 - - default default] No more DHCP agents
2026-07-01 08:35:35.941 9 WARNING neutron.api.rpc.agentnotifiers.dhcp_rpc_agent_api [None req-98e61294-2820-4818-b5d5-9d3b4a73e09d 52980309f47c48f5845505a51c197318 e74015179c8442a3ab0757be9d11bda4 - - default default] Unable to schedule network 7777e38f-c3a2-4180-9498-50c8f2e5842c: no agents available; will retry on subsequent port and subnet creation events.
2026-07-01 08:35:36.028 9 INFO neutron.db.ovn_revision_numbers_db [None req-98e61294-2820-4818-b5d5-9d3b4a73e09d 52980309f47c48f5845505a51c197318 e74015179c8442a3ab0757be9d11bda4 - - default default] Successfully bumped revision number for resource 4f534f9f-9bfa-4b81-a398-fb6deeadf1fe (type: ports) to 1
2026-07-01 08:35:36.118 9 INFO neutron.db.ovn_revision_numbers_db [None req-98e61294-2820-4818-b5d5-9d3b4a73e09d 52980309f47c48f5845505a51c197318 e74015179c8442a3ab0757be9d11bda4 - - default default] Successfully bumped revision number for resource f0c49a2a-a5a0-4792-862e-20c8379f6a32 (type: networks) to 1
2026-07-01 08:35:36.277 9 WARNING neutron.scheduler.dhcp_agent_scheduler [None req-98e61294-2820-4818-b5d5-9d3b4a73e09d 52980309f47c48f5845505a51c197318 e74015179c8442a3ab0757be9d11bda4 - - default default] No more DHCP agents
2026-07-01 08:35:36.280 9 WARNING neutron.api.rpc.agentnotifiers.dhcp_rpc_agent_api [None req-98e61294-2820-4818-b5d5-9d3b4a73e09d 52980309f47c48f5845505a51c197318 e74015179c8442a3ab0757be9d11bda4 - - default default] Unable to schedule network f0c49a2a-a5a0-4792-862e-20c8379f6a32: no agents available; will retry on subsequent port and subnet creation events.
2026-07-01 08:35:36.298 10 INFO neutron.db.ovn_revision_numbers_db [None req-caba3211-4d74-4990-a720-3eaf7c60684e 36b0c00a8e904af6ac46d1e4d432fc01 bd75923a26204044a26a04f015198e04 - - default default] Successfully bumped revision number for resource d586aebc-6091-4915-9160-e38574121ef4 (type: security_groups) to 1
2026-07-01 08:35:36.324 10 INFO neutron.db.ovn_revision_numbers_db [None req-caba3211-4d74-4990-a720-3eaf7c60684e 36b0c00a8e904af6ac46d1e4d432fc01 bd75923a26204044a26a04f015198e04 - - default default] Successfully bumped revision number for resource 844f080d-3b09-4154-87b1-b359a8952c0d (type: security_group_rules) to 0
2026-07-01 08:35:36.345 9 INFO neutron.db.ovn_revision_numbers_db [None req-98e61294-2820-4818-b5d5-9d3b4a73e09d 52980309f47c48f5845505a51c197318 e74015179c8442a3ab0757be9d11bda4 - - default default] Successfully bumped revision number for resource 7fb8e1b9-8b13-4211-be08-e235bd041223 (type: ports) to 1
2026-07-01 08:35:36.345 10 INFO neutron.db.ovn_revision_numbers_db [None req-caba3211-4d74-4990-a720-3eaf7c60684e 36b0c00a8e904af6ac46d1e4d432fc01 bd75923a26204044a26a04f015198e04 - - default default] Successfully bumped revision number for resource b2f56006-b551-46a0-8847-7b4332e07ede (type: security_group_rules) to 0
2026-07-01 08:35:36.361 10 INFO neutron.db.ovn_revision_numbers_db [None req-caba3211-4d74-4990-a720-3eaf7c60684e 36b0c00a8e904af6ac46d1e4d432fc01 bd75923a26204044a26a04f015198e04 - - default default] Successfully bumped revision number for resource c2c0f38b-b3b7-49d7-9ff2-0265b3f1f4e1 (type: security_group_rules) to 0
2026-07-01 08:35:36.366 9 INFO neutron.api.wsgi [None req-98e61294-2820-4818-b5d5-9d3b4a73e09d 52980309f47c48f5845505a51c197318 e74015179c8442a3ab0757be9d11bda4 - - default default] 10.0.0.220 "POST /v2.0/networks HTTP/1.1" status: 201 len: 1446 time: 1.3936908
2026-07-01 08:35:36.379 10 INFO neutron.db.ovn_revision_numbers_db [None req-caba3211-4d74-4990-a720-3eaf7c60684e 36b0c00a8e904af6ac46d1e4d432fc01 bd75923a26204044a26a04f015198e04 - - default default] Successfully bumped revision number for resource c85a8245-4c26-4075-b591-36587dcfec3c (type: security_group_rules) to 0
2026-07-01 08:35:36.388 9 INFO neutron.api.wsgi [-] 10.0.0.21 "GET / HTTP/1.1" status: 200 len: 247 time: 0.0020118
2026-07-01 08:35:36.390 9 INFO neutron.api.wsgi [-] 10.0.0.21 "GET / HTTP/1.1" status: 200 len: 247 time: 0.0012662
2026-07-01 08:35:36.445 10 INFO neutron.api.wsgi [None req-829e6c34-8cfd-4f6b-95b3-91d4ecbd8bec 52980309f47c48f5845505a51c197318 e74015179c8442a3ab0757be9d11bda4 - - default default] 10.0.0.220 "GET /v2.0/networks HTTP/1.1" status: 200 len: 2052 time: 0.0738647
2026-07-01 08:35:36.459 10 INFO neutron.api.wsgi [None req-caba3211-4d74-4990-a720-3eaf7c60684e 36b0c00a8e904af6ac46d1e4d432fc01 bd75923a26204044a26a04f015198e04 - - default default] 10.0.0.220 "GET /v2.0/security-groups?tenant_id=69a6f8698e1e496b8ec1d527d8dc15ff&name=default HTTP/1.1" status: 200 len: 3120 time: 0.3674862
2026-07-01 08:35:36.738 10 INFO neutron.api.wsgi [None req-114220c6-b4e2-4d3a-a58f-6b5c124e36c1 36b0c00a8e904af6ac46d1e4d432fc01 bd75923a26204044a26a04f015198e04 - - default default] 10.0.0.220 "DELETE /v2.0/security-groups/d586aebc-6091-4915-9160-e38574121ef4 HTTP/1.1" status: 204 len: 168 time: 0.2724001
2026-07-01 08:35:36.773 10 INFO neutron.notifiers.nova [-] Nova event matching ['req-d3820bcd-106b-44a9-9785-e53074f1d794'] response: {'name': 'network-changed', 'server_uuid': '57a538c8-6e88-4745-b970-9df6610fefa0', 'tag': '3504bdae-3609-4ddf-9348-bd5906841ec0', 'status': 'completed', 'code': 200} /var/lib/openstack/lib/python3.12/site-packages/pycadf/identifier.py:71: UserWarning: Invalid uuid: neutron. To ensure interoperability, identifiers should be a valid uuid. warnings.warn(('Invalid uuid: %s. To ensure interoperability, '
2026-07-01 08:35:36.859 10 INFO neutron.services.segments.plugin [-] Segment cb76f2a8-ef51-4bcf-a0fe-15cbc55d14a2 resource provider aggregate not found
2026-07-01 08:35:36.864 10 INFO neutron.services.segments.plugin [-] Segment cb76f2a8-ef51-4bcf-a0fe-15cbc55d14a2 resource provider aggregate not found
2026-07-01 08:35:36.881 10 INFO neutron.services.segments.plugin [-] Segment cb76f2a8-ef51-4bcf-a0fe-15cbc55d14a2 resource provider not found; error: Placement Client Error (4xx): {"errors": [{"status": 404, "title": "Not Found", "detail": "The resource could not be found.\n\n No resource provider with uuid cb76f2a8-ef51-4bcf-a0fe-15cbc55d14a2 found for delete ", "request_id": "req-c8aba4cf-42b7-4deb-ac26-8edba8802672"}]}
2026-07-01 08:35:36.885 10 INFO neutron.services.segments.plugin [-] Segment cb76f2a8-ef51-4bcf-a0fe-15cbc55d14a2 resource provider not found; error: Placement Client Error (4xx): {"errors": [{"status": 404, "title": "Not Found", "detail": "The resource could not be found.\n\n No resource provider with uuid cb76f2a8-ef51-4bcf-a0fe-15cbc55d14a2 found for delete ", "request_id": "req-fc7bf28d-b6f5-4d4b-8ea2-53f9f054f23f"}]}
2026-07-01 08:35:36.903 10 INFO neutron.api.wsgi [None req-8e0bb66f-4d4a-4ffe-98f2-36ba9376c473 52980309f47c48f5845505a51c197318 e74015179c8442a3ab0757be9d11bda4 - - default default] 10.0.0.220 "DELETE /v2.0/networks/7777e38f-c3a2-4180-9498-50c8f2e5842c HTTP/1.1" status: 204 len: 168 time: 0.4526446
2026-07-01 08:35:36.950 9 INFO neutron.db.ovn_revision_numbers_db [None req-d98a9b6c-f43e-475d-abc6-18c07bd978d4 36b0c00a8e904af6ac46d1e4d432fc01 bd75923a26204044a26a04f015198e04 - - default default] Successfully bumped revision number for resource a0831452-f178-42bc-87c0-b5d21584738c (type: security_groups) to 1
2026-07-01 08:35:36.963 9 INFO neutron.db.ovn_revision_numbers_db [None req-d98a9b6c-f43e-475d-abc6-18c07bd978d4 36b0c00a8e904af6ac46d1e4d432fc01 bd75923a26204044a26a04f015198e04 - - default default] Successfully bumped revision number for resource 10a30347-b322-4917-884c-39d8262b3221 (type: security_group_rules) to 0
2026-07-01 08:35:36.979 9 INFO neutron.db.ovn_revision_numbers_db [None req-d98a9b6c-f43e-475d-abc6-18c07bd978d4 36b0c00a8e904af6ac46d1e4d432fc01 bd75923a26204044a26a04f015198e04 - - default default] Successfully bumped revision number for resource 2c543162-7c84-4904-9b6f-96740c6c7233 (type: security_group_rules) to 0
2026-07-01 08:35:37.001 9 INFO neutron.db.ovn_revision_numbers_db [None req-d98a9b6c-f43e-475d-abc6-18c07bd978d4 36b0c00a8e904af6ac46d1e4d432fc01 bd75923a26204044a26a04f015198e04 - - default default] Successfully bumped revision number for resource 4eb798be-22ef-43c6-bdf9-cf7953d19ddf (type: security_group_rules) to 0
2026-07-01 08:35:37.018 9 INFO neutron.db.ovn_revision_numbers_db [None req-d98a9b6c-f43e-475d-abc6-18c07bd978d4 36b0c00a8e904af6ac46d1e4d432fc01 bd75923a26204044a26a04f015198e04 - - default default] Successfully bumped revision number for resource 9adc6df3-ab17-4455-a6ff-d71f2040eaa9 (type: security_group_rules) to 0
2026-07-01 08:35:37.058 9 INFO neutron.api.wsgi [None req-d98a9b6c-f43e-475d-abc6-18c07bd978d4 36b0c00a8e904af6ac46d1e4d432fc01 bd75923a26204044a26a04f015198e04 - - default default] 10.0.0.220 "GET /v2.0/security-groups?tenant_id=5a4b150aa8f84fd1b9e80624149b9364&name=default HTTP/1.1" status: 200 len: 3120 time: 0.2200117
2026-07-01 08:35:37.273 10 INFO neutron.api.wsgi [None req-d08c246d-7ba2-4519-9a37-1428b3b2969a 52980309f47c48f5845505a51c197318 e74015179c8442a3ab0757be9d11bda4 - - default default] 10.0.0.220 "DELETE /v2.0/networks/f0c49a2a-a5a0-4792-862e-20c8379f6a32 HTTP/1.1" status: 204 len: 168 time: 0.3635702
2026-07-01 08:35:37.289 9 INFO neutron.api.wsgi [None req-fa93efb3-9a78-4285-ad3f-04803a6cd774 36b0c00a8e904af6ac46d1e4d432fc01 bd75923a26204044a26a04f015198e04 - - default default] 10.0.0.220 "DELETE /v2.0/security-groups/a0831452-f178-42bc-87c0-b5d21584738c HTTP/1.1" status: 204 len: 168 time: 0.2228570
2026-07-01 08:35:37.317 10 INFO neutron.api.wsgi [req-2de19407-f0cd-486e-8a4b-4f4c9614ca76 req-6d16deff-a5fc-4e7a-b8fa-5f89591a5cd4 ceb89a06057345148043faeaccaa6b08 f9fb9a9f9cb94349b2b09b518b11bb22 - - 92528f82975c46bdaab9e69bfb83a290 92528f82975c46bdaab9e69bfb83a290] 199.204.45.74 "GET /v2.0/ports?tenant_id=a82ed5921e824837b266468c540382a6&device_id=57a538c8-6e88-4745-b970-9df6610fefa0 HTTP/1.1" status: 200 len: 1413 time: 0.0335844
2026-07-01 08:35:37.334 10 INFO neutron.api.wsgi [None req-4e9e5849-5947-42a3-8c1d-dda1462d44ce 52980309f47c48f5845505a51c197318 e74015179c8442a3ab0757be9d11bda4 - - default default] 10.0.0.220 "GET /v2.0/networks HTTP/1.1" status: 200 len: 845 time: 0.0565515
2026-07-01 08:35:37.349 9 WARNING neutron_lib.context [None req-e2070c89-eacb-44bd-bad2-3e9069ebaf5b 52980309f47c48f5845505a51c197318 e74015179c8442a3ab0757be9d11bda4 - - default default] Method 'is_advsvc' is deprecated since 2023.2 release (neutron-lib 3.8.0) and will be removed once support for the old RBAC API policies will be removed from Neutron. Please use method 'is_service_role' instead.
2026-07-01 08:35:37.378 10 INFO neutron.api.wsgi [req-2de19407-f0cd-486e-8a4b-4f4c9614ca76 req-8eadc7a7-2456-4444-8e3d-7cf06dd852dc ceb89a06057345148043faeaccaa6b08 f9fb9a9f9cb94349b2b09b518b11bb22 - - 92528f82975c46bdaab9e69bfb83a290 92528f82975c46bdaab9e69bfb83a290] 199.204.45.74 "GET /v2.0/networks?id=7359e949-458f-4b00-a02f-fe7d3d1683c5 HTTP/1.1" status: 200 len: 974 time: 0.0555089
2026-07-01 08:35:37.420 10 INFO neutron.api.wsgi [req-2de19407-f0cd-486e-8a4b-4f4c9614ca76 req-06b0d55d-52e1-4d59-8a86-4eca45964e3f ceb89a06057345148043faeaccaa6b08 f9fb9a9f9cb94349b2b09b518b11bb22 - - 92528f82975c46bdaab9e69bfb83a290 92528f82975c46bdaab9e69bfb83a290] 199.204.45.74 "GET /v2.0/floatingips?fixed_ip_address=10.100.0.11&port_id=3504bdae-3609-4ddf-9348-bd5906841ec0 HTTP/1.1" status: 200 len: 1060 time: 0.0367088
2026-07-01 08:35:37.436 9 INFO neutron.db.segments_db [None req-e2070c89-eacb-44bd-bad2-3e9069ebaf5b 52980309f47c48f5845505a51c197318 e74015179c8442a3ab0757be9d11bda4 - - default default] Added segment 477bb46d-f533-4e8b-bf77-6891bad4a562 of type geneve for network 44863536-0d49-41fe-bc92-3013cf6d9740
2026-07-01 08:35:37.448 10 INFO neutron.api.wsgi [req-2de19407-f0cd-486e-8a4b-4f4c9614ca76 req-155f752a-981c-4bb6-b378-74fb94502e09 ceb89a06057345148043faeaccaa6b08 f9fb9a9f9cb94349b2b09b518b11bb22 - - 92528f82975c46bdaab9e69bfb83a290 92528f82975c46bdaab9e69bfb83a290] 199.204.45.74 "GET /v2.0/subnets?id=0ad6575c-fe68-4384-9ace-533981444051 HTTP/1.1" status: 200 len: 893 time: 0.0230205
2026-07-01 08:35:37.466 10 INFO neutron.api.wsgi [req-2de19407-f0cd-486e-8a4b-4f4c9614ca76 req-392c61e3-4472-47da-bfdc-340a0ce5f334 ceb89a06057345148043faeaccaa6b08 f9fb9a9f9cb94349b2b09b518b11bb22 - - 92528f82975c46bdaab9e69bfb83a290 92528f82975c46bdaab9e69bfb83a290] 199.204.45.74 "GET /v2.0/ports?network_id=7359e949-458f-4b00-a02f-fe7d3d1683c5&device_owner=network%3Adhcp HTTP/1.1" status: 200 len: 210 time: 0.0135448
2026-07-01 08:35:37.509 10 INFO neutron.api.wsgi [req-2de19407-f0cd-486e-8a4b-4f4c9614ca76 req-74cb4c1f-cf58-450e-9730-a8fc1b8c37ef ceb89a06057345148043faeaccaa6b08 f9fb9a9f9cb94349b2b09b518b11bb22 - - 92528f82975c46bdaab9e69bfb83a290 92528f82975c46bdaab9e69bfb83a290] 199.204.45.74 "GET /v2.0/networks/7359e949-458f-4b00-a02f-fe7d3d1683c5?fields=segments HTTP/1.1" status: 200 len: 212 time: 0.0370877
2026-07-01 08:35:37.541 9 INFO neutron.db.ovn_revision_numbers_db [None req-e2070c89-eacb-44bd-bad2-3e9069ebaf5b 52980309f47c48f5845505a51c197318 e74015179c8442a3ab0757be9d11bda4 - - default default] Successfully bumped revision number for resource 44863536-0d49-41fe-bc92-3013cf6d9740 (type: networks) to 1
2026-07-01 08:35:37.559 10 INFO neutron.api.wsgi [req-2de19407-f0cd-486e-8a4b-4f4c9614ca76 req-253f207e-f3bb-46d2-83ac-7242fd1e1cef ceb89a06057345148043faeaccaa6b08 f9fb9a9f9cb94349b2b09b518b11bb22 - - 92528f82975c46bdaab9e69bfb83a290 92528f82975c46bdaab9e69bfb83a290] 199.204.45.74 "GET /v2.0/networks/7359e949-458f-4b00-a02f-fe7d3d1683c5?fields=provider%3Aphysical_network&fields=provider%3Anetwork_type HTTP/1.1" status: 200 len: 277 time: 0.0449436
2026-07-01 08:35:37.712 9 WARNING neutron.scheduler.dhcp_agent_scheduler [None req-e2070c89-eacb-44bd-bad2-3e9069ebaf5b 52980309f47c48f5845505a51c197318 e74015179c8442a3ab0757be9d11bda4 - - default default] No more DHCP agents
2026-07-01 08:35:37.713 9 WARNING neutron.api.rpc.agentnotifiers.dhcp_rpc_agent_api [None req-e2070c89-eacb-44bd-bad2-3e9069ebaf5b 52980309f47c48f5845505a51c197318 e74015179c8442a3ab0757be9d11bda4 - - default default] Unable to schedule network 44863536-0d49-41fe-bc92-3013cf6d9740: no agents available; will retry on subsequent port and subnet creation events.
2026-07-01 08:35:37.787 9 INFO neutron.db.ovn_revision_numbers_db [None req-e2070c89-eacb-44bd-bad2-3e9069ebaf5b 52980309f47c48f5845505a51c197318 e74015179c8442a3ab0757be9d11bda4 - - default default] Successfully bumped revision number for resource ef15ebdc-2cdb-4681-a8ed-215d8cdc12cc (type: ports) to 1
2026-07-01 08:35:37.810 9 INFO neutron.api.wsgi [None req-e2070c89-eacb-44bd-bad2-3e9069ebaf5b 52980309f47c48f5845505a51c197318 e74015179c8442a3ab0757be9d11bda4 - - default default] 10.0.0.220 "POST /v2.0/networks HTTP/1.1" status: 201 len: 848 time: 0.4685602
2026-07-01 08:35:37.821 9 WARNING neutron_lib.context [None req-b0c13690-9c1f-4ac4-8cd3-873bacae6c1b 52980309f47c48f5845505a51c197318 e74015179c8442a3ab0757be9d11bda4 - - default default] Method 'is_advsvc' is deprecated since 2023.2 release (neutron-lib 3.8.0) and will be removed once support for the old RBAC API policies will be removed from Neutron. Please use method 'is_service_role' instead.
2026-07-01 08:35:37.908 9 INFO neutron.db.segments_db [None req-b0c13690-9c1f-4ac4-8cd3-873bacae6c1b 52980309f47c48f5845505a51c197318 e74015179c8442a3ab0757be9d11bda4 - - default default] Added segment 99edf442-7734-4365-9493-5421c0902bf7 of type geneve for network fff682d2-ba4d-4e21-9db4-63e0d696f51d
2026-07-01 08:35:38.052 9 INFO neutron.db.ovn_revision_numbers_db [None req-b0c13690-9c1f-4ac4-8cd3-873bacae6c1b 52980309f47c48f5845505a51c197318 e74015179c8442a3ab0757be9d11bda4 - - default default] Successfully bumped revision number for resource fff682d2-ba4d-4e21-9db4-63e0d696f51d (type: networks) to 1
2026-07-01 08:35:38.218 9 WARNING neutron.scheduler.dhcp_agent_scheduler [None req-b0c13690-9c1f-4ac4-8cd3-873bacae6c1b 52980309f47c48f5845505a51c197318 e74015179c8442a3ab0757be9d11bda4 - - default default] No more DHCP agents
2026-07-01 08:35:38.219 9 WARNING neutron.api.rpc.agentnotifiers.dhcp_rpc_agent_api [None req-b0c13690-9c1f-4ac4-8cd3-873bacae6c1b 52980309f47c48f5845505a51c197318 e74015179c8442a3ab0757be9d11bda4 - - default default] Unable to schedule network fff682d2-ba4d-4e21-9db4-63e0d696f51d: no agents available; will retry on subsequent port and subnet creation events.
2026-07-01 08:35:38.286 9 INFO neutron.db.ovn_revision_numbers_db [None req-b0c13690-9c1f-4ac4-8cd3-873bacae6c1b 52980309f47c48f5845505a51c197318 e74015179c8442a3ab0757be9d11bda4 - - default default] Successfully bumped revision number for resource 27287210-905c-4ca1-8c1f-431b3e4eb3de (type: ports) to 1
2026-07-01 08:35:38.310 9 INFO neutron.api.wsgi [None req-b0c13690-9c1f-4ac4-8cd3-873bacae6c1b 52980309f47c48f5845505a51c197318 e74015179c8442a3ab0757be9d11bda4 - - default default] 10.0.0.220 "POST /v2.0/networks HTTP/1.1" status: 201 len: 847 time: 0.4948204
2026-07-01 08:35:38.322 9 WARNING neutron_lib.context [None req-a9532bbd-c633-47b0-9164-76fdd7691fe5 52980309f47c48f5845505a51c197318 e74015179c8442a3ab0757be9d11bda4 - - default default] Method 'is_advsvc' is deprecated since 2023.2 release (neutron-lib 3.8.0) and will be removed once support for the old RBAC API policies will be removed from Neutron. Please use method 'is_service_role' instead.
2026-07-01 08:35:38.353 9 WARNING neutron_lib.context [None req-a9532bbd-c633-47b0-9164-76fdd7691fe5 52980309f47c48f5845505a51c197318 e74015179c8442a3ab0757be9d11bda4 - - default default] Method 'is_advsvc' is deprecated since 2023.2 release (neutron-lib 3.8.0) and will be removed once support for the old RBAC API policies will be removed from Neutron. Please use method 'is_service_role' instead.
2026-07-01 08:35:38.902 10 INFO neutron.services.segments.plugin [-] Segment f9413414-8e56-4d03-a997-62bde2a6a872 resource provider aggregate not found
2026-07-01 08:35:38.909 10 INFO neutron.services.segments.plugin [-] Segment f9413414-8e56-4d03-a997-62bde2a6a872 resource provider aggregate not found
2026-07-01 08:35:38.923 10 INFO neutron.services.segments.plugin [-] Segment f9413414-8e56-4d03-a997-62bde2a6a872 resource provider not found; error: Placement Client Error (4xx): {"errors": [{"status": 404, "title": "Not Found", "detail": "The resource could not be found.\n\n No resource provider with uuid f9413414-8e56-4d03-a997-62bde2a6a872 found for delete ", "request_id": "req-3ac17f20-64c3-4fe7-ae50-bd6c62a7ab51"}]}
2026-07-01 08:35:38.924 10 INFO neutron.services.segments.plugin [-] Segment f9413414-8e56-4d03-a997-62bde2a6a872 resource provider not found; error: Placement Client Error (4xx): {"errors": [{"status": 404, "title": "Not Found", "detail": "The resource could not be found.\n\n No resource provider with uuid f9413414-8e56-4d03-a997-62bde2a6a872 found for delete ", "request_id": "req-6b60a510-d0e1-4c09-8e1f-2dc90b4d1229"}]}
2026-07-01 08:35:39.070 9 WARNING neutron.scheduler.dhcp_agent_scheduler [None req-a9532bbd-c633-47b0-9164-76fdd7691fe5 52980309f47c48f5845505a51c197318 e74015179c8442a3ab0757be9d11bda4 - - default default] No more DHCP agents
2026-07-01 08:35:39.073 9 WARNING neutron.api.rpc.agentnotifiers.dhcp_rpc_agent_api [None req-a9532bbd-c633-47b0-9164-76fdd7691fe5 52980309f47c48f5845505a51c197318 e74015179c8442a3ab0757be9d11bda4 - - default default] Unable to schedule network 44863536-0d49-41fe-bc92-3013cf6d9740: no agents available; will retry on subsequent port and subnet creation events.
2026-07-01 08:35:39.168 9 INFO neutron.db.ovn_revision_numbers_db [None req-a9532bbd-c633-47b0-9164-76fdd7691fe5 52980309f47c48f5845505a51c197318 e74015179c8442a3ab0757be9d11bda4 - - default default] Successfully bumped revision number for resource c6bd44c6-cbdb-4e98-aec5-cbea49c0a350 (type: ports) to 1
2026-07-01 08:35:39.205 9 WARNING neutron.scheduler.dhcp_agent_scheduler [None req-a9532bbd-c633-47b0-9164-76fdd7691fe5 52980309f47c48f5845505a51c197318 e74015179c8442a3ab0757be9d11bda4 - - default default] No more DHCP agents
2026-07-01 08:35:39.206 9 WARNING neutron.api.rpc.agentnotifiers.dhcp_rpc_agent_api [None req-a9532bbd-c633-47b0-9164-76fdd7691fe5 52980309f47c48f5845505a51c197318 e74015179c8442a3ab0757be9d11bda4 - - default default] Unable to schedule network fff682d2-ba4d-4e21-9db4-63e0d696f51d: no agents available; will retry on subsequent port and subnet creation events.
2026-07-01 08:35:39.264 9 INFO neutron.db.ovn_revision_numbers_db [None req-a9532bbd-c633-47b0-9164-76fdd7691fe5 52980309f47c48f5845505a51c197318 e74015179c8442a3ab0757be9d11bda4 - - default default] Successfully bumped revision number for resource 69015a16-e82b-4ec9-af01-ba48bf85c24a (type: ports) to 1
2026-07-01 08:35:39.304 9 INFO neutron.api.wsgi [None req-a9532bbd-c633-47b0-9164-76fdd7691fe5 52980309f47c48f5845505a51c197318 e74015179c8442a3ab0757be9d11bda4 - - default default] 10.0.0.220 "POST /v2.0/ports HTTP/1.1" status: 201 len: 1705 time: 0.9875317 /var/lib/openstack/lib/python3.12/site-packages/pycadf/identifier.py:71: UserWarning: Invalid uuid: neutron. To ensure interoperability, identifiers should be a valid uuid. warnings.warn(('Invalid uuid: %s. To ensure interoperability, '
2026-07-01 08:35:39.411 9 INFO neutron.api.wsgi [None req-48fcf1ab-8de8-46d8-a45a-c44f104edae9 52980309f47c48f5845505a51c197318 e74015179c8442a3ab0757be9d11bda4 - - default default] 10.0.0.220 "GET /v2.0/ports HTTP/1.1" status: 200 len: 3212 time: 0.1023099
2026-07-01 08:35:39.636 9 INFO neutron.api.wsgi [None req-2738871b-2a60-44c3-b20c-d457f9afd368 52980309f47c48f5845505a51c197318 e74015179c8442a3ab0757be9d11bda4 - - default default] 10.0.0.220 "DELETE /v2.0/ports/c6bd44c6-cbdb-4e98-aec5-cbea49c0a350 HTTP/1.1" status: 204 len: 168 time: 0.2195458
2026-07-01 08:35:39.872 9 INFO neutron.api.wsgi [None req-3f9d7e75-7380-479d-8e32-6eef20101bd4 52980309f47c48f5845505a51c197318 e74015179c8442a3ab0757be9d11bda4 - - default default] 10.0.0.220 "DELETE /v2.0/ports/69015a16-e82b-4ec9-af01-ba48bf85c24a HTTP/1.1" status: 204 len: 168 time: 0.2304554
2026-07-01 08:35:39.918 9 INFO neutron.api.wsgi [None req-6533f67c-4011-4c65-a633-48d76e480225 52980309f47c48f5845505a51c197318 e74015179c8442a3ab0757be9d11bda4 - - default default] 10.0.0.220 "GET /v2.0/ports HTTP/1.1" status: 200 len: 1718 time: 0.0396905
2026-07-01 08:35:39.931 9 WARNING neutron_lib.context [None req-4fba394a-0649-46a8-a040-85dcb18b3eb7 52980309f47c48f5845505a51c197318 e74015179c8442a3ab0757be9d11bda4 - - default default] Method 'is_advsvc' is deprecated since 2023.2 release (neutron-lib 3.8.0) and will be removed once support for the old RBAC API policies will be removed from Neutron. Please use method 'is_service_role' instead.
2026-07-01 08:35:40.011 9 INFO neutron.db.segments_db [None req-4fba394a-0649-46a8-a040-85dcb18b3eb7 52980309f47c48f5845505a51c197318 e74015179c8442a3ab0757be9d11bda4 - - default default] Added segment 05d4f4a5-2b4d-4933-b025-e89898d4f05d of type geneve for network 2ce87145-a933-4ac6-818e-ab7b75ac2f55
2026-07-01 08:35:40.127 9 INFO neutron.db.ovn_revision_numbers_db [None req-4fba394a-0649-46a8-a040-85dcb18b3eb7 52980309f47c48f5845505a51c197318 e74015179c8442a3ab0757be9d11bda4 - - default default] Successfully bumped revision number for resource 2ce87145-a933-4ac6-818e-ab7b75ac2f55 (type: networks) to 1
2026-07-01 08:35:40.278 9 WARNING neutron.scheduler.dhcp_agent_scheduler [None req-4fba394a-0649-46a8-a040-85dcb18b3eb7 52980309f47c48f5845505a51c197318 e74015179c8442a3ab0757be9d11bda4 - - default default] No more DHCP agents
2026-07-01 08:35:40.280 9 WARNING neutron.api.rpc.agentnotifiers.dhcp_rpc_agent_api [None req-4fba394a-0649-46a8-a040-85dcb18b3eb7 52980309f47c48f5845505a51c197318 e74015179c8442a3ab0757be9d11bda4 - - default default] Unable to schedule network 2ce87145-a933-4ac6-818e-ab7b75ac2f55: no agents available; will retry on subsequent port and subnet creation events.
2026-07-01 08:35:40.358 9 INFO neutron.db.ovn_revision_numbers_db [None req-4fba394a-0649-46a8-a040-85dcb18b3eb7 52980309f47c48f5845505a51c197318 e74015179c8442a3ab0757be9d11bda4 - - default default] Successfully bumped revision number for resource 634926cb-ae1a-47f5-a600-aefbcd893e91 (type: ports) to 1
2026-07-01 08:35:40.388 9 INFO neutron.api.wsgi [None req-4fba394a-0649-46a8-a040-85dcb18b3eb7 52980309f47c48f5845505a51c197318 e74015179c8442a3ab0757be9d11bda4 - - default default] 10.0.0.220 "POST /v2.0/networks HTTP/1.1" status: 201 len: 847 time: 0.4622200
2026-07-01 08:35:40.398 9 WARNING neutron_lib.context [None req-8f189ddd-f591-447c-9b90-222d5f99723f 52980309f47c48f5845505a51c197318 e74015179c8442a3ab0757be9d11bda4 - - default default] Method 'is_advsvc' is deprecated since 2023.2 release (neutron-lib 3.8.0) and will be removed once support for the old RBAC API policies will be removed from Neutron. Please use method 'is_service_role' instead.
2026-07-01 08:35:40.465 9 INFO neutron.db.segments_db [None req-8f189ddd-f591-447c-9b90-222d5f99723f 52980309f47c48f5845505a51c197318 e74015179c8442a3ab0757be9d11bda4 - - default default] Added segment 109a312c-2d2c-4fae-b60b-ef3b742f5290 of type geneve for network 8035d822-6420-4a21-b7c2-a25263f8df79
2026-07-01 08:35:40.579 9 INFO neutron.db.ovn_revision_numbers_db [None req-8f189ddd-f591-447c-9b90-222d5f99723f 52980309f47c48f5845505a51c197318 e74015179c8442a3ab0757be9d11bda4 - - default default] Successfully bumped revision number for resource 8035d822-6420-4a21-b7c2-a25263f8df79 (type: networks) to 1
2026-07-01 08:35:40.728 9 WARNING neutron.scheduler.dhcp_agent_scheduler [None req-8f189ddd-f591-447c-9b90-222d5f99723f 52980309f47c48f5845505a51c197318 e74015179c8442a3ab0757be9d11bda4 - - default default] No more DHCP agents
2026-07-01 08:35:40.729 9 WARNING neutron.api.rpc.agentnotifiers.dhcp_rpc_agent_api [None req-8f189ddd-f591-447c-9b90-222d5f99723f 52980309f47c48f5845505a51c197318 e74015179c8442a3ab0757be9d11bda4 - - default default] Unable to schedule network 8035d822-6420-4a21-b7c2-a25263f8df79: no agents available; will retry on subsequent port and subnet creation events.
2026-07-01 08:35:40.802 9 INFO neutron.db.ovn_revision_numbers_db [None req-8f189ddd-f591-447c-9b90-222d5f99723f 52980309f47c48f5845505a51c197318 e74015179c8442a3ab0757be9d11bda4 - - default default] Successfully bumped revision number for resource 9c0879e0-5cdc-447f-96fb-b78b936ec87d (type: ports) to 1
2026-07-01 08:35:40.826 9 INFO neutron.api.wsgi [None req-8f189ddd-f591-447c-9b90-222d5f99723f 52980309f47c48f5845505a51c197318 e74015179c8442a3ab0757be9d11bda4 - - default default] 10.0.0.220 "POST /v2.0/networks HTTP/1.1" status: 201 len: 848 time: 0.4310825
2026-07-01 08:35:40.867 9 WARNING neutron_lib.context [None req-88977405-c747-4174-936a-f146d3b26757 52980309f47c48f5845505a51c197318 e74015179c8442a3ab0757be9d11bda4 - - default default] Method 'is_advsvc' is deprecated since 2023.2 release (neutron-lib 3.8.0) and will be removed once support for the old RBAC API policies will be removed from Neutron. Please use method 'is_service_role' instead.
2026-07-01 08:35:40.892 9 WARNING neutron_lib.context [None req-88977405-c747-4174-936a-f146d3b26757 52980309f47c48f5845505a51c197318 e74015179c8442a3ab0757be9d11bda4 - - default default] Method 'is_advsvc' is deprecated since 2023.2 release (neutron-lib 3.8.0) and will be removed once support for the old RBAC API policies will be removed from Neutron. Please use method 'is_service_role' instead.
2026-07-01 08:35:41.264 9 WARNING neutron.scheduler.dhcp_agent_scheduler [None req-88977405-c747-4174-936a-f146d3b26757 52980309f47c48f5845505a51c197318 e74015179c8442a3ab0757be9d11bda4 - - default default] No more DHCP agents
2026-07-01 08:35:41.270 9 WARNING neutron.api.rpc.agentnotifiers.dhcp_rpc_agent_api [None req-88977405-c747-4174-936a-f146d3b26757 52980309f47c48f5845505a51c197318 e74015179c8442a3ab0757be9d11bda4 - - default default] Unable to schedule network 2ce87145-a933-4ac6-818e-ab7b75ac2f55: no agents available; will retry on subsequent port and subnet creation events.
2026-07-01 08:35:41.654 9 INFO neutron.db.ovn_revision_numbers_db [None req-89aac3c2-679d-460f-b1b2-475dab66def5 - - - - - -] Successfully bumped revision number for resource 634926cb-ae1a-47f5-a600-aefbcd893e91 (type: ports) to 2
2026-07-01 08:35:41.678 9 INFO neutron.db.ovn_revision_numbers_db [None req-89aac3c2-679d-460f-b1b2-475dab66def5 - - - - - -] Successfully bumped revision number for resource 6c61efc1-030c-4608-8e77-ddd70ef28db5 (type: subnets) to 0
2026-07-01 08:35:41.700 9 WARNING neutron.scheduler.dhcp_agent_scheduler [None req-88977405-c747-4174-936a-f146d3b26757 52980309f47c48f5845505a51c197318 e74015179c8442a3ab0757be9d11bda4 - - default default] No more DHCP agents
2026-07-01 08:35:41.701 9 WARNING neutron.api.rpc.agentnotifiers.dhcp_rpc_agent_api [None req-88977405-c747-4174-936a-f146d3b26757 52980309f47c48f5845505a51c197318 e74015179c8442a3ab0757be9d11bda4 - - default default] Unable to schedule network 8035d822-6420-4a21-b7c2-a25263f8df79: no agents available; will retry on subsequent port and subnet creation events.
2026-07-01 08:35:41.953 9 INFO neutron.api.wsgi [req-51d44d88-04bc-4248-98eb-d6388b457fc1 req-edab2710-7324-478c-af0f-4fdb793c1806 ceb89a06057345148043faeaccaa6b08 f9fb9a9f9cb94349b2b09b518b11bb22 - - 92528f82975c46bdaab9e69bfb83a290 92528f82975c46bdaab9e69bfb83a290] 10.0.0.166 "GET /v2.0/ports?device_id=e2b12958-8bfb-4e20-a4c0-9cb06ffd8620 HTTP/1.1" status: 200 len: 1413 time: 0.1540689
2026-07-01 08:35:42.032 9 INFO neutron.api.wsgi [req-51d44d88-04bc-4248-98eb-d6388b457fc1 req-b16f6b7e-ac21-4101-a719-d4157929309a ceb89a06057345148043faeaccaa6b08 f9fb9a9f9cb94349b2b09b518b11bb22 - - 92528f82975c46bdaab9e69bfb83a290 92528f82975c46bdaab9e69bfb83a290] 10.0.0.166 "GET /v2.0/security-groups?id=c07131c7-1450-4803-9d94-049f54f78cb3&fields=id&fields=name HTTP/1.1" status: 200 len: 313 time: 0.0719280
2026-07-01 08:35:42.231 9 INFO neutron.db.ovn_revision_numbers_db [None req-625dc44f-7787-4291-9043-9801e53d534b - - - - - -] Successfully bumped revision number for resource 9c0879e0-5cdc-447f-96fb-b78b936ec87d (type: ports) to 2
2026-07-01 08:35:42.257 9 INFO neutron.db.ovn_revision_numbers_db [None req-625dc44f-7787-4291-9043-9801e53d534b - - - - - -] Successfully bumped revision number for resource 909f5a58-0e39-4b17-b6ab-5cac7d9c2840 (type: subnets) to 0
2026-07-01 08:35:42.270 9 INFO neutron.api.wsgi [None req-88977405-c747-4174-936a-f146d3b26757 52980309f47c48f5845505a51c197318 e74015179c8442a3ab0757be9d11bda4 - - default default] 10.0.0.220 "POST /v2.0/subnets HTTP/1.1" status: 201 len: 1474 time: 1.4091058
2026-07-01 08:35:42.321 9 INFO neutron.api.wsgi [None req-60671204-a79a-4c8b-85d4-83d4a72f8fab 52980309f47c48f5845505a51c197318 e74015179c8442a3ab0757be9d11bda4 - - default default] 10.0.0.220 "GET /v2.0/subnets HTTP/1.1" status: 200 len: 2105 time: 0.0456870
2026-07-01 08:35:42.493 9 INFO neutron.api.wsgi [None req-42787742-8c09-4a04-a398-431c386e61aa 52980309f47c48f5845505a51c197318 e74015179c8442a3ab0757be9d11bda4 - - default default] 10.0.0.220 "DELETE /v2.0/subnets/6c61efc1-030c-4608-8e77-ddd70ef28db5 HTTP/1.1" status: 204 len: 168 time: 0.1625216
2026-07-01 08:35:42.656 9 INFO neutron.api.wsgi [None req-fa95d6c9-7020-4e60-b907-6a395b5bfda9 52980309f47c48f5845505a51c197318 e74015179c8442a3ab0757be9d11bda4 - - default default] 10.0.0.220 "DELETE /v2.0/subnets/909f5a58-0e39-4b17-b6ab-5cac7d9c2840 HTTP/1.1" status: 204 len: 168 time: 0.1566148
2026-07-01 08:35:42.688 9 INFO neutron.api.wsgi [None req-7ae89ebe-70ed-4d29-a465-4f2d9894ec8e 52980309f47c48f5845505a51c197318 e74015179c8442a3ab0757be9d11bda4 - - default default] 10.0.0.220 "GET /v2.0/subnets HTTP/1.1" status: 200 len: 843 time: 0.0260305
2026-07-01 08:35:42.982 9 INFO neutron.services.segments.plugin [-] Segment 109a312c-2d2c-4fae-b60b-ef3b742f5290 resource provider aggregate not found
2026-07-01 08:35:42.997 9 INFO neutron.services.segments.plugin [-] Segment 109a312c-2d2c-4fae-b60b-ef3b742f5290 resource provider aggregate not found
2026-07-01 08:35:43.011 9 INFO neutron.services.segments.plugin [-] Segment 109a312c-2d2c-4fae-b60b-ef3b742f5290 resource provider not found; error: Placement Client Error (4xx): {"errors": [{"status": 404, "title": "Not Found", "detail": "The resource could not be found.\n\n No resource provider with uuid 109a312c-2d2c-4fae-b60b-ef3b742f5290 found for delete ", "request_id": "req-47186075-b37f-4729-9aae-bd3f8f2a40d8"}]}
2026-07-01 08:35:43.023 9 INFO neutron.services.segments.plugin [-] Segment 109a312c-2d2c-4fae-b60b-ef3b742f5290 resource provider not found; error: Placement Client Error (4xx): {"errors": [{"status": 404, "title": "Not Found", "detail": "The resource could not be found.\n\n No resource provider with uuid 109a312c-2d2c-4fae-b60b-ef3b742f5290 found for delete ", "request_id": "req-950755ba-de20-4b29-9be0-6b23a7635115"}]}
2026-07-01 08:35:43.036 9 INFO neutron.api.wsgi [None req-39cb61d7-1c5c-4b2a-92e8-f8f0adc7f689 52980309f47c48f5845505a51c197318 e74015179c8442a3ab0757be9d11bda4 - - default default] 10.0.0.220 "DELETE /v2.0/networks/8035d822-6420-4a21-b7c2-a25263f8df79 HTTP/1.1" status: 204 len: 168 time: 0.3417549
2026-07-01 08:35:43.410 9 INFO neutron.api.wsgi [None req-6535dd05-d626-444f-9104-7f576baf11fe 52980309f47c48f5845505a51c197318 e74015179c8442a3ab0757be9d11bda4 - - default default] 10.0.0.220 "DELETE /v2.0/networks/2ce87145-a933-4ac6-818e-ab7b75ac2f55 HTTP/1.1" status: 204 len: 168 time: 0.3633761
2026-07-01 08:35:43.508 10 INFO neutron.db.ovn_revision_numbers_db [None req-b4db9ee1-ef96-4d14-95aa-d3c5881bf8bc 36b0c00a8e904af6ac46d1e4d432fc01 bd75923a26204044a26a04f015198e04 - - default default] Successfully bumped revision number for resource 4b266a07-7024-462b-8847-41f6ab115858 (type: security_groups) to 1
2026-07-01 08:35:43.520 10 INFO neutron.db.ovn_revision_numbers_db [None req-b4db9ee1-ef96-4d14-95aa-d3c5881bf8bc 36b0c00a8e904af6ac46d1e4d432fc01 bd75923a26204044a26a04f015198e04 - - default default] Successfully bumped revision number for resource 13770281-0ad9-4ed0-b19a-3a29bdf648b9 (type: security_group_rules) to 0
2026-07-01 08:35:43.536 10 INFO neutron.db.ovn_revision_numbers_db [None req-b4db9ee1-ef96-4d14-95aa-d3c5881bf8bc 36b0c00a8e904af6ac46d1e4d432fc01 bd75923a26204044a26a04f015198e04 - - default default] Successfully bumped revision number for resource 288d0136-d0c0-4193-b87d-12b07216561d (type: security_group_rules) to 0
2026-07-01 08:35:43.550 10 INFO neutron.db.ovn_revision_numbers_db [None req-b4db9ee1-ef96-4d14-95aa-d3c5881bf8bc 36b0c00a8e904af6ac46d1e4d432fc01 bd75923a26204044a26a04f015198e04 - - default default] Successfully bumped revision number for resource 37a88b69-e66e-4f10-acae-30fae310b762 (type: security_group_rules) to 0
2026-07-01 08:35:43.564 10 INFO neutron.db.ovn_revision_numbers_db [None req-b4db9ee1-ef96-4d14-95aa-d3c5881bf8bc 36b0c00a8e904af6ac46d1e4d432fc01 bd75923a26204044a26a04f015198e04 - - default default] Successfully bumped revision number for resource 9acd395c-0387-4ad4-b35e-a7622b9f07d4 (type: security_group_rules) to 0
2026-07-01 08:35:43.601 10 INFO neutron.api.wsgi [None req-b4db9ee1-ef96-4d14-95aa-d3c5881bf8bc 36b0c00a8e904af6ac46d1e4d432fc01 bd75923a26204044a26a04f015198e04 - - default default] 10.0.0.220 "GET /v2.0/security-groups?tenant_id=569c512c28af4518bef43f67a93a12e6&name=default HTTP/1.1" status: 200 len: 3120 time: 0.3771172
2026-07-01 08:35:43.741 9 INFO neutron.api.wsgi [None req-67971614-fa55-4126-862a-0969a8a5b747 52980309f47c48f5845505a51c197318 e74015179c8442a3ab0757be9d11bda4 - - default default] 10.0.0.220 "DELETE /v2.0/networks/fff682d2-ba4d-4e21-9db4-63e0d696f51d HTTP/1.1" status: 204 len: 168 time: 0.3256955
2026-07-01 08:35:43.820 10 INFO neutron.api.wsgi [None req-0cb03fd5-b917-49ba-9b41-989a808b04e9 36b0c00a8e904af6ac46d1e4d432fc01 bd75923a26204044a26a04f015198e04 - - default default] 10.0.0.220 "DELETE /v2.0/security-groups/4b266a07-7024-462b-8847-41f6ab115858 HTTP/1.1" status: 204 len: 168 time: 0.2119899
2026-07-01 08:35:44.094 10 INFO neutron.services.segments.plugin [-] Segment 477bb46d-f533-4e8b-bf77-6891bad4a562 resource provider aggregate not found
2026-07-01 08:35:44.107 10 INFO neutron.services.segments.plugin [-] Segment 477bb46d-f533-4e8b-bf77-6891bad4a562 resource provider aggregate not found
2026-07-01 08:35:44.113 10 INFO neutron.services.segments.plugin [-] Segment 477bb46d-f533-4e8b-bf77-6891bad4a562 resource provider not found; error: Placement Client Error (4xx): {"errors": [{"status": 404, "title": "Not Found", "detail": "The resource could not be found.\n\n No resource provider with uuid 477bb46d-f533-4e8b-bf77-6891bad4a562 found for delete ", "request_id": "req-e25798ef-62c4-4682-b6f1-ce540437cf9e"}]}
2026-07-01 08:35:44.119 10 INFO neutron.db.ovn_revision_numbers_db [None req-4873b8d7-5e4c-4867-b314-09a053ae7cfe 36b0c00a8e904af6ac46d1e4d432fc01 bd75923a26204044a26a04f015198e04 - - default default] Successfully bumped revision number for resource 023925c7-eda3-472f-9ba7-0966e906afdf (type: security_groups) to 1
2026-07-01 08:35:44.126 10 INFO neutron.services.segments.plugin [-] Segment 477bb46d-f533-4e8b-bf77-6891bad4a562 resource provider not found; error: Placement Client Error (4xx): {"errors": [{"status": 404, "title": "Not Found", "detail": "The resource could not be found.\n\n No resource provider with uuid 477bb46d-f533-4e8b-bf77-6891bad4a562 found for delete ", "request_id": "req-5b125c8b-fa8f-4177-9f83-b68af848ae9b"}]}
2026-07-01 08:35:44.142 10 INFO neutron.db.ovn_revision_numbers_db [None req-4873b8d7-5e4c-4867-b314-09a053ae7cfe 36b0c00a8e904af6ac46d1e4d432fc01 bd75923a26204044a26a04f015198e04 - - default default] Successfully bumped revision number for resource 02656934-7ac1-4092-91ee-f134ee861b18 (type: security_group_rules) to 0
2026-07-01 08:35:44.151 10 INFO neutron.api.wsgi [None req-f5adc5e9-ac8f-49f4-9204-628ab66d8cdc 52980309f47c48f5845505a51c197318 e74015179c8442a3ab0757be9d11bda4 - - default default] 10.0.0.220 "DELETE /v2.0/networks/44863536-0d49-41fe-bc92-3013cf6d9740 HTTP/1.1" status: 204 len: 168 time: 0.4038119
2026-07-01 08:35:44.159 10 INFO neutron.db.ovn_revision_numbers_db [None req-4873b8d7-5e4c-4867-b314-09a053ae7cfe 36b0c00a8e904af6ac46d1e4d432fc01 bd75923a26204044a26a04f015198e04 - - default default] Successfully bumped revision number for resource 4a56475a-fbf4-4066-a2a8-54a65cfab014 (type: security_group_rules) to 0
2026-07-01 08:35:44.171 10 INFO neutron.db.ovn_revision_numbers_db [None req-4873b8d7-5e4c-4867-b314-09a053ae7cfe 36b0c00a8e904af6ac46d1e4d432fc01 bd75923a26204044a26a04f015198e04 - - default default] Successfully bumped revision number for resource dcad9306-8adb-49d9-8bc0-abc983c3290c (type: security_group_rules) to 0
2026-07-01 08:35:44.184 10 INFO neutron.db.ovn_revision_numbers_db [None req-4873b8d7-5e4c-4867-b314-09a053ae7cfe 36b0c00a8e904af6ac46d1e4d432fc01 bd75923a26204044a26a04f015198e04 - - default default] Successfully bumped revision number for resource eff95b84-38ea-4e3e-9659-3dbdcaea0e6e (type: security_group_rules) to 0
2026-07-01 08:35:44.228 10 INFO neutron.api.wsgi [None req-4873b8d7-5e4c-4867-b314-09a053ae7cfe 36b0c00a8e904af6ac46d1e4d432fc01 bd75923a26204044a26a04f015198e04 - - default default] 10.0.0.220 "GET /v2.0/security-groups?tenant_id=39ff4281f7a84966b2604b99fa9666a6&name=default HTTP/1.1" status: 200 len: 3120 time: 0.3071449
2026-07-01 08:35:44.453 10 INFO neutron.api.wsgi [None req-1efef850-f9e4-458a-82cc-fbbf67a099d2 36b0c00a8e904af6ac46d1e4d432fc01 bd75923a26204044a26a04f015198e04 - - default default] 10.0.0.220 "DELETE /v2.0/security-groups/023925c7-eda3-472f-9ba7-0966e906afdf HTTP/1.1" status: 204 len: 168 time: 0.2190993
2026-07-01 08:35:44.898 9 INFO neutron.api.wsgi [None req-701af2a9-77eb-48d5-ba8a-6b60004c9e16 36b0c00a8e904af6ac46d1e4d432fc01 bd75923a26204044a26a04f015198e04 - - default default] 10.0.0.220 "GET /v2.0/security-groups?tenant_id=e74015179c8442a3ab0757be9d11bda4&name=default HTTP/1.1" status: 200 len: 3120 time: 0.1958156
2026-07-01 08:35:45.044 9 INFO neutron.services.segments.plugin [-] Segment 05d4f4a5-2b4d-4933-b025-e89898d4f05d resource provider aggregate not found
2026-07-01 08:35:45.050 9 INFO neutron.services.segments.plugin [-] Segment 05d4f4a5-2b4d-4933-b025-e89898d4f05d resource provider aggregate not found
2026-07-01 08:35:45.061 9 INFO neutron.services.segments.plugin [-] Segment 05d4f4a5-2b4d-4933-b025-e89898d4f05d resource provider not found; error: Placement Client Error (4xx): {"errors": [{"status": 404, "title": "Not Found", "detail": "The resource could not be found.\n\n No resource provider with uuid 05d4f4a5-2b4d-4933-b025-e89898d4f05d found for delete ", "request_id": "req-31ae00c4-125e-4a32-82aa-9d81a4f96795"}]}
2026-07-01 08:35:45.073 9 INFO neutron.services.segments.plugin [-] Segment 99edf442-7734-4365-9493-5421c0902bf7 resource provider aggregate not found
2026-07-01 08:35:45.076 9 INFO neutron.services.segments.plugin [-] Segment 05d4f4a5-2b4d-4933-b025-e89898d4f05d resource provider not found; error: Placement Client Error (4xx): {"errors": [{"status": 404, "title": "Not Found", "detail": "The resource could not be found.\n\n No resource provider with uuid 05d4f4a5-2b4d-4933-b025-e89898d4f05d found for delete ", "request_id": "req-b4633629-810e-4b71-a4f2-a6d85b5f6da7"}]}
2026-07-01 08:35:45.091 9 INFO neutron.services.segments.plugin [-] Segment 99edf442-7734-4365-9493-5421c0902bf7 resource provider aggregate not found
2026-07-01 08:35:45.099 9 INFO neutron.services.segments.plugin [-] Segment 99edf442-7734-4365-9493-5421c0902bf7 resource provider not found; error: Placement Client Error (4xx): {"errors": [{"status": 404, "title": "Not Found", "detail": "The resource could not be found.\n\n No resource provider with uuid 99edf442-7734-4365-9493-5421c0902bf7 found for delete ", "request_id": "req-22976638-363c-49a1-a34d-631466bacb50"}]}
2026-07-01 08:35:45.106 9 INFO neutron.services.segments.plugin [-] Segment 99edf442-7734-4365-9493-5421c0902bf7 resource provider not found; error: Placement Client Error (4xx): {"errors": [{"status": 404, "title": "Not Found", "detail": "The resource could not be found.\n\n No resource provider with uuid 99edf442-7734-4365-9493-5421c0902bf7 found for delete ", "request_id": "req-6a4255fd-0520-4b4a-85e3-77f3db084b02"}]}
2026-07-01 08:35:45.138 9 INFO neutron.api.wsgi [req-c177ea4b-c4fb-45eb-9d9d-85a1954f359f req-f3d22b1f-76f9-4434-a39b-750b1ef4bb09 ceb89a06057345148043faeaccaa6b08 f9fb9a9f9cb94349b2b09b518b11bb22 - - 92528f82975c46bdaab9e69bfb83a290 92528f82975c46bdaab9e69bfb83a290] 10.0.0.166 "GET /v2.0/ports?device_id=57a538c8-6e88-4745-b970-9df6610fefa0 HTTP/1.1" status: 200 len: 1413 time: 0.0428715
2026-07-01 08:35:45.168 9 INFO neutron.api.wsgi [None req-4d644260-ab7b-4b41-ba5b-1a8a689b916d 36b0c00a8e904af6ac46d1e4d432fc01 bd75923a26204044a26a04f015198e04 - - default default] 10.0.0.220 "DELETE /v2.0/security-groups/786b3091-fb49-4083-9195-decbd39dd2e4 HTTP/1.1" status: 204 len: 168 time: 0.2635188
2026-07-01 08:35:45.179 9 INFO neutron.api.wsgi [req-c177ea4b-c4fb-45eb-9d9d-85a1954f359f req-aa689193-fbc4-4b38-854c-835e8a773e09 ceb89a06057345148043faeaccaa6b08 f9fb9a9f9cb94349b2b09b518b11bb22 - - 92528f82975c46bdaab9e69bfb83a290 92528f82975c46bdaab9e69bfb83a290] 10.0.0.166 "GET /v2.0/security-groups?id=e91b662a-19e2-4952-a169-447116eb640e&fields=id&fields=name HTTP/1.1" status: 200 len: 312 time: 0.0339668
