2026-07-01 08:38:05.546 9 WARNING neutron_lib.context [None req-5973be64-56ea-4f79-820a-dbd8e6872440 1ac77e2fc72c49469d3bf3e9d1f54f8a e86783db63b44e47ad3a41acb29909df - - default default] Method 'is_advsvc' is deprecated since 2023.2 release (neutron-lib 3.8.0) and will be removed once support for the old RBAC API policies will be removed from Neutron. Please use method 'is_service_role' instead.
2026-07-01 08:38:05.586 9 INFO neutron.api.wsgi [None req-e228174e-5ef6-47de-97de-9b162f224600 b17369ae2a0047be9df32377df443839 9f411041a48f4b3c8fde7206a1fc3f70 - - default default] 10.0.0.220 "POST /v2.0/floatingips HTTP/1.1" status: 201 len: 751 time: 0.5510030
2026-07-01 08:38:05.595 10 INFO neutron.db.ovn_revision_numbers_db [None req-0307fe4a-a012-43db-a2a4-53292f074d30 5b49f1f2e46b46c891783c359539ad0d 2ca7dda5b14c457e928cb43e55394ac7 - - default default] Successfully bumped revision number for resource 9affd4ab-a6d2-4097-890d-3a8bd11ac469 (type: ports) to 1
2026-07-01 08:38:05.645 9 INFO neutron.api.wsgi [None req-87e416bd-596f-4efa-afb8-ad3b91229564 b17369ae2a0047be9df32377df443839 9f411041a48f4b3c8fde7206a1fc3f70 - - default default] 10.0.0.220 "PUT /v2.0/floatingips/ce02febe-f33f-40ef-b52f-9bfa8802fb4b/tags HTTP/1.1" status: 200 len: 210 time: 0.0519781
2026-07-01 08:38:05.657 10 WARNING neutron.scheduler.dhcp_agent_scheduler [None req-0307fe4a-a012-43db-a2a4-53292f074d30 5b49f1f2e46b46c891783c359539ad0d 2ca7dda5b14c457e928cb43e55394ac7 - - default default] No more DHCP agents
2026-07-01 08:38:05.659 10 WARNING neutron.api.rpc.agentnotifiers.dhcp_rpc_agent_api [None req-0307fe4a-a012-43db-a2a4-53292f074d30 5b49f1f2e46b46c891783c359539ad0d 2ca7dda5b14c457e928cb43e55394ac7 - - default default] Unable to schedule network 1ae2ffc9-d4fd-4e76-8de3-2a933ec92d35: no agents available; will retry on subsequent port and subnet creation events.
2026-07-01 08:38:05.679 9 INFO neutron.db.ovn_revision_numbers_db [None req-5973be64-56ea-4f79-820a-dbd8e6872440 1ac77e2fc72c49469d3bf3e9d1f54f8a e86783db63b44e47ad3a41acb29909df - - default default] Successfully bumped revision number for resource 26d86d33-101c-4bbd-ba5d-11bf78271505 (type: security_groups) to 1
2026-07-01 08:38:05.703 9 INFO neutron.db.ovn_revision_numbers_db [None req-5973be64-56ea-4f79-820a-dbd8e6872440 1ac77e2fc72c49469d3bf3e9d1f54f8a e86783db63b44e47ad3a41acb29909df - - default default] Successfully bumped revision number for resource 58a9a264-129f-475a-8c16-490875c8db85 (type: security_group_rules) to 0
2026-07-01 08:38:05.722 10 INFO neutron.api.wsgi [None req-b0773a96-0b36-4dc4-875c-3435d2ee8aae b17369ae2a0047be9df32377df443839 9f411041a48f4b3c8fde7206a1fc3f70 - - default default] 10.0.0.220 "PUT /v2.0/floatingips/38017193-18d1-40dd-86c1-b5408d2658b7/tags HTTP/1.1" status: 200 len: 218 time: 0.0714126
2026-07-01 08:38:05.724 9 INFO neutron.db.ovn_revision_numbers_db [None req-5973be64-56ea-4f79-820a-dbd8e6872440 1ac77e2fc72c49469d3bf3e9d1f54f8a e86783db63b44e47ad3a41acb29909df - - default default] Successfully bumped revision number for resource 9a732fee-dddc-4458-8f79-b9c78501a9e4 (type: security_group_rules) to 0
2026-07-01 08:38:05.749 9 INFO neutron.api.wsgi [req-d2b1fc01-3a6c-4d5c-9e25-43b32bb3369e req-fff45b26-eed4-4fc9-a186-18b0cec24c0f 518e67952dec46e9ab43f175b015eaa0 9a3b6ebf83a5442aac9d046eae08d6a9 - - default default] 199.204.45.74 "GET /v2.0/networks?id=a00772a3-3f4b-46e2-8028-86a391338bad HTTP/1.1" status: 200 len: 872 time: 0.0611732
2026-07-01 08:38:05.773 9 WARNING neutron_lib.context [req-d2b1fc01-3a6c-4d5c-9e25-43b32bb3369e req-700fd56f-8be7-43c8-9a72-28228bf6dea6 518e67952dec46e9ab43f175b015eaa0 9a3b6ebf83a5442aac9d046eae08d6a9 - - default default] Method 'is_advsvc' is deprecated since 2023.2 release (neutron-lib 3.8.0) and will be removed once support for the old RBAC API policies will be removed from Neutron. Please use method 'is_service_role' instead.
2026-07-01 08:38:05.804 9 INFO neutron.api.wsgi [None req-6b3da6c7-5478-4816-a377-da264b4358fe b17369ae2a0047be9df32377df443839 9f411041a48f4b3c8fde7206a1fc3f70 - - default default] 10.0.0.220 "PUT /v2.0/floatingips/88d8f48e-788b-4263-98b0-56988dc184ff/tags HTTP/1.1" status: 200 len: 227 time: 0.0731685
2026-07-01 08:38:05.809 9 INFO neutron.api.wsgi [None req-5973be64-56ea-4f79-820a-dbd8e6872440 1ac77e2fc72c49469d3bf3e9d1f54f8a e86783db63b44e47ad3a41acb29909df - - default default] 10.0.0.220 "POST /v2.0/security-groups HTTP/1.1" status: 201 len: 1801 time: 0.2683866
2026-07-01 08:38:05.818 9 WARNING neutron_lib.context [None req-bc793f76-c944-448f-92ff-d8672be5b81b 1ac77e2fc72c49469d3bf3e9d1f54f8a e86783db63b44e47ad3a41acb29909df - - default default] Method 'is_advsvc' is deprecated since 2023.2 release (neutron-lib 3.8.0) and will be removed once support for the old RBAC API policies will be removed from Neutron. Please use method 'is_service_role' instead.
2026-07-01 08:38:05.847 10 INFO neutron.api.wsgi [None req-9756a84a-df6a-4146-bf29-dca797f87e12 b17369ae2a0047be9df32377df443839 9f411041a48f4b3c8fde7206a1fc3f70 - - default default] 10.0.0.220 "PUT /v2.0/floatingips/43e41c90-ec0e-4409-9fd9-3d4ddf989890/tags HTTP/1.1" status: 200 len: 212 time: 0.0375297
2026-07-01 08:38:05.899 9 INFO neutron.api.wsgi [None req-7f72f6e6-eaf8-4cce-901e-4f34a23eb0a1 b17369ae2a0047be9df32377df443839 9f411041a48f4b3c8fde7206a1fc3f70 - - default default] 10.0.0.220 "GET /v2.0/floatingips?tags=red HTTP/1.1" status: 200 len: 1866 time: 0.0455530
2026-07-01 08:38:05.942 10 INFO neutron.api.wsgi [None req-8b04906d-c1f0-49fc-ba79-715c4887d066 b17369ae2a0047be9df32377df443839 9f411041a48f4b3c8fde7206a1fc3f70 - - default default] 10.0.0.220 "GET /v2.0/floatingips?tags=red%2Cblue HTTP/1.1" status: 200 len: 1323 time: 0.0356493
2026-07-01 08:38:05.992 10 INFO neutron.api.wsgi [None req-559f51ce-eb31-414e-b303-425cef9a9694 b17369ae2a0047be9df32377df443839 9f411041a48f4b3c8fde7206a1fc3f70 - - default default] 10.0.0.220 "GET /v2.0/floatingips?tags-any=blue HTTP/1.1" status: 200 len: 1323 time: 0.0439091
2026-07-01 08:38:05.998 9 INFO neutron.db.ovn_revision_numbers_db [None req-bc793f76-c944-448f-92ff-d8672be5b81b 1ac77e2fc72c49469d3bf3e9d1f54f8a e86783db63b44e47ad3a41acb29909df - - default default] Successfully bumped revision number for resource 56447ff9-8ee8-4f69-aa51-232f7ff6f988 (type: security_groups) to 1
2026-07-01 08:38:06.084 9 INFO neutron.api.wsgi [req-8cb4d682-190c-4a23-8b99-7e1a060c5495 req-002f4306-6c8a-46c6-b8b0-cf7a38130242 518e67952dec46e9ab43f175b015eaa0 9a3b6ebf83a5442aac9d046eae08d6a9 - - default default] 10.0.0.193 "GET /v2.0/ports?device_id=b2438287-6795-4dc6-b070-a1df8d4af3e7 HTTP/1.1" status: 200 len: 210 time: 0.0414598
2026-07-01 08:38:06.089 9 INFO neutron.api.wsgi [None req-daff6b3c-08aa-4a16-9ba9-1302db558754 b17369ae2a0047be9df32377df443839 9f411041a48f4b3c8fde7206a1fc3f70 - - default default] 10.0.0.220 "GET /v2.0/floatingips?tags-any=red%2Cblue HTTP/1.1" status: 200 len: 1866 time: 0.0822489
2026-07-01 08:38:06.093 9 INFO neutron.db.ovn_revision_numbers_db [None req-bc793f76-c944-448f-92ff-d8672be5b81b 1ac77e2fc72c49469d3bf3e9d1f54f8a e86783db63b44e47ad3a41acb29909df - - default default] Successfully bumped revision number for resource 23a5c3cd-4224-4796-9f1b-0f29413f77bc (type: security_group_rules) to 0
2026-07-01 08:38:06.120 9 INFO neutron.db.ovn_revision_numbers_db [None req-bc793f76-c944-448f-92ff-d8672be5b81b 1ac77e2fc72c49469d3bf3e9d1f54f8a e86783db63b44e47ad3a41acb29909df - - default default] Successfully bumped revision number for resource ed56ca00-8d26-4d92-a8ad-a33fd939296a (type: security_group_rules) to 0
2026-07-01 08:38:06.139 10 INFO neutron.db.ovn_revision_numbers_db [None req-0307fe4a-a012-43db-a2a4-53292f074d30 5b49f1f2e46b46c891783c359539ad0d 2ca7dda5b14c457e928cb43e55394ac7 - - default default] Successfully bumped revision number for resource 9affd4ab-a6d2-4097-890d-3a8bd11ac469 (type: router_ports) to 1
2026-07-01 08:38:06.144 10 INFO neutron.api.wsgi [None req-0307fe4a-a012-43db-a2a4-53292f074d30 5b49f1f2e46b46c891783c359539ad0d 2ca7dda5b14c457e928cb43e55394ac7 - - default default] 10.0.0.220 "PUT /v2.0/routers/b9bcc4de-fe32-4440-a9d9-4f9b7bd36f72/add_router_interface HTTP/1.1" status: 200 len: 503 time: 2.4996514
2026-07-01 08:38:06.149 10 INFO neutron.api.wsgi [None req-0b38b69b-d9cb-4f6a-b0bb-fdfb3362a9b1 b17369ae2a0047be9df32377df443839 9f411041a48f4b3c8fde7206a1fc3f70 - - default default] 10.0.0.220 "GET /v2.0/floatingips?not-tags=red HTTP/1.1" status: 200 len: 1295 time: 0.0432973
2026-07-01 08:38:06.197 9 INFO neutron.api.wsgi [None req-bc793f76-c944-448f-92ff-d8672be5b81b 1ac77e2fc72c49469d3bf3e9d1f54f8a e86783db63b44e47ad3a41acb29909df - - default default] 10.0.0.220 "POST /v2.0/security-groups HTTP/1.1" status: 201 len: 1801 time: 0.3833704
2026-07-01 08:38:06.200 10 INFO neutron.plugins.ml2.drivers.ovn.mech_driver.mech_driver [None req-905d150e-b1c8-42ca-8cb4-c1c0cc0b47fa - - - - - -] OVN reports status up for port: 9affd4ab-a6d2-4097-890d-3a8bd11ac469
2026-07-01 08:38:06.208 10 WARNING neutron_lib.context [None req-840fbfa6-40de-4bdb-9a0c-a9b046f37ad0 1ac77e2fc72c49469d3bf3e9d1f54f8a e86783db63b44e47ad3a41acb29909df - - default default] Method 'is_advsvc' is deprecated since 2023.2 release (neutron-lib 3.8.0) and will be removed once support for the old RBAC API policies will be removed from Neutron. Please use method 'is_service_role' instead.
2026-07-01 08:38:06.210 9 INFO neutron.api.wsgi [None req-e9caecfd-0e32-4a9c-a30e-0e3edf5b8639 b17369ae2a0047be9df32377df443839 9f411041a48f4b3c8fde7206a1fc3f70 - - default default] 10.0.0.220 "GET /v2.0/floatingips?not-tags=red%2Cblue HTTP/1.1" status: 200 len: 1838 time: 0.0536909
2026-07-01 08:38:06.215 10 INFO neutron.plugins.ml2.plugin [None req-905d150e-b1c8-42ca-8cb4-c1c0cc0b47fa - - - - - -] Attempt 1 to provision port 9affd4ab-a6d2-4097-890d-3a8bd11ac469
2026-07-01 08:38:06.270 10 INFO neutron.api.wsgi [None req-fa5ac6d9-15db-4f75-a18e-2d66864acd69 b17369ae2a0047be9df32377df443839 9f411041a48f4b3c8fde7206a1fc3f70 - - default default] 10.0.0.220 "GET /v2.0/floatingips?not-tags-any=blue HTTP/1.1" status: 200 len: 1838 time: 0.0523727
2026-07-01 08:38:06.279 9 WARNING neutron.scheduler.dhcp_agent_scheduler [req-d2b1fc01-3a6c-4d5c-9e25-43b32bb3369e req-700fd56f-8be7-43c8-9a72-28228bf6dea6 518e67952dec46e9ab43f175b015eaa0 9a3b6ebf83a5442aac9d046eae08d6a9 - - default default] No more DHCP agents /var/lib/openstack/lib/python3.12/site-packages/pycadf/identifier.py:71: UserWarning: Invalid uuid: neutron. To ensure interoperability, identifiers should be a valid uuid. warnings.warn(('Invalid uuid: %s. To ensure interoperability, '
2026-07-01 08:38:06.303 9 WARNING neutron.api.rpc.agentnotifiers.dhcp_rpc_agent_api [req-d2b1fc01-3a6c-4d5c-9e25-43b32bb3369e req-700fd56f-8be7-43c8-9a72-28228bf6dea6 518e67952dec46e9ab43f175b015eaa0 9a3b6ebf83a5442aac9d046eae08d6a9 - - default default] Unable to schedule network a00772a3-3f4b-46e2-8028-86a391338bad: no agents available; will retry on subsequent port and subnet creation events.
2026-07-01 08:38:06.324 9 INFO neutron.api.wsgi [None req-460901e8-b296-45f9-8e84-75b18f52bd94 b17369ae2a0047be9df32377df443839 9f411041a48f4b3c8fde7206a1fc3f70 - - default default] 10.0.0.220 "GET /v2.0/floatingips?not-tags-any=red%2Cblue HTTP/1.1" status: 200 len: 1295 time: 0.0467565
2026-07-01 08:38:06.388 9 INFO neutron.api.wsgi [-] 10.0.0.21 "GET / HTTP/1.1" status: 200 len: 247 time: 0.0015121
2026-07-01 08:38:06.390 9 INFO neutron.api.wsgi [-] 10.0.0.21 "GET / HTTP/1.1" status: 200 len: 247 time: 0.0009198
2026-07-01 08:38:06.396 10 INFO neutron.db.ovn_revision_numbers_db [None req-840fbfa6-40de-4bdb-9a0c-a9b046f37ad0 1ac77e2fc72c49469d3bf3e9d1f54f8a e86783db63b44e47ad3a41acb29909df - - default default] Successfully bumped revision number for resource 28c3a741-482a-4510-971b-5a3ac4ce1db8 (type: security_groups) to 1
2026-07-01 08:38:06.421 10 INFO neutron.db.ovn_revision_numbers_db [None req-840fbfa6-40de-4bdb-9a0c-a9b046f37ad0 1ac77e2fc72c49469d3bf3e9d1f54f8a e86783db63b44e47ad3a41acb29909df - - default default] Successfully bumped revision number for resource 09b30530-e9b6-4ece-9819-599fced804a0 (type: security_group_rules) to 0
2026-07-01 08:38:06.440 10 INFO neutron.db.ovn_revision_numbers_db [None req-840fbfa6-40de-4bdb-9a0c-a9b046f37ad0 1ac77e2fc72c49469d3bf3e9d1f54f8a e86783db63b44e47ad3a41acb29909df - - default default] Successfully bumped revision number for resource b84a65a5-5d26-4735-9b2a-3bfc6c9b2612 (type: security_group_rules) to 0
2026-07-01 08:38:06.480 9 INFO neutron.db.ovn_revision_numbers_db [req-d2b1fc01-3a6c-4d5c-9e25-43b32bb3369e req-700fd56f-8be7-43c8-9a72-28228bf6dea6 518e67952dec46e9ab43f175b015eaa0 9a3b6ebf83a5442aac9d046eae08d6a9 - - default default] Successfully bumped revision number for resource ef0c1ed7-b615-400d-b78e-cd00d05eff14 (type: ports) to 1
2026-07-01 08:38:06.502 10 INFO neutron.api.wsgi [None req-840fbfa6-40de-4bdb-9a0c-a9b046f37ad0 1ac77e2fc72c49469d3bf3e9d1f54f8a e86783db63b44e47ad3a41acb29909df - - default default] 10.0.0.220 "POST /v2.0/security-groups HTTP/1.1" status: 201 len: 1801 time: 0.2997665
2026-07-01 08:38:06.514 9 WARNING neutron_lib.context [None req-e5b589c5-ff1e-419c-9acc-8abff843bdfd 1ac77e2fc72c49469d3bf3e9d1f54f8a e86783db63b44e47ad3a41acb29909df - - default default] Method 'is_advsvc' is deprecated since 2023.2 release (neutron-lib 3.8.0) and will be removed once support for the old RBAC API policies will be removed from Neutron. Please use method 'is_service_role' instead.
2026-07-01 08:38:06.528 9 INFO neutron.api.wsgi [req-d2b1fc01-3a6c-4d5c-9e25-43b32bb3369e req-700fd56f-8be7-43c8-9a72-28228bf6dea6 518e67952dec46e9ab43f175b015eaa0 9a3b6ebf83a5442aac9d046eae08d6a9 - - default default] 199.204.45.74 "POST /v2.0/ports HTTP/1.1" status: 201 len: 1158 time: 0.7696929
2026-07-01 08:38:06.729 9 INFO neutron.db.ovn_revision_numbers_db [None req-e5b589c5-ff1e-419c-9acc-8abff843bdfd 1ac77e2fc72c49469d3bf3e9d1f54f8a e86783db63b44e47ad3a41acb29909df - - default default] Successfully bumped revision number for resource a6a07579-2c83-4e12-bff8-a35289bf5396 (type: security_groups) to 1
2026-07-01 08:38:06.752 9 INFO neutron.db.ovn_revision_numbers_db [None req-e5b589c5-ff1e-419c-9acc-8abff843bdfd 1ac77e2fc72c49469d3bf3e9d1f54f8a e86783db63b44e47ad3a41acb29909df - - default default] Successfully bumped revision number for resource a730a1e0-ce63-4302-a1d1-492dd535a7a9 (type: security_group_rules) to 0
2026-07-01 08:38:06.775 9 INFO neutron.api.wsgi [None req-e835482f-95d5-4cfb-b558-4c0ab7c045cb b17369ae2a0047be9df32377df443839 9f411041a48f4b3c8fde7206a1fc3f70 - - default default] 10.0.0.220 "DELETE /v2.0/floatingips/ce02febe-f33f-40ef-b52f-9bfa8802fb4b HTTP/1.1" status: 204 len: 168 time: 0.4430106
2026-07-01 08:38:06.779 9 INFO neutron.db.ovn_revision_numbers_db [None req-e5b589c5-ff1e-419c-9acc-8abff843bdfd 1ac77e2fc72c49469d3bf3e9d1f54f8a e86783db63b44e47ad3a41acb29909df - - default default] Successfully bumped revision number for resource aeaa0e7e-eef6-4a15-8815-28f5da07d6e7 (type: security_group_rules) to 0
2026-07-01 08:38:06.801 10 WARNING neutron.scheduler.dhcp_agent_scheduler [None req-dc1c73ed-bf75-4d8e-a795-8903212c8222 5b49f1f2e46b46c891783c359539ad0d 2ca7dda5b14c457e928cb43e55394ac7 - - default default] No more DHCP agents
2026-07-01 08:38:06.803 10 INFO neutron.db.ovn_revision_numbers_db [None req-905d150e-b1c8-42ca-8cb4-c1c0cc0b47fa - - - - - -] Successfully bumped revision number for resource 9affd4ab-a6d2-4097-890d-3a8bd11ac469 (type: ports) to 2
2026-07-01 08:38:06.804 10 WARNING neutron.api.rpc.agentnotifiers.dhcp_rpc_agent_api [None req-dc1c73ed-bf75-4d8e-a795-8903212c8222 5b49f1f2e46b46c891783c359539ad0d 2ca7dda5b14c457e928cb43e55394ac7 - - default default] Unable to schedule network e9d9ff07-decd-4309-a714-25493e4b41fd: no agents available; will retry on subsequent port and subnet creation events.
2026-07-01 08:38:06.826 9 INFO neutron.api.wsgi [None req-e5b589c5-ff1e-419c-9acc-8abff843bdfd 1ac77e2fc72c49469d3bf3e9d1f54f8a e86783db63b44e47ad3a41acb29909df - - default default] 10.0.0.220 "POST /v2.0/security-groups HTTP/1.1" status: 201 len: 1801 time: 0.3171630
2026-07-01 08:38:06.870 9 INFO neutron.api.wsgi [None req-2368dd63-b26f-49c0-ad74-ba9e6fffdc10 1ac77e2fc72c49469d3bf3e9d1f54f8a e86783db63b44e47ad3a41acb29909df - - default default] 10.0.0.220 "PUT /v2.0/security-groups/b58710fc-297b-40b1-be19-43374010bd9e/tags HTTP/1.1" status: 200 len: 210 time: 0.0377350
2026-07-01 08:38:06.951 10 INFO neutron.api.wsgi [None req-d53d0b58-e71e-4979-864e-10fb80af9d48 1ac77e2fc72c49469d3bf3e9d1f54f8a e86783db63b44e47ad3a41acb29909df - - default default] 10.0.0.220 "PUT /v2.0/security-groups/26d86d33-101c-4bbd-ba5d-11bf78271505/tags HTTP/1.1" status: 200 len: 218 time: 0.0723798 /var/lib/openstack/lib/python3.12/site-packages/pycadf/identifier.py:71: UserWarning: Invalid uuid: neutron. To ensure interoperability, identifiers should be a valid uuid. warnings.warn(('Invalid uuid: %s. To ensure interoperability, '
2026-07-01 08:38:07.017 9 INFO neutron.api.wsgi [None req-650cdd18-1af4-436b-88a8-205435367f13 1ac77e2fc72c49469d3bf3e9d1f54f8a e86783db63b44e47ad3a41acb29909df - - default default] 10.0.0.220 "PUT /v2.0/security-groups/56447ff9-8ee8-4f69-aa51-232f7ff6f988/tags HTTP/1.1" status: 200 len: 227 time: 0.0603404
2026-07-01 08:38:07.018 10 INFO neutron.db.ovn_revision_numbers_db [None req-dc1c73ed-bf75-4d8e-a795-8903212c8222 5b49f1f2e46b46c891783c359539ad0d 2ca7dda5b14c457e928cb43e55394ac7 - - default default] Successfully bumped revision number for resource 525edb13-83e5-404f-9bcf-a50fc9f3f270 (type: ports) to 1
2026-07-01 08:38:07.052 9 INFO neutron.db.ovn_revision_numbers_db [req-d2b1fc01-3a6c-4d5c-9e25-43b32bb3369e req-fdf9e9b3-4982-499a-a80f-76b8c75b534f ceb89a06057345148043faeaccaa6b08 f9fb9a9f9cb94349b2b09b518b11bb22 - - 92528f82975c46bdaab9e69bfb83a290 92528f82975c46bdaab9e69bfb83a290] Successfully bumped revision number for resource ef0c1ed7-b615-400d-b78e-cd00d05eff14 (type: ports) to 2
2026-07-01 08:38:07.079 9 INFO neutron.api.wsgi [None req-78eaad5b-8ef9-4809-a41d-577140c0297c 1ac77e2fc72c49469d3bf3e9d1f54f8a e86783db63b44e47ad3a41acb29909df - - default default] 10.0.0.220 "PUT /v2.0/security-groups/28c3a741-482a-4510-971b-5a3ac4ce1db8/tags HTTP/1.1" status: 200 len: 212 time: 0.0557308
2026-07-01 08:38:07.155 9 INFO neutron.api.wsgi [None req-fa7718f4-7d3a-4288-a8ce-05489cfbe053 1ac77e2fc72c49469d3bf3e9d1f54f8a e86783db63b44e47ad3a41acb29909df - - default default] 10.0.0.220 "GET /v2.0/security-groups?tags=red HTTP/1.1" status: 200 len: 4999 time: 0.0664139
2026-07-01 08:38:07.203 9 INFO neutron.api.wsgi [None req-9b65996c-c678-4867-b35e-5fd0deb8726b 1ac77e2fc72c49469d3bf3e9d1f54f8a e86783db63b44e47ad3a41acb29909df - - default default] 10.0.0.220 "GET /v2.0/security-groups?tags=red%2Cblue HTTP/1.1" status: 200 len: 3413 time: 0.0410812
2026-07-01 08:38:07.258 9 INFO neutron.api.wsgi [None req-401ddb13-5ec7-46b4-bcd0-a0e3684bcb07 1ac77e2fc72c49469d3bf3e9d1f54f8a e86783db63b44e47ad3a41acb29909df - - default default] 10.0.0.220 "GET /v2.0/security-groups?tags-any=blue HTTP/1.1" status: 200 len: 3413 time: 0.0453274 /var/lib/openstack/lib/python3.12/site-packages/pycadf/identifier.py:71: UserWarning: Invalid uuid: neutron. To ensure interoperability, identifiers should be a valid uuid. warnings.warn(('Invalid uuid: %s. To ensure interoperability, '
2026-07-01 08:38:07.268 10 INFO neutron.api.wsgi [req-340a3f82-47ee-416c-8262-4725423c20fd req-7f4679e0-46b0-4f72-8bd1-b0eb73a8d525 518e67952dec46e9ab43f175b015eaa0 9a3b6ebf83a5442aac9d046eae08d6a9 - - default default] 10.0.0.193 "GET /v2.0/ports?device_id=b2438287-6795-4dc6-b070-a1df8d4af3e7 HTTP/1.1" status: 200 len: 1168 time: 0.1121526
2026-07-01 08:38:07.324 10 INFO neutron.api.wsgi [None req-f7682ef6-0f3b-4d17-bcca-eed6949ce512 b17369ae2a0047be9df32377df443839 9f411041a48f4b3c8fde7206a1fc3f70 - - default default] 10.0.0.220 "DELETE /v2.0/floatingips/38017193-18d1-40dd-86c1-b5408d2658b7 HTTP/1.1" status: 204 len: 168 time: 0.5420413
2026-07-01 08:38:07.325 9 INFO neutron.api.wsgi [None req-133dab6d-0649-47b7-a466-65f19e071a45 1ac77e2fc72c49469d3bf3e9d1f54f8a e86783db63b44e47ad3a41acb29909df - - default default] 10.0.0.220 "GET /v2.0/security-groups?tags-any=red%2Cblue HTTP/1.1" status: 200 len: 4999 time: 0.0599880
2026-07-01 08:38:07.370 10 INFO neutron.api.wsgi [req-340a3f82-47ee-416c-8262-4725423c20fd req-6dc48449-dfce-4b41-9212-a145a8ebfacf 518e67952dec46e9ab43f175b015eaa0 9a3b6ebf83a5442aac9d046eae08d6a9 - - default default] 10.0.0.193 "GET /v2.0/security-groups?id=f678eacd-9be8-4604-871e-969cd00c128e&fields=id&fields=name HTTP/1.1" status: 200 len: 286 time: 0.0945203
2026-07-01 08:38:07.408 9 INFO neutron.api.wsgi [None req-ad4d75e8-4d06-4676-862c-d800c3cb6ee8 1ac77e2fc72c49469d3bf3e9d1f54f8a e86783db63b44e47ad3a41acb29909df - - default default] 10.0.0.220 "GET /v2.0/security-groups?not-tags=red HTTP/1.1" status: 200 len: 6289 time: 0.0724075
2026-07-01 08:38:07.419 9 INFO neutron.db.ovn_revision_numbers_db [req-d2b1fc01-3a6c-4d5c-9e25-43b32bb3369e req-fdf9e9b3-4982-499a-a80f-76b8c75b534f ceb89a06057345148043faeaccaa6b08 f9fb9a9f9cb94349b2b09b518b11bb22 - - 92528f82975c46bdaab9e69bfb83a290 92528f82975c46bdaab9e69bfb83a290] Successfully bumped revision number for resource ef0c1ed7-b615-400d-b78e-cd00d05eff14 (type: ports) to 4
2026-07-01 08:38:07.438 9 INFO neutron.api.wsgi [req-d2b1fc01-3a6c-4d5c-9e25-43b32bb3369e req-fdf9e9b3-4982-499a-a80f-76b8c75b534f ceb89a06057345148043faeaccaa6b08 f9fb9a9f9cb94349b2b09b518b11bb22 - - 92528f82975c46bdaab9e69bfb83a290 92528f82975c46bdaab9e69bfb83a290] 199.204.45.74 "PUT /v2.0/ports/ef0c1ed7-b615-400d-b78e-cd00d05eff14 HTTP/1.1" status: 200 len: 1404 time: 0.8994992
2026-07-01 08:38:07.472 9 INFO neutron.api.wsgi [None req-bdde3741-65b8-4cfc-abae-33e3dfde899f 1ac77e2fc72c49469d3bf3e9d1f54f8a e86783db63b44e47ad3a41acb29909df - - default default] 10.0.0.220 "GET /v2.0/security-groups?not-tags=red%2Cblue HTTP/1.1" status: 200 len: 7875 time: 0.0578384
2026-07-01 08:38:07.484 9 INFO neutron.notifiers.nova [-] Nova event matching ['req-ca5f9127-497c-4346-9f70-a3414348c8d1'] response: {'name': 'network-changed', 'server_uuid': 'b2438287-6795-4dc6-b070-a1df8d4af3e7', 'tag': 'ef0c1ed7-b615-400d-b78e-cd00d05eff14', 'status': 'completed', 'code': 200}
2026-07-01 08:38:07.526 9 INFO neutron.api.wsgi [None req-319b80ec-b055-4965-9a4c-f0867afcb097 1ac77e2fc72c49469d3bf3e9d1f54f8a e86783db63b44e47ad3a41acb29909df - - default default] 10.0.0.220 "GET /v2.0/security-groups?not-tags-any=blue HTTP/1.1" status: 200 len: 7875 time: 0.0474942
2026-07-01 08:38:07.572 9 INFO neutron.api.wsgi [None req-05752862-f26e-493a-ad73-21cff9b38fc5 1ac77e2fc72c49469d3bf3e9d1f54f8a e86783db63b44e47ad3a41acb29909df - - default default] 10.0.0.220 "GET /v2.0/security-groups?not-tags-any=red%2Cblue HTTP/1.1" status: 200 len: 6289 time: 0.0412397
2026-07-01 08:38:07.690 9 INFO neutron.api.wsgi [None req-24a6c075-e639-4fe1-a94d-c8e5ed80bf58 1ac77e2fc72c49469d3bf3e9d1f54f8a e86783db63b44e47ad3a41acb29909df - - default default] 10.0.0.220 "DELETE /v2.0/security-groups/b58710fc-297b-40b1-be19-43374010bd9e HTTP/1.1" status: 204 len: 168 time: 0.1104510
2026-07-01 08:38:07.751 10 INFO neutron.api.wsgi [None req-8c7a4f97-bbdc-431c-9f4e-1a77cadbbdee b17369ae2a0047be9df32377df443839 9f411041a48f4b3c8fde7206a1fc3f70 - - default default] 10.0.0.220 "DELETE /v2.0/floatingips/88d8f48e-788b-4263-98b0-56988dc184ff HTTP/1.1" status: 204 len: 168 time: 0.4176207
2026-07-01 08:38:07.821 9 INFO neutron.api.wsgi [None req-ca747c65-c96f-4eea-8ea7-f48ce9d3f833 1ac77e2fc72c49469d3bf3e9d1f54f8a e86783db63b44e47ad3a41acb29909df - - default default] 10.0.0.220 "DELETE /v2.0/security-groups/26d86d33-101c-4bbd-ba5d-11bf78271505 HTTP/1.1" status: 204 len: 168 time: 0.1244721
2026-07-01 08:38:07.969 9 INFO neutron.plugins.ml2.drivers.ovn.mech_driver.mech_driver [None req-aeb08992-e421-4d42-8b84-4b0fe2364e66 - - - - - -] OVN reports status up for port: 525edb13-83e5-404f-9bcf-a50fc9f3f270
2026-07-01 08:38:07.978 9 INFO neutron.plugins.ml2.plugin [None req-aeb08992-e421-4d42-8b84-4b0fe2364e66 - - - - - -] Attempt 1 to provision port 525edb13-83e5-404f-9bcf-a50fc9f3f270
2026-07-01 08:38:08.016 10 INFO neutron.api.wsgi [None req-ec66f455-c3a8-4d2c-8645-dc333f324491 1ac77e2fc72c49469d3bf3e9d1f54f8a e86783db63b44e47ad3a41acb29909df - - default default] 10.0.0.220 "DELETE /v2.0/security-groups/56447ff9-8ee8-4f69-aa51-232f7ff6f988 HTTP/1.1" status: 204 len: 168 time: 0.1896210
2026-07-01 08:38:08.018 10 INFO neutron.db.ovn_revision_numbers_db [None req-dc1c73ed-bf75-4d8e-a795-8903212c8222 5b49f1f2e46b46c891783c359539ad0d 2ca7dda5b14c457e928cb43e55394ac7 - - default default] Successfully bumped revision number for resource 525edb13-83e5-404f-9bcf-a50fc9f3f270 (type: ports) to 1
2026-07-01 08:38:08.039 9 INFO neutron.api.wsgi [req-f0f309f9-bd09-4fd3-8af0-76cc00e517c1 req-be2e8366-71d9-436e-a108-50e9f083efed ceb89a06057345148043faeaccaa6b08 f9fb9a9f9cb94349b2b09b518b11bb22 - - 92528f82975c46bdaab9e69bfb83a290 92528f82975c46bdaab9e69bfb83a290] 199.204.45.74 "GET /v2.0/ports?tenant_id=9a3b6ebf83a5442aac9d046eae08d6a9&device_id=b2438287-6795-4dc6-b070-a1df8d4af3e7 HTTP/1.1" status: 200 len: 1407 time: 0.0441959
2026-07-01 08:38:08.102 9 INFO neutron.api.wsgi [req-f0f309f9-bd09-4fd3-8af0-76cc00e517c1 req-9ae86e52-6acc-48dd-a3e5-2d82f5089744 ceb89a06057345148043faeaccaa6b08 f9fb9a9f9cb94349b2b09b518b11bb22 - - 92528f82975c46bdaab9e69bfb83a290 92528f82975c46bdaab9e69bfb83a290] 199.204.45.74 "GET /v2.0/networks?tenant_id=9a3b6ebf83a5442aac9d046eae08d6a9&shared=False HTTP/1.1" status: 200 len: 971 time: 0.0564251
2026-07-01 08:38:08.130 10 WARNING neutron.scheduler.dhcp_agent_scheduler [None req-dc1c73ed-bf75-4d8e-a795-8903212c8222 5b49f1f2e46b46c891783c359539ad0d 2ca7dda5b14c457e928cb43e55394ac7 - - default default] No more DHCP agents
2026-07-01 08:38:08.135 10 WARNING neutron.api.rpc.agentnotifiers.dhcp_rpc_agent_api [None req-dc1c73ed-bf75-4d8e-a795-8903212c8222 5b49f1f2e46b46c891783c359539ad0d 2ca7dda5b14c457e928cb43e55394ac7 - - default default] Unable to schedule network e9d9ff07-decd-4309-a714-25493e4b41fd: no agents available; will retry on subsequent port and subnet creation events.
2026-07-01 08:38:08.172 9 INFO neutron.api.wsgi [req-f0f309f9-bd09-4fd3-8af0-76cc00e517c1 req-40948104-9593-467c-9019-ebfaac42d69b ceb89a06057345148043faeaccaa6b08 f9fb9a9f9cb94349b2b09b518b11bb22 - - 92528f82975c46bdaab9e69bfb83a290 92528f82975c46bdaab9e69bfb83a290] 199.204.45.74 "GET /v2.0/networks?shared=True HTTP/1.1" status: 200 len: 952 time: 0.0632501
2026-07-01 08:38:08.208 10 INFO neutron.api.wsgi [None req-3486c417-2b7f-444d-809b-b9362ad6d487 1ac77e2fc72c49469d3bf3e9d1f54f8a e86783db63b44e47ad3a41acb29909df - - default default] 10.0.0.220 "DELETE /v2.0/security-groups/28c3a741-482a-4510-971b-5a3ac4ce1db8 HTTP/1.1" status: 204 len: 168 time: 0.1858120
2026-07-01 08:38:08.233 10 INFO neutron.api.wsgi [None req-1c73b0ba-b005-4df8-bacd-2de063d874d6 b17369ae2a0047be9df32377df443839 9f411041a48f4b3c8fde7206a1fc3f70 - - default default] 10.0.0.220 "DELETE /v2.0/floatingips/43e41c90-ec0e-4409-9fd9-3d4ddf989890 HTTP/1.1" status: 204 len: 168 time: 0.4758117
2026-07-01 08:38:08.368 10 INFO neutron.api.wsgi [None req-953bc3cc-f9ca-49e4-90dc-50c8be308e7d 1ac77e2fc72c49469d3bf3e9d1f54f8a e86783db63b44e47ad3a41acb29909df - - default default] 10.0.0.220 "DELETE /v2.0/security-groups/a6a07579-2c83-4e12-bff8-a35289bf5396 HTTP/1.1" status: 204 len: 168 time: 0.1528509
2026-07-01 08:38:08.418 9 INFO neutron.db.ovn_revision_numbers_db [None req-aeb08992-e421-4d42-8b84-4b0fe2364e66 - - - - - -] Successfully bumped revision number for resource 525edb13-83e5-404f-9bcf-a50fc9f3f270 (type: ports) to 2
2026-07-01 08:38:08.470 10 INFO neutron.api.wsgi [req-6df493d5-182b-4ada-96bb-4811d2d14f48 req-b9b1d9de-39c9-4a57-a1fc-306566d8cb20 518e67952dec46e9ab43f175b015eaa0 9a3b6ebf83a5442aac9d046eae08d6a9 - - default default] 10.0.0.193 "GET /v2.0/ports?device_id=b2438287-6795-4dc6-b070-a1df8d4af3e7 HTTP/1.1" status: 200 len: 1168 time: 0.0385585
2026-07-01 08:38:08.546 10 INFO neutron.api.wsgi [req-6df493d5-182b-4ada-96bb-4811d2d14f48 req-69fdcaad-00fd-40f9-80d4-8b3b4641800c 518e67952dec46e9ab43f175b015eaa0 9a3b6ebf83a5442aac9d046eae08d6a9 - - default default] 10.0.0.193 "GET /v2.0/security-groups?id=f678eacd-9be8-4604-871e-969cd00c128e&fields=id&fields=name HTTP/1.1" status: 200 len: 286 time: 0.0699267
2026-07-01 08:38:08.556 10 INFO neutron.db.ovn_revision_numbers_db [None req-dc1c73ed-bf75-4d8e-a795-8903212c8222 5b49f1f2e46b46c891783c359539ad0d 2ca7dda5b14c457e928cb43e55394ac7 - - default default] Successfully bumped revision number for resource 525edb13-83e5-404f-9bcf-a50fc9f3f270 (type: router_ports) to 1
2026-07-01 08:38:08.562 10 INFO neutron.api.wsgi [None req-dc1c73ed-bf75-4d8e-a795-8903212c8222 5b49f1f2e46b46c891783c359539ad0d 2ca7dda5b14c457e928cb43e55394ac7 - - default default] 10.0.0.220 "PUT /v2.0/routers/b9bcc4de-fe32-4440-a9d9-4f9b7bd36f72/add_router_interface HTTP/1.1" status: 200 len: 503 time: 2.4123003
2026-07-01 08:38:08.589 9 INFO neutron.api.wsgi [None req-cb145f0e-fdea-4994-b944-08911896b715 b17369ae2a0047be9df32377df443839 9f411041a48f4b3c8fde7206a1fc3f70 - - default default] 10.0.0.220 "DELETE /v2.0/floatingips/a2c2fccf-9cb6-43c0-a08f-683a7251630a HTTP/1.1" status: 204 len: 168 time: 0.3465002
2026-07-01 08:38:09.230 9 INFO neutron.api.wsgi [req-d2b1fc01-3a6c-4d5c-9e25-43b32bb3369e req-07f5f774-d0c6-416f-958e-d4205f25cb2e ceb89a06057345148043faeaccaa6b08 f9fb9a9f9cb94349b2b09b518b11bb22 - - 92528f82975c46bdaab9e69bfb83a290 92528f82975c46bdaab9e69bfb83a290] 199.204.45.74 "GET /v2.0/ports?tenant_id=9a3b6ebf83a5442aac9d046eae08d6a9&device_id=b2438287-6795-4dc6-b070-a1df8d4af3e7 HTTP/1.1" status: 200 len: 1407 time: 0.0425634
2026-07-01 08:38:09.257 9 INFO neutron.api.wsgi [req-d2b1fc01-3a6c-4d5c-9e25-43b32bb3369e req-c317bc17-ce3b-4224-b37b-4d8f67548f10 ceb89a06057345148043faeaccaa6b08 f9fb9a9f9cb94349b2b09b518b11bb22 - - 92528f82975c46bdaab9e69bfb83a290 92528f82975c46bdaab9e69bfb83a290] 199.204.45.74 "GET /v2.0/floatingips?fixed_ip_address=10.100.0.7&port_id=ef0c1ed7-b615-400d-b78e-cd00d05eff14 HTTP/1.1" status: 200 len: 217 time: 0.0203471
2026-07-01 08:38:09.286 9 INFO neutron.api.wsgi [req-d2b1fc01-3a6c-4d5c-9e25-43b32bb3369e req-25026eb9-e80b-4ccc-bffc-aebf16008c66 ceb89a06057345148043faeaccaa6b08 f9fb9a9f9cb94349b2b09b518b11bb22 - - 92528f82975c46bdaab9e69bfb83a290 92528f82975c46bdaab9e69bfb83a290] 199.204.45.74 "GET /v2.0/subnets?id=8d501115-62a6-4b47-8e85-b2d4ddc6f993 HTTP/1.1" status: 200 len: 890 time: 0.0240948
2026-07-01 08:38:09.309 9 INFO neutron.api.wsgi [req-d2b1fc01-3a6c-4d5c-9e25-43b32bb3369e req-c46774ae-8b60-4b29-a937-757586b5a6e2 ceb89a06057345148043faeaccaa6b08 f9fb9a9f9cb94349b2b09b518b11bb22 - - 92528f82975c46bdaab9e69bfb83a290 92528f82975c46bdaab9e69bfb83a290] 199.204.45.74 "GET /v2.0/ports?network_id=a00772a3-3f4b-46e2-8028-86a391338bad&device_owner=network%3Adhcp HTTP/1.1" status: 200 len: 210 time: 0.0166752
2026-07-01 08:38:09.351 9 INFO neutron.api.wsgi [req-d2b1fc01-3a6c-4d5c-9e25-43b32bb3369e req-99d74bd0-7fe0-4f94-9ed5-971f9a0238c7 ceb89a06057345148043faeaccaa6b08 f9fb9a9f9cb94349b2b09b518b11bb22 - - 92528f82975c46bdaab9e69bfb83a290 92528f82975c46bdaab9e69bfb83a290] 199.204.45.74 "GET /v2.0/networks/a00772a3-3f4b-46e2-8028-86a391338bad?fields=segments HTTP/1.1" status: 200 len: 212 time: 0.0374646
2026-07-01 08:38:09.408 10 INFO neutron.api.wsgi [None req-5c91a44f-6a91-4348-81e3-894af1821272 36b0c00a8e904af6ac46d1e4d432fc01 bd75923a26204044a26a04f015198e04 - - default default] 10.0.0.220 "GET /v2.0/security-groups?tenant_id=e86783db63b44e47ad3a41acb29909df&name=default HTTP/1.1" status: 200 len: 3120 time: 0.2165270
2026-07-01 08:38:09.415 9 INFO neutron.api.wsgi [req-d2b1fc01-3a6c-4d5c-9e25-43b32bb3369e req-32cfcc3f-aa3a-40ae-bf5f-38631233044b ceb89a06057345148043faeaccaa6b08 f9fb9a9f9cb94349b2b09b518b11bb22 - - 92528f82975c46bdaab9e69bfb83a290 92528f82975c46bdaab9e69bfb83a290] 199.204.45.74 "GET /v2.0/networks/a00772a3-3f4b-46e2-8028-86a391338bad?fields=provider%3Aphysical_network&fields=provider%3Anetwork_type HTTP/1.1" status: 200 len: 277 time: 0.0579109
2026-07-01 08:38:09.509 10 WARNING neutron.scheduler.dhcp_agent_scheduler [None req-09cecf88-3032-4c57-893c-04389cb7d700 5b49f1f2e46b46c891783c359539ad0d 2ca7dda5b14c457e928cb43e55394ac7 - - default default] No more DHCP agents
2026-07-01 08:38:09.512 10 WARNING neutron.api.rpc.agentnotifiers.dhcp_rpc_agent_api [None req-09cecf88-3032-4c57-893c-04389cb7d700 5b49f1f2e46b46c891783c359539ad0d 2ca7dda5b14c457e928cb43e55394ac7 - - default default] Unable to schedule network 07351106-4855-49c3-be75-c8364ffcc59a: no agents available; will retry on subsequent port and subnet creation events.
2026-07-01 08:38:09.627 10 INFO neutron.db.ovn_revision_numbers_db [None req-0fb720b0-1af5-4925-944d-f247e686cf77 36b0c00a8e904af6ac46d1e4d432fc01 bd75923a26204044a26a04f015198e04 - - default default] Successfully bumped revision number for resource c8c79668-1ed0-4415-ac65-7ed5ec2f832b (type: security_groups) to 1
2026-07-01 08:38:09.645 10 INFO neutron.db.ovn_revision_numbers_db [None req-0fb720b0-1af5-4925-944d-f247e686cf77 36b0c00a8e904af6ac46d1e4d432fc01 bd75923a26204044a26a04f015198e04 - - default default] Successfully bumped revision number for resource 42aa1da3-0f82-4dc5-a025-2af861685e65 (type: security_group_rules) to 0
2026-07-01 08:38:09.680 10 INFO neutron.db.ovn_revision_numbers_db [None req-0fb720b0-1af5-4925-944d-f247e686cf77 36b0c00a8e904af6ac46d1e4d432fc01 bd75923a26204044a26a04f015198e04 - - default default] Successfully bumped revision number for resource 624ba794-7a3a-4ac0-84af-dea6ec643993 (type: security_group_rules) to 0
2026-07-01 08:38:09.717 10 INFO neutron.db.ovn_revision_numbers_db [None req-0fb720b0-1af5-4925-944d-f247e686cf77 36b0c00a8e904af6ac46d1e4d432fc01 bd75923a26204044a26a04f015198e04 - - default default] Successfully bumped revision number for resource 6480172b-257b-4dd0-901a-43a6364b746c (type: security_group_rules) to 0
2026-07-01 08:38:09.723 9 INFO neutron.api.wsgi [req-60ab55c5-ae77-458c-ac17-fe9f117b220c req-91ca7343-3676-4987-a101-e86b89cd44fb 518e67952dec46e9ab43f175b015eaa0 9a3b6ebf83a5442aac9d046eae08d6a9 - - default default] 10.0.0.193 "GET /v2.0/ports?device_id=b2438287-6795-4dc6-b070-a1df8d4af3e7 HTTP/1.1" status: 200 len: 1168 time: 0.1127603
2026-07-01 08:38:09.734 10 INFO neutron.db.ovn_revision_numbers_db [None req-0fb720b0-1af5-4925-944d-f247e686cf77 36b0c00a8e904af6ac46d1e4d432fc01 bd75923a26204044a26a04f015198e04 - - default default] Successfully bumped revision number for resource d6919c6e-6a5a-424d-9356-e5be01c0889d (type: security_group_rules) to 0
2026-07-01 08:38:09.737 10 INFO neutron.db.ovn_revision_numbers_db [None req-09cecf88-3032-4c57-893c-04389cb7d700 5b49f1f2e46b46c891783c359539ad0d 2ca7dda5b14c457e928cb43e55394ac7 - - default default] Successfully bumped revision number for resource 096aca50-0a9e-446d-811f-e2208f95e79b (type: ports) to 1
2026-07-01 08:38:09.769 9 INFO neutron.api.wsgi [req-60ab55c5-ae77-458c-ac17-fe9f117b220c req-93d4d864-7e69-4506-98bf-3ab355029983 518e67952dec46e9ab43f175b015eaa0 9a3b6ebf83a5442aac9d046eae08d6a9 - - default default] 10.0.0.193 "GET /v2.0/security-groups?id=f678eacd-9be8-4604-871e-969cd00c128e&fields=id&fields=name HTTP/1.1" status: 200 len: 286 time: 0.0385113
2026-07-01 08:38:09.793 10 INFO neutron.api.wsgi [None req-0fb720b0-1af5-4925-944d-f247e686cf77 36b0c00a8e904af6ac46d1e4d432fc01 bd75923a26204044a26a04f015198e04 - - default default] 10.0.0.220 "GET /v2.0/security-groups?tenant_id=9f411041a48f4b3c8fde7206a1fc3f70&name=default HTTP/1.1" status: 200 len: 3120 time: 0.4300134
2026-07-01 08:38:09.800 10 INFO neutron.api.wsgi [None req-ee572a78-6b7c-49d7-8c31-98d94f7608ca 36b0c00a8e904af6ac46d1e4d432fc01 bd75923a26204044a26a04f015198e04 - - default default] 10.0.0.220 "DELETE /v2.0/security-groups/199dbd03-2331-42b6-8c91-e5c5e2ab554d HTTP/1.1" status: 204 len: 168 time: 0.3849082
2026-07-01 08:38:10.046 10 INFO neutron.db.ovn_revision_numbers_db [None req-3c6e6d98-3392-403c-a28b-c1950df0a48d 36b0c00a8e904af6ac46d1e4d432fc01 bd75923a26204044a26a04f015198e04 - - default default] Successfully bumped revision number for resource 91adcce4-3b5a-400f-8ddb-06488d6f9d9f (type: security_groups) to 1
2026-07-01 08:38:10.057 9 INFO neutron.api.wsgi [None req-8501def7-4c90-4dd8-9352-0b7be569ae12 36b0c00a8e904af6ac46d1e4d432fc01 bd75923a26204044a26a04f015198e04 - - default default] 10.0.0.220 "DELETE /v2.0/security-groups/c8c79668-1ed0-4415-ac65-7ed5ec2f832b HTTP/1.1" status: 204 len: 168 time: 0.2579784
2026-07-01 08:38:10.065 10 INFO neutron.db.ovn_revision_numbers_db [None req-3c6e6d98-3392-403c-a28b-c1950df0a48d 36b0c00a8e904af6ac46d1e4d432fc01 bd75923a26204044a26a04f015198e04 - - default default] Successfully bumped revision number for resource 4bde49fe-d349-4b44-b0cc-deec50dde0d5 (type: security_group_rules) to 0
2026-07-01 08:38:10.081 10 INFO neutron.db.ovn_revision_numbers_db [None req-3c6e6d98-3392-403c-a28b-c1950df0a48d 36b0c00a8e904af6ac46d1e4d432fc01 bd75923a26204044a26a04f015198e04 - - default default] Successfully bumped revision number for resource 7bdc26ae-89d3-4664-98e1-32a5b4205ef1 (type: security_group_rules) to 0
2026-07-01 08:38:10.106 10 INFO neutron.db.ovn_revision_numbers_db [None req-3c6e6d98-3392-403c-a28b-c1950df0a48d 36b0c00a8e904af6ac46d1e4d432fc01 bd75923a26204044a26a04f015198e04 - - default default] Successfully bumped revision number for resource ced5b75a-6e11-4201-a6e8-d5d1693d1907 (type: security_group_rules) to 0
2026-07-01 08:38:10.120 10 INFO neutron.db.ovn_revision_numbers_db [None req-3c6e6d98-3392-403c-a28b-c1950df0a48d 36b0c00a8e904af6ac46d1e4d432fc01 bd75923a26204044a26a04f015198e04 - - default default] Successfully bumped revision number for resource f5b0ecea-523d-495b-8c9d-f3770f484d88 (type: security_group_rules) to 0
2026-07-01 08:38:10.179 10 INFO neutron.api.wsgi [None req-3c6e6d98-3392-403c-a28b-c1950df0a48d 36b0c00a8e904af6ac46d1e4d432fc01 bd75923a26204044a26a04f015198e04 - - default default] 10.0.0.220 "GET /v2.0/security-groups?tenant_id=4722aef886ed44caa8329ea91dca085c&name=default HTTP/1.1" status: 200 len: 3120 time: 0.2872143
2026-07-01 08:38:10.358 9 INFO neutron.db.ovn_revision_numbers_db [None req-b3f8c72c-d376-4f41-bad0-3580ad3f1b2c 36b0c00a8e904af6ac46d1e4d432fc01 bd75923a26204044a26a04f015198e04 - - default default] Successfully bumped revision number for resource f3808cd5-62fa-40d8-8eea-b200b0e67f45 (type: security_groups) to 1
2026-07-01 08:38:10.377 9 INFO neutron.db.ovn_revision_numbers_db [None req-b3f8c72c-d376-4f41-bad0-3580ad3f1b2c 36b0c00a8e904af6ac46d1e4d432fc01 bd75923a26204044a26a04f015198e04 - - default default] Successfully bumped revision number for resource 1e8fca43-4dad-48ec-b370-ebdecc680d5b (type: security_group_rules) to 0
2026-07-01 08:38:10.399 9 INFO neutron.db.ovn_revision_numbers_db [None req-b3f8c72c-d376-4f41-bad0-3580ad3f1b2c 36b0c00a8e904af6ac46d1e4d432fc01 bd75923a26204044a26a04f015198e04 - - default default] Successfully bumped revision number for resource 7c5ff7a3-a6e9-4fa2-bb53-c20b7c93906d (type: security_group_rules) to 0
2026-07-01 08:38:10.413 9 INFO neutron.db.ovn_revision_numbers_db [None req-b3f8c72c-d376-4f41-bad0-3580ad3f1b2c 36b0c00a8e904af6ac46d1e4d432fc01 bd75923a26204044a26a04f015198e04 - - default default] Successfully bumped revision number for resource 9adbaf66-3da6-44c8-bb70-7119d6c8e085 (type: security_group_rules) to 0
2026-07-01 08:38:10.430 9 INFO neutron.db.ovn_revision_numbers_db [None req-b3f8c72c-d376-4f41-bad0-3580ad3f1b2c 36b0c00a8e904af6ac46d1e4d432fc01 bd75923a26204044a26a04f015198e04 - - default default] Successfully bumped revision number for resource a63ea661-0945-4841-8394-b30fc00e405f (type: security_group_rules) to 0
2026-07-01 08:38:10.492 10 INFO neutron.api.wsgi [None req-92d91a8f-2ba4-4241-99f7-fa722e9ecab0 36b0c00a8e904af6ac46d1e4d432fc01 bd75923a26204044a26a04f015198e04 - - default default] 10.0.0.220 "DELETE /v2.0/security-groups/91adcce4-3b5a-400f-8ddb-06488d6f9d9f HTTP/1.1" status: 204 len: 168 time: 0.3073485
2026-07-01 08:38:10.492 9 INFO neutron.api.wsgi [None req-b3f8c72c-d376-4f41-bad0-3580ad3f1b2c 36b0c00a8e904af6ac46d1e4d432fc01 bd75923a26204044a26a04f015198e04 - - default default] 10.0.0.220 "GET /v2.0/security-groups?tenant_id=45baaf9985384249b348fb46259bf4be&name=default HTTP/1.1" status: 200 len: 3120 time: 0.2663958
2026-07-01 08:38:10.557 10 INFO neutron.db.ovn_revision_numbers_db [None req-09cecf88-3032-4c57-893c-04389cb7d700 5b49f1f2e46b46c891783c359539ad0d 2ca7dda5b14c457e928cb43e55394ac7 - - default default] Successfully bumped revision number for resource 096aca50-0a9e-446d-811f-e2208f95e79b (type: ports) to 1
2026-07-01 08:38:10.613 10 WARNING neutron.scheduler.dhcp_agent_scheduler [None req-09cecf88-3032-4c57-893c-04389cb7d700 5b49f1f2e46b46c891783c359539ad0d 2ca7dda5b14c457e928cb43e55394ac7 - - default default] No more DHCP agents
2026-07-01 08:38:10.614 10 WARNING neutron.api.rpc.agentnotifiers.dhcp_rpc_agent_api [None req-09cecf88-3032-4c57-893c-04389cb7d700 5b49f1f2e46b46c891783c359539ad0d 2ca7dda5b14c457e928cb43e55394ac7 - - default default] Unable to schedule network 07351106-4855-49c3-be75-c8364ffcc59a: no agents available; will retry on subsequent port and subnet creation events.
2026-07-01 08:38:10.707 9 INFO neutron.api.wsgi [None req-b6b25ea0-d8d7-4618-b0d0-37ddfeaf1417 36b0c00a8e904af6ac46d1e4d432fc01 bd75923a26204044a26a04f015198e04 - - default default] 10.0.0.220 "DELETE /v2.0/security-groups/f3808cd5-62fa-40d8-8eea-b200b0e67f45 HTTP/1.1" status: 204 len: 168 time: 0.2095714
2026-07-01 08:38:10.791 10 INFO neutron.db.ovn_revision_numbers_db [None req-39899afb-80e1-4114-ae20-e150c50e8a4b 36b0c00a8e904af6ac46d1e4d432fc01 bd75923a26204044a26a04f015198e04 - - default default] Successfully bumped revision number for resource a656454c-8bf8-4e43-83dc-b5932d9bfb8e (type: security_groups) to 1
2026-07-01 08:38:10.814 10 INFO neutron.db.ovn_revision_numbers_db [None req-39899afb-80e1-4114-ae20-e150c50e8a4b 36b0c00a8e904af6ac46d1e4d432fc01 bd75923a26204044a26a04f015198e04 - - default default] Successfully bumped revision number for resource a0ba0896-fc28-450d-961c-5a86f910485b (type: security_group_rules) to 0
2026-07-01 08:38:10.838 10 INFO neutron.db.ovn_revision_numbers_db [None req-39899afb-80e1-4114-ae20-e150c50e8a4b 36b0c00a8e904af6ac46d1e4d432fc01 bd75923a26204044a26a04f015198e04 - - default default] Successfully bumped revision number for resource af5a923f-5c39-4d57-88af-16b0184141ba (type: security_group_rules) to 0
2026-07-01 08:38:10.863 10 INFO neutron.db.ovn_revision_numbers_db [None req-39899afb-80e1-4114-ae20-e150c50e8a4b 36b0c00a8e904af6ac46d1e4d432fc01 bd75923a26204044a26a04f015198e04 - - default default] Successfully bumped revision number for resource ec17a65a-3d48-4b31-a54b-4dd82bd1d2f8 (type: security_group_rules) to 0
2026-07-01 08:38:10.868 10 INFO neutron.api.wsgi [req-f8b6af08-8934-40a7-ab6f-4dea8ffe3bae req-0fad7480-9617-46ac-86b7-e78252f8b4eb 518e67952dec46e9ab43f175b015eaa0 9a3b6ebf83a5442aac9d046eae08d6a9 - - default default] 10.0.0.193 "GET /v2.0/ports?device_id=b2438287-6795-4dc6-b070-a1df8d4af3e7 HTTP/1.1" status: 200 len: 1168 time: 0.0402288
2026-07-01 08:38:10.888 10 INFO neutron.db.ovn_revision_numbers_db [None req-39899afb-80e1-4114-ae20-e150c50e8a4b 36b0c00a8e904af6ac46d1e4d432fc01 bd75923a26204044a26a04f015198e04 - - default default] Successfully bumped revision number for resource feacf15d-3353-4ca0-9625-060e5b55d12a (type: security_group_rules) to 0
2026-07-01 08:38:10.948 10 INFO neutron.api.wsgi [req-f8b6af08-8934-40a7-ab6f-4dea8ffe3bae req-70f16d95-ea94-4737-a9f7-06ee9243e7b8 518e67952dec46e9ab43f175b015eaa0 9a3b6ebf83a5442aac9d046eae08d6a9 - - default default] 10.0.0.193 "GET /v2.0/security-groups?id=f678eacd-9be8-4604-871e-969cd00c128e&fields=id&fields=name HTTP/1.1" status: 200 len: 286 time: 0.0718708
2026-07-01 08:38:10.962 10 INFO neutron.api.wsgi [None req-39899afb-80e1-4114-ae20-e150c50e8a4b 36b0c00a8e904af6ac46d1e4d432fc01 bd75923a26204044a26a04f015198e04 - - default default] 10.0.0.220 "GET /v2.0/security-groups?tenant_id=b0d561b2380c49fd9a37e6292e4aa339&name=default HTTP/1.1" status: 200 len: 3120 time: 0.3307588
2026-07-01 08:38:11.005 9 INFO neutron.db.ovn_revision_numbers_db [None req-c0327af7-24c7-4570-83af-a4fd5aa51a33 36b0c00a8e904af6ac46d1e4d432fc01 bd75923a26204044a26a04f015198e04 - - default default] Successfully bumped revision number for resource 12ea07da-aade-4cb8-8a2d-1ad501f859ca (type: security_groups) to 1
2026-07-01 08:38:11.043 9 INFO neutron.db.ovn_revision_numbers_db [None req-c0327af7-24c7-4570-83af-a4fd5aa51a33 36b0c00a8e904af6ac46d1e4d432fc01 bd75923a26204044a26a04f015198e04 - - default default] Successfully bumped revision number for resource 25f3b086-407e-4bc2-8c60-1d2c64f357ec (type: security_group_rules) to 0
2026-07-01 08:38:11.066 9 INFO neutron.db.ovn_revision_numbers_db [None req-c0327af7-24c7-4570-83af-a4fd5aa51a33 36b0c00a8e904af6ac46d1e4d432fc01 bd75923a26204044a26a04f015198e04 - - default default] Successfully bumped revision number for resource 65393062-ccc3-457c-a59c-72e63fc9ff7c (type: security_group_rules) to 0
2026-07-01 08:38:11.085 9 INFO neutron.db.ovn_revision_numbers_db [None req-c0327af7-24c7-4570-83af-a4fd5aa51a33 36b0c00a8e904af6ac46d1e4d432fc01 bd75923a26204044a26a04f015198e04 - - default default] Successfully bumped revision number for resource ee25a3e5-0131-4aaa-a9a1-4b9edceae25f (type: security_group_rules) to 0
2026-07-01 08:38:11.109 10 INFO neutron.db.ovn_revision_numbers_db [None req-09cecf88-3032-4c57-893c-04389cb7d700 5b49f1f2e46b46c891783c359539ad0d 2ca7dda5b14c457e928cb43e55394ac7 - - default default] Successfully bumped revision number for resource 096aca50-0a9e-446d-811f-e2208f95e79b (type: router_ports) to 1
2026-07-01 08:38:11.112 9 INFO neutron.db.ovn_revision_numbers_db [None req-c0327af7-24c7-4570-83af-a4fd5aa51a33 36b0c00a8e904af6ac46d1e4d432fc01 bd75923a26204044a26a04f015198e04 - - default default] Successfully bumped revision number for resource f04df774-1b72-417d-92f5-9c41922eb472 (type: security_group_rules) to 0
2026-07-01 08:38:11.114 10 INFO neutron.api.wsgi [None req-09cecf88-3032-4c57-893c-04389cb7d700 5b49f1f2e46b46c891783c359539ad0d 2ca7dda5b14c457e928cb43e55394ac7 - - default default] 10.0.0.220 "PUT /v2.0/routers/b9bcc4de-fe32-4440-a9d9-4f9b7bd36f72/add_router_interface HTTP/1.1" status: 200 len: 503 time: 2.5462010
2026-07-01 08:38:11.159 9 INFO neutron.api.wsgi [None req-c0327af7-24c7-4570-83af-a4fd5aa51a33 36b0c00a8e904af6ac46d1e4d432fc01 bd75923a26204044a26a04f015198e04 - - default default] 10.0.0.220 "GET /v2.0/security-groups?tenant_id=d79aef823a7a485892a2bdb542b807eb&name=default HTTP/1.1" status: 200 len: 3120 time: 0.2903156
2026-07-01 08:38:11.175 9 WARNING neutron_lib.context [None req-0ec44c35-a4f2-4731-8085-6dae5fbce9a8 5b49f1f2e46b46c891783c359539ad0d 2ca7dda5b14c457e928cb43e55394ac7 - - default default] Method 'is_advsvc' is deprecated since 2023.2 release (neutron-lib 3.8.0) and will be removed once support for the old RBAC API policies will be removed from Neutron. Please use method 'is_service_role' instead.
2026-07-01 08:38:11.272 9 INFO neutron.api.wsgi [None req-9fb1754f-8134-42d8-9b3d-28086de53b3a 36b0c00a8e904af6ac46d1e4d432fc01 bd75923a26204044a26a04f015198e04 - - default default] 10.0.0.220 "DELETE /v2.0/security-groups/a656454c-8bf8-4e43-83dc-b5932d9bfb8e HTTP/1.1" status: 204 len: 168 time: 0.3016751
2026-07-01 08:38:11.289 9 INFO neutron.db.ovn_revision_numbers_db [None req-0ec44c35-a4f2-4731-8085-6dae5fbce9a8 5b49f1f2e46b46c891783c359539ad0d 2ca7dda5b14c457e928cb43e55394ac7 - - default default] Successfully bumped revision number for resource c6c704db-a1f3-497d-8529-5a85d6b19d2f (type: security_groups) to 1
2026-07-01 08:38:11.304 9 INFO neutron.db.ovn_revision_numbers_db [None req-0ec44c35-a4f2-4731-8085-6dae5fbce9a8 5b49f1f2e46b46c891783c359539ad0d 2ca7dda5b14c457e928cb43e55394ac7 - - default default] Successfully bumped revision number for resource 631a1a97-4ff8-46c0-ba9e-4e30260d0537 (type: security_group_rules) to 0
2026-07-01 08:38:11.317 9 INFO neutron.db.ovn_revision_numbers_db [None req-0ec44c35-a4f2-4731-8085-6dae5fbce9a8 5b49f1f2e46b46c891783c359539ad0d 2ca7dda5b14c457e928cb43e55394ac7 - - default default] Successfully bumped revision number for resource 77398b9e-43be-44cc-9b61-eb471c5fa3b4 (type: security_group_rules) to 0
2026-07-01 08:38:11.348 9 INFO neutron.api.wsgi [None req-0ec44c35-a4f2-4731-8085-6dae5fbce9a8 5b49f1f2e46b46c891783c359539ad0d 2ca7dda5b14c457e928cb43e55394ac7 - - default default] 10.0.0.220 "POST /v2.0/security-groups HTTP/1.1" status: 201 len: 1828 time: 0.1796696
2026-07-01 08:38:11.361 9 WARNING neutron_lib.context [None req-f0f133a7-1366-4643-9cde-19159c800be6 5b49f1f2e46b46c891783c359539ad0d 2ca7dda5b14c457e928cb43e55394ac7 - - default default] Method 'is_advsvc' is deprecated since 2023.2 release (neutron-lib 3.8.0) and will be removed once support for the old RBAC API policies will be removed from Neutron. Please use method 'is_service_role' instead.
2026-07-01 08:38:11.370 10 INFO neutron.api.wsgi [None req-8fedeba0-cc8e-4ec1-8898-9fd36aa2864d 36b0c00a8e904af6ac46d1e4d432fc01 bd75923a26204044a26a04f015198e04 - - default default] 10.0.0.220 "DELETE /v2.0/security-groups/12ea07da-aade-4cb8-8a2d-1ad501f859ca HTTP/1.1" status: 204 len: 168 time: 0.2067895
2026-07-01 08:38:11.472 9 INFO neutron.db.ovn_revision_numbers_db [None req-f0f133a7-1366-4643-9cde-19159c800be6 5b49f1f2e46b46c891783c359539ad0d 2ca7dda5b14c457e928cb43e55394ac7 - - default default] Successfully bumped revision number for resource a73f55cf-f881-4458-91cd-a474a014a7b9 (type: security_group_rules) to 0
