2026-07-01 08:38:27.614 9 INFO neutron.services.segments.plugin [-] Segment e994001c-0dc7-4b5e-a840-937157ccecba resource provider not found; error: Placement Client Error (4xx): {"errors": [{"status": 404, "title": "Not Found", "detail": "The resource could not be found.\n\n No resource provider with uuid e994001c-0dc7-4b5e-a840-937157ccecba found for delete ", "request_id": "req-d32d48e3-c2e2-47bf-9688-1ae65c8b6f55"}]}
2026-07-01 08:38:27.632 9 INFO neutron.services.segments.plugin [-] Segment 982e9b55-a026-4b58-9de4-17dcd72ae179 resource provider aggregate not found
2026-07-01 08:38:27.645 9 INFO neutron.services.segments.plugin [-] Segment 982e9b55-a026-4b58-9de4-17dcd72ae179 resource provider not found; error: Placement Client Error (4xx): {"errors": [{"status": 404, "title": "Not Found", "detail": "The resource could not be found.\n\n No resource provider with uuid 982e9b55-a026-4b58-9de4-17dcd72ae179 found for delete ", "request_id": "req-d195f572-9a78-4cfe-b14d-feeb38c6dfc6"}]}
2026-07-01 08:38:27.650 9 INFO neutron.services.segments.plugin [-] Segment 982e9b55-a026-4b58-9de4-17dcd72ae179 resource provider aggregate not found
2026-07-01 08:38:27.665 9 INFO neutron.services.segments.plugin [-] Segment 982e9b55-a026-4b58-9de4-17dcd72ae179 resource provider not found; error: Placement Client Error (4xx): {"errors": [{"status": 404, "title": "Not Found", "detail": "The resource could not be found.\n\n No resource provider with uuid 982e9b55-a026-4b58-9de4-17dcd72ae179 found for delete ", "request_id": "req-7ee686b9-2635-43ae-a0af-978a8b052b1f"}]}
2026-07-01 08:38:27.743 9 INFO neutron.api.wsgi [None req-e5dc1786-feb2-4f02-98e4-69b321318f88 36b0c00a8e904af6ac46d1e4d432fc01 bd75923a26204044a26a04f015198e04 - - default default] 10.0.0.220 "DELETE /v2.0/security-groups/203a501c-c5c6-46b2-91ed-96bfae164020 HTTP/1.1" status: 204 len: 168 time: 0.2469029 /var/lib/openstack/lib/python3.12/site-packages/pycadf/identifier.py:71: UserWarning: Invalid uuid: neutron. To ensure interoperability, identifiers should be a valid uuid. warnings.warn(('Invalid uuid: %s. To ensure interoperability, '
2026-07-01 08:38:28.090 10 INFO neutron.db.ovn_revision_numbers_db [None req-5b106cca-0a89-481f-bb0f-dd26deb0d458 36b0c00a8e904af6ac46d1e4d432fc01 bd75923a26204044a26a04f015198e04 - - default default] Successfully bumped revision number for resource c3d4ce0c-8be9-42ce-aee5-b2d866b7f579 (type: security_groups) to 1
2026-07-01 08:38:28.107 10 INFO neutron.db.ovn_revision_numbers_db [None req-5b106cca-0a89-481f-bb0f-dd26deb0d458 36b0c00a8e904af6ac46d1e4d432fc01 bd75923a26204044a26a04f015198e04 - - default default] Successfully bumped revision number for resource 2faf6230-f191-4116-932a-b41a292b259f (type: security_group_rules) to 0
2026-07-01 08:38:28.122 10 INFO neutron.db.ovn_revision_numbers_db [None req-5b106cca-0a89-481f-bb0f-dd26deb0d458 36b0c00a8e904af6ac46d1e4d432fc01 bd75923a26204044a26a04f015198e04 - - default default] Successfully bumped revision number for resource 691a76f1-c527-4cf8-a6d9-8e06ee53800b (type: security_group_rules) to 0
2026-07-01 08:38:28.135 10 INFO neutron.db.ovn_revision_numbers_db [None req-5b106cca-0a89-481f-bb0f-dd26deb0d458 36b0c00a8e904af6ac46d1e4d432fc01 bd75923a26204044a26a04f015198e04 - - default default] Successfully bumped revision number for resource b502d724-f8a6-402d-bcc1-3ee3fe1d658a (type: security_group_rules) to 0
2026-07-01 08:38:28.162 10 INFO neutron.db.ovn_revision_numbers_db [None req-5b106cca-0a89-481f-bb0f-dd26deb0d458 36b0c00a8e904af6ac46d1e4d432fc01 bd75923a26204044a26a04f015198e04 - - default default] Successfully bumped revision number for resource f8bdeb26-eaa4-4283-ab88-42700f363086 (type: security_group_rules) to 0
2026-07-01 08:38:28.206 10 INFO neutron.api.wsgi [None req-5b106cca-0a89-481f-bb0f-dd26deb0d458 36b0c00a8e904af6ac46d1e4d432fc01 bd75923a26204044a26a04f015198e04 - - default default] 10.0.0.220 "GET /v2.0/security-groups?tenant_id=5894220f91bc485190d4a2563afffd57&name=default HTTP/1.1" status: 200 len: 3120 time: 0.2943914
2026-07-01 08:38:28.414 10 INFO neutron.api.wsgi [None req-64ed6d24-937b-4d95-a2ea-7f63c600ef2a 36b0c00a8e904af6ac46d1e4d432fc01 bd75923a26204044a26a04f015198e04 - - default default] 10.0.0.220 "DELETE /v2.0/security-groups/c3d4ce0c-8be9-42ce-aee5-b2d866b7f579 HTTP/1.1" status: 204 len: 168 time: 0.2022860
2026-07-01 08:38:28.493 9 INFO neutron.api.wsgi [None req-195fdd15-6a30-4541-b7d3-52cc7ecb04fe 63a11534fd09425292e36341f1e11670 7b930675f2254919a7e26a07416475e8 - - default default] 10.0.0.220 "POST /v2.0/qos/policies HTTP/1.1" status: 201 len: 558 time: 0.2216573
2026-07-01 08:38:28.542 9 INFO neutron.api.wsgi [None req-df64e341-26f5-417f-b781-317ed10a1d63 63a11534fd09425292e36341f1e11670 7b930675f2254919a7e26a07416475e8 - - default default] 10.0.0.220 "POST /v2.0/qos/policies HTTP/1.1" status: 201 len: 558 time: 0.0379221
2026-07-01 08:38:28.612 9 INFO neutron.api.wsgi [None req-00b1e1d2-a6ad-40a5-b1d6-a369327c4e65 63a11534fd09425292e36341f1e11670 7b930675f2254919a7e26a07416475e8 - - default default] 10.0.0.220 "POST /v2.0/qos/policies HTTP/1.1" status: 201 len: 558 time: 0.0619409
2026-07-01 08:38:28.677 10 INFO neutron.api.wsgi [None req-47c37c40-4566-4c13-864f-ff36b5ffdef9 63a11534fd09425292e36341f1e11670 7b930675f2254919a7e26a07416475e8 - - default default] 10.0.0.220 "POST /v2.0/qos/policies HTTP/1.1" status: 201 len: 558 time: 0.0608547
2026-07-01 08:38:28.698 9 INFO neutron.db.ovn_revision_numbers_db [None req-aa443e3e-0b9f-4446-a458-1d22c66a36e3 36b0c00a8e904af6ac46d1e4d432fc01 bd75923a26204044a26a04f015198e04 - - default default] Successfully bumped revision number for resource 50ea0059-9f2e-406c-bea5-2d6561b77fb8 (type: security_groups) to 1
2026-07-01 08:38:28.717 9 INFO neutron.db.ovn_revision_numbers_db [None req-aa443e3e-0b9f-4446-a458-1d22c66a36e3 36b0c00a8e904af6ac46d1e4d432fc01 bd75923a26204044a26a04f015198e04 - - default default] Successfully bumped revision number for resource 2a1a3acb-15cd-4e68-801d-482b6f3b2017 (type: security_group_rules) to 0
2026-07-01 08:38:28.723 10 INFO neutron.api.wsgi [None req-4d5d301b-c552-4179-9b12-b0539c5c1b4f 63a11534fd09425292e36341f1e11670 7b930675f2254919a7e26a07416475e8 - - default default] 10.0.0.220 "POST /v2.0/qos/policies HTTP/1.1" status: 201 len: 558 time: 0.0400102
2026-07-01 08:38:28.734 9 INFO neutron.db.ovn_revision_numbers_db [None req-aa443e3e-0b9f-4446-a458-1d22c66a36e3 36b0c00a8e904af6ac46d1e4d432fc01 bd75923a26204044a26a04f015198e04 - - default default] Successfully bumped revision number for resource 7d8212ab-0ff4-4bac-9d64-2f6dc86f4f79 (type: security_group_rules) to 0
2026-07-01 08:38:28.746 9 INFO neutron.db.ovn_revision_numbers_db [None req-aa443e3e-0b9f-4446-a458-1d22c66a36e3 36b0c00a8e904af6ac46d1e4d432fc01 bd75923a26204044a26a04f015198e04 - - default default] Successfully bumped revision number for resource 865928d0-2cdd-45ca-95b7-f004d9246a3f (type: security_group_rules) to 0
2026-07-01 08:38:28.759 9 INFO neutron.db.ovn_revision_numbers_db [None req-aa443e3e-0b9f-4446-a458-1d22c66a36e3 36b0c00a8e904af6ac46d1e4d432fc01 bd75923a26204044a26a04f015198e04 - - default default] Successfully bumped revision number for resource ec0a6563-750e-42c2-92a1-b5f329c18f36 (type: security_group_rules) to 0
2026-07-01 08:38:28.762 10 INFO neutron.api.wsgi [None req-ad083a37-2e27-467e-bc04-3dd411df4aa9 63a11534fd09425292e36341f1e11670 7b930675f2254919a7e26a07416475e8 - - default default] 10.0.0.220 "PUT /v2.0/policies/a47b7b8d-597f-4604-92f4-c04302924946/tags HTTP/1.1" status: 200 len: 210 time: 0.0343361
2026-07-01 08:38:28.799 9 INFO neutron.api.wsgi [None req-aa443e3e-0b9f-4446-a458-1d22c66a36e3 36b0c00a8e904af6ac46d1e4d432fc01 bd75923a26204044a26a04f015198e04 - - default default] 10.0.0.220 "GET /v2.0/security-groups?tenant_id=72956e10687b4ceeb7dc74df764233c1&name=default HTTP/1.1" status: 200 len: 3120 time: 0.2386041
2026-07-01 08:38:28.801 10 INFO neutron.api.wsgi [None req-04165bce-14d9-4b10-bea5-594e3a2a82a2 63a11534fd09425292e36341f1e11670 7b930675f2254919a7e26a07416475e8 - - default default] 10.0.0.220 "PUT /v2.0/policies/c86df49a-9688-4a98-bafe-85628ff5479e/tags HTTP/1.1" status: 200 len: 218 time: 0.0314505
2026-07-01 08:38:28.844 9 INFO neutron.api.wsgi [None req-dcedddd5-cf88-4dfc-9bb0-9d04c9545524 63a11534fd09425292e36341f1e11670 7b930675f2254919a7e26a07416475e8 - - default default] 10.0.0.220 "PUT /v2.0/policies/4f08886b-dcaa-4363-9dda-e9d41a103e6c/tags HTTP/1.1" status: 200 len: 227 time: 0.0394175
2026-07-01 08:38:28.875 9 INFO neutron.api.wsgi [None req-c66a6934-493b-4a66-a6e5-6b965ad62b18 63a11534fd09425292e36341f1e11670 7b930675f2254919a7e26a07416475e8 - - default default] 10.0.0.220 "PUT /v2.0/policies/ead7bcd7-c586-4600-895e-1f3807b75272/tags HTTP/1.1" status: 200 len: 212 time: 0.0240819
2026-07-01 08:38:29.051 10 INFO neutron.api.wsgi [None req-c1265e82-a25d-41d3-9ec2-ca7362a4775f 36b0c00a8e904af6ac46d1e4d432fc01 bd75923a26204044a26a04f015198e04 - - default default] 10.0.0.220 "DELETE /v2.0/security-groups/50ea0059-9f2e-406c-bea5-2d6561b77fb8 HTTP/1.1" status: 204 len: 168 time: 0.2427359
2026-07-01 08:38:29.560 10 INFO neutron.api.wsgi [None req-59395bbd-7d21-4359-acfb-9f1e608746e0 bfbb4c1883c5417eba2eee608dd92cdf e517ded2946848d79ebde9f1fd189553 - - default default] 10.0.0.220 "GET /v2.0/qos/policies?tags=red HTTP/1.1" status: 200 len: 1296 time: 0.2983212
2026-07-01 08:38:29.639 10 INFO neutron.api.wsgi [None req-e560fba6-7bc6-40c5-95f8-9a2a481e0b4a bfbb4c1883c5417eba2eee608dd92cdf e517ded2946848d79ebde9f1fd189553 - - default default] 10.0.0.220 "GET /v2.0/qos/policies?tags=red%2Cblue HTTP/1.1" status: 200 len: 941 time: 0.0759389
2026-07-01 08:38:29.699 10 INFO neutron.api.wsgi [None req-05f6b230-92f9-446d-84ad-44eda15d6482 36b0c00a8e904af6ac46d1e4d432fc01 bd75923a26204044a26a04f015198e04 - - default default] 10.0.0.220 "PUT /v2.0/routers/1100b631-2104-4095-957a-b08141a3b45b/remove_router_interface HTTP/1.1" status: 200 len: 503 time: 1.1693790
2026-07-01 08:38:29.739 10 INFO neutron.api.wsgi [None req-eaa1e501-7270-4985-adfc-591ff0dd9cec bfbb4c1883c5417eba2eee608dd92cdf e517ded2946848d79ebde9f1fd189553 - - default default] 10.0.0.220 "GET /v2.0/qos/policies?tags-any=blue HTTP/1.1" status: 200 len: 941 time: 0.0949745 /var/lib/openstack/lib/python3.12/site-packages/pycadf/identifier.py:71: UserWarning: Invalid uuid: neutron. To ensure interoperability, identifiers should be a valid uuid. warnings.warn(('Invalid uuid: %s. To ensure interoperability, '
2026-07-01 08:38:29.848 10 INFO neutron.api.wsgi [None req-c391e708-9d11-41da-9003-d19c04d51f74 bfbb4c1883c5417eba2eee608dd92cdf e517ded2946848d79ebde9f1fd189553 - - default default] 10.0.0.220 "GET /v2.0/qos/policies?tags-any=red%2Cblue HTTP/1.1" status: 200 len: 1296 time: 0.1017976
2026-07-01 08:38:29.890 10 INFO neutron.api.wsgi [req-89dc1a03-da9c-436a-9ddc-10dc23bab1a6 req-56f17d71-aaab-4458-b0da-5e0a0ae8db2f 5b49f1f2e46b46c891783c359539ad0d 2ca7dda5b14c457e928cb43e55394ac7 - - default default] 10.0.0.193 "GET /v2.0/ports?device_id=f3b4e07c-a4ae-495c-9c67-545755878384 HTTP/1.1" status: 200 len: 1400 time: 0.1032126
2026-07-01 08:38:29.937 10 INFO neutron.api.wsgi [req-89dc1a03-da9c-436a-9ddc-10dc23bab1a6 req-49b17027-1800-424e-b714-929892035ff0 5b49f1f2e46b46c891783c359539ad0d 2ca7dda5b14c457e928cb43e55394ac7 - - default default] 10.0.0.193 "GET /v2.0/security-groups?id=c6c704db-a1f3-497d-8529-5a85d6b19d2f&fields=id&fields=name HTTP/1.1" status: 200 len: 311 time: 0.0381885
2026-07-01 08:38:29.947 10 INFO neutron.api.wsgi [None req-246142e0-d2a2-4863-82ef-36d63a02ffd4 bfbb4c1883c5417eba2eee608dd92cdf e517ded2946848d79ebde9f1fd189553 - - default default] 10.0.0.220 "GET /v2.0/qos/policies?not-tags=red HTTP/1.1" status: 200 len: 913 time: 0.0907519
2026-07-01 08:38:30.054 10 INFO neutron.api.wsgi [None req-3fceef93-e29b-47ce-9c68-eae30aeed106 bfbb4c1883c5417eba2eee608dd92cdf e517ded2946848d79ebde9f1fd189553 - - default default] 10.0.0.220 "GET /v2.0/qos/policies?not-tags=red%2Cblue HTTP/1.1" status: 200 len: 1268 time: 0.1015987
2026-07-01 08:38:30.091 9 INFO neutron.api.wsgi [None req-4172b518-d435-43e9-b330-a4367c0b4213 5b49f1f2e46b46c891783c359539ad0d 2ca7dda5b14c457e928cb43e55394ac7 - - default default] 10.0.0.220 "GET /v2.0/ports?network_id=e9d9ff07-decd-4309-a714-25493e4b41fd&mac_address=fa%3A16%3A3e%3Ac4%3A07%3Acd HTTP/1.1" status: 200 len: 1395 time: 0.1297197
2026-07-01 08:38:30.103 9 WARNING neutron_lib.context [None req-55b95718-d8ce-430b-b533-9722468cf325 5b49f1f2e46b46c891783c359539ad0d 2ca7dda5b14c457e928cb43e55394ac7 - - default default] Method 'is_advsvc' is deprecated since 2023.2 release (neutron-lib 3.8.0) and will be removed once support for the old RBAC API policies will be removed from Neutron. Please use method 'is_service_role' instead.
2026-07-01 08:38:30.143 10 INFO neutron.api.wsgi [None req-08f7b49e-e98b-485b-95f3-9cbdf8588867 bfbb4c1883c5417eba2eee608dd92cdf e517ded2946848d79ebde9f1fd189553 - - default default] 10.0.0.220 "GET /v2.0/qos/policies?not-tags-any=blue HTTP/1.1" status: 200 len: 1268 time: 0.0844750
2026-07-01 08:38:30.190 10 INFO neutron.api.wsgi [None req-1a171b78-ea4c-436a-a3e1-9493a9a76db7 bfbb4c1883c5417eba2eee608dd92cdf e517ded2946848d79ebde9f1fd189553 - - default default] 10.0.0.220 "GET /v2.0/qos/policies?not-tags-any=red%2Cblue HTTP/1.1" status: 200 len: 913 time: 0.0422330
2026-07-01 08:38:30.259 10 INFO neutron.api.wsgi [None req-6e46c762-e5ba-4b84-8331-d60956af0ad2 63a11534fd09425292e36341f1e11670 7b930675f2254919a7e26a07416475e8 - - default default] 10.0.0.220 "DELETE /v2.0/qos/policies/a47b7b8d-597f-4604-92f4-c04302924946 HTTP/1.1" status: 204 len: 168 time: 0.0587075
2026-07-01 08:38:30.348 9 INFO neutron.api.wsgi [None req-126c68c5-582c-4e51-ae66-f50a7466a41e 63a11534fd09425292e36341f1e11670 7b930675f2254919a7e26a07416475e8 - - default default] 10.0.0.220 "DELETE /v2.0/qos/policies/c86df49a-9688-4a98-bafe-85628ff5479e HTTP/1.1" status: 204 len: 168 time: 0.0844116
2026-07-01 08:38:30.401 10 INFO neutron.api.wsgi [None req-0093d916-98a2-4303-86e9-1a97812a8291 63a11534fd09425292e36341f1e11670 7b930675f2254919a7e26a07416475e8 - - default default] 10.0.0.220 "DELETE /v2.0/qos/policies/4f08886b-dcaa-4363-9dda-e9d41a103e6c HTTP/1.1" status: 204 len: 168 time: 0.0477667
2026-07-01 08:38:30.459 10 INFO neutron.api.wsgi [None req-c0ae093b-b89b-4771-b578-ffefbc136454 63a11534fd09425292e36341f1e11670 7b930675f2254919a7e26a07416475e8 - - default default] 10.0.0.220 "DELETE /v2.0/qos/policies/ead7bcd7-c586-4600-895e-1f3807b75272 HTTP/1.1" status: 204 len: 168 time: 0.0539911
2026-07-01 08:38:30.466 9 WARNING neutron.scheduler.dhcp_agent_scheduler [None req-55b95718-d8ce-430b-b533-9722468cf325 5b49f1f2e46b46c891783c359539ad0d 2ca7dda5b14c457e928cb43e55394ac7 - - default default] No more DHCP agents
2026-07-01 08:38:30.467 9 WARNING neutron.api.rpc.agentnotifiers.dhcp_rpc_agent_api [None req-55b95718-d8ce-430b-b533-9722468cf325 5b49f1f2e46b46c891783c359539ad0d 2ca7dda5b14c457e928cb43e55394ac7 - - default default] Unable to schedule network 60b61759-f4f3-45eb-a1af-86e709006d56: no agents available; will retry on subsequent port and subnet creation events.
2026-07-01 08:38:30.516 10 INFO neutron.api.wsgi [None req-ca27cd4e-07eb-4775-bdcc-eeceeb371da9 63a11534fd09425292e36341f1e11670 7b930675f2254919a7e26a07416475e8 - - default default] 10.0.0.220 "DELETE /v2.0/qos/policies/18c1a03a-66bc-4590-bf2a-c7eb25a855cd HTTP/1.1" status: 204 len: 168 time: 0.0507615
2026-07-01 08:38:30.550 9 INFO neutron.api.wsgi [None req-7fe99f04-0e84-47fc-8978-240f6284f49e 36b0c00a8e904af6ac46d1e4d432fc01 bd75923a26204044a26a04f015198e04 - - default default] 10.0.0.220 "DELETE /v2.0/routers/1100b631-2104-4095-957a-b08141a3b45b HTTP/1.1" status: 204 len: 168 time: 0.8435364
2026-07-01 08:38:30.705 10 INFO neutron.api.wsgi [None req-95aaaeb7-3cb9-4fff-84df-9df7aa7c0118 36b0c00a8e904af6ac46d1e4d432fc01 bd75923a26204044a26a04f015198e04 - - default default] 10.0.0.220 "DELETE /v2.0/subnets/8d501115-62a6-4b47-8e85-b2d4ddc6f993 HTTP/1.1" status: 204 len: 168 time: 0.1464520
2026-07-01 08:38:31.123 9 INFO neutron.services.segments.plugin [-] Segment 1a3c5463-7e8b-471c-a6e3-765af8164858 resource provider aggregate not found
2026-07-01 08:38:31.126 9 INFO neutron.services.segments.plugin [-] Segment 1a3c5463-7e8b-471c-a6e3-765af8164858 resource provider aggregate not found
2026-07-01 08:38:31.138 9 INFO neutron.services.segments.plugin [-] Segment 1a3c5463-7e8b-471c-a6e3-765af8164858 resource provider not found; error: Placement Client Error (4xx): {"errors": [{"status": 404, "title": "Not Found", "detail": "The resource could not be found.\n\n No resource provider with uuid 1a3c5463-7e8b-471c-a6e3-765af8164858 found for delete ", "request_id": "req-82bf1145-f1b9-4d6e-ab26-83bd6835a7f6"}]}
2026-07-01 08:38:31.144 9 INFO neutron.services.segments.plugin [-] Segment 1a3c5463-7e8b-471c-a6e3-765af8164858 resource provider not found; error: Placement Client Error (4xx): {"errors": [{"status": 404, "title": "Not Found", "detail": "The resource could not be found.\n\n No resource provider with uuid 1a3c5463-7e8b-471c-a6e3-765af8164858 found for delete ", "request_id": "req-7370546f-d33b-4257-a36a-dd730544ec5d"}]}
2026-07-01 08:38:31.174 9 INFO neutron.api.wsgi [None req-c1414aaf-8b5b-4a1e-bbaf-4b29594a3ebe 36b0c00a8e904af6ac46d1e4d432fc01 bd75923a26204044a26a04f015198e04 - - default default] 10.0.0.220 "DELETE /v2.0/networks/a00772a3-3f4b-46e2-8028-86a391338bad HTTP/1.1" status: 204 len: 168 time: 0.4626548
2026-07-01 08:38:31.225 9 INFO neutron.db.ovn_revision_numbers_db [None req-55b95718-d8ce-430b-b533-9722468cf325 5b49f1f2e46b46c891783c359539ad0d 2ca7dda5b14c457e928cb43e55394ac7 - - default default] Successfully bumped revision number for resource af02459c-26f9-4e5f-b418-f3fde774d1cc (type: floatingips) to -1
2026-07-01 08:38:31.309 9 INFO neutron.db.ovn_revision_numbers_db [None req-55b95718-d8ce-430b-b533-9722468cf325 5b49f1f2e46b46c891783c359539ad0d 2ca7dda5b14c457e928cb43e55394ac7 - - default default] Successfully bumped revision number for resource af02459c-26f9-4e5f-b418-f3fde774d1cc (type: floatingips) to 1
2026-07-01 08:38:31.309 9 INFO neutron.db.l3_db [None req-55b95718-d8ce-430b-b533-9722468cf325 5b49f1f2e46b46c891783c359539ad0d 2ca7dda5b14c457e928cb43e55394ac7 - - default default] Floating IP af02459c-26f9-4e5f-b418-f3fde774d1cc associated. External IP: 10.96.250.211, port: d5601cf3-3780-4613-98e6-c229e1d17d10.
2026-07-01 08:38:31.338 9 INFO neutron.api.wsgi [None req-55b95718-d8ce-430b-b533-9722468cf325 5b49f1f2e46b46c891783c359539ad0d 2ca7dda5b14c457e928cb43e55394ac7 - - default default] 10.0.0.220 "POST /v2.0/floatingips HTTP/1.1" status: 201 len: 1054 time: 1.2395177
2026-07-01 08:38:31.385 9 INFO neutron.notifiers.nova [-] Nova event matching ['req-bacaf8d7-2d9c-4b54-bdb7-45ef55e7bd0a'] response: {'name': 'network-changed', 'server_uuid': 'f3b4e07c-a4ae-495c-9c67-545755878384', 'tag': 'd5601cf3-3780-4613-98e6-c229e1d17d10', 'status': 'completed', 'code': 200}
2026-07-01 08:38:31.404 9 INFO neutron.api.wsgi [None req-0dac08d8-60a6-4c74-a607-ddfdb225b7d8 36b0c00a8e904af6ac46d1e4d432fc01 bd75923a26204044a26a04f015198e04 - - default default] 10.0.0.220 "GET /v2.0/security-groups?tenant_id=9a3b6ebf83a5442aac9d046eae08d6a9&name=default HTTP/1.1" status: 200 len: 3120 time: 0.0239081 /var/lib/openstack/lib/python3.12/site-packages/pycadf/identifier.py:71: UserWarning: Invalid uuid: neutron. To ensure interoperability, identifiers should be a valid uuid. warnings.warn(('Invalid uuid: %s. To ensure interoperability, '
2026-07-01 08:38:31.484 10 INFO neutron.api.wsgi [req-e3d7e93f-12aa-4c90-94d9-f2bb0fd14c4f req-a941a2f7-8ee3-4e15-a37f-fe06d50ca87b 5b49f1f2e46b46c891783c359539ad0d 2ca7dda5b14c457e928cb43e55394ac7 - - default default] 10.0.0.193 "GET /v2.0/security-groups?name=tempest-lb_member_SG-1665904823&fields=id&tenant_id=2ca7dda5b14c457e928cb43e55394ac7 HTTP/1.1" status: 200 len: 267 time: 0.0460653
2026-07-01 08:38:31.532 10 INFO neutron.api.wsgi [req-e3d7e93f-12aa-4c90-94d9-f2bb0fd14c4f req-540d7a68-b827-4272-94c2-d16b23cfbdcb 5b49f1f2e46b46c891783c359539ad0d 2ca7dda5b14c457e928cb43e55394ac7 - - default default] 10.0.0.193 "GET /v2.0/networks?id=07351106-4855-49c3-be75-c8364ffcc59a HTTP/1.1" status: 200 len: 904 time: 0.0475609
2026-07-01 08:38:31.546 10 INFO neutron.api.wsgi [req-e3d7e93f-12aa-4c90-94d9-f2bb0fd14c4f req-11cbc909-f2a2-45c2-a7ad-a41da5ac6d10 5b49f1f2e46b46c891783c359539ad0d 2ca7dda5b14c457e928cb43e55394ac7 - - default default] 10.0.0.193 "GET /v2.0/quotas/2ca7dda5b14c457e928cb43e55394ac7 HTTP/1.1" status: 200 len: 491 time: 0.0090659
2026-07-01 08:38:31.616 9 INFO neutron.api.wsgi [None req-93684be5-f2ce-4b29-b045-8cd812bf8fb0 36b0c00a8e904af6ac46d1e4d432fc01 bd75923a26204044a26a04f015198e04 - - default default] 10.0.0.220 "DELETE /v2.0/security-groups/f678eacd-9be8-4604-871e-969cd00c128e HTTP/1.1" status: 204 len: 168 time: 0.2068896
2026-07-01 08:38:31.641 9 INFO neutron.db.ovn_revision_numbers_db [None req-99071c35-f963-4c1e-825a-956dd93464c2 36b0c00a8e904af6ac46d1e4d432fc01 bd75923a26204044a26a04f015198e04 - - default default] Successfully bumped revision number for resource 75278ec8-697b-4f69-a0cc-af3cb42f5874 (type: security_groups) to 1
2026-07-01 08:38:31.653 9 INFO neutron.db.ovn_revision_numbers_db [None req-99071c35-f963-4c1e-825a-956dd93464c2 36b0c00a8e904af6ac46d1e4d432fc01 bd75923a26204044a26a04f015198e04 - - default default] Successfully bumped revision number for resource 1c141906-8062-4651-9f06-0f2d80265353 (type: security_group_rules) to 0
2026-07-01 08:38:31.664 9 INFO neutron.db.ovn_revision_numbers_db [None req-99071c35-f963-4c1e-825a-956dd93464c2 36b0c00a8e904af6ac46d1e4d432fc01 bd75923a26204044a26a04f015198e04 - - default default] Successfully bumped revision number for resource 2a168604-4232-4832-8f40-aabe16fcf303 (type: security_group_rules) to 0
2026-07-01 08:38:31.673 10 INFO neutron.api.wsgi [req-e3d7e93f-12aa-4c90-94d9-f2bb0fd14c4f req-a6e5a23e-75ab-4d70-be18-0b283a348731 5b49f1f2e46b46c891783c359539ad0d 2ca7dda5b14c457e928cb43e55394ac7 - - default default] 10.0.0.193 "GET /v2.0/ports?tenant_id=2ca7dda5b14c457e928cb43e55394ac7&fields=id HTTP/1.1" status: 200 len: 532 time: 0.1224763
2026-07-01 08:38:31.677 9 INFO neutron.db.ovn_revision_numbers_db [None req-99071c35-f963-4c1e-825a-956dd93464c2 36b0c00a8e904af6ac46d1e4d432fc01 bd75923a26204044a26a04f015198e04 - - default default] Successfully bumped revision number for resource c083fdef-9f41-4b03-ab28-e7c5b5cb2e08 (type: security_group_rules) to 0
2026-07-01 08:38:31.688 9 INFO neutron.db.ovn_revision_numbers_db [None req-99071c35-f963-4c1e-825a-956dd93464c2 36b0c00a8e904af6ac46d1e4d432fc01 bd75923a26204044a26a04f015198e04 - - default default] Successfully bumped revision number for resource dffc397a-92cd-4aa4-a784-4c78ebbd7a2b (type: security_group_rules) to 0
2026-07-01 08:38:31.723 10 INFO neutron.api.wsgi [req-e3d7e93f-12aa-4c90-94d9-f2bb0fd14c4f req-36947de2-9cd3-4e41-b4cd-3694610b89e2 ceb89a06057345148043faeaccaa6b08 f9fb9a9f9cb94349b2b09b518b11bb22 - - 92528f82975c46bdaab9e69bfb83a290 92528f82975c46bdaab9e69bfb83a290] 10.0.0.193 "GET /v2.0/networks/07351106-4855-49c3-be75-c8364ffcc59a?fields=segments HTTP/1.1" status: 200 len: 212 time: 0.0394125
2026-07-01 08:38:31.724 9 INFO neutron.api.wsgi [None req-99071c35-f963-4c1e-825a-956dd93464c2 36b0c00a8e904af6ac46d1e4d432fc01 bd75923a26204044a26a04f015198e04 - - default default] 10.0.0.220 "GET /v2.0/security-groups?tenant_id=e517ded2946848d79ebde9f1fd189553&name=default HTTP/1.1" status: 200 len: 3120 time: 0.2796843
2026-07-01 08:38:31.790 10 INFO neutron.api.wsgi [req-e3d7e93f-12aa-4c90-94d9-f2bb0fd14c4f req-f388dbc2-8325-4233-b4b4-7fe7a8ad0be5 ceb89a06057345148043faeaccaa6b08 f9fb9a9f9cb94349b2b09b518b11bb22 - - 92528f82975c46bdaab9e69bfb83a290 92528f82975c46bdaab9e69bfb83a290] 10.0.0.193 "GET /v2.0/networks/07351106-4855-49c3-be75-c8364ffcc59a?fields=provider%3Aphysical_network&fields=provider%3Anetwork_type HTTP/1.1" status: 200 len: 277 time: 0.0578637
2026-07-01 08:38:31.946 9 INFO neutron.api.wsgi [req-708df2c1-f1fd-4cdb-9b7e-3328ec11c7f7 req-1ceba2e9-62c0-4cad-aa6b-3ffdcc7dc9c3 ceb89a06057345148043faeaccaa6b08 f9fb9a9f9cb94349b2b09b518b11bb22 - - 92528f82975c46bdaab9e69bfb83a290 92528f82975c46bdaab9e69bfb83a290] 199.204.45.74 "GET /v2.0/ports?tenant_id=2ca7dda5b14c457e928cb43e55394ac7&device_id=f3b4e07c-a4ae-495c-9c67-545755878384 HTTP/1.1" status: 200 len: 1638 time: 0.0530598
2026-07-01 08:38:31.988 9 INFO neutron.api.wsgi [req-975c1dd6-3d1a-494f-88bc-f9817f24e79c req-e8986faf-2204-4060-b717-367e3b354e1a 5b49f1f2e46b46c891783c359539ad0d 2ca7dda5b14c457e928cb43e55394ac7 - - default default] 10.0.0.193 "GET /v2.0/ports?device_id=40cf6a4e-587b-494f-9b90-244d22410b0e HTTP/1.1" status: 200 len: 210 time: 0.0406699
2026-07-01 08:38:32.067 9 INFO neutron.api.wsgi [req-708df2c1-f1fd-4cdb-9b7e-3328ec11c7f7 req-c6f5e201-9b7f-452d-b1c5-423939fb6dea ceb89a06057345148043faeaccaa6b08 f9fb9a9f9cb94349b2b09b518b11bb22 - - 92528f82975c46bdaab9e69bfb83a290 92528f82975c46bdaab9e69bfb83a290] 199.204.45.74 "GET /v2.0/networks?id=e9d9ff07-decd-4309-a714-25493e4b41fd HTTP/1.1" status: 200 len: 1002 time: 0.1172006
2026-07-01 08:38:32.113 9 INFO neutron.api.wsgi [None req-32065564-1142-4d29-a26a-945f98afbc72 36b0c00a8e904af6ac46d1e4d432fc01 bd75923a26204044a26a04f015198e04 - - default default] 10.0.0.220 "DELETE /v2.0/security-groups/75278ec8-697b-4f69-a0cc-af3cb42f5874 HTTP/1.1" status: 204 len: 168 time: 0.3857589
2026-07-01 08:38:32.126 9 INFO neutron.api.wsgi [req-708df2c1-f1fd-4cdb-9b7e-3328ec11c7f7 req-7a70ff7f-ab78-44df-97e8-c4a2c760945a ceb89a06057345148043faeaccaa6b08 f9fb9a9f9cb94349b2b09b518b11bb22 - - 92528f82975c46bdaab9e69bfb83a290 92528f82975c46bdaab9e69bfb83a290] 199.204.45.74 "GET /v2.0/floatingips?fixed_ip_address=10.2.1.139&port_id=d5601cf3-3780-4613-98e6-c229e1d17d10 HTTP/1.1" status: 200 len: 1059 time: 0.0536265
2026-07-01 08:38:32.141 10 INFO neutron.api.wsgi [None req-16a6ef0d-6811-44ed-87c1-76b9679c4746 36b0c00a8e904af6ac46d1e4d432fc01 bd75923a26204044a26a04f015198e04 - - default default] 10.0.0.26 "GET /v2.0/floatingips HTTP/1.1" status: 200 len: 1035 time: 0.2919230
2026-07-01 08:38:32.163 9 INFO neutron.api.wsgi [req-708df2c1-f1fd-4cdb-9b7e-3328ec11c7f7 req-1b6b42fd-9327-44a9-a781-2cfd977258d6 ceb89a06057345148043faeaccaa6b08 f9fb9a9f9cb94349b2b09b518b11bb22 - - 92528f82975c46bdaab9e69bfb83a290 92528f82975c46bdaab9e69bfb83a290] 199.204.45.74 "GET /v2.0/floatingips?fixed_ip_address=fd7b%3Af9f7%3Afff%3A4eca%3A%3A2a3&port_id=d5601cf3-3780-4613-98e6-c229e1d17d10 HTTP/1.1" status: 200 len: 217 time: 0.0253270
2026-07-01 08:38:32.205 9 INFO neutron.api.wsgi [req-708df2c1-f1fd-4cdb-9b7e-3328ec11c7f7 req-1b66570d-492e-4f0a-a4ea-434d3d54210a ceb89a06057345148043faeaccaa6b08 f9fb9a9f9cb94349b2b09b518b11bb22 - - 92528f82975c46bdaab9e69bfb83a290 92528f82975c46bdaab9e69bfb83a290] 199.204.45.74 "GET /v2.0/subnets?id=bd34a295-4d57-4d7b-96b0-1b8be3d8969d&id=02b3d513-2388-48f6-8948-ca50524cf76f HTTP/1.1" status: 200 len: 1610 time: 0.0366015
2026-07-01 08:38:32.221 10 INFO neutron.api.wsgi [None req-798240d9-bce0-4a63-a555-8eb9742d9240 36b0c00a8e904af6ac46d1e4d432fc01 bd75923a26204044a26a04f015198e04 - - default default] 10.0.0.26 "GET /v2.0/networks HTTP/1.1" status: 200 len: 4718 time: 0.0760179
2026-07-01 08:38:32.238 9 INFO neutron.api.wsgi [req-708df2c1-f1fd-4cdb-9b7e-3328ec11c7f7 req-812be212-bbe8-4036-b91a-cd6534c467d5 ceb89a06057345148043faeaccaa6b08 f9fb9a9f9cb94349b2b09b518b11bb22 - - 92528f82975c46bdaab9e69bfb83a290 92528f82975c46bdaab9e69bfb83a290] 199.204.45.74 "GET /v2.0/ports?network_id=e9d9ff07-decd-4309-a714-25493e4b41fd&device_owner=network%3Adhcp HTTP/1.1" status: 200 len: 210 time: 0.0275824
2026-07-01 08:38:32.263 9 INFO neutron.api.wsgi [req-708df2c1-f1fd-4cdb-9b7e-3328ec11c7f7 req-5f9ee8d4-34ff-4f89-8c3a-bb8a3aeb6faf ceb89a06057345148043faeaccaa6b08 f9fb9a9f9cb94349b2b09b518b11bb22 - - 92528f82975c46bdaab9e69bfb83a290 92528f82975c46bdaab9e69bfb83a290] 199.204.45.74 "GET /v2.0/ports?network_id=e9d9ff07-decd-4309-a714-25493e4b41fd&device_owner=network%3Adhcp HTTP/1.1" status: 200 len: 210 time: 0.0192759
2026-07-01 08:38:32.265 10 INFO neutron.api.wsgi [None req-17b23057-d731-4ce7-bea3-664cd9ceeab7 36b0c00a8e904af6ac46d1e4d432fc01 bd75923a26204044a26a04f015198e04 - - default default] 10.0.0.26 "GET /v2.0/subnets HTTP/1.1" status: 200 len: 5688 time: 0.0399148
2026-07-01 08:38:32.276 10 INFO neutron.api.wsgi [None req-00d03b7e-0ee0-4734-9de7-41b8825d51a6 36b0c00a8e904af6ac46d1e4d432fc01 bd75923a26204044a26a04f015198e04 - - default default] 10.0.0.26 "GET /v2.0/subnetpools HTTP/1.1" status: 200 len: 193 time: 0.0090663
2026-07-01 08:38:32.316 9 INFO neutron.api.wsgi [req-708df2c1-f1fd-4cdb-9b7e-3328ec11c7f7 req-0e1e1e3c-6010-4d3d-9504-b25c754c4bab ceb89a06057345148043faeaccaa6b08 f9fb9a9f9cb94349b2b09b518b11bb22 - - 92528f82975c46bdaab9e69bfb83a290 92528f82975c46bdaab9e69bfb83a290] 199.204.45.74 "GET /v2.0/networks/e9d9ff07-decd-4309-a714-25493e4b41fd?fields=segments HTTP/1.1" status: 200 len: 212 time: 0.0479374
2026-07-01 08:38:32.336 10 INFO neutron.api.wsgi [None req-6ecef14d-6642-4dd5-bb6b-e35aab643e89 36b0c00a8e904af6ac46d1e4d432fc01 bd75923a26204044a26a04f015198e04 - - default default] 10.0.0.26 "GET /v2.0/security-groups HTTP/1.1" status: 200 len: 28809 time: 0.0593159
2026-07-01 08:38:32.378 9 INFO neutron.api.wsgi [req-708df2c1-f1fd-4cdb-9b7e-3328ec11c7f7 req-f1e4f55b-6207-471f-bc6c-dbf6f3f1597a ceb89a06057345148043faeaccaa6b08 f9fb9a9f9cb94349b2b09b518b11bb22 - - 92528f82975c46bdaab9e69bfb83a290 92528f82975c46bdaab9e69bfb83a290] 199.204.45.74 "GET /v2.0/networks/e9d9ff07-decd-4309-a714-25493e4b41fd?fields=provider%3Aphysical_network&fields=provider%3Anetwork_type HTTP/1.1" status: 200 len: 277 time: 0.0580063
2026-07-01 08:38:32.419 10 INFO neutron.api.wsgi [None req-a9508ab7-1b69-405b-bc4d-6b5ded89e38b 36b0c00a8e904af6ac46d1e4d432fc01 bd75923a26204044a26a04f015198e04 - - default default] 10.0.0.26 "GET /v2.0/routers HTTP/1.1" status: 200 len: 1141 time: 0.0727108
2026-07-01 08:38:32.429 9 INFO neutron.db.ovn_revision_numbers_db [None req-5e241fda-e680-4e2b-ba18-cc3fbbdbee69 36b0c00a8e904af6ac46d1e4d432fc01 bd75923a26204044a26a04f015198e04 - - default default] Successfully bumped revision number for resource d3afaffb-4ae0-47c4-a284-bc307dee95fb (type: security_groups) to 1
2026-07-01 08:38:32.434 10 INFO neutron.api.wsgi [None req-18cc54ed-27f9-4568-b0ae-a70092c95ab3 36b0c00a8e904af6ac46d1e4d432fc01 bd75923a26204044a26a04f015198e04 - - default default] 10.0.0.26 "GET /v2.0/agents?binary=ovn-controller HTTP/1.1" status: 200 len: 591 time: 0.0126557
2026-07-01 08:38:32.449 10 INFO neutron.api.wsgi [None req-97a39427-3f2e-4e6a-adbe-6af9c3e53905 36b0c00a8e904af6ac46d1e4d432fc01 bd75923a26204044a26a04f015198e04 - - default default] 10.0.0.26 "GET /v2.0/agents HTTP/1.1" status: 200 len: 1390 time: 0.0134327
2026-07-01 08:38:32.450 9 INFO neutron.db.ovn_revision_numbers_db [None req-5e241fda-e680-4e2b-ba18-cc3fbbdbee69 36b0c00a8e904af6ac46d1e4d432fc01 bd75923a26204044a26a04f015198e04 - - default default] Successfully bumped revision number for resource 129269c3-74e1-4963-ae85-9f7e467fcfc5 (type: security_group_rules) to 0
2026-07-01 08:38:32.467 10 INFO neutron.api.wsgi [None req-4e89e570-9f70-4574-9432-c9d757328266 36b0c00a8e904af6ac46d1e4d432fc01 bd75923a26204044a26a04f015198e04 - - default default] 10.0.0.26 "GET /v2.0/network-ip-availabilities HTTP/1.1" status: 200 len: 3363 time: 0.0172915
2026-07-01 08:38:32.471 9 INFO neutron.db.ovn_revision_numbers_db [None req-5e241fda-e680-4e2b-ba18-cc3fbbdbee69 36b0c00a8e904af6ac46d1e4d432fc01 bd75923a26204044a26a04f015198e04 - - default default] Successfully bumped revision number for resource 6a6474cc-f505-4a7a-9c3f-39412d12dc63 (type: security_group_rules) to 0
2026-07-01 08:38:32.490 9 INFO neutron.db.ovn_revision_numbers_db [None req-5e241fda-e680-4e2b-ba18-cc3fbbdbee69 36b0c00a8e904af6ac46d1e4d432fc01 bd75923a26204044a26a04f015198e04 - - default default] Successfully bumped revision number for resource 6ec83c56-b2b3-4bc9-bc4d-7728f6313df6 (type: security_group_rules) to 0
2026-07-01 08:38:32.508 9 INFO neutron.db.ovn_revision_numbers_db [None req-5e241fda-e680-4e2b-ba18-cc3fbbdbee69 36b0c00a8e904af6ac46d1e4d432fc01 bd75923a26204044a26a04f015198e04 - - default default] Successfully bumped revision number for resource b670d0aa-da19-4c19-a37b-bdcb1ce8d409 (type: security_group_rules) to 0
2026-07-01 08:38:32.516 10 INFO neutron.api.wsgi [None req-d5424093-a787-49d3-95f3-38f9bde23321 36b0c00a8e904af6ac46d1e4d432fc01 bd75923a26204044a26a04f015198e04 - - default default] 10.0.0.26 "GET /v2.0/subnets HTTP/1.1" status: 200 len: 5688 time: 0.0477927
2026-07-01 08:38:32.561 9 INFO neutron.api.wsgi [None req-5e241fda-e680-4e2b-ba18-cc3fbbdbee69 36b0c00a8e904af6ac46d1e4d432fc01 bd75923a26204044a26a04f015198e04 - - default default] 10.0.0.220 "GET /v2.0/security-groups?tenant_id=7b930675f2254919a7e26a07416475e8&name=default HTTP/1.1" status: 200 len: 3120 time: 0.3037906
2026-07-01 08:38:32.577 10 INFO neutron.api.wsgi [None req-63acc4ab-9964-43d6-b3f0-e0fdc16f0745 36b0c00a8e904af6ac46d1e4d432fc01 bd75923a26204044a26a04f015198e04 - - default default] 10.0.0.26 "GET /v2.0/ports HTTP/1.1" status: 200 len: 15154 time: 0.0580466
2026-07-01 08:38:32.797 9 INFO neutron.api.wsgi [None req-33b76a39-b3e4-42bc-be1e-33ddd4b0dab6 36b0c00a8e904af6ac46d1e4d432fc01 bd75923a26204044a26a04f015198e04 - - default default] 10.0.0.220 "DELETE /v2.0/security-groups/d3afaffb-4ae0-47c4-a284-bc307dee95fb HTTP/1.1" status: 204 len: 168 time: 0.2274592
2026-07-01 08:38:32.948 10 WARNING neutron_lib.context [None req-fc609c07-a47e-47c1-986f-008606b64532 e8ce4f157c164d78bd26d5691069aae2 c0a41d0ded1d43c2a906e613b5daa12b - - default default] Method 'is_advsvc' is deprecated since 2023.2 release (neutron-lib 3.8.0) and will be removed once support for the old RBAC API policies will be removed from Neutron. Please use method 'is_service_role' instead.
2026-07-01 08:38:33.085 10 INFO neutron.db.ovn_revision_numbers_db [None req-05fef0d3-4bf8-4679-8a26-f95c8336db60 36b0c00a8e904af6ac46d1e4d432fc01 bd75923a26204044a26a04f015198e04 - - default default] Successfully bumped revision number for resource 38371925-ac4a-4ec3-873f-096ac4dbd0b6 (type: security_groups) to 1
2026-07-01 08:38:33.106 10 INFO neutron.db.ovn_revision_numbers_db [None req-05fef0d3-4bf8-4679-8a26-f95c8336db60 36b0c00a8e904af6ac46d1e4d432fc01 bd75923a26204044a26a04f015198e04 - - default default] Successfully bumped revision number for resource 23a62557-9f87-4d5e-a867-42931ea7e9ba (type: security_group_rules) to 0
2026-07-01 08:38:33.126 10 INFO neutron.db.ovn_revision_numbers_db [None req-05fef0d3-4bf8-4679-8a26-f95c8336db60 36b0c00a8e904af6ac46d1e4d432fc01 bd75923a26204044a26a04f015198e04 - - default default] Successfully bumped revision number for resource 971a0306-b38b-42bf-b12e-ddf39309e12f (type: security_group_rules) to 0
2026-07-01 08:38:33.139 10 INFO neutron.db.ovn_revision_numbers_db [None req-fc609c07-a47e-47c1-986f-008606b64532 e8ce4f157c164d78bd26d5691069aae2 c0a41d0ded1d43c2a906e613b5daa12b - - default default] Successfully bumped revision number for resource 26490795-5f1d-42df-b5ea-24a7289b1793 (type: security_groups) to 1
2026-07-01 08:38:33.140 10 INFO neutron.db.ovn_revision_numbers_db [None req-05fef0d3-4bf8-4679-8a26-f95c8336db60 36b0c00a8e904af6ac46d1e4d432fc01 bd75923a26204044a26a04f015198e04 - - default default] Successfully bumped revision number for resource 9f04579c-d1cc-475c-a236-e97ab14102d8 (type: security_group_rules) to 0
2026-07-01 08:38:33.152 10 INFO neutron.db.ovn_revision_numbers_db [None req-fc609c07-a47e-47c1-986f-008606b64532 e8ce4f157c164d78bd26d5691069aae2 c0a41d0ded1d43c2a906e613b5daa12b - - default default] Successfully bumped revision number for resource c0551ef8-0983-4eab-94d9-3128e26b967d (type: security_group_rules) to 0
2026-07-01 08:38:33.154 10 INFO neutron.db.ovn_revision_numbers_db [None req-05fef0d3-4bf8-4679-8a26-f95c8336db60 36b0c00a8e904af6ac46d1e4d432fc01 bd75923a26204044a26a04f015198e04 - - default default] Successfully bumped revision number for resource fc80117e-0427-432b-986a-724178d215d7 (type: security_group_rules) to 0
2026-07-01 08:38:33.168 10 INFO neutron.db.ovn_revision_numbers_db [None req-fc609c07-a47e-47c1-986f-008606b64532 e8ce4f157c164d78bd26d5691069aae2 c0a41d0ded1d43c2a906e613b5daa12b - - default default] Successfully bumped revision number for resource c7aca24e-5a53-4872-b396-0d198cdbda4b (type: security_group_rules) to 0
2026-07-01 08:38:33.185 10 INFO neutron.db.ovn_revision_numbers_db [None req-fc609c07-a47e-47c1-986f-008606b64532 e8ce4f157c164d78bd26d5691069aae2 c0a41d0ded1d43c2a906e613b5daa12b - - default default] Successfully bumped revision number for resource d94327f7-9478-4ce1-80cb-fee424186dd5 (type: security_group_rules) to 0
2026-07-01 08:38:33.187 10 INFO neutron.api.wsgi [None req-05fef0d3-4bf8-4679-8a26-f95c8336db60 36b0c00a8e904af6ac46d1e4d432fc01 bd75923a26204044a26a04f015198e04 - - default default] 10.0.0.220 "GET /v2.0/security-groups?tenant_id=6a94349947424b0bbcf7d6fa89bbc822&name=default HTTP/1.1" status: 200 len: 3120 time: 0.2861581
2026-07-01 08:38:33.200 10 INFO neutron.db.ovn_revision_numbers_db [None req-fc609c07-a47e-47c1-986f-008606b64532 e8ce4f157c164d78bd26d5691069aae2 c0a41d0ded1d43c2a906e613b5daa12b - - default default] Successfully bumped revision number for resource e6ec33ba-e835-4bb9-9986-d1130d241513 (type: security_group_rules) to 0
2026-07-01 08:38:33.275 10 INFO neutron.db.segments_db [None req-fc609c07-a47e-47c1-986f-008606b64532 e8ce4f157c164d78bd26d5691069aae2 c0a41d0ded1d43c2a906e613b5daa12b - - default default] Added segment c5571bd8-3296-4d38-aba8-e9089ad95e28 of type geneve for network 59b4464a-2848-4bdd-86c7-56a099182930
2026-07-01 08:38:33.404 9 INFO neutron.api.wsgi [None req-83974347-a2df-45b6-9484-5f3c5adae233 36b0c00a8e904af6ac46d1e4d432fc01 bd75923a26204044a26a04f015198e04 - - default default] 10.0.0.220 "DELETE /v2.0/security-groups/38371925-ac4a-4ec3-873f-096ac4dbd0b6 HTTP/1.1" status: 204 len: 168 time: 0.2111835
2026-07-01 08:38:33.412 10 INFO neutron.db.ovn_revision_numbers_db [None req-fc609c07-a47e-47c1-986f-008606b64532 e8ce4f157c164d78bd26d5691069aae2 c0a41d0ded1d43c2a906e613b5daa12b - - default default] Successfully bumped revision number for resource 59b4464a-2848-4bdd-86c7-56a099182930 (type: networks) to 1
2026-07-01 08:38:33.579 10 WARNING neutron.scheduler.dhcp_agent_scheduler [None req-fc609c07-a47e-47c1-986f-008606b64532 e8ce4f157c164d78bd26d5691069aae2 c0a41d0ded1d43c2a906e613b5daa12b - - default default] No more DHCP agents
2026-07-01 08:38:33.581 10 WARNING neutron.api.rpc.agentnotifiers.dhcp_rpc_agent_api [None req-fc609c07-a47e-47c1-986f-008606b64532 e8ce4f157c164d78bd26d5691069aae2 c0a41d0ded1d43c2a906e613b5daa12b - - default default] Unable to schedule network 59b4464a-2848-4bdd-86c7-56a099182930: no agents available; will retry on subsequent port and subnet creation events.
2026-07-01 08:38:33.668 10 INFO neutron.db.ovn_revision_numbers_db [None req-fc609c07-a47e-47c1-986f-008606b64532 e8ce4f157c164d78bd26d5691069aae2 c0a41d0ded1d43c2a906e613b5daa12b - - default default] Successfully bumped revision number for resource 7ede1a4a-dfbe-4d23-920e-a9c677652e84 (type: ports) to 1
2026-07-01 08:38:33.689 10 INFO neutron.api.wsgi [None req-fc609c07-a47e-47c1-986f-008606b64532 e8ce4f157c164d78bd26d5691069aae2 c0a41d0ded1d43c2a906e613b5daa12b - - default default] 10.0.0.220 "POST /v2.0/networks HTTP/1.1" status: 201 len: 831 time: 1.0404482
2026-07-01 08:38:33.763 10 INFO neutron.api.wsgi [None req-67cb7963-50f2-4087-ab75-1499a8dd3541 e8ce4f157c164d78bd26d5691069aae2 c0a41d0ded1d43c2a906e613b5daa12b - - default default] 10.0.0.220 "PUT /v2.0/networks/59b4464a-2848-4bdd-86c7-56a099182930/tags HTTP/1.1" status: 200 len: 218 time: 0.0670631
2026-07-01 08:38:33.795 10 INFO neutron.api.wsgi [None req-9e55d445-ac19-4c2b-833a-a1ffbce063f0 e8ce4f157c164d78bd26d5691069aae2 c0a41d0ded1d43c2a906e613b5daa12b - - default default] 10.0.0.220 "GET /v2.0/networks/59b4464a-2848-4bdd-86c7-56a099182930/tags HTTP/1.1" status: 200 len: 218 time: 0.0261471
2026-07-01 08:38:33.851 10 INFO neutron.api.wsgi [None req-42259f1a-5d46-425a-b934-c8b54dc2cfb7 e8ce4f157c164d78bd26d5691069aae2 c0a41d0ded1d43c2a906e613b5daa12b - - default default] 10.0.0.220 "PUT /v2.0/networks/59b4464a-2848-4bdd-86c7-56a099182930/tags/green HTTP/1.1" status: 201 len: 201 time: 0.0525434
2026-07-01 08:38:33.887 10 INFO neutron.api.wsgi [None req-d976736b-a449-4942-98d9-23b037ade004 e8ce4f157c164d78bd26d5691069aae2 c0a41d0ded1d43c2a906e613b5daa12b - - default default] 10.0.0.220 "GET /v2.0/networks/59b4464a-2848-4bdd-86c7-56a099182930/tags HTTP/1.1" status: 200 len: 227 time: 0.0309532
2026-07-01 08:38:33.925 10 INFO neutron.api.wsgi [None req-f54d9af2-c0d9-45f3-838c-872177503dc5 e8ce4f157c164d78bd26d5691069aae2 c0a41d0ded1d43c2a906e613b5daa12b - - default default] 10.0.0.220 "PUT /v2.0/networks/59b4464a-2848-4bdd-86c7-56a099182930/tags/red HTTP/1.1" status: 201 len: 201 time: 0.0321953
2026-07-01 08:38:33.972 10 INFO neutron.api.wsgi [None req-b15d0281-84ab-4590-8d22-205b7fd1bed1 e8ce4f157c164d78bd26d5691069aae2 c0a41d0ded1d43c2a906e613b5daa12b - - default default] 10.0.0.220 "GET /v2.0/networks/59b4464a-2848-4bdd-86c7-56a099182930/tags HTTP/1.1" status: 200 len: 227 time: 0.0349061
2026-07-01 08:38:34.046 9 INFO neutron.api.wsgi [None req-4356edbd-8206-4f9b-93f0-2fe7e7968918 e8ce4f157c164d78bd26d5691069aae2 c0a41d0ded1d43c2a906e613b5daa12b - - default default] 10.0.0.220 "PUT /v2.0/networks/59b4464a-2848-4bdd-86c7-56a099182930/tags/black.or.white HTTP/1.1" status: 201 len: 201 time: 0.0680053
2026-07-01 08:38:34.084 9 INFO neutron.api.wsgi [None req-68c883b0-349d-439f-8b31-db8cc389fa7f e8ce4f157c164d78bd26d5691069aae2 c0a41d0ded1d43c2a906e613b5daa12b - - default default] 10.0.0.220 "GET /v2.0/networks/59b4464a-2848-4bdd-86c7-56a099182930/tags HTTP/1.1" status: 200 len: 245 time: 0.0323448
2026-07-01 08:38:34.133 9 INFO neutron.api.wsgi [None req-07e4574f-f745-4e6e-8935-71ed23bb16b2 e8ce4f157c164d78bd26d5691069aae2 c0a41d0ded1d43c2a906e613b5daa12b - - default default] 10.0.0.220 "PUT /v2.0/networks/59b4464a-2848-4bdd-86c7-56a099182930/tags HTTP/1.1" status: 200 len: 230 time: 0.0437968
2026-07-01 08:38:34.173 9 INFO neutron.api.wsgi [None req-48351cd9-bd16-4bfb-900f-ce445e80a654 e8ce4f157c164d78bd26d5691069aae2 c0a41d0ded1d43c2a906e613b5daa12b - - default default] 10.0.0.220 "GET /v2.0/networks/59b4464a-2848-4bdd-86c7-56a099182930/tags HTTP/1.1" status: 200 len: 230 time: 0.0359361
2026-07-01 08:38:34.220 10 INFO neutron.api.wsgi [None req-b6f21007-e039-422b-ac5f-ad29aa96777a e8ce4f157c164d78bd26d5691069aae2 c0a41d0ded1d43c2a906e613b5daa12b - - default default] 10.0.0.220 "GET /v2.0/networks/59b4464a-2848-4bdd-86c7-56a099182930/tags/red HTTP/1.1" status: 204 len: 168 time: 0.0403969
2026-07-01 08:38:34.249 10 INFO neutron.api.v2.resource [None req-aa9654f1-d2c9-4f1c-a28b-49cac6c22c34 e8ce4f157c164d78bd26d5691069aae2 c0a41d0ded1d43c2a906e613b5daa12b - - default default] show failed (client error): The resource could not be found.
2026-07-01 08:38:34.250 10 INFO neutron.api.wsgi [None req-aa9654f1-d2c9-4f1c-a28b-49cac6c22c34 e8ce4f157c164d78bd26d5691069aae2 c0a41d0ded1d43c2a906e613b5daa12b - - default default] 10.0.0.220 "GET /v2.0/networks/59b4464a-2848-4bdd-86c7-56a099182930/tags/green HTTP/1.1" status: 404 len: 299 time: 0.0239108
2026-07-01 08:38:34.288 10 INFO neutron.api.wsgi [None req-7551889d-ae26-4a66-b607-a5c9a5eb818d e8ce4f157c164d78bd26d5691069aae2 c0a41d0ded1d43c2a906e613b5daa12b - - default default] 10.0.0.220 "DELETE /v2.0/networks/59b4464a-2848-4bdd-86c7-56a099182930/tags/red HTTP/1.1" status: 204 len: 168 time: 0.0333526
2026-07-01 08:38:34.338 10 INFO neutron.api.wsgi [None req-92f87a1a-ce6c-4bc4-aa86-b3ce6bbf5ecf e8ce4f157c164d78bd26d5691069aae2 c0a41d0ded1d43c2a906e613b5daa12b - - default default] 10.0.0.220 "GET /v2.0/networks/59b4464a-2848-4bdd-86c7-56a099182930/tags HTTP/1.1" status: 200 len: 223 time: 0.0437407
2026-07-01 08:38:34.372 10 INFO neutron.api.v2.resource [None req-0c5aabfe-9f16-4ffe-8945-9a76c67a9fd3 e8ce4f157c164d78bd26d5691069aae2 c0a41d0ded1d43c2a906e613b5daa12b - - default default] delete failed (client error): The resource could not be found.
2026-07-01 08:38:34.374 10 INFO neutron.api.wsgi [None req-0c5aabfe-9f16-4ffe-8945-9a76c67a9fd3 e8ce4f157c164d78bd26d5691069aae2 c0a41d0ded1d43c2a906e613b5daa12b - - default default] 10.0.0.220 "DELETE /v2.0/networks/59b4464a-2848-4bdd-86c7-56a099182930/tags/green HTTP/1.1" status: 404 len: 299 time: 0.0277493
2026-07-01 08:38:34.416 10 INFO neutron.api.wsgi [None req-70f07d4d-f07c-4ec0-a882-1425c1470bc0 e8ce4f157c164d78bd26d5691069aae2 c0a41d0ded1d43c2a906e613b5daa12b - - default default] 10.0.0.220 "DELETE /v2.0/networks/59b4464a-2848-4bdd-86c7-56a099182930/tags HTTP/1.1" status: 204 len: 168 time: 0.0358868
2026-07-01 08:38:34.443 10 INFO neutron.api.wsgi [None req-5b61112e-06a9-4b16-aa74-2a6148ca5413 e8ce4f157c164d78bd26d5691069aae2 c0a41d0ded1d43c2a906e613b5daa12b - - default default] 10.0.0.220 "GET /v2.0/networks/59b4464a-2848-4bdd-86c7-56a099182930/tags HTTP/1.1" status: 200 len: 205 time: 0.0239940
2026-07-01 08:38:34.726 10 INFO neutron.services.segments.plugin [-] Segment c5571bd8-3296-4d38-aba8-e9089ad95e28 resource provider aggregate not found
2026-07-01 08:38:34.737 10 INFO neutron.services.segments.plugin [-] Segment c5571bd8-3296-4d38-aba8-e9089ad95e28 resource provider aggregate not found
2026-07-01 08:38:34.745 10 INFO neutron.services.segments.plugin [-] Segment c5571bd8-3296-4d38-aba8-e9089ad95e28 resource provider not found; error: Placement Client Error (4xx): {"errors": [{"status": 404, "title": "Not Found", "detail": "The resource could not be found.\n\n No resource provider with uuid c5571bd8-3296-4d38-aba8-e9089ad95e28 found for delete ", "request_id": "req-b49d2d9f-f02f-4e6f-98a0-756f30b5e90d"}]}
2026-07-01 08:38:34.752 10 INFO neutron.api.wsgi [None req-ee293fbb-1321-485a-9192-9e34cb9567e4 e8ce4f157c164d78bd26d5691069aae2 c0a41d0ded1d43c2a906e613b5daa12b - - default default] 10.0.0.220 "DELETE /v2.0/networks/59b4464a-2848-4bdd-86c7-56a099182930 HTTP/1.1" status: 204 len: 168 time: 0.2985630
2026-07-01 08:38:34.754 10 INFO neutron.services.segments.plugin [-] Segment c5571bd8-3296-4d38-aba8-e9089ad95e28 resource provider not found; error: Placement Client Error (4xx): {"errors": [{"status": 404, "title": "Not Found", "detail": "The resource could not be found.\n\n No resource provider with uuid c5571bd8-3296-4d38-aba8-e9089ad95e28 found for delete ", "request_id": "req-a7308228-f3b7-42fe-a64c-a41ed34b3975"}]}
2026-07-01 08:38:35.850 10 INFO neutron.db.ovn_revision_numbers_db [None req-06bcb6ee-4730-4259-b69f-5d60083b41ee 36b0c00a8e904af6ac46d1e4d432fc01 bd75923a26204044a26a04f015198e04 - - default default] Successfully bumped revision number for resource c41617e4-1330-496d-a65e-97a75df9e6d1 (type: security_groups) to 1
2026-07-01 08:38:35.863 10 INFO neutron.db.ovn_revision_numbers_db [None req-06bcb6ee-4730-4259-b69f-5d60083b41ee 36b0c00a8e904af6ac46d1e4d432fc01 bd75923a26204044a26a04f015198e04 - - default default] Successfully bumped revision number for resource 5d928983-b35a-4554-b312-e488abc7eea3 (type: security_group_rules) to 0
2026-07-01 08:38:35.875 10 INFO neutron.db.ovn_revision_numbers_db [None req-06bcb6ee-4730-4259-b69f-5d60083b41ee 36b0c00a8e904af6ac46d1e4d432fc01 bd75923a26204044a26a04f015198e04 - - default default] Successfully bumped revision number for resource 9b908f3f-e402-4c1c-9a4b-4f3bd39ba6eb (type: security_group_rules) to 0
2026-07-01 08:38:35.887 10 INFO neutron.db.ovn_revision_numbers_db [None req-06bcb6ee-4730-4259-b69f-5d60083b41ee 36b0c00a8e904af6ac46d1e4d432fc01 bd75923a26204044a26a04f015198e04 - - default default] Successfully bumped revision number for resource f15d73b9-38ab-49ca-9136-0d2ab23877d6 (type: security_group_rules) to 0
2026-07-01 08:38:35.901 10 INFO neutron.db.ovn_revision_numbers_db [None req-06bcb6ee-4730-4259-b69f-5d60083b41ee 36b0c00a8e904af6ac46d1e4d432fc01 bd75923a26204044a26a04f015198e04 - - default default] Successfully bumped revision number for resource f691f0bd-45ea-419d-862e-7232fba6dedf (type: security_group_rules) to 0
2026-07-01 08:38:35.934 10 INFO neutron.api.wsgi [None req-06bcb6ee-4730-4259-b69f-5d60083b41ee 36b0c00a8e904af6ac46d1e4d432fc01 bd75923a26204044a26a04f015198e04 - - default default] 10.0.0.220 "GET /v2.0/security-groups?tenant_id=8d217989abd24ac48e068f870570b0d4&name=default HTTP/1.1" status: 200 len: 3120 time: 0.3962121
2026-07-01 08:38:36.136 10 INFO neutron.api.wsgi [None req-bbd67998-53be-48ab-9308-5c4ecc98eee7 36b0c00a8e904af6ac46d1e4d432fc01 bd75923a26204044a26a04f015198e04 - - default default] 10.0.0.220 "DELETE /v2.0/security-groups/c41617e4-1330-496d-a65e-97a75df9e6d1 HTTP/1.1" status: 204 len: 168 time: 0.1980960
2026-07-01 08:38:36.255 9 INFO neutron.api.wsgi [None req-f7102879-0f0e-4f15-98a1-2a9218aba1da 36b0c00a8e904af6ac46d1e4d432fc01 bd75923a26204044a26a04f015198e04 - - default default] 10.0.0.220 "GET /v2.0/security-groups?tenant_id=c0a41d0ded1d43c2a906e613b5daa12b&name=default HTTP/1.1" status: 200 len: 3120 time: 0.0314276
2026-07-01 08:38:36.387 9 INFO neutron.api.wsgi [req-e3d7e93f-12aa-4c90-94d9-f2bb0fd14c4f req-c5d674de-52a7-477b-9414-4c2fd78b5edc 5b49f1f2e46b46c891783c359539ad0d 2ca7dda5b14c457e928cb43e55394ac7 - - default default] 199.204.45.74 "GET /v2.0/networks?id=07351106-4855-49c3-be75-c8364ffcc59a HTTP/1.1" status: 200 len: 904 time: 0.0596123
2026-07-01 08:38:36.387 10 INFO neutron.api.wsgi [-] 10.0.0.21 "GET / HTTP/1.1" status: 200 len: 247 time: 0.0021374
