2026-07-01 08:32:34.372 10 INFO neutron.api.wsgi [None req-ee5539e4-689f-418e-8c91-f39b0e6757b9 36b0c00a8e904af6ac46d1e4d432fc01 bd75923a26204044a26a04f015198e04 - - default default] 199.204.45.74,10.0.0.21 "GET /v2.0/security-group-rules/df58c4f9-f3b6-437b-a94d-635488941e0f HTTP/1.1" status: 200 len: 772 time: 0.0137658
2026-07-01 08:32:35.376 10 INFO neutron.api.wsgi [None req-0a9d6db7-5d8e-4246-88a4-8e62c5d353f3 36b0c00a8e904af6ac46d1e4d432fc01 bd75923a26204044a26a04f015198e04 - - default default] 199.204.45.74,10.0.0.21 "GET /v2.0/security-groups/8dbd34c0-2a2a-4fa7-a109-c514397f42b8?project_id=f9fb9a9f9cb94349b2b09b518b11bb22 HTTP/1.1" status: 200 len: 4251 time: 0.0568316
2026-07-01 08:32:35.411 10 INFO neutron.api.wsgi [None req-528cce6d-a2eb-4978-9f56-aa46c30add52 36b0c00a8e904af6ac46d1e4d432fc01 bd75923a26204044a26a04f015198e04 - - default default] 199.204.45.74,10.0.0.21 "GET /v2.0/security-groups/8dbd34c0-2a2a-4fa7-a109-c514397f42b8 HTTP/1.1" status: 200 len: 4251 time: 0.0291154
2026-07-01 08:32:35.432 10 INFO neutron.api.wsgi [None req-4cdbffec-9ca3-4f14-bd5f-100a025dedca 36b0c00a8e904af6ac46d1e4d432fc01 bd75923a26204044a26a04f015198e04 - - default default] 199.204.45.74,10.0.0.21 "GET /v2.0/security-group-rules/ebd4b245-c5d9-4c4b-84ad-5eb26337e55e HTTP/1.1" status: 200 len: 774 time: 0.0140231
2026-07-01 08:32:36.373 10 INFO neutron.api.wsgi [None req-570f42b1-a126-441b-8d7c-004b89e51952 36b0c00a8e904af6ac46d1e4d432fc01 bd75923a26204044a26a04f015198e04 - - default default] 199.204.45.74,10.0.0.21 "GET /v2.0/security-groups/8dbd34c0-2a2a-4fa7-a109-c514397f42b8?project_id=f9fb9a9f9cb94349b2b09b518b11bb22 HTTP/1.1" status: 200 len: 4251 time: 0.0490403
2026-07-01 08:32:36.386 10 INFO neutron.api.wsgi [-] 10.0.0.21 "GET / HTTP/1.1" status: 200 len: 247 time: 0.0017276
2026-07-01 08:32:36.389 9 INFO neutron.api.wsgi [-] 10.0.0.21 "GET / HTTP/1.1" status: 200 len: 247 time: 0.0029340
2026-07-01 08:32:36.417 10 INFO neutron.api.wsgi [None req-17ac9c47-f664-43f9-8779-2a5d15bc79e2 36b0c00a8e904af6ac46d1e4d432fc01 bd75923a26204044a26a04f015198e04 - - default default] 199.204.45.74,10.0.0.21 "GET /v2.0/security-groups/8dbd34c0-2a2a-4fa7-a109-c514397f42b8 HTTP/1.1" status: 200 len: 4251 time: 0.0371869
2026-07-01 08:32:36.438 10 INFO neutron.api.wsgi [None req-e26349c0-e617-42e7-bfe4-3afecd3ffc13 36b0c00a8e904af6ac46d1e4d432fc01 bd75923a26204044a26a04f015198e04 - - default default] 199.204.45.74,10.0.0.21 "GET /v2.0/security-group-rules/2ed348ab-342f-4ee1-a55a-2ed940fb3b22 HTTP/1.1" status: 200 len: 776 time: 0.0147281
2026-07-01 08:32:37.551 10 INFO neutron.api.wsgi [None req-5d42b2d8-d969-4fe0-b99f-0f30b8855e32 36b0c00a8e904af6ac46d1e4d432fc01 bd75923a26204044a26a04f015198e04 - - default default] 199.204.45.74,10.0.0.21 "GET /v2.0/security-groups/8dbd34c0-2a2a-4fa7-a109-c514397f42b8?project_id=f9fb9a9f9cb94349b2b09b518b11bb22 HTTP/1.1" status: 200 len: 4251 time: 0.0575838
2026-07-01 08:32:37.588 10 INFO neutron.api.wsgi [None req-d3698be8-fc36-4e7b-9d13-22cc5f37fb8b 36b0c00a8e904af6ac46d1e4d432fc01 bd75923a26204044a26a04f015198e04 - - default default] 199.204.45.74,10.0.0.21 "GET /v2.0/security-groups/8dbd34c0-2a2a-4fa7-a109-c514397f42b8 HTTP/1.1" status: 200 len: 4251 time: 0.0280087
2026-07-01 08:32:37.610 10 INFO neutron.api.wsgi [None req-4875c02c-72c6-4f80-b6d6-96db9d6bf3d8 36b0c00a8e904af6ac46d1e4d432fc01 bd75923a26204044a26a04f015198e04 - - default default] 199.204.45.74,10.0.0.21 "GET /v2.0/security-group-rules/7e8ff493-09db-4585-85f4-e7bfc9e6ef0c HTTP/1.1" status: 200 len: 777 time: 0.0146232
2026-07-01 08:32:45.206 10 INFO neutron.api.wsgi [None req-683beaa8-d745-42fc-8181-4c345c0ca668 36b0c00a8e904af6ac46d1e4d432fc01 bd75923a26204044a26a04f015198e04 - - default default] 199.204.45.74,10.0.0.21 "GET /v2.0/quotas/f9fb9a9f9cb94349b2b09b518b11bb22 HTTP/1.1" status: 200 len: 466 time: 0.0111563
2026-07-01 08:32:51.387 10 INFO neutron.api.wsgi [-] 10.0.0.21 "GET / HTTP/1.1" status: 200 len: 247 time: 0.0018332
2026-07-01 08:32:51.389 10 INFO neutron.api.wsgi [-] 10.0.0.21 "GET / HTTP/1.1" status: 200 len: 247 time: 0.0011859
2026-07-01 08:33:06.388 10 INFO neutron.api.wsgi [-] 10.0.0.21 "GET / HTTP/1.1" status: 200 len: 247 time: 0.0025728
2026-07-01 08:33:06.388 9 INFO neutron.api.wsgi [-] 10.0.0.21 "GET / HTTP/1.1" status: 200 len: 247 time: 0.0024302
2026-07-01 08:33:21.387 10 INFO neutron.api.wsgi [-] 10.0.0.21 "GET / HTTP/1.1" status: 200 len: 247 time: 0.0015340
2026-07-01 08:33:21.388 10 INFO neutron.api.wsgi [-] 10.0.0.21 "GET / HTTP/1.1" status: 200 len: 247 time: 0.0009093
2026-07-01 08:33:31.781 10 INFO neutron.api.wsgi [None req-c891da2b-0f75-4b1b-9f5a-19cf1d11c29d 36b0c00a8e904af6ac46d1e4d432fc01 bd75923a26204044a26a04f015198e04 - - default default] 10.0.0.26 "GET /v2.0/networks HTTP/1.1" status: 200 len: 2350 time: 0.1086483
2026-07-01 08:33:31.797 10 INFO neutron.api.wsgi [None req-dbc830df-da35-46d9-a5a0-7c43005467c7 36b0c00a8e904af6ac46d1e4d432fc01 bd75923a26204044a26a04f015198e04 - - default default] 10.0.0.26 "GET /v2.0/routers HTTP/1.1" status: 200 len: 189 time: 0.0139108
2026-07-01 08:33:31.827 10 INFO neutron.api.wsgi [None req-10b9d918-6e6f-4a48-bcdc-547ecbe536ac 36b0c00a8e904af6ac46d1e4d432fc01 bd75923a26204044a26a04f015198e04 - - default default] 10.0.0.26 "GET /v2.0/agents?binary=ovn-controller HTTP/1.1" status: 200 len: 591 time: 0.0291166
2026-07-01 08:33:31.837 10 INFO neutron.api.wsgi [None req-38f71c6c-1b0a-4ccf-88c7-b96c38a081fc 36b0c00a8e904af6ac46d1e4d432fc01 bd75923a26204044a26a04f015198e04 - - default default] 10.0.0.26 "GET /v2.0/agents HTTP/1.1" status: 200 len: 1390 time: 0.0085282
2026-07-01 08:33:31.858 10 INFO neutron.api.wsgi [None req-8681205d-b5a9-4c00-b3ab-7f260c6f7209 36b0c00a8e904af6ac46d1e4d432fc01 bd75923a26204044a26a04f015198e04 - - default default] 10.0.0.26 "GET /v2.0/subnets HTTP/1.1" status: 200 len: 1484 time: 0.0206945
2026-07-01 08:33:31.869 10 INFO neutron.api.wsgi [None req-d5d10d7f-0b3f-437a-a000-cab2c43b34ed 36b0c00a8e904af6ac46d1e4d432fc01 bd75923a26204044a26a04f015198e04 - - default default] 10.0.0.26 "GET /v2.0/network-ip-availabilities HTTP/1.1" status: 200 len: 1280 time: 0.0097980
2026-07-01 08:33:31.909 10 INFO neutron.api.wsgi [None req-1bcc29be-6d53-4426-995e-3c172e8c37c6 36b0c00a8e904af6ac46d1e4d432fc01 bd75923a26204044a26a04f015198e04 - - default default] 10.0.0.26 "GET /v2.0/security-groups HTTP/1.1" status: 200 len: 17570 time: 0.0387444
2026-07-01 08:33:31.954 10 INFO neutron.api.wsgi [None req-b89ad757-63ca-48a8-b264-b6e489105d1f 36b0c00a8e904af6ac46d1e4d432fc01 bd75923a26204044a26a04f015198e04 - - default default] 10.0.0.26 "GET /v2.0/ports HTTP/1.1" status: 200 len: 5343 time: 0.0392566
2026-07-01 08:33:31.989 10 INFO neutron.api.wsgi [None req-d41adf97-9fa4-49dd-afb8-4dcf23b92dca 36b0c00a8e904af6ac46d1e4d432fc01 bd75923a26204044a26a04f015198e04 - - default default] 10.0.0.26 "GET /v2.0/subnets HTTP/1.1" status: 200 len: 1484 time: 0.0307336
2026-07-01 08:33:31.997 10 INFO neutron.api.wsgi [None req-777167ca-c071-4f4e-971b-b03e60769b45 36b0c00a8e904af6ac46d1e4d432fc01 bd75923a26204044a26a04f015198e04 - - default default] 10.0.0.26 "GET /v2.0/subnetpools HTTP/1.1" status: 200 len: 193 time: 0.0067644
2026-07-01 08:33:32.015 10 INFO neutron.api.wsgi [None req-f6f50d5b-87f2-4650-ad70-ff0defc66e0e 36b0c00a8e904af6ac46d1e4d432fc01 bd75923a26204044a26a04f015198e04 - - default default] 10.0.0.26 "GET /v2.0/floatingips HTTP/1.1" status: 200 len: 193 time: 0.0147998
2026-07-01 08:33:36.388 10 INFO neutron.api.wsgi [-] 10.0.0.21 "GET / HTTP/1.1" status: 200 len: 247 time: 0.0017524
2026-07-01 08:33:36.389 9 INFO neutron.api.wsgi [-] 10.0.0.21 "GET / HTTP/1.1" status: 200 len: 247 time: 0.0027392
2026-07-01 08:33:41.494 10 INFO neutron.api.wsgi [None req-4acacb2d-edd5-4778-8a1f-1f393e2478c6 36b0c00a8e904af6ac46d1e4d432fc01 bd75923a26204044a26a04f015198e04 - - default default] 199.204.45.74,10.0.0.21 "GET /v2.0/networks?name=public HTTP/1.1" status: 200 len: 928 time: 0.0787926
2026-07-01 08:33:51.388 9 INFO neutron.api.wsgi [-] 10.0.0.21 "GET / HTTP/1.1" status: 200 len: 247 time: 0.0024192
2026-07-01 08:33:51.391 9 INFO neutron.api.wsgi [-] 10.0.0.21 "GET / HTTP/1.1" status: 200 len: 247 time: 0.0018828
2026-07-01 08:34:06.388 10 INFO neutron.api.wsgi [-] 10.0.0.21 "GET / HTTP/1.1" status: 200 len: 247 time: 0.0019720
2026-07-01 08:34:06.389 9 INFO neutron.api.wsgi [-] 10.0.0.21 "GET / HTTP/1.1" status: 200 len: 247 time: 0.0033364
2026-07-01 08:34:21.387 9 INFO neutron.api.wsgi [-] 10.0.0.21 "GET / HTTP/1.1" status: 200 len: 247 time: 0.0016270
2026-07-01 08:34:21.388 10 INFO neutron.api.wsgi [-] 10.0.0.21 "GET / HTTP/1.1" status: 200 len: 247 time: 0.0029368
2026-07-01 08:34:21.926 10 INFO neutron.api.wsgi [None req-c282bb7e-44bb-4dd9-9c62-1a8af5efc451 36b0c00a8e904af6ac46d1e4d432fc01 bd75923a26204044a26a04f015198e04 - - default default] 10.0.0.220 "GET /v2.0/networks HTTP/1.1" status: 200 len: 2369 time: 0.1482050
2026-07-01 08:34:23.061 9 INFO neutron.api.wsgi [None req-c52169d9-dc54-4814-996c-f464c04b9f2d 36b0c00a8e904af6ac46d1e4d432fc01 bd75923a26204044a26a04f015198e04 - - default default] 10.0.0.220 "GET /v2.0/floatingips HTTP/1.1" status: 200 len: 212 time: 0.0418651
2026-07-01 08:34:23.119 9 INFO neutron.api.wsgi [None req-ce94d21a-f8b4-44bb-a3f0-787a2b59eae5 36b0c00a8e904af6ac46d1e4d432fc01 bd75923a26204044a26a04f015198e04 - - default default] 10.0.0.220 "GET /v2.0/routers HTTP/1.1" status: 200 len: 208 time: 0.0522027
2026-07-01 08:34:23.191 9 INFO neutron.api.wsgi [None req-3a249195-2d57-4d55-91bf-cc7ba77857b6 36b0c00a8e904af6ac46d1e4d432fc01 bd75923a26204044a26a04f015198e04 - - default default] 10.0.0.220 "GET /v2.0/ports HTTP/1.1" status: 200 len: 5362 time: 0.0661485
2026-07-01 08:34:23.241 9 INFO neutron.api.wsgi [None req-25aa138a-3a88-467e-a260-2371a8d660d0 36b0c00a8e904af6ac46d1e4d432fc01 bd75923a26204044a26a04f015198e04 - - default default] 10.0.0.220 "GET /v2.0/subnets HTTP/1.1" status: 200 len: 1503 time: 0.0436621
2026-07-01 08:34:23.287 9 INFO neutron.api.wsgi [None req-2debd15b-643c-4ef9-a7f5-f9206ca09c4e 36b0c00a8e904af6ac46d1e4d432fc01 bd75923a26204044a26a04f015198e04 - - default default] 10.0.0.220 "GET /v2.0/networks HTTP/1.1" status: 200 len: 2369 time: 0.0416639
2026-07-01 08:34:23.322 9 INFO neutron.api.wsgi [None req-d757a5e7-cfc0-4df5-a7f9-cdf598059cbf 36b0c00a8e904af6ac46d1e4d432fc01 bd75923a26204044a26a04f015198e04 - - default default] 10.0.0.220 "GET /v2.0/security-groups HTTP/1.1" status: 200 len: 17589 time: 0.0304902
2026-07-01 08:34:23.333 9 INFO neutron.api.wsgi [None req-ff2aeb74-1ec8-46d8-bbe4-e0c4889f384f 36b0c00a8e904af6ac46d1e4d432fc01 bd75923a26204044a26a04f015198e04 - - default default] 10.0.0.220 "GET /v2.0/subnetpools HTTP/1.1" status: 200 len: 212 time: 0.0064533
2026-07-01 08:34:31.779 10 INFO neutron.api.wsgi [None req-4a5073cc-dc48-4ec0-8675-66f7a554312a 36b0c00a8e904af6ac46d1e4d432fc01 bd75923a26204044a26a04f015198e04 - - default default] 10.0.0.26 "GET /v2.0/floatingips HTTP/1.1" status: 200 len: 193 time: 0.0822721
2026-07-01 08:34:31.820 10 INFO neutron.api.wsgi [None req-c36cd338-c273-4e1f-9a24-e47bdb582995 36b0c00a8e904af6ac46d1e4d432fc01 bd75923a26204044a26a04f015198e04 - - default default] 10.0.0.26 "GET /v2.0/security-groups HTTP/1.1" status: 200 len: 17570 time: 0.0398772
2026-07-01 08:34:31.860 10 INFO neutron.api.wsgi [None req-3a93f3b4-7c19-4cf2-acf7-d16cba99ab0f 36b0c00a8e904af6ac46d1e4d432fc01 bd75923a26204044a26a04f015198e04 - - default default] 10.0.0.26 "GET /v2.0/agents HTTP/1.1" status: 200 len: 1390 time: 0.0330517
2026-07-01 08:34:31.902 10 INFO neutron.api.wsgi [None req-d91f3c90-91f2-4e43-847c-0ab39fc54957 36b0c00a8e904af6ac46d1e4d432fc01 bd75923a26204044a26a04f015198e04 - - default default] 10.0.0.26 "GET /v2.0/networks HTTP/1.1" status: 200 len: 2350 time: 0.0413280
2026-07-01 08:34:31.934 10 INFO neutron.api.wsgi [None req-ce067bea-3771-4a36-ac68-7a0cc3d2c284 36b0c00a8e904af6ac46d1e4d432fc01 bd75923a26204044a26a04f015198e04 - - default default] 10.0.0.26 "GET /v2.0/subnets HTTP/1.1" status: 200 len: 1484 time: 0.0289197
2026-07-01 08:34:31.945 10 INFO neutron.api.wsgi [None req-f6b89b23-e0d8-4689-ad8c-6781dfe48c05 36b0c00a8e904af6ac46d1e4d432fc01 bd75923a26204044a26a04f015198e04 - - default default] 10.0.0.26 "GET /v2.0/network-ip-availabilities HTTP/1.1" status: 200 len: 1280 time: 0.0105734
2026-07-01 08:34:31.960 10 INFO neutron.api.wsgi [None req-9a847593-2cd1-4416-8be3-62695de2b2e1 36b0c00a8e904af6ac46d1e4d432fc01 bd75923a26204044a26a04f015198e04 - - default default] 10.0.0.26 "GET /v2.0/routers HTTP/1.1" status: 200 len: 189 time: 0.0138075
2026-07-01 08:34:31.972 10 INFO neutron.api.wsgi [None req-99b09185-200f-47b7-b5ec-c0edcc83032d 36b0c00a8e904af6ac46d1e4d432fc01 bd75923a26204044a26a04f015198e04 - - default default] 10.0.0.26 "GET /v2.0/agents?binary=ovn-controller HTTP/1.1" status: 200 len: 591 time: 0.0115781
2026-07-01 08:34:32.010 10 INFO neutron.api.wsgi [None req-06168c99-c74e-45c0-9230-b57a3a934c8b 36b0c00a8e904af6ac46d1e4d432fc01 bd75923a26204044a26a04f015198e04 - - default default] 10.0.0.26 "GET /v2.0/subnets HTTP/1.1" status: 200 len: 1484 time: 0.0364723
2026-07-01 08:34:32.033 10 INFO neutron.api.wsgi [None req-f3e2a8bd-b0fe-4e8a-97f9-edf3077bd544 36b0c00a8e904af6ac46d1e4d432fc01 bd75923a26204044a26a04f015198e04 - - default default] 10.0.0.26 "GET /v2.0/subnetpools HTTP/1.1" status: 200 len: 193 time: 0.0201085
2026-07-01 08:34:32.087 10 INFO neutron.api.wsgi [None req-bd090019-145a-4b0e-9e7b-3a2b7282a09a 36b0c00a8e904af6ac46d1e4d432fc01 bd75923a26204044a26a04f015198e04 - - default default] 10.0.0.26 "GET /v2.0/ports HTTP/1.1" status: 200 len: 5343 time: 0.0526073
2026-07-01 08:34:34.802 10 INFO neutron.db.ovn_revision_numbers_db [None req-5b466b5f-a927-4eac-b41e-900fbf547c46 36b0c00a8e904af6ac46d1e4d432fc01 bd75923a26204044a26a04f015198e04 - - default default] Successfully bumped revision number for resource 928cc362-9078-4859-bbbf-69f12feb064e (type: security_groups) to 1
2026-07-01 08:34:34.813 10 INFO neutron.db.ovn_revision_numbers_db [None req-5b466b5f-a927-4eac-b41e-900fbf547c46 36b0c00a8e904af6ac46d1e4d432fc01 bd75923a26204044a26a04f015198e04 - - default default] Successfully bumped revision number for resource 2d71ef39-2be2-4f36-af80-6587646e3c07 (type: security_group_rules) to 0
2026-07-01 08:34:34.826 10 INFO neutron.db.ovn_revision_numbers_db [None req-5b466b5f-a927-4eac-b41e-900fbf547c46 36b0c00a8e904af6ac46d1e4d432fc01 bd75923a26204044a26a04f015198e04 - - default default] Successfully bumped revision number for resource 883e6cab-d5ed-4d5c-8c05-cfc78905c557 (type: security_group_rules) to 0
2026-07-01 08:34:34.838 10 INFO neutron.db.ovn_revision_numbers_db [None req-5b466b5f-a927-4eac-b41e-900fbf547c46 36b0c00a8e904af6ac46d1e4d432fc01 bd75923a26204044a26a04f015198e04 - - default default] Successfully bumped revision number for resource 92bcf613-42cb-4650-aafd-24129e5b2a07 (type: security_group_rules) to 0
2026-07-01 08:34:34.851 10 INFO neutron.db.ovn_revision_numbers_db [None req-5b466b5f-a927-4eac-b41e-900fbf547c46 36b0c00a8e904af6ac46d1e4d432fc01 bd75923a26204044a26a04f015198e04 - - default default] Successfully bumped revision number for resource ed3a01a7-d735-4c59-b6f3-f3232ff9aac5 (type: security_group_rules) to 0
2026-07-01 08:34:34.941 10 INFO neutron.db.segments_db [None req-5b466b5f-a927-4eac-b41e-900fbf547c46 36b0c00a8e904af6ac46d1e4d432fc01 bd75923a26204044a26a04f015198e04 - - default default] Added segment 789b5feb-2697-41c9-931c-49f06ef246a3 of type geneve for network 5f1e7121-0b4f-41cd-a4bd-fa0abcc4f4df
2026-07-01 08:34:35.070 10 INFO neutron.db.ovn_revision_numbers_db [None req-5b466b5f-a927-4eac-b41e-900fbf547c46 36b0c00a8e904af6ac46d1e4d432fc01 bd75923a26204044a26a04f015198e04 - - default default] Successfully bumped revision number for resource 5f1e7121-0b4f-41cd-a4bd-fa0abcc4f4df (type: networks) to 1
2026-07-01 08:34:35.202 9 INFO neutron.db.ovn_revision_numbers_db [None req-9448172c-4d41-4fe1-b253-823fa0d13663 36b0c00a8e904af6ac46d1e4d432fc01 bd75923a26204044a26a04f015198e04 - - default default] Successfully bumped revision number for resource 40f981a7-7dbe-4f7e-a0d1-3dc67e9f38f6 (type: security_groups) to 1
2026-07-01 08:34:35.217 9 INFO neutron.db.ovn_revision_numbers_db [None req-9448172c-4d41-4fe1-b253-823fa0d13663 36b0c00a8e904af6ac46d1e4d432fc01 bd75923a26204044a26a04f015198e04 - - default default] Successfully bumped revision number for resource 462ae55b-1778-42bf-b350-e0de14e55275 (type: security_group_rules) to 0
2026-07-01 08:34:35.219 9 INFO neutron.db.ovn_revision_numbers_db [None req-c24cedb4-4d6f-4cfb-be3c-00b122d54574 36b0c00a8e904af6ac46d1e4d432fc01 bd75923a26204044a26a04f015198e04 - - default default] Successfully bumped revision number for resource 6ffb3519-3e00-484b-afc5-62144f8a9c3e (type: security_groups) to 1
2026-07-01 08:34:35.232 9 INFO neutron.db.ovn_revision_numbers_db [None req-9448172c-4d41-4fe1-b253-823fa0d13663 36b0c00a8e904af6ac46d1e4d432fc01 bd75923a26204044a26a04f015198e04 - - default default] Successfully bumped revision number for resource 53d5389d-9c3d-4fb1-9571-95542f0c4a47 (type: security_group_rules) to 0
2026-07-01 08:34:35.236 9 INFO neutron.db.ovn_revision_numbers_db [None req-c24cedb4-4d6f-4cfb-be3c-00b122d54574 36b0c00a8e904af6ac46d1e4d432fc01 bd75923a26204044a26a04f015198e04 - - default default] Successfully bumped revision number for resource 9883a0d6-e4f9-496d-86e4-a2a43bfcc7a8 (type: security_group_rules) to 0
2026-07-01 08:34:35.237 10 WARNING neutron.scheduler.dhcp_agent_scheduler [None req-5b466b5f-a927-4eac-b41e-900fbf547c46 36b0c00a8e904af6ac46d1e4d432fc01 bd75923a26204044a26a04f015198e04 - - default default] No more DHCP agents
2026-07-01 08:34:35.238 10 WARNING neutron.api.rpc.agentnotifiers.dhcp_rpc_agent_api [None req-5b466b5f-a927-4eac-b41e-900fbf547c46 36b0c00a8e904af6ac46d1e4d432fc01 bd75923a26204044a26a04f015198e04 - - default default] Unable to schedule network 5f1e7121-0b4f-41cd-a4bd-fa0abcc4f4df: no agents available; will retry on subsequent port and subnet creation events.
2026-07-01 08:34:35.245 9 INFO neutron.db.ovn_revision_numbers_db [None req-9448172c-4d41-4fe1-b253-823fa0d13663 36b0c00a8e904af6ac46d1e4d432fc01 bd75923a26204044a26a04f015198e04 - - default default] Successfully bumped revision number for resource 574c4d88-0061-4f71-bc98-f27c2da7fce9 (type: security_group_rules) to 0
2026-07-01 08:34:35.249 9 INFO neutron.db.ovn_revision_numbers_db [None req-c24cedb4-4d6f-4cfb-be3c-00b122d54574 36b0c00a8e904af6ac46d1e4d432fc01 bd75923a26204044a26a04f015198e04 - - default default] Successfully bumped revision number for resource ca063821-dcfd-4f3d-9e01-8b9f2237724a (type: security_group_rules) to 0
2026-07-01 08:34:35.257 9 INFO neutron.db.ovn_revision_numbers_db [None req-9448172c-4d41-4fe1-b253-823fa0d13663 36b0c00a8e904af6ac46d1e4d432fc01 bd75923a26204044a26a04f015198e04 - - default default] Successfully bumped revision number for resource 6de1e132-15ed-4e37-bbdc-79e1997b30dd (type: security_group_rules) to 0
2026-07-01 08:34:35.260 9 INFO neutron.db.ovn_revision_numbers_db [None req-c24cedb4-4d6f-4cfb-be3c-00b122d54574 36b0c00a8e904af6ac46d1e4d432fc01 bd75923a26204044a26a04f015198e04 - - default default] Successfully bumped revision number for resource e7e37ca7-4a41-4b5d-918e-d8fe9b24c64b (type: security_group_rules) to 0
2026-07-01 08:34:35.276 9 INFO neutron.db.ovn_revision_numbers_db [None req-c24cedb4-4d6f-4cfb-be3c-00b122d54574 36b0c00a8e904af6ac46d1e4d432fc01 bd75923a26204044a26a04f015198e04 - - default default] Successfully bumped revision number for resource f96d2a2c-ae52-4846-9022-3d8e1b42360a (type: security_group_rules) to 0
2026-07-01 08:34:35.302 10 INFO neutron.db.ovn_revision_numbers_db [None req-5b466b5f-a927-4eac-b41e-900fbf547c46 36b0c00a8e904af6ac46d1e4d432fc01 bd75923a26204044a26a04f015198e04 - - default default] Successfully bumped revision number for resource 5da4ce2c-3c12-42ca-9db1-e1eaff37cc84 (type: ports) to 1
2026-07-01 08:34:35.326 10 INFO neutron.api.wsgi [None req-5b466b5f-a927-4eac-b41e-900fbf547c46 36b0c00a8e904af6ac46d1e4d432fc01 bd75923a26204044a26a04f015198e04 - - default default] 10.0.0.220 "POST /v2.0/networks HTTP/1.1" status: 201 len: 946 time: 0.8403153
2026-07-01 08:34:35.342 9 INFO neutron.db.segments_db [None req-9448172c-4d41-4fe1-b253-823fa0d13663 36b0c00a8e904af6ac46d1e4d432fc01 bd75923a26204044a26a04f015198e04 - - default default] Added segment dadd6a38-cbce-4e80-9941-9648cae6cbb2 of type geneve for network e22995e0-5c1a-4cb1-8eed-f4cc4dd6d650
2026-07-01 08:34:35.354 9 INFO neutron.db.segments_db [None req-c24cedb4-4d6f-4cfb-be3c-00b122d54574 36b0c00a8e904af6ac46d1e4d432fc01 bd75923a26204044a26a04f015198e04 - - default default] Added segment 885f124b-d899-4318-bc9c-eb3704410887 of type geneve for network 4975f36f-f9b4-476e-99f7-9c65338aad75
2026-07-01 08:34:35.470 9 INFO neutron.db.ovn_revision_numbers_db [None req-9448172c-4d41-4fe1-b253-823fa0d13663 36b0c00a8e904af6ac46d1e4d432fc01 bd75923a26204044a26a04f015198e04 - - default default] Successfully bumped revision number for resource e22995e0-5c1a-4cb1-8eed-f4cc4dd6d650 (type: networks) to 1
2026-07-01 08:34:35.474 10 WARNING neutron.scheduler.dhcp_agent_scheduler [None req-1056a324-ad59-412d-8b26-12e245a4007f 36b0c00a8e904af6ac46d1e4d432fc01 bd75923a26204044a26a04f015198e04 - - default default] No more DHCP agents
2026-07-01 08:34:35.476 10 WARNING neutron.api.rpc.agentnotifiers.dhcp_rpc_agent_api [None req-1056a324-ad59-412d-8b26-12e245a4007f 36b0c00a8e904af6ac46d1e4d432fc01 bd75923a26204044a26a04f015198e04 - - default default] Unable to schedule network 5f1e7121-0b4f-41cd-a4bd-fa0abcc4f4df: no agents available; will retry on subsequent port and subnet creation events.
2026-07-01 08:34:35.479 9 INFO neutron.db.ovn_revision_numbers_db [None req-c24cedb4-4d6f-4cfb-be3c-00b122d54574 36b0c00a8e904af6ac46d1e4d432fc01 bd75923a26204044a26a04f015198e04 - - default default] Successfully bumped revision number for resource 4975f36f-f9b4-476e-99f7-9c65338aad75 (type: networks) to 1
2026-07-01 08:34:35.715 9 WARNING neutron.scheduler.dhcp_agent_scheduler [None req-9448172c-4d41-4fe1-b253-823fa0d13663 36b0c00a8e904af6ac46d1e4d432fc01 bd75923a26204044a26a04f015198e04 - - default default] No more DHCP agents
2026-07-01 08:34:35.717 9 WARNING neutron.api.rpc.agentnotifiers.dhcp_rpc_agent_api [None req-9448172c-4d41-4fe1-b253-823fa0d13663 36b0c00a8e904af6ac46d1e4d432fc01 bd75923a26204044a26a04f015198e04 - - default default] Unable to schedule network e22995e0-5c1a-4cb1-8eed-f4cc4dd6d650: no agents available; will retry on subsequent port and subnet creation events.
2026-07-01 08:34:35.718 9 WARNING neutron.scheduler.dhcp_agent_scheduler [None req-c24cedb4-4d6f-4cfb-be3c-00b122d54574 36b0c00a8e904af6ac46d1e4d432fc01 bd75923a26204044a26a04f015198e04 - - default default] No more DHCP agents
2026-07-01 08:34:35.721 9 WARNING neutron.api.rpc.agentnotifiers.dhcp_rpc_agent_api [None req-c24cedb4-4d6f-4cfb-be3c-00b122d54574 36b0c00a8e904af6ac46d1e4d432fc01 bd75923a26204044a26a04f015198e04 - - default default] Unable to schedule network 4975f36f-f9b4-476e-99f7-9c65338aad75: no agents available; will retry on subsequent port and subnet creation events.
2026-07-01 08:34:35.792 9 INFO neutron.db.ovn_revision_numbers_db [None req-9448172c-4d41-4fe1-b253-823fa0d13663 36b0c00a8e904af6ac46d1e4d432fc01 bd75923a26204044a26a04f015198e04 - - default default] Successfully bumped revision number for resource 2753fa3f-6a82-49b0-a9d6-6ebf1ffe0a8d (type: ports) to 1
2026-07-01 08:34:35.795 9 INFO neutron.db.ovn_revision_numbers_db [None req-c24cedb4-4d6f-4cfb-be3c-00b122d54574 36b0c00a8e904af6ac46d1e4d432fc01 bd75923a26204044a26a04f015198e04 - - default default] Successfully bumped revision number for resource bfe63110-5287-4247-bae0-0b2d637878a3 (type: ports) to 1
2026-07-01 08:34:35.815 9 INFO neutron.api.wsgi [None req-9448172c-4d41-4fe1-b253-823fa0d13663 36b0c00a8e904af6ac46d1e4d432fc01 bd75923a26204044a26a04f015198e04 - - default default] 10.0.0.220 "POST /v2.0/networks HTTP/1.1" status: 201 len: 939 time: 0.9318869
2026-07-01 08:34:35.817 9 INFO neutron.api.wsgi [None req-c24cedb4-4d6f-4cfb-be3c-00b122d54574 36b0c00a8e904af6ac46d1e4d432fc01 bd75923a26204044a26a04f015198e04 - - default default] 10.0.0.220 "POST /v2.0/networks HTTP/1.1" status: 201 len: 947 time: 0.8266940
2026-07-01 08:34:35.842 10 INFO neutron.db.ovn_revision_numbers_db [None req-1145d161-add1-44e1-8f60-c27b8599c57c 36b0c00a8e904af6ac46d1e4d432fc01 bd75923a26204044a26a04f015198e04 - - default default] Successfully bumped revision number for resource 0c405ebe-127d-45ba-b979-9718edcde26d (type: security_groups) to 1
2026-07-01 08:34:35.857 10 INFO neutron.db.ovn_revision_numbers_db [None req-1145d161-add1-44e1-8f60-c27b8599c57c 36b0c00a8e904af6ac46d1e4d432fc01 bd75923a26204044a26a04f015198e04 - - default default] Successfully bumped revision number for resource 1dd50c05-8e0c-4efa-a7d9-791edaff8181 (type: security_group_rules) to 0
2026-07-01 08:34:35.873 10 INFO neutron.db.ovn_revision_numbers_db [None req-1145d161-add1-44e1-8f60-c27b8599c57c 36b0c00a8e904af6ac46d1e4d432fc01 bd75923a26204044a26a04f015198e04 - - default default] Successfully bumped revision number for resource 98baece2-5b9a-4728-a56a-9c8c60e1156f (type: security_group_rules) to 0
2026-07-01 08:34:35.894 10 INFO neutron.db.ovn_revision_numbers_db [None req-1145d161-add1-44e1-8f60-c27b8599c57c 36b0c00a8e904af6ac46d1e4d432fc01 bd75923a26204044a26a04f015198e04 - - default default] Successfully bumped revision number for resource 9efbe442-ede3-4696-bdbb-86e814d15e0e (type: security_group_rules) to 0
2026-07-01 08:34:35.912 10 INFO neutron.db.ovn_revision_numbers_db [None req-1145d161-add1-44e1-8f60-c27b8599c57c 36b0c00a8e904af6ac46d1e4d432fc01 bd75923a26204044a26a04f015198e04 - - default default] Successfully bumped revision number for resource e057d9b2-2128-44d9-8180-f3d8a2e8e605 (type: security_group_rules) to 0
2026-07-01 08:34:35.981 10 INFO neutron.api.wsgi [None req-1145d161-add1-44e1-8f60-c27b8599c57c 36b0c00a8e904af6ac46d1e4d432fc01 bd75923a26204044a26a04f015198e04 - - default default] 10.0.0.220 "GET /v2.0/security-groups?tenant_id=9bfbe975cb0241518216d3cbe6fca9d9&name=default HTTP/1.1" status: 200 len: 3116 time: 0.4412701
2026-07-01 08:34:36.005 9 WARNING neutron.scheduler.dhcp_agent_scheduler [None req-0fb8a57a-e59a-4194-b486-3b32a8aeadb9 36b0c00a8e904af6ac46d1e4d432fc01 bd75923a26204044a26a04f015198e04 - - default default] No more DHCP agents
2026-07-01 08:34:36.009 9 WARNING neutron.api.rpc.agentnotifiers.dhcp_rpc_agent_api [None req-0fb8a57a-e59a-4194-b486-3b32a8aeadb9 36b0c00a8e904af6ac46d1e4d432fc01 bd75923a26204044a26a04f015198e04 - - default default] Unable to schedule network e22995e0-5c1a-4cb1-8eed-f4cc4dd6d650: no agents available; will retry on subsequent port and subnet creation events.
2026-07-01 08:34:36.029 10 WARNING neutron.scheduler.dhcp_agent_scheduler [None req-158eefd9-1384-4b72-8138-1c373e572d4a 36b0c00a8e904af6ac46d1e4d432fc01 bd75923a26204044a26a04f015198e04 - - default default] No more DHCP agents
2026-07-01 08:34:36.030 10 WARNING neutron.api.rpc.agentnotifiers.dhcp_rpc_agent_api [None req-158eefd9-1384-4b72-8138-1c373e572d4a 36b0c00a8e904af6ac46d1e4d432fc01 bd75923a26204044a26a04f015198e04 - - default default] Unable to schedule network 4975f36f-f9b4-476e-99f7-9c65338aad75: no agents available; will retry on subsequent port and subnet creation events.
2026-07-01 08:34:36.083 10 INFO neutron.db.ovn_revision_numbers_db [None req-17028f08-5af4-4dc5-8d3c-cad92c399f94 - - - - - -] Successfully bumped revision number for resource 5da4ce2c-3c12-42ca-9db1-e1eaff37cc84 (type: ports) to 2
2026-07-01 08:34:36.137 10 INFO neutron.db.ovn_revision_numbers_db [None req-17028f08-5af4-4dc5-8d3c-cad92c399f94 - - - - - -] Successfully bumped revision number for resource 82d44e82-7fb9-4059-bd58-4708633c5104 (type: subnets) to 0
2026-07-01 08:34:36.156 10 INFO neutron.api.wsgi [None req-1056a324-ad59-412d-8b26-12e245a4007f 36b0c00a8e904af6ac46d1e4d432fc01 bd75923a26204044a26a04f015198e04 - - default default] 10.0.0.220 "POST /v2.0/subnets HTTP/1.1" status: 201 len: 890 time: 0.8237221
2026-07-01 08:34:36.387 10 INFO neutron.api.wsgi [-] 10.0.0.21 "GET / HTTP/1.1" status: 200 len: 247 time: 0.0020037
2026-07-01 08:34:36.390 10 INFO neutron.api.wsgi [-] 10.0.0.21 "GET / HTTP/1.1" status: 200 len: 247 time: 0.0018921
2026-07-01 08:34:36.490 9 INFO neutron.api.wsgi [None req-b6dcf746-5e40-4e44-a1b4-6570d77c42be 36b0c00a8e904af6ac46d1e4d432fc01 bd75923a26204044a26a04f015198e04 - - default default] 10.0.0.220 "DELETE /v2.0/security-groups/0c405ebe-127d-45ba-b979-9718edcde26d HTTP/1.1" status: 204 len: 168 time: 0.4996598
2026-07-01 08:34:36.510 10 INFO neutron.db.ovn_revision_numbers_db [None req-90950963-e228-4ce2-80dd-ae87fd743da1 - - - - - -] Successfully bumped revision number for resource bfe63110-5287-4247-bae0-0b2d637878a3 (type: ports) to 2
2026-07-01 08:34:36.547 10 INFO neutron.db.ovn_revision_numbers_db [None req-90950963-e228-4ce2-80dd-ae87fd743da1 - - - - - -] Successfully bumped revision number for resource a510c2a9-1085-416b-a7e9-228233f9fba9 (type: subnets) to 0
2026-07-01 08:34:36.562 10 INFO neutron.api.wsgi [None req-158eefd9-1384-4b72-8138-1c373e572d4a 36b0c00a8e904af6ac46d1e4d432fc01 bd75923a26204044a26a04f015198e04 - - default default] 10.0.0.220 "POST /v2.0/subnets HTTP/1.1" status: 201 len: 892 time: 0.7364035
2026-07-01 08:34:36.782 9 INFO neutron.db.ovn_revision_numbers_db [None req-7cc77523-5357-4f52-a931-394e231d93de - - - - - -] Successfully bumped revision number for resource 2753fa3f-6a82-49b0-a9d6-6ebf1ffe0a8d (type: ports) to 2
2026-07-01 08:34:36.803 9 WARNING neutron.scheduler.dhcp_agent_scheduler [None req-42ab4113-7cf2-472e-8a44-3a9ff5ddd9fe 36b0c00a8e904af6ac46d1e4d432fc01 bd75923a26204044a26a04f015198e04 - - default default] No more DHCP agents
2026-07-01 08:34:36.805 9 WARNING neutron.api.rpc.agentnotifiers.dhcp_rpc_agent_api [None req-42ab4113-7cf2-472e-8a44-3a9ff5ddd9fe 36b0c00a8e904af6ac46d1e4d432fc01 bd75923a26204044a26a04f015198e04 - - default default] Unable to schedule network 60b61759-f4f3-45eb-a1af-86e709006d56: no agents available; will retry on subsequent port and subnet creation events.
2026-07-01 08:34:36.822 9 INFO neutron.db.ovn_revision_numbers_db [None req-7cc77523-5357-4f52-a931-394e231d93de - - - - - -] Successfully bumped revision number for resource f679e2b8-b6ab-4799-9a8c-fe3462d5b167 (type: subnets) to 0
2026-07-01 08:34:36.836 9 INFO neutron.api.wsgi [None req-0fb8a57a-e59a-4194-b486-3b32a8aeadb9 36b0c00a8e904af6ac46d1e4d432fc01 bd75923a26204044a26a04f015198e04 - - default default] 10.0.0.220 "POST /v2.0/subnets HTTP/1.1" status: 201 len: 883 time: 1.0151644
2026-07-01 08:34:37.060 10 WARNING neutron.scheduler.dhcp_agent_scheduler [None req-2e4f59f5-e4dc-4685-8d05-9cf5ddcd6115 36b0c00a8e904af6ac46d1e4d432fc01 bd75923a26204044a26a04f015198e04 - - default default] No more DHCP agents
2026-07-01 08:34:37.062 10 WARNING neutron.api.rpc.agentnotifiers.dhcp_rpc_agent_api [None req-2e4f59f5-e4dc-4685-8d05-9cf5ddcd6115 36b0c00a8e904af6ac46d1e4d432fc01 bd75923a26204044a26a04f015198e04 - - default default] Unable to schedule network 60b61759-f4f3-45eb-a1af-86e709006d56: no agents available; will retry on subsequent port and subnet creation events.
2026-07-01 08:34:37.097 9 INFO neutron.db.ovn_revision_numbers_db [None req-42ab4113-7cf2-472e-8a44-3a9ff5ddd9fe 36b0c00a8e904af6ac46d1e4d432fc01 bd75923a26204044a26a04f015198e04 - - default default] Successfully bumped revision number for resource 5bf967ab-5041-4b5b-8f82-6cd25b89760c (type: ports) to 1
2026-07-01 08:34:37.176 10 INFO neutron.db.ovn_revision_numbers_db [None req-2e4f59f5-e4dc-4685-8d05-9cf5ddcd6115 36b0c00a8e904af6ac46d1e4d432fc01 bd75923a26204044a26a04f015198e04 - - default default] Successfully bumped revision number for resource 2845d660-0f96-4a5c-a1a3-f0414b38ac86 (type: ports) to 1
2026-07-01 08:34:37.441 9 INFO neutron.plugins.ml2.drivers.ovn.mech_driver.ovsdb.extensions.qos [None req-42ab4113-7cf2-472e-8a44-3a9ff5ddd9fe 36b0c00a8e904af6ac46d1e4d432fc01 bd75923a26204044a26a04f015198e04 - - default default] Starting OVNClientQosExtension
2026-07-01 08:34:37.554 9 WARNING neutron.scheduler.dhcp_agent_scheduler [None req-a30ad151-caf1-41bf-953a-ad2151d15f35 36b0c00a8e904af6ac46d1e4d432fc01 bd75923a26204044a26a04f015198e04 - - default default] No more DHCP agents
2026-07-01 08:34:37.556 9 WARNING neutron.api.rpc.agentnotifiers.dhcp_rpc_agent_api [None req-a30ad151-caf1-41bf-953a-ad2151d15f35 36b0c00a8e904af6ac46d1e4d432fc01 bd75923a26204044a26a04f015198e04 - - default default] Unable to schedule network 60b61759-f4f3-45eb-a1af-86e709006d56: no agents available; will retry on subsequent port and subnet creation events.
2026-07-01 08:34:37.565 10 INFO neutron.plugins.ml2.drivers.ovn.mech_driver.ovsdb.extensions.qos [None req-2e4f59f5-e4dc-4685-8d05-9cf5ddcd6115 36b0c00a8e904af6ac46d1e4d432fc01 bd75923a26204044a26a04f015198e04 - - default default] Starting OVNClientQosExtension
2026-07-01 08:34:37.683 9 INFO neutron.db.ovn_revision_numbers_db [None req-a30ad151-caf1-41bf-953a-ad2151d15f35 36b0c00a8e904af6ac46d1e4d432fc01 bd75923a26204044a26a04f015198e04 - - default default] Successfully bumped revision number for resource 67f9e032-7781-418c-b6fd-150d4168b4f3 (type: ports) to 1
2026-07-01 08:34:37.847 9 INFO neutron.plugins.ml2.drivers.ovn.mech_driver.ovsdb.commands [None req-c0fea2d0-1ece-4dcd-9ade-b147c750cb0f - - - - - -] Schedule LRP lrp-5bf967ab-5041-4b5b-8f82-6cd25b89760c on gateway 64db2054-b6fe-4f1f-9cce-693648a7b04e with priority 1
2026-07-01 08:34:37.858 9 INFO neutron.plugins.ml2.drivers.ovn.mech_driver.mech_driver [None req-cd2f844c-19fe-4ba2-8b62-18f42e7336be - - - - - -] OVN reports status up for port: 5bf967ab-5041-4b5b-8f82-6cd25b89760c
2026-07-01 08:34:37.878 9 INFO neutron.plugins.ml2.drivers.ovn.mech_driver.ovsdb.ovsdb_monitor [-] Router a91abde8-2c98-490f-888e-2e2d89772a51 is bound to host instance
2026-07-01 08:34:37.879 9 INFO neutron.plugins.ml2.plugin [None req-cd2f844c-19fe-4ba2-8b62-18f42e7336be - - - - - -] Attempt 1 to provision port 5bf967ab-5041-4b5b-8f82-6cd25b89760c
2026-07-01 08:34:37.898 10 INFO neutron.plugins.ml2.drivers.ovn.mech_driver.ovsdb.commands [None req-277c484b-5dc7-4976-97e7-498251f615ca - - - - - -] Schedule LRP lrp-2845d660-0f96-4a5c-a1a3-f0414b38ac86 on gateway 64db2054-b6fe-4f1f-9cce-693648a7b04e with priority 1
2026-07-01 08:34:37.923 10 INFO neutron.plugins.ml2.drivers.ovn.mech_driver.ovsdb.ovsdb_monitor [-] Router 847d4544-7270-4a2a-a5ac-d0535e621c75 is bound to host instance
2026-07-01 08:34:37.933 9 INFO neutron.db.ovn_revision_numbers_db [None req-42ab4113-7cf2-472e-8a44-3a9ff5ddd9fe 36b0c00a8e904af6ac46d1e4d432fc01 bd75923a26204044a26a04f015198e04 - - default default] Successfully bumped revision number for resource 5bf967ab-5041-4b5b-8f82-6cd25b89760c (type: router_ports) to 1
2026-07-01 08:34:37.959 10 INFO neutron.db.ovn_revision_numbers_db [None req-2e4f59f5-e4dc-4685-8d05-9cf5ddcd6115 36b0c00a8e904af6ac46d1e4d432fc01 bd75923a26204044a26a04f015198e04 - - default default] Successfully bumped revision number for resource 2845d660-0f96-4a5c-a1a3-f0414b38ac86 (type: router_ports) to 1
2026-07-01 08:34:38.052 10 INFO neutron.db.ovn_revision_numbers_db [None req-2e4f59f5-e4dc-4685-8d05-9cf5ddcd6115 36b0c00a8e904af6ac46d1e4d432fc01 bd75923a26204044a26a04f015198e04 - - default default] Successfully bumped revision number for resource 847d4544-7270-4a2a-a5ac-d0535e621c75 (type: routers) to 2
2026-07-01 08:34:38.078 10 INFO neutron.api.wsgi [None req-2e4f59f5-e4dc-4685-8d05-9cf5ddcd6115 36b0c00a8e904af6ac46d1e4d432fc01 bd75923a26204044a26a04f015198e04 - - default default] 10.0.0.220 "POST /v2.0/routers HTTP/1.1" status: 201 len: 1170 time: 1.5087512
2026-07-01 08:34:38.235 9 INFO neutron.db.ovn_revision_numbers_db [None req-42ab4113-7cf2-472e-8a44-3a9ff5ddd9fe 36b0c00a8e904af6ac46d1e4d432fc01 bd75923a26204044a26a04f015198e04 - - default default] Successfully bumped revision number for resource a91abde8-2c98-490f-888e-2e2d89772a51 (type: routers) to 2
2026-07-01 08:34:38.268 9 INFO neutron.api.wsgi [None req-42ab4113-7cf2-472e-8a44-3a9ff5ddd9fe 36b0c00a8e904af6ac46d1e4d432fc01 bd75923a26204044a26a04f015198e04 - - default default] 10.0.0.220 "POST /v2.0/routers HTTP/1.1" status: 201 len: 1168 time: 2.1063926
2026-07-01 08:34:38.456 10 INFO neutron.db.ovn_revision_numbers_db [None req-a17a57f9-9c65-4f89-b6f3-2ac3fbad84c7 - - - - - -] Successfully bumped revision number for resource 2845d660-0f96-4a5c-a1a3-f0414b38ac86 (type: ports) to 1
2026-07-01 08:34:38.614 10 WARNING neutron.scheduler.dhcp_agent_scheduler [None req-4b384ef9-5dd0-40ac-bc4b-5853220e3f8b 36b0c00a8e904af6ac46d1e4d432fc01 bd75923a26204044a26a04f015198e04 - - default default] No more DHCP agents
2026-07-01 08:34:38.615 10 WARNING neutron.api.rpc.agentnotifiers.dhcp_rpc_agent_api [None req-4b384ef9-5dd0-40ac-bc4b-5853220e3f8b 36b0c00a8e904af6ac46d1e4d432fc01 bd75923a26204044a26a04f015198e04 - - default default] Unable to schedule network 4975f36f-f9b4-476e-99f7-9c65338aad75: no agents available; will retry on subsequent port and subnet creation events.
2026-07-01 08:34:38.662 10 INFO neutron.db.ovn_revision_numbers_db [None req-7da6dee8-7664-4a48-9a09-68583d783a14 36b0c00a8e904af6ac46d1e4d432fc01 bd75923a26204044a26a04f015198e04 - - default default] Successfully bumped revision number for resource d8ff9a11-2530-44cc-ba44-978928ba2cce (type: security_groups) to 1
2026-07-01 08:34:38.682 10 INFO neutron.db.ovn_revision_numbers_db [None req-7da6dee8-7664-4a48-9a09-68583d783a14 36b0c00a8e904af6ac46d1e4d432fc01 bd75923a26204044a26a04f015198e04 - - default default] Successfully bumped revision number for resource 67c3971c-277a-42b6-9f49-f5b616233c63 (type: security_group_rules) to 0
2026-07-01 08:34:38.701 10 INFO neutron.db.ovn_revision_numbers_db [None req-7da6dee8-7664-4a48-9a09-68583d783a14 36b0c00a8e904af6ac46d1e4d432fc01 bd75923a26204044a26a04f015198e04 - - default default] Successfully bumped revision number for resource 990c5fb5-b631-48af-83a3-d8e3a11837b0 (type: security_group_rules) to 0
2026-07-01 08:34:38.724 10 INFO neutron.db.ovn_revision_numbers_db [None req-7da6dee8-7664-4a48-9a09-68583d783a14 36b0c00a8e904af6ac46d1e4d432fc01 bd75923a26204044a26a04f015198e04 - - default default] Successfully bumped revision number for resource e3b50ec4-8f13-4fa1-a271-16e3a58cc8f1 (type: security_group_rules) to 0
2026-07-01 08:34:38.749 10 INFO neutron.db.ovn_revision_numbers_db [None req-7da6dee8-7664-4a48-9a09-68583d783a14 36b0c00a8e904af6ac46d1e4d432fc01 bd75923a26204044a26a04f015198e04 - - default default] Successfully bumped revision number for resource fd361ac0-381f-4baf-9f3d-ba576d5fedea (type: security_group_rules) to 0
2026-07-01 08:34:38.787 9 INFO neutron.db.ovn_revision_numbers_db [None req-d08f0583-af3a-47a2-b634-ebc233774542 - - - - - -] Successfully bumped revision number for resource 5bf967ab-5041-4b5b-8f82-6cd25b89760c (type: ports) to 1
2026-07-01 08:34:38.792 9 INFO neutron.plugins.ml2.drivers.ovn.mech_driver.ovsdb.commands [None req-c0fea2d0-1ece-4dcd-9ade-b147c750cb0f - - - - - -] Schedule LRP lrp-67f9e032-7781-418c-b6fd-150d4168b4f3 on gateway 64db2054-b6fe-4f1f-9cce-693648a7b04e with priority 1
2026-07-01 08:34:38.809 10 INFO neutron.db.ovn_revision_numbers_db [None req-4b384ef9-5dd0-40ac-bc4b-5853220e3f8b 36b0c00a8e904af6ac46d1e4d432fc01 bd75923a26204044a26a04f015198e04 - - default default] Successfully bumped revision number for resource aed66fa2-2136-42a9-b15b-f00063701919 (type: ports) to 1
2026-07-01 08:34:38.852 10 INFO neutron.db.segments_db [None req-7da6dee8-7664-4a48-9a09-68583d783a14 36b0c00a8e904af6ac46d1e4d432fc01 bd75923a26204044a26a04f015198e04 - - default default] Added segment dc5d4959-e3b7-4ebd-a6a2-f817252b66cc of type geneve for network daedfa84-cff5-4819-912f-064255854aff
2026-07-01 08:34:38.861 9 INFO neutron.db.ovn_revision_numbers_db [None req-a30ad151-caf1-41bf-953a-ad2151d15f35 36b0c00a8e904af6ac46d1e4d432fc01 bd75923a26204044a26a04f015198e04 - - default default] Successfully bumped revision number for resource 67f9e032-7781-418c-b6fd-150d4168b4f3 (type: router_ports) to 1
2026-07-01 08:34:38.969 9 INFO neutron.db.ovn_revision_numbers_db [None req-a30ad151-caf1-41bf-953a-ad2151d15f35 36b0c00a8e904af6ac46d1e4d432fc01 bd75923a26204044a26a04f015198e04 - - default default] Successfully bumped revision number for resource 04e9a69c-d36e-4225-892c-843601f2bb1e (type: routers) to 2
2026-07-01 08:34:38.981 9 WARNING neutron.scheduler.dhcp_agent_scheduler [None req-5610eb65-3593-4924-8bef-678ff1397119 36b0c00a8e904af6ac46d1e4d432fc01 bd75923a26204044a26a04f015198e04 - - default default] No more DHCP agents
2026-07-01 08:34:38.985 9 WARNING neutron.api.rpc.agentnotifiers.dhcp_rpc_agent_api [None req-5610eb65-3593-4924-8bef-678ff1397119 36b0c00a8e904af6ac46d1e4d432fc01 bd75923a26204044a26a04f015198e04 - - default default] Unable to schedule network 5f1e7121-0b4f-41cd-a4bd-fa0abcc4f4df: no agents available; will retry on subsequent port and subnet creation events.
2026-07-01 08:34:38.989 9 INFO neutron.api.wsgi [None req-a30ad151-caf1-41bf-953a-ad2151d15f35 36b0c00a8e904af6ac46d1e4d432fc01 bd75923a26204044a26a04f015198e04 - - default default] 10.0.0.220 "POST /v2.0/routers HTTP/1.1" status: 201 len: 1161 time: 2.1474371
2026-07-01 08:34:39.101 10 INFO neutron.db.ovn_revision_numbers_db [None req-a17a57f9-9c65-4f89-b6f3-2ac3fbad84c7 - - - - - -] Successfully bumped revision number for resource 2845d660-0f96-4a5c-a1a3-f0414b38ac86 (type: ports) to 4
2026-07-01 08:34:39.175 10 INFO neutron.db.ovn_revision_numbers_db [None req-7da6dee8-7664-4a48-9a09-68583d783a14 36b0c00a8e904af6ac46d1e4d432fc01 bd75923a26204044a26a04f015198e04 - - default default] Successfully bumped revision number for resource daedfa84-cff5-4819-912f-064255854aff (type: networks) to 1
2026-07-01 08:34:39.205 9 INFO neutron.db.ovn_revision_numbers_db [None req-5610eb65-3593-4924-8bef-678ff1397119 36b0c00a8e904af6ac46d1e4d432fc01 bd75923a26204044a26a04f015198e04 - - default default] Successfully bumped revision number for resource 26e509db-c55c-486e-87ba-6bb246084618 (type: ports) to 1
2026-07-01 08:34:39.393 10 WARNING neutron.scheduler.dhcp_agent_scheduler [None req-7da6dee8-7664-4a48-9a09-68583d783a14 36b0c00a8e904af6ac46d1e4d432fc01 bd75923a26204044a26a04f015198e04 - - default default] No more DHCP agents
2026-07-01 08:34:39.397 10 WARNING neutron.api.rpc.agentnotifiers.dhcp_rpc_agent_api [None req-7da6dee8-7664-4a48-9a09-68583d783a14 36b0c00a8e904af6ac46d1e4d432fc01 bd75923a26204044a26a04f015198e04 - - default default] Unable to schedule network daedfa84-cff5-4819-912f-064255854aff: no agents available; will retry on subsequent port and subnet creation events.
2026-07-01 08:34:39.463 9 INFO neutron.db.ovn_revision_numbers_db [None req-d08f0583-af3a-47a2-b634-ebc233774542 - - - - - -] Successfully bumped revision number for resource 5bf967ab-5041-4b5b-8f82-6cd25b89760c (type: ports) to 4
2026-07-01 08:34:39.506 10 INFO neutron.db.ovn_revision_numbers_db [None req-7da6dee8-7664-4a48-9a09-68583d783a14 36b0c00a8e904af6ac46d1e4d432fc01 bd75923a26204044a26a04f015198e04 - - default default] Successfully bumped revision number for resource d8e09b5b-22c1-46f4-94be-93efd3de8b16 (type: ports) to 1
2026-07-01 08:34:39.542 10 INFO neutron.api.wsgi [None req-7da6dee8-7664-4a48-9a09-68583d783a14 36b0c00a8e904af6ac46d1e4d432fc01 bd75923a26204044a26a04f015198e04 - - default default] 10.0.0.220 "POST /v2.0/networks HTTP/1.1" status: 201 len: 950 time: 1.2363842
2026-07-01 08:34:39.558 10 INFO neutron.db.ovn_revision_numbers_db [None req-a17a57f9-9c65-4f89-b6f3-2ac3fbad84c7 - - - - - -] Successfully bumped revision number for resource 2845d660-0f96-4a5c-a1a3-f0414b38ac86 (type: ports) to 5
2026-07-01 08:34:39.752 10 INFO neutron.db.ovn_revision_numbers_db [None req-4b384ef9-5dd0-40ac-bc4b-5853220e3f8b 36b0c00a8e904af6ac46d1e4d432fc01 bd75923a26204044a26a04f015198e04 - - default default] Successfully bumped revision number for resource aed66fa2-2136-42a9-b15b-f00063701919 (type: ports) to 1
2026-07-01 08:34:39.754 10 WARNING neutron.scheduler.dhcp_agent_scheduler [None req-6b2ec65d-f19b-4353-9195-b8871069afbe 36b0c00a8e904af6ac46d1e4d432fc01 bd75923a26204044a26a04f015198e04 - - default default] No more DHCP agents
2026-07-01 08:34:39.757 10 WARNING neutron.api.rpc.agentnotifiers.dhcp_rpc_agent_api [None req-6b2ec65d-f19b-4353-9195-b8871069afbe 36b0c00a8e904af6ac46d1e4d432fc01 bd75923a26204044a26a04f015198e04 - - default default] Unable to schedule network daedfa84-cff5-4819-912f-064255854aff: no agents available; will retry on subsequent port and subnet creation events.
2026-07-01 08:34:39.815 10 WARNING neutron.scheduler.dhcp_agent_scheduler [None req-4b384ef9-5dd0-40ac-bc4b-5853220e3f8b 36b0c00a8e904af6ac46d1e4d432fc01 bd75923a26204044a26a04f015198e04 - - default default] No more DHCP agents
2026-07-01 08:34:39.817 10 WARNING neutron.api.rpc.agentnotifiers.dhcp_rpc_agent_api [None req-4b384ef9-5dd0-40ac-bc4b-5853220e3f8b 36b0c00a8e904af6ac46d1e4d432fc01 bd75923a26204044a26a04f015198e04 - - default default] Unable to schedule network 4975f36f-f9b4-476e-99f7-9c65338aad75: no agents available; will retry on subsequent port and subnet creation events.
2026-07-01 08:34:39.850 9 WARNING neutron.scheduler.dhcp_agent_scheduler [None req-dffed487-bc48-4bca-a042-c6b144446b00 36b0c00a8e904af6ac46d1e4d432fc01 bd75923a26204044a26a04f015198e04 - - default default] No more DHCP agents
2026-07-01 08:34:39.853 9 WARNING neutron.api.rpc.agentnotifiers.dhcp_rpc_agent_api [None req-dffed487-bc48-4bca-a042-c6b144446b00 36b0c00a8e904af6ac46d1e4d432fc01 bd75923a26204044a26a04f015198e04 - - default default] Unable to schedule network e22995e0-5c1a-4cb1-8eed-f4cc4dd6d650: no agents available; will retry on subsequent port and subnet creation events.
2026-07-01 08:34:39.992 9 INFO neutron.db.ovn_revision_numbers_db [None req-d08f0583-af3a-47a2-b634-ebc233774542 - - - - - -] Successfully bumped revision number for resource 5bf967ab-5041-4b5b-8f82-6cd25b89760c (type: ports) to 5
2026-07-01 08:34:40.021 9 INFO neutron.db.ovn_revision_numbers_db [None req-dffed487-bc48-4bca-a042-c6b144446b00 36b0c00a8e904af6ac46d1e4d432fc01 bd75923a26204044a26a04f015198e04 - - default default] Successfully bumped revision number for resource ae311713-cbf6-43e7-8f3b-d31acc1b1730 (type: ports) to 1
2026-07-01 08:34:40.092 9 INFO neutron.plugins.ml2.drivers.ovn.mech_driver.ovsdb.ovsdb_monitor [None req-d08f0583-af3a-47a2-b634-ebc233774542 - - - - - -] Router 04e9a69c-d36e-4225-892c-843601f2bb1e is bound to host instance
2026-07-01 08:34:40.255 9 INFO neutron.db.ovn_revision_numbers_db [None req-5610eb65-3593-4924-8bef-678ff1397119 36b0c00a8e904af6ac46d1e4d432fc01 bd75923a26204044a26a04f015198e04 - - default default] Successfully bumped revision number for resource 26e509db-c55c-486e-87ba-6bb246084618 (type: ports) to 1
2026-07-01 08:34:40.306 10 INFO neutron.db.ovn_revision_numbers_db [None req-65ceb4f6-8e9a-4a3f-a59d-ea195edd3bb8 - - - - - -] Successfully bumped revision number for resource d8e09b5b-22c1-46f4-94be-93efd3de8b16 (type: ports) to 2
2026-07-01 08:34:40.336 9 WARNING neutron.scheduler.dhcp_agent_scheduler [None req-5610eb65-3593-4924-8bef-678ff1397119 36b0c00a8e904af6ac46d1e4d432fc01 bd75923a26204044a26a04f015198e04 - - default default] No more DHCP agents
2026-07-01 08:34:40.340 10 INFO neutron.db.ovn_revision_numbers_db [None req-65ceb4f6-8e9a-4a3f-a59d-ea195edd3bb8 - - - - - -] Successfully bumped revision number for resource a1c1de6b-20ba-4e59-a9dc-ee5763952eff (type: subnets) to 0
2026-07-01 08:34:40.341 9 WARNING neutron.api.rpc.agentnotifiers.dhcp_rpc_agent_api [None req-5610eb65-3593-4924-8bef-678ff1397119 36b0c00a8e904af6ac46d1e4d432fc01 bd75923a26204044a26a04f015198e04 - - default default] Unable to schedule network 5f1e7121-0b4f-41cd-a4bd-fa0abcc4f4df: no agents available; will retry on subsequent port and subnet creation events.
2026-07-01 08:34:40.352 10 INFO neutron.api.wsgi [None req-6b2ec65d-f19b-4353-9195-b8871069afbe 36b0c00a8e904af6ac46d1e4d432fc01 bd75923a26204044a26a04f015198e04 - - default default] 10.0.0.220 "POST /v2.0/subnets HTTP/1.1" status: 201 len: 894 time: 0.8028994
2026-07-01 08:34:40.671 10 INFO neutron.db.ovn_revision_numbers_db [None req-4b384ef9-5dd0-40ac-bc4b-5853220e3f8b 36b0c00a8e904af6ac46d1e4d432fc01 bd75923a26204044a26a04f015198e04 - - default default] Successfully bumped revision number for resource aed66fa2-2136-42a9-b15b-f00063701919 (type: router_ports) to 1
2026-07-01 08:34:40.675 10 INFO neutron.api.wsgi [None req-4b384ef9-5dd0-40ac-bc4b-5853220e3f8b 36b0c00a8e904af6ac46d1e4d432fc01 bd75923a26204044a26a04f015198e04 - - default default] 10.0.0.220 "PUT /v2.0/routers/847d4544-7270-4a2a-a5ac-d0535e621c75/add_router_interface HTTP/1.1" status: 200 len: 503 time: 2.5897121
2026-07-01 08:34:40.873 10 WARNING neutron.scheduler.dhcp_agent_scheduler [None req-33cef361-38eb-420e-9712-63f19691aebd 36b0c00a8e904af6ac46d1e4d432fc01 bd75923a26204044a26a04f015198e04 - - default default] No more DHCP agents
2026-07-01 08:34:40.874 10 WARNING neutron.api.rpc.agentnotifiers.dhcp_rpc_agent_api [None req-33cef361-38eb-420e-9712-63f19691aebd 36b0c00a8e904af6ac46d1e4d432fc01 bd75923a26204044a26a04f015198e04 - - default default] Unable to schedule network 60b61759-f4f3-45eb-a1af-86e709006d56: no agents available; will retry on subsequent port and subnet creation events.
2026-07-01 08:34:40.876 9 INFO neutron.db.ovn_revision_numbers_db [None req-41f3e58a-6d58-4027-9538-90a8e8f2ae89 - - - - - -] Successfully bumped revision number for resource 67f9e032-7781-418c-b6fd-150d4168b4f3 (type: ports) to 1
