2026-07-01 08:39:21.754 9 WARNING neutron.plugins.ml2.drivers.ovn.mech_driver.ovsdb.ovn_client [None req-4ce9f791-4ac7-4b4f-b794-669d9f897f92 - - - - - -] No hosting information found for port 2dc02fd7-f5b2-4f22-bd43-2158f2ac8bdd: RuntimeError: No hosting information found for port 2dc02fd7-f5b2-4f22-bd43-2158f2ac8bdd
2026-07-01 08:39:21.809 9 WARNING neutron.scheduler.dhcp_agent_scheduler [None req-a252903c-8709-49b2-b3f4-daab95d236d1 - - - - - -] No more DHCP agents
2026-07-01 08:39:21.810 9 WARNING neutron.api.rpc.agentnotifiers.dhcp_rpc_agent_api [None req-a252903c-8709-49b2-b3f4-daab95d236d1 - - - - - -] Unable to schedule network 14091a5f-4c3b-4620-a1ff-1b5b27b5f878: no agents available; will retry on subsequent port and subnet creation events.
2026-07-01 08:39:21.926 9 INFO neutron.db.ovn_revision_numbers_db [None req-4ce9f791-4ac7-4b4f-b794-669d9f897f92 - - - - - -] Successfully bumped revision number for resource 2dc02fd7-f5b2-4f22-bd43-2158f2ac8bdd (type: router_ports) to 2
2026-07-01 08:39:21.986 9 INFO neutron.plugins.ml2.drivers.ovn.mech_driver.mech_driver [None req-4ce9f791-4ac7-4b4f-b794-669d9f897f92 - - - - - -] OVN reports status up for port: b07b1266-5545-4878-9e27-7ca1c875eb75
2026-07-01 08:39:21.990 9 INFO neutron.db.ovn_revision_numbers_db [None req-a252903c-8709-49b2-b3f4-daab95d236d1 - - - - - -] Successfully bumped revision number for resource 7d24c898-f72e-4e06-90c7-d8abee3c7454 (type: ports) to 1
2026-07-01 08:39:21.992 9 INFO neutron.plugins.ml2.plugin [None req-4ce9f791-4ac7-4b4f-b794-669d9f897f92 - - - - - -] Attempt 1 to provision port b07b1266-5545-4878-9e27-7ca1c875eb75
2026-07-01 08:39:22.262 9 INFO neutron.db.ovn_revision_numbers_db [None req-a252903c-8709-49b2-b3f4-daab95d236d1 - - - - - -] Successfully bumped revision number for resource 7d24c898-f72e-4e06-90c7-d8abee3c7454 (type: ports) to 3
2026-07-01 08:39:22.798 9 INFO neutron.api.wsgi [None req-15c2ef6c-4e42-4bb0-bf0f-3f8114182a3f e4fec91a496549cc834b0f91a46a889d 87a5d4ba67584f54a68074606b2ef99f - - default default] 10.0.0.220 "POST /v2.0/vpn/vpnservices HTTP/1.1" status: 201 len: 656 time: 5.1335871
2026-07-01 08:39:22.821 10 INFO neutron.api.wsgi [None req-03caaeab-e1b1-413b-8f41-9306aa214fbe dd04d1bd0cf24403a29a5302f14a1ff6 ff74eef4f1e04ed1ad3cbf1a1612fae8 - - default default] 10.0.0.220 "GET /v2.0/vpn/vpnservices HTTP/1.1" status: 200 len: 1508 time: 0.0137491
2026-07-01 08:39:22.866 9 INFO neutron.db.ovn_revision_numbers_db [None req-4ce9f791-4ac7-4b4f-b794-669d9f897f92 - - - - - -] Successfully bumped revision number for resource b07b1266-5545-4878-9e27-7ca1c875eb75 (type: ports) to 2
2026-07-01 08:39:23.408 9 INFO neutron.api.wsgi [req-4405ba58-d456-47f8-9c41-179e1deb1f35 req-92248626-72c8-44da-a19e-b12e24cb0088 ceb89a06057345148043faeaccaa6b08 f9fb9a9f9cb94349b2b09b518b11bb22 - - 92528f82975c46bdaab9e69bfb83a290 92528f82975c46bdaab9e69bfb83a290] 199.204.45.74 "GET /v2.0/ports?device_id=5b5d0a1c-c1e6-4616-aa12-65460d315dd1 HTTP/1.1" status: 200 len: 1411 time: 0.0347562
2026-07-01 08:39:23.452 9 INFO neutron.api.wsgi [req-4405ba58-d456-47f8-9c41-179e1deb1f35 req-208f7e24-537c-44f8-8b9d-1882bd72952f ceb89a06057345148043faeaccaa6b08 f9fb9a9f9cb94349b2b09b518b11bb22 - - 92528f82975c46bdaab9e69bfb83a290 92528f82975c46bdaab9e69bfb83a290] 199.204.45.74 "GET /v2.0/security-groups?id=ad5abef6-1515-4fa2-a335-3d01ddfd7d56&fields=id&fields=name HTTP/1.1" status: 200 len: 294 time: 0.0393388
2026-07-01 08:39:24.561 9 INFO neutron.api.wsgi [req-ba367dcd-5165-444e-a1d3-4ab8f4429d8f req-de0cc3bc-79b5-40f5-8705-e90570370da6 36b0c00a8e904af6ac46d1e4d432fc01 bd75923a26204044a26a04f015198e04 - - default default] 10.0.0.193 "GET /v2.0/ports?device_id=5b5d0a1c-c1e6-4616-aa12-65460d315dd1 HTTP/1.1" status: 200 len: 1411 time: 0.0366096
2026-07-01 08:39:24.613 9 INFO neutron.api.wsgi [req-ba367dcd-5165-444e-a1d3-4ab8f4429d8f req-3782e906-fbb4-457d-84e4-8726821cefb4 36b0c00a8e904af6ac46d1e4d432fc01 bd75923a26204044a26a04f015198e04 - - default default] 10.0.0.193 "GET /v2.0/security-groups?id=ad5abef6-1515-4fa2-a335-3d01ddfd7d56&fields=id&fields=name HTTP/1.1" status: 200 len: 294 time: 0.0450954
2026-07-01 08:39:24.726 10 INFO neutron.api.wsgi [req-95d9d834-162c-4d8a-b96b-03a1ef72efd0 req-776f1707-5950-42db-8596-0d4980431042 36b0c00a8e904af6ac46d1e4d432fc01 bd75923a26204044a26a04f015198e04 - - default default] 10.0.0.193 "GET /v2.0/ports?device_id=5b5d0a1c-c1e6-4616-aa12-65460d315dd1 HTTP/1.1" status: 200 len: 1411 time: 0.0336657
2026-07-01 08:39:25.350 9 INFO neutron.services.segments.plugin [-] Segment d0d9b9ec-a519-4e3d-8e0e-3515eb1b7fba resource provider aggregate not found
2026-07-01 08:39:25.354 9 INFO neutron.services.segments.plugin [-] Segment d0d9b9ec-a519-4e3d-8e0e-3515eb1b7fba resource provider aggregate not found
2026-07-01 08:39:25.366 9 INFO neutron.services.segments.plugin [-] Segment d0d9b9ec-a519-4e3d-8e0e-3515eb1b7fba resource provider not found; error: Placement Client Error (4xx): {"errors": [{"status": 404, "title": "Not Found", "detail": "The resource could not be found.\n\n No resource provider with uuid d0d9b9ec-a519-4e3d-8e0e-3515eb1b7fba found for delete ", "request_id": "req-f2ef3e23-a9b7-4446-966e-1b7f8faccc11"}]}
2026-07-01 08:39:25.368 9 INFO neutron.services.segments.plugin [-] Segment d0d9b9ec-a519-4e3d-8e0e-3515eb1b7fba resource provider not found; error: Placement Client Error (4xx): {"errors": [{"status": 404, "title": "Not Found", "detail": "The resource could not be found.\n\n No resource provider with uuid d0d9b9ec-a519-4e3d-8e0e-3515eb1b7fba found for delete ", "request_id": "req-ba356ec9-d374-4a00-9eeb-fb370dcace2e"}]}
2026-07-01 08:39:25.404 9 INFO neutron.api.wsgi [None req-b9aacf61-a9b1-4acc-b8e6-0bd6649b9b8f e4fec91a496549cc834b0f91a46a889d 87a5d4ba67584f54a68074606b2ef99f - - default default] 10.0.0.220 "DELETE /v2.0/vpn/vpnservices/7ada2ce9-cc5a-4dae-83e3-342f4480cee1 HTTP/1.1" status: 204 len: 168 time: 2.5763419 /var/lib/openstack/lib/python3.12/site-packages/pycadf/identifier.py:71: UserWarning: Invalid uuid: neutron. To ensure interoperability, identifiers should be a valid uuid. warnings.warn(('Invalid uuid: %s. To ensure interoperability, '
2026-07-01 08:39:25.417 9 WARNING neutron_lib.context [None req-99d8f547-c6cc-45c4-a5b1-b3ceea6eef73 dd04d1bd0cf24403a29a5302f14a1ff6 ff74eef4f1e04ed1ad3cbf1a1612fae8 - - default default] Method 'is_advsvc' is deprecated since 2023.2 release (neutron-lib 3.8.0) and will be removed once support for the old RBAC API policies will be removed from Neutron. Please use method 'is_service_role' instead.
2026-07-01 08:39:25.469 9 INFO neutron.api.wsgi [None req-99d8f547-c6cc-45c4-a5b1-b3ceea6eef73 dd04d1bd0cf24403a29a5302f14a1ff6 ff74eef4f1e04ed1ad3cbf1a1612fae8 - - default default] 10.0.0.220 "POST /v2.0/vpn/endpoint-groups HTTP/1.1" status: 201 len: 501 time: 0.0575638
2026-07-01 08:39:25.479 9 WARNING neutron_lib.context [None req-521db307-4b72-455b-ac41-ed1eea7b15ea dd04d1bd0cf24403a29a5302f14a1ff6 ff74eef4f1e04ed1ad3cbf1a1612fae8 - - default default] Method 'is_advsvc' is deprecated since 2023.2 release (neutron-lib 3.8.0) and will be removed once support for the old RBAC API policies will be removed from Neutron. Please use method 'is_service_role' instead.
2026-07-01 08:39:25.511 9 INFO neutron.api.wsgi [None req-521db307-4b72-455b-ac41-ed1eea7b15ea dd04d1bd0cf24403a29a5302f14a1ff6 ff74eef4f1e04ed1ad3cbf1a1612fae8 - - default default] 10.0.0.220 "POST /v2.0/vpn/endpoint-groups HTTP/1.1" status: 201 len: 493 time: 0.0366454
2026-07-01 08:39:25.524 10 WARNING neutron.api.v2.base [None req-c323df72-8391-4b8a-9736-76329a2df95e dd04d1bd0cf24403a29a5302f14a1ff6 ff74eef4f1e04ed1ad3cbf1a1612fae8 - - default default] An exception happened while processing the request body. The exception message is [Unrecognized attribute(s) 'peer_cidr'].: webob.exc.HTTPBadRequest: Unrecognized attribute(s) 'peer_cidr'
2026-07-01 08:39:25.524 10 INFO neutron.api.v2.resource [None req-c323df72-8391-4b8a-9736-76329a2df95e dd04d1bd0cf24403a29a5302f14a1ff6 ff74eef4f1e04ed1ad3cbf1a1612fae8 - - default default] create failed (client error): Unrecognized attribute(s) 'peer_cidr'
2026-07-01 08:39:25.525 10 INFO neutron.api.wsgi [None req-c323df72-8391-4b8a-9736-76329a2df95e dd04d1bd0cf24403a29a5302f14a1ff6 ff74eef4f1e04ed1ad3cbf1a1612fae8 - - default default] 10.0.0.220 "POST /v2.0/vpn/ipsec-site-connections HTTP/1.1" status: 400 len: 313 time: 0.0080972
2026-07-01 08:39:25.543 10 INFO neutron.api.wsgi [None req-f518e85a-4036-4d3d-9c70-40239a75176b dd04d1bd0cf24403a29a5302f14a1ff6 ff74eef4f1e04ed1ad3cbf1a1612fae8 - - default default] 10.0.0.220 "GET /v2.0/vpn/endpoint-groups HTTP/1.1" status: 200 len: 1389 time: 0.0112336
2026-07-01 08:39:25.577 10 INFO neutron.api.wsgi [None req-6eabacfb-a979-4b6b-950e-0eee3a712f64 dd04d1bd0cf24403a29a5302f14a1ff6 ff74eef4f1e04ed1ad3cbf1a1612fae8 - - default default] 10.0.0.220 "DELETE /v2.0/vpn/endpoint-groups/26306811-34f1-480c-921f-041e887488d7 HTTP/1.1" status: 204 len: 168 time: 0.0289423
2026-07-01 08:39:25.593 10 INFO neutron.api.wsgi [None req-a91e0be6-2945-4cda-994e-cf833b261c3f dd04d1bd0cf24403a29a5302f14a1ff6 ff74eef4f1e04ed1ad3cbf1a1612fae8 - - default default] 10.0.0.220 "GET /v2.0/vpn/endpoint-groups HTTP/1.1" status: 200 len: 1112 time: 0.0106769
2026-07-01 08:39:25.607 10 INFO neutron.api.wsgi [None req-d10df356-2561-42ed-b497-896fd80ce862 dd04d1bd0cf24403a29a5302f14a1ff6 ff74eef4f1e04ed1ad3cbf1a1612fae8 - - default default] 10.0.0.220 "GET /v2.0/vpn/endpoint-groups HTTP/1.1" status: 200 len: 1112 time: 0.0097790
2026-07-01 08:39:25.639 9 INFO neutron.api.wsgi [None req-7fe7936d-1d46-45b0-833d-add1b31e1bfb dd04d1bd0cf24403a29a5302f14a1ff6 ff74eef4f1e04ed1ad3cbf1a1612fae8 - - default default] 10.0.0.220 "DELETE /v2.0/vpn/endpoint-groups/5207e7f2-d781-4e70-8336-bb3442bda120 HTTP/1.1" status: 204 len: 168 time: 0.0266335
2026-07-01 08:39:25.656 9 INFO neutron.api.wsgi [None req-70b8c8d5-4e91-4a58-99cd-c4936c59882d dd04d1bd0cf24403a29a5302f14a1ff6 ff74eef4f1e04ed1ad3cbf1a1612fae8 - - default default] 10.0.0.220 "GET /v2.0/vpn/endpoint-groups HTTP/1.1" status: 200 len: 828 time: 0.0117180
2026-07-01 08:39:25.676 9 WARNING neutron_lib.context [None req-ab1e2a58-b5ba-43df-97cc-b65763656b89 dd04d1bd0cf24403a29a5302f14a1ff6 ff74eef4f1e04ed1ad3cbf1a1612fae8 - - default default] Method 'is_advsvc' is deprecated since 2023.2 release (neutron-lib 3.8.0) and will be removed once support for the old RBAC API policies will be removed from Neutron. Please use method 'is_service_role' instead.
2026-07-01 08:39:25.731 9 INFO neutron.api.wsgi [None req-ab1e2a58-b5ba-43df-97cc-b65763656b89 dd04d1bd0cf24403a29a5302f14a1ff6 ff74eef4f1e04ed1ad3cbf1a1612fae8 - - default default] 10.0.0.220 "POST /v2.0/vpn/endpoint-groups HTTP/1.1" status: 201 len: 501 time: 0.0589890
2026-07-01 08:39:25.741 9 WARNING neutron_lib.context [None req-d3fce4e5-f50b-4c5a-9304-ee6fa9a35f38 dd04d1bd0cf24403a29a5302f14a1ff6 ff74eef4f1e04ed1ad3cbf1a1612fae8 - - default default] Method 'is_advsvc' is deprecated since 2023.2 release (neutron-lib 3.8.0) and will be removed once support for the old RBAC API policies will be removed from Neutron. Please use method 'is_service_role' instead.
2026-07-01 08:39:25.815 9 INFO neutron.api.wsgi [None req-d3fce4e5-f50b-4c5a-9304-ee6fa9a35f38 dd04d1bd0cf24403a29a5302f14a1ff6 ff74eef4f1e04ed1ad3cbf1a1612fae8 - - default default] 10.0.0.220 "POST /v2.0/vpn/endpoint-groups HTTP/1.1" status: 201 len: 493 time: 0.0785735
2026-07-01 08:39:25.832 9 WARNING neutron_lib.context [None req-43e51857-1a3a-4105-aff3-f993224de677 dd04d1bd0cf24403a29a5302f14a1ff6 ff74eef4f1e04ed1ad3cbf1a1612fae8 - - default default] Method 'is_advsvc' is deprecated since 2023.2 release (neutron-lib 3.8.0) and will be removed once support for the old RBAC API policies will be removed from Neutron. Please use method 'is_service_role' instead.
2026-07-01 08:39:25.873 10 WARNING neutron.plugins.ml2.drivers.ovn.mech_driver.ovsdb.ovn_client [None req-9279d8d2-9d5a-45fb-8f07-e10ca572ef06 - - - - - -] No hosting information found for port f51d1b67-a55b-45fa-b4fd-79a2a59eacf3: RuntimeError: No hosting information found for port f51d1b67-a55b-45fa-b4fd-79a2a59eacf3
2026-07-01 08:39:25.921 9 INFO neutron.api.v2.resource [None req-43e51857-1a3a-4105-aff3-f993224de677 dd04d1bd0cf24403a29a5302f14a1ff6 ff74eef4f1e04ed1ad3cbf1a1612fae8 - - default default] create failed (client error): The server could not comply with the request since it is either malformed or otherwise incorrect.
2026-07-01 08:39:25.923 9 INFO neutron.api.wsgi [None req-43e51857-1a3a-4105-aff3-f993224de677 dd04d1bd0cf24403a29a5302f14a1ff6 ff74eef4f1e04ed1ad3cbf1a1612fae8 - - default default] 10.0.0.220 "POST /v2.0/vpn/ipsec-site-connections HTTP/1.1" status: 400 len: 373 time: 0.0958397
2026-07-01 08:39:25.954 9 INFO neutron.api.wsgi [None req-22eab574-9962-4313-88f5-e00cdc2c985c dd04d1bd0cf24403a29a5302f14a1ff6 ff74eef4f1e04ed1ad3cbf1a1612fae8 - - default default] 10.0.0.220 "GET /v2.0/vpn/endpoint-groups HTTP/1.1" status: 200 len: 1389 time: 0.0251372
2026-07-01 08:39:25.987 9 INFO neutron.api.wsgi [None req-f36353d7-5a3c-4734-af4e-aa33e038d922 dd04d1bd0cf24403a29a5302f14a1ff6 ff74eef4f1e04ed1ad3cbf1a1612fae8 - - default default] 10.0.0.220 "DELETE /v2.0/vpn/endpoint-groups/3985801f-d03d-4e1a-91af-19326fccf4b0 HTTP/1.1" status: 204 len: 168 time: 0.0294740
2026-07-01 08:39:26.000 10 INFO neutron.db.ovn_revision_numbers_db [None req-9279d8d2-9d5a-45fb-8f07-e10ca572ef06 - - - - - -] Successfully bumped revision number for resource f51d1b67-a55b-45fa-b4fd-79a2a59eacf3 (type: router_ports) to 2
2026-07-01 08:39:26.001 10 INFO neutron.plugins.ml2.drivers.ovn.mech_driver.mech_driver [None req-9279d8d2-9d5a-45fb-8f07-e10ca572ef06 - - - - - -] OVN reports status up for port: 7f8d0411-10be-4731-8e25-219d6a012b65
2026-07-01 08:39:26.007 10 INFO neutron.api.wsgi [None req-595b9582-4c74-4646-aac8-fcf9be1c9d95 dd04d1bd0cf24403a29a5302f14a1ff6 ff74eef4f1e04ed1ad3cbf1a1612fae8 - - default default] 10.0.0.220 "GET /v2.0/vpn/endpoint-groups HTTP/1.1" status: 200 len: 1112 time: 0.0161898
2026-07-01 08:39:26.020 10 INFO neutron.plugins.ml2.plugin [None req-9279d8d2-9d5a-45fb-8f07-e10ca572ef06 - - - - - -] Attempt 1 to provision port 7f8d0411-10be-4731-8e25-219d6a012b65
2026-07-01 08:39:26.025 10 INFO neutron.api.wsgi [None req-8fa451e6-6648-40f2-82bc-adc238a89ab7 dd04d1bd0cf24403a29a5302f14a1ff6 ff74eef4f1e04ed1ad3cbf1a1612fae8 - - default default] 10.0.0.220 "GET /v2.0/vpn/endpoint-groups HTTP/1.1" status: 200 len: 1112 time: 0.0137358
2026-07-01 08:39:26.063 9 INFO neutron.api.wsgi [None req-72d9b530-3ec7-4d5a-9a67-1f8319bfa838 dd04d1bd0cf24403a29a5302f14a1ff6 ff74eef4f1e04ed1ad3cbf1a1612fae8 - - default default] 10.0.0.220 "DELETE /v2.0/vpn/endpoint-groups/d91f1563-045f-4b44-abd6-e4027662c2b0 HTTP/1.1" status: 204 len: 168 time: 0.0305281
2026-07-01 08:39:26.084 9 INFO neutron.api.wsgi [None req-9bf40ea4-6330-4821-9448-892c120da9c0 dd04d1bd0cf24403a29a5302f14a1ff6 ff74eef4f1e04ed1ad3cbf1a1612fae8 - - default default] 10.0.0.220 "GET /v2.0/vpn/endpoint-groups HTTP/1.1" status: 200 len: 828 time: 0.0147433
2026-07-01 08:39:26.098 9 WARNING neutron_lib.context [None req-c3f7c61b-1980-46ee-9546-5b364472469c dd04d1bd0cf24403a29a5302f14a1ff6 ff74eef4f1e04ed1ad3cbf1a1612fae8 - - default default] Method 'is_advsvc' is deprecated since 2023.2 release (neutron-lib 3.8.0) and will be removed once support for the old RBAC API policies will be removed from Neutron. Please use method 'is_service_role' instead.
2026-07-01 08:39:26.187 9 INFO neutron.api.wsgi [None req-c3f7c61b-1980-46ee-9546-5b364472469c dd04d1bd0cf24403a29a5302f14a1ff6 ff74eef4f1e04ed1ad3cbf1a1612fae8 - - default default] 10.0.0.220 "POST /v2.0/vpn/endpoint-groups HTTP/1.1" status: 201 len: 501 time: 0.0959599
2026-07-01 08:39:26.196 9 WARNING neutron.api.v2.base [None req-eb936d00-d578-471a-90f4-b42e322d3aa9 dd04d1bd0cf24403a29a5302f14a1ff6 ff74eef4f1e04ed1ad3cbf1a1612fae8 - - default default] An exception happened while processing the request body. The exception message is [Failed to parse request. Required attribute 'peer_id' not specified].: webob.exc.HTTPBadRequest: Failed to parse request. Required attribute 'peer_id' not specified
2026-07-01 08:39:26.197 9 INFO neutron.api.v2.resource [None req-eb936d00-d578-471a-90f4-b42e322d3aa9 dd04d1bd0cf24403a29a5302f14a1ff6 ff74eef4f1e04ed1ad3cbf1a1612fae8 - - default default] create failed (client error): Failed to parse request. Required attribute 'peer_id' not specified
2026-07-01 08:39:26.197 9 INFO neutron.api.wsgi [None req-eb936d00-d578-471a-90f4-b42e322d3aa9 dd04d1bd0cf24403a29a5302f14a1ff6 ff74eef4f1e04ed1ad3cbf1a1612fae8 - - default default] 10.0.0.220 "POST /v2.0/vpn/ipsec-site-connections HTTP/1.1" status: 400 len: 343 time: 0.0042768
2026-07-01 08:39:26.214 9 INFO neutron.api.wsgi [None req-7c3127ed-ebc0-4000-8c0c-b00cc27b063c dd04d1bd0cf24403a29a5302f14a1ff6 ff74eef4f1e04ed1ad3cbf1a1612fae8 - - default default] 10.0.0.220 "GET /v2.0/vpn/endpoint-groups HTTP/1.1" status: 200 len: 1112 time: 0.0133085
2026-07-01 08:39:26.252 10 INFO neutron.api.wsgi [None req-14cb456f-7ef0-4a07-818e-2ded1e5bc3e1 dd04d1bd0cf24403a29a5302f14a1ff6 ff74eef4f1e04ed1ad3cbf1a1612fae8 - - default default] 10.0.0.220 "DELETE /v2.0/vpn/endpoint-groups/0e98ac5e-7080-4dff-a4d5-2a2b0a9cebbf HTTP/1.1" status: 204 len: 168 time: 0.0310917
2026-07-01 08:39:26.272 9 INFO neutron.api.wsgi [None req-64f1d2a1-2b52-4198-8b3c-8e032b73f265 dd04d1bd0cf24403a29a5302f14a1ff6 ff74eef4f1e04ed1ad3cbf1a1612fae8 - - default default] 10.0.0.220 "GET /v2.0/vpn/endpoint-groups HTTP/1.1" status: 200 len: 828 time: 0.0143242
2026-07-01 08:39:26.283 9 WARNING neutron_lib.context [None req-af9ad6d3-fe90-4129-b20c-c541e2ff6099 dd04d1bd0cf24403a29a5302f14a1ff6 ff74eef4f1e04ed1ad3cbf1a1612fae8 - - default default] Method 'is_advsvc' is deprecated since 2023.2 release (neutron-lib 3.8.0) and will be removed once support for the old RBAC API policies will be removed from Neutron. Please use method 'is_service_role' instead.
2026-07-01 08:39:26.286 10 INFO neutron.db.ovn_revision_numbers_db [None req-9279d8d2-9d5a-45fb-8f07-e10ca572ef06 - - - - - -] Successfully bumped revision number for resource 7f8d0411-10be-4731-8e25-219d6a012b65 (type: ports) to 4
2026-07-01 08:39:26.328 9 INFO neutron.api.wsgi [None req-af9ad6d3-fe90-4129-b20c-c541e2ff6099 dd04d1bd0cf24403a29a5302f14a1ff6 ff74eef4f1e04ed1ad3cbf1a1612fae8 - - default default] 10.0.0.220 "POST /v2.0/vpn/endpoint-groups HTTP/1.1" status: 201 len: 492 time: 0.0493975
2026-07-01 08:39:26.339 10 WARNING neutron.api.v2.base [None req-884788eb-d2df-4f62-962d-d23d794e96a3 dd04d1bd0cf24403a29a5302f14a1ff6 ff74eef4f1e04ed1ad3cbf1a1612fae8 - - default default] An exception happened while processing the request body. The exception message is [Failed to parse request. Required attribute 'peer_id' not specified].: webob.exc.HTTPBadRequest: Failed to parse request. Required attribute 'peer_id' not specified
2026-07-01 08:39:26.340 10 INFO neutron.api.v2.resource [None req-884788eb-d2df-4f62-962d-d23d794e96a3 dd04d1bd0cf24403a29a5302f14a1ff6 ff74eef4f1e04ed1ad3cbf1a1612fae8 - - default default] create failed (client error): Failed to parse request. Required attribute 'peer_id' not specified
2026-07-01 08:39:26.341 10 INFO neutron.api.wsgi [None req-884788eb-d2df-4f62-962d-d23d794e96a3 dd04d1bd0cf24403a29a5302f14a1ff6 ff74eef4f1e04ed1ad3cbf1a1612fae8 - - default default] 10.0.0.220 "POST /v2.0/vpn/ipsec-site-connections HTTP/1.1" status: 400 len: 343 time: 0.0066872
2026-07-01 08:39:26.360 10 INFO neutron.api.wsgi [None req-679194cf-bffe-4fb8-91a9-a07735c6d4b9 dd04d1bd0cf24403a29a5302f14a1ff6 ff74eef4f1e04ed1ad3cbf1a1612fae8 - - default default] 10.0.0.220 "GET /v2.0/vpn/endpoint-groups HTTP/1.1" status: 200 len: 1103 time: 0.0139856
2026-07-01 08:39:26.389 9 INFO neutron.api.wsgi [None req-2f6ffc08-35b8-4b35-b2bc-a2aaeece583b dd04d1bd0cf24403a29a5302f14a1ff6 ff74eef4f1e04ed1ad3cbf1a1612fae8 - - default default] 10.0.0.220 "DELETE /v2.0/vpn/endpoint-groups/fbf23465-b7ae-4277-9b54-11ee040ce25e HTTP/1.1" status: 204 len: 168 time: 0.0244055
2026-07-01 08:39:26.413 9 INFO neutron.api.wsgi [None req-580a663e-4fdb-4a0f-9121-60ac3c44aee1 dd04d1bd0cf24403a29a5302f14a1ff6 ff74eef4f1e04ed1ad3cbf1a1612fae8 - - default default] 10.0.0.220 "GET /v2.0/vpn/endpoint-groups HTTP/1.1" status: 200 len: 828 time: 0.0128417
2026-07-01 08:39:26.424 9 WARNING neutron_lib.context [None req-b072daa8-b7da-4e86-b60e-752f7b40b29c dd04d1bd0cf24403a29a5302f14a1ff6 ff74eef4f1e04ed1ad3cbf1a1612fae8 - - default default] Method 'is_advsvc' is deprecated since 2023.2 release (neutron-lib 3.8.0) and will be removed once support for the old RBAC API policies will be removed from Neutron. Please use method 'is_service_role' instead.
2026-07-01 08:39:26.434 10 INFO neutron.plugins.ml2.drivers.ovn.mech_driver.mech_driver [None req-56788f2b-8497-4182-bbd9-85d9d582729e - - - - - -] OVN reports status up for port: 901c593f-8a1e-4392-a679-a95eb8803dd3
2026-07-01 08:39:26.447 10 INFO neutron.plugins.ml2.plugin [None req-56788f2b-8497-4182-bbd9-85d9d582729e - - - - - -] Attempt 1 to provision port 901c593f-8a1e-4392-a679-a95eb8803dd3
2026-07-01 08:39:26.476 9 INFO neutron.api.wsgi [None req-b072daa8-b7da-4e86-b60e-752f7b40b29c dd04d1bd0cf24403a29a5302f14a1ff6 ff74eef4f1e04ed1ad3cbf1a1612fae8 - - default default] 10.0.0.220 "POST /v2.0/vpn/endpoint-groups HTTP/1.1" status: 201 len: 488 time: 0.0565500
2026-07-01 08:39:26.485 9 WARNING neutron_lib.context [None req-29500310-1161-4a0f-abf2-d5011cad0c88 dd04d1bd0cf24403a29a5302f14a1ff6 ff74eef4f1e04ed1ad3cbf1a1612fae8 - - default default] Method 'is_advsvc' is deprecated since 2023.2 release (neutron-lib 3.8.0) and will be removed once support for the old RBAC API policies will be removed from Neutron. Please use method 'is_service_role' instead.
2026-07-01 08:39:26.543 9 INFO neutron.api.wsgi [None req-29500310-1161-4a0f-abf2-d5011cad0c88 dd04d1bd0cf24403a29a5302f14a1ff6 ff74eef4f1e04ed1ad3cbf1a1612fae8 - - default default] 10.0.0.220 "POST /v2.0/vpn/endpoint-groups HTTP/1.1" status: 201 len: 500 time: 0.0625522
2026-07-01 08:39:26.553 9 WARNING neutron_lib.context [None req-8a67aaf4-6750-4942-83e7-5f87446e7800 dd04d1bd0cf24403a29a5302f14a1ff6 ff74eef4f1e04ed1ad3cbf1a1612fae8 - - default default] Method 'is_advsvc' is deprecated since 2023.2 release (neutron-lib 3.8.0) and will be removed once support for the old RBAC API policies will be removed from Neutron. Please use method 'is_service_role' instead.
2026-07-01 08:39:26.561 10 INFO neutron.notifiers.nova [-] Nova event matching ['req-c57c22ea-cc38-42aa-861a-0caccc4a588c'] response: {'server_uuid': '5b5d0a1c-c1e6-4616-aa12-65460d315dd1', 'name': 'network-vif-plugged', 'status': 'completed', 'tag': '901c593f-8a1e-4392-a679-a95eb8803dd3', 'code': 200}
2026-07-01 08:39:26.679 10 INFO neutron.db.ovn_revision_numbers_db [None req-56788f2b-8497-4182-bbd9-85d9d582729e - - - - - -] Successfully bumped revision number for resource 901c593f-8a1e-4392-a679-a95eb8803dd3 (type: ports) to 5
2026-07-01 08:39:27.232 9 INFO neutron.db.ovn_revision_numbers_db [None req-8a67aaf4-6750-4942-83e7-5f87446e7800 dd04d1bd0cf24403a29a5302f14a1ff6 ff74eef4f1e04ed1ad3cbf1a1612fae8 - - default default] Successfully bumped revision number for resource df4cec79-b2be-4756-b8ef-1ada1c4cfc37 (type: routers) to 6
2026-07-01 08:39:27.261 9 INFO neutron.api.wsgi [None req-8a67aaf4-6750-4942-83e7-5f87446e7800 dd04d1bd0cf24403a29a5302f14a1ff6 ff74eef4f1e04ed1ad3cbf1a1612fae8 - - default default] 10.0.0.220 "POST /v2.0/vpn/ipsec-site-connections HTTP/1.1" status: 201 len: 1044 time: 0.7140901
2026-07-01 08:39:27.501 9 INFO neutron.api.wsgi [req-0884b4ec-1b11-4f6a-ab13-3662b670621b req-1fc55b85-5c0b-4025-8a8a-12c0eb62c7dd 36b0c00a8e904af6ac46d1e4d432fc01 bd75923a26204044a26a04f015198e04 - - default default] 10.0.0.193 "GET /v2.0/ports?device_id=5b5d0a1c-c1e6-4616-aa12-65460d315dd1 HTTP/1.1" status: 200 len: 1413 time: 0.0444453
2026-07-01 08:39:27.545 9 INFO neutron.api.wsgi [req-0884b4ec-1b11-4f6a-ab13-3662b670621b req-01c675a5-c677-471a-9144-8019a468acb9 36b0c00a8e904af6ac46d1e4d432fc01 bd75923a26204044a26a04f015198e04 - - default default] 10.0.0.193 "GET /v2.0/security-groups?id=ad5abef6-1515-4fa2-a335-3d01ddfd7d56&fields=id&fields=name HTTP/1.1" status: 200 len: 294 time: 0.0361862 /var/lib/openstack/lib/python3.12/site-packages/pycadf/identifier.py:71: UserWarning: Invalid uuid: neutron. To ensure interoperability, identifiers should be a valid uuid. warnings.warn(('Invalid uuid: %s. To ensure interoperability, '
2026-07-01 08:39:27.632 10 INFO neutron.api.wsgi [req-be5bbadb-20a9-4e6e-ba52-a5197506fa20 req-57c47e05-6ad4-4e76-969a-f5747a55bd9b 36b0c00a8e904af6ac46d1e4d432fc01 bd75923a26204044a26a04f015198e04 - - default default] 10.0.0.193 "GET /v2.0/ports?device_id=5b5d0a1c-c1e6-4616-aa12-65460d315dd1 HTTP/1.1" status: 200 len: 1413 time: 0.0325174
2026-07-01 08:39:27.844 9 INFO neutron.db.ovn_revision_numbers_db [None req-db2b5e3c-09c5-4a84-a4fe-3af47d336999 dd04d1bd0cf24403a29a5302f14a1ff6 ff74eef4f1e04ed1ad3cbf1a1612fae8 - - default default] Successfully bumped revision number for resource df4cec79-b2be-4756-b8ef-1ada1c4cfc37 (type: routers) to 7
2026-07-01 08:39:27.865 9 INFO neutron.api.wsgi [None req-db2b5e3c-09c5-4a84-a4fe-3af47d336999 dd04d1bd0cf24403a29a5302f14a1ff6 ff74eef4f1e04ed1ad3cbf1a1612fae8 - - default default] 10.0.0.220 "DELETE /v2.0/vpn/ipsec-site-connections/575987af-81d4-4cb3-92ca-bbb6d7826165 HTTP/1.1" status: 204 len: 168 time: 0.5980282
2026-07-01 08:39:27.886 9 INFO neutron.api.wsgi [None req-b37f7c49-8e0a-4a06-ae3f-202cbc7689e7 dd04d1bd0cf24403a29a5302f14a1ff6 ff74eef4f1e04ed1ad3cbf1a1612fae8 - - default default] 10.0.0.220 "GET /v2.0/vpn/ipsec-site-connections HTTP/1.1" status: 200 len: 990 time: 0.0158796
2026-07-01 08:39:27.899 9 INFO neutron.api.v2.resource [None req-7343983f-f1c0-43b2-8169-d91c1256bb04 dd04d1bd0cf24403a29a5302f14a1ff6 ff74eef4f1e04ed1ad3cbf1a1612fae8 - - default default] delete failed (client error): The resource could not be found.
2026-07-01 08:39:27.900 9 INFO neutron.api.wsgi [None req-7343983f-f1c0-43b2-8169-d91c1256bb04 dd04d1bd0cf24403a29a5302f14a1ff6 ff74eef4f1e04ed1ad3cbf1a1612fae8 - - default default] 10.0.0.220 "DELETE /v2.0/vpn/ipsec-site-connections/575987af-81d4-4cb3-92ca-bbb6d7826165 HTTP/1.1" status: 404 len: 355 time: 0.0090628
2026-07-01 08:39:27.915 9 INFO neutron.api.wsgi [None req-a9a0a2ca-8a52-477f-a5a1-ab8df96ae18d dd04d1bd0cf24403a29a5302f14a1ff6 ff74eef4f1e04ed1ad3cbf1a1612fae8 - - default default] 10.0.0.220 "GET /v2.0/vpn/endpoint-groups HTTP/1.1" status: 200 len: 1383 time: 0.0110722
2026-07-01 08:39:27.943 9 INFO neutron.api.wsgi [None req-6fa1a034-0d98-419c-a697-9cf5c0620989 dd04d1bd0cf24403a29a5302f14a1ff6 ff74eef4f1e04ed1ad3cbf1a1612fae8 - - default default] 10.0.0.220 "DELETE /v2.0/vpn/endpoint-groups/a18b2429-8f96-4689-a10e-ae9559051115 HTTP/1.1" status: 204 len: 168 time: 0.0231702
2026-07-01 08:39:27.959 9 INFO neutron.api.wsgi [None req-066ddc2d-bfba-48fd-be5f-7dfc25fbc515 dd04d1bd0cf24403a29a5302f14a1ff6 ff74eef4f1e04ed1ad3cbf1a1612fae8 - - default default] 10.0.0.220 "GET /v2.0/vpn/endpoint-groups HTTP/1.1" status: 200 len: 1099 time: 0.0107431
2026-07-01 08:39:27.975 9 INFO neutron.api.wsgi [None req-9764c643-ba57-4a81-bcb7-48f2f685f79e dd04d1bd0cf24403a29a5302f14a1ff6 ff74eef4f1e04ed1ad3cbf1a1612fae8 - - default default] 10.0.0.220 "GET /v2.0/vpn/endpoint-groups HTTP/1.1" status: 200 len: 1099 time: 0.0115104
2026-07-01 08:39:28.022 9 INFO neutron.api.wsgi [None req-6c633a91-0ad7-4826-bb85-3c275d4db5d0 dd04d1bd0cf24403a29a5302f14a1ff6 ff74eef4f1e04ed1ad3cbf1a1612fae8 - - default default] 10.0.0.220 "DELETE /v2.0/vpn/endpoint-groups/6bdcaf3d-e7cf-46a1-afd3-0b58e7a232a4 HTTP/1.1" status: 204 len: 168 time: 0.0359368
2026-07-01 08:39:28.035 9 INFO neutron.api.wsgi [None req-84df7362-3e89-4581-b6c0-4be6a431b830 dd04d1bd0cf24403a29a5302f14a1ff6 ff74eef4f1e04ed1ad3cbf1a1612fae8 - - default default] 10.0.0.220 "GET /v2.0/vpn/endpoint-groups HTTP/1.1" status: 200 len: 828 time: 0.0079296
2026-07-01 08:39:28.044 9 WARNING neutron_lib.context [None req-8f9251a8-c2b4-4675-8f58-72247acf1f7e dd04d1bd0cf24403a29a5302f14a1ff6 ff74eef4f1e04ed1ad3cbf1a1612fae8 - - default default] Method 'is_advsvc' is deprecated since 2023.2 release (neutron-lib 3.8.0) and will be removed once support for the old RBAC API policies will be removed from Neutron. Please use method 'is_service_role' instead.
2026-07-01 08:39:28.528 9 WARNING neutron.plugins.ml2.drivers.ovn.mech_driver.ovsdb.ovn_client [None req-04f6bc8c-f4a2-4830-ad70-9b5af82042d3 - - - - - -] No port found with ID b07b1266-5545-4878-9e27-7ca1c875eb75: RuntimeError: No port found with ID b07b1266-5545-4878-9e27-7ca1c875eb75
2026-07-01 08:39:28.594 10 INFO neutron.notifiers.nova [-] Nova event matching ['req-84df3286-28ab-4407-8dcb-d29a3b813765'] response: {'server_uuid': '5b5d0a1c-c1e6-4616-aa12-65460d315dd1', 'name': 'network-vif-plugged', 'status': 'completed', 'tag': '901c593f-8a1e-4392-a679-a95eb8803dd3', 'code': 200}
2026-07-01 08:39:28.618 9 INFO neutron.db.ovn_revision_numbers_db [None req-8f9251a8-c2b4-4675-8f58-72247acf1f7e dd04d1bd0cf24403a29a5302f14a1ff6 ff74eef4f1e04ed1ad3cbf1a1612fae8 - - default default] Successfully bumped revision number for resource df4cec79-b2be-4756-b8ef-1ada1c4cfc37 (type: routers) to 8
2026-07-01 08:39:28.658 9 INFO neutron.api.wsgi [None req-8f9251a8-c2b4-4675-8f58-72247acf1f7e dd04d1bd0cf24403a29a5302f14a1ff6 ff74eef4f1e04ed1ad3cbf1a1612fae8 - - default default] 10.0.0.220 "POST /v2.0/vpn/ipsec-site-connections HTTP/1.1" status: 201 len: 1004 time: 0.6174431
2026-07-01 08:39:29.130 9 INFO neutron.db.ovn_revision_numbers_db [None req-344f1255-ac31-4926-95cd-afb79990d05f dd04d1bd0cf24403a29a5302f14a1ff6 ff74eef4f1e04ed1ad3cbf1a1612fae8 - - default default] Successfully bumped revision number for resource df4cec79-b2be-4756-b8ef-1ada1c4cfc37 (type: routers) to 9
2026-07-01 08:39:29.151 9 INFO neutron.api.wsgi [None req-344f1255-ac31-4926-95cd-afb79990d05f dd04d1bd0cf24403a29a5302f14a1ff6 ff74eef4f1e04ed1ad3cbf1a1612fae8 - - default default] 10.0.0.220 "DELETE /v2.0/vpn/ipsec-site-connections/46ee2630-a4d8-4196-be18-a78cd1fa0326 HTTP/1.1" status: 204 len: 168 time: 0.4817245
2026-07-01 08:39:29.168 9 INFO neutron.api.wsgi [None req-6b42f66b-234a-46eb-8c14-3fe91c658ea4 dd04d1bd0cf24403a29a5302f14a1ff6 ff74eef4f1e04ed1ad3cbf1a1612fae8 - - default default] 10.0.0.220 "GET /v2.0/vpn/ipsec-site-connections HTTP/1.1" status: 200 len: 990 time: 0.0108747
2026-07-01 08:39:29.181 9 INFO neutron.api.v2.resource [None req-613fc6bc-4bb1-4aa0-9f2f-b8fd875f19af dd04d1bd0cf24403a29a5302f14a1ff6 ff74eef4f1e04ed1ad3cbf1a1612fae8 - - default default] delete failed (client error): The resource could not be found.
2026-07-01 08:39:29.183 9 INFO neutron.api.wsgi [None req-613fc6bc-4bb1-4aa0-9f2f-b8fd875f19af dd04d1bd0cf24403a29a5302f14a1ff6 ff74eef4f1e04ed1ad3cbf1a1612fae8 - - default default] 10.0.0.220 "DELETE /v2.0/vpn/ipsec-site-connections/46ee2630-a4d8-4196-be18-a78cd1fa0326 HTTP/1.1" status: 404 len: 355 time: 0.0089052
2026-07-01 08:39:29.198 9 WARNING neutron_lib.context [None req-63f1510a-c83d-4924-8f2f-e06b92153692 dd04d1bd0cf24403a29a5302f14a1ff6 ff74eef4f1e04ed1ad3cbf1a1612fae8 - - default default] Method 'is_advsvc' is deprecated since 2023.2 release (neutron-lib 3.8.0) and will be removed once support for the old RBAC API policies will be removed from Neutron. Please use method 'is_service_role' instead.
2026-07-01 08:39:29.235 9 INFO neutron.api.wsgi [None req-63f1510a-c83d-4924-8f2f-e06b92153692 dd04d1bd0cf24403a29a5302f14a1ff6 ff74eef4f1e04ed1ad3cbf1a1612fae8 - - default default] 10.0.0.220 "POST /v2.0/vpn/endpoint-groups HTTP/1.1" status: 201 len: 489 time: 0.0430202
2026-07-01 08:39:29.256 9 INFO neutron.api.wsgi [None req-feefc254-b5e4-4783-b46e-07d78defdce2 dd04d1bd0cf24403a29a5302f14a1ff6 ff74eef4f1e04ed1ad3cbf1a1612fae8 - - default default] 10.0.0.220 "PUT /v2.0/vpn/endpoint-groups/7c0e9d87-bf0e-45ed-a2c8-2505f393a9c5 HTTP/1.1" status: 200 len: 484 time: 0.0162675
2026-07-01 08:39:29.269 9 INFO neutron.api.wsgi [None req-3d4769e3-045c-4fc0-a1cc-1d3d224e1ac9 dd04d1bd0cf24403a29a5302f14a1ff6 ff74eef4f1e04ed1ad3cbf1a1612fae8 - - default default] 10.0.0.220 "GET /v2.0/vpn/endpoint-groups/7c0e9d87-bf0e-45ed-a2c8-2505f393a9c5 HTTP/1.1" status: 200 len: 484 time: 0.0087416
2026-07-01 08:39:29.298 9 INFO neutron.api.wsgi [None req-d347af5c-2dd9-4819-9926-1db16829b4e5 dd04d1bd0cf24403a29a5302f14a1ff6 ff74eef4f1e04ed1ad3cbf1a1612fae8 - - default default] 10.0.0.220 "DELETE /v2.0/vpn/endpoint-groups/7c0e9d87-bf0e-45ed-a2c8-2505f393a9c5 HTTP/1.1" status: 204 len: 168 time: 0.0224276
2026-07-01 08:39:29.311 9 INFO neutron.api.wsgi [None req-073d05e6-1610-4b83-823c-0691193c9ae2 dd04d1bd0cf24403a29a5302f14a1ff6 ff74eef4f1e04ed1ad3cbf1a1612fae8 - - default default] 10.0.0.220 "GET /v2.0/vpn/endpoint-groups HTTP/1.1" status: 200 len: 828 time: 0.0092809
2026-07-01 08:39:29.323 9 INFO neutron.api.wsgi [None req-ebdfdf1e-2fd0-44eb-9fb8-7f428edbe7f3 dd04d1bd0cf24403a29a5302f14a1ff6 ff74eef4f1e04ed1ad3cbf1a1612fae8 - - default default] 10.0.0.220 "GET /v2.0/vpn/endpoint-groups HTTP/1.1" status: 200 len: 828 time: 0.0085714
2026-07-01 08:39:29.332 9 WARNING neutron_lib.context [None req-2469f52d-54f5-4b5f-a964-c6dc91cbd814 dd04d1bd0cf24403a29a5302f14a1ff6 ff74eef4f1e04ed1ad3cbf1a1612fae8 - - default default] Method 'is_advsvc' is deprecated since 2023.2 release (neutron-lib 3.8.0) and will be removed once support for the old RBAC API policies will be removed from Neutron. Please use method 'is_service_role' instead.
2026-07-01 08:39:29.367 9 INFO neutron.api.wsgi [None req-2469f52d-54f5-4b5f-a964-c6dc91cbd814 dd04d1bd0cf24403a29a5302f14a1ff6 ff74eef4f1e04ed1ad3cbf1a1612fae8 - - default default] 10.0.0.220 "POST /v2.0/vpn/ikepolicies HTTP/1.1" status: 201 len: 601 time: 0.0385754
2026-07-01 08:39:29.397 9 INFO neutron.api.wsgi [None req-6892294c-9732-45e7-b79e-2da542ff7810 dd04d1bd0cf24403a29a5302f14a1ff6 ff74eef4f1e04ed1ad3cbf1a1612fae8 - - default default] 10.0.0.220 "PUT /v2.0/vpn/ikepolicies/9a61fdac-1cf1-4f23-99e7-b16a17ce70c9 HTTP/1.1" status: 200 len: 613 time: 0.0246058
2026-07-01 08:39:29.410 9 INFO neutron.api.wsgi [None req-bbdb23e4-3c3d-47b0-a074-d695df4ba012 dd04d1bd0cf24403a29a5302f14a1ff6 ff74eef4f1e04ed1ad3cbf1a1612fae8 - - default default] 10.0.0.220 "GET /v2.0/vpn/ikepolicies/9a61fdac-1cf1-4f23-99e7-b16a17ce70c9 HTTP/1.1" status: 200 len: 613 time: 0.0080864
2026-07-01 08:39:29.438 9 INFO neutron.api.wsgi [None req-2c499a5e-2308-4c12-8072-5cf738463849 dd04d1bd0cf24403a29a5302f14a1ff6 ff74eef4f1e04ed1ad3cbf1a1612fae8 - - default default] 10.0.0.220 "DELETE /v2.0/vpn/ikepolicies/9a61fdac-1cf1-4f23-99e7-b16a17ce70c9 HTTP/1.1" status: 204 len: 168 time: 0.0243666
2026-07-01 08:39:29.452 9 INFO neutron.api.wsgi [None req-fadcd567-25c9-4f4c-a62c-4106998dedbd dd04d1bd0cf24403a29a5302f14a1ff6 ff74eef4f1e04ed1ad3cbf1a1612fae8 - - default default] 10.0.0.220 "GET /v2.0/vpn/ikepolicies HTTP/1.1" status: 200 len: 602 time: 0.0107281
2026-07-01 08:39:29.465 9 INFO neutron.api.wsgi [None req-76f018c1-aefb-4003-8660-633dad1d2442 dd04d1bd0cf24403a29a5302f14a1ff6 ff74eef4f1e04ed1ad3cbf1a1612fae8 - - default default] 10.0.0.220 "GET /v2.0/vpn/ikepolicies HTTP/1.1" status: 200 len: 602 time: 0.0082200
2026-07-01 08:39:29.474 9 WARNING neutron_lib.context [None req-dfbcc1b4-5c7f-48d4-a42f-39f80d2acba5 dd04d1bd0cf24403a29a5302f14a1ff6 ff74eef4f1e04ed1ad3cbf1a1612fae8 - - default default] Method 'is_advsvc' is deprecated since 2023.2 release (neutron-lib 3.8.0) and will be removed once support for the old RBAC API policies will be removed from Neutron. Please use method 'is_service_role' instead.
2026-07-01 08:39:29.507 9 INFO neutron.api.wsgi [None req-dfbcc1b4-5c7f-48d4-a42f-39f80d2acba5 dd04d1bd0cf24403a29a5302f14a1ff6 ff74eef4f1e04ed1ad3cbf1a1612fae8 - - default default] 10.0.0.220 "POST /v2.0/vpn/ipsecpolicies HTTP/1.1" status: 201 len: 611 time: 0.0369546
2026-07-01 08:39:29.542 9 INFO neutron.api.wsgi [None req-c34fb9ca-d354-4814-a500-694e492e5e1d dd04d1bd0cf24403a29a5302f14a1ff6 ff74eef4f1e04ed1ad3cbf1a1612fae8 - - default default] 10.0.0.220 "PUT /v2.0/vpn/ipsecpolicies/059eaad1-3667-4651-b495-0f040ee2bd21 HTTP/1.1" status: 200 len: 625 time: 0.0287874
2026-07-01 08:39:29.582 9 INFO neutron.api.wsgi [None req-635f0a38-14c4-420d-ac93-0fea3d950138 dd04d1bd0cf24403a29a5302f14a1ff6 ff74eef4f1e04ed1ad3cbf1a1612fae8 - - default default] 10.0.0.220 "DELETE /v2.0/vpn/ipsecpolicies/059eaad1-3667-4651-b495-0f040ee2bd21 HTTP/1.1" status: 204 len: 168 time: 0.0334392
2026-07-01 08:39:29.596 9 INFO neutron.api.v2.resource [None req-ead6113a-7a30-47fc-a0c8-1dadaaa5e25f dd04d1bd0cf24403a29a5302f14a1ff6 ff74eef4f1e04ed1ad3cbf1a1612fae8 - - default default] delete failed (client error): The resource could not be found.
2026-07-01 08:39:29.597 9 INFO neutron.api.wsgi [None req-ead6113a-7a30-47fc-a0c8-1dadaaa5e25f dd04d1bd0cf24403a29a5302f14a1ff6 ff74eef4f1e04ed1ad3cbf1a1612fae8 - - default default] 10.0.0.220 "DELETE /v2.0/vpn/ipsecpolicies/059eaad1-3667-4651-b495-0f040ee2bd21 HTTP/1.1" status: 404 len: 346 time: 0.0105152
2026-07-01 08:39:29.612 9 INFO neutron.api.v2.resource [None req-0bb82c8a-f628-4bbd-97cf-b8ed5fe5e2c1 dd04d1bd0cf24403a29a5302f14a1ff6 ff74eef4f1e04ed1ad3cbf1a1612fae8 - - default default] delete failed (client error): The resource could not be found.
2026-07-01 08:39:29.613 9 INFO neutron.api.wsgi [None req-0bb82c8a-f628-4bbd-97cf-b8ed5fe5e2c1 dd04d1bd0cf24403a29a5302f14a1ff6 ff74eef4f1e04ed1ad3cbf1a1612fae8 - - default default] 10.0.0.220 "DELETE /v2.0/vpn/ipsecpolicies/059eaad1-3667-4651-b495-0f040ee2bd21 HTTP/1.1" status: 404 len: 346 time: 0.0095739
2026-07-01 08:39:29.625 9 WARNING neutron_lib.context [None req-debd7ddd-10fc-4d43-8515-324beb6f9510 dd04d1bd0cf24403a29a5302f14a1ff6 ff74eef4f1e04ed1ad3cbf1a1612fae8 - - default default] Method 'is_advsvc' is deprecated since 2023.2 release (neutron-lib 3.8.0) and will be removed once support for the old RBAC API policies will be removed from Neutron. Please use method 'is_service_role' instead.
2026-07-01 08:39:29.715 9 INFO neutron.db.segments_db [None req-debd7ddd-10fc-4d43-8515-324beb6f9510 dd04d1bd0cf24403a29a5302f14a1ff6 ff74eef4f1e04ed1ad3cbf1a1612fae8 - - default default] Added segment e65a0213-938a-4f8c-a787-2b2bfc87aa5c of type geneve for network 7fc762c3-ea10-422c-80ce-9b2273b34163
2026-07-01 08:39:29.840 9 INFO neutron.db.ovn_revision_numbers_db [None req-debd7ddd-10fc-4d43-8515-324beb6f9510 dd04d1bd0cf24403a29a5302f14a1ff6 ff74eef4f1e04ed1ad3cbf1a1612fae8 - - default default] Successfully bumped revision number for resource 7fc762c3-ea10-422c-80ce-9b2273b34163 (type: networks) to 1
2026-07-01 08:39:30.035 9 WARNING neutron.scheduler.dhcp_agent_scheduler [None req-debd7ddd-10fc-4d43-8515-324beb6f9510 dd04d1bd0cf24403a29a5302f14a1ff6 ff74eef4f1e04ed1ad3cbf1a1612fae8 - - default default] No more DHCP agents
2026-07-01 08:39:30.036 9 WARNING neutron.api.rpc.agentnotifiers.dhcp_rpc_agent_api [None req-debd7ddd-10fc-4d43-8515-324beb6f9510 dd04d1bd0cf24403a29a5302f14a1ff6 ff74eef4f1e04ed1ad3cbf1a1612fae8 - - default default] Unable to schedule network 7fc762c3-ea10-422c-80ce-9b2273b34163: no agents available; will retry on subsequent port and subnet creation events.
2026-07-01 08:39:30.103 9 INFO neutron.db.ovn_revision_numbers_db [None req-debd7ddd-10fc-4d43-8515-324beb6f9510 dd04d1bd0cf24403a29a5302f14a1ff6 ff74eef4f1e04ed1ad3cbf1a1612fae8 - - default default] Successfully bumped revision number for resource 9336bd07-ac77-4530-aa56-952701c2424d (type: ports) to 1
2026-07-01 08:39:30.135 9 INFO neutron.api.wsgi [None req-debd7ddd-10fc-4d43-8515-324beb6f9510 dd04d1bd0cf24403a29a5302f14a1ff6 ff74eef4f1e04ed1ad3cbf1a1612fae8 - - default default] 10.0.0.220 "POST /v2.0/networks HTTP/1.1" status: 201 len: 830 time: 0.5142977
2026-07-01 08:39:30.145 9 WARNING neutron_lib.context [None req-c6c21466-3955-4ab0-8c6a-622e0da69fd5 dd04d1bd0cf24403a29a5302f14a1ff6 ff74eef4f1e04ed1ad3cbf1a1612fae8 - - default default] Method 'is_advsvc' is deprecated since 2023.2 release (neutron-lib 3.8.0) and will be removed once support for the old RBAC API policies will be removed from Neutron. Please use method 'is_service_role' instead.
2026-07-01 08:39:30.390 9 WARNING neutron.scheduler.dhcp_agent_scheduler [None req-c6c21466-3955-4ab0-8c6a-622e0da69fd5 dd04d1bd0cf24403a29a5302f14a1ff6 ff74eef4f1e04ed1ad3cbf1a1612fae8 - - default default] No more DHCP agents
2026-07-01 08:39:30.407 9 WARNING neutron.api.rpc.agentnotifiers.dhcp_rpc_agent_api [None req-c6c21466-3955-4ab0-8c6a-622e0da69fd5 dd04d1bd0cf24403a29a5302f14a1ff6 ff74eef4f1e04ed1ad3cbf1a1612fae8 - - default default] Unable to schedule network 7fc762c3-ea10-422c-80ce-9b2273b34163: no agents available; will retry on subsequent port and subnet creation events.
2026-07-01 08:39:30.685 9 INFO neutron.api.wsgi [req-32012156-4de6-4fe8-a6cb-d7ea53b51877 req-78259873-35d4-4de3-aed3-ddc966d88b2f 36b0c00a8e904af6ac46d1e4d432fc01 bd75923a26204044a26a04f015198e04 - - default default] 10.0.0.193 "GET /v2.0/ports?device_id=5b5d0a1c-c1e6-4616-aa12-65460d315dd1 HTTP/1.1" status: 200 len: 1413 time: 0.0348821
2026-07-01 08:39:30.731 9 INFO neutron.api.wsgi [req-32012156-4de6-4fe8-a6cb-d7ea53b51877 req-936ef0b5-21b1-4270-ba64-8ce812f524e1 36b0c00a8e904af6ac46d1e4d432fc01 bd75923a26204044a26a04f015198e04 - - default default] 10.0.0.193 "GET /v2.0/security-groups?id=ad5abef6-1515-4fa2-a335-3d01ddfd7d56&fields=id&fields=name HTTP/1.1" status: 200 len: 294 time: 0.0374758
2026-07-01 08:39:30.830 10 INFO neutron.api.wsgi [req-07506dbb-05b3-4913-ad42-77c342050736 req-26d95c05-709a-4be1-bb0e-ca6e019324cf 36b0c00a8e904af6ac46d1e4d432fc01 bd75923a26204044a26a04f015198e04 - - default default] 10.0.0.193 "GET /v2.0/ports?device_id=5b5d0a1c-c1e6-4616-aa12-65460d315dd1 HTTP/1.1" status: 200 len: 1413 time: 0.0373814
2026-07-01 08:39:30.920 9 INFO neutron.db.ovn_revision_numbers_db [None req-4cdf9bc6-a706-46f4-a99a-bded74628c62 - - - - - -] Successfully bumped revision number for resource 9336bd07-ac77-4530-aa56-952701c2424d (type: ports) to 2
2026-07-01 08:39:30.971 9 INFO neutron.db.ovn_revision_numbers_db [None req-4cdf9bc6-a706-46f4-a99a-bded74628c62 - - - - - -] Successfully bumped revision number for resource 8b57ace8-3185-4ba1-8cf4-eb4168391f71 (type: subnets) to 0
2026-07-01 08:39:30.998 9 INFO neutron.api.wsgi [None req-c6c21466-3955-4ab0-8c6a-622e0da69fd5 dd04d1bd0cf24403a29a5302f14a1ff6 ff74eef4f1e04ed1ad3cbf1a1612fae8 - - default default] 10.0.0.220 "POST /v2.0/subnets HTTP/1.1" status: 201 len: 828 time: 0.8574438
2026-07-01 08:39:31.009 9 WARNING neutron_lib.context [None req-2c8b5030-c256-4cd6-b403-33da0ca04ce7 dd04d1bd0cf24403a29a5302f14a1ff6 ff74eef4f1e04ed1ad3cbf1a1612fae8 - - default default] Method 'is_advsvc' is deprecated since 2023.2 release (neutron-lib 3.8.0) and will be removed once support for the old RBAC API policies will be removed from Neutron. Please use method 'is_service_role' instead.
2026-07-01 08:39:31.444 9 WARNING neutron.scheduler.dhcp_agent_scheduler [None req-2c8b5030-c256-4cd6-b403-33da0ca04ce7 dd04d1bd0cf24403a29a5302f14a1ff6 ff74eef4f1e04ed1ad3cbf1a1612fae8 - - default default] No more DHCP agents
2026-07-01 08:39:31.446 9 WARNING neutron.api.rpc.agentnotifiers.dhcp_rpc_agent_api [None req-2c8b5030-c256-4cd6-b403-33da0ca04ce7 dd04d1bd0cf24403a29a5302f14a1ff6 ff74eef4f1e04ed1ad3cbf1a1612fae8 - - default default] Unable to schedule network 60b61759-f4f3-45eb-a1af-86e709006d56: no agents available; will retry on subsequent port and subnet creation events.
2026-07-01 08:39:31.577 9 INFO neutron.db.ovn_revision_numbers_db [None req-2c8b5030-c256-4cd6-b403-33da0ca04ce7 dd04d1bd0cf24403a29a5302f14a1ff6 ff74eef4f1e04ed1ad3cbf1a1612fae8 - - default default] Successfully bumped revision number for resource 21aef060-98c5-4cdb-8e4f-e533470a2a0e (type: ports) to 1
2026-07-01 08:39:32.007 10 INFO neutron.api.wsgi [None req-3b645bde-df59-48de-9727-81334cb235ef 36b0c00a8e904af6ac46d1e4d432fc01 bd75923a26204044a26a04f015198e04 - - default default] 10.0.0.26 "GET /v2.0/floatingips HTTP/1.1" status: 200 len: 1879 time: 0.2250423
2026-07-01 08:39:32.030 10 INFO neutron.api.wsgi [None req-119f36eb-14f1-47b7-ae1e-142df27246a4 36b0c00a8e904af6ac46d1e4d432fc01 bd75923a26204044a26a04f015198e04 - - default default] 10.0.0.26 "GET /v2.0/agents HTTP/1.1" status: 200 len: 1390 time: 0.0183215
2026-07-01 08:39:32.049 10 INFO neutron.api.wsgi [None req-a71ddde5-4faa-4ab4-b552-c6e040b98bf5 36b0c00a8e904af6ac46d1e4d432fc01 bd75923a26204044a26a04f015198e04 - - default default] 10.0.0.26 "GET /v2.0/network-ip-availabilities HTTP/1.1" status: 200 len: 5034 time: 0.0171070
2026-07-01 08:39:32.129 10 INFO neutron.api.wsgi [None req-bb73fe20-9c0e-4a49-a74c-9c2f86e0c5e5 36b0c00a8e904af6ac46d1e4d432fc01 bd75923a26204044a26a04f015198e04 - - default default] 10.0.0.26 "GET /v2.0/subnets HTTP/1.1" status: 200 len: 8290 time: 0.0788438
2026-07-01 08:39:32.141 10 INFO neutron.api.wsgi [None req-349f5fd0-f74d-4cef-8d9e-80651088dd89 36b0c00a8e904af6ac46d1e4d432fc01 bd75923a26204044a26a04f015198e04 - - default default] 10.0.0.26 "GET /v2.0/subnetpools HTTP/1.1" status: 200 len: 193 time: 0.0101879
2026-07-01 08:39:32.190 10 INFO neutron.api.wsgi [None req-c4e48c3b-fdd0-43e7-8248-4f209eac41ea 36b0c00a8e904af6ac46d1e4d432fc01 bd75923a26204044a26a04f015198e04 - - default default] 10.0.0.26 "GET /v2.0/security-groups HTTP/1.1" status: 200 len: 33335 time: 0.0484788
2026-07-01 08:39:32.346 10 INFO neutron.api.wsgi [None req-c938e329-c9e8-4590-9920-d87c6e01a8b5 36b0c00a8e904af6ac46d1e4d432fc01 bd75923a26204044a26a04f015198e04 - - default default] 10.0.0.26 "GET /v2.0/ports HTTP/1.1" status: 200 len: 32363 time: 0.1459727
2026-07-01 08:39:32.456 10 INFO neutron.api.wsgi [None req-4a445b18-fd13-4e48-81fe-41fc0b711715 36b0c00a8e904af6ac46d1e4d432fc01 bd75923a26204044a26a04f015198e04 - - default default] 10.0.0.26 "GET /v2.0/routers HTTP/1.1" status: 200 len: 4079 time: 0.0914707
2026-07-01 08:39:32.472 10 INFO neutron.api.wsgi [None req-0c1f6c4a-63bf-4295-bcce-a2b6b21a6e1a 36b0c00a8e904af6ac46d1e4d432fc01 bd75923a26204044a26a04f015198e04 - - default default] 10.0.0.26 "GET /v2.0/agents?binary=ovn-controller HTTP/1.1" status: 200 len: 591 time: 0.0116961
2026-07-01 08:39:32.544 10 INFO neutron.api.wsgi [None req-4fb51703-e083-462a-b96f-61b2ca46d4e6 36b0c00a8e904af6ac46d1e4d432fc01 bd75923a26204044a26a04f015198e04 - - default default] 10.0.0.26 "GET /v2.0/networks HTTP/1.1" status: 200 len: 7650 time: 0.0714462
2026-07-01 08:39:32.598 10 INFO neutron.api.wsgi [None req-489f6131-b016-4a7c-8937-0cfe3bad686f 36b0c00a8e904af6ac46d1e4d432fc01 bd75923a26204044a26a04f015198e04 - - default default] 10.0.0.26 "GET /v2.0/subnets HTTP/1.1" status: 200 len: 8290 time: 0.0499923
2026-07-01 08:39:32.634 9 INFO neutron.plugins.ml2.drivers.ovn.mech_driver.ovsdb.commands [None req-c0fea2d0-1ece-4dcd-9ade-b147c750cb0f - - - - - -] Schedule LRP lrp-21aef060-98c5-4cdb-8e4f-e533470a2a0e on gateway 64db2054-b6fe-4f1f-9cce-693648a7b04e with priority 1
2026-07-01 08:39:32.644 10 INFO neutron.plugins.ml2.drivers.ovn.mech_driver.mech_driver [None req-76453795-a6e1-4645-8b22-c155ee80471e - - - - - -] OVN reports status up for port: 21aef060-98c5-4cdb-8e4f-e533470a2a0e
2026-07-01 08:39:32.654 10 INFO neutron.plugins.ml2.plugin [None req-76453795-a6e1-4645-8b22-c155ee80471e - - - - - -] Attempt 1 to provision port 21aef060-98c5-4cdb-8e4f-e533470a2a0e
2026-07-01 08:39:32.672 9 INFO neutron.db.ovn_revision_numbers_db [None req-2c8b5030-c256-4cd6-b403-33da0ca04ce7 dd04d1bd0cf24403a29a5302f14a1ff6 ff74eef4f1e04ed1ad3cbf1a1612fae8 - - default default] Successfully bumped revision number for resource 21aef060-98c5-4cdb-8e4f-e533470a2a0e (type: router_ports) to 1
2026-07-01 08:39:32.730 9 INFO neutron.db.ovn_revision_numbers_db [None req-2c8b5030-c256-4cd6-b403-33da0ca04ce7 dd04d1bd0cf24403a29a5302f14a1ff6 ff74eef4f1e04ed1ad3cbf1a1612fae8 - - default default] Successfully bumped revision number for resource 96a4b82b-b712-4e46-9303-a3c70ad0900f (type: routers) to 2
2026-07-01 08:39:32.744 9 INFO neutron.api.wsgi [None req-2c8b5030-c256-4cd6-b403-33da0ca04ce7 dd04d1bd0cf24403a29a5302f14a1ff6 ff74eef4f1e04ed1ad3cbf1a1612fae8 - - default default] 10.0.0.220 "POST /v2.0/routers HTTP/1.1" status: 201 len: 1135 time: 1.7407711
2026-07-01 08:39:33.286 9 WARNING neutron.scheduler.dhcp_agent_scheduler [None req-8b044e28-66d5-4dc2-aa8a-8a0225d23d3c dd04d1bd0cf24403a29a5302f14a1ff6 ff74eef4f1e04ed1ad3cbf1a1612fae8 - - default default] No more DHCP agents
2026-07-01 08:39:33.287 9 WARNING neutron.api.rpc.agentnotifiers.dhcp_rpc_agent_api [None req-8b044e28-66d5-4dc2-aa8a-8a0225d23d3c dd04d1bd0cf24403a29a5302f14a1ff6 ff74eef4f1e04ed1ad3cbf1a1612fae8 - - default default] Unable to schedule network 7fc762c3-ea10-422c-80ce-9b2273b34163: no agents available; will retry on subsequent port and subnet creation events.
2026-07-01 08:39:33.426 9 INFO neutron.db.ovn_revision_numbers_db [None req-8b044e28-66d5-4dc2-aa8a-8a0225d23d3c dd04d1bd0cf24403a29a5302f14a1ff6 ff74eef4f1e04ed1ad3cbf1a1612fae8 - - default default] Successfully bumped revision number for resource e50a5ee6-f380-439e-a3e7-ef321cdfd438 (type: ports) to 1
2026-07-01 08:39:34.284 9 INFO neutron.plugins.ml2.drivers.ovn.mech_driver.mech_driver [None req-04f6bc8c-f4a2-4830-ad70-9b5af82042d3 - - - - - -] OVN reports status up for port: e50a5ee6-f380-439e-a3e7-ef321cdfd438
2026-07-01 08:39:34.297 9 INFO neutron.plugins.ml2.plugin [None req-04f6bc8c-f4a2-4830-ad70-9b5af82042d3 - - - - - -] Attempt 1 to provision port e50a5ee6-f380-439e-a3e7-ef321cdfd438
