2026-07-01 08:35:25.412 9 INFO neutron.db.ovn_revision_numbers_db [None req-017fe831-7a43-4c1d-ba96-43028ffd8685 8fd817629d114a2aba93232a42e8a9ee a7638f957a16410d8a225a9fb137ee03 - - default default] Successfully bumped revision number for resource e34950fe-a0a6-448b-ab70-af445eaae5ca (type: floatingips) to 2
2026-07-01 08:35:25.469 9 INFO neutron.db.l3_db [None req-017fe831-7a43-4c1d-ba96-43028ffd8685 8fd817629d114a2aba93232a42e8a9ee a7638f957a16410d8a225a9fb137ee03 - - default default] Floating IP e34950fe-a0a6-448b-ab70-af445eaae5ca disassociated. External IP: 10.96.250.202, port: e05180bd-3478-40fd-97b6-2c85efb241f6.
2026-07-01 08:35:25.497 9 INFO neutron.api.wsgi [None req-017fe831-7a43-4c1d-ba96-43028ffd8685 8fd817629d114a2aba93232a42e8a9ee a7638f957a16410d8a225a9fb137ee03 - - default default] 10.0.0.220 "PUT /v2.0/floatingips/e34950fe-a0a6-448b-ab70-af445eaae5ca HTTP/1.1" status: 200 len: 748 time: 0.2232463
2026-07-01 08:35:25.509 10 INFO neutron.db.ovn_revision_numbers_db [None req-daa4ded0-a5c7-461e-aa50-e5cda7cef70c 36b0c00a8e904af6ac46d1e4d432fc01 bd75923a26204044a26a04f015198e04 - - default default] Successfully bumped revision number for resource 50bba747-bd90-46e8-9857-941215764aca (type: security_groups) to 1
2026-07-01 08:35:25.532 10 INFO neutron.db.ovn_revision_numbers_db [None req-daa4ded0-a5c7-461e-aa50-e5cda7cef70c 36b0c00a8e904af6ac46d1e4d432fc01 bd75923a26204044a26a04f015198e04 - - default default] Successfully bumped revision number for resource 30c57954-3409-43ba-ba10-99ca7ecb37cd (type: security_group_rules) to 0
2026-07-01 08:35:25.544 10 INFO neutron.db.ovn_revision_numbers_db [None req-daa4ded0-a5c7-461e-aa50-e5cda7cef70c 36b0c00a8e904af6ac46d1e4d432fc01 bd75923a26204044a26a04f015198e04 - - default default] Successfully bumped revision number for resource 64a6af32-8955-4ac5-976d-a9355400d008 (type: security_group_rules) to 0
2026-07-01 08:35:25.555 10 INFO neutron.db.ovn_revision_numbers_db [None req-daa4ded0-a5c7-461e-aa50-e5cda7cef70c 36b0c00a8e904af6ac46d1e4d432fc01 bd75923a26204044a26a04f015198e04 - - default default] Successfully bumped revision number for resource c1ae8f73-7b53-47b0-9acd-038d172626fe (type: security_group_rules) to 0
2026-07-01 08:35:25.567 10 INFO neutron.db.ovn_revision_numbers_db [None req-daa4ded0-a5c7-461e-aa50-e5cda7cef70c 36b0c00a8e904af6ac46d1e4d432fc01 bd75923a26204044a26a04f015198e04 - - default default] Successfully bumped revision number for resource f6643b7b-8a8c-4caa-adcc-80a930c0ccd7 (type: security_group_rules) to 0
2026-07-01 08:35:25.604 10 INFO neutron.api.wsgi [None req-daa4ded0-a5c7-461e-aa50-e5cda7cef70c 36b0c00a8e904af6ac46d1e4d432fc01 bd75923a26204044a26a04f015198e04 - - default default] 10.0.0.220 "GET /v2.0/security-groups?tenant_id=9b19c73bc4ef4b888a89240cdc31dca4&name=default HTTP/1.1" status: 200 len: 3120 time: 0.3358433
2026-07-01 08:35:25.689 9 INFO neutron.api.wsgi [req-57a0e5f6-a38e-4799-b072-93944ba82825 req-4f69425c-898a-4fd6-ac12-c9839476a834 99ee567d545c4516a08b1f8dfc6d6078 edd51f1244614053a66e04c491d97011 - - default default] 10.0.0.193 "GET /v2.0/ports?device_id=e2b12958-8bfb-4e20-a4c0-9cb06ffd8620 HTTP/1.1" status: 200 len: 1172 time: 0.0332527
2026-07-01 08:35:25.738 9 INFO neutron.api.wsgi [req-57a0e5f6-a38e-4799-b072-93944ba82825 req-78adcca8-8511-45a5-9d0a-66a9d2d2e50b 99ee567d545c4516a08b1f8dfc6d6078 edd51f1244614053a66e04c491d97011 - - default default] 10.0.0.193 "GET /v2.0/security-groups?id=c07131c7-1450-4803-9d94-049f54f78cb3&fields=id&fields=name HTTP/1.1" status: 200 len: 313 time: 0.0440745
2026-07-01 08:35:25.830 10 INFO neutron.api.wsgi [None req-8ffe11eb-e713-4bd2-a468-3b0846ed4b13 36b0c00a8e904af6ac46d1e4d432fc01 bd75923a26204044a26a04f015198e04 - - default default] 10.0.0.220 "DELETE /v2.0/security-groups/50bba747-bd90-46e8-9857-941215764aca HTTP/1.1" status: 204 len: 168 time: 0.2192783
2026-07-01 08:35:25.831 9 INFO neutron.api.wsgi [None req-20282c5b-879e-4342-9bff-1b041eaf9c11 8fd817629d114a2aba93232a42e8a9ee a7638f957a16410d8a225a9fb137ee03 - - default default] 10.0.0.220 "DELETE /v2.0/floatingips/e34950fe-a0a6-448b-ab70-af445eaae5ca HTTP/1.1" status: 204 len: 168 time: 0.3285534
2026-07-01 08:35:25.841 10 WARNING neutron_lib.context [None req-485bcc69-ee54-4b50-9233-43300c23114f 8fd817629d114a2aba93232a42e8a9ee a7638f957a16410d8a225a9fb137ee03 - - default default] Method 'is_advsvc' is deprecated since 2023.2 release (neutron-lib 3.8.0) and will be removed once support for the old RBAC API policies will be removed from Neutron. Please use method 'is_service_role' instead.
2026-07-01 08:35:26.045 9 INFO neutron.db.ovn_revision_numbers_db [None req-9a0f9a56-5608-4fa1-80c5-99be6b8ea8f8 36b0c00a8e904af6ac46d1e4d432fc01 bd75923a26204044a26a04f015198e04 - - default default] Successfully bumped revision number for resource e97b75fb-d3fc-4d58-993b-9160c952e6d0 (type: security_groups) to 1
2026-07-01 08:35:26.066 9 INFO neutron.db.ovn_revision_numbers_db [None req-9a0f9a56-5608-4fa1-80c5-99be6b8ea8f8 36b0c00a8e904af6ac46d1e4d432fc01 bd75923a26204044a26a04f015198e04 - - default default] Successfully bumped revision number for resource 1ffcdf35-b06e-4624-96db-1317aed29b33 (type: security_group_rules) to 0
2026-07-01 08:35:26.085 9 INFO neutron.db.ovn_revision_numbers_db [None req-9a0f9a56-5608-4fa1-80c5-99be6b8ea8f8 36b0c00a8e904af6ac46d1e4d432fc01 bd75923a26204044a26a04f015198e04 - - default default] Successfully bumped revision number for resource 5e759aa7-f013-4cf1-88e2-ecca8f8451b8 (type: security_group_rules) to 0
2026-07-01 08:35:26.101 9 INFO neutron.db.ovn_revision_numbers_db [None req-9a0f9a56-5608-4fa1-80c5-99be6b8ea8f8 36b0c00a8e904af6ac46d1e4d432fc01 bd75923a26204044a26a04f015198e04 - - default default] Successfully bumped revision number for resource 9083b690-8412-45d7-bddb-c41b7b919105 (type: security_group_rules) to 0
2026-07-01 08:35:26.106 10 WARNING neutron.scheduler.dhcp_agent_scheduler [None req-485bcc69-ee54-4b50-9233-43300c23114f 8fd817629d114a2aba93232a42e8a9ee a7638f957a16410d8a225a9fb137ee03 - - default default] No more DHCP agents
2026-07-01 08:35:26.108 10 WARNING neutron.api.rpc.agentnotifiers.dhcp_rpc_agent_api [None req-485bcc69-ee54-4b50-9233-43300c23114f 8fd817629d114a2aba93232a42e8a9ee a7638f957a16410d8a225a9fb137ee03 - - default default] Unable to schedule network 60b61759-f4f3-45eb-a1af-86e709006d56: no agents available; will retry on subsequent port and subnet creation events.
2026-07-01 08:35:26.115 9 INFO neutron.db.ovn_revision_numbers_db [None req-9a0f9a56-5608-4fa1-80c5-99be6b8ea8f8 36b0c00a8e904af6ac46d1e4d432fc01 bd75923a26204044a26a04f015198e04 - - default default] Successfully bumped revision number for resource df24cc68-f9aa-40a6-bbb3-edfdd61498cc (type: security_group_rules) to 0
2026-07-01 08:35:26.165 9 INFO neutron.api.wsgi [None req-9a0f9a56-5608-4fa1-80c5-99be6b8ea8f8 36b0c00a8e904af6ac46d1e4d432fc01 bd75923a26204044a26a04f015198e04 - - default default] 10.0.0.220 "GET /v2.0/security-groups?tenant_id=73fd5160c4fd4b6c85dee3ecaef22335&name=default HTTP/1.1" status: 200 len: 3120 time: 0.2425601
2026-07-01 08:35:26.297 10 INFO neutron.api.wsgi [req-04ede2af-46c3-410f-817b-0673c0f8dc1a req-7cfdc609-8dea-4c76-997f-9eea0a4add5a 078bee2860b949cfb8eb1b0f032736f4 a82ed5921e824837b266468c540382a6 - - default default] 10.0.0.193 "GET /v2.0/ports?device_id=57a538c8-6e88-4745-b970-9df6610fefa0 HTTP/1.1" status: 200 len: 210 time: 0.0187554
2026-07-01 08:35:26.375 9 INFO neutron.api.wsgi [None req-54ccefb7-e61c-4d98-a926-de1ca7dfced4 36b0c00a8e904af6ac46d1e4d432fc01 bd75923a26204044a26a04f015198e04 - - default default] 10.0.0.220 "DELETE /v2.0/security-groups/e97b75fb-d3fc-4d58-993b-9160c952e6d0 HTTP/1.1" status: 204 len: 168 time: 0.2011101
2026-07-01 08:35:26.718 10 INFO neutron.db.ovn_revision_numbers_db [None req-485bcc69-ee54-4b50-9233-43300c23114f 8fd817629d114a2aba93232a42e8a9ee a7638f957a16410d8a225a9fb137ee03 - - default default] Successfully bumped revision number for resource a7ba3b2c-d751-4357-90ca-045d8703551d (type: floatingips) to -1
2026-07-01 08:35:26.837 10 INFO neutron.db.ovn_revision_numbers_db [None req-485bcc69-ee54-4b50-9233-43300c23114f 8fd817629d114a2aba93232a42e8a9ee a7638f957a16410d8a225a9fb137ee03 - - default default] Successfully bumped revision number for resource a7ba3b2c-d751-4357-90ca-045d8703551d (type: floatingips) to 1
2026-07-01 08:35:26.838 10 INFO neutron.db.l3_db [None req-485bcc69-ee54-4b50-9233-43300c23114f 8fd817629d114a2aba93232a42e8a9ee a7638f957a16410d8a225a9fb137ee03 - - default default] Floating IP a7ba3b2c-d751-4357-90ca-045d8703551d associated. External IP: 10.96.250.213, port: deb7add1-8908-40b3-bc76-a63f1902937e.
2026-07-01 08:35:26.864 9 INFO neutron.api.wsgi [req-4e35e7ea-018f-4cd4-af7d-d8d81bb6cb4a req-b20dd737-1fbe-41ba-9ad1-f894feedb5e2 99ee567d545c4516a08b1f8dfc6d6078 edd51f1244614053a66e04c491d97011 - - default default] 10.0.0.193 "GET /v2.0/ports?device_id=e2b12958-8bfb-4e20-a4c0-9cb06ffd8620 HTTP/1.1" status: 200 len: 1172 time: 0.0378742
2026-07-01 08:35:26.886 10 INFO neutron.api.wsgi [None req-485bcc69-ee54-4b50-9233-43300c23114f 8fd817629d114a2aba93232a42e8a9ee a7638f957a16410d8a225a9fb137ee03 - - default default] 10.0.0.220 "POST /v2.0/floatingips HTTP/1.1" status: 201 len: 1041 time: 1.0479965
2026-07-01 08:35:26.908 9 INFO neutron.api.wsgi [req-4e35e7ea-018f-4cd4-af7d-d8d81bb6cb4a req-48672100-0aa4-4900-bc2f-b7492e8ad9f1 99ee567d545c4516a08b1f8dfc6d6078 edd51f1244614053a66e04c491d97011 - - default default] 10.0.0.193 "GET /v2.0/security-groups?id=c07131c7-1450-4803-9d94-049f54f78cb3&fields=id&fields=name HTTP/1.1" status: 200 len: 313 time: 0.0381372
2026-07-01 08:35:26.935 10 INFO neutron.api.wsgi [None req-580dbddc-64c0-4b76-820c-1d3f9c7bfffd 8fd817629d114a2aba93232a42e8a9ee a7638f957a16410d8a225a9fb137ee03 - - default default] 10.0.0.220 "GET /v2.0/floatingips/a7ba3b2c-d751-4357-90ca-045d8703551d HTTP/1.1" status: 200 len: 1038 time: 0.0434306
2026-07-01 08:35:27.007 10 INFO neutron.api.wsgi [None req-38c3d3e3-44d9-4a96-bd9d-a19fc7fd9838 8fd817629d114a2aba93232a42e8a9ee a7638f957a16410d8a225a9fb137ee03 - - default default] 10.0.0.220 "GET /v2.0/floatingips HTTP/1.1" status: 200 len: 1041 time: 0.0670037
2026-07-01 08:35:27.256 10 INFO neutron.api.wsgi [req-9c500ce6-5a7f-434d-8075-ae1adcb95cc7 req-ea267859-0de7-475d-a966-edb0d99c8313 078bee2860b949cfb8eb1b0f032736f4 a82ed5921e824837b266468c540382a6 - - default default] 199.204.45.74 "GET /v2.0/networks?id=7359e949-458f-4b00-a02f-fe7d3d1683c5 HTTP/1.1" status: 200 len: 875 time: 0.0581825
2026-07-01 08:35:27.296 10 INFO neutron.api.wsgi [req-9c500ce6-5a7f-434d-8075-ae1adcb95cc7 req-834f3b62-9009-442c-8ede-52fba81188ff 078bee2860b949cfb8eb1b0f032736f4 a82ed5921e824837b266468c540382a6 - - default default] 199.204.45.74 "GET /v2.0/security-groups?fields=id&fields=name&tenant_id=a82ed5921e824837b266468c540382a6 HTTP/1.1" status: 200 len: 379 time: 0.0366986
2026-07-01 08:35:27.311 10 WARNING neutron_lib.context [req-9c500ce6-5a7f-434d-8075-ae1adcb95cc7 req-dcdc5987-23e0-4b2f-9aa8-8ae99136e9fd 078bee2860b949cfb8eb1b0f032736f4 a82ed5921e824837b266468c540382a6 - - default default] Method 'is_advsvc' is deprecated since 2023.2 release (neutron-lib 3.8.0) and will be removed once support for the old RBAC API policies will be removed from Neutron. Please use method 'is_service_role' instead.
2026-07-01 08:35:27.381 10 INFO neutron.api.wsgi [req-dbd23b30-65e8-4406-a82b-ddcd8233f09a req-ff8b407d-ccbc-4a04-bda4-8bbfe13eedd9 078bee2860b949cfb8eb1b0f032736f4 a82ed5921e824837b266468c540382a6 - - default default] 10.0.0.193 "GET /v2.0/ports?device_id=57a538c8-6e88-4745-b970-9df6610fefa0 HTTP/1.1" status: 200 len: 210 time: 0.0203898
2026-07-01 08:35:27.569 10 INFO neutron.db.ovn_revision_numbers_db [None req-5190be8a-4204-4c7d-90c3-6af70f086a93 8fd817629d114a2aba93232a42e8a9ee a7638f957a16410d8a225a9fb137ee03 - - default default] Successfully bumped revision number for resource a7ba3b2c-d751-4357-90ca-045d8703551d (type: floatingips) to 2
2026-07-01 08:35:27.623 10 WARNING neutron.scheduler.dhcp_agent_scheduler [req-9c500ce6-5a7f-434d-8075-ae1adcb95cc7 req-dcdc5987-23e0-4b2f-9aa8-8ae99136e9fd 078bee2860b949cfb8eb1b0f032736f4 a82ed5921e824837b266468c540382a6 - - default default] No more DHCP agents
2026-07-01 08:35:27.625 10 WARNING neutron.api.rpc.agentnotifiers.dhcp_rpc_agent_api [req-9c500ce6-5a7f-434d-8075-ae1adcb95cc7 req-dcdc5987-23e0-4b2f-9aa8-8ae99136e9fd 078bee2860b949cfb8eb1b0f032736f4 a82ed5921e824837b266468c540382a6 - - default default] Unable to schedule network 7359e949-458f-4b00-a02f-fe7d3d1683c5: no agents available; will retry on subsequent port and subnet creation events.
2026-07-01 08:35:27.664 10 INFO neutron.db.ovn_revision_numbers_db [None req-5190be8a-4204-4c7d-90c3-6af70f086a93 8fd817629d114a2aba93232a42e8a9ee a7638f957a16410d8a225a9fb137ee03 - - default default] Successfully bumped revision number for resource a7ba3b2c-d751-4357-90ca-045d8703551d (type: floatingips) to 2
2026-07-01 08:35:27.664 10 INFO neutron.db.l3_db [None req-5190be8a-4204-4c7d-90c3-6af70f086a93 8fd817629d114a2aba93232a42e8a9ee a7638f957a16410d8a225a9fb137ee03 - - default default] Floating IP a7ba3b2c-d751-4357-90ca-045d8703551d associated. External IP: 10.96.250.213, port: deb7add1-8908-40b3-bc76-a63f1902937e.
2026-07-01 08:35:27.712 10 INFO neutron.api.wsgi [None req-5190be8a-4204-4c7d-90c3-6af70f086a93 8fd817629d114a2aba93232a42e8a9ee a7638f957a16410d8a225a9fb137ee03 - - default default] 10.0.0.220 "PUT /v2.0/floatingips/a7ba3b2c-d751-4357-90ca-045d8703551d HTTP/1.1" status: 200 len: 1038 time: 0.7005370 /var/lib/openstack/lib/python3.12/site-packages/pycadf/identifier.py:71: UserWarning: Invalid uuid: neutron. To ensure interoperability, identifiers should be a valid uuid. warnings.warn(('Invalid uuid: %s. To ensure interoperability, '
2026-07-01 08:35:27.765 10 INFO neutron.db.ovn_revision_numbers_db [req-9c500ce6-5a7f-434d-8075-ae1adcb95cc7 req-dcdc5987-23e0-4b2f-9aa8-8ae99136e9fd 078bee2860b949cfb8eb1b0f032736f4 a82ed5921e824837b266468c540382a6 - - default default] Successfully bumped revision number for resource 3504bdae-3609-4ddf-9348-bd5906841ec0 (type: ports) to 1
2026-07-01 08:35:27.785 10 INFO neutron.api.wsgi [req-9c500ce6-5a7f-434d-8075-ae1adcb95cc7 req-dcdc5987-23e0-4b2f-9aa8-8ae99136e9fd 078bee2860b949cfb8eb1b0f032736f4 a82ed5921e824837b266468c540382a6 - - default default] 199.204.45.74 "POST /v2.0/ports HTTP/1.1" status: 201 len: 1162 time: 0.4798667
2026-07-01 08:35:28.026 9 INFO neutron.api.wsgi [req-7e9b19b4-7453-4298-b3f6-466dd26ae377 req-c0cc92d9-1603-4788-bbba-bfd5dbd8cf11 99ee567d545c4516a08b1f8dfc6d6078 edd51f1244614053a66e04c491d97011 - - default default] 10.0.0.193 "GET /v2.0/ports?device_id=e2b12958-8bfb-4e20-a4c0-9cb06ffd8620 HTTP/1.1" status: 200 len: 1172 time: 0.0453146
2026-07-01 08:35:28.083 9 INFO neutron.api.wsgi [req-7e9b19b4-7453-4298-b3f6-466dd26ae377 req-60c35dfc-716b-4fa9-b65a-8ed0c38b8bfe 99ee567d545c4516a08b1f8dfc6d6078 edd51f1244614053a66e04c491d97011 - - default default] 10.0.0.193 "GET /v2.0/security-groups?id=c07131c7-1450-4803-9d94-049f54f78cb3&fields=id&fields=name HTTP/1.1" status: 200 len: 313 time: 0.0484395
2026-07-01 08:35:28.121 10 WARNING neutron.plugins.ml2.drivers.ovn.mech_driver.ovsdb.ovn_client [None req-158b6f3b-6250-4c3d-86e9-c8bb59e46a2d - - - - - -] No hosting information found for port 17fb8f40-9b8d-47bc-aa7e-6fc75d91088a: RuntimeError: No hosting information found for port 17fb8f40-9b8d-47bc-aa7e-6fc75d91088a
2026-07-01 08:35:28.138 10 INFO neutron.db.ovn_revision_numbers_db [None req-9dbb8c3e-c8a7-41a0-890d-9e2dc5c9b69d 8fd817629d114a2aba93232a42e8a9ee a7638f957a16410d8a225a9fb137ee03 - - default default] Successfully bumped revision number for resource a7ba3b2c-d751-4357-90ca-045d8703551d (type: floatingips) to 3
2026-07-01 08:35:28.222 10 INFO neutron.db.l3_db [None req-9dbb8c3e-c8a7-41a0-890d-9e2dc5c9b69d 8fd817629d114a2aba93232a42e8a9ee a7638f957a16410d8a225a9fb137ee03 - - default default] Floating IP a7ba3b2c-d751-4357-90ca-045d8703551d disassociated. External IP: 10.96.250.213, port: e05180bd-3478-40fd-97b6-2c85efb241f6.
2026-07-01 08:35:28.259 10 INFO neutron.db.ovn_revision_numbers_db [None req-158b6f3b-6250-4c3d-86e9-c8bb59e46a2d - - - - - -] Successfully bumped revision number for resource 17fb8f40-9b8d-47bc-aa7e-6fc75d91088a (type: router_ports) to 2
2026-07-01 08:35:28.279 10 INFO neutron.api.wsgi [None req-9dbb8c3e-c8a7-41a0-890d-9e2dc5c9b69d 8fd817629d114a2aba93232a42e8a9ee a7638f957a16410d8a225a9fb137ee03 - - default default] 10.0.0.220 "PUT /v2.0/floatingips/a7ba3b2c-d751-4357-90ca-045d8703551d HTTP/1.1" status: 200 len: 748 time: 0.5589206
2026-07-01 08:35:28.282 10 INFO neutron.plugins.ml2.drivers.ovn.mech_driver.mech_driver [None req-158b6f3b-6250-4c3d-86e9-c8bb59e46a2d - - - - - -] OVN reports status up for port: 35854fa5-0f13-4d9d-9484-3d199d46d64a
2026-07-01 08:35:28.300 10 INFO neutron.plugins.ml2.plugin [None req-158b6f3b-6250-4c3d-86e9-c8bb59e46a2d - - - - - -] Attempt 1 to provision port 35854fa5-0f13-4d9d-9484-3d199d46d64a /var/lib/openstack/lib/python3.12/site-packages/pycadf/identifier.py:71: UserWarning: Invalid uuid: neutron. To ensure interoperability, identifiers should be a valid uuid. warnings.warn(('Invalid uuid: %s. To ensure interoperability, '
2026-07-01 08:35:28.455 10 INFO neutron.notifiers.nova [-] Nova event matching ['req-1d04359e-d791-4310-bbc8-7c7f6d2489ae'] response: {'server_uuid': 'e2b12958-8bfb-4e20-a4c0-9cb06ffd8620', 'name': 'network-vif-plugged', 'status': 'completed', 'tag': '35854fa5-0f13-4d9d-9484-3d199d46d64a', 'code': 200}
2026-07-01 08:35:28.542 10 INFO neutron.api.wsgi [req-1d4c7b30-3686-4fdf-a164-72580f337353 req-167666b2-6f5f-4938-809d-fd763f921c68 078bee2860b949cfb8eb1b0f032736f4 a82ed5921e824837b266468c540382a6 - - default default] 10.0.0.193 "GET /v2.0/ports?device_id=57a538c8-6e88-4745-b970-9df6610fefa0 HTTP/1.1" status: 200 len: 1172 time: 0.0972693
2026-07-01 08:35:28.587 9 INFO neutron.api.wsgi [None req-725fe7f9-a1bd-45b4-aed6-0e2adee2d781 8fd817629d114a2aba93232a42e8a9ee a7638f957a16410d8a225a9fb137ee03 - - default default] 10.0.0.220 "DELETE /v2.0/floatingips/a7ba3b2c-d751-4357-90ca-045d8703551d HTTP/1.1" status: 204 len: 168 time: 0.3025210
2026-07-01 08:35:28.623 10 INFO neutron.api.wsgi [req-1d4c7b30-3686-4fdf-a164-72580f337353 req-6066d687-a6dc-4686-b283-44f0f14da73d 078bee2860b949cfb8eb1b0f032736f4 a82ed5921e824837b266468c540382a6 - - default default] 10.0.0.193 "GET /v2.0/security-groups?id=e91b662a-19e2-4952-a169-447116eb640e&fields=id&fields=name HTTP/1.1" status: 200 len: 312 time: 0.0747159
2026-07-01 08:35:28.634 9 INFO neutron.api.v2.resource [None req-be8e04f1-554b-49d3-b11a-5af19a19feb3 8fd817629d114a2aba93232a42e8a9ee a7638f957a16410d8a225a9fb137ee03 - - default default] delete failed (client error): The resource could not be found.
2026-07-01 08:35:28.636 9 INFO neutron.api.wsgi [None req-be8e04f1-554b-49d3-b11a-5af19a19feb3 8fd817629d114a2aba93232a42e8a9ee a7638f957a16410d8a225a9fb137ee03 - - default default] 10.0.0.220 "DELETE /v2.0/floatingips/a7ba3b2c-d751-4357-90ca-045d8703551d HTTP/1.1" status: 404 len: 345 time: 0.0382478
2026-07-01 08:35:28.639 10 INFO neutron.db.ovn_revision_numbers_db [req-9c500ce6-5a7f-434d-8075-ae1adcb95cc7 req-2ede9572-4ad8-4a17-8730-955d2a32148f ceb89a06057345148043faeaccaa6b08 f9fb9a9f9cb94349b2b09b518b11bb22 - - 92528f82975c46bdaab9e69bfb83a290 92528f82975c46bdaab9e69bfb83a290] Successfully bumped revision number for resource 3504bdae-3609-4ddf-9348-bd5906841ec0 (type: ports) to 2
2026-07-01 08:35:28.653 10 INFO neutron.db.ovn_revision_numbers_db [None req-158b6f3b-6250-4c3d-86e9-c8bb59e46a2d - - - - - -] Successfully bumped revision number for resource 35854fa5-0f13-4d9d-9484-3d199d46d64a (type: ports) to 5
2026-07-01 08:35:28.899 10 INFO neutron.db.ovn_revision_numbers_db [req-9c500ce6-5a7f-434d-8075-ae1adcb95cc7 req-2ede9572-4ad8-4a17-8730-955d2a32148f ceb89a06057345148043faeaccaa6b08 f9fb9a9f9cb94349b2b09b518b11bb22 - - 92528f82975c46bdaab9e69bfb83a290 92528f82975c46bdaab9e69bfb83a290] Successfully bumped revision number for resource 3504bdae-3609-4ddf-9348-bd5906841ec0 (type: ports) to 4
2026-07-01 08:35:28.923 10 INFO neutron.api.wsgi [req-9c500ce6-5a7f-434d-8075-ae1adcb95cc7 req-2ede9572-4ad8-4a17-8730-955d2a32148f ceb89a06057345148043faeaccaa6b08 f9fb9a9f9cb94349b2b09b518b11bb22 - - 92528f82975c46bdaab9e69bfb83a290 92528f82975c46bdaab9e69bfb83a290] 199.204.45.74 "PUT /v2.0/ports/3504bdae-3609-4ddf-9348-bd5906841ec0 HTTP/1.1" status: 200 len: 1408 time: 1.1341767
2026-07-01 08:35:29.005 9 INFO neutron.api.wsgi [None req-3b96086b-28f7-4168-9ae6-e9bd03ca46b6 8fd817629d114a2aba93232a42e8a9ee a7638f957a16410d8a225a9fb137ee03 - - default default] 10.0.0.220 "DELETE /v2.0/ports/e05180bd-3478-40fd-97b6-2c85efb241f6 HTTP/1.1" status: 204 len: 168 time: 0.3588040
2026-07-01 08:35:29.231 9 INFO neutron.api.wsgi [req-0cae089a-88c6-4d3d-b801-e92b61afa7dd req-d2e97e1d-a4a5-42ed-baa0-8f8a5a17a41b 99ee567d545c4516a08b1f8dfc6d6078 edd51f1244614053a66e04c491d97011 - - default default] 10.0.0.193 "GET /v2.0/ports?device_id=e2b12958-8bfb-4e20-a4c0-9cb06ffd8620 HTTP/1.1" status: 200 len: 1174 time: 0.0807641
2026-07-01 08:35:29.286 9 INFO neutron.api.wsgi [req-0cae089a-88c6-4d3d-b801-e92b61afa7dd req-df0d721a-e5d8-41fe-9385-3ad2249fa4bb 99ee567d545c4516a08b1f8dfc6d6078 edd51f1244614053a66e04c491d97011 - - default default] 10.0.0.193 "GET /v2.0/security-groups?id=c07131c7-1450-4803-9d94-049f54f78cb3&fields=id&fields=name HTTP/1.1" status: 200 len: 313 time: 0.0488493
2026-07-01 08:35:29.350 9 INFO neutron.api.wsgi [None req-59a38b77-7435-48ec-9239-fae5e1bc3ad0 8fd817629d114a2aba93232a42e8a9ee a7638f957a16410d8a225a9fb137ee03 - - default default] 10.0.0.220 "DELETE /v2.0/ports/deb7add1-8908-40b3-bc76-a63f1902937e HTTP/1.1" status: 204 len: 168 time: 0.3384573
2026-07-01 08:35:29.387 9 WARNING neutron.plugins.ml2.drivers.ovn.mech_driver.ovsdb.ovn_client [None req-99f06181-e970-49f1-985e-f8f2aada6aeb - - - - - -] No hosting information found for port f57bf4d6-86fd-477d-b7b1-131db16b0c82: RuntimeError: No hosting information found for port f57bf4d6-86fd-477d-b7b1-131db16b0c82
2026-07-01 08:35:29.455 9 INFO neutron.api.wsgi [None req-8d81d73b-b9d7-46a5-b996-04c7364204e7 8fd817629d114a2aba93232a42e8a9ee a7638f957a16410d8a225a9fb137ee03 - - default default] 10.0.0.220 "GET /v2.0/ports?device_id=1496ab0b-32c4-4fbc-81af-d05bb64cb80b HTTP/1.1" status: 200 len: 1140 time: 0.0990272 /var/lib/openstack/lib/python3.12/site-packages/pycadf/identifier.py:71: UserWarning: Invalid uuid: neutron. To ensure interoperability, identifiers should be a valid uuid. warnings.warn(('Invalid uuid: %s. To ensure interoperability, '
2026-07-01 08:35:29.734 10 INFO neutron.api.wsgi [req-8dedf4b2-4943-42d9-b015-62cd2aea82a9 req-3b1448b0-e1a5-4c22-b6d2-19ad9e628567 078bee2860b949cfb8eb1b0f032736f4 a82ed5921e824837b266468c540382a6 - - default default] 10.0.0.193 "GET /v2.0/ports?device_id=57a538c8-6e88-4745-b970-9df6610fefa0 HTTP/1.1" status: 200 len: 1172 time: 0.0404255
2026-07-01 08:35:29.789 10 INFO neutron.api.wsgi [req-8dedf4b2-4943-42d9-b015-62cd2aea82a9 req-cde83266-01d6-4ac4-a267-5be2c721b6da 078bee2860b949cfb8eb1b0f032736f4 a82ed5921e824837b266468c540382a6 - - default default] 10.0.0.193 "GET /v2.0/security-groups?id=e91b662a-19e2-4952-a169-447116eb640e&fields=id&fields=name HTTP/1.1" status: 200 len: 312 time: 0.0481882
2026-07-01 08:35:29.989 10 INFO neutron.api.wsgi [req-9c500ce6-5a7f-434d-8075-ae1adcb95cc7 req-e039e7cc-6140-44a3-b56f-ebd5eca4fc41 ceb89a06057345148043faeaccaa6b08 f9fb9a9f9cb94349b2b09b518b11bb22 - - 92528f82975c46bdaab9e69bfb83a290 92528f82975c46bdaab9e69bfb83a290] 199.204.45.74 "GET /v2.0/ports?tenant_id=a82ed5921e824837b266468c540382a6&device_id=57a538c8-6e88-4745-b970-9df6610fefa0 HTTP/1.1" status: 200 len: 1411 time: 0.0410383
2026-07-01 08:35:30.031 10 INFO neutron.api.wsgi [req-9c500ce6-5a7f-434d-8075-ae1adcb95cc7 req-0f705e26-55ae-41d9-ba3d-831882e30cc1 ceb89a06057345148043faeaccaa6b08 f9fb9a9f9cb94349b2b09b518b11bb22 - - 92528f82975c46bdaab9e69bfb83a290 92528f82975c46bdaab9e69bfb83a290] 199.204.45.74 "GET /v2.0/floatingips?fixed_ip_address=10.100.0.11&port_id=3504bdae-3609-4ddf-9348-bd5906841ec0 HTTP/1.1" status: 200 len: 217 time: 0.0359478
2026-07-01 08:35:30.091 10 INFO neutron.api.wsgi [req-9c500ce6-5a7f-434d-8075-ae1adcb95cc7 req-5909614f-0501-455b-84c5-99170b1a2fff ceb89a06057345148043faeaccaa6b08 f9fb9a9f9cb94349b2b09b518b11bb22 - - 92528f82975c46bdaab9e69bfb83a290 92528f82975c46bdaab9e69bfb83a290] 199.204.45.74 "GET /v2.0/subnets?id=0ad6575c-fe68-4384-9ace-533981444051 HTTP/1.1" status: 200 len: 893 time: 0.0559559
2026-07-01 08:35:30.116 10 INFO neutron.api.wsgi [req-9c500ce6-5a7f-434d-8075-ae1adcb95cc7 req-9fe61693-b361-4ced-aa2c-8753adaef842 ceb89a06057345148043faeaccaa6b08 f9fb9a9f9cb94349b2b09b518b11bb22 - - 92528f82975c46bdaab9e69bfb83a290 92528f82975c46bdaab9e69bfb83a290] 199.204.45.74 "GET /v2.0/ports?network_id=7359e949-458f-4b00-a02f-fe7d3d1683c5&device_owner=network%3Adhcp HTTP/1.1" status: 200 len: 210 time: 0.0177045
2026-07-01 08:35:30.179 10 INFO neutron.api.wsgi [req-9c500ce6-5a7f-434d-8075-ae1adcb95cc7 req-cb25eb1b-05d1-4f90-a55c-457dfde4df7c ceb89a06057345148043faeaccaa6b08 f9fb9a9f9cb94349b2b09b518b11bb22 - - 92528f82975c46bdaab9e69bfb83a290 92528f82975c46bdaab9e69bfb83a290] 199.204.45.74 "GET /v2.0/networks/7359e949-458f-4b00-a02f-fe7d3d1683c5?fields=segments HTTP/1.1" status: 200 len: 212 time: 0.0550373
2026-07-01 08:35:30.256 10 INFO neutron.api.wsgi [req-9c500ce6-5a7f-434d-8075-ae1adcb95cc7 req-07521601-7352-4e52-8091-58a414b8b5d3 ceb89a06057345148043faeaccaa6b08 f9fb9a9f9cb94349b2b09b518b11bb22 - - 92528f82975c46bdaab9e69bfb83a290 92528f82975c46bdaab9e69bfb83a290] 199.204.45.74 "GET /v2.0/networks/7359e949-458f-4b00-a02f-fe7d3d1683c5?fields=provider%3Aphysical_network&fields=provider%3Anetwork_type HTTP/1.1" status: 200 len: 277 time: 0.0725367 /var/lib/openstack/lib/python3.12/site-packages/pycadf/identifier.py:71: UserWarning: Invalid uuid: neutron. To ensure interoperability, identifiers should be a valid uuid. warnings.warn(('Invalid uuid: %s. To ensure interoperability, '
2026-07-01 08:35:30.407 9 INFO neutron.api.wsgi [req-d7e5c885-7339-4747-88aa-0ca9f569574b req-56e461d9-c9b3-4225-b3d3-761d665b3179 99ee567d545c4516a08b1f8dfc6d6078 edd51f1244614053a66e04c491d97011 - - default default] 10.0.0.193 "GET /v2.0/ports?device_id=e2b12958-8bfb-4e20-a4c0-9cb06ffd8620 HTTP/1.1" status: 200 len: 1174 time: 0.0481234
2026-07-01 08:35:30.412 10 INFO neutron.api.wsgi [None req-86a8d118-ab90-4f0c-8ced-50e899e76f93 8fd817629d114a2aba93232a42e8a9ee a7638f957a16410d8a225a9fb137ee03 - - default default] 10.0.0.220 "PUT /v2.0/routers/1496ab0b-32c4-4fbc-81af-d05bb64cb80b/remove_router_interface HTTP/1.1" status: 200 len: 503 time: 0.9477310 /var/lib/openstack/lib/python3.12/site-packages/pycadf/identifier.py:71: UserWarning: Invalid uuid: neutron. To ensure interoperability, identifiers should be a valid uuid. warnings.warn(('Invalid uuid: %s. To ensure interoperability, '
2026-07-01 08:35:30.454 9 INFO neutron.api.wsgi [req-d7e5c885-7339-4747-88aa-0ca9f569574b req-b2259863-a6e5-400e-95d8-77a39d404835 99ee567d545c4516a08b1f8dfc6d6078 edd51f1244614053a66e04c491d97011 - - default default] 10.0.0.193 "GET /v2.0/security-groups?id=c07131c7-1450-4803-9d94-049f54f78cb3&fields=id&fields=name HTTP/1.1" status: 200 len: 313 time: 0.0376770
2026-07-01 08:35:30.509 10 INFO neutron.notifiers.nova [-] Nova event matching ['req-733833f6-1aef-499e-8aa6-32856c538864'] response: {'server_uuid': 'e2b12958-8bfb-4e20-a4c0-9cb06ffd8620', 'name': 'network-vif-plugged', 'status': 'completed', 'tag': '35854fa5-0f13-4d9d-9484-3d199d46d64a', 'code': 200}
2026-07-01 08:35:30.509 10 INFO neutron.notifiers.nova [-] Nova event matching ['req-733833f6-1aef-499e-8aa6-32856c538864'] response: {'name': 'network-changed', 'server_uuid': '57a538c8-6e88-4745-b970-9df6610fefa0', 'tag': '3504bdae-3609-4ddf-9348-bd5906841ec0', 'status': 'completed', 'code': 200}
2026-07-01 08:35:30.558 9 INFO neutron.api.wsgi [req-26a930ac-7a10-41e9-97a0-b6d5d9c95a18 req-29a8dd9f-6f2a-4afb-9e0b-41ad3f469ac9 99ee567d545c4516a08b1f8dfc6d6078 edd51f1244614053a66e04c491d97011 - - default default] 10.0.0.193 "GET /v2.0/ports?device_id=e2b12958-8bfb-4e20-a4c0-9cb06ffd8620 HTTP/1.1" status: 200 len: 1174 time: 0.0353773
2026-07-01 08:35:30.678 10 INFO neutron.db.ovn_revision_numbers_db [None req-bd8eaa40-c9a5-49ba-b6df-e0edc36b4030 36b0c00a8e904af6ac46d1e4d432fc01 bd75923a26204044a26a04f015198e04 - - default default] Successfully bumped revision number for resource a5d836cf-8319-4e5b-b495-f317008fc072 (type: security_groups) to 1
2026-07-01 08:35:30.699 10 INFO neutron.db.ovn_revision_numbers_db [None req-bd8eaa40-c9a5-49ba-b6df-e0edc36b4030 36b0c00a8e904af6ac46d1e4d432fc01 bd75923a26204044a26a04f015198e04 - - default default] Successfully bumped revision number for resource 090bea2d-7402-44d1-bcc3-8c5d5618491a (type: security_group_rules) to 0
2026-07-01 08:35:30.712 10 INFO neutron.db.ovn_revision_numbers_db [None req-bd8eaa40-c9a5-49ba-b6df-e0edc36b4030 36b0c00a8e904af6ac46d1e4d432fc01 bd75923a26204044a26a04f015198e04 - - default default] Successfully bumped revision number for resource 4921a0ff-6b5e-41e0-a624-48da1de034b1 (type: security_group_rules) to 0
2026-07-01 08:35:30.731 10 INFO neutron.db.ovn_revision_numbers_db [None req-bd8eaa40-c9a5-49ba-b6df-e0edc36b4030 36b0c00a8e904af6ac46d1e4d432fc01 bd75923a26204044a26a04f015198e04 - - default default] Successfully bumped revision number for resource 66725f34-6ace-41b0-b391-2aab78ac61ea (type: security_group_rules) to 0
2026-07-01 08:35:30.749 10 INFO neutron.db.ovn_revision_numbers_db [None req-bd8eaa40-c9a5-49ba-b6df-e0edc36b4030 36b0c00a8e904af6ac46d1e4d432fc01 bd75923a26204044a26a04f015198e04 - - default default] Successfully bumped revision number for resource 85a7d2fa-98d9-45b4-aaa3-1437461967fd (type: security_group_rules) to 0
2026-07-01 08:35:30.793 10 INFO neutron.api.wsgi [None req-bd8eaa40-c9a5-49ba-b6df-e0edc36b4030 36b0c00a8e904af6ac46d1e4d432fc01 bd75923a26204044a26a04f015198e04 - - default default] 10.0.0.220 "GET /v2.0/security-groups?tenant_id=a61459903085466f9701fcd1dc93ec02&name=default HTTP/1.1" status: 200 len: 3120 time: 0.4352272
2026-07-01 08:35:30.922 10 INFO neutron.api.wsgi [req-2fad6fa7-6777-45e9-9d5a-94237fd46d85 req-a5f82401-8231-48ca-abd1-f2f448d60655 078bee2860b949cfb8eb1b0f032736f4 a82ed5921e824837b266468c540382a6 - - default default] 10.0.0.193 "GET /v2.0/ports?device_id=57a538c8-6e88-4745-b970-9df6610fefa0 HTTP/1.1" status: 200 len: 1172 time: 0.0581863
2026-07-01 08:35:30.984 10 INFO neutron.api.wsgi [req-2fad6fa7-6777-45e9-9d5a-94237fd46d85 req-deef3a35-ee19-4431-bddc-ccfff83bd1ba 078bee2860b949cfb8eb1b0f032736f4 a82ed5921e824837b266468c540382a6 - - default default] 10.0.0.193 "GET /v2.0/security-groups?id=e91b662a-19e2-4952-a169-447116eb640e&fields=id&fields=name HTTP/1.1" status: 200 len: 312 time: 0.0538003
2026-07-01 08:35:31.147 9 INFO neutron.db.ovn_revision_numbers_db [None req-3bbb4515-75d7-4ae2-ad25-038640b82e6a 99ee567d545c4516a08b1f8dfc6d6078 edd51f1244614053a66e04c491d97011 - - default default] Successfully bumped revision number for resource a6470d53-38f4-4315-8c20-2d9af75ee471 (type: floatingips) to 1
2026-07-01 08:35:31.200 10 INFO neutron.api.wsgi [None req-14273b6b-4079-42e9-bbdc-15c05226fa33 36b0c00a8e904af6ac46d1e4d432fc01 bd75923a26204044a26a04f015198e04 - - default default] 10.0.0.220 "DELETE /v2.0/security-groups/a5d836cf-8319-4e5b-b495-f317008fc072 HTTP/1.1" status: 204 len: 168 time: 0.3999665
2026-07-01 08:35:31.256 9 INFO neutron.db.ovn_revision_numbers_db [None req-3bbb4515-75d7-4ae2-ad25-038640b82e6a 99ee567d545c4516a08b1f8dfc6d6078 edd51f1244614053a66e04c491d97011 - - default default] Successfully bumped revision number for resource a6470d53-38f4-4315-8c20-2d9af75ee471 (type: floatingips) to 2
2026-07-01 08:35:31.257 9 INFO neutron.db.l3_db [None req-3bbb4515-75d7-4ae2-ad25-038640b82e6a 99ee567d545c4516a08b1f8dfc6d6078 edd51f1244614053a66e04c491d97011 - - default default] Floating IP a6470d53-38f4-4315-8c20-2d9af75ee471 associated. External IP: 10.96.250.220, port: 35854fa5-0f13-4d9d-9484-3d199d46d64a. /var/lib/openstack/lib/python3.12/site-packages/pycadf/identifier.py:71: UserWarning: Invalid uuid: neutron. To ensure interoperability, identifiers should be a valid uuid. warnings.warn(('Invalid uuid: %s. To ensure interoperability, '
2026-07-01 08:35:31.285 9 INFO neutron.api.wsgi [None req-3bbb4515-75d7-4ae2-ad25-038640b82e6a 99ee567d545c4516a08b1f8dfc6d6078 edd51f1244614053a66e04c491d97011 - - default default] 10.0.0.220 "PUT /v2.0/floatingips/a6470d53-38f4-4315-8c20-2d9af75ee471 HTTP/1.1" status: 200 len: 1050 time: 0.7133129
2026-07-01 08:35:31.288 10 INFO neutron.api.wsgi [None req-ef928f82-5de4-4268-b5c2-9748ee1453fb 8fd817629d114a2aba93232a42e8a9ee a7638f957a16410d8a225a9fb137ee03 - - default default] 10.0.0.220 "DELETE /v2.0/routers/1496ab0b-32c4-4fbc-81af-d05bb64cb80b HTTP/1.1" status: 204 len: 168 time: 0.8704054
2026-07-01 08:35:31.316 10 INFO neutron.api.wsgi [req-0a271a21-0bc5-47cb-bb28-b700083fab2b req-9e79594c-930b-4d22-8958-0563e8a068f7 ceb89a06057345148043faeaccaa6b08 f9fb9a9f9cb94349b2b09b518b11bb22 - - 92528f82975c46bdaab9e69bfb83a290 92528f82975c46bdaab9e69bfb83a290] 199.204.45.74 "GET /v2.0/ports?tenant_id=a82ed5921e824837b266468c540382a6&device_id=57a538c8-6e88-4745-b970-9df6610fefa0 HTTP/1.1" status: 200 len: 1411 time: 0.0473831
2026-07-01 08:35:31.329 9 INFO neutron.notifiers.nova [-] Nova event matching ['req-4a316170-5d74-49e2-a4c2-c307b11038b1'] response: {'name': 'network-changed', 'server_uuid': 'e2b12958-8bfb-4e20-a4c0-9cb06ffd8620', 'tag': '35854fa5-0f13-4d9d-9484-3d199d46d64a', 'status': 'completed', 'code': 200}
2026-07-01 08:35:31.369 10 INFO neutron.api.wsgi [req-0a271a21-0bc5-47cb-bb28-b700083fab2b req-c37cc6cc-728a-4b40-9b51-ab55002b4657 ceb89a06057345148043faeaccaa6b08 f9fb9a9f9cb94349b2b09b518b11bb22 - - 92528f82975c46bdaab9e69bfb83a290 92528f82975c46bdaab9e69bfb83a290] 199.204.45.74 "GET /v2.0/networks?id=7359e949-458f-4b00-a02f-fe7d3d1683c5 HTTP/1.1" status: 200 len: 974 time: 0.0486691
2026-07-01 08:35:31.387 9 INFO neutron.api.wsgi [req-679646e8-fb34-488a-aae2-6b4731911db4 req-0a29db58-cd4a-4e71-a697-6436ae992c8d 99ee567d545c4516a08b1f8dfc6d6078 edd51f1244614053a66e04c491d97011 - - default default] 10.0.0.193 "GET /v2.0/ports?device_id=e2b12958-8bfb-4e20-a4c0-9cb06ffd8620 HTTP/1.1" status: 200 len: 1174 time: 0.0597210
2026-07-01 08:35:31.408 10 INFO neutron.api.wsgi [req-0a271a21-0bc5-47cb-bb28-b700083fab2b req-35c4d83a-656a-46b1-8998-bce743762e7a ceb89a06057345148043faeaccaa6b08 f9fb9a9f9cb94349b2b09b518b11bb22 - - 92528f82975c46bdaab9e69bfb83a290 92528f82975c46bdaab9e69bfb83a290] 199.204.45.74 "GET /v2.0/floatingips?fixed_ip_address=10.100.0.11&port_id=3504bdae-3609-4ddf-9348-bd5906841ec0 HTTP/1.1" status: 200 len: 217 time: 0.0334988
2026-07-01 08:35:31.436 10 INFO neutron.api.wsgi [req-0a271a21-0bc5-47cb-bb28-b700083fab2b req-3b3b4529-e72a-480c-9395-85c6a9c19ff5 ceb89a06057345148043faeaccaa6b08 f9fb9a9f9cb94349b2b09b518b11bb22 - - 92528f82975c46bdaab9e69bfb83a290 92528f82975c46bdaab9e69bfb83a290] 199.204.45.74 "GET /v2.0/subnets?id=0ad6575c-fe68-4384-9ace-533981444051 HTTP/1.1" status: 200 len: 893 time: 0.0237155
2026-07-01 08:35:31.463 10 INFO neutron.api.wsgi [req-0a271a21-0bc5-47cb-bb28-b700083fab2b req-bb0da015-4963-425d-88c9-c29ec72303cf ceb89a06057345148043faeaccaa6b08 f9fb9a9f9cb94349b2b09b518b11bb22 - - 92528f82975c46bdaab9e69bfb83a290 92528f82975c46bdaab9e69bfb83a290] 199.204.45.74 "GET /v2.0/ports?network_id=7359e949-458f-4b00-a02f-fe7d3d1683c5&device_owner=network%3Adhcp HTTP/1.1" status: 200 len: 210 time: 0.0236413
2026-07-01 08:35:31.469 9 INFO neutron.api.wsgi [req-679646e8-fb34-488a-aae2-6b4731911db4 req-cc2c9db1-b993-48b6-bd35-67cf968b8f50 99ee567d545c4516a08b1f8dfc6d6078 edd51f1244614053a66e04c491d97011 - - default default] 10.0.0.193 "GET /v2.0/security-groups?id=c07131c7-1450-4803-9d94-049f54f78cb3&fields=id&fields=name HTTP/1.1" status: 200 len: 313 time: 0.0738361
2026-07-01 08:35:31.507 9 INFO neutron.db.ovn_revision_numbers_db [None req-7866ddb3-f973-4e1e-9b30-a2efe68015d6 36b0c00a8e904af6ac46d1e4d432fc01 bd75923a26204044a26a04f015198e04 - - default default] Successfully bumped revision number for resource f972c103-fd2a-4883-b042-f09f9d656265 (type: security_groups) to 1
2026-07-01 08:35:31.516 10 INFO neutron.api.wsgi [req-0a271a21-0bc5-47cb-bb28-b700083fab2b req-ac454f63-abbb-4507-b2f1-450dbdcbb691 ceb89a06057345148043faeaccaa6b08 f9fb9a9f9cb94349b2b09b518b11bb22 - - 92528f82975c46bdaab9e69bfb83a290 92528f82975c46bdaab9e69bfb83a290] 199.204.45.74 "GET /v2.0/networks/7359e949-458f-4b00-a02f-fe7d3d1683c5?fields=segments HTTP/1.1" status: 200 len: 212 time: 0.0454528
2026-07-01 08:35:31.527 9 INFO neutron.api.wsgi [None req-978f76f1-0061-46d1-9b15-0c6437aaa198 8fd817629d114a2aba93232a42e8a9ee a7638f957a16410d8a225a9fb137ee03 - - default default] 10.0.0.220 "DELETE /v2.0/subnets/3411f1e1-fd39-48fa-8d6c-1772ed5967dd HTTP/1.1" status: 204 len: 168 time: 0.2335286
2026-07-01 08:35:31.528 9 INFO neutron.db.ovn_revision_numbers_db [None req-7866ddb3-f973-4e1e-9b30-a2efe68015d6 36b0c00a8e904af6ac46d1e4d432fc01 bd75923a26204044a26a04f015198e04 - - default default] Successfully bumped revision number for resource 27719ab2-cc8d-45ba-9ff3-04a38a66839f (type: security_group_rules) to 0
2026-07-01 08:35:31.549 9 INFO neutron.db.ovn_revision_numbers_db [None req-7866ddb3-f973-4e1e-9b30-a2efe68015d6 36b0c00a8e904af6ac46d1e4d432fc01 bd75923a26204044a26a04f015198e04 - - default default] Successfully bumped revision number for resource 637dc364-e70c-4487-8f27-c0379be45e03 (type: security_group_rules) to 0
2026-07-01 08:35:31.563 9 INFO neutron.db.ovn_revision_numbers_db [None req-7866ddb3-f973-4e1e-9b30-a2efe68015d6 36b0c00a8e904af6ac46d1e4d432fc01 bd75923a26204044a26a04f015198e04 - - default default] Successfully bumped revision number for resource 6a43c93d-b524-4cce-be3e-997b0fe31343 (type: security_group_rules) to 0
2026-07-01 08:35:31.575 10 INFO neutron.api.wsgi [req-0a271a21-0bc5-47cb-bb28-b700083fab2b req-cc9939ad-0f30-407f-a823-8ffa450479c3 ceb89a06057345148043faeaccaa6b08 f9fb9a9f9cb94349b2b09b518b11bb22 - - 92528f82975c46bdaab9e69bfb83a290 92528f82975c46bdaab9e69bfb83a290] 199.204.45.74 "GET /v2.0/networks/7359e949-458f-4b00-a02f-fe7d3d1683c5?fields=provider%3Aphysical_network&fields=provider%3Anetwork_type HTTP/1.1" status: 200 len: 277 time: 0.0511308
2026-07-01 08:35:31.579 9 INFO neutron.db.ovn_revision_numbers_db [None req-7866ddb3-f973-4e1e-9b30-a2efe68015d6 36b0c00a8e904af6ac46d1e4d432fc01 bd75923a26204044a26a04f015198e04 - - default default] Successfully bumped revision number for resource e489c296-065e-4f4f-b363-47b45e305b7e (type: security_group_rules) to 0
2026-07-01 08:35:31.617 9 INFO neutron.api.wsgi [None req-7866ddb3-f973-4e1e-9b30-a2efe68015d6 36b0c00a8e904af6ac46d1e4d432fc01 bd75923a26204044a26a04f015198e04 - - default default] 10.0.0.220 "GET /v2.0/security-groups?tenant_id=02516dc2ceb4454d9273e669d9fb2504&name=default HTTP/1.1" status: 200 len: 3120 time: 0.3072360
2026-07-01 08:35:31.880 9 INFO neutron.api.wsgi [None req-02a7d1f8-73b1-499b-8391-dd9b67f1df2f 36b0c00a8e904af6ac46d1e4d432fc01 bd75923a26204044a26a04f015198e04 - - default default] 10.0.0.220 "DELETE /v2.0/security-groups/f972c103-fd2a-4883-b042-f09f9d656265 HTTP/1.1" status: 204 len: 168 time: 0.2568221
2026-07-01 08:35:31.900 10 INFO neutron.api.wsgi [req-43da1c2b-4660-4697-aeb2-c9e54e9eedc6 req-27a82e9c-205a-4f26-8264-f1e58f62a11c ceb89a06057345148043faeaccaa6b08 f9fb9a9f9cb94349b2b09b518b11bb22 - - 92528f82975c46bdaab9e69bfb83a290 92528f82975c46bdaab9e69bfb83a290] 199.204.45.74 "GET /v2.0/ports?tenant_id=edd51f1244614053a66e04c491d97011&device_id=e2b12958-8bfb-4e20-a4c0-9cb06ffd8620 HTTP/1.1" status: 200 len: 1413 time: 0.0530603
2026-07-01 08:35:31.945 9 INFO neutron.services.segments.plugin [-] Segment 5f97ada1-6851-42e7-8291-e33f49e444ae resource provider aggregate not found
2026-07-01 08:35:31.954 9 INFO neutron.services.segments.plugin [-] Segment 5f97ada1-6851-42e7-8291-e33f49e444ae resource provider aggregate not found
2026-07-01 08:35:31.988 9 INFO neutron.services.segments.plugin [-] Segment 5f97ada1-6851-42e7-8291-e33f49e444ae resource provider not found; error: Placement Client Error (4xx): {"errors": [{"status": 404, "title": "Not Found", "detail": "The resource could not be found.\n\n No resource provider with uuid 5f97ada1-6851-42e7-8291-e33f49e444ae found for delete ", "request_id": "req-2cdfdb93-56b3-4950-8fd6-c7e1e79243ef"}]}
2026-07-01 08:35:31.989 9 INFO neutron.services.segments.plugin [-] Segment 5f97ada1-6851-42e7-8291-e33f49e444ae resource provider not found; error: Placement Client Error (4xx): {"errors": [{"status": 404, "title": "Not Found", "detail": "The resource could not be found.\n\n No resource provider with uuid 5f97ada1-6851-42e7-8291-e33f49e444ae found for delete ", "request_id": "req-4b8d8bdc-79fc-4fbf-9b99-67bb73b47aca"}]}
2026-07-01 08:35:31.998 10 INFO neutron.api.wsgi [req-43da1c2b-4660-4697-aeb2-c9e54e9eedc6 req-4ab67408-2812-4649-b9b9-a78857388988 ceb89a06057345148043faeaccaa6b08 f9fb9a9f9cb94349b2b09b518b11bb22 - - 92528f82975c46bdaab9e69bfb83a290 92528f82975c46bdaab9e69bfb83a290] 199.204.45.74 "GET /v2.0/networks?id=e8e1b7ec-00b8-4f08-8328-2661c20d9261 HTTP/1.1" status: 200 len: 981 time: 0.0866585
2026-07-01 08:35:32.011 9 INFO neutron.api.wsgi [None req-5fe604c3-46c4-4d28-a750-d5f94b129c99 8fd817629d114a2aba93232a42e8a9ee a7638f957a16410d8a225a9fb137ee03 - - default default] 10.0.0.220 "DELETE /v2.0/networks/269b4907-db91-4e1f-891b-35b71a4592ac HTTP/1.1" status: 204 len: 168 time: 0.4782443
2026-07-01 08:35:32.072 10 INFO neutron.api.wsgi [req-43da1c2b-4660-4697-aeb2-c9e54e9eedc6 req-e98cf4fe-ec25-49af-9fdc-f1a8bf10cb02 ceb89a06057345148043faeaccaa6b08 f9fb9a9f9cb94349b2b09b518b11bb22 - - 92528f82975c46bdaab9e69bfb83a290 92528f82975c46bdaab9e69bfb83a290] 199.204.45.74 "GET /v2.0/floatingips?fixed_ip_address=10.100.0.13&port_id=35854fa5-0f13-4d9d-9484-3d199d46d64a HTTP/1.1" status: 200 len: 1060 time: 0.0692744
2026-07-01 08:35:32.136 10 INFO neutron.api.wsgi [req-43da1c2b-4660-4697-aeb2-c9e54e9eedc6 req-c3908fa7-9832-4410-9a3e-5f06c7475236 ceb89a06057345148043faeaccaa6b08 f9fb9a9f9cb94349b2b09b518b11bb22 - - 92528f82975c46bdaab9e69bfb83a290 92528f82975c46bdaab9e69bfb83a290] 199.204.45.74 "GET /v2.0/subnets?id=cd38f6cb-381a-4fd5-a1e1-f91af7a99031 HTTP/1.1" status: 200 len: 900 time: 0.0602493
2026-07-01 08:35:32.142 10 INFO neutron.api.wsgi [req-d2bf1fa1-84d1-43bc-b026-83b20945e8af req-3a3b6175-d2a9-4392-8be6-215ed38ace1a 078bee2860b949cfb8eb1b0f032736f4 a82ed5921e824837b266468c540382a6 - - default default] 10.0.0.193 "GET /v2.0/ports?device_id=57a538c8-6e88-4745-b970-9df6610fefa0 HTTP/1.1" status: 200 len: 1172 time: 0.0516894
2026-07-01 08:35:32.175 10 INFO neutron.api.wsgi [req-43da1c2b-4660-4697-aeb2-c9e54e9eedc6 req-c54c4c8e-06c9-4333-bb93-70178a3f6d62 ceb89a06057345148043faeaccaa6b08 f9fb9a9f9cb94349b2b09b518b11bb22 - - 92528f82975c46bdaab9e69bfb83a290 92528f82975c46bdaab9e69bfb83a290] 199.204.45.74 "GET /v2.0/ports?network_id=e8e1b7ec-00b8-4f08-8328-2661c20d9261&device_owner=network%3Adhcp HTTP/1.1" status: 200 len: 210 time: 0.0319157
2026-07-01 08:35:32.219 10 INFO neutron.api.wsgi [req-d2bf1fa1-84d1-43bc-b026-83b20945e8af req-eef8934c-ebe4-4239-9d80-194bde027763 078bee2860b949cfb8eb1b0f032736f4 a82ed5921e824837b266468c540382a6 - - default default] 10.0.0.193 "GET /v2.0/security-groups?id=e91b662a-19e2-4952-a169-447116eb640e&fields=id&fields=name HTTP/1.1" status: 200 len: 312 time: 0.0637357
2026-07-01 08:35:32.259 10 INFO neutron.api.wsgi [req-43da1c2b-4660-4697-aeb2-c9e54e9eedc6 req-13531834-2761-403c-8d6a-c46f22bdd372 ceb89a06057345148043faeaccaa6b08 f9fb9a9f9cb94349b2b09b518b11bb22 - - 92528f82975c46bdaab9e69bfb83a290 92528f82975c46bdaab9e69bfb83a290] 199.204.45.74 "GET /v2.0/networks/e8e1b7ec-00b8-4f08-8328-2661c20d9261?fields=segments HTTP/1.1" status: 200 len: 212 time: 0.0786428
2026-07-01 08:35:32.296 10 INFO neutron.api.wsgi [None req-b7d3e925-efc8-4262-80a1-d040de004f00 36b0c00a8e904af6ac46d1e4d432fc01 bd75923a26204044a26a04f015198e04 - - default default] 10.0.0.26 "GET /v2.0/security-groups HTTP/1.1" status: 200 len: 32011 time: 0.5167019
2026-07-01 08:35:32.345 10 INFO neutron.api.wsgi [req-43da1c2b-4660-4697-aeb2-c9e54e9eedc6 req-cf89e9c9-ef5a-484e-92b2-9836a2454dd6 ceb89a06057345148043faeaccaa6b08 f9fb9a9f9cb94349b2b09b518b11bb22 - - 92528f82975c46bdaab9e69bfb83a290 92528f82975c46bdaab9e69bfb83a290] 199.204.45.74 "GET /v2.0/networks/e8e1b7ec-00b8-4f08-8328-2661c20d9261?fields=provider%3Aphysical_network&fields=provider%3Anetwork_type HTTP/1.1" status: 200 len: 277 time: 0.0736110
2026-07-01 08:35:32.368 10 INFO neutron.api.wsgi [None req-0ed8e2ab-3680-449f-b948-daf1360f3fb7 36b0c00a8e904af6ac46d1e4d432fc01 bd75923a26204044a26a04f015198e04 - - default default] 10.0.0.26 "GET /v2.0/networks HTTP/1.1" status: 200 len: 3879 time: 0.0600379
2026-07-01 08:35:32.383 10 INFO neutron.api.wsgi [None req-a2e62783-0d50-40da-8416-0e8f0273d51d 36b0c00a8e904af6ac46d1e4d432fc01 bd75923a26204044a26a04f015198e04 - - default default] 10.0.0.26 "GET /v2.0/network-ip-availabilities HTTP/1.1" status: 200 len: 2250 time: 0.0123172
2026-07-01 08:35:32.472 10 INFO neutron.api.wsgi [None req-f555327c-2c36-4945-9e96-6cdc897e1e02 36b0c00a8e904af6ac46d1e4d432fc01 bd75923a26204044a26a04f015198e04 - - default default] 10.0.0.26 "GET /v2.0/ports HTTP/1.1" status: 200 len: 16184 time: 0.0869493
2026-07-01 08:35:32.510 10 INFO neutron.plugins.ml2.drivers.ovn.mech_driver.mech_driver [None req-78086178-7260-40ee-885b-5a940d4cedf4 - - - - - -] OVN reports status up for port: 3504bdae-3609-4ddf-9348-bd5906841ec0
2026-07-01 08:35:32.532 10 INFO neutron.plugins.ml2.plugin [None req-78086178-7260-40ee-885b-5a940d4cedf4 - - - - - -] Attempt 1 to provision port 3504bdae-3609-4ddf-9348-bd5906841ec0
2026-07-01 08:35:32.563 10 INFO neutron.api.wsgi [None req-7d1dc843-d92a-4848-80f7-703d2032b9ae 36b0c00a8e904af6ac46d1e4d432fc01 bd75923a26204044a26a04f015198e04 - - default default] 10.0.0.26 "GET /v2.0/routers HTTP/1.1" status: 200 len: 2126 time: 0.0847049
2026-07-01 08:35:32.591 10 INFO neutron.api.wsgi [None req-8ba883ae-3d56-4647-a5a8-ba64874f2f2e 36b0c00a8e904af6ac46d1e4d432fc01 bd75923a26204044a26a04f015198e04 - - default default] 10.0.0.26 "GET /v2.0/agents?binary=ovn-controller HTTP/1.1" status: 200 len: 591 time: 0.0161672
2026-07-01 08:35:32.646 10 INFO neutron.api.wsgi [None req-9bf47fd9-4d03-4279-ae65-f0c3ad1c77b0 36b0c00a8e904af6ac46d1e4d432fc01 bd75923a26204044a26a04f015198e04 - - default default] 10.0.0.26 "GET /v2.0/floatingips HTTP/1.1" status: 200 len: 1575 time: 0.0525575
2026-07-01 08:35:32.683 10 INFO neutron.api.wsgi [None req-003e89a0-3828-49dd-b2eb-613df8b4a91a 36b0c00a8e904af6ac46d1e4d432fc01 bd75923a26204044a26a04f015198e04 - - default default] 10.0.0.26 "GET /v2.0/subnets HTTP/1.1" status: 200 len: 2853 time: 0.0332592
2026-07-01 08:35:32.698 10 INFO neutron.api.wsgi [None req-fedec3ef-39c7-4f79-8f27-3e9403802372 36b0c00a8e904af6ac46d1e4d432fc01 bd75923a26204044a26a04f015198e04 - - default default] 10.0.0.26 "GET /v2.0/agents HTTP/1.1" status: 200 len: 1390 time: 0.0124292
2026-07-01 08:35:32.703 10 INFO neutron.notifiers.nova [-] Nova event matching ['req-aa6b4cb4-a499-4bb5-9140-52b2d88c79e9'] response: {'server_uuid': '57a538c8-6e88-4745-b970-9df6610fefa0', 'name': 'network-vif-plugged', 'status': 'completed', 'tag': '3504bdae-3609-4ddf-9348-bd5906841ec0', 'code': 200}
2026-07-01 08:35:32.736 10 INFO neutron.api.wsgi [None req-35603525-ea06-4aad-b23f-e61122d708c1 36b0c00a8e904af6ac46d1e4d432fc01 bd75923a26204044a26a04f015198e04 - - default default] 10.0.0.26 "GET /v2.0/subnets HTTP/1.1" status: 200 len: 2853 time: 0.0346470
2026-07-01 08:35:32.748 10 INFO neutron.api.wsgi [None req-61031700-ac94-43e9-9197-a98c4ace080c 36b0c00a8e904af6ac46d1e4d432fc01 bd75923a26204044a26a04f015198e04 - - default default] 10.0.0.26 "GET /v2.0/subnetpools HTTP/1.1" status: 200 len: 193 time: 0.0086088
2026-07-01 08:35:32.814 9 INFO neutron.api.wsgi [None req-5833b142-1bae-43b7-a6c3-f1e707cb5881 36b0c00a8e904af6ac46d1e4d432fc01 bd75923a26204044a26a04f015198e04 - - default default] 10.0.0.220 "GET /v2.0/security-groups?tenant_id=a7638f957a16410d8a225a9fb137ee03&name=default HTTP/1.1" status: 200 len: 3120 time: 0.2036068
2026-07-01 08:35:32.872 10 INFO neutron.db.ovn_revision_numbers_db [None req-78086178-7260-40ee-885b-5a940d4cedf4 - - - - - -] Successfully bumped revision number for resource 3504bdae-3609-4ddf-9348-bd5906841ec0 (type: ports) to 5
2026-07-01 08:35:33.124 10 INFO neutron.api.wsgi [None req-94aaf00d-32a5-445b-8020-e4a8382e1504 36b0c00a8e904af6ac46d1e4d432fc01 bd75923a26204044a26a04f015198e04 - - default default] 10.0.0.220 "DELETE /v2.0/security-groups/4f98ee4d-0e43-4c24-ab23-d8c1e6644884 HTTP/1.1" status: 204 len: 168 time: 0.3000863 /var/lib/openstack/lib/python3.12/site-packages/pycadf/identifier.py:71: UserWarning: Invalid uuid: neutron. To ensure interoperability, identifiers should be a valid uuid. warnings.warn(('Invalid uuid: %s. To ensure interoperability, '
2026-07-01 08:35:33.355 10 INFO neutron.api.wsgi [req-0286aeb3-d46b-4b94-824e-2fb7205ae9d8 req-235e5255-8bbe-4335-9b7c-2293161a5d6e 078bee2860b949cfb8eb1b0f032736f4 a82ed5921e824837b266468c540382a6 - - default default] 10.0.0.193 "GET /v2.0/ports?device_id=57a538c8-6e88-4745-b970-9df6610fefa0 HTTP/1.1" status: 200 len: 1174 time: 0.0512319
