2026-07-01 08:36:45.774 10 WARNING neutron.api.rpc.agentnotifiers.dhcp_rpc_agent_api [None req-ca6677f7-8ba4-4087-a687-ce0be7312cc7 36b0c00a8e904af6ac46d1e4d432fc01 bd75923a26204044a26a04f015198e04 - - default default] Unable to schedule network cebfa9f4-5b6b-4a71-84b8-218dadd87341: no agents available; will retry on subsequent port and subnet creation events.
2026-07-01 08:36:45.835 10 INFO neutron.db.ovn_revision_numbers_db [None req-ca6677f7-8ba4-4087-a687-ce0be7312cc7 36b0c00a8e904af6ac46d1e4d432fc01 bd75923a26204044a26a04f015198e04 - - default default] Successfully bumped revision number for resource a1078163-ef04-4855-89f2-565f1922b45c (type: ports) to 1
2026-07-01 08:36:45.855 10 INFO neutron.api.wsgi [None req-ca6677f7-8ba4-4087-a687-ce0be7312cc7 36b0c00a8e904af6ac46d1e4d432fc01 bd75923a26204044a26a04f015198e04 - - default default] 10.0.0.220 "POST /v2.0/networks HTTP/1.1" status: 201 len: 941 time: 0.6906428
2026-07-01 08:36:45.863 9 INFO neutron.api.wsgi [None req-034cccdd-e9b6-460f-bd57-eca0f09ba198 36b0c00a8e904af6ac46d1e4d432fc01 bd75923a26204044a26a04f015198e04 - - default default] 10.0.0.220 "DELETE /v2.0/subnets/c93039c5-c485-45d5-9781-74adf05bb52f HTTP/1.1" status: 204 len: 168 time: 0.1653349
2026-07-01 08:36:45.972 10 WARNING neutron.scheduler.dhcp_agent_scheduler [None req-d73bd351-29c1-40b4-a413-9ab1f1a29301 36b0c00a8e904af6ac46d1e4d432fc01 bd75923a26204044a26a04f015198e04 - - default default] No more DHCP agents
2026-07-01 08:36:45.974 10 WARNING neutron.api.rpc.agentnotifiers.dhcp_rpc_agent_api [None req-d73bd351-29c1-40b4-a413-9ab1f1a29301 36b0c00a8e904af6ac46d1e4d432fc01 bd75923a26204044a26a04f015198e04 - - default default] Unable to schedule network cebfa9f4-5b6b-4a71-84b8-218dadd87341: no agents available; will retry on subsequent port and subnet creation events.
2026-07-01 08:36:46.246 9 INFO neutron.services.segments.plugin [-] Segment aac1e1f4-c845-4114-b974-1d9ae1adeb4e resource provider aggregate not found
2026-07-01 08:36:46.249 9 INFO neutron.services.segments.plugin [-] Segment aac1e1f4-c845-4114-b974-1d9ae1adeb4e resource provider aggregate not found
2026-07-01 08:36:46.258 9 INFO neutron.services.segments.plugin [-] Segment aac1e1f4-c845-4114-b974-1d9ae1adeb4e resource provider not found; error: Placement Client Error (4xx): {"errors": [{"status": 404, "title": "Not Found", "detail": "The resource could not be found.\n\n No resource provider with uuid aac1e1f4-c845-4114-b974-1d9ae1adeb4e found for delete ", "request_id": "req-33861952-cc69-4ce9-bbc7-4c639f7cd2c2"}]}
2026-07-01 08:36:46.263 9 INFO neutron.services.segments.plugin [-] Segment aac1e1f4-c845-4114-b974-1d9ae1adeb4e resource provider not found; error: Placement Client Error (4xx): {"errors": [{"status": 404, "title": "Not Found", "detail": "The resource could not be found.\n\n No resource provider with uuid aac1e1f4-c845-4114-b974-1d9ae1adeb4e found for delete ", "request_id": "req-bf4b5833-41e5-4358-a419-7af9b94c8230"}]}
2026-07-01 08:36:46.277 9 INFO neutron.api.wsgi [None req-8c8f494b-d03b-461c-9c7f-63087adfd8bb 36b0c00a8e904af6ac46d1e4d432fc01 bd75923a26204044a26a04f015198e04 - - default default] 10.0.0.220 "DELETE /v2.0/networks/96417586-a216-4acb-b572-b20d02126a4d HTTP/1.1" status: 204 len: 168 time: 0.4071770
2026-07-01 08:36:46.305 9 INFO neutron.api.wsgi [None req-a2b40601-5c87-462a-97f2-08273a841bb1 189874dc7ea0400c94777a8fa3992c73 2586058c395d47ddbfdd2a1cf8e600d5 - - default default] 10.0.0.220 "DELETE /v2.0/networks/e80ba041-a5aa-44aa-82f6-a802ae07d19b HTTP/1.1" status: 204 len: 168 time: 0.5564983
2026-07-01 08:36:46.321 9 INFO neutron.pecan_wsgi.hooks.translation [None req-79b6b157-cea7-4670-a75f-44c8706bfeac 189874dc7ea0400c94777a8fa3992c73 2586058c395d47ddbfdd2a1cf8e600d5 - - default default] DELETE failed (client error): The resource could not be found.
2026-07-01 08:36:46.323 9 INFO neutron.api.wsgi [None req-79b6b157-cea7-4670-a75f-44c8706bfeac 189874dc7ea0400c94777a8fa3992c73 2586058c395d47ddbfdd2a1cf8e600d5 - - default default] 10.0.0.220 "DELETE /v2.0/networks/e80ba041-a5aa-44aa-82f6-a802ae07d19b HTTP/1.1" status: 404 len: 339 time: 0.0131974
2026-07-01 08:36:46.385 9 INFO neutron.api.wsgi [None req-df1f7534-0add-41fe-804f-a5c904650259 189874dc7ea0400c94777a8fa3992c73 2586058c395d47ddbfdd2a1cf8e600d5 - - default default] 10.0.0.220 "GET /v2.0/networks?router%3Aexternal=True HTTP/1.1" status: 200 len: 845 time: 0.0535350
2026-07-01 08:36:46.422 10 INFO neutron.api.wsgi [None req-b8b57052-718b-4450-9abd-003a1f4769b6 189874dc7ea0400c94777a8fa3992c73 2586058c395d47ddbfdd2a1cf8e600d5 - - default default] 10.0.0.220 "GET /v2.0/subnets?network_id=60b61759-f4f3-45eb-a1af-86e709006d56 HTTP/1.1" status: 200 len: 843 time: 0.0303066
2026-07-01 08:36:46.434 9 INFO neutron.api.wsgi [None req-251ab716-87d3-4b85-963f-5751b41749c5 189874dc7ea0400c94777a8fa3992c73 2586058c395d47ddbfdd2a1cf8e600d5 - - default default] 10.0.0.220 "GET /v2.0/extensions HTTP/1.1" status: 200 len: 19293 time: 0.0061028
2026-07-01 08:36:46.446 10 INFO neutron.db.ovn_revision_numbers_db [None req-a1876ee3-8363-43a1-8fa5-aac0065318a0 - - - - - -] Successfully bumped revision number for resource a1078163-ef04-4855-89f2-565f1922b45c (type: ports) to 2
2026-07-01 08:36:46.473 10 INFO neutron.db.ovn_revision_numbers_db [None req-a1876ee3-8363-43a1-8fa5-aac0065318a0 - - - - - -] Successfully bumped revision number for resource a19bf55f-7dd1-4b00-847a-a28c39b1fc01 (type: subnets) to 0
2026-07-01 08:36:46.477 9 INFO neutron.api.wsgi [None req-2a381718-8134-49df-80a6-ddb99951f26a 36b0c00a8e904af6ac46d1e4d432fc01 bd75923a26204044a26a04f015198e04 - - default default] 10.0.0.220 "GET /v2.0/security-groups?tenant_id=10a7f29d9be340458db3b3f71be87b8d&name=default HTTP/1.1" status: 200 len: 3120 time: 0.0396459
2026-07-01 08:36:46.488 10 INFO neutron.api.wsgi [None req-d73bd351-29c1-40b4-a413-9ab1f1a29301 36b0c00a8e904af6ac46d1e4d432fc01 bd75923a26204044a26a04f015198e04 - - default default] 10.0.0.220 "POST /v2.0/subnets HTTP/1.1" status: 201 len: 886 time: 0.6268797
2026-07-01 08:36:46.492 9 INFO neutron.api.wsgi [None req-c124df16-3ddf-4e87-aaa3-c411176d25ae 189874dc7ea0400c94777a8fa3992c73 2586058c395d47ddbfdd2a1cf8e600d5 - - default default] 10.0.0.220 "GET /v2.0/networks HTTP/1.1" status: 200 len: 1507 time: 0.0502295
2026-07-01 08:36:46.532 9 INFO neutron.api.wsgi [None req-4aab8a4a-b12e-4060-b6b9-cc55db639c30 189874dc7ea0400c94777a8fa3992c73 2586058c395d47ddbfdd2a1cf8e600d5 - - default default] 10.0.0.220 "GET /v2.0/subnets HTTP/1.1" status: 200 len: 1507 time: 0.0324347
2026-07-01 08:36:46.602 10 INFO neutron.api.wsgi [None req-04cc44fa-62f3-4408-896d-966fcbe23368 189874dc7ea0400c94777a8fa3992c73 2586058c395d47ddbfdd2a1cf8e600d5 - - default default] 10.0.0.220 "GET /v2.0/networks/d2c6807d-d43f-46f2-8f63-2f152da11563 HTTP/1.1" status: 200 len: 866 time: 0.0631044
2026-07-01 08:36:46.648 9 INFO neutron.api.wsgi [None req-a3560f14-b244-49ba-a098-80157f730f61 189874dc7ea0400c94777a8fa3992c73 2586058c395d47ddbfdd2a1cf8e600d5 - - default default] 10.0.0.220 "GET /v2.0/subnets/c10a1df6-26c5-4d0e-998e-3c10bbd4e871 HTTP/1.1" status: 200 len: 867 time: 0.0392835
2026-07-01 08:36:46.667 9 INFO neutron.pecan_wsgi.hooks.translation [None req-c7dbdaa2-3a38-41f8-8c2e-06495a74efca 189874dc7ea0400c94777a8fa3992c73 2586058c395d47ddbfdd2a1cf8e600d5 - - default default] DELETE failed (client error): The resource could not be found.
2026-07-01 08:36:46.669 9 INFO neutron.api.wsgi [None req-c7dbdaa2-3a38-41f8-8c2e-06495a74efca 189874dc7ea0400c94777a8fa3992c73 2586058c395d47ddbfdd2a1cf8e600d5 - - default default] 10.0.0.220 "DELETE /v2.0/subnets/27a28081-1bb5-4f9d-a30b-5a5edf3d4695 HTTP/1.1" status: 404 len: 337 time: 0.0145054
2026-07-01 08:36:46.686 10 INFO neutron.pecan_wsgi.hooks.translation [None req-3178065a-9df0-4c54-b6d4-b28ce16af950 189874dc7ea0400c94777a8fa3992c73 2586058c395d47ddbfdd2a1cf8e600d5 - - default default] DELETE failed (client error): The resource could not be found.
2026-07-01 08:36:46.688 10 INFO neutron.api.wsgi [None req-3178065a-9df0-4c54-b6d4-b28ce16af950 189874dc7ea0400c94777a8fa3992c73 2586058c395d47ddbfdd2a1cf8e600d5 - - default default] 10.0.0.220 "DELETE /v2.0/networks/e80ba041-a5aa-44aa-82f6-a802ae07d19b HTTP/1.1" status: 404 len: 339 time: 0.0143878
2026-07-01 08:36:46.734 9 INFO neutron.api.wsgi [None req-d25f650d-3c3a-4b21-9d83-bd05387ea431 36b0c00a8e904af6ac46d1e4d432fc01 bd75923a26204044a26a04f015198e04 - - default default] 10.0.0.220 "DELETE /v2.0/security-groups/1e127c23-aaf6-42ff-8ca2-092dba39c50c HTTP/1.1" status: 204 len: 168 time: 0.2513182
2026-07-01 08:36:46.871 10 INFO neutron.api.wsgi [None req-78b899ad-670c-475f-bdbf-575f5305b080 189874dc7ea0400c94777a8fa3992c73 2586058c395d47ddbfdd2a1cf8e600d5 - - default default] 10.0.0.220 "DELETE /v2.0/subnets/c10a1df6-26c5-4d0e-998e-3c10bbd4e871 HTTP/1.1" status: 204 len: 168 time: 0.1786993
2026-07-01 08:36:46.925 10 WARNING neutron.scheduler.dhcp_agent_scheduler [None req-073dcbfd-5525-40c1-aed1-411a71811961 36b0c00a8e904af6ac46d1e4d432fc01 bd75923a26204044a26a04f015198e04 - - default default] No more DHCP agents
2026-07-01 08:36:46.927 10 WARNING neutron.api.rpc.agentnotifiers.dhcp_rpc_agent_api [None req-073dcbfd-5525-40c1-aed1-411a71811961 36b0c00a8e904af6ac46d1e4d432fc01 bd75923a26204044a26a04f015198e04 - - default default] Unable to schedule network 60b61759-f4f3-45eb-a1af-86e709006d56: no agents available; will retry on subsequent port and subnet creation events.
2026-07-01 08:36:47.118 10 INFO neutron.db.ovn_revision_numbers_db [None req-073dcbfd-5525-40c1-aed1-411a71811961 36b0c00a8e904af6ac46d1e4d432fc01 bd75923a26204044a26a04f015198e04 - - default default] Successfully bumped revision number for resource d60f19e9-26c5-48bc-946e-a14e2d70b958 (type: ports) to 1
2026-07-01 08:36:47.282 10 INFO neutron.services.segments.plugin [-] Segment 0b9cedba-d513-4fd4-ba8c-fae23bc725a9 resource provider aggregate not found
2026-07-01 08:36:47.285 10 INFO neutron.services.segments.plugin [-] Segment 0b9cedba-d513-4fd4-ba8c-fae23bc725a9 resource provider aggregate not found
2026-07-01 08:36:47.310 10 INFO neutron.services.segments.plugin [-] Segment 0b9cedba-d513-4fd4-ba8c-fae23bc725a9 resource provider not found; error: Placement Client Error (4xx): {"errors": [{"status": 404, "title": "Not Found", "detail": "The resource could not be found.\n\n No resource provider with uuid 0b9cedba-d513-4fd4-ba8c-fae23bc725a9 found for delete ", "request_id": "req-8cd57673-4212-4d85-888c-c20e0eda8b22"}]}
2026-07-01 08:36:47.311 10 INFO neutron.services.segments.plugin [-] Segment 0b9cedba-d513-4fd4-ba8c-fae23bc725a9 resource provider not found; error: Placement Client Error (4xx): {"errors": [{"status": 404, "title": "Not Found", "detail": "The resource could not be found.\n\n No resource provider with uuid 0b9cedba-d513-4fd4-ba8c-fae23bc725a9 found for delete ", "request_id": "req-0770544b-d794-4e6b-beac-a337506820ab"}]}
2026-07-01 08:36:47.333 10 INFO neutron.api.wsgi [None req-89b976d2-424a-4242-bc8d-93c72c9acc56 189874dc7ea0400c94777a8fa3992c73 2586058c395d47ddbfdd2a1cf8e600d5 - - default default] 10.0.0.220 "DELETE /v2.0/networks/d2c6807d-d43f-46f2-8f63-2f152da11563 HTTP/1.1" status: 204 len: 168 time: 0.4564691
2026-07-01 08:36:47.953 9 INFO neutron.api.wsgi [None req-c8ae98eb-2ae0-45aa-ab93-f2454a272048 36b0c00a8e904af6ac46d1e4d432fc01 bd75923a26204044a26a04f015198e04 - - default default] 10.0.0.220 "GET /v2.0/security-groups?tenant_id=2586058c395d47ddbfdd2a1cf8e600d5&name=default HTTP/1.1" status: 200 len: 3120 time: 0.1948156
2026-07-01 08:36:48.108 10 INFO neutron.plugins.ml2.drivers.ovn.mech_driver.ovsdb.commands [None req-277c484b-5dc7-4976-97e7-498251f615ca - - - - - -] Schedule LRP lrp-d60f19e9-26c5-48bc-946e-a14e2d70b958 on gateway 64db2054-b6fe-4f1f-9cce-693648a7b04e with priority 1
2026-07-01 08:36:48.126 10 INFO neutron.plugins.ml2.drivers.ovn.mech_driver.mech_driver [None req-fe17f6f2-105f-4662-aa43-f5c4a9af5c15 - - - - - -] OVN reports status up for port: d60f19e9-26c5-48bc-946e-a14e2d70b958
2026-07-01 08:36:48.137 9 INFO neutron.plugins.ml2.drivers.ovn.mech_driver.ovsdb.ovsdb_monitor [None req-9d82af05-6770-4b84-ac71-16369bf3f2ea - - - - - -] Router 0e10bdae-7b1a-49fa-a695-43dee3888aba is bound to host instance
2026-07-01 08:36:48.140 10 INFO neutron.plugins.ml2.plugin [None req-fe17f6f2-105f-4662-aa43-f5c4a9af5c15 - - - - - -] Attempt 1 to provision port d60f19e9-26c5-48bc-946e-a14e2d70b958
2026-07-01 08:36:48.148 10 INFO neutron.db.ovn_revision_numbers_db [None req-073dcbfd-5525-40c1-aed1-411a71811961 36b0c00a8e904af6ac46d1e4d432fc01 bd75923a26204044a26a04f015198e04 - - default default] Successfully bumped revision number for resource d60f19e9-26c5-48bc-946e-a14e2d70b958 (type: router_ports) to 1
2026-07-01 08:36:48.219 9 INFO neutron.api.wsgi [None req-83438401-cc2f-4c4b-96c0-8832178ec28e 36b0c00a8e904af6ac46d1e4d432fc01 bd75923a26204044a26a04f015198e04 - - default default] 10.0.0.220 "DELETE /v2.0/security-groups/647338ad-3ca2-419a-bff1-f8247708baa2 HTTP/1.1" status: 204 len: 168 time: 0.2595677
2026-07-01 08:36:48.220 10 INFO neutron.db.ovn_revision_numbers_db [None req-073dcbfd-5525-40c1-aed1-411a71811961 36b0c00a8e904af6ac46d1e4d432fc01 bd75923a26204044a26a04f015198e04 - - default default] Successfully bumped revision number for resource 0e10bdae-7b1a-49fa-a695-43dee3888aba (type: routers) to 2
2026-07-01 08:36:48.231 10 INFO neutron.api.wsgi [None req-073dcbfd-5525-40c1-aed1-411a71811961 36b0c00a8e904af6ac46d1e4d432fc01 bd75923a26204044a26a04f015198e04 - - default default] 10.0.0.220 "POST /v2.0/routers HTTP/1.1" status: 201 len: 1164 time: 1.7382407
2026-07-01 08:36:48.281 9 INFO neutron.services.segments.plugin [-] Segment f53f308d-4645-4f9b-ae8a-ba0e60ca757b resource provider aggregate not found
2026-07-01 08:36:48.286 9 INFO neutron.services.segments.plugin [-] Segment f53f308d-4645-4f9b-ae8a-ba0e60ca757b resource provider aggregate not found
2026-07-01 08:36:48.296 9 INFO neutron.services.segments.plugin [-] Segment f53f308d-4645-4f9b-ae8a-ba0e60ca757b resource provider not found; error: Placement Client Error (4xx): {"errors": [{"status": 404, "title": "Not Found", "detail": "The resource could not be found.\n\n No resource provider with uuid f53f308d-4645-4f9b-ae8a-ba0e60ca757b found for delete ", "request_id": "req-9b63a797-84d5-41cc-a54f-7800ee25cc4d"}]}
2026-07-01 08:36:48.304 9 INFO neutron.services.segments.plugin [-] Segment f53f308d-4645-4f9b-ae8a-ba0e60ca757b resource provider not found; error: Placement Client Error (4xx): {"errors": [{"status": 404, "title": "Not Found", "detail": "The resource could not be found.\n\n No resource provider with uuid f53f308d-4645-4f9b-ae8a-ba0e60ca757b found for delete ", "request_id": "req-ddffb5db-1e5a-4e70-be46-52c6f2a2d69b"}]}
2026-07-01 08:36:48.608 9 INFO neutron.db.ovn_revision_numbers_db [None req-fecba309-fc6b-40c2-a678-a8e91d37bcc4 - - - - - -] Successfully bumped revision number for resource d60f19e9-26c5-48bc-946e-a14e2d70b958 (type: ports) to 1
2026-07-01 08:36:48.730 10 WARNING neutron.scheduler.dhcp_agent_scheduler [None req-cc42e828-f6a5-4133-a0a5-07bf3ebe4332 36b0c00a8e904af6ac46d1e4d432fc01 bd75923a26204044a26a04f015198e04 - - default default] No more DHCP agents
2026-07-01 08:36:48.732 10 WARNING neutron.api.rpc.agentnotifiers.dhcp_rpc_agent_api [None req-cc42e828-f6a5-4133-a0a5-07bf3ebe4332 36b0c00a8e904af6ac46d1e4d432fc01 bd75923a26204044a26a04f015198e04 - - default default] Unable to schedule network cebfa9f4-5b6b-4a71-84b8-218dadd87341: no agents available; will retry on subsequent port and subnet creation events.
2026-07-01 08:36:48.858 10 INFO neutron.db.ovn_revision_numbers_db [None req-cc42e828-f6a5-4133-a0a5-07bf3ebe4332 36b0c00a8e904af6ac46d1e4d432fc01 bd75923a26204044a26a04f015198e04 - - default default] Successfully bumped revision number for resource c5f6cefc-5867-4a67-9cc2-a13f070bdc45 (type: ports) to 1
2026-07-01 08:36:48.920 9 INFO neutron.db.ovn_revision_numbers_db [None req-fecba309-fc6b-40c2-a678-a8e91d37bcc4 - - - - - -] Successfully bumped revision number for resource d60f19e9-26c5-48bc-946e-a14e2d70b958 (type: ports) to 4
2026-07-01 08:36:49.182 9 WARNING neutron.plugins.ml2.drivers.ovn.mech_driver.ovsdb.ovn_client [None req-002afa2a-fe24-4c6f-a855-778fc9d0295d - - - - - -] No hosting information found for port a5466d4d-0a0f-4ba1-b810-965ec02099bc: RuntimeError: No hosting information found for port a5466d4d-0a0f-4ba1-b810-965ec02099bc
2026-07-01 08:36:49.266 9 INFO neutron.db.ovn_revision_numbers_db [None req-fecba309-fc6b-40c2-a678-a8e91d37bcc4 - - - - - -] Successfully bumped revision number for resource d60f19e9-26c5-48bc-946e-a14e2d70b958 (type: ports) to 5
2026-07-01 08:36:49.273 9 INFO neutron.db.ovn_revision_numbers_db [None req-002afa2a-fe24-4c6f-a855-778fc9d0295d - - - - - -] Successfully bumped revision number for resource a5466d4d-0a0f-4ba1-b810-965ec02099bc (type: router_ports) to 2
2026-07-01 08:36:49.473 9 INFO neutron.plugins.ml2.drivers.ovn.mech_driver.mech_driver [None req-002afa2a-fe24-4c6f-a855-778fc9d0295d - - - - - -] OVN reports status up for port: c5f6cefc-5867-4a67-9cc2-a13f070bdc45
2026-07-01 08:36:49.482 9 INFO neutron.plugins.ml2.plugin [None req-002afa2a-fe24-4c6f-a855-778fc9d0295d - - - - - -] Attempt 1 to provision port c5f6cefc-5867-4a67-9cc2-a13f070bdc45
2026-07-01 08:36:49.499 10 INFO neutron.db.ovn_revision_numbers_db [None req-cc42e828-f6a5-4133-a0a5-07bf3ebe4332 36b0c00a8e904af6ac46d1e4d432fc01 bd75923a26204044a26a04f015198e04 - - default default] Successfully bumped revision number for resource c5f6cefc-5867-4a67-9cc2-a13f070bdc45 (type: ports) to 1
2026-07-01 08:36:49.556 10 WARNING neutron.scheduler.dhcp_agent_scheduler [None req-cc42e828-f6a5-4133-a0a5-07bf3ebe4332 36b0c00a8e904af6ac46d1e4d432fc01 bd75923a26204044a26a04f015198e04 - - default default] No more DHCP agents
2026-07-01 08:36:49.557 10 WARNING neutron.api.rpc.agentnotifiers.dhcp_rpc_agent_api [None req-cc42e828-f6a5-4133-a0a5-07bf3ebe4332 36b0c00a8e904af6ac46d1e4d432fc01 bd75923a26204044a26a04f015198e04 - - default default] Unable to schedule network cebfa9f4-5b6b-4a71-84b8-218dadd87341: no agents available; will retry on subsequent port and subnet creation events.
2026-07-01 08:36:49.848 9 INFO neutron.db.ovn_revision_numbers_db [None req-002afa2a-fe24-4c6f-a855-778fc9d0295d - - - - - -] Successfully bumped revision number for resource c5f6cefc-5867-4a67-9cc2-a13f070bdc45 (type: ports) to 2
2026-07-01 08:36:50.228 9 WARNING neutron_lib.context [None req-56df4b1a-daa9-49a9-b810-b936d4a1ff44 df84003fbd43414d84fe5b8b36fb4ee7 8ed46da4ccc34f5a9550edaabe3a5946 - - default default] Method 'is_advsvc' is deprecated since 2023.2 release (neutron-lib 3.8.0) and will be removed once support for the old RBAC API policies will be removed from Neutron. Please use method 'is_service_role' instead.
2026-07-01 08:36:50.294 10 INFO neutron.db.ovn_revision_numbers_db [None req-cc42e828-f6a5-4133-a0a5-07bf3ebe4332 36b0c00a8e904af6ac46d1e4d432fc01 bd75923a26204044a26a04f015198e04 - - default default] Successfully bumped revision number for resource c5f6cefc-5867-4a67-9cc2-a13f070bdc45 (type: router_ports) to 1
2026-07-01 08:36:50.302 10 INFO neutron.api.wsgi [None req-cc42e828-f6a5-4133-a0a5-07bf3ebe4332 36b0c00a8e904af6ac46d1e4d432fc01 bd75923a26204044a26a04f015198e04 - - default default] 10.0.0.220 "PUT /v2.0/routers/0e10bdae-7b1a-49fa-a695-43dee3888aba/add_router_interface HTTP/1.1" status: 200 len: 503 time: 2.0648572
2026-07-01 08:36:50.416 9 INFO neutron.db.ovn_revision_numbers_db [None req-56df4b1a-daa9-49a9-b810-b936d4a1ff44 df84003fbd43414d84fe5b8b36fb4ee7 8ed46da4ccc34f5a9550edaabe3a5946 - - default default] Successfully bumped revision number for resource 9871fa02-acd2-4eb4-9d9b-d11cc9d4d6f6 (type: security_groups) to 1
2026-07-01 08:36:50.433 9 INFO neutron.db.ovn_revision_numbers_db [None req-56df4b1a-daa9-49a9-b810-b936d4a1ff44 df84003fbd43414d84fe5b8b36fb4ee7 8ed46da4ccc34f5a9550edaabe3a5946 - - default default] Successfully bumped revision number for resource 6e948978-a056-4dfd-ab56-1a5bf68d0e1a (type: security_group_rules) to 0
2026-07-01 08:36:50.452 9 INFO neutron.db.ovn_revision_numbers_db [None req-56df4b1a-daa9-49a9-b810-b936d4a1ff44 df84003fbd43414d84fe5b8b36fb4ee7 8ed46da4ccc34f5a9550edaabe3a5946 - - default default] Successfully bumped revision number for resource 71f05da5-1100-4ca2-89f1-7c0be93c6cb0 (type: security_group_rules) to 0
2026-07-01 08:36:50.467 9 INFO neutron.db.ovn_revision_numbers_db [None req-56df4b1a-daa9-49a9-b810-b936d4a1ff44 df84003fbd43414d84fe5b8b36fb4ee7 8ed46da4ccc34f5a9550edaabe3a5946 - - default default] Successfully bumped revision number for resource cb763c41-4c30-4a55-9739-b8fecd00e5c3 (type: security_group_rules) to 0
2026-07-01 08:36:50.489 9 INFO neutron.db.ovn_revision_numbers_db [None req-56df4b1a-daa9-49a9-b810-b936d4a1ff44 df84003fbd43414d84fe5b8b36fb4ee7 8ed46da4ccc34f5a9550edaabe3a5946 - - default default] Successfully bumped revision number for resource e79f999e-06d5-460f-8635-1c7764a9b418 (type: security_group_rules) to 0
2026-07-01 08:36:50.570 9 INFO neutron.db.segments_db [None req-56df4b1a-daa9-49a9-b810-b936d4a1ff44 df84003fbd43414d84fe5b8b36fb4ee7 8ed46da4ccc34f5a9550edaabe3a5946 - - default default] Added segment d6383250-49b3-4e04-886d-8e4db7e1b45f of type geneve for network 5f6aa9e7-84b6-47d2-ab49-8bbedad0c3da
2026-07-01 08:36:50.709 9 INFO neutron.db.ovn_revision_numbers_db [None req-56df4b1a-daa9-49a9-b810-b936d4a1ff44 df84003fbd43414d84fe5b8b36fb4ee7 8ed46da4ccc34f5a9550edaabe3a5946 - - default default] Successfully bumped revision number for resource 5f6aa9e7-84b6-47d2-ab49-8bbedad0c3da (type: networks) to 1
2026-07-01 08:36:50.900 9 WARNING neutron.scheduler.dhcp_agent_scheduler [None req-56df4b1a-daa9-49a9-b810-b936d4a1ff44 df84003fbd43414d84fe5b8b36fb4ee7 8ed46da4ccc34f5a9550edaabe3a5946 - - default default] No more DHCP agents
2026-07-01 08:36:50.901 9 WARNING neutron.api.rpc.agentnotifiers.dhcp_rpc_agent_api [None req-56df4b1a-daa9-49a9-b810-b936d4a1ff44 df84003fbd43414d84fe5b8b36fb4ee7 8ed46da4ccc34f5a9550edaabe3a5946 - - default default] Unable to schedule network 5f6aa9e7-84b6-47d2-ab49-8bbedad0c3da: no agents available; will retry on subsequent port and subnet creation events.
2026-07-01 08:36:50.941 10 WARNING keystonemiddleware.audit [None req-46d84a66-db69-4aef-a198-2bba9e9401fd - - - - - -] Skipping service tempest-service-694248886 as it have no endpoints.
2026-07-01 08:36:50.944 10 WARNING neutron_lib.context [None req-e1c67e3f-d9da-4dd1-8511-c5b59a4423e1 211f38a3e50b491485a43164107b168e 4ba3a623f3ab4824b1ab4396cef0af6c - - default default] Method 'is_advsvc' is deprecated since 2023.2 release (neutron-lib 3.8.0) and will be removed once support for the old RBAC API policies will be removed from Neutron. Please use method 'is_service_role' instead.
2026-07-01 08:36:50.970 9 INFO neutron.db.ovn_revision_numbers_db [None req-56df4b1a-daa9-49a9-b810-b936d4a1ff44 df84003fbd43414d84fe5b8b36fb4ee7 8ed46da4ccc34f5a9550edaabe3a5946 - - default default] Successfully bumped revision number for resource 0478ff55-1dec-4604-937d-ea2fdafda42f (type: ports) to 1
2026-07-01 08:36:51.005 9 INFO neutron.api.wsgi [None req-56df4b1a-daa9-49a9-b810-b936d4a1ff44 df84003fbd43414d84fe5b8b36fb4ee7 8ed46da4ccc34f5a9550edaabe3a5946 - - default default] 10.0.0.220 "POST /v2.0/networks HTTP/1.1" status: 201 len: 843 time: 0.9425552
2026-07-01 08:36:51.047 9 WARNING neutron_lib.context [None req-a0d9e331-76cd-4628-a74f-b6b4ed85c2ec df84003fbd43414d84fe5b8b36fb4ee7 8ed46da4ccc34f5a9550edaabe3a5946 - - default default] Method 'is_advsvc' is deprecated since 2023.2 release (neutron-lib 3.8.0) and will be removed once support for the old RBAC API policies will be removed from Neutron. Please use method 'is_service_role' instead.
2026-07-01 08:36:51.080 10 INFO neutron.db.ovn_revision_numbers_db [None req-e1c67e3f-d9da-4dd1-8511-c5b59a4423e1 211f38a3e50b491485a43164107b168e 4ba3a623f3ab4824b1ab4396cef0af6c - - default default] Successfully bumped revision number for resource b8f12b08-1a7b-4e1d-8790-5252b93755e9 (type: security_groups) to 1
2026-07-01 08:36:51.099 10 INFO neutron.db.ovn_revision_numbers_db [None req-e1c67e3f-d9da-4dd1-8511-c5b59a4423e1 211f38a3e50b491485a43164107b168e 4ba3a623f3ab4824b1ab4396cef0af6c - - default default] Successfully bumped revision number for resource 8d4e83da-c2e4-4247-9716-6477ca3716ec (type: security_group_rules) to 0
2026-07-01 08:36:51.112 10 INFO neutron.db.ovn_revision_numbers_db [None req-e1c67e3f-d9da-4dd1-8511-c5b59a4423e1 211f38a3e50b491485a43164107b168e 4ba3a623f3ab4824b1ab4396cef0af6c - - default default] Successfully bumped revision number for resource a95059d7-c98e-4ef4-8295-f260057beec8 (type: security_group_rules) to 0
2026-07-01 08:36:51.162 10 INFO neutron.api.wsgi [None req-e1c67e3f-d9da-4dd1-8511-c5b59a4423e1 211f38a3e50b491485a43164107b168e 4ba3a623f3ab4824b1ab4396cef0af6c - - default default] 10.0.0.220 "POST /v2.0/security-groups HTTP/1.1" status: 201 len: 1875 time: 0.2242172
2026-07-01 08:36:51.170 10 WARNING keystonemiddleware.audit [None req-78c1cb80-a84d-414a-b2f3-3d116682b7e4 - - - - - -] Skipping service tempest-service-694248886 as it have no endpoints.
2026-07-01 08:36:51.173 10 WARNING neutron_lib.context [None req-4a6e3ee9-68fb-43e1-a6fe-53abeaaea24c 211f38a3e50b491485a43164107b168e 4ba3a623f3ab4824b1ab4396cef0af6c - - default default] Method 'is_advsvc' is deprecated since 2023.2 release (neutron-lib 3.8.0) and will be removed once support for the old RBAC API policies will be removed from Neutron. Please use method 'is_service_role' instead.
2026-07-01 08:36:51.252 9 WARNING neutron.scheduler.dhcp_agent_scheduler [None req-a0d9e331-76cd-4628-a74f-b6b4ed85c2ec df84003fbd43414d84fe5b8b36fb4ee7 8ed46da4ccc34f5a9550edaabe3a5946 - - default default] No more DHCP agents
2026-07-01 08:36:51.253 9 WARNING neutron.api.rpc.agentnotifiers.dhcp_rpc_agent_api [None req-a0d9e331-76cd-4628-a74f-b6b4ed85c2ec df84003fbd43414d84fe5b8b36fb4ee7 8ed46da4ccc34f5a9550edaabe3a5946 - - default default] Unable to schedule network 5f6aa9e7-84b6-47d2-ab49-8bbedad0c3da: no agents available; will retry on subsequent port and subnet creation events.
2026-07-01 08:36:51.306 10 INFO neutron.db.ovn_revision_numbers_db [None req-4a6e3ee9-68fb-43e1-a6fe-53abeaaea24c 211f38a3e50b491485a43164107b168e 4ba3a623f3ab4824b1ab4396cef0af6c - - default default] Successfully bumped revision number for resource e216e95f-4baf-4a72-8d58-1c7a85790e39 (type: security_group_rules) to 0
2026-07-01 08:36:51.341 10 INFO neutron.api.wsgi [None req-4a6e3ee9-68fb-43e1-a6fe-53abeaaea24c 211f38a3e50b491485a43164107b168e 4ba3a623f3ab4824b1ab4396cef0af6c - - default default] 10.0.0.220 "POST /v2.0/security-group-rules HTTP/1.1" status: 201 len: 796 time: 0.1732342
2026-07-01 08:36:51.350 10 WARNING keystonemiddleware.audit [None req-4a45450a-276f-4569-9e79-5aaacfa3ca10 - - - - - -] Skipping service tempest-service-694248886 as it have no endpoints.
2026-07-01 08:36:51.354 10 WARNING neutron_lib.context [None req-355d16ec-5b85-4767-b8c3-2462bb289290 211f38a3e50b491485a43164107b168e 4ba3a623f3ab4824b1ab4396cef0af6c - - default default] Method 'is_advsvc' is deprecated since 2023.2 release (neutron-lib 3.8.0) and will be removed once support for the old RBAC API policies will be removed from Neutron. Please use method 'is_service_role' instead.
2026-07-01 08:36:51.387 10 INFO neutron.api.wsgi [-] 10.0.0.21 "GET / HTTP/1.1" status: 200 len: 247 time: 0.0019531
2026-07-01 08:36:51.391 9 INFO neutron.api.wsgi [-] 10.0.0.21 "GET / HTTP/1.1" status: 200 len: 247 time: 0.0043392
2026-07-01 08:36:51.468 10 INFO neutron.db.ovn_revision_numbers_db [None req-355d16ec-5b85-4767-b8c3-2462bb289290 211f38a3e50b491485a43164107b168e 4ba3a623f3ab4824b1ab4396cef0af6c - - default default] Successfully bumped revision number for resource b35f6c94-d0f0-4799-8d56-baa1fcfc8438 (type: security_group_rules) to 0
2026-07-01 08:36:51.496 10 INFO neutron.api.wsgi [None req-355d16ec-5b85-4767-b8c3-2462bb289290 211f38a3e50b491485a43164107b168e 4ba3a623f3ab4824b1ab4396cef0af6c - - default default] 10.0.0.220 "POST /v2.0/security-group-rules HTTP/1.1" status: 201 len: 795 time: 0.1500697
2026-07-01 08:36:51.504 10 WARNING keystonemiddleware.audit [None req-701ec4bf-eb37-4a04-8884-74716bbbded3 - - - - - -] Skipping service tempest-service-694248886 as it have no endpoints.
2026-07-01 08:36:51.506 10 WARNING neutron_lib.context [None req-fd44e35b-cf60-45b4-8d6a-cb072df36166 211f38a3e50b491485a43164107b168e 4ba3a623f3ab4824b1ab4396cef0af6c - - default default] Method 'is_advsvc' is deprecated since 2023.2 release (neutron-lib 3.8.0) and will be removed once support for the old RBAC API policies will be removed from Neutron. Please use method 'is_service_role' instead.
2026-07-01 08:36:51.623 10 INFO neutron.db.ovn_revision_numbers_db [None req-fd44e35b-cf60-45b4-8d6a-cb072df36166 211f38a3e50b491485a43164107b168e 4ba3a623f3ab4824b1ab4396cef0af6c - - default default] Successfully bumped revision number for resource 7a4b8cd3-f69a-4469-bbd4-f922f7e17559 (type: security_group_rules) to 0
2026-07-01 08:36:51.656 10 INFO neutron.api.wsgi [None req-fd44e35b-cf60-45b4-8d6a-cb072df36166 211f38a3e50b491485a43164107b168e 4ba3a623f3ab4824b1ab4396cef0af6c - - default default] 10.0.0.220 "POST /v2.0/security-group-rules HTTP/1.1" status: 201 len: 801 time: 0.1546290
2026-07-01 08:36:51.666 10 WARNING keystonemiddleware.audit [None req-e7295d0c-75c0-4ba2-b5f6-99c370b8a04e - - - - - -] Skipping service tempest-service-694248886 as it have no endpoints.
2026-07-01 08:36:51.670 10 WARNING neutron_lib.context [None req-fb6beb06-de19-410d-b407-35cb168ac8ed 211f38a3e50b491485a43164107b168e 4ba3a623f3ab4824b1ab4396cef0af6c - - default default] Method 'is_advsvc' is deprecated since 2023.2 release (neutron-lib 3.8.0) and will be removed once support for the old RBAC API policies will be removed from Neutron. Please use method 'is_service_role' instead.
2026-07-01 08:36:51.734 9 INFO neutron.db.ovn_revision_numbers_db [None req-b9a82fc2-814d-4a79-aea3-a39ffc4056a1 - - - - - -] Successfully bumped revision number for resource 0478ff55-1dec-4604-937d-ea2fdafda42f (type: ports) to 2
2026-07-01 08:36:51.765 9 INFO neutron.db.ovn_revision_numbers_db [None req-b9a82fc2-814d-4a79-aea3-a39ffc4056a1 - - - - - -] Successfully bumped revision number for resource 237384c9-1cb8-4ff1-9fbf-b8bbb6509a56 (type: subnets) to 0
2026-07-01 08:36:51.780 9 INFO neutron.api.wsgi [None req-a0d9e331-76cd-4628-a74f-b6b4ed85c2ec df84003fbd43414d84fe5b8b36fb4ee7 8ed46da4ccc34f5a9550edaabe3a5946 - - default default] 10.0.0.220 "POST /v2.0/subnets HTTP/1.1" status: 201 len: 840 time: 0.7411532
2026-07-01 08:36:51.796 9 WARNING neutron_lib.context [None req-9e84594c-b872-415f-80e8-184790bb32f7 df84003fbd43414d84fe5b8b36fb4ee7 8ed46da4ccc34f5a9550edaabe3a5946 - - default default] Method 'is_advsvc' is deprecated since 2023.2 release (neutron-lib 3.8.0) and will be removed once support for the old RBAC API policies will be removed from Neutron. Please use method 'is_service_role' instead.
2026-07-01 08:36:51.798 10 INFO neutron.db.ovn_revision_numbers_db [None req-fb6beb06-de19-410d-b407-35cb168ac8ed 211f38a3e50b491485a43164107b168e 4ba3a623f3ab4824b1ab4396cef0af6c - - default default] Successfully bumped revision number for resource fce0af91-64ad-4496-87ee-606601b60b91 (type: security_group_rules) to 0
2026-07-01 08:36:51.833 10 INFO neutron.api.wsgi [None req-fb6beb06-de19-410d-b407-35cb168ac8ed 211f38a3e50b491485a43164107b168e 4ba3a623f3ab4824b1ab4396cef0af6c - - default default] 10.0.0.220 "POST /v2.0/security-group-rules HTTP/1.1" status: 201 len: 800 time: 0.1686969
2026-07-01 08:36:51.841 10 WARNING keystonemiddleware.audit [None req-631c6a04-2fcf-49c5-b1c2-19a60618d3df - - - - - -] Skipping service tempest-service-694248886 as it have no endpoints.
2026-07-01 08:36:51.844 10 WARNING neutron_lib.context [None req-bfe59d56-7211-4357-89f4-74a7779b1793 211f38a3e50b491485a43164107b168e 4ba3a623f3ab4824b1ab4396cef0af6c - - default default] Method 'is_advsvc' is deprecated since 2023.2 release (neutron-lib 3.8.0) and will be removed once support for the old RBAC API policies will be removed from Neutron. Please use method 'is_service_role' instead.
2026-07-01 08:36:51.869 10 INFO neutron.db.ovn_revision_numbers_db [None req-9b8ba680-fb89-4cc9-b088-7aaf9dfbb9f2 36b0c00a8e904af6ac46d1e4d432fc01 bd75923a26204044a26a04f015198e04 - - default default] Successfully bumped revision number for resource edb60195-695a-4f77-ae2f-430136486fbc (type: security_groups) to 1
2026-07-01 08:36:51.878 10 INFO neutron.db.securitygroups_db [None req-bfe59d56-7211-4357-89f4-74a7779b1793 211f38a3e50b491485a43164107b168e 4ba3a623f3ab4824b1ab4396cef0af6c - - default default] Project 4ba3a623f3ab4824b1ab4396cef0af6c added a security group rule with legacy IPv6 ICMP protocol name icmp, ipv6-icmp should be used instead. It was automatically converted.
2026-07-01 08:36:51.881 10 INFO neutron.db.ovn_revision_numbers_db [None req-9b8ba680-fb89-4cc9-b088-7aaf9dfbb9f2 36b0c00a8e904af6ac46d1e4d432fc01 bd75923a26204044a26a04f015198e04 - - default default] Successfully bumped revision number for resource 4ee70152-3ec6-4c4f-9ea2-5b895c5711ce (type: security_group_rules) to 0
2026-07-01 08:36:51.881 9 INFO neutron.db.segments_db [None req-9e84594c-b872-415f-80e8-184790bb32f7 df84003fbd43414d84fe5b8b36fb4ee7 8ed46da4ccc34f5a9550edaabe3a5946 - - default default] Added segment 43e004af-bed5-49d3-9613-461562555dc9 of type geneve for network d908d12a-09b0-4347-bf2a-137f9a36b95d
2026-07-01 08:36:51.894 10 INFO neutron.db.ovn_revision_numbers_db [None req-9b8ba680-fb89-4cc9-b088-7aaf9dfbb9f2 36b0c00a8e904af6ac46d1e4d432fc01 bd75923a26204044a26a04f015198e04 - - default default] Successfully bumped revision number for resource bdfa5f67-5505-4a7b-aef2-56d263558713 (type: security_group_rules) to 0
2026-07-01 08:36:51.910 10 INFO neutron.db.ovn_revision_numbers_db [None req-9b8ba680-fb89-4cc9-b088-7aaf9dfbb9f2 36b0c00a8e904af6ac46d1e4d432fc01 bd75923a26204044a26a04f015198e04 - - default default] Successfully bumped revision number for resource bf49736a-d2fa-4cfe-93e1-d51b68b37665 (type: security_group_rules) to 0
2026-07-01 08:36:51.925 10 INFO neutron.db.ovn_revision_numbers_db [None req-9b8ba680-fb89-4cc9-b088-7aaf9dfbb9f2 36b0c00a8e904af6ac46d1e4d432fc01 bd75923a26204044a26a04f015198e04 - - default default] Successfully bumped revision number for resource ea46a7ad-2032-44cd-8efa-bcbb92a79975 (type: security_group_rules) to 0
2026-07-01 08:36:51.983 10 INFO neutron.api.wsgi [None req-9b8ba680-fb89-4cc9-b088-7aaf9dfbb9f2 36b0c00a8e904af6ac46d1e4d432fc01 bd75923a26204044a26a04f015198e04 - - default default] 10.0.0.220 "GET /v2.0/security-groups?tenant_id=b6a28ca922ee4a6daf55bb02930c47d7&name=default HTTP/1.1" status: 200 len: 3120 time: 0.3513668
2026-07-01 08:36:52.003 10 INFO neutron.db.ovn_revision_numbers_db [None req-bfe59d56-7211-4357-89f4-74a7779b1793 211f38a3e50b491485a43164107b168e 4ba3a623f3ab4824b1ab4396cef0af6c - - default default] Successfully bumped revision number for resource 2d66c4e6-f0de-46d1-b005-04d54a7a0dbe (type: security_group_rules) to 0
2026-07-01 08:36:52.027 9 INFO neutron.db.ovn_revision_numbers_db [None req-9e84594c-b872-415f-80e8-184790bb32f7 df84003fbd43414d84fe5b8b36fb4ee7 8ed46da4ccc34f5a9550edaabe3a5946 - - default default] Successfully bumped revision number for resource d908d12a-09b0-4347-bf2a-137f9a36b95d (type: networks) to 1
2026-07-01 08:36:52.070 10 INFO neutron.api.wsgi [None req-bfe59d56-7211-4357-89f4-74a7779b1793 211f38a3e50b491485a43164107b168e 4ba3a623f3ab4824b1ab4396cef0af6c - - default default] 10.0.0.220 "POST /v2.0/security-group-rules HTTP/1.1" status: 201 len: 806 time: 0.2315829
2026-07-01 08:36:52.080 10 WARNING keystonemiddleware.audit [None req-b1d1368e-834f-49eb-b3ca-64a18975f7e7 - - - - - -] Skipping service tempest-service-694248886 as it have no endpoints.
2026-07-01 08:36:52.082 10 WARNING neutron_lib.context [None req-e05b4ab1-7f09-4feb-bd80-51b42fc2c168 211f38a3e50b491485a43164107b168e 4ba3a623f3ab4824b1ab4396cef0af6c - - default default] Method 'is_advsvc' is deprecated since 2023.2 release (neutron-lib 3.8.0) and will be removed once support for the old RBAC API policies will be removed from Neutron. Please use method 'is_service_role' instead.
2026-07-01 08:36:52.135 10 INFO neutron.db.securitygroups_db [None req-e05b4ab1-7f09-4feb-bd80-51b42fc2c168 211f38a3e50b491485a43164107b168e 4ba3a623f3ab4824b1ab4396cef0af6c - - default default] Project 4ba3a623f3ab4824b1ab4396cef0af6c added a security group rule with legacy IPv6 ICMP protocol name icmp, ipv6-icmp should be used instead. It was automatically converted.
2026-07-01 08:36:52.207 9 WARNING neutron.scheduler.dhcp_agent_scheduler [None req-9e84594c-b872-415f-80e8-184790bb32f7 df84003fbd43414d84fe5b8b36fb4ee7 8ed46da4ccc34f5a9550edaabe3a5946 - - default default] No more DHCP agents
2026-07-01 08:36:52.208 9 WARNING neutron.api.rpc.agentnotifiers.dhcp_rpc_agent_api [None req-9e84594c-b872-415f-80e8-184790bb32f7 df84003fbd43414d84fe5b8b36fb4ee7 8ed46da4ccc34f5a9550edaabe3a5946 - - default default] Unable to schedule network d908d12a-09b0-4347-bf2a-137f9a36b95d: no agents available; will retry on subsequent port and subnet creation events.
2026-07-01 08:36:52.263 10 INFO neutron.db.ovn_revision_numbers_db [None req-e05b4ab1-7f09-4feb-bd80-51b42fc2c168 211f38a3e50b491485a43164107b168e 4ba3a623f3ab4824b1ab4396cef0af6c - - default default] Successfully bumped revision number for resource 57fb30a4-89ce-4b42-8346-a83922e07050 (type: security_group_rules) to 0
2026-07-01 08:36:52.267 9 INFO neutron.db.ovn_revision_numbers_db [None req-9e84594c-b872-415f-80e8-184790bb32f7 df84003fbd43414d84fe5b8b36fb4ee7 8ed46da4ccc34f5a9550edaabe3a5946 - - default default] Successfully bumped revision number for resource 1e8acc4f-741f-4b0d-8a53-996044cdb33d (type: ports) to 1
2026-07-01 08:36:52.286 10 INFO neutron.api.wsgi [None req-396bfcd0-d29b-4ba5-a654-8eea9ef014fd 36b0c00a8e904af6ac46d1e4d432fc01 bd75923a26204044a26a04f015198e04 - - default default] 10.0.0.220 "DELETE /v2.0/security-groups/edb60195-695a-4f77-ae2f-430136486fbc HTTP/1.1" status: 204 len: 168 time: 0.2936077
2026-07-01 08:36:52.290 9 INFO neutron.api.wsgi [None req-9e84594c-b872-415f-80e8-184790bb32f7 df84003fbd43414d84fe5b8b36fb4ee7 8ed46da4ccc34f5a9550edaabe3a5946 - - default default] 10.0.0.220 "POST /v2.0/networks HTTP/1.1" status: 201 len: 843 time: 0.5010324
2026-07-01 08:36:52.299 10 INFO neutron.api.wsgi [None req-e05b4ab1-7f09-4feb-bd80-51b42fc2c168 211f38a3e50b491485a43164107b168e 4ba3a623f3ab4824b1ab4396cef0af6c - - default default] 10.0.0.220 "POST /v2.0/security-group-rules HTTP/1.1" status: 201 len: 805 time: 0.2226787
2026-07-01 08:36:52.444 9 INFO neutron.db.ovn_revision_numbers_db [None req-7cd49561-067a-4409-97ee-f35e25ed7f7d df84003fbd43414d84fe5b8b36fb4ee7 8ed46da4ccc34f5a9550edaabe3a5946 - - default default] Successfully bumped revision number for resource d908d12a-09b0-4347-bf2a-137f9a36b95d (type: networks) to 2
2026-07-01 08:36:52.447 9 INFO neutron.api.wsgi [None req-7cd49561-067a-4409-97ee-f35e25ed7f7d df84003fbd43414d84fe5b8b36fb4ee7 8ed46da4ccc34f5a9550edaabe3a5946 - - default default] 10.0.0.220 "PUT /v2.0/networks/d908d12a-09b0-4347-bf2a-137f9a36b95d HTTP/1.1" status: 200 len: 792 time: 0.1515439
2026-07-01 08:36:52.459 10 WARNING neutron_lib.context [None req-6e019f23-88b0-4386-980a-473c421f8feb df84003fbd43414d84fe5b8b36fb4ee7 8ed46da4ccc34f5a9550edaabe3a5946 - - default default] Method 'is_advsvc' is deprecated since 2023.2 release (neutron-lib 3.8.0) and will be removed once support for the old RBAC API policies will be removed from Neutron. Please use method 'is_service_role' instead.
2026-07-01 08:36:52.479 9 INFO neutron.api.wsgi [req-164b276b-95ef-4358-ac89-889f457a7a40 req-0719f253-7e31-497a-adac-afc4b9ea03bf ceb89a06057345148043faeaccaa6b08 f9fb9a9f9cb94349b2b09b518b11bb22 - - 92528f82975c46bdaab9e69bfb83a290 92528f82975c46bdaab9e69bfb83a290] 10.0.0.166 "GET /v2.0/ports?device_id=d194899f-50b9-4b09-9cd9-9fbb34591f12 HTTP/1.1" status: 200 len: 1409 time: 0.0354166
2026-07-01 08:36:52.508 9 INFO neutron.db.ovn_revision_numbers_db [None req-f4694b55-bd2d-4855-b3a6-dba6342f20d0 36b0c00a8e904af6ac46d1e4d432fc01 bd75923a26204044a26a04f015198e04 - - default default] Successfully bumped revision number for resource 8b8095d6-04cd-46d1-ab20-f9a9ef3f8ada (type: security_groups) to 1
2026-07-01 08:36:52.518 9 INFO neutron.api.wsgi [req-164b276b-95ef-4358-ac89-889f457a7a40 req-8c5a7c59-973b-4abf-b343-6db8f187d1f8 ceb89a06057345148043faeaccaa6b08 f9fb9a9f9cb94349b2b09b518b11bb22 - - 92528f82975c46bdaab9e69bfb83a290 92528f82975c46bdaab9e69bfb83a290] 10.0.0.166 "GET /v2.0/security-groups?id=dcf42237-29c2-4048-8a48-71a44ec7df0a&fields=id&fields=name HTTP/1.1" status: 200 len: 311 time: 0.0327561
2026-07-01 08:36:52.524 9 INFO neutron.db.ovn_revision_numbers_db [None req-f4694b55-bd2d-4855-b3a6-dba6342f20d0 36b0c00a8e904af6ac46d1e4d432fc01 bd75923a26204044a26a04f015198e04 - - default default] Successfully bumped revision number for resource 4d09891d-f394-40cd-a60a-8786befdedee (type: security_group_rules) to 0
2026-07-01 08:36:52.536 9 INFO neutron.db.ovn_revision_numbers_db [None req-f4694b55-bd2d-4855-b3a6-dba6342f20d0 36b0c00a8e904af6ac46d1e4d432fc01 bd75923a26204044a26a04f015198e04 - - default default] Successfully bumped revision number for resource 5c77a1cc-d833-45c0-981f-b55b95b87b8d (type: security_group_rules) to 0
2026-07-01 08:36:52.548 9 INFO neutron.db.ovn_revision_numbers_db [None req-f4694b55-bd2d-4855-b3a6-dba6342f20d0 36b0c00a8e904af6ac46d1e4d432fc01 bd75923a26204044a26a04f015198e04 - - default default] Successfully bumped revision number for resource 62ab154f-4e10-454d-b1b6-49e682177766 (type: security_group_rules) to 0
2026-07-01 08:36:52.568 9 INFO neutron.db.ovn_revision_numbers_db [None req-f4694b55-bd2d-4855-b3a6-dba6342f20d0 36b0c00a8e904af6ac46d1e4d432fc01 bd75923a26204044a26a04f015198e04 - - default default] Successfully bumped revision number for resource 8cbf6b74-111b-4005-87d1-a37898f157c6 (type: security_group_rules) to 0
2026-07-01 08:36:52.614 9 INFO neutron.api.wsgi [None req-f4694b55-bd2d-4855-b3a6-dba6342f20d0 36b0c00a8e904af6ac46d1e4d432fc01 bd75923a26204044a26a04f015198e04 - - default default] 10.0.0.220 "GET /v2.0/security-groups?tenant_id=cecc2447d9f0459bad54f0863ac1b499&name=default HTTP/1.1" status: 200 len: 3120 time: 0.2396259
2026-07-01 08:36:52.650 10 WARNING neutron.scheduler.dhcp_agent_scheduler [None req-6e019f23-88b0-4386-980a-473c421f8feb df84003fbd43414d84fe5b8b36fb4ee7 8ed46da4ccc34f5a9550edaabe3a5946 - - default default] No more DHCP agents
2026-07-01 08:36:52.651 10 WARNING neutron.api.rpc.agentnotifiers.dhcp_rpc_agent_api [None req-6e019f23-88b0-4386-980a-473c421f8feb df84003fbd43414d84fe5b8b36fb4ee7 8ed46da4ccc34f5a9550edaabe3a5946 - - default default] Unable to schedule network d908d12a-09b0-4347-bf2a-137f9a36b95d: no agents available; will retry on subsequent port and subnet creation events.
2026-07-01 08:36:52.745 9 WARNING keystonemiddleware.audit [None req-1e0387c9-da0e-4a11-ae69-35181ba8016c - - - - - -] Skipping service tempest-service-694248886 as it have no endpoints.
2026-07-01 08:36:52.749 9 WARNING neutron_lib.context [None req-7f53ca34-e9df-4779-be13-dbc4c611c5b3 211f38a3e50b491485a43164107b168e 4ba3a623f3ab4824b1ab4396cef0af6c - - default default] Method 'is_advsvc' is deprecated since 2023.2 release (neutron-lib 3.8.0) and will be removed once support for the old RBAC API policies will be removed from Neutron. Please use method 'is_service_role' instead.
2026-07-01 08:36:52.887 9 INFO neutron.db.ovn_revision_numbers_db [None req-7f53ca34-e9df-4779-be13-dbc4c611c5b3 211f38a3e50b491485a43164107b168e 4ba3a623f3ab4824b1ab4396cef0af6c - - default default] Successfully bumped revision number for resource 1003fa0b-0993-4baa-afcc-df2a53569624 (type: security_groups) to 1
2026-07-01 08:36:52.899 9 INFO neutron.db.ovn_revision_numbers_db [None req-7f53ca34-e9df-4779-be13-dbc4c611c5b3 211f38a3e50b491485a43164107b168e 4ba3a623f3ab4824b1ab4396cef0af6c - - default default] Successfully bumped revision number for resource 139736cf-bb18-4bc4-901f-9fede92b3d8c (type: security_group_rules) to 0
2026-07-01 08:36:52.901 10 INFO neutron.api.wsgi [None req-298b00a4-fe5f-4ff0-805c-959dbb46a400 36b0c00a8e904af6ac46d1e4d432fc01 bd75923a26204044a26a04f015198e04 - - default default] 10.0.0.220 "DELETE /v2.0/security-groups/8b8095d6-04cd-46d1-ab20-f9a9ef3f8ada HTTP/1.1" status: 204 len: 168 time: 0.2764566
2026-07-01 08:36:52.912 9 INFO neutron.db.ovn_revision_numbers_db [None req-7f53ca34-e9df-4779-be13-dbc4c611c5b3 211f38a3e50b491485a43164107b168e 4ba3a623f3ab4824b1ab4396cef0af6c - - default default] Successfully bumped revision number for resource bf0d7a0f-4394-44b2-9496-3659fb7af622 (type: security_group_rules) to 0
2026-07-01 08:36:52.984 9 INFO neutron.api.wsgi [None req-7f53ca34-e9df-4779-be13-dbc4c611c5b3 211f38a3e50b491485a43164107b168e 4ba3a623f3ab4824b1ab4396cef0af6c - - default default] 10.0.0.220 "POST /v2.0/security-groups HTTP/1.1" status: 201 len: 1859 time: 0.2434123
2026-07-01 08:36:52.997 10 WARNING keystonemiddleware.audit [None req-22d51163-8277-4ca7-959b-b63329c0b6f3 - - - - - -] Skipping service tempest-service-694248886 as it have no endpoints.
2026-07-01 08:36:53.003 10 WARNING neutron_lib.context [None req-5b0330a8-0e65-400e-99c6-ad23b2155a6d 211f38a3e50b491485a43164107b168e 4ba3a623f3ab4824b1ab4396cef0af6c - - default default] Method 'is_advsvc' is deprecated since 2023.2 release (neutron-lib 3.8.0) and will be removed once support for the old RBAC API policies will be removed from Neutron. Please use method 'is_service_role' instead.
2026-07-01 08:36:53.163 10 INFO neutron.db.ovn_revision_numbers_db [None req-5b0330a8-0e65-400e-99c6-ad23b2155a6d 211f38a3e50b491485a43164107b168e 4ba3a623f3ab4824b1ab4396cef0af6c - - default default] Successfully bumped revision number for resource dd9fc75c-a105-4497-a7c1-09939edd6079 (type: security_group_rules) to 0
2026-07-01 08:36:53.228 10 INFO neutron.db.ovn_revision_numbers_db [None req-c7eee154-e646-4f4f-ad7a-390f80b9e33a - - - - - -] Successfully bumped revision number for resource 1e8acc4f-741f-4b0d-8a53-996044cdb33d (type: ports) to 2
2026-07-01 08:36:53.236 10 INFO neutron.api.wsgi [None req-5b0330a8-0e65-400e-99c6-ad23b2155a6d 211f38a3e50b491485a43164107b168e 4ba3a623f3ab4824b1ab4396cef0af6c - - default default] 10.0.0.220 "POST /v2.0/security-group-rules HTTP/1.1" status: 201 len: 796 time: 0.2407916
2026-07-01 08:36:53.245 9 WARNING keystonemiddleware.audit [None req-2fc1119e-22be-4b94-aed3-21ed3d163d46 - - - - - -] Skipping service tempest-service-694248886 as it have no endpoints.
2026-07-01 08:36:53.248 9 WARNING neutron_lib.context [None req-37979681-27da-4b09-9dfe-9d27ccc2d2f0 211f38a3e50b491485a43164107b168e 4ba3a623f3ab4824b1ab4396cef0af6c - - default default] Method 'is_advsvc' is deprecated since 2023.2 release (neutron-lib 3.8.0) and will be removed once support for the old RBAC API policies will be removed from Neutron. Please use method 'is_service_role' instead.
2026-07-01 08:36:53.266 10 INFO neutron.db.ovn_revision_numbers_db [None req-c7eee154-e646-4f4f-ad7a-390f80b9e33a - - - - - -] Successfully bumped revision number for resource b92f4c5d-1b66-46e5-80a5-7f1679829d7f (type: subnets) to 0
2026-07-01 08:36:53.281 10 INFO neutron.api.wsgi [None req-6e019f23-88b0-4386-980a-473c421f8feb df84003fbd43414d84fe5b8b36fb4ee7 8ed46da4ccc34f5a9550edaabe3a5946 - - default default] 10.0.0.220 "POST /v2.0/subnets HTTP/1.1" status: 201 len: 825 time: 0.8276601
2026-07-01 08:36:53.404 9 INFO neutron.db.ovn_revision_numbers_db [None req-37979681-27da-4b09-9dfe-9d27ccc2d2f0 211f38a3e50b491485a43164107b168e 4ba3a623f3ab4824b1ab4396cef0af6c - - default default] Successfully bumped revision number for resource 8bbc7558-faf0-4a5f-b2b8-4ca56eade8f1 (type: security_group_rules) to 0
2026-07-01 08:36:53.442 9 INFO neutron.api.wsgi [None req-37979681-27da-4b09-9dfe-9d27ccc2d2f0 211f38a3e50b491485a43164107b168e 4ba3a623f3ab4824b1ab4396cef0af6c - - default default] 10.0.0.220 "POST /v2.0/security-group-rules HTTP/1.1" status: 201 len: 801 time: 0.1994288
2026-07-01 08:36:53.450 9 WARNING keystonemiddleware.audit [None req-e4946112-61ce-4cbe-ae03-1bbb80a66c61 - - - - - -] Skipping service tempest-service-694248886 as it have no endpoints.
2026-07-01 08:36:53.453 9 WARNING neutron_lib.context [None req-5a25d84f-3acc-4c6b-b956-9c1450049fb3 211f38a3e50b491485a43164107b168e 4ba3a623f3ab4824b1ab4396cef0af6c - - default default] Method 'is_advsvc' is deprecated since 2023.2 release (neutron-lib 3.8.0) and will be removed once support for the old RBAC API policies will be removed from Neutron. Please use method 'is_service_role' instead.
2026-07-01 08:36:53.525 10 INFO neutron.db.ovn_revision_numbers_db [None req-179ba3d1-24ee-4c33-a205-28a08e6ca30b df84003fbd43414d84fe5b8b36fb4ee7 8ed46da4ccc34f5a9550edaabe3a5946 - - default default] Successfully bumped revision number for resource b92f4c5d-1b66-46e5-80a5-7f1679829d7f (type: subnets) to 1
2026-07-01 08:36:53.529 10 INFO neutron.api.wsgi [None req-179ba3d1-24ee-4c33-a205-28a08e6ca30b df84003fbd43414d84fe5b8b36fb4ee7 8ed46da4ccc34f5a9550edaabe3a5946 - - default default] 10.0.0.220 "PUT /v2.0/subnets/b92f4c5d-1b66-46e5-80a5-7f1679829d7f HTTP/1.1" status: 200 len: 830 time: 0.2418442
2026-07-01 08:36:53.680 9 WARNING neutron.scheduler.dhcp_agent_scheduler [None req-5a25d84f-3acc-4c6b-b956-9c1450049fb3 211f38a3e50b491485a43164107b168e 4ba3a623f3ab4824b1ab4396cef0af6c - - default default] No more DHCP agents
