2026-07-01 08:37:15.281 8 INFO cinder.api.openstack.wsgi [req-5fd27b5f-3700-4e2e-b431-4ee6ffe18e2e req-77d4f056-e563-4eec-b632-a6f27646b7fb 3f171d1cb9f042ab8d5ac9ed0b5fa335 10a7f29d9be340458db3b3f71be87b8d - - default default] http://10.0.0.66:8776/ returned with HTTP 300
2026-07-01 08:37:15.285 7 INFO cinder.api.openstack.wsgi [req-5fd27b5f-3700-4e2e-b431-4ee6ffe18e2e req-4098e460-049d-4131-8b81-1490ca2bcd67 3f171d1cb9f042ab8d5ac9ed0b5fa335 10a7f29d9be340458db3b3f71be87b8d - - default default] http://10.0.0.66:8776/ returned with HTTP 300
2026-07-01 08:37:25.281 8 INFO cinder.api.openstack.wsgi [req-5fd27b5f-3700-4e2e-b431-4ee6ffe18e2e req-77d4f056-e563-4eec-b632-a6f27646b7fb 3f171d1cb9f042ab8d5ac9ed0b5fa335 10a7f29d9be340458db3b3f71be87b8d - - default default] GET http://10.0.0.66:8776/
2026-07-01 08:37:25.281 7 INFO cinder.api.openstack.wsgi [req-5fd27b5f-3700-4e2e-b431-4ee6ffe18e2e req-4098e460-049d-4131-8b81-1490ca2bcd67 3f171d1cb9f042ab8d5ac9ed0b5fa335 10a7f29d9be340458db3b3f71be87b8d - - default default] GET http://10.0.0.66:8776/
2026-07-01 08:37:25.282 8 INFO cinder.api.openstack.wsgi [req-5fd27b5f-3700-4e2e-b431-4ee6ffe18e2e req-77d4f056-e563-4eec-b632-a6f27646b7fb 3f171d1cb9f042ab8d5ac9ed0b5fa335 10a7f29d9be340458db3b3f71be87b8d - - default default] http://10.0.0.66:8776/ returned with HTTP 300
2026-07-01 08:37:25.282 7 INFO cinder.api.openstack.wsgi [req-5fd27b5f-3700-4e2e-b431-4ee6ffe18e2e req-4098e460-049d-4131-8b81-1490ca2bcd67 3f171d1cb9f042ab8d5ac9ed0b5fa335 10a7f29d9be340458db3b3f71be87b8d - - default default] http://10.0.0.66:8776/ returned with HTTP 300 /var/lib/openstack/lib/python3.12/site-packages/pycadf/identifier.py:71: UserWarning: Invalid uuid: cinderv3. To ensure interoperability, identifiers should be a valid uuid. warnings.warn(('Invalid uuid: %s. To ensure interoperability, '
2026-07-01 08:37:31.895 8 INFO cinder.api.openstack.wsgi [None req-73800b6d-9a84-4ab6-850b-b2cd418a4db7 36b0c00a8e904af6ac46d1e4d432fc01 bd75923a26204044a26a04f015198e04 - - default default] GET http://cinder-api.openstack.svc.cluster.local:8776/v3/bd75923a26204044a26a04f015198e04/snapshots?all_tenants=true
2026-07-01 08:37:31.902 8 INFO cinder.volume.api [None req-73800b6d-9a84-4ab6-850b-b2cd418a4db7 36b0c00a8e904af6ac46d1e4d432fc01 bd75923a26204044a26a04f015198e04 - - default default] Get all snapshots completed successfully.
2026-07-01 08:37:31.902 8 INFO cinder.api.openstack.wsgi [None req-73800b6d-9a84-4ab6-850b-b2cd418a4db7 36b0c00a8e904af6ac46d1e4d432fc01 bd75923a26204044a26a04f015198e04 - - default default] http://cinder-api.openstack.svc.cluster.local:8776/v3/bd75923a26204044a26a04f015198e04/snapshots?all_tenants=true returned with HTTP 200 [pid: 8|app: 0|req: 399/798] 10.0.0.26 () {28 vars in 673 bytes} [Wed Jul 1 08:37:31 2026] GET /v3/bd75923a26204044a26a04f015198e04/snapshots?all_tenants=true => generated 17 bytes in 139 msecs (HTTP/1.1 200) 7 headers in 284 bytes (1 switches on core 0) /var/lib/openstack/lib/python3.12/site-packages/pycadf/identifier.py:71: UserWarning: Invalid uuid: cinderv3. To ensure interoperability, identifiers should be a valid uuid. warnings.warn(('Invalid uuid: %s. To ensure interoperability, '
2026-07-01 08:37:31.923 7 INFO cinder.api.openstack.wsgi [None req-9d61a09f-84b3-4245-85f0-f4dd53401617 36b0c00a8e904af6ac46d1e4d432fc01 bd75923a26204044a26a04f015198e04 - - default default] GET http://cinder-api.openstack.svc.cluster.local:8776/v3/bd75923a26204044a26a04f015198e04/volumes/detail?all_tenants=true /var/lib/openstack/lib/python3.12/site-packages/oslo_context/context.py:100: DeprecationWarning: Policy enforcement is depending on the value of is_admin. This key is deprecated. Please update your policy file to use the standard policy values. warnings.warn('Policy enforcement is depending on the value of '
2026-07-01 08:37:32.151 7 INFO cinder.volume.api [None req-9d61a09f-84b3-4245-85f0-f4dd53401617 36b0c00a8e904af6ac46d1e4d432fc01 bd75923a26204044a26a04f015198e04 - - default default] Get all volumes completed successfully.
2026-07-01 08:37:32.155 7 INFO cinder.api.openstack.wsgi [None req-9d61a09f-84b3-4245-85f0-f4dd53401617 36b0c00a8e904af6ac46d1e4d432fc01 bd75923a26204044a26a04f015198e04 - - default default] http://cinder-api.openstack.svc.cluster.local:8776/v3/bd75923a26204044a26a04f015198e04/volumes/detail?all_tenants=true returned with HTTP 200 [pid: 7|app: 0|req: 400/799] 10.0.0.26 () {28 vars in 683 bytes} [Wed Jul 1 08:37:31 2026] GET /v3/bd75923a26204044a26a04f015198e04/volumes/detail?all_tenants=true => generated 15 bytes in 241 msecs (HTTP/1.1 200) 7 headers in 284 bytes (1 switches on core 0)
2026-07-01 08:37:32.167 8 INFO cinder.api.openstack.wsgi [None req-3f85070d-a938-42eb-a341-bebdf2749b53 36b0c00a8e904af6ac46d1e4d432fc01 bd75923a26204044a26a04f015198e04 - - default default] GET http://cinder-api.openstack.svc.cluster.local:8776/v3/bd75923a26204044a26a04f015198e04/scheduler-stats/get_pools?detail=true
2026-07-01 08:37:32.675 8 INFO cinder.api.openstack.wsgi [None req-3f85070d-a938-42eb-a341-bebdf2749b53 36b0c00a8e904af6ac46d1e4d432fc01 bd75923a26204044a26a04f015198e04 - - default default] http://cinder-api.openstack.svc.cluster.local:8776/v3/bd75923a26204044a26a04f015198e04/scheduler-stats/get_pools?detail=true returned with HTTP 200 [pid: 8|app: 0|req: 400/800] 10.0.0.26 () {28 vars in 695 bytes} [Wed Jul 1 08:37:32 2026] GET /v3/bd75923a26204044a26a04f015198e04/scheduler-stats/get_pools?detail=true => generated 670 bytes in 516 msecs (HTTP/1.1 200) 7 headers in 285 bytes (1 switches on core 0)
2026-07-01 08:37:32.720 7 INFO cinder.api.openstack.wsgi [None req-26063368-1887-4a2e-81f6-6fb848895f93 36b0c00a8e904af6ac46d1e4d432fc01 bd75923a26204044a26a04f015198e04 - - default default] GET http://cinder-api.openstack.svc.cluster.local:8776/v3/bd75923a26204044a26a04f015198e04/os-quota-sets/4ba3a623f3ab4824b1ab4396cef0af6c?usage=true
2026-07-01 08:37:32.741 7 INFO cinder.api.openstack.wsgi [None req-26063368-1887-4a2e-81f6-6fb848895f93 36b0c00a8e904af6ac46d1e4d432fc01 bd75923a26204044a26a04f015198e04 - - default default] http://cinder-api.openstack.svc.cluster.local:8776/v3/bd75923a26204044a26a04f015198e04/os-quota-sets/4ba3a623f3ab4824b1ab4396cef0af6c?usage=true returned with HTTP 200 [pid: 7|app: 0|req: 401/801] 10.0.0.26 () {28 vars in 735 bytes} [Wed Jul 1 08:37:32 2026] GET /v3/bd75923a26204044a26a04f015198e04/os-quota-sets/4ba3a623f3ab4824b1ab4396cef0af6c?usage=true => generated 847 bytes in 30 msecs (HTTP/1.1 200) 7 headers in 285 bytes (1 switches on core 0)
2026-07-01 08:37:32.755 8 INFO cinder.api.openstack.wsgi [None req-502ed18c-5fbe-42ce-8d4e-b3742e0fda13 36b0c00a8e904af6ac46d1e4d432fc01 bd75923a26204044a26a04f015198e04 - - default default] GET http://cinder-api.openstack.svc.cluster.local:8776/v3/bd75923a26204044a26a04f015198e04/os-quota-sets/844e042e29fe428b906f3f35516ad3f1?usage=true
2026-07-01 08:37:32.775 8 INFO cinder.api.openstack.wsgi [None req-502ed18c-5fbe-42ce-8d4e-b3742e0fda13 36b0c00a8e904af6ac46d1e4d432fc01 bd75923a26204044a26a04f015198e04 - - default default] http://cinder-api.openstack.svc.cluster.local:8776/v3/bd75923a26204044a26a04f015198e04/os-quota-sets/844e042e29fe428b906f3f35516ad3f1?usage=true returned with HTTP 200 [pid: 8|app: 0|req: 401/802] 10.0.0.26 () {28 vars in 735 bytes} [Wed Jul 1 08:37:32 2026] GET /v3/bd75923a26204044a26a04f015198e04/os-quota-sets/844e042e29fe428b906f3f35516ad3f1?usage=true => generated 847 bytes in 29 msecs (HTTP/1.1 200) 7 headers in 285 bytes (1 switches on core 0)
2026-07-01 08:37:32.787 7 INFO cinder.api.openstack.wsgi [None req-4f7d9d80-de56-425e-a65a-f35668ce2449 36b0c00a8e904af6ac46d1e4d432fc01 bd75923a26204044a26a04f015198e04 - - default default] GET http://cinder-api.openstack.svc.cluster.local:8776/v3/bd75923a26204044a26a04f015198e04/os-quota-sets/9028de6aeebc4df389b32c240136df93?usage=true
2026-07-01 08:37:32.807 7 INFO cinder.api.openstack.wsgi [None req-4f7d9d80-de56-425e-a65a-f35668ce2449 36b0c00a8e904af6ac46d1e4d432fc01 bd75923a26204044a26a04f015198e04 - - default default] http://cinder-api.openstack.svc.cluster.local:8776/v3/bd75923a26204044a26a04f015198e04/os-quota-sets/9028de6aeebc4df389b32c240136df93?usage=true returned with HTTP 200 [pid: 7|app: 0|req: 402/803] 10.0.0.26 () {28 vars in 735 bytes} [Wed Jul 1 08:37:32 2026] GET /v3/bd75923a26204044a26a04f015198e04/os-quota-sets/9028de6aeebc4df389b32c240136df93?usage=true => generated 847 bytes in 27 msecs (HTTP/1.1 200) 7 headers in 285 bytes (1 switches on core 0)
2026-07-01 08:37:32.820 8 INFO cinder.api.openstack.wsgi [None req-23177c6f-d62f-43b5-82f8-ce5b56ce8581 36b0c00a8e904af6ac46d1e4d432fc01 bd75923a26204044a26a04f015198e04 - - default default] GET http://cinder-api.openstack.svc.cluster.local:8776/v3/bd75923a26204044a26a04f015198e04/os-quota-sets/9853c5684aa74cb287bf8a50ad6c3f47?usage=true
2026-07-01 08:37:32.859 8 INFO cinder.api.openstack.wsgi [None req-23177c6f-d62f-43b5-82f8-ce5b56ce8581 36b0c00a8e904af6ac46d1e4d432fc01 bd75923a26204044a26a04f015198e04 - - default default] http://cinder-api.openstack.svc.cluster.local:8776/v3/bd75923a26204044a26a04f015198e04/os-quota-sets/9853c5684aa74cb287bf8a50ad6c3f47?usage=true returned with HTTP 200 [pid: 8|app: 0|req: 402/804] 10.0.0.26 () {28 vars in 735 bytes} [Wed Jul 1 08:37:32 2026] GET /v3/bd75923a26204044a26a04f015198e04/os-quota-sets/9853c5684aa74cb287bf8a50ad6c3f47?usage=true => generated 847 bytes in 48 msecs (HTTP/1.1 200) 7 headers in 285 bytes (1 switches on core 0)
2026-07-01 08:37:32.873 7 INFO cinder.api.openstack.wsgi [None req-dc7a23a1-fe76-4479-9bac-eb95db422691 36b0c00a8e904af6ac46d1e4d432fc01 bd75923a26204044a26a04f015198e04 - - default default] GET http://cinder-api.openstack.svc.cluster.local:8776/v3/bd75923a26204044a26a04f015198e04/os-quota-sets/b7ee7eef5c7d44409731bd3671cf74e2?usage=true
2026-07-01 08:37:32.896 7 INFO cinder.api.openstack.wsgi [None req-dc7a23a1-fe76-4479-9bac-eb95db422691 36b0c00a8e904af6ac46d1e4d432fc01 bd75923a26204044a26a04f015198e04 - - default default] http://cinder-api.openstack.svc.cluster.local:8776/v3/bd75923a26204044a26a04f015198e04/os-quota-sets/b7ee7eef5c7d44409731bd3671cf74e2?usage=true returned with HTTP 200 [pid: 7|app: 0|req: 403/805] 10.0.0.26 () {28 vars in 735 bytes} [Wed Jul 1 08:37:32 2026] GET /v3/bd75923a26204044a26a04f015198e04/os-quota-sets/b7ee7eef5c7d44409731bd3671cf74e2?usage=true => generated 847 bytes in 29 msecs (HTTP/1.1 200) 7 headers in 285 bytes (1 switches on core 0)
2026-07-01 08:37:32.908 8 INFO cinder.api.openstack.wsgi [None req-abefaace-636e-4442-95cd-529c169ae300 36b0c00a8e904af6ac46d1e4d432fc01 bd75923a26204044a26a04f015198e04 - - default default] GET http://cinder-api.openstack.svc.cluster.local:8776/v3/bd75923a26204044a26a04f015198e04/os-quota-sets/bd75923a26204044a26a04f015198e04?usage=true
2026-07-01 08:37:32.932 8 INFO cinder.api.openstack.wsgi [None req-abefaace-636e-4442-95cd-529c169ae300 36b0c00a8e904af6ac46d1e4d432fc01 bd75923a26204044a26a04f015198e04 - - default default] http://cinder-api.openstack.svc.cluster.local:8776/v3/bd75923a26204044a26a04f015198e04/os-quota-sets/bd75923a26204044a26a04f015198e04?usage=true returned with HTTP 200 [pid: 8|app: 0|req: 403/806] 10.0.0.26 () {28 vars in 735 bytes} [Wed Jul 1 08:37:32 2026] GET /v3/bd75923a26204044a26a04f015198e04/os-quota-sets/bd75923a26204044a26a04f015198e04?usage=true => generated 845 bytes in 33 msecs (HTTP/1.1 200) 7 headers in 285 bytes (1 switches on core 0)
2026-07-01 08:37:32.946 7 INFO cinder.api.openstack.wsgi [None req-7bd8d96b-6bc6-4651-8b4e-b0c977ea61fe 36b0c00a8e904af6ac46d1e4d432fc01 bd75923a26204044a26a04f015198e04 - - default default] GET http://cinder-api.openstack.svc.cluster.local:8776/v3/bd75923a26204044a26a04f015198e04/os-quota-sets/ed54c7e7a5f44dfbad2a858c88e1363e?usage=true
2026-07-01 08:37:32.964 7 INFO cinder.api.openstack.wsgi [None req-7bd8d96b-6bc6-4651-8b4e-b0c977ea61fe 36b0c00a8e904af6ac46d1e4d432fc01 bd75923a26204044a26a04f015198e04 - - default default] http://cinder-api.openstack.svc.cluster.local:8776/v3/bd75923a26204044a26a04f015198e04/os-quota-sets/ed54c7e7a5f44dfbad2a858c88e1363e?usage=true returned with HTTP 200 [pid: 7|app: 0|req: 404/807] 10.0.0.26 () {28 vars in 735 bytes} [Wed Jul 1 08:37:32 2026] GET /v3/bd75923a26204044a26a04f015198e04/os-quota-sets/ed54c7e7a5f44dfbad2a858c88e1363e?usage=true => generated 847 bytes in 23 msecs (HTTP/1.1 200) 7 headers in 285 bytes (1 switches on core 0)
2026-07-01 08:37:32.982 8 INFO cinder.api.openstack.wsgi [None req-dd0f270a-f53d-47e8-8994-ccc70beaa86f 36b0c00a8e904af6ac46d1e4d432fc01 bd75923a26204044a26a04f015198e04 - - default default] GET http://cinder-api.openstack.svc.cluster.local:8776/v3/bd75923a26204044a26a04f015198e04/os-quota-sets/ef83df0a5e0245dfa709bf3510433711?usage=true
2026-07-01 08:37:33.022 8 INFO cinder.api.openstack.wsgi [None req-dd0f270a-f53d-47e8-8994-ccc70beaa86f 36b0c00a8e904af6ac46d1e4d432fc01 bd75923a26204044a26a04f015198e04 - - default default] http://cinder-api.openstack.svc.cluster.local:8776/v3/bd75923a26204044a26a04f015198e04/os-quota-sets/ef83df0a5e0245dfa709bf3510433711?usage=true returned with HTTP 200 [pid: 8|app: 0|req: 404/808] 10.0.0.26 () {28 vars in 735 bytes} [Wed Jul 1 08:37:32 2026] GET /v3/bd75923a26204044a26a04f015198e04/os-quota-sets/ef83df0a5e0245dfa709bf3510433711?usage=true => generated 847 bytes in 49 msecs (HTTP/1.1 200) 7 headers in 285 bytes (1 switches on core 0)
2026-07-01 08:37:33.040 7 INFO cinder.api.openstack.wsgi [None req-8f9a4024-dd52-4830-87b2-2789353705eb 36b0c00a8e904af6ac46d1e4d432fc01 bd75923a26204044a26a04f015198e04 - - default default] GET http://cinder-api.openstack.svc.cluster.local:8776/v3/bd75923a26204044a26a04f015198e04/os-quota-sets/f9fb9a9f9cb94349b2b09b518b11bb22?usage=true
2026-07-01 08:37:33.077 7 INFO cinder.api.openstack.wsgi [None req-8f9a4024-dd52-4830-87b2-2789353705eb 36b0c00a8e904af6ac46d1e4d432fc01 bd75923a26204044a26a04f015198e04 - - default default] http://cinder-api.openstack.svc.cluster.local:8776/v3/bd75923a26204044a26a04f015198e04/os-quota-sets/f9fb9a9f9cb94349b2b09b518b11bb22?usage=true returned with HTTP 200 [pid: 7|app: 0|req: 405/809] 10.0.0.26 () {28 vars in 735 bytes} [Wed Jul 1 08:37:33 2026] GET /v3/bd75923a26204044a26a04f015198e04/os-quota-sets/f9fb9a9f9cb94349b2b09b518b11bb22?usage=true => generated 845 bytes in 43 msecs (HTTP/1.1 200) 7 headers in 285 bytes (1 switches on core 0)
2026-07-01 08:37:33.092 8 INFO cinder.api.openstack.wsgi [None req-a59e83a3-212f-4058-b2a7-d0d4d28398f1 36b0c00a8e904af6ac46d1e4d432fc01 bd75923a26204044a26a04f015198e04 - - default default] GET http://cinder-api.openstack.svc.cluster.local:8776/v3/bd75923a26204044a26a04f015198e04/volumes/detail?all_tenants=true
2026-07-01 08:37:33.101 8 INFO cinder.volume.api [None req-a59e83a3-212f-4058-b2a7-d0d4d28398f1 36b0c00a8e904af6ac46d1e4d432fc01 bd75923a26204044a26a04f015198e04 - - default default] Get all volumes completed successfully.
2026-07-01 08:37:33.103 8 INFO cinder.api.openstack.wsgi [None req-a59e83a3-212f-4058-b2a7-d0d4d28398f1 36b0c00a8e904af6ac46d1e4d432fc01 bd75923a26204044a26a04f015198e04 - - default default] http://cinder-api.openstack.svc.cluster.local:8776/v3/bd75923a26204044a26a04f015198e04/volumes/detail?all_tenants=true returned with HTTP 200 [pid: 8|app: 0|req: 405/810] 10.0.0.26 () {28 vars in 683 bytes} [Wed Jul 1 08:37:33 2026] GET /v3/bd75923a26204044a26a04f015198e04/volumes/detail?all_tenants=true => generated 15 bytes in 17 msecs (HTTP/1.1 200) 7 headers in 284 bytes (1 switches on core 0)
2026-07-01 08:37:33.114 7 INFO cinder.api.openstack.wsgi [None req-e31af207-1681-46d0-bac0-d1eae788bb2e 36b0c00a8e904af6ac46d1e4d432fc01 bd75923a26204044a26a04f015198e04 - - default default] GET http://cinder-api.openstack.svc.cluster.local:8776/v3/bd75923a26204044a26a04f015198e04/os-services
2026-07-01 08:37:33.120 7 INFO cinder.api.openstack.wsgi [None req-e31af207-1681-46d0-bac0-d1eae788bb2e 36b0c00a8e904af6ac46d1e4d432fc01 bd75923a26204044a26a04f015198e04 - - default default] http://cinder-api.openstack.svc.cluster.local:8776/v3/bd75923a26204044a26a04f015198e04/os-services returned with HTTP 200 [pid: 7|app: 0|req: 406/811] 10.0.0.26 () {28 vars in 644 bytes} [Wed Jul 1 08:37:33 2026] GET /v3/bd75923a26204044a26a04f015198e04/os-services => generated 646 bytes in 11 msecs (HTTP/1.1 200) 7 headers in 285 bytes (1 switches on core 0)
2026-07-01 08:37:35.280 8 INFO cinder.api.openstack.wsgi [None req-a59e83a3-212f-4058-b2a7-d0d4d28398f1 36b0c00a8e904af6ac46d1e4d432fc01 bd75923a26204044a26a04f015198e04 - - default default] GET http://10.0.0.66:8776/
2026-07-01 08:37:35.280 7 INFO cinder.api.openstack.wsgi [None req-e31af207-1681-46d0-bac0-d1eae788bb2e 36b0c00a8e904af6ac46d1e4d432fc01 bd75923a26204044a26a04f015198e04 - - default default] GET http://10.0.0.66:8776/
2026-07-01 08:37:35.281 8 INFO cinder.api.openstack.wsgi [None req-a59e83a3-212f-4058-b2a7-d0d4d28398f1 36b0c00a8e904af6ac46d1e4d432fc01 bd75923a26204044a26a04f015198e04 - - default default] http://10.0.0.66:8776/ returned with HTTP 300
2026-07-01 08:37:35.281 7 INFO cinder.api.openstack.wsgi [None req-e31af207-1681-46d0-bac0-d1eae788bb2e 36b0c00a8e904af6ac46d1e4d432fc01 bd75923a26204044a26a04f015198e04 - - default default] http://10.0.0.66:8776/ returned with HTTP 300
2026-07-01 08:37:45.283 8 INFO cinder.api.openstack.wsgi [None req-a59e83a3-212f-4058-b2a7-d0d4d28398f1 36b0c00a8e904af6ac46d1e4d432fc01 bd75923a26204044a26a04f015198e04 - - default default] GET http://10.0.0.66:8776/
2026-07-01 08:37:45.284 8 INFO cinder.api.openstack.wsgi [None req-a59e83a3-212f-4058-b2a7-d0d4d28398f1 36b0c00a8e904af6ac46d1e4d432fc01 bd75923a26204044a26a04f015198e04 - - default default] http://10.0.0.66:8776/ returned with HTTP 300
2026-07-01 08:37:45.283 7 INFO cinder.api.openstack.wsgi [None req-e31af207-1681-46d0-bac0-d1eae788bb2e 36b0c00a8e904af6ac46d1e4d432fc01 bd75923a26204044a26a04f015198e04 - - default default] GET http://10.0.0.66:8776/
2026-07-01 08:37:45.285 7 INFO cinder.api.openstack.wsgi [None req-e31af207-1681-46d0-bac0-d1eae788bb2e 36b0c00a8e904af6ac46d1e4d432fc01 bd75923a26204044a26a04f015198e04 - - default default] http://10.0.0.66:8776/ returned with HTTP 300
2026-07-01 08:37:55.281 8 INFO cinder.api.openstack.wsgi [None req-a59e83a3-212f-4058-b2a7-d0d4d28398f1 36b0c00a8e904af6ac46d1e4d432fc01 bd75923a26204044a26a04f015198e04 - - default default] GET http://10.0.0.66:8776/
2026-07-01 08:37:55.281 7 INFO cinder.api.openstack.wsgi [None req-e31af207-1681-46d0-bac0-d1eae788bb2e 36b0c00a8e904af6ac46d1e4d432fc01 bd75923a26204044a26a04f015198e04 - - default default] GET http://10.0.0.66:8776/
2026-07-01 08:37:55.282 8 INFO cinder.api.openstack.wsgi [None req-a59e83a3-212f-4058-b2a7-d0d4d28398f1 36b0c00a8e904af6ac46d1e4d432fc01 bd75923a26204044a26a04f015198e04 - - default default] http://10.0.0.66:8776/ returned with HTTP 300
2026-07-01 08:37:55.283 7 INFO cinder.api.openstack.wsgi [None req-e31af207-1681-46d0-bac0-d1eae788bb2e 36b0c00a8e904af6ac46d1e4d432fc01 bd75923a26204044a26a04f015198e04 - - default default] http://10.0.0.66:8776/ returned with HTTP 300
2026-07-01 08:37:59.218 8 INFO cinder.api.openstack.wsgi [None req-c0bb9624-69d1-4597-b36a-0aff55664742 518e67952dec46e9ab43f175b015eaa0 9a3b6ebf83a5442aac9d046eae08d6a9 - - default default] POST http://cinder-api.openstack.svc.cluster.local:8776/v3/9a3b6ebf83a5442aac9d046eae08d6a9/volumes
2026-07-01 08:37:59.222 8 INFO cinder.api.v3.volumes [None req-c0bb9624-69d1-4597-b36a-0aff55664742 518e67952dec46e9ab43f175b015eaa0 9a3b6ebf83a5442aac9d046eae08d6a9 - - default default] Create volume of 1 GB
2026-07-01 08:37:59.243 8 INFO cinder.volume.api [None req-c0bb9624-69d1-4597-b36a-0aff55664742 518e67952dec46e9ab43f175b015eaa0 9a3b6ebf83a5442aac9d046eae08d6a9 - - default default] Availability Zones retrieved successfully.
2026-07-01 08:37:59.386 8 INFO cinder.volume.api [None req-c0bb9624-69d1-4597-b36a-0aff55664742 518e67952dec46e9ab43f175b015eaa0 9a3b6ebf83a5442aac9d046eae08d6a9 - - default default] Create volume request issued successfully.
2026-07-01 08:37:59.387 8 INFO cinder.api.openstack.wsgi [None req-c0bb9624-69d1-4597-b36a-0aff55664742 518e67952dec46e9ab43f175b015eaa0 9a3b6ebf83a5442aac9d046eae08d6a9 - - default default] http://cinder-api.openstack.svc.cluster.local:8776/v3/9a3b6ebf83a5442aac9d046eae08d6a9/volumes returned with HTTP 202 /var/lib/openstack/lib/python3.12/site-packages/pycadf/timestamp.py:28: DeprecationWarning: datetime.datetime.utcnow() is deprecated and scheduled for removal in a future version. Use timezone-aware objects to represent datetimes in UTC: datetime.datetime.now(datetime.UTC). utc_datetime = pytz.utc.localize(datetime.datetime.utcnow()) [pid: 8|app: 0|req: 409/818] 10.0.0.220 () {34 vars in 722 bytes} [Wed Jul 1 08:37:59 2026] POST /v3/9a3b6ebf83a5442aac9d046eae08d6a9/volumes => generated 860 bytes in 293 msecs (HTTP/1.1 202) 7 headers in 291 bytes (1 switches on core 0)
2026-07-01 08:37:59.410 7 INFO cinder.api.openstack.wsgi [None req-4d34575c-97ee-446d-acc0-8b7a0ee6a9d6 518e67952dec46e9ab43f175b015eaa0 9a3b6ebf83a5442aac9d046eae08d6a9 - - default default] GET http://cinder-api.openstack.svc.cluster.local:8776/v3/9a3b6ebf83a5442aac9d046eae08d6a9/volumes/10b6f8d6-541c-42f4-a203-f225fe890f32 /var/lib/openstack/lib/python3.12/site-packages/oslo_context/context.py:100: DeprecationWarning: Policy enforcement is depending on the value of is_admin. This key is deprecated. Please update your policy file to use the standard policy values. warnings.warn('Policy enforcement is depending on the value of '
2026-07-01 08:37:59.427 7 INFO cinder.volume.api [None req-4d34575c-97ee-446d-acc0-8b7a0ee6a9d6 518e67952dec46e9ab43f175b015eaa0 9a3b6ebf83a5442aac9d046eae08d6a9 - - default default] Volume info retrieved successfully.
2026-07-01 08:37:59.442 7 INFO cinder.api.openstack.wsgi [None req-4d34575c-97ee-446d-acc0-8b7a0ee6a9d6 518e67952dec46e9ab43f175b015eaa0 9a3b6ebf83a5442aac9d046eae08d6a9 - - default default] http://cinder-api.openstack.svc.cluster.local:8776/v3/9a3b6ebf83a5442aac9d046eae08d6a9/volumes/10b6f8d6-541c-42f4-a203-f225fe890f32 returned with HTTP 200 /var/lib/openstack/lib/python3.12/site-packages/pycadf/timestamp.py:28: DeprecationWarning: datetime.datetime.utcnow() is deprecated and scheduled for removal in a future version. Use timezone-aware objects to represent datetimes in UTC: datetime.datetime.now(datetime.UTC). utc_datetime = pytz.utc.localize(datetime.datetime.utcnow()) [pid: 7|app: 0|req: 410/819] 10.0.0.220 () {32 vars in 775 bytes} [Wed Jul 1 08:37:59 2026] GET /v3/9a3b6ebf83a5442aac9d046eae08d6a9/volumes/10b6f8d6-541c-42f4-a203-f225fe890f32 => generated 928 bytes in 39 msecs (HTTP/1.1 200) 7 headers in 285 bytes (1 switches on core 0) /var/lib/openstack/lib/python3.12/site-packages/pycadf/identifier.py:71: UserWarning: Invalid uuid: cinderv3. To ensure interoperability, identifiers should be a valid uuid. warnings.warn(('Invalid uuid: %s. To ensure interoperability, '
2026-07-01 08:38:00.477 8 INFO cinder.api.openstack.wsgi [None req-61acc124-ddbb-4f6b-bc7c-5c19b5fe8fb5 518e67952dec46e9ab43f175b015eaa0 9a3b6ebf83a5442aac9d046eae08d6a9 - - default default] GET http://cinder-api.openstack.svc.cluster.local:8776/v3/9a3b6ebf83a5442aac9d046eae08d6a9/volumes/10b6f8d6-541c-42f4-a203-f225fe890f32 /var/lib/openstack/lib/python3.12/site-packages/oslo_context/context.py:100: DeprecationWarning: Policy enforcement is depending on the value of is_admin. This key is deprecated. Please update your policy file to use the standard policy values. warnings.warn('Policy enforcement is depending on the value of '
2026-07-01 08:38:00.493 8 INFO cinder.volume.api [None req-61acc124-ddbb-4f6b-bc7c-5c19b5fe8fb5 518e67952dec46e9ab43f175b015eaa0 9a3b6ebf83a5442aac9d046eae08d6a9 - - default default] Volume info retrieved successfully.
2026-07-01 08:38:00.501 8 INFO cinder.api.openstack.wsgi [None req-61acc124-ddbb-4f6b-bc7c-5c19b5fe8fb5 518e67952dec46e9ab43f175b015eaa0 9a3b6ebf83a5442aac9d046eae08d6a9 - - default default] http://cinder-api.openstack.svc.cluster.local:8776/v3/9a3b6ebf83a5442aac9d046eae08d6a9/volumes/10b6f8d6-541c-42f4-a203-f225fe890f32 returned with HTTP 200 /var/lib/openstack/lib/python3.12/site-packages/pycadf/timestamp.py:28: DeprecationWarning: datetime.datetime.utcnow() is deprecated and scheduled for removal in a future version. Use timezone-aware objects to represent datetimes in UTC: datetime.datetime.now(datetime.UTC). utc_datetime = pytz.utc.localize(datetime.datetime.utcnow()) [pid: 8|app: 0|req: 410/820] 10.0.0.220 () {32 vars in 775 bytes} [Wed Jul 1 08:38:00 2026] GET /v3/9a3b6ebf83a5442aac9d046eae08d6a9/volumes/10b6f8d6-541c-42f4-a203-f225fe890f32 => generated 953 bytes in 31 msecs (HTTP/1.1 200) 7 headers in 285 bytes (1 switches on core 0)
2026-07-01 08:38:05.280 7 INFO cinder.api.openstack.wsgi [None req-4d34575c-97ee-446d-acc0-8b7a0ee6a9d6 518e67952dec46e9ab43f175b015eaa0 9a3b6ebf83a5442aac9d046eae08d6a9 - - default default] GET http://10.0.0.66:8776/
2026-07-01 08:38:05.280 8 INFO cinder.api.openstack.wsgi [None req-61acc124-ddbb-4f6b-bc7c-5c19b5fe8fb5 518e67952dec46e9ab43f175b015eaa0 9a3b6ebf83a5442aac9d046eae08d6a9 - - default default] GET http://10.0.0.66:8776/
2026-07-01 08:38:05.281 7 INFO cinder.api.openstack.wsgi [None req-4d34575c-97ee-446d-acc0-8b7a0ee6a9d6 518e67952dec46e9ab43f175b015eaa0 9a3b6ebf83a5442aac9d046eae08d6a9 - - default default] http://10.0.0.66:8776/ returned with HTTP 300
2026-07-01 08:38:05.281 8 INFO cinder.api.openstack.wsgi [None req-61acc124-ddbb-4f6b-bc7c-5c19b5fe8fb5 518e67952dec46e9ab43f175b015eaa0 9a3b6ebf83a5442aac9d046eae08d6a9 - - default default] http://10.0.0.66:8776/ returned with HTTP 300
2026-07-01 08:38:15.280 7 INFO cinder.api.openstack.wsgi [None req-4d34575c-97ee-446d-acc0-8b7a0ee6a9d6 518e67952dec46e9ab43f175b015eaa0 9a3b6ebf83a5442aac9d046eae08d6a9 - - default default] GET http://10.0.0.66:8776/
2026-07-01 08:38:15.280 8 INFO cinder.api.openstack.wsgi [None req-61acc124-ddbb-4f6b-bc7c-5c19b5fe8fb5 518e67952dec46e9ab43f175b015eaa0 9a3b6ebf83a5442aac9d046eae08d6a9 - - default default] GET http://10.0.0.66:8776/
2026-07-01 08:38:15.281 7 INFO cinder.api.openstack.wsgi [None req-4d34575c-97ee-446d-acc0-8b7a0ee6a9d6 518e67952dec46e9ab43f175b015eaa0 9a3b6ebf83a5442aac9d046eae08d6a9 - - default default] http://10.0.0.66:8776/ returned with HTTP 300
2026-07-01 08:38:15.281 8 INFO cinder.api.openstack.wsgi [None req-61acc124-ddbb-4f6b-bc7c-5c19b5fe8fb5 518e67952dec46e9ab43f175b015eaa0 9a3b6ebf83a5442aac9d046eae08d6a9 - - default default] http://10.0.0.66:8776/ returned with HTTP 300 /var/lib/openstack/lib/python3.12/site-packages/pycadf/identifier.py:71: UserWarning: Invalid uuid: cinderv3. To ensure interoperability, identifiers should be a valid uuid. warnings.warn(('Invalid uuid: %s. To ensure interoperability, '
2026-07-01 08:38:20.348 7 INFO cinder.api.openstack.wsgi [None req-80d5045e-3841-4557-9ee9-c9c607489702 518e67952dec46e9ab43f175b015eaa0 9a3b6ebf83a5442aac9d046eae08d6a9 - - default default] POST http://cinder-api.openstack.svc.cluster.local:8776/v3/9a3b6ebf83a5442aac9d046eae08d6a9/volumes/10b6f8d6-541c-42f4-a203-f225fe890f32/action /var/lib/openstack/lib/python3.12/site-packages/oslo_context/context.py:100: DeprecationWarning: Policy enforcement is depending on the value of is_admin. This key is deprecated. Please update your policy file to use the standard policy values. warnings.warn('Policy enforcement is depending on the value of '
2026-07-01 08:38:20.361 7 INFO cinder.volume.api [None req-80d5045e-3841-4557-9ee9-c9c607489702 518e67952dec46e9ab43f175b015eaa0 9a3b6ebf83a5442aac9d046eae08d6a9 - - default default] Volume info retrieved successfully.
2026-07-01 08:38:20.371 7 INFO cinder.volume.api [None req-80d5045e-3841-4557-9ee9-c9c607489702 518e67952dec46e9ab43f175b015eaa0 9a3b6ebf83a5442aac9d046eae08d6a9 - - default default] Update volume admin metadata completed successfully.
2026-07-01 08:38:20.876 7 INFO cinder.volume.api [None req-80d5045e-3841-4557-9ee9-c9c607489702 518e67952dec46e9ab43f175b015eaa0 9a3b6ebf83a5442aac9d046eae08d6a9 - - default default] Attach volume completed successfully.
2026-07-01 08:38:20.877 7 INFO cinder.api.openstack.wsgi [None req-80d5045e-3841-4557-9ee9-c9c607489702 518e67952dec46e9ab43f175b015eaa0 9a3b6ebf83a5442aac9d046eae08d6a9 - - default default] http://cinder-api.openstack.svc.cluster.local:8776/v3/9a3b6ebf83a5442aac9d046eae08d6a9/volumes/10b6f8d6-541c-42f4-a203-f225fe890f32/action returned with HTTP 202 /var/lib/openstack/lib/python3.12/site-packages/pycadf/timestamp.py:28: DeprecationWarning: datetime.datetime.utcnow() is deprecated and scheduled for removal in a future version. Use timezone-aware objects to represent datetimes in UTC: datetime.datetime.now(datetime.UTC). utc_datetime = pytz.utc.localize(datetime.datetime.utcnow()) [pid: 7|app: 0|req: 413/825] 10.0.0.220 () {34 vars in 810 bytes} [Wed Jul 1 08:38:20 2026] POST /v3/9a3b6ebf83a5442aac9d046eae08d6a9/volumes/10b6f8d6-541c-42f4-a203-f225fe890f32/action => generated 0 bytes in 534 msecs (HTTP/1.1 202) 7 headers in 289 bytes (1 switches on core 0) /var/lib/openstack/lib/python3.12/site-packages/pycadf/identifier.py:71: UserWarning: Invalid uuid: cinderv3. To ensure interoperability, identifiers should be a valid uuid. warnings.warn(('Invalid uuid: %s. To ensure interoperability, '
2026-07-01 08:38:20.893 8 INFO cinder.api.openstack.wsgi [None req-f003ad63-3bc0-4cab-a8c5-6298f5d383e7 518e67952dec46e9ab43f175b015eaa0 9a3b6ebf83a5442aac9d046eae08d6a9 - - default default] GET http://cinder-api.openstack.svc.cluster.local:8776/v3/9a3b6ebf83a5442aac9d046eae08d6a9/volumes/10b6f8d6-541c-42f4-a203-f225fe890f32 /var/lib/openstack/lib/python3.12/site-packages/oslo_context/context.py:100: DeprecationWarning: Policy enforcement is depending on the value of is_admin. This key is deprecated. Please update your policy file to use the standard policy values. warnings.warn('Policy enforcement is depending on the value of '
2026-07-01 08:38:20.910 8 INFO cinder.volume.api [None req-f003ad63-3bc0-4cab-a8c5-6298f5d383e7 518e67952dec46e9ab43f175b015eaa0 9a3b6ebf83a5442aac9d046eae08d6a9 - - default default] Volume info retrieved successfully.
2026-07-01 08:38:20.918 8 INFO cinder.api.openstack.wsgi [None req-f003ad63-3bc0-4cab-a8c5-6298f5d383e7 518e67952dec46e9ab43f175b015eaa0 9a3b6ebf83a5442aac9d046eae08d6a9 - - default default] http://cinder-api.openstack.svc.cluster.local:8776/v3/9a3b6ebf83a5442aac9d046eae08d6a9/volumes/10b6f8d6-541c-42f4-a203-f225fe890f32 returned with HTTP 200 /var/lib/openstack/lib/python3.12/site-packages/pycadf/timestamp.py:28: DeprecationWarning: datetime.datetime.utcnow() is deprecated and scheduled for removal in a future version. Use timezone-aware objects to represent datetimes in UTC: datetime.datetime.now(datetime.UTC). utc_datetime = pytz.utc.localize(datetime.datetime.utcnow()) [pid: 8|app: 0|req: 413/826] 10.0.0.220 () {32 vars in 775 bytes} [Wed Jul 1 08:38:20 2026] GET /v3/9a3b6ebf83a5442aac9d046eae08d6a9/volumes/10b6f8d6-541c-42f4-a203-f225fe890f32 => generated 1287 bytes in 35 msecs (HTTP/1.1 200) 7 headers in 286 bytes (1 switches on core 0) /var/lib/openstack/lib/python3.12/site-packages/pycadf/identifier.py:71: UserWarning: Invalid uuid: cinderv3. To ensure interoperability, identifiers should be a valid uuid. warnings.warn(('Invalid uuid: %s. To ensure interoperability, '
2026-07-01 08:38:20.941 7 INFO cinder.api.openstack.wsgi [None req-465cd564-3480-41d7-b8aa-87c3b3ee5584 518e67952dec46e9ab43f175b015eaa0 9a3b6ebf83a5442aac9d046eae08d6a9 - - default default] POST http://cinder-api.openstack.svc.cluster.local:8776/v3/9a3b6ebf83a5442aac9d046eae08d6a9/volumes/10b6f8d6-541c-42f4-a203-f225fe890f32/action /var/lib/openstack/lib/python3.12/site-packages/oslo_context/context.py:100: DeprecationWarning: Policy enforcement is depending on the value of is_admin. This key is deprecated. Please update your policy file to use the standard policy values. warnings.warn('Policy enforcement is depending on the value of '
2026-07-01 08:38:20.958 7 INFO cinder.volume.api [None req-465cd564-3480-41d7-b8aa-87c3b3ee5584 518e67952dec46e9ab43f175b015eaa0 9a3b6ebf83a5442aac9d046eae08d6a9 - - default default] Volume info retrieved successfully.
2026-07-01 08:38:21.464 7 INFO cinder.volume.api [None req-465cd564-3480-41d7-b8aa-87c3b3ee5584 518e67952dec46e9ab43f175b015eaa0 9a3b6ebf83a5442aac9d046eae08d6a9 - - default default] Detach volume completed successfully.
2026-07-01 08:38:21.464 7 INFO cinder.api.openstack.wsgi [None req-465cd564-3480-41d7-b8aa-87c3b3ee5584 518e67952dec46e9ab43f175b015eaa0 9a3b6ebf83a5442aac9d046eae08d6a9 - - default default] http://cinder-api.openstack.svc.cluster.local:8776/v3/9a3b6ebf83a5442aac9d046eae08d6a9/volumes/10b6f8d6-541c-42f4-a203-f225fe890f32/action returned with HTTP 202 /var/lib/openstack/lib/python3.12/site-packages/pycadf/timestamp.py:28: DeprecationWarning: datetime.datetime.utcnow() is deprecated and scheduled for removal in a future version. Use timezone-aware objects to represent datetimes in UTC: datetime.datetime.now(datetime.UTC). utc_datetime = pytz.utc.localize(datetime.datetime.utcnow()) [pid: 7|app: 0|req: 414/827] 10.0.0.220 () {34 vars in 810 bytes} [Wed Jul 1 08:38:20 2026] POST /v3/9a3b6ebf83a5442aac9d046eae08d6a9/volumes/10b6f8d6-541c-42f4-a203-f225fe890f32/action => generated 0 bytes in 532 msecs (HTTP/1.1 202) 7 headers in 289 bytes (1 switches on core 0) /var/lib/openstack/lib/python3.12/site-packages/pycadf/identifier.py:71: UserWarning: Invalid uuid: cinderv3. To ensure interoperability, identifiers should be a valid uuid. warnings.warn(('Invalid uuid: %s. To ensure interoperability, '
2026-07-01 08:38:21.487 8 INFO cinder.api.openstack.wsgi [None req-1fc994da-a7a1-4d0e-ac26-72250af8243b 518e67952dec46e9ab43f175b015eaa0 9a3b6ebf83a5442aac9d046eae08d6a9 - - default default] GET http://cinder-api.openstack.svc.cluster.local:8776/v3/9a3b6ebf83a5442aac9d046eae08d6a9/volumes/10b6f8d6-541c-42f4-a203-f225fe890f32 /var/lib/openstack/lib/python3.12/site-packages/oslo_context/context.py:100: DeprecationWarning: Policy enforcement is depending on the value of is_admin. This key is deprecated. Please update your policy file to use the standard policy values. warnings.warn('Policy enforcement is depending on the value of '
2026-07-01 08:38:21.507 8 INFO cinder.volume.api [None req-1fc994da-a7a1-4d0e-ac26-72250af8243b 518e67952dec46e9ab43f175b015eaa0 9a3b6ebf83a5442aac9d046eae08d6a9 - - default default] Volume info retrieved successfully.
2026-07-01 08:38:21.512 8 INFO cinder.api.openstack.wsgi [None req-1fc994da-a7a1-4d0e-ac26-72250af8243b 518e67952dec46e9ab43f175b015eaa0 9a3b6ebf83a5442aac9d046eae08d6a9 - - default default] http://cinder-api.openstack.svc.cluster.local:8776/v3/9a3b6ebf83a5442aac9d046eae08d6a9/volumes/10b6f8d6-541c-42f4-a203-f225fe890f32 returned with HTTP 200 /var/lib/openstack/lib/python3.12/site-packages/pycadf/timestamp.py:28: DeprecationWarning: datetime.datetime.utcnow() is deprecated and scheduled for removal in a future version. Use timezone-aware objects to represent datetimes in UTC: datetime.datetime.now(datetime.UTC). utc_datetime = pytz.utc.localize(datetime.datetime.utcnow()) [pid: 8|app: 0|req: 414/828] 10.0.0.220 () {32 vars in 775 bytes} [Wed Jul 1 08:38:21 2026] GET /v3/9a3b6ebf83a5442aac9d046eae08d6a9/volumes/10b6f8d6-541c-42f4-a203-f225fe890f32 => generated 972 bytes in 32 msecs (HTTP/1.1 200) 7 headers in 285 bytes (1 switches on core 0)
2026-07-01 08:38:25.280 7 INFO cinder.api.openstack.wsgi [None req-465cd564-3480-41d7-b8aa-87c3b3ee5584 518e67952dec46e9ab43f175b015eaa0 9a3b6ebf83a5442aac9d046eae08d6a9 - - default default] GET http://10.0.0.66:8776/
2026-07-01 08:38:25.280 7 INFO cinder.api.openstack.wsgi [None req-465cd564-3480-41d7-b8aa-87c3b3ee5584 518e67952dec46e9ab43f175b015eaa0 9a3b6ebf83a5442aac9d046eae08d6a9 - - default default] http://10.0.0.66:8776/ returned with HTTP 300
2026-07-01 08:38:25.280 8 INFO cinder.api.openstack.wsgi [None req-1fc994da-a7a1-4d0e-ac26-72250af8243b 518e67952dec46e9ab43f175b015eaa0 9a3b6ebf83a5442aac9d046eae08d6a9 - - default default] GET http://10.0.0.66:8776/
2026-07-01 08:38:25.282 8 INFO cinder.api.openstack.wsgi [None req-1fc994da-a7a1-4d0e-ac26-72250af8243b 518e67952dec46e9ab43f175b015eaa0 9a3b6ebf83a5442aac9d046eae08d6a9 - - default default] http://10.0.0.66:8776/ returned with HTTP 300 /var/lib/openstack/lib/python3.12/site-packages/pycadf/identifier.py:71: UserWarning: Invalid uuid: cinderv3. To ensure interoperability, identifiers should be a valid uuid. warnings.warn(('Invalid uuid: %s. To ensure interoperability, '
2026-07-01 08:38:27.367 7 INFO cinder.api.openstack.wsgi [None req-40d86e5b-2c2d-4e88-8dd4-72a86d045f70 518e67952dec46e9ab43f175b015eaa0 9a3b6ebf83a5442aac9d046eae08d6a9 - - default default] GET http://cinder-api.openstack.svc.cluster.local:8776/v3/9a3b6ebf83a5442aac9d046eae08d6a9/volumes/10b6f8d6-541c-42f4-a203-f225fe890f32 /var/lib/openstack/lib/python3.12/site-packages/oslo_context/context.py:100: DeprecationWarning: Policy enforcement is depending on the value of is_admin. This key is deprecated. Please update your policy file to use the standard policy values. warnings.warn('Policy enforcement is depending on the value of '
2026-07-01 08:38:27.385 7 INFO cinder.volume.api [None req-40d86e5b-2c2d-4e88-8dd4-72a86d045f70 518e67952dec46e9ab43f175b015eaa0 9a3b6ebf83a5442aac9d046eae08d6a9 - - default default] Volume info retrieved successfully.
2026-07-01 08:38:27.390 7 INFO cinder.api.openstack.wsgi [None req-40d86e5b-2c2d-4e88-8dd4-72a86d045f70 518e67952dec46e9ab43f175b015eaa0 9a3b6ebf83a5442aac9d046eae08d6a9 - - default default] http://cinder-api.openstack.svc.cluster.local:8776/v3/9a3b6ebf83a5442aac9d046eae08d6a9/volumes/10b6f8d6-541c-42f4-a203-f225fe890f32 returned with HTTP 200 /var/lib/openstack/lib/python3.12/site-packages/pycadf/timestamp.py:28: DeprecationWarning: datetime.datetime.utcnow() is deprecated and scheduled for removal in a future version. Use timezone-aware objects to represent datetimes in UTC: datetime.datetime.now(datetime.UTC). utc_datetime = pytz.utc.localize(datetime.datetime.utcnow()) [pid: 7|app: 0|req: 416/831] 10.0.0.220 () {32 vars in 775 bytes} [Wed Jul 1 08:38:27 2026] GET /v3/9a3b6ebf83a5442aac9d046eae08d6a9/volumes/10b6f8d6-541c-42f4-a203-f225fe890f32 => generated 972 bytes in 29 msecs (HTTP/1.1 200) 7 headers in 285 bytes (1 switches on core 0) /var/lib/openstack/lib/python3.12/site-packages/pycadf/identifier.py:71: UserWarning: Invalid uuid: cinderv3. To ensure interoperability, identifiers should be a valid uuid. warnings.warn(('Invalid uuid: %s. To ensure interoperability, '
2026-07-01 08:38:27.405 8 INFO cinder.api.openstack.wsgi [None req-f9d6d36e-acef-44c8-ae6d-d3f9bd81b385 518e67952dec46e9ab43f175b015eaa0 9a3b6ebf83a5442aac9d046eae08d6a9 - - default default] DELETE http://cinder-api.openstack.svc.cluster.local:8776/v3/9a3b6ebf83a5442aac9d046eae08d6a9/volumes/10b6f8d6-541c-42f4-a203-f225fe890f32
2026-07-01 08:38:27.405 8 INFO cinder.api.v3.volumes [None req-f9d6d36e-acef-44c8-ae6d-d3f9bd81b385 518e67952dec46e9ab43f175b015eaa0 9a3b6ebf83a5442aac9d046eae08d6a9 - - default default] Delete volume with id: 10b6f8d6-541c-42f4-a203-f225fe890f32 /var/lib/openstack/lib/python3.12/site-packages/oslo_context/context.py:100: DeprecationWarning: Policy enforcement is depending on the value of is_admin. This key is deprecated. Please update your policy file to use the standard policy values. warnings.warn('Policy enforcement is depending on the value of '
2026-07-01 08:38:27.413 8 INFO cinder.volume.api [None req-f9d6d36e-acef-44c8-ae6d-d3f9bd81b385 518e67952dec46e9ab43f175b015eaa0 9a3b6ebf83a5442aac9d046eae08d6a9 - - default default] Volume info retrieved successfully.
2026-07-01 08:38:27.438 8 INFO cinder.volume.api [None req-f9d6d36e-acef-44c8-ae6d-d3f9bd81b385 518e67952dec46e9ab43f175b015eaa0 9a3b6ebf83a5442aac9d046eae08d6a9 - - default default] Delete volume request issued successfully.
2026-07-01 08:38:27.439 8 INFO cinder.api.openstack.wsgi [None req-f9d6d36e-acef-44c8-ae6d-d3f9bd81b385 518e67952dec46e9ab43f175b015eaa0 9a3b6ebf83a5442aac9d046eae08d6a9 - - default default] http://cinder-api.openstack.svc.cluster.local:8776/v3/9a3b6ebf83a5442aac9d046eae08d6a9/volumes/10b6f8d6-541c-42f4-a203-f225fe890f32 returned with HTTP 202 /var/lib/openstack/lib/python3.12/site-packages/pycadf/timestamp.py:28: DeprecationWarning: datetime.datetime.utcnow() is deprecated and scheduled for removal in a future version. Use timezone-aware objects to represent datetimes in UTC: datetime.datetime.now(datetime.UTC). utc_datetime = pytz.utc.localize(datetime.datetime.utcnow()) [pid: 8|app: 0|req: 416/832] 10.0.0.220 () {32 vars in 778 bytes} [Wed Jul 1 08:38:27 2026] DELETE /v3/9a3b6ebf83a5442aac9d046eae08d6a9/volumes/10b6f8d6-541c-42f4-a203-f225fe890f32 => generated 0 bytes in 39 msecs (HTTP/1.1 202) 6 headers in 233 bytes (1 switches on core 0) /var/lib/openstack/lib/python3.12/site-packages/pycadf/identifier.py:71: UserWarning: Invalid uuid: cinderv3. To ensure interoperability, identifiers should be a valid uuid. warnings.warn(('Invalid uuid: %s. To ensure interoperability, '
2026-07-01 08:38:27.450 7 INFO cinder.api.openstack.wsgi [None req-d6f58f1f-dfd1-430b-8633-40b4d353e8b7 518e67952dec46e9ab43f175b015eaa0 9a3b6ebf83a5442aac9d046eae08d6a9 - - default default] GET http://cinder-api.openstack.svc.cluster.local:8776/v3/9a3b6ebf83a5442aac9d046eae08d6a9/volumes/10b6f8d6-541c-42f4-a203-f225fe890f32 /var/lib/openstack/lib/python3.12/site-packages/oslo_context/context.py:100: DeprecationWarning: Policy enforcement is depending on the value of is_admin. This key is deprecated. Please update your policy file to use the standard policy values. warnings.warn('Policy enforcement is depending on the value of '
2026-07-01 08:38:27.484 7 INFO cinder.volume.api [None req-d6f58f1f-dfd1-430b-8633-40b4d353e8b7 518e67952dec46e9ab43f175b015eaa0 9a3b6ebf83a5442aac9d046eae08d6a9 - - default default] Volume info retrieved successfully.
2026-07-01 08:38:27.493 7 INFO cinder.api.openstack.wsgi [None req-d6f58f1f-dfd1-430b-8633-40b4d353e8b7 518e67952dec46e9ab43f175b015eaa0 9a3b6ebf83a5442aac9d046eae08d6a9 - - default default] http://cinder-api.openstack.svc.cluster.local:8776/v3/9a3b6ebf83a5442aac9d046eae08d6a9/volumes/10b6f8d6-541c-42f4-a203-f225fe890f32 returned with HTTP 200 /var/lib/openstack/lib/python3.12/site-packages/pycadf/timestamp.py:28: DeprecationWarning: datetime.datetime.utcnow() is deprecated and scheduled for removal in a future version. Use timezone-aware objects to represent datetimes in UTC: datetime.datetime.now(datetime.UTC). utc_datetime = pytz.utc.localize(datetime.datetime.utcnow()) [pid: 7|app: 0|req: 417/833] 10.0.0.220 () {32 vars in 775 bytes} [Wed Jul 1 08:38:27 2026] GET /v3/9a3b6ebf83a5442aac9d046eae08d6a9/volumes/10b6f8d6-541c-42f4-a203-f225fe890f32 => generated 971 bytes in 49 msecs (HTTP/1.1 200) 7 headers in 285 bytes (1 switches on core 0) /var/lib/openstack/lib/python3.12/site-packages/pycadf/identifier.py:71: UserWarning: Invalid uuid: cinderv3. To ensure interoperability, identifiers should be a valid uuid. warnings.warn(('Invalid uuid: %s. To ensure interoperability, '
2026-07-01 08:38:28.511 8 INFO cinder.api.openstack.wsgi [None req-a6e4a207-f5d4-403a-84e9-e5fbcb3e6845 518e67952dec46e9ab43f175b015eaa0 9a3b6ebf83a5442aac9d046eae08d6a9 - - default default] GET http://cinder-api.openstack.svc.cluster.local:8776/v3/9a3b6ebf83a5442aac9d046eae08d6a9/volumes/10b6f8d6-541c-42f4-a203-f225fe890f32
2026-07-01 08:38:28.522 8 INFO cinder.api.openstack.wsgi [None req-a6e4a207-f5d4-403a-84e9-e5fbcb3e6845 518e67952dec46e9ab43f175b015eaa0 9a3b6ebf83a5442aac9d046eae08d6a9 - - default default] http://cinder-api.openstack.svc.cluster.local:8776/v3/9a3b6ebf83a5442aac9d046eae08d6a9/volumes/10b6f8d6-541c-42f4-a203-f225fe890f32 returned with HTTP 404 [pid: 8|app: 0|req: 417/834] 10.0.0.220 () {32 vars in 775 bytes} [Wed Jul 1 08:38:28 2026] GET /v3/9a3b6ebf83a5442aac9d046eae08d6a9/volumes/10b6f8d6-541c-42f4-a203-f225fe890f32 => generated 109 bytes in 19 msecs (HTTP/1.1 404) 7 headers in 292 bytes (1 switches on core 0) /var/lib/openstack/lib/python3.12/site-packages/pycadf/identifier.py:71: UserWarning: Invalid uuid: cinderv3. To ensure interoperability, identifiers should be a valid uuid. warnings.warn(('Invalid uuid: %s. To ensure interoperability, '
2026-07-01 08:38:32.176 7 INFO cinder.api.openstack.wsgi [None req-c685bac8-1b46-4b4b-9ebf-7b78868a95e2 36b0c00a8e904af6ac46d1e4d432fc01 bd75923a26204044a26a04f015198e04 - - default default] GET http://cinder-api.openstack.svc.cluster.local:8776/v3/bd75923a26204044a26a04f015198e04/volumes/detail?all_tenants=true
2026-07-01 08:38:32.195 7 INFO cinder.volume.api [None req-c685bac8-1b46-4b4b-9ebf-7b78868a95e2 36b0c00a8e904af6ac46d1e4d432fc01 bd75923a26204044a26a04f015198e04 - - default default] Get all volumes completed successfully.
2026-07-01 08:38:32.198 7 INFO cinder.api.openstack.wsgi [None req-c685bac8-1b46-4b4b-9ebf-7b78868a95e2 36b0c00a8e904af6ac46d1e4d432fc01 bd75923a26204044a26a04f015198e04 - - default default] http://cinder-api.openstack.svc.cluster.local:8776/v3/bd75923a26204044a26a04f015198e04/volumes/detail?all_tenants=true returned with HTTP 200 [pid: 7|app: 0|req: 418/835] 10.0.0.26 () {28 vars in 683 bytes} [Wed Jul 1 08:38:31 2026] GET /v3/bd75923a26204044a26a04f015198e04/volumes/detail?all_tenants=true => generated 15 bytes in 346 msecs (HTTP/1.1 200) 7 headers in 284 bytes (1 switches on core 0)
2026-07-01 08:38:32.213 8 INFO cinder.api.openstack.wsgi [None req-f69f57dc-c792-41ff-9089-fb04f5e75191 36b0c00a8e904af6ac46d1e4d432fc01 bd75923a26204044a26a04f015198e04 - - default default] GET http://cinder-api.openstack.svc.cluster.local:8776/v3/bd75923a26204044a26a04f015198e04/scheduler-stats/get_pools?detail=true
2026-07-01 08:38:32.718 8 INFO cinder.api.openstack.wsgi [None req-f69f57dc-c792-41ff-9089-fb04f5e75191 36b0c00a8e904af6ac46d1e4d432fc01 bd75923a26204044a26a04f015198e04 - - default default] http://cinder-api.openstack.svc.cluster.local:8776/v3/bd75923a26204044a26a04f015198e04/scheduler-stats/get_pools?detail=true returned with HTTP 200 [pid: 8|app: 0|req: 418/836] 10.0.0.26 () {28 vars in 695 bytes} [Wed Jul 1 08:38:32 2026] GET /v3/bd75923a26204044a26a04f015198e04/scheduler-stats/get_pools?detail=true => generated 670 bytes in 514 msecs (HTTP/1.1 200) 7 headers in 285 bytes (1 switches on core 0)
2026-07-01 08:38:32.784 7 INFO cinder.api.openstack.wsgi [None req-7aa84efc-0542-49cf-b082-a5db6b103393 36b0c00a8e904af6ac46d1e4d432fc01 bd75923a26204044a26a04f015198e04 - - default default] GET http://cinder-api.openstack.svc.cluster.local:8776/v3/bd75923a26204044a26a04f015198e04/os-quota-sets/02a46493526b4c8081e5080ee766619c?usage=true
2026-07-01 08:38:32.823 7 INFO cinder.api.openstack.wsgi [None req-7aa84efc-0542-49cf-b082-a5db6b103393 36b0c00a8e904af6ac46d1e4d432fc01 bd75923a26204044a26a04f015198e04 - - default default] http://cinder-api.openstack.svc.cluster.local:8776/v3/bd75923a26204044a26a04f015198e04/os-quota-sets/02a46493526b4c8081e5080ee766619c?usage=true returned with HTTP 200 [pid: 7|app: 0|req: 419/837] 10.0.0.26 () {28 vars in 735 bytes} [Wed Jul 1 08:38:32 2026] GET /v3/bd75923a26204044a26a04f015198e04/os-quota-sets/02a46493526b4c8081e5080ee766619c?usage=true => generated 847 bytes in 52 msecs (HTTP/1.1 200) 7 headers in 285 bytes (1 switches on core 0)
2026-07-01 08:38:32.835 8 INFO cinder.api.openstack.wsgi [None req-fe067587-0a6b-4b7c-b603-07d16ee3dbe4 36b0c00a8e904af6ac46d1e4d432fc01 bd75923a26204044a26a04f015198e04 - - default default] GET http://cinder-api.openstack.svc.cluster.local:8776/v3/bd75923a26204044a26a04f015198e04/os-quota-sets/28d1db618ac34abd8e82daa4afdb6abb?usage=true
2026-07-01 08:38:32.867 8 INFO cinder.api.openstack.wsgi [None req-fe067587-0a6b-4b7c-b603-07d16ee3dbe4 36b0c00a8e904af6ac46d1e4d432fc01 bd75923a26204044a26a04f015198e04 - - default default] http://cinder-api.openstack.svc.cluster.local:8776/v3/bd75923a26204044a26a04f015198e04/os-quota-sets/28d1db618ac34abd8e82daa4afdb6abb?usage=true returned with HTTP 200 [pid: 8|app: 0|req: 419/838] 10.0.0.26 () {28 vars in 735 bytes} [Wed Jul 1 08:38:32 2026] GET /v3/bd75923a26204044a26a04f015198e04/os-quota-sets/28d1db618ac34abd8e82daa4afdb6abb?usage=true => generated 847 bytes in 39 msecs (HTTP/1.1 200) 7 headers in 285 bytes (1 switches on core 0)
2026-07-01 08:38:32.879 7 INFO cinder.api.openstack.wsgi [None req-e0d0d7ab-adf0-4bc8-a292-95ba29a0c1e4 36b0c00a8e904af6ac46d1e4d432fc01 bd75923a26204044a26a04f015198e04 - - default default] GET http://cinder-api.openstack.svc.cluster.local:8776/v3/bd75923a26204044a26a04f015198e04/os-quota-sets/2ca7dda5b14c457e928cb43e55394ac7?usage=true
2026-07-01 08:38:32.913 7 INFO cinder.api.openstack.wsgi [None req-e0d0d7ab-adf0-4bc8-a292-95ba29a0c1e4 36b0c00a8e904af6ac46d1e4d432fc01 bd75923a26204044a26a04f015198e04 - - default default] http://cinder-api.openstack.svc.cluster.local:8776/v3/bd75923a26204044a26a04f015198e04/os-quota-sets/2ca7dda5b14c457e928cb43e55394ac7?usage=true returned with HTTP 200 [pid: 7|app: 0|req: 420/839] 10.0.0.26 () {28 vars in 735 bytes} [Wed Jul 1 08:38:32 2026] GET /v3/bd75923a26204044a26a04f015198e04/os-quota-sets/2ca7dda5b14c457e928cb43e55394ac7?usage=true => generated 847 bytes in 43 msecs (HTTP/1.1 200) 7 headers in 285 bytes (1 switches on core 0)
2026-07-01 08:38:32.931 8 INFO cinder.api.openstack.wsgi [None req-86b228fd-1f07-4930-9db4-3c9f795c4c77 36b0c00a8e904af6ac46d1e4d432fc01 bd75923a26204044a26a04f015198e04 - - default default] GET http://cinder-api.openstack.svc.cluster.local:8776/v3/bd75923a26204044a26a04f015198e04/os-quota-sets/328dc69d17d74845918bf48e4a8e74e5?usage=true
