2026-06-24 19:08:49.324 8 INFO placement.requestlog [None req-329477d8-99f8-41ce-b6e1-3127204ad98f 371b786358c041a589abef6ebb836842 57c853360cd846bcbce42d2750c8d0ee - - 186ac7465feb49b7adc6ad734c7c2aac 186ac7465feb49b7adc6ad734c7c2aac] 10.0.0.237 "DELETE /resource_providers/73243272-b51a-4381-ab92-1adcd4c124c4" status: 404 len: 246 microversion: 1.1 [pid: 8|app: 0|req: 376/750] 10.0.0.237 () {34 vars in 816 bytes} [Wed Jun 24 19:08:49 2026] DELETE /resource_providers/73243272-b51a-4381-ab92-1adcd4c124c4 => generated 246 bytes in 21 msecs (HTTP/1.1 404) 6 headers in 231 bytes (1 switches on core 0)
2026-06-24 19:08:49.327 7 INFO placement.requestlog [None req-1182a970-8a83-4d5d-80ed-96acf99a9787 371b786358c041a589abef6ebb836842 57c853360cd846bcbce42d2750c8d0ee - - 186ac7465feb49b7adc6ad734c7c2aac 186ac7465feb49b7adc6ad734c7c2aac] 10.0.0.237 "GET /resource_providers/4582c056-a355-4316-8b13-92fc12243ec4/aggregates" status: 404 len: 235 microversion: 1.1 [pid: 7|app: 0|req: 375/751] 10.0.0.237 () {32 vars in 816 bytes} [Wed Jun 24 19:08:49 2026] GET /resource_providers/4582c056-a355-4316-8b13-92fc12243ec4/aggregates => generated 235 bytes in 9 msecs (HTTP/1.1 404) 5 headers in 202 bytes (1 switches on core 0)
2026-06-24 19:08:49.343 8 INFO placement.requestlog [None req-01ba368a-0cd9-4fc5-89be-0958404d14ad 371b786358c041a589abef6ebb836842 57c853360cd846bcbce42d2750c8d0ee - - 186ac7465feb49b7adc6ad734c7c2aac 186ac7465feb49b7adc6ad734c7c2aac] 10.0.0.237 "GET /resource_providers/4582c056-a355-4316-8b13-92fc12243ec4/aggregates" status: 404 len: 235 microversion: 1.1 [pid: 8|app: 0|req: 377/752] 10.0.0.237 () {32 vars in 816 bytes} [Wed Jun 24 19:08:49 2026] GET /resource_providers/4582c056-a355-4316-8b13-92fc12243ec4/aggregates => generated 235 bytes in 18 msecs (HTTP/1.1 404) 5 headers in 202 bytes (1 switches on core 0)
2026-06-24 19:08:49.345 7 INFO placement.requestlog [None req-b4555cc1-f8ef-4f5e-ae11-4f92b426a229 371b786358c041a589abef6ebb836842 57c853360cd846bcbce42d2750c8d0ee - - 186ac7465feb49b7adc6ad734c7c2aac 186ac7465feb49b7adc6ad734c7c2aac] 10.0.0.237 "DELETE /resource_providers/4582c056-a355-4316-8b13-92fc12243ec4" status: 404 len: 246 microversion: 1.1 [pid: 7|app: 0|req: 376/753] 10.0.0.237 () {34 vars in 816 bytes} [Wed Jun 24 19:08:49 2026] DELETE /resource_providers/4582c056-a355-4316-8b13-92fc12243ec4 => generated 246 bytes in 15 msecs (HTTP/1.1 404) 6 headers in 231 bytes (1 switches on core 0)
2026-06-24 19:08:49.362 8 INFO placement.requestlog [None req-a7abc877-fd05-4eb6-85e4-c91ae3fc713b 371b786358c041a589abef6ebb836842 57c853360cd846bcbce42d2750c8d0ee - - 186ac7465feb49b7adc6ad734c7c2aac 186ac7465feb49b7adc6ad734c7c2aac] 10.0.0.237 "DELETE /resource_providers/4582c056-a355-4316-8b13-92fc12243ec4" status: 404 len: 246 microversion: 1.1 [pid: 8|app: 0|req: 378/754] 10.0.0.237 () {34 vars in 816 bytes} [Wed Jun 24 19:08:49 2026] DELETE /resource_providers/4582c056-a355-4316-8b13-92fc12243ec4 => generated 246 bytes in 8 msecs (HTTP/1.1 404) 6 headers in 231 bytes (1 switches on core 0)
2026-06-24 19:08:51.545 7 INFO placement.requestlog [req-b41199ed-e777-4eec-996e-61218a54756b req-3c7f8a46-f5fd-4531-8b96-f6eefdc057a8 f35fb5f3e0334221b166cf965d46c2a8 57c853360cd846bcbce42d2750c8d0ee - - 186ac7465feb49b7adc6ad734c7c2aac 186ac7465feb49b7adc6ad734c7c2aac] 10.0.0.137 "GET /allocation_candidates?limit=1000&resources=DISK_GB%3A1%2CMEMORY_MB%3A512%2CVCPU%3A1&root_required=%21COMPUTE_STATUS_DISABLED" status: 200 len: 2217 microversion: 1.36 [pid: 7|app: 0|req: 377/755] 10.0.0.137 () {34 vars in 1012 bytes} [Wed Jun 24 19:08:51 2026] GET /allocation_candidates?limit=1000&resources=DISK_GB%3A1%2CMEMORY_MB%3A512%2CVCPU%3A1&root_required=%21COMPUTE_STATUS_DISABLED => generated 2217 bytes in 49 msecs (HTTP/1.1 200) 8 headers in 297 bytes (1 switches on core 0)
2026-06-24 19:08:51.580 8 INFO placement.requestlog [req-b41199ed-e777-4eec-996e-61218a54756b req-99c8e70d-f3ae-4d0f-a87a-30c4f2f32ca0 f35fb5f3e0334221b166cf965d46c2a8 57c853360cd846bcbce42d2750c8d0ee - - 186ac7465feb49b7adc6ad734c7c2aac 186ac7465feb49b7adc6ad734c7c2aac] 10.0.0.137 "GET /allocations/9377d7c6-6b59-4ba3-b7fa-aa2cb0f62cda" status: 200 len: 19 microversion: 1.28 [pid: 8|app: 0|req: 379/756] 10.0.0.137 () {34 vars in 861 bytes} [Wed Jun 24 19:08:51 2026] GET /allocations/9377d7c6-6b59-4ba3-b7fa-aa2cb0f62cda => generated 19 bytes in 13 msecs (HTTP/1.1 200) 8 headers in 295 bytes (1 switches on core 0)
2026-06-24 19:08:51.666 7 INFO placement.requestlog [req-b41199ed-e777-4eec-996e-61218a54756b req-9a976a2d-328c-4588-bea8-0a10c379dc55 f35fb5f3e0334221b166cf965d46c2a8 57c853360cd846bcbce42d2750c8d0ee - - 186ac7465feb49b7adc6ad734c7c2aac 186ac7465feb49b7adc6ad734c7c2aac] 10.0.0.137 "PUT /allocations/9377d7c6-6b59-4ba3-b7fa-aa2cb0f62cda" status: 204 len: 0 microversion: 1.36 [pid: 7|app: 0|req: 378/757] 10.0.0.137 () {38 vars in 914 bytes} [Wed Jun 24 19:08:51 2026] PUT /allocations/9377d7c6-6b59-4ba3-b7fa-aa2cb0f62cda => generated 0 bytes in 75 msecs (HTTP/1.1 204) 5 headers in 199 bytes (1 switches on core 0)
2026-06-24 19:08:51.981 8 INFO placement.requestlog [req-b41199ed-e777-4eec-996e-61218a54756b req-f1363a81-3b55-462a-870e-398cd1554880 f35fb5f3e0334221b166cf965d46c2a8 57c853360cd846bcbce42d2750c8d0ee - - 186ac7465feb49b7adc6ad734c7c2aac 186ac7465feb49b7adc6ad734c7c2aac] 199.19.213.244 "GET /allocations/9377d7c6-6b59-4ba3-b7fa-aa2cb0f62cda" status: 200 len: 257 microversion: 1.28 [pid: 8|app: 0|req: 380/758] 199.19.213.244 () {34 vars in 863 bytes} [Wed Jun 24 19:08:51 2026] GET /allocations/9377d7c6-6b59-4ba3-b7fa-aa2cb0f62cda => generated 257 bytes in 38 msecs (HTTP/1.1 200) 8 headers in 296 bytes (1 switches on core 0)
2026-06-24 19:08:52.114 7 INFO placement.requestlog [req-b41199ed-e777-4eec-996e-61218a54756b req-c4fea6bf-4b57-4ec1-8c60-0d3ed3657ead f35fb5f3e0334221b166cf965d46c2a8 57c853360cd846bcbce42d2750c8d0ee - - 186ac7465feb49b7adc6ad734c7c2aac 186ac7465feb49b7adc6ad734c7c2aac] 199.19.213.244 "GET /resource_providers/0d6853d7-4229-4e26-ae74-3038584927cf/allocations" status: 200 len: 152 microversion: 1.0 [pid: 7|app: 0|req: 379/759] 199.19.213.244 () {32 vars in 857 bytes} [Wed Jun 24 19:08:52 2026] GET /resource_providers/0d6853d7-4229-4e26-ae74-3038584927cf/allocations => generated 152 bytes in 18 msecs (HTTP/1.1 200) 6 headers in 224 bytes (1 switches on core 0)
2026-06-24 19:08:52.150 8 INFO placement.requestlog [req-b41199ed-e777-4eec-996e-61218a54756b req-9334a1f5-764b-4b31-be15-1fa4eca5ad12 f35fb5f3e0334221b166cf965d46c2a8 57c853360cd846bcbce42d2750c8d0ee - - 186ac7465feb49b7adc6ad734c7c2aac 186ac7465feb49b7adc6ad734c7c2aac] 199.19.213.244 "GET /allocations/9377d7c6-6b59-4ba3-b7fa-aa2cb0f62cda" status: 200 len: 257 microversion: 1.28 [pid: 8|app: 0|req: 381/760] 199.19.213.244 () {34 vars in 863 bytes} [Wed Jun 24 19:08:52 2026] GET /allocations/9377d7c6-6b59-4ba3-b7fa-aa2cb0f62cda => generated 257 bytes in 28 msecs (HTTP/1.1 200) 8 headers in 296 bytes (1 switches on core 0)
2026-06-24 19:08:54.283 7 INFO placement.requestlog [None req-d5c91d1b-219a-4b6a-a0c3-7ac49699e80f 371b786358c041a589abef6ebb836842 57c853360cd846bcbce42d2750c8d0ee - - 186ac7465feb49b7adc6ad734c7c2aac 186ac7465feb49b7adc6ad734c7c2aac] 10.0.0.237 "GET /resource_providers/84ec0b28-3690-4381-be84-4536fafa4b57/aggregates" status: 404 len: 235 microversion: 1.1 [pid: 7|app: 0|req: 380/761] 10.0.0.237 () {32 vars in 816 bytes} [Wed Jun 24 19:08:54 2026] GET /resource_providers/84ec0b28-3690-4381-be84-4536fafa4b57/aggregates => generated 235 bytes in 11 msecs (HTTP/1.1 404) 5 headers in 202 bytes (1 switches on core 0)
2026-06-24 19:08:54.285 8 INFO placement.requestlog [None req-9fa05f6b-4da3-4bba-8113-c43693f2de9f 371b786358c041a589abef6ebb836842 57c853360cd846bcbce42d2750c8d0ee - - 186ac7465feb49b7adc6ad734c7c2aac 186ac7465feb49b7adc6ad734c7c2aac] 10.0.0.237 "GET /resource_providers/84ec0b28-3690-4381-be84-4536fafa4b57/aggregates" status: 404 len: 235 microversion: 1.1 [pid: 8|app: 0|req: 382/762] 10.0.0.237 () {32 vars in 816 bytes} [Wed Jun 24 19:08:54 2026] GET /resource_providers/84ec0b28-3690-4381-be84-4536fafa4b57/aggregates => generated 235 bytes in 13 msecs (HTTP/1.1 404) 5 headers in 202 bytes (1 switches on core 0)
2026-06-24 19:08:54.307 7 INFO placement.requestlog [None req-f2f3cc0d-bb89-44b5-904d-43e85dc4ef3e 371b786358c041a589abef6ebb836842 57c853360cd846bcbce42d2750c8d0ee - - 186ac7465feb49b7adc6ad734c7c2aac 186ac7465feb49b7adc6ad734c7c2aac] 10.0.0.237 "DELETE /resource_providers/84ec0b28-3690-4381-be84-4536fafa4b57" status: 404 len: 246 microversion: 1.1 [pid: 7|app: 0|req: 381/763] 10.0.0.237 () {34 vars in 816 bytes} [Wed Jun 24 19:08:54 2026] DELETE /resource_providers/84ec0b28-3690-4381-be84-4536fafa4b57 => generated 246 bytes in 9 msecs (HTTP/1.1 404) 6 headers in 231 bytes (1 switches on core 0)
2026-06-24 19:08:54.312 8 INFO placement.requestlog [None req-550f18d1-8723-4832-95c4-aac64e1d20ea 371b786358c041a589abef6ebb836842 57c853360cd846bcbce42d2750c8d0ee - - 186ac7465feb49b7adc6ad734c7c2aac 186ac7465feb49b7adc6ad734c7c2aac] 10.0.0.237 "DELETE /resource_providers/84ec0b28-3690-4381-be84-4536fafa4b57" status: 404 len: 246 microversion: 1.1 [pid: 8|app: 0|req: 383/764] 10.0.0.237 () {34 vars in 816 bytes} [Wed Jun 24 19:08:54 2026] DELETE /resource_providers/84ec0b28-3690-4381-be84-4536fafa4b57 => generated 246 bytes in 12 msecs (HTTP/1.1 404) 6 headers in 231 bytes (1 switches on core 0)
2026-06-24 19:08:56.333 8 INFO placement.requestlog [None req-4952d828-7c89-4190-b3bb-355a82faf716 371b786358c041a589abef6ebb836842 57c853360cd846bcbce42d2750c8d0ee - - 186ac7465feb49b7adc6ad734c7c2aac 186ac7465feb49b7adc6ad734c7c2aac] 10.0.0.237 "GET /resource_providers/beedde5d-0af8-4901-b1d6-50b2148a6598/aggregates" status: 404 len: 235 microversion: 1.1
2026-06-24 19:08:56.333 7 INFO placement.requestlog [None req-5e994c2c-0767-4e6b-a31a-5a0e70703464 371b786358c041a589abef6ebb836842 57c853360cd846bcbce42d2750c8d0ee - - 186ac7465feb49b7adc6ad734c7c2aac 186ac7465feb49b7adc6ad734c7c2aac] 10.0.0.237 "GET /resource_providers/beedde5d-0af8-4901-b1d6-50b2148a6598/aggregates" status: 404 len: 235 microversion: 1.1 [pid: 8|app: 0|req: 384/765] 10.0.0.237 () {32 vars in 816 bytes} [Wed Jun 24 19:08:56 2026] GET /resource_providers/beedde5d-0af8-4901-b1d6-50b2148a6598/aggregates => generated 235 bytes in 9 msecs (HTTP/1.1 404) 5 headers in 202 bytes (1 switches on core 0) [pid: 7|app: 0|req: 382/766] 10.0.0.237 () {32 vars in 816 bytes} [Wed Jun 24 19:08:56 2026] GET /resource_providers/beedde5d-0af8-4901-b1d6-50b2148a6598/aggregates => generated 235 bytes in 14 msecs (HTTP/1.1 404) 5 headers in 202 bytes (1 switches on core 0)
2026-06-24 19:08:56.366 8 INFO placement.requestlog [None req-97c00476-b992-4f0c-adeb-12f35d8d6799 371b786358c041a589abef6ebb836842 57c853360cd846bcbce42d2750c8d0ee - - 186ac7465feb49b7adc6ad734c7c2aac 186ac7465feb49b7adc6ad734c7c2aac] 10.0.0.237 "DELETE /resource_providers/beedde5d-0af8-4901-b1d6-50b2148a6598" status: 404 len: 246 microversion: 1.1 [pid: 8|app: 0|req: 385/767] 10.0.0.237 () {34 vars in 816 bytes} [Wed Jun 24 19:08:56 2026] DELETE /resource_providers/beedde5d-0af8-4901-b1d6-50b2148a6598 => generated 246 bytes in 17 msecs (HTTP/1.1 404) 6 headers in 231 bytes (1 switches on core 0)
2026-06-24 19:08:56.368 7 INFO placement.requestlog [None req-83215dd4-c201-466e-9015-2accc37c15db 371b786358c041a589abef6ebb836842 57c853360cd846bcbce42d2750c8d0ee - - 186ac7465feb49b7adc6ad734c7c2aac 186ac7465feb49b7adc6ad734c7c2aac] 10.0.0.237 "DELETE /resource_providers/beedde5d-0af8-4901-b1d6-50b2148a6598" status: 404 len: 246 microversion: 1.1 [pid: 7|app: 0|req: 383/768] 10.0.0.237 () {34 vars in 816 bytes} [Wed Jun 24 19:08:56 2026] DELETE /resource_providers/beedde5d-0af8-4901-b1d6-50b2148a6598 => generated 246 bytes in 19 msecs (HTTP/1.1 404) 6 headers in 231 bytes (1 switches on core 0)
2026-06-24 19:08:56.388 7 INFO placement.requestlog [None req-06b41533-6043-45a3-9c63-f7675ca7ac4d 371b786358c041a589abef6ebb836842 57c853360cd846bcbce42d2750c8d0ee - - 186ac7465feb49b7adc6ad734c7c2aac 186ac7465feb49b7adc6ad734c7c2aac] 10.0.0.237 "GET /resource_providers/df7db245-64d5-40ec-bb26-d9e8800df143/aggregates" status: 404 len: 235 microversion: 1.1 [pid: 7|app: 0|req: 384/769] 10.0.0.237 () {32 vars in 816 bytes} [Wed Jun 24 19:08:56 2026] GET /resource_providers/df7db245-64d5-40ec-bb26-d9e8800df143/aggregates => generated 235 bytes in 9 msecs (HTTP/1.1 404) 5 headers in 202 bytes (1 switches on core 0)
2026-06-24 19:08:56.389 7 INFO placement.requestlog [None req-8e05f4bd-678a-4df8-a9e4-2158ad5e4392 - - - - - -] 10.0.0.85 "GET /" status: 200 len: 136 microversion: 1.0
2026-06-24 19:08:56.390 7 INFO placement.requestlog [None req-1ca30427-1d44-4bb3-bf47-0d8095320b20 - - - - - -] 10.0.0.85 "GET /" status: 200 len: 136 microversion: 1.0
2026-06-24 19:08:56.394 8 INFO placement.requestlog [None req-b9e93581-2a84-41a1-b73a-29a280ccdc83 371b786358c041a589abef6ebb836842 57c853360cd846bcbce42d2750c8d0ee - - 186ac7465feb49b7adc6ad734c7c2aac 186ac7465feb49b7adc6ad734c7c2aac] 10.0.0.237 "GET /resource_providers/df7db245-64d5-40ec-bb26-d9e8800df143/aggregates" status: 404 len: 235 microversion: 1.1 [pid: 8|app: 0|req: 386/772] 10.0.0.237 () {32 vars in 816 bytes} [Wed Jun 24 19:08:56 2026] GET /resource_providers/df7db245-64d5-40ec-bb26-d9e8800df143/aggregates => generated 235 bytes in 15 msecs (HTTP/1.1 404) 5 headers in 202 bytes (1 switches on core 0)
2026-06-24 19:08:56.410 7 INFO placement.requestlog [None req-73dfffcb-b5d6-4082-bcb7-efe6d0ed09de 371b786358c041a589abef6ebb836842 57c853360cd846bcbce42d2750c8d0ee - - 186ac7465feb49b7adc6ad734c7c2aac 186ac7465feb49b7adc6ad734c7c2aac] 10.0.0.237 "DELETE /resource_providers/df7db245-64d5-40ec-bb26-d9e8800df143" status: 404 len: 246 microversion: 1.1 [pid: 7|app: 0|req: 387/773] 10.0.0.237 () {34 vars in 816 bytes} [Wed Jun 24 19:08:56 2026] DELETE /resource_providers/df7db245-64d5-40ec-bb26-d9e8800df143 => generated 246 bytes in 10 msecs (HTTP/1.1 404) 6 headers in 231 bytes (1 switches on core 0)
2026-06-24 19:08:56.416 8 INFO placement.requestlog [None req-18cbed2f-037c-46a2-ac65-1d66be138753 371b786358c041a589abef6ebb836842 57c853360cd846bcbce42d2750c8d0ee - - 186ac7465feb49b7adc6ad734c7c2aac 186ac7465feb49b7adc6ad734c7c2aac] 10.0.0.237 "DELETE /resource_providers/df7db245-64d5-40ec-bb26-d9e8800df143" status: 404 len: 246 microversion: 1.1 [pid: 8|app: 0|req: 387/774] 10.0.0.237 () {34 vars in 816 bytes} [Wed Jun 24 19:08:56 2026] DELETE /resource_providers/df7db245-64d5-40ec-bb26-d9e8800df143 => generated 246 bytes in 10 msecs (HTTP/1.1 404) 6 headers in 231 bytes (1 switches on core 0)
2026-06-24 19:09:03.982 7 INFO placement.requestlog [req-cf96c8ab-e5a1-404b-af95-89599e2c4102 req-11fb5f60-accc-43a4-93c8-b58e171bdeeb f35fb5f3e0334221b166cf965d46c2a8 57c853360cd846bcbce42d2750c8d0ee - - 186ac7465feb49b7adc6ad734c7c2aac 186ac7465feb49b7adc6ad734c7c2aac] 10.0.0.137 "GET /allocation_candidates?limit=1000&resources=DISK_GB%3A1%2CMEMORY_MB%3A512%2CVCPU%3A1&root_required=%21COMPUTE_STATUS_DISABLED" status: 200 len: 2219 microversion: 1.36 [pid: 7|app: 0|req: 388/775] 10.0.0.137 () {34 vars in 1012 bytes} [Wed Jun 24 19:09:03 2026] GET /allocation_candidates?limit=1000&resources=DISK_GB%3A1%2CMEMORY_MB%3A512%2CVCPU%3A1&root_required=%21COMPUTE_STATUS_DISABLED => generated 2219 bytes in 44 msecs (HTTP/1.1 200) 8 headers in 297 bytes (1 switches on core 0)
2026-06-24 19:09:04.013 8 INFO placement.requestlog [req-cf96c8ab-e5a1-404b-af95-89599e2c4102 req-bd39675f-24e7-44e8-8c4a-b909ba8175a1 f35fb5f3e0334221b166cf965d46c2a8 57c853360cd846bcbce42d2750c8d0ee - - 186ac7465feb49b7adc6ad734c7c2aac 186ac7465feb49b7adc6ad734c7c2aac] 10.0.0.137 "GET /allocations/5e1accd7-78a6-4c9f-890b-25143fd0a1cd" status: 200 len: 19 microversion: 1.28 [pid: 8|app: 0|req: 388/776] 10.0.0.137 () {34 vars in 861 bytes} [Wed Jun 24 19:09:03 2026] GET /allocations/5e1accd7-78a6-4c9f-890b-25143fd0a1cd => generated 19 bytes in 14 msecs (HTTP/1.1 200) 8 headers in 295 bytes (1 switches on core 0)
2026-06-24 19:09:04.135 7 INFO placement.requestlog [req-cf96c8ab-e5a1-404b-af95-89599e2c4102 req-a6395e01-2b3f-4b62-beca-ef89e9d6ced8 f35fb5f3e0334221b166cf965d46c2a8 57c853360cd846bcbce42d2750c8d0ee - - 186ac7465feb49b7adc6ad734c7c2aac 186ac7465feb49b7adc6ad734c7c2aac] 10.0.0.137 "PUT /allocations/5e1accd7-78a6-4c9f-890b-25143fd0a1cd" status: 204 len: 0 microversion: 1.36 [pid: 7|app: 0|req: 389/777] 10.0.0.137 () {38 vars in 914 bytes} [Wed Jun 24 19:09:04 2026] PUT /allocations/5e1accd7-78a6-4c9f-890b-25143fd0a1cd => generated 0 bytes in 113 msecs (HTTP/1.1 204) 5 headers in 199 bytes (1 switches on core 0)
2026-06-24 19:09:04.201 7 INFO placement.requestlog [None req-63afa0ff-e897-4f93-9841-8d0c128e9507 371b786358c041a589abef6ebb836842 57c853360cd846bcbce42d2750c8d0ee - - 186ac7465feb49b7adc6ad734c7c2aac 186ac7465feb49b7adc6ad734c7c2aac] 10.0.0.237 "GET /resource_providers/f13cd787-b8fd-47a0-b83b-7d620dd47597/aggregates" status: 404 len: 235 microversion: 1.1
2026-06-24 19:09:04.201 8 INFO placement.requestlog [None req-b9beabe4-03a1-4995-acb8-fb35c03807b1 371b786358c041a589abef6ebb836842 57c853360cd846bcbce42d2750c8d0ee - - 186ac7465feb49b7adc6ad734c7c2aac 186ac7465feb49b7adc6ad734c7c2aac] 10.0.0.237 "GET /resource_providers/f13cd787-b8fd-47a0-b83b-7d620dd47597/aggregates" status: 404 len: 235 microversion: 1.1 [pid: 7|app: 0|req: 390/778] 10.0.0.237 () {32 vars in 816 bytes} [Wed Jun 24 19:09:04 2026] GET /resource_providers/f13cd787-b8fd-47a0-b83b-7d620dd47597/aggregates => generated 235 bytes in 12 msecs (HTTP/1.1 404) 5 headers in 202 bytes (1 switches on core 0) [pid: 8|app: 0|req: 389/779] 10.0.0.237 () {32 vars in 816 bytes} [Wed Jun 24 19:09:04 2026] GET /resource_providers/f13cd787-b8fd-47a0-b83b-7d620dd47597/aggregates => generated 235 bytes in 15 msecs (HTTP/1.1 404) 5 headers in 202 bytes (1 switches on core 0)
2026-06-24 19:09:04.230 7 INFO placement.requestlog [None req-79234781-0ec7-4818-a504-bf08bcba351b 371b786358c041a589abef6ebb836842 57c853360cd846bcbce42d2750c8d0ee - - 186ac7465feb49b7adc6ad734c7c2aac 186ac7465feb49b7adc6ad734c7c2aac] 10.0.0.237 "DELETE /resource_providers/f13cd787-b8fd-47a0-b83b-7d620dd47597" status: 404 len: 246 microversion: 1.1 [pid: 7|app: 0|req: 391/780] 10.0.0.237 () {34 vars in 816 bytes} [Wed Jun 24 19:09:04 2026] DELETE /resource_providers/f13cd787-b8fd-47a0-b83b-7d620dd47597 => generated 246 bytes in 17 msecs (HTTP/1.1 404) 6 headers in 231 bytes (1 switches on core 0)
2026-06-24 19:09:04.231 8 INFO placement.requestlog [None req-83f9988c-1e13-4118-bbc3-d8352f9ec1fe 371b786358c041a589abef6ebb836842 57c853360cd846bcbce42d2750c8d0ee - - 186ac7465feb49b7adc6ad734c7c2aac 186ac7465feb49b7adc6ad734c7c2aac] 10.0.0.237 "DELETE /resource_providers/f13cd787-b8fd-47a0-b83b-7d620dd47597" status: 404 len: 246 microversion: 1.1 [pid: 8|app: 0|req: 390/781] 10.0.0.237 () {34 vars in 816 bytes} [Wed Jun 24 19:09:04 2026] DELETE /resource_providers/f13cd787-b8fd-47a0-b83b-7d620dd47597 => generated 246 bytes in 17 msecs (HTTP/1.1 404) 6 headers in 231 bytes (1 switches on core 0)
2026-06-24 19:09:04.415 7 INFO placement.requestlog [req-cf96c8ab-e5a1-404b-af95-89599e2c4102 req-e538bd60-d0a7-4cec-8d5e-14df49061043 f35fb5f3e0334221b166cf965d46c2a8 57c853360cd846bcbce42d2750c8d0ee - - 186ac7465feb49b7adc6ad734c7c2aac 186ac7465feb49b7adc6ad734c7c2aac] 199.19.213.244 "GET /allocations/5e1accd7-78a6-4c9f-890b-25143fd0a1cd" status: 200 len: 257 microversion: 1.28 [pid: 7|app: 0|req: 392/782] 199.19.213.244 () {34 vars in 863 bytes} [Wed Jun 24 19:09:04 2026] GET /allocations/5e1accd7-78a6-4c9f-890b-25143fd0a1cd => generated 257 bytes in 14 msecs (HTTP/1.1 200) 8 headers in 296 bytes (1 switches on core 0)
2026-06-24 19:09:04.524 8 INFO placement.requestlog [req-cf96c8ab-e5a1-404b-af95-89599e2c4102 req-bc2d2d48-9800-4101-8f31-509448ecc874 f35fb5f3e0334221b166cf965d46c2a8 57c853360cd846bcbce42d2750c8d0ee - - 186ac7465feb49b7adc6ad734c7c2aac 186ac7465feb49b7adc6ad734c7c2aac] 199.19.213.244 "GET /resource_providers/0d6853d7-4229-4e26-ae74-3038584927cf/allocations" status: 200 len: 252 microversion: 1.0 [pid: 8|app: 0|req: 391/783] 199.19.213.244 () {32 vars in 857 bytes} [Wed Jun 24 19:09:04 2026] GET /resource_providers/0d6853d7-4229-4e26-ae74-3038584927cf/allocations => generated 252 bytes in 22 msecs (HTTP/1.1 200) 6 headers in 224 bytes (1 switches on core 0)
2026-06-24 19:09:04.554 7 INFO placement.requestlog [req-cf96c8ab-e5a1-404b-af95-89599e2c4102 req-7368bd7b-3b31-478f-bfd9-3e4870146d6e f35fb5f3e0334221b166cf965d46c2a8 57c853360cd846bcbce42d2750c8d0ee - - 186ac7465feb49b7adc6ad734c7c2aac 186ac7465feb49b7adc6ad734c7c2aac] 199.19.213.244 "GET /allocations/5e1accd7-78a6-4c9f-890b-25143fd0a1cd" status: 200 len: 257 microversion: 1.28 [pid: 7|app: 0|req: 393/784] 199.19.213.244 () {34 vars in 863 bytes} [Wed Jun 24 19:09:04 2026] GET /allocations/5e1accd7-78a6-4c9f-890b-25143fd0a1cd => generated 257 bytes in 22 msecs (HTTP/1.1 200) 8 headers in 296 bytes (1 switches on core 0)
2026-06-24 19:09:04.584 8 INFO placement.requestlog [req-cf96c8ab-e5a1-404b-af95-89599e2c4102 req-3f5fb15a-f63d-4c37-b8cd-5280bb710fb0 f35fb5f3e0334221b166cf965d46c2a8 57c853360cd846bcbce42d2750c8d0ee - - 186ac7465feb49b7adc6ad734c7c2aac 186ac7465feb49b7adc6ad734c7c2aac] 199.19.213.244 "GET /allocations/9377d7c6-6b59-4ba3-b7fa-aa2cb0f62cda" status: 200 len: 257 microversion: 1.28 [pid: 8|app: 0|req: 392/785] 199.19.213.244 () {34 vars in 863 bytes} [Wed Jun 24 19:09:04 2026] GET /allocations/9377d7c6-6b59-4ba3-b7fa-aa2cb0f62cda => generated 257 bytes in 16 msecs (HTTP/1.1 200) 8 headers in 296 bytes (1 switches on core 0)
2026-06-24 19:09:04.977 7 INFO placement.requestlog [None req-e0923a6f-5072-414d-ac3c-931daf9792b8 371b786358c041a589abef6ebb836842 57c853360cd846bcbce42d2750c8d0ee - - 186ac7465feb49b7adc6ad734c7c2aac 186ac7465feb49b7adc6ad734c7c2aac] 10.0.0.237 "GET /resource_providers/f0a78aa5-66d7-4eef-9c65-6fc89a87ebd0/aggregates" status: 404 len: 235 microversion: 1.1 [pid: 7|app: 0|req: 394/786] 10.0.0.237 () {32 vars in 816 bytes} [Wed Jun 24 19:09:04 2026] GET /resource_providers/f0a78aa5-66d7-4eef-9c65-6fc89a87ebd0/aggregates => generated 235 bytes in 10 msecs (HTTP/1.1 404) 5 headers in 202 bytes (1 switches on core 0)
2026-06-24 19:09:04.980 8 INFO placement.requestlog [None req-f3539c19-5c68-4ea1-82bc-097c48ba1369 371b786358c041a589abef6ebb836842 57c853360cd846bcbce42d2750c8d0ee - - 186ac7465feb49b7adc6ad734c7c2aac 186ac7465feb49b7adc6ad734c7c2aac] 10.0.0.237 "GET /resource_providers/f0a78aa5-66d7-4eef-9c65-6fc89a87ebd0/aggregates" status: 404 len: 235 microversion: 1.1 [pid: 8|app: 0|req: 393/787] 10.0.0.237 () {32 vars in 816 bytes} [Wed Jun 24 19:09:04 2026] GET /resource_providers/f0a78aa5-66d7-4eef-9c65-6fc89a87ebd0/aggregates => generated 235 bytes in 13 msecs (HTTP/1.1 404) 5 headers in 202 bytes (1 switches on core 0)
2026-06-24 19:09:04.997 7 INFO placement.requestlog [None req-fdb8db09-8be1-4f0b-be8e-9ae5fc97f395 371b786358c041a589abef6ebb836842 57c853360cd846bcbce42d2750c8d0ee - - 186ac7465feb49b7adc6ad734c7c2aac 186ac7465feb49b7adc6ad734c7c2aac] 10.0.0.237 "DELETE /resource_providers/f0a78aa5-66d7-4eef-9c65-6fc89a87ebd0" status: 404 len: 246 microversion: 1.1 [pid: 7|app: 0|req: 395/788] 10.0.0.237 () {34 vars in 816 bytes} [Wed Jun 24 19:09:04 2026] DELETE /resource_providers/f0a78aa5-66d7-4eef-9c65-6fc89a87ebd0 => generated 246 bytes in 13 msecs (HTTP/1.1 404) 6 headers in 231 bytes (1 switches on core 0)
2026-06-24 19:09:05.010 8 INFO placement.requestlog [None req-d6c3e454-711b-4473-b63a-182c1ef851a1 371b786358c041a589abef6ebb836842 57c853360cd846bcbce42d2750c8d0ee - - 186ac7465feb49b7adc6ad734c7c2aac 186ac7465feb49b7adc6ad734c7c2aac] 10.0.0.237 "DELETE /resource_providers/f0a78aa5-66d7-4eef-9c65-6fc89a87ebd0" status: 404 len: 246 microversion: 1.1 [pid: 8|app: 0|req: 394/789] 10.0.0.237 () {34 vars in 816 bytes} [Wed Jun 24 19:09:04 2026] DELETE /resource_providers/f0a78aa5-66d7-4eef-9c65-6fc89a87ebd0 => generated 246 bytes in 16 msecs (HTTP/1.1 404) 6 headers in 231 bytes (1 switches on core 0)
2026-06-24 19:09:06.381 7 INFO placement.requestlog [None req-51b97757-0f4b-48ba-acf5-facc7688f508 - - - - - -] 10.0.0.85 "GET /" status: 200 len: 136 microversion: 1.0
2026-06-24 19:09:06.381 8 INFO placement.requestlog [None req-eb9976e5-a992-4172-acab-731eee43ef6f - - - - - -] 10.0.0.85 "GET /" status: 200 len: 136 microversion: 1.0
2026-06-24 19:09:11.198 7 INFO placement.requestlog [req-cbc4e68d-0656-462d-ac22-31d13ed73d6b req-0ec89f1c-ebef-489c-a7af-91462a4d34d1 f35fb5f3e0334221b166cf965d46c2a8 57c853360cd846bcbce42d2750c8d0ee - - 186ac7465feb49b7adc6ad734c7c2aac 186ac7465feb49b7adc6ad734c7c2aac] 199.19.213.244 "GET /resource_providers/0d6853d7-4229-4e26-ae74-3038584927cf/allocations" status: 200 len: 252 microversion: 1.0 [pid: 7|app: 0|req: 397/792] 199.19.213.244 () {32 vars in 857 bytes} [Wed Jun 24 19:09:11 2026] GET /resource_providers/0d6853d7-4229-4e26-ae74-3038584927cf/allocations => generated 252 bytes in 37 msecs (HTTP/1.1 200) 6 headers in 224 bytes (1 switches on core 0)
2026-06-24 19:09:11.219 8 INFO placement.requestlog [None req-0279e793-097e-494c-a4d7-3276c576692f 371b786358c041a589abef6ebb836842 57c853360cd846bcbce42d2750c8d0ee - - 186ac7465feb49b7adc6ad734c7c2aac 186ac7465feb49b7adc6ad734c7c2aac] 10.0.0.237 "GET /resource_providers/f49abaad-4bd4-404e-b548-41ea573d5f57/aggregates" status: 404 len: 235 microversion: 1.1 [pid: 8|app: 0|req: 396/793] 10.0.0.237 () {32 vars in 816 bytes} [Wed Jun 24 19:09:11 2026] GET /resource_providers/f49abaad-4bd4-404e-b548-41ea573d5f57/aggregates => generated 235 bytes in 26 msecs (HTTP/1.1 404) 5 headers in 202 bytes (1 switches on core 0)
2026-06-24 19:09:11.221 7 INFO placement.requestlog [None req-e796c11d-9abd-44b1-85bb-b96db3991dc7 371b786358c041a589abef6ebb836842 57c853360cd846bcbce42d2750c8d0ee - - 186ac7465feb49b7adc6ad734c7c2aac 186ac7465feb49b7adc6ad734c7c2aac] 10.0.0.237 "GET /resource_providers/f49abaad-4bd4-404e-b548-41ea573d5f57/aggregates" status: 404 len: 235 microversion: 1.1 [pid: 7|app: 0|req: 398/794] 10.0.0.237 () {32 vars in 816 bytes} [Wed Jun 24 19:09:11 2026] GET /resource_providers/f49abaad-4bd4-404e-b548-41ea573d5f57/aggregates => generated 235 bytes in 22 msecs (HTTP/1.1 404) 5 headers in 202 bytes (1 switches on core 0)
2026-06-24 19:09:11.237 8 INFO placement.requestlog [req-cbc4e68d-0656-462d-ac22-31d13ed73d6b req-672f2681-dd57-4a18-8840-286ada0494b8 f35fb5f3e0334221b166cf965d46c2a8 57c853360cd846bcbce42d2750c8d0ee - - 186ac7465feb49b7adc6ad734c7c2aac 186ac7465feb49b7adc6ad734c7c2aac] 199.19.213.244 "GET /resource_providers/0d6853d7-4229-4e26-ae74-3038584927cf/allocations" status: 200 len: 252 microversion: 1.0 [pid: 8|app: 0|req: 397/795] 199.19.213.244 () {32 vars in 857 bytes} [Wed Jun 24 19:09:11 2026] GET /resource_providers/0d6853d7-4229-4e26-ae74-3038584927cf/allocations => generated 252 bytes in 17 msecs (HTTP/1.1 200) 6 headers in 224 bytes (1 switches on core 0)
2026-06-24 19:09:11.245 7 INFO placement.requestlog [None req-2e27abe5-9448-43d9-8a7e-2375831e12c5 371b786358c041a589abef6ebb836842 57c853360cd846bcbce42d2750c8d0ee - - 186ac7465feb49b7adc6ad734c7c2aac 186ac7465feb49b7adc6ad734c7c2aac] 10.0.0.237 "DELETE /resource_providers/f49abaad-4bd4-404e-b548-41ea573d5f57" status: 404 len: 246 microversion: 1.1 [pid: 7|app: 0|req: 399/796] 10.0.0.237 () {34 vars in 816 bytes} [Wed Jun 24 19:09:11 2026] DELETE /resource_providers/f49abaad-4bd4-404e-b548-41ea573d5f57 => generated 246 bytes in 9 msecs (HTTP/1.1 404) 6 headers in 231 bytes (1 switches on core 0)
2026-06-24 19:09:11.247 8 INFO placement.requestlog [None req-da124ac9-d149-432a-8135-f7ed2f227ba9 371b786358c041a589abef6ebb836842 57c853360cd846bcbce42d2750c8d0ee - - 186ac7465feb49b7adc6ad734c7c2aac 186ac7465feb49b7adc6ad734c7c2aac] 10.0.0.237 "DELETE /resource_providers/f49abaad-4bd4-404e-b548-41ea573d5f57" status: 404 len: 246 microversion: 1.1 [pid: 8|app: 0|req: 398/797] 10.0.0.237 () {34 vars in 816 bytes} [Wed Jun 24 19:09:11 2026] DELETE /resource_providers/f49abaad-4bd4-404e-b548-41ea573d5f57 => generated 246 bytes in 9 msecs (HTTP/1.1 404) 6 headers in 231 bytes (1 switches on core 0)
2026-06-24 19:09:11.264 7 INFO placement.requestlog [req-cbc4e68d-0656-462d-ac22-31d13ed73d6b req-98fee7af-78ed-4f97-8d1a-32ef7dd88033 f35fb5f3e0334221b166cf965d46c2a8 57c853360cd846bcbce42d2750c8d0ee - - 186ac7465feb49b7adc6ad734c7c2aac 186ac7465feb49b7adc6ad734c7c2aac] 199.19.213.244 "GET /allocations/5e1accd7-78a6-4c9f-890b-25143fd0a1cd" status: 200 len: 257 microversion: 1.28 [pid: 7|app: 0|req: 400/798] 199.19.213.244 () {34 vars in 863 bytes} [Wed Jun 24 19:09:11 2026] GET /allocations/5e1accd7-78a6-4c9f-890b-25143fd0a1cd => generated 257 bytes in 18 msecs (HTTP/1.1 200) 8 headers in 296 bytes (1 switches on core 0)
2026-06-24 19:09:11.291 8 INFO placement.requestlog [req-cbc4e68d-0656-462d-ac22-31d13ed73d6b req-cfd49cfc-8f15-44d9-9f23-1061eee0ff95 f35fb5f3e0334221b166cf965d46c2a8 57c853360cd846bcbce42d2750c8d0ee - - 186ac7465feb49b7adc6ad734c7c2aac 186ac7465feb49b7adc6ad734c7c2aac] 199.19.213.244 "GET /allocations/9377d7c6-6b59-4ba3-b7fa-aa2cb0f62cda" status: 200 len: 257 microversion: 1.28 [pid: 8|app: 0|req: 399/799] 199.19.213.244 () {34 vars in 863 bytes} [Wed Jun 24 19:09:11 2026] GET /allocations/9377d7c6-6b59-4ba3-b7fa-aa2cb0f62cda => generated 257 bytes in 17 msecs (HTTP/1.1 200) 8 headers in 296 bytes (1 switches on core 0)
2026-06-24 19:09:13.298 8 INFO placement.requestlog [None req-91ab75ee-8a12-4ffe-9506-ee8333578e8b 371b786358c041a589abef6ebb836842 57c853360cd846bcbce42d2750c8d0ee - - 186ac7465feb49b7adc6ad734c7c2aac 186ac7465feb49b7adc6ad734c7c2aac] 10.0.0.237 "GET /resource_providers/b4e678da-f030-44a1-b1b2-071f24d0916c/aggregates" status: 404 len: 235 microversion: 1.1 [pid: 8|app: 0|req: 400/800] 10.0.0.237 () {32 vars in 816 bytes} [Wed Jun 24 19:09:13 2026] GET /resource_providers/b4e678da-f030-44a1-b1b2-071f24d0916c/aggregates => generated 235 bytes in 11 msecs (HTTP/1.1 404) 5 headers in 202 bytes (1 switches on core 0)
2026-06-24 19:09:13.300 7 INFO placement.requestlog [None req-6c851950-60d7-4fb5-b9d5-14e40746fbe7 371b786358c041a589abef6ebb836842 57c853360cd846bcbce42d2750c8d0ee - - 186ac7465feb49b7adc6ad734c7c2aac 186ac7465feb49b7adc6ad734c7c2aac] 10.0.0.237 "GET /resource_providers/b4e678da-f030-44a1-b1b2-071f24d0916c/aggregates" status: 404 len: 235 microversion: 1.1 [pid: 7|app: 0|req: 401/801] 10.0.0.237 () {32 vars in 816 bytes} [Wed Jun 24 19:09:13 2026] GET /resource_providers/b4e678da-f030-44a1-b1b2-071f24d0916c/aggregates => generated 235 bytes in 15 msecs (HTTP/1.1 404) 5 headers in 202 bytes (1 switches on core 0)
2026-06-24 19:09:13.316 8 INFO placement.requestlog [None req-2ee875b9-eb3f-4f46-b0fb-1508015398ef 371b786358c041a589abef6ebb836842 57c853360cd846bcbce42d2750c8d0ee - - 186ac7465feb49b7adc6ad734c7c2aac 186ac7465feb49b7adc6ad734c7c2aac] 10.0.0.237 "DELETE /resource_providers/b4e678da-f030-44a1-b1b2-071f24d0916c" status: 404 len: 246 microversion: 1.1 [pid: 8|app: 0|req: 401/802] 10.0.0.237 () {34 vars in 816 bytes} [Wed Jun 24 19:09:13 2026] DELETE /resource_providers/b4e678da-f030-44a1-b1b2-071f24d0916c => generated 246 bytes in 10 msecs (HTTP/1.1 404) 6 headers in 231 bytes (1 switches on core 0)
2026-06-24 19:09:13.327 7 INFO placement.requestlog [None req-89c230ee-c8c5-409b-96d1-861b1951fe8d 371b786358c041a589abef6ebb836842 57c853360cd846bcbce42d2750c8d0ee - - 186ac7465feb49b7adc6ad734c7c2aac 186ac7465feb49b7adc6ad734c7c2aac] 10.0.0.237 "DELETE /resource_providers/b4e678da-f030-44a1-b1b2-071f24d0916c" status: 404 len: 246 microversion: 1.1 [pid: 7|app: 0|req: 402/803] 10.0.0.237 () {34 vars in 816 bytes} [Wed Jun 24 19:09:13 2026] DELETE /resource_providers/b4e678da-f030-44a1-b1b2-071f24d0916c => generated 246 bytes in 16 msecs (HTTP/1.1 404) 6 headers in 231 bytes (1 switches on core 0)
2026-06-24 19:09:13.371 8 INFO placement.requestlog [req-a6f2c942-a6f5-4f58-b63d-4b90e915835d req-681bf1ef-aa7a-4ae9-ad30-af114ec260c9 f35fb5f3e0334221b166cf965d46c2a8 57c853360cd846bcbce42d2750c8d0ee - - 186ac7465feb49b7adc6ad734c7c2aac 186ac7465feb49b7adc6ad734c7c2aac] 199.19.213.244 "GET /resource_providers/0d6853d7-4229-4e26-ae74-3038584927cf/allocations" status: 200 len: 252 microversion: 1.0 [pid: 8|app: 0|req: 402/804] 199.19.213.244 () {32 vars in 857 bytes} [Wed Jun 24 19:09:13 2026] GET /resource_providers/0d6853d7-4229-4e26-ae74-3038584927cf/allocations => generated 252 bytes in 23 msecs (HTTP/1.1 200) 6 headers in 224 bytes (1 switches on core 0)
2026-06-24 19:09:13.395 7 INFO placement.requestlog [req-a6f2c942-a6f5-4f58-b63d-4b90e915835d req-c14675dc-1c7b-4c7c-a619-b5e3cc8b7a72 f35fb5f3e0334221b166cf965d46c2a8 57c853360cd846bcbce42d2750c8d0ee - - 186ac7465feb49b7adc6ad734c7c2aac 186ac7465feb49b7adc6ad734c7c2aac] 199.19.213.244 "GET /allocations/5e1accd7-78a6-4c9f-890b-25143fd0a1cd" status: 200 len: 257 microversion: 1.28 [pid: 7|app: 0|req: 403/805] 199.19.213.244 () {34 vars in 863 bytes} [Wed Jun 24 19:09:13 2026] GET /allocations/5e1accd7-78a6-4c9f-890b-25143fd0a1cd => generated 257 bytes in 16 msecs (HTTP/1.1 200) 8 headers in 296 bytes (1 switches on core 0)
2026-06-24 19:09:13.427 8 INFO placement.requestlog [req-a6f2c942-a6f5-4f58-b63d-4b90e915835d req-ff2380c1-cf67-4e05-b286-bcf673341384 f35fb5f3e0334221b166cf965d46c2a8 57c853360cd846bcbce42d2750c8d0ee - - 186ac7465feb49b7adc6ad734c7c2aac 186ac7465feb49b7adc6ad734c7c2aac] 199.19.213.244 "GET /allocations/9377d7c6-6b59-4ba3-b7fa-aa2cb0f62cda" status: 200 len: 257 microversion: 1.28 [pid: 8|app: 0|req: 403/806] 199.19.213.244 () {34 vars in 863 bytes} [Wed Jun 24 19:09:13 2026] GET /allocations/9377d7c6-6b59-4ba3-b7fa-aa2cb0f62cda => generated 257 bytes in 24 msecs (HTTP/1.1 200) 8 headers in 296 bytes (1 switches on core 0)
2026-06-24 19:09:13.517 7 INFO placement.requestlog [req-a6f2c942-a6f5-4f58-b63d-4b90e915835d req-de029941-516f-442b-b425-7e32b980611b f35fb5f3e0334221b166cf965d46c2a8 57c853360cd846bcbce42d2750c8d0ee - - 186ac7465feb49b7adc6ad734c7c2aac 186ac7465feb49b7adc6ad734c7c2aac] 199.19.213.244 "DELETE /allocations/5e1accd7-78a6-4c9f-890b-25143fd0a1cd" status: 204 len: 0 microversion: 1.0 [pid: 7|app: 0|req: 404/807] 199.19.213.244 () {34 vars in 841 bytes} [Wed Jun 24 19:09:13 2026] DELETE /allocations/5e1accd7-78a6-4c9f-890b-25143fd0a1cd => generated 0 bytes in 34 msecs (HTTP/1.1 204) 5 headers in 198 bytes (1 switches on core 0)
2026-06-24 19:09:16.380 8 INFO placement.requestlog [None req-22d41858-1c9e-4f18-bcca-96b5f0669051 - - - - - -] 10.0.0.85 "GET /" status: 200 len: 136 microversion: 1.0
2026-06-24 19:09:16.381 7 INFO placement.requestlog [None req-d35fc837-5f1d-4889-928f-9032982aa268 - - - - - -] 10.0.0.85 "GET /" status: 200 len: 136 microversion: 1.0
2026-06-24 19:09:17.419 8 INFO placement.requestlog [None req-46e03ac7-abe3-4f4a-942b-c957ff29bb95 371b786358c041a589abef6ebb836842 57c853360cd846bcbce42d2750c8d0ee - - 186ac7465feb49b7adc6ad734c7c2aac 186ac7465feb49b7adc6ad734c7c2aac] 10.0.0.237 "GET /resource_providers/817d4e21-b2a9-4454-a617-03d3a4aa4398/aggregates" status: 404 len: 235 microversion: 1.1 [pid: 8|app: 0|req: 405/810] 10.0.0.237 () {32 vars in 816 bytes} [Wed Jun 24 19:09:17 2026] GET /resource_providers/817d4e21-b2a9-4454-a617-03d3a4aa4398/aggregates => generated 235 bytes in 12 msecs (HTTP/1.1 404) 5 headers in 202 bytes (1 switches on core 0)
2026-06-24 19:09:17.421 7 INFO placement.requestlog [None req-5b984ffc-55e8-4ddc-bec6-ed2b3f7cb82f 371b786358c041a589abef6ebb836842 57c853360cd846bcbce42d2750c8d0ee - - 186ac7465feb49b7adc6ad734c7c2aac 186ac7465feb49b7adc6ad734c7c2aac] 10.0.0.237 "GET /resource_providers/817d4e21-b2a9-4454-a617-03d3a4aa4398/aggregates" status: 404 len: 235 microversion: 1.1 [pid: 7|app: 0|req: 406/811] 10.0.0.237 () {32 vars in 816 bytes} [Wed Jun 24 19:09:17 2026] GET /resource_providers/817d4e21-b2a9-4454-a617-03d3a4aa4398/aggregates => generated 235 bytes in 12 msecs (HTTP/1.1 404) 5 headers in 202 bytes (1 switches on core 0)
2026-06-24 19:09:17.442 8 INFO placement.requestlog [None req-12e78e90-0a08-4416-a4bb-009c36684d2d 371b786358c041a589abef6ebb836842 57c853360cd846bcbce42d2750c8d0ee - - 186ac7465feb49b7adc6ad734c7c2aac 186ac7465feb49b7adc6ad734c7c2aac] 10.0.0.237 "DELETE /resource_providers/817d4e21-b2a9-4454-a617-03d3a4aa4398" status: 404 len: 246 microversion: 1.1 [pid: 8|app: 0|req: 406/812] 10.0.0.237 () {34 vars in 816 bytes} [Wed Jun 24 19:09:17 2026] DELETE /resource_providers/817d4e21-b2a9-4454-a617-03d3a4aa4398 => generated 246 bytes in 13 msecs (HTTP/1.1 404) 6 headers in 231 bytes (1 switches on core 0)
2026-06-24 19:09:17.457 7 INFO placement.requestlog [None req-16b243ce-0e5a-4efc-89ff-45635b85b2f0 371b786358c041a589abef6ebb836842 57c853360cd846bcbce42d2750c8d0ee - - 186ac7465feb49b7adc6ad734c7c2aac 186ac7465feb49b7adc6ad734c7c2aac] 10.0.0.237 "DELETE /resource_providers/817d4e21-b2a9-4454-a617-03d3a4aa4398" status: 404 len: 246 microversion: 1.1 [pid: 7|app: 0|req: 407/813] 10.0.0.237 () {34 vars in 816 bytes} [Wed Jun 24 19:09:17 2026] DELETE /resource_providers/817d4e21-b2a9-4454-a617-03d3a4aa4398 => generated 246 bytes in 28 msecs (HTTP/1.1 404) 6 headers in 231 bytes (1 switches on core 0)
2026-06-24 19:09:17.719 7 INFO placement.requestlog [None req-cdc35111-7f1a-4bbc-8386-ec9ca2d2243e 371b786358c041a589abef6ebb836842 57c853360cd846bcbce42d2750c8d0ee - - 186ac7465feb49b7adc6ad734c7c2aac 186ac7465feb49b7adc6ad734c7c2aac] 10.0.0.237 "GET /resource_providers/c4a68671-9f07-4470-9647-d94ad81b35ac/aggregates" status: 404 len: 235 microversion: 1.1 [pid: 7|app: 0|req: 408/814] 10.0.0.237 () {32 vars in 816 bytes} [Wed Jun 24 19:09:17 2026] GET /resource_providers/c4a68671-9f07-4470-9647-d94ad81b35ac/aggregates => generated 235 bytes in 12 msecs (HTTP/1.1 404) 5 headers in 202 bytes (1 switches on core 0)
2026-06-24 19:09:17.720 8 INFO placement.requestlog [None req-71dad48f-c8dd-4a0e-a6b3-07cb0538fe38 371b786358c041a589abef6ebb836842 57c853360cd846bcbce42d2750c8d0ee - - 186ac7465feb49b7adc6ad734c7c2aac 186ac7465feb49b7adc6ad734c7c2aac] 10.0.0.237 "GET /resource_providers/c4a68671-9f07-4470-9647-d94ad81b35ac/aggregates" status: 404 len: 235 microversion: 1.1 [pid: 8|app: 0|req: 407/815] 10.0.0.237 () {32 vars in 816 bytes} [Wed Jun 24 19:09:17 2026] GET /resource_providers/c4a68671-9f07-4470-9647-d94ad81b35ac/aggregates => generated 235 bytes in 13 msecs (HTTP/1.1 404) 5 headers in 202 bytes (1 switches on core 0)
2026-06-24 19:09:17.742 8 INFO placement.requestlog [None req-0f4d1d8c-9071-49b0-8640-59c415214982 371b786358c041a589abef6ebb836842 57c853360cd846bcbce42d2750c8d0ee - - 186ac7465feb49b7adc6ad734c7c2aac 186ac7465feb49b7adc6ad734c7c2aac] 10.0.0.237 "DELETE /resource_providers/c4a68671-9f07-4470-9647-d94ad81b35ac" status: 404 len: 246 microversion: 1.1 [pid: 8|app: 0|req: 408/816] 10.0.0.237 () {34 vars in 816 bytes} [Wed Jun 24 19:09:17 2026] DELETE /resource_providers/c4a68671-9f07-4470-9647-d94ad81b35ac => generated 246 bytes in 12 msecs (HTTP/1.1 404) 6 headers in 231 bytes (1 switches on core 0)
2026-06-24 19:09:17.747 7 INFO placement.requestlog [None req-bf74736c-563f-496c-81f2-5c5cb40aacd0 371b786358c041a589abef6ebb836842 57c853360cd846bcbce42d2750c8d0ee - - 186ac7465feb49b7adc6ad734c7c2aac 186ac7465feb49b7adc6ad734c7c2aac] 10.0.0.237 "DELETE /resource_providers/c4a68671-9f07-4470-9647-d94ad81b35ac" status: 404 len: 246 microversion: 1.1 [pid: 7|app: 0|req: 409/817] 10.0.0.237 () {34 vars in 816 bytes} [Wed Jun 24 19:09:17 2026] DELETE /resource_providers/c4a68671-9f07-4470-9647-d94ad81b35ac => generated 246 bytes in 17 msecs (HTTP/1.1 404) 6 headers in 231 bytes (1 switches on core 0)
2026-06-24 19:09:19.480 8 INFO placement.requestlog [None req-ba9417c4-7e3a-4827-8205-e3bd01f6a0c3 371b786358c041a589abef6ebb836842 57c853360cd846bcbce42d2750c8d0ee - - 186ac7465feb49b7adc6ad734c7c2aac 186ac7465feb49b7adc6ad734c7c2aac] 10.0.0.237 "GET /resource_providers/1fbc3af7-aca2-4263-be54-dc7974b3fba1/aggregates" status: 404 len: 235 microversion: 1.1 [pid: 8|app: 0|req: 409/818] 10.0.0.237 () {32 vars in 816 bytes} [Wed Jun 24 19:09:19 2026] GET /resource_providers/1fbc3af7-aca2-4263-be54-dc7974b3fba1/aggregates => generated 235 bytes in 9 msecs (HTTP/1.1 404) 5 headers in 202 bytes (1 switches on core 0)
2026-06-24 19:09:19.490 7 INFO placement.requestlog [None req-0ffaefe6-5ba0-49c7-adc6-507c43d1334a 371b786358c041a589abef6ebb836842 57c853360cd846bcbce42d2750c8d0ee - - 186ac7465feb49b7adc6ad734c7c2aac 186ac7465feb49b7adc6ad734c7c2aac] 10.0.0.237 "GET /resource_providers/1fbc3af7-aca2-4263-be54-dc7974b3fba1/aggregates" status: 404 len: 235 microversion: 1.1 [pid: 7|app: 0|req: 410/819] 10.0.0.237 () {32 vars in 816 bytes} [Wed Jun 24 19:09:19 2026] GET /resource_providers/1fbc3af7-aca2-4263-be54-dc7974b3fba1/aggregates => generated 235 bytes in 16 msecs (HTTP/1.1 404) 5 headers in 202 bytes (1 switches on core 0)
2026-06-24 19:09:19.495 8 INFO placement.requestlog [None req-cb216b41-72d4-423f-958c-99ea17447290 371b786358c041a589abef6ebb836842 57c853360cd846bcbce42d2750c8d0ee - - 186ac7465feb49b7adc6ad734c7c2aac 186ac7465feb49b7adc6ad734c7c2aac] 10.0.0.237 "DELETE /resource_providers/1fbc3af7-aca2-4263-be54-dc7974b3fba1" status: 404 len: 246 microversion: 1.1 [pid: 8|app: 0|req: 410/820] 10.0.0.237 () {34 vars in 816 bytes} [Wed Jun 24 19:09:19 2026] DELETE /resource_providers/1fbc3af7-aca2-4263-be54-dc7974b3fba1 => generated 246 bytes in 9 msecs (HTTP/1.1 404) 6 headers in 231 bytes (1 switches on core 0)
2026-06-24 19:09:19.508 7 INFO placement.requestlog [None req-2bffbaa4-be41-4ca2-b723-da3103b79ff5 371b786358c041a589abef6ebb836842 57c853360cd846bcbce42d2750c8d0ee - - 186ac7465feb49b7adc6ad734c7c2aac 186ac7465feb49b7adc6ad734c7c2aac] 10.0.0.237 "DELETE /resource_providers/1fbc3af7-aca2-4263-be54-dc7974b3fba1" status: 404 len: 246 microversion: 1.1 [pid: 7|app: 0|req: 411/821] 10.0.0.237 () {34 vars in 816 bytes} [Wed Jun 24 19:09:19 2026] DELETE /resource_providers/1fbc3af7-aca2-4263-be54-dc7974b3fba1 => generated 246 bytes in 12 msecs (HTTP/1.1 404) 6 headers in 231 bytes (1 switches on core 0)
2026-06-24 19:09:26.381 8 INFO placement.requestlog [None req-7f778cd9-aee7-4023-8bf4-2defb0cb50b7 - - - - - -] 10.0.0.85 "GET /" status: 200 len: 136 microversion: 1.0
2026-06-24 19:09:26.381 7 INFO placement.requestlog [None req-a0de8e27-a1ac-4b12-91bb-78a3ebed5d03 - - - - - -] 10.0.0.85 "GET /" status: 200 len: 136 microversion: 1.0
2026-06-24 19:09:32.200 8 INFO placement.requestlog [None req-62df5aff-ac2c-43bf-a221-a4ef0f9969bf 371b786358c041a589abef6ebb836842 57c853360cd846bcbce42d2750c8d0ee - - 186ac7465feb49b7adc6ad734c7c2aac 186ac7465feb49b7adc6ad734c7c2aac] 10.0.0.237 "GET /resource_providers/08653c55-c448-428f-ad9e-8027c22eeea7/aggregates" status: 404 len: 235 microversion: 1.1 [pid: 8|app: 0|req: 412/824] 10.0.0.237 () {32 vars in 816 bytes} [Wed Jun 24 19:09:32 2026] GET /resource_providers/08653c55-c448-428f-ad9e-8027c22eeea7/aggregates => generated 235 bytes in 14 msecs (HTTP/1.1 404) 5 headers in 202 bytes (1 switches on core 0)
2026-06-24 19:09:32.202 7 INFO placement.requestlog [None req-56af08f4-3ba3-4658-ba20-6ed8a3e9305b 371b786358c041a589abef6ebb836842 57c853360cd846bcbce42d2750c8d0ee - - 186ac7465feb49b7adc6ad734c7c2aac 186ac7465feb49b7adc6ad734c7c2aac] 10.0.0.237 "GET /resource_providers/08653c55-c448-428f-ad9e-8027c22eeea7/aggregates" status: 404 len: 235 microversion: 1.1 [pid: 7|app: 0|req: 413/825] 10.0.0.237 () {32 vars in 816 bytes} [Wed Jun 24 19:09:32 2026] GET /resource_providers/08653c55-c448-428f-ad9e-8027c22eeea7/aggregates => generated 235 bytes in 13 msecs (HTTP/1.1 404) 5 headers in 202 bytes (1 switches on core 0)
2026-06-24 19:09:32.221 8 INFO placement.requestlog [None req-977f640a-e2d5-4502-b046-1a82e6dc4a92 371b786358c041a589abef6ebb836842 57c853360cd846bcbce42d2750c8d0ee - - 186ac7465feb49b7adc6ad734c7c2aac 186ac7465feb49b7adc6ad734c7c2aac] 10.0.0.237 "DELETE /resource_providers/08653c55-c448-428f-ad9e-8027c22eeea7" status: 404 len: 246 microversion: 1.1 [pid: 8|app: 0|req: 413/826] 10.0.0.237 () {34 vars in 816 bytes} [Wed Jun 24 19:09:32 2026] DELETE /resource_providers/08653c55-c448-428f-ad9e-8027c22eeea7 => generated 246 bytes in 9 msecs (HTTP/1.1 404) 6 headers in 231 bytes (1 switches on core 0)
2026-06-24 19:09:32.224 7 INFO placement.requestlog [None req-2e4099e2-9502-4dd9-97ee-69d77fdd66cb 371b786358c041a589abef6ebb836842 57c853360cd846bcbce42d2750c8d0ee - - 186ac7465feb49b7adc6ad734c7c2aac 186ac7465feb49b7adc6ad734c7c2aac] 10.0.0.237 "DELETE /resource_providers/08653c55-c448-428f-ad9e-8027c22eeea7" status: 404 len: 246 microversion: 1.1 [pid: 7|app: 0|req: 414/827] 10.0.0.237 () {34 vars in 816 bytes} [Wed Jun 24 19:09:32 2026] DELETE /resource_providers/08653c55-c448-428f-ad9e-8027c22eeea7 => generated 246 bytes in 10 msecs (HTTP/1.1 404) 6 headers in 231 bytes (1 switches on core 0)
2026-06-24 19:09:34.255 8 INFO placement.requestlog [None req-e68a3d2b-7824-48b7-bed6-5f311bf6cb11 371b786358c041a589abef6ebb836842 57c853360cd846bcbce42d2750c8d0ee - - 186ac7465feb49b7adc6ad734c7c2aac 186ac7465feb49b7adc6ad734c7c2aac] 10.0.0.237 "GET /resource_providers/2e188394-48a2-49d0-8267-0a6013f78d63/aggregates" status: 404 len: 235 microversion: 1.1 [pid: 8|app: 0|req: 414/828] 10.0.0.237 () {32 vars in 816 bytes} [Wed Jun 24 19:09:34 2026] GET /resource_providers/2e188394-48a2-49d0-8267-0a6013f78d63/aggregates => generated 235 bytes in 14 msecs (HTTP/1.1 404) 5 headers in 202 bytes (1 switches on core 0)
2026-06-24 19:09:34.260 7 INFO placement.requestlog [None req-32afb1c5-e9f7-42b0-8060-6c312df77897 371b786358c041a589abef6ebb836842 57c853360cd846bcbce42d2750c8d0ee - - 186ac7465feb49b7adc6ad734c7c2aac 186ac7465feb49b7adc6ad734c7c2aac] 10.0.0.237 "GET /resource_providers/2e188394-48a2-49d0-8267-0a6013f78d63/aggregates" status: 404 len: 235 microversion: 1.1 [pid: 7|app: 0|req: 415/829] 10.0.0.237 () {32 vars in 816 bytes} [Wed Jun 24 19:09:34 2026] GET /resource_providers/2e188394-48a2-49d0-8267-0a6013f78d63/aggregates => generated 235 bytes in 16 msecs (HTTP/1.1 404) 5 headers in 202 bytes (1 switches on core 0)
2026-06-24 19:09:34.281 8 INFO placement.requestlog [None req-49c5afdf-5156-43b6-ab5c-7de6ca592269 371b786358c041a589abef6ebb836842 57c853360cd846bcbce42d2750c8d0ee - - 186ac7465feb49b7adc6ad734c7c2aac 186ac7465feb49b7adc6ad734c7c2aac] 10.0.0.237 "DELETE /resource_providers/2e188394-48a2-49d0-8267-0a6013f78d63" status: 404 len: 246 microversion: 1.1 [pid: 8|app: 0|req: 415/830] 10.0.0.237 () {34 vars in 816 bytes} [Wed Jun 24 19:09:34 2026] DELETE /resource_providers/2e188394-48a2-49d0-8267-0a6013f78d63 => generated 246 bytes in 9 msecs (HTTP/1.1 404) 6 headers in 231 bytes (1 switches on core 0)
2026-06-24 19:09:34.286 7 INFO placement.requestlog [None req-88f02e09-e0aa-4a1a-9582-9a392c62357c 371b786358c041a589abef6ebb836842 57c853360cd846bcbce42d2750c8d0ee - - 186ac7465feb49b7adc6ad734c7c2aac 186ac7465feb49b7adc6ad734c7c2aac] 10.0.0.237 "DELETE /resource_providers/2e188394-48a2-49d0-8267-0a6013f78d63" status: 404 len: 246 microversion: 1.1 [pid: 7|app: 0|req: 416/831] 10.0.0.237 () {34 vars in 816 bytes} [Wed Jun 24 19:09:34 2026] DELETE /resource_providers/2e188394-48a2-49d0-8267-0a6013f78d63 => generated 246 bytes in 15 msecs (HTTP/1.1 404) 6 headers in 231 bytes (1 switches on core 0)
2026-06-24 19:09:36.380 7 INFO placement.requestlog [None req-fe481e59-0bdd-4c05-8f18-3bc343e70f94 - - - - - -] 10.0.0.85 "GET /" status: 200 len: 136 microversion: 1.0
2026-06-24 19:09:36.380 8 INFO placement.requestlog [None req-e9f2a84f-a763-4cd6-ab27-0dfe4641dc5a - - - - - -] 10.0.0.85 "GET /" status: 200 len: 136 microversion: 1.0
2026-06-24 19:09:37.026 8 INFO placement.requestlog [None req-953f0710-90d4-46ff-92e2-d56653cb4f46 371b786358c041a589abef6ebb836842 57c853360cd846bcbce42d2750c8d0ee - - 186ac7465feb49b7adc6ad734c7c2aac 186ac7465feb49b7adc6ad734c7c2aac] 10.0.0.237 "GET /resource_providers/f9080f30-80ad-40da-84d5-77b277cd6202/aggregates" status: 404 len: 235 microversion: 1.1 [pid: 8|app: 0|req: 417/834] 10.0.0.237 () {32 vars in 816 bytes} [Wed Jun 24 19:09:37 2026] GET /resource_providers/f9080f30-80ad-40da-84d5-77b277cd6202/aggregates => generated 235 bytes in 11 msecs (HTTP/1.1 404) 5 headers in 202 bytes (1 switches on core 0)
2026-06-24 19:09:37.028 7 INFO placement.requestlog [None req-4ce19445-4791-4b91-acef-9713db224bac 371b786358c041a589abef6ebb836842 57c853360cd846bcbce42d2750c8d0ee - - 186ac7465feb49b7adc6ad734c7c2aac 186ac7465feb49b7adc6ad734c7c2aac] 10.0.0.237 "GET /resource_providers/f9080f30-80ad-40da-84d5-77b277cd6202/aggregates" status: 404 len: 235 microversion: 1.1 [pid: 7|app: 0|req: 418/835] 10.0.0.237 () {32 vars in 816 bytes} [Wed Jun 24 19:09:37 2026] GET /resource_providers/f9080f30-80ad-40da-84d5-77b277cd6202/aggregates => generated 235 bytes in 14 msecs (HTTP/1.1 404) 5 headers in 202 bytes (1 switches on core 0)
2026-06-24 19:09:37.051 8 INFO placement.requestlog [None req-4cabf7f0-92e9-4091-a36e-5d2071ae25ff 371b786358c041a589abef6ebb836842 57c853360cd846bcbce42d2750c8d0ee - - 186ac7465feb49b7adc6ad734c7c2aac 186ac7465feb49b7adc6ad734c7c2aac] 10.0.0.237 "DELETE /resource_providers/f9080f30-80ad-40da-84d5-77b277cd6202" status: 404 len: 246 microversion: 1.1 [pid: 8|app: 0|req: 418/836] 10.0.0.237 () {34 vars in 816 bytes} [Wed Jun 24 19:09:37 2026] DELETE /resource_providers/f9080f30-80ad-40da-84d5-77b277cd6202 => generated 246 bytes in 11 msecs (HTTP/1.1 404) 6 headers in 231 bytes (1 switches on core 0)
