Mar 31 00:51:37.327829 np0000161776 nova-conductor[109568]: DEBUG cotyledon.oslo_config_glue [-] vnc.novncproxy_host = 0.0.0.0 {{(pid=109568) log_opt_values /opt/stack/data/venv/lib/python3.12/site-packages/oslo_config/cfg.py:3006}}
Mar 31 00:51:37.327829 np0000161776 nova-conductor[109568]: DEBUG cotyledon.oslo_config_glue [-] vnc.novncproxy_port = 6080 {{(pid=109568) log_opt_values /opt/stack/data/venv/lib/python3.12/site-packages/oslo_config/cfg.py:3006}}
Mar 31 00:51:37.327829 np0000161776 nova-conductor[109568]: DEBUG cotyledon.oslo_config_glue [-] vnc.server_listen = 127.0.0.1 {{(pid=109568) log_opt_values /opt/stack/data/venv/lib/python3.12/site-packages/oslo_config/cfg.py:3006}}
Mar 31 00:51:37.328041 np0000161776 nova-conductor[109568]: DEBUG cotyledon.oslo_config_glue [-] vnc.server_proxyclient_address = 127.0.0.1 {{(pid=109568) log_opt_values /opt/stack/data/venv/lib/python3.12/site-packages/oslo_config/cfg.py:3006}}
Mar 31 00:51:37.328041 np0000161776 nova-conductor[109568]: DEBUG cotyledon.oslo_config_glue [-] vnc.vencrypt_ca_certs = None {{(pid=109568) log_opt_values /opt/stack/data/venv/lib/python3.12/site-packages/oslo_config/cfg.py:3006}}
Mar 31 00:51:37.328041 np0000161776 nova-conductor[109568]: DEBUG cotyledon.oslo_config_glue [-] vnc.vencrypt_client_cert = None {{(pid=109568) log_opt_values /opt/stack/data/venv/lib/python3.12/site-packages/oslo_config/cfg.py:3006}}
Mar 31 00:51:37.328041 np0000161776 nova-conductor[109568]: DEBUG cotyledon.oslo_config_glue [-] vnc.vencrypt_client_key = None {{(pid=109568) log_opt_values /opt/stack/data/venv/lib/python3.12/site-packages/oslo_config/cfg.py:3006}}
Mar 31 00:51:37.328041 np0000161776 nova-conductor[109568]: DEBUG cotyledon.oslo_config_glue [-] workarounds.disable_compute_service_check_for_ffu = False {{(pid=109568) log_opt_values /opt/stack/data/venv/lib/python3.12/site-packages/oslo_config/cfg.py:3006}}
Mar 31 00:51:37.328041 np0000161776 nova-conductor[109568]: DEBUG cotyledon.oslo_config_glue [-] workarounds.disable_deep_image_inspection = False {{(pid=109568) log_opt_values /opt/stack/data/venv/lib/python3.12/site-packages/oslo_config/cfg.py:3006}}
Mar 31 00:51:37.328041 np0000161776 nova-conductor[109568]: DEBUG cotyledon.oslo_config_glue [-] workarounds.disable_fallback_pcpu_query = False {{(pid=109568) log_opt_values /opt/stack/data/venv/lib/python3.12/site-packages/oslo_config/cfg.py:3006}}
Mar 31 00:51:37.328041 np0000161776 nova-conductor[109568]: DEBUG cotyledon.oslo_config_glue [-] workarounds.disable_group_policy_check_upcall = False {{(pid=109568) log_opt_values /opt/stack/data/venv/lib/python3.12/site-packages/oslo_config/cfg.py:3006}}
Mar 31 00:51:37.328041 np0000161776 nova-conductor[109568]: DEBUG cotyledon.oslo_config_glue [-] workarounds.disable_libvirt_livesnapshot = False {{(pid=109568) log_opt_values /opt/stack/data/venv/lib/python3.12/site-packages/oslo_config/cfg.py:3006}}
Mar 31 00:51:37.328253 np0000161776 nova-conductor[109568]: DEBUG cotyledon.oslo_config_glue [-] workarounds.disable_rootwrap = False {{(pid=109568) log_opt_values /opt/stack/data/venv/lib/python3.12/site-packages/oslo_config/cfg.py:3006}}
Mar 31 00:51:37.328253 np0000161776 nova-conductor[109568]: DEBUG cotyledon.oslo_config_glue [-] workarounds.enable_numa_live_migration = False {{(pid=109568) log_opt_values /opt/stack/data/venv/lib/python3.12/site-packages/oslo_config/cfg.py:3006}}
Mar 31 00:51:37.328253 np0000161776 nova-conductor[109568]: DEBUG cotyledon.oslo_config_glue [-] workarounds.enable_qemu_monitor_announce_self = False {{(pid=109568) log_opt_values /opt/stack/data/venv/lib/python3.12/site-packages/oslo_config/cfg.py:3006}}
Mar 31 00:51:37.328253 np0000161776 nova-conductor[109568]: DEBUG cotyledon.oslo_config_glue [-] workarounds.ensure_libvirt_rbd_instance_dir_cleanup = False {{(pid=109568) log_opt_values /opt/stack/data/venv/lib/python3.12/site-packages/oslo_config/cfg.py:3006}}
Mar 31 00:51:37.328253 np0000161776 nova-conductor[109568]: DEBUG cotyledon.oslo_config_glue [-] workarounds.handle_virt_lifecycle_events = True {{(pid=109568) log_opt_values /opt/stack/data/venv/lib/python3.12/site-packages/oslo_config/cfg.py:3006}}
Mar 31 00:51:37.328253 np0000161776 nova-conductor[109568]: DEBUG cotyledon.oslo_config_glue [-] workarounds.libvirt_disable_apic = False {{(pid=109568) log_opt_values /opt/stack/data/venv/lib/python3.12/site-packages/oslo_config/cfg.py:3006}}
Mar 31 00:51:37.328253 np0000161776 nova-conductor[109568]: DEBUG cotyledon.oslo_config_glue [-] workarounds.never_download_image_if_on_rbd = False {{(pid=109568) log_opt_values /opt/stack/data/venv/lib/python3.12/site-packages/oslo_config/cfg.py:3006}}
Mar 31 00:51:37.328253 np0000161776 nova-conductor[109568]: DEBUG cotyledon.oslo_config_glue [-] workarounds.qemu_monitor_announce_self_count = 3 {{(pid=109568) log_opt_values /opt/stack/data/venv/lib/python3.12/site-packages/oslo_config/cfg.py:3006}}
Mar 31 00:51:37.328253 np0000161776 nova-conductor[109568]: DEBUG cotyledon.oslo_config_glue [-] workarounds.qemu_monitor_announce_self_interval = 1 {{(pid=109568) log_opt_values /opt/stack/data/venv/lib/python3.12/site-packages/oslo_config/cfg.py:3006}}
Mar 31 00:51:37.328494 np0000161776 nova-conductor[109568]: DEBUG cotyledon.oslo_config_glue [-] workarounds.reserve_disk_resource_for_image_cache = False {{(pid=109568) log_opt_values /opt/stack/data/venv/lib/python3.12/site-packages/oslo_config/cfg.py:3006}}
Mar 31 00:51:37.328494 np0000161776 nova-conductor[109568]: DEBUG cotyledon.oslo_config_glue [-] workarounds.skip_cpu_compare_at_startup = False {{(pid=109568) log_opt_values /opt/stack/data/venv/lib/python3.12/site-packages/oslo_config/cfg.py:3006}}
Mar 31 00:51:37.328494 np0000161776 nova-conductor[109568]: DEBUG cotyledon.oslo_config_glue [-] workarounds.skip_cpu_compare_on_dest = False {{(pid=109568) log_opt_values /opt/stack/data/venv/lib/python3.12/site-packages/oslo_config/cfg.py:3006}}
Mar 31 00:51:37.328494 np0000161776 nova-conductor[109568]: DEBUG cotyledon.oslo_config_glue [-] workarounds.skip_hypervisor_version_check_on_lm = False {{(pid=109568) log_opt_values /opt/stack/data/venv/lib/python3.12/site-packages/oslo_config/cfg.py:3006}}
Mar 31 00:51:37.328494 np0000161776 nova-conductor[109568]: DEBUG cotyledon.oslo_config_glue [-] workarounds.skip_reserve_in_use_ironic_nodes = False {{(pid=109568) log_opt_values /opt/stack/data/venv/lib/python3.12/site-packages/oslo_config/cfg.py:3006}}
Mar 31 00:51:37.328494 np0000161776 nova-conductor[109568]: DEBUG cotyledon.oslo_config_glue [-] workarounds.unified_limits_count_pcpu_as_vcpu = False {{(pid=109568) log_opt_values /opt/stack/data/venv/lib/python3.12/site-packages/oslo_config/cfg.py:3006}}
Mar 31 00:51:37.328494 np0000161776 nova-conductor[109568]: DEBUG cotyledon.oslo_config_glue [-] workarounds.wait_for_vif_plugged_event_during_hard_reboot = [] {{(pid=109568) log_opt_values /opt/stack/data/venv/lib/python3.12/site-packages/oslo_config/cfg.py:3006}}
Mar 31 00:51:37.328494 np0000161776 nova-conductor[109568]: DEBUG cotyledon.oslo_config_glue [-] wsgi.api_paste_config = /etc/nova/api-paste.ini {{(pid=109568) log_opt_values /opt/stack/data/venv/lib/python3.12/site-packages/oslo_config/cfg.py:3006}}
Mar 31 00:51:37.328688 np0000161776 nova-conductor[109568]: DEBUG cotyledon.oslo_config_glue [-] wsgi.secure_proxy_ssl_header = None {{(pid=109568) log_opt_values /opt/stack/data/venv/lib/python3.12/site-packages/oslo_config/cfg.py:3006}}
Mar 31 00:51:37.328688 np0000161776 nova-conductor[109568]: DEBUG cotyledon.oslo_config_glue [-] zvm.ca_file = None {{(pid=109568) log_opt_values /opt/stack/data/venv/lib/python3.12/site-packages/oslo_config/cfg.py:3006}}
Mar 31 00:51:37.328688 np0000161776 nova-conductor[109568]: DEBUG cotyledon.oslo_config_glue [-] zvm.cloud_connector_url = None {{(pid=109568) log_opt_values /opt/stack/data/venv/lib/python3.12/site-packages/oslo_config/cfg.py:3006}}
Mar 31 00:51:37.328688 np0000161776 nova-conductor[109568]: DEBUG cotyledon.oslo_config_glue [-] zvm.image_tmp_path = /opt/stack/data/nova/images {{(pid=109568) log_opt_values /opt/stack/data/venv/lib/python3.12/site-packages/oslo_config/cfg.py:3006}}
Mar 31 00:51:37.328688 np0000161776 nova-conductor[109568]: DEBUG cotyledon.oslo_config_glue [-] zvm.reachable_timeout = 300 {{(pid=109568) log_opt_values /opt/stack/data/venv/lib/python3.12/site-packages/oslo_config/cfg.py:3006}}
Mar 31 00:51:37.328688 np0000161776 nova-conductor[109568]: DEBUG cotyledon.oslo_config_glue [-] oslo_versionedobjects.fatal_exception_format_errors = False {{(pid=109568) log_opt_values /opt/stack/data/venv/lib/python3.12/site-packages/oslo_config/cfg.py:3006}}
Mar 31 00:51:37.328688 np0000161776 nova-conductor[109568]: DEBUG cotyledon.oslo_config_glue [-] oslo_middleware.http_basic_auth_user_file = /etc/htpasswd {{(pid=109568) log_opt_values /opt/stack/data/venv/lib/python3.12/site-packages/oslo_config/cfg.py:3006}}
Mar 31 00:51:37.328688 np0000161776 nova-conductor[109568]: DEBUG cotyledon.oslo_config_glue [-] profiler.connection_string = messaging:// {{(pid=109568) log_opt_values /opt/stack/data/venv/lib/python3.12/site-packages/oslo_config/cfg.py:3006}}
Mar 31 00:51:37.328688 np0000161776 nova-conductor[109568]: DEBUG cotyledon.oslo_config_glue [-] profiler.enabled = False {{(pid=109568) log_opt_values /opt/stack/data/venv/lib/python3.12/site-packages/oslo_config/cfg.py:3006}}
Mar 31 00:51:37.328899 np0000161776 nova-conductor[109568]: DEBUG cotyledon.oslo_config_glue [-] profiler.es_doc_type = notification {{(pid=109568) log_opt_values /opt/stack/data/venv/lib/python3.12/site-packages/oslo_config/cfg.py:3006}}
Mar 31 00:51:37.328899 np0000161776 nova-conductor[109568]: DEBUG cotyledon.oslo_config_glue [-] profiler.es_scroll_size = 10000 {{(pid=109568) log_opt_values /opt/stack/data/venv/lib/python3.12/site-packages/oslo_config/cfg.py:3006}}
Mar 31 00:51:37.328899 np0000161776 nova-conductor[109568]: DEBUG cotyledon.oslo_config_glue [-] profiler.es_scroll_time = 2m {{(pid=109568) log_opt_values /opt/stack/data/venv/lib/python3.12/site-packages/oslo_config/cfg.py:3006}}
Mar 31 00:51:37.328899 np0000161776 nova-conductor[109568]: DEBUG cotyledon.oslo_config_glue [-] profiler.filter_error_trace = False {{(pid=109568) log_opt_values /opt/stack/data/venv/lib/python3.12/site-packages/oslo_config/cfg.py:3006}}
Mar 31 00:51:37.328899 np0000161776 nova-conductor[109568]: DEBUG cotyledon.oslo_config_glue [-] profiler.hmac_keys = **** {{(pid=109568) log_opt_values /opt/stack/data/venv/lib/python3.12/site-packages/oslo_config/cfg.py:3006}}
Mar 31 00:51:37.328899 np0000161776 nova-conductor[109568]: DEBUG cotyledon.oslo_config_glue [-] profiler.sentinel_service_name = mymaster {{(pid=109568) log_opt_values /opt/stack/data/venv/lib/python3.12/site-packages/oslo_config/cfg.py:3006}}
Mar 31 00:51:37.328899 np0000161776 nova-conductor[109568]: DEBUG cotyledon.oslo_config_glue [-] profiler.socket_timeout = 0.1 {{(pid=109568) log_opt_values /opt/stack/data/venv/lib/python3.12/site-packages/oslo_config/cfg.py:3006}}
Mar 31 00:51:37.328899 np0000161776 nova-conductor[109568]: DEBUG cotyledon.oslo_config_glue [-] profiler.trace_requests = False {{(pid=109568) log_opt_values /opt/stack/data/venv/lib/python3.12/site-packages/oslo_config/cfg.py:3006}}
Mar 31 00:51:37.328899 np0000161776 nova-conductor[109568]: DEBUG cotyledon.oslo_config_glue [-] profiler.trace_sqlalchemy = False {{(pid=109568) log_opt_values /opt/stack/data/venv/lib/python3.12/site-packages/oslo_config/cfg.py:3006}}
Mar 31 00:51:37.329109 np0000161776 nova-conductor[109568]: DEBUG cotyledon.oslo_config_glue [-] profiler_jaeger.process_tags = {} {{(pid=109568) log_opt_values /opt/stack/data/venv/lib/python3.12/site-packages/oslo_config/cfg.py:3006}}
Mar 31 00:51:37.329109 np0000161776 nova-conductor[109568]: DEBUG cotyledon.oslo_config_glue [-] profiler_jaeger.service_name_prefix = None {{(pid=109568) log_opt_values /opt/stack/data/venv/lib/python3.12/site-packages/oslo_config/cfg.py:3006}}
Mar 31 00:51:37.329109 np0000161776 nova-conductor[109568]: DEBUG cotyledon.oslo_config_glue [-] profiler_otlp.service_name_prefix = None {{(pid=109568) log_opt_values /opt/stack/data/venv/lib/python3.12/site-packages/oslo_config/cfg.py:3006}}
Mar 31 00:51:37.329109 np0000161776 nova-conductor[109568]: DEBUG cotyledon.oslo_config_glue [-] oslo_messaging_rabbit.amqp_auto_delete = False {{(pid=109568) log_opt_values /opt/stack/data/venv/lib/python3.12/site-packages/oslo_config/cfg.py:3006}}
Mar 31 00:51:37.329109 np0000161776 nova-conductor[109568]: DEBUG cotyledon.oslo_config_glue [-] oslo_messaging_rabbit.amqp_durable_queues = False {{(pid=109568) log_opt_values /opt/stack/data/venv/lib/python3.12/site-packages/oslo_config/cfg.py:3006}}
Mar 31 00:51:37.329109 np0000161776 nova-conductor[109568]: DEBUG cotyledon.oslo_config_glue [-] oslo_messaging_rabbit.conn_pool_min_size = 2 {{(pid=109568) log_opt_values /opt/stack/data/venv/lib/python3.12/site-packages/oslo_config/cfg.py:3006}}
Mar 31 00:51:37.329109 np0000161776 nova-conductor[109568]: DEBUG cotyledon.oslo_config_glue [-] oslo_messaging_rabbit.conn_pool_ttl = 1200 {{(pid=109568) log_opt_values /opt/stack/data/venv/lib/python3.12/site-packages/oslo_config/cfg.py:3006}}
Mar 31 00:51:37.329109 np0000161776 nova-conductor[109568]: DEBUG cotyledon.oslo_config_glue [-] oslo_messaging_rabbit.direct_mandatory_flag = True {{(pid=109568) log_opt_values /opt/stack/data/venv/lib/python3.12/site-packages/oslo_config/cfg.py:3006}}
Mar 31 00:51:37.329109 np0000161776 nova-conductor[109568]: DEBUG cotyledon.oslo_config_glue [-] oslo_messaging_rabbit.enable_cancel_on_failover = False {{(pid=109568) log_opt_values /opt/stack/data/venv/lib/python3.12/site-packages/oslo_config/cfg.py:3006}}
Mar 31 00:51:37.329576 np0000161776 nova-conductor[109568]: DEBUG cotyledon.oslo_config_glue [-] oslo_messaging_rabbit.heartbeat_in_pthread = False {{(pid=109568) log_opt_values /opt/stack/data/venv/lib/python3.12/site-packages/oslo_config/cfg.py:3006}}
Mar 31 00:51:37.329606 np0000161776 nova-conductor[109561]: DEBUG oslo_db.sqlalchemy.engines [None req-7d86b179-005e-4418-884b-0abcd113ddc9 None None] MySQL server mode set to STRICT_TRANS_TABLES,STRICT_ALL_TABLES,NO_ZERO_IN_DATE,NO_ZERO_DATE,ERROR_FOR_DIVISION_BY_ZERO,TRADITIONAL,NO_ENGINE_SUBSTITUTION {{(pid=109561) _check_effective_sql_mode /opt/stack/data/venv/lib/python3.12/site-packages/oslo_db/sqlalchemy/engines.py:325}}
Mar 31 00:51:37.329637 np0000161776 nova-conductor[109568]: DEBUG cotyledon.oslo_config_glue [-] oslo_messaging_rabbit.heartbeat_rate = 3 {{(pid=109568) log_opt_values /opt/stack/data/venv/lib/python3.12/site-packages/oslo_config/cfg.py:3006}}
Mar 31 00:51:37.329637 np0000161776 nova-conductor[109568]: DEBUG cotyledon.oslo_config_glue [-] oslo_messaging_rabbit.heartbeat_timeout_threshold = 60 {{(pid=109568) log_opt_values /opt/stack/data/venv/lib/python3.12/site-packages/oslo_config/cfg.py:3006}}
Mar 31 00:51:37.329637 np0000161776 nova-conductor[109568]: DEBUG cotyledon.oslo_config_glue [-] oslo_messaging_rabbit.hostname = np0000161776 {{(pid=109568) log_opt_values /opt/stack/data/venv/lib/python3.12/site-packages/oslo_config/cfg.py:3006}}
Mar 31 00:51:37.329637 np0000161776 nova-conductor[109568]: DEBUG cotyledon.oslo_config_glue [-] oslo_messaging_rabbit.kombu_compression = None {{(pid=109568) log_opt_values /opt/stack/data/venv/lib/python3.12/site-packages/oslo_config/cfg.py:3006}}
Mar 31 00:51:37.329637 np0000161776 nova-conductor[109568]: DEBUG cotyledon.oslo_config_glue [-] oslo_messaging_rabbit.kombu_failover_strategy = round-robin {{(pid=109568) log_opt_values /opt/stack/data/venv/lib/python3.12/site-packages/oslo_config/cfg.py:3006}}
Mar 31 00:51:37.329637 np0000161776 nova-conductor[109568]: DEBUG cotyledon.oslo_config_glue [-] oslo_messaging_rabbit.kombu_missing_consumer_retry_timeout = 60 {{(pid=109568) log_opt_values /opt/stack/data/venv/lib/python3.12/site-packages/oslo_config/cfg.py:3006}}
Mar 31 00:51:37.329637 np0000161776 nova-conductor[109568]: DEBUG cotyledon.oslo_config_glue [-] oslo_messaging_rabbit.kombu_reconnect_delay = 1.0 {{(pid=109568) log_opt_values /opt/stack/data/venv/lib/python3.12/site-packages/oslo_config/cfg.py:3006}}
Mar 31 00:51:37.329637 np0000161776 nova-conductor[109568]: DEBUG cotyledon.oslo_config_glue [-] oslo_messaging_rabbit.kombu_reconnect_splay = 0.0 {{(pid=109568) log_opt_values /opt/stack/data/venv/lib/python3.12/site-packages/oslo_config/cfg.py:3006}}
Mar 31 00:51:37.329831 np0000161776 nova-conductor[109568]: DEBUG cotyledon.oslo_config_glue [-] oslo_messaging_rabbit.processname = nova-conductor {{(pid=109568) log_opt_values /opt/stack/data/venv/lib/python3.12/site-packages/oslo_config/cfg.py:3006}}
Mar 31 00:51:37.329831 np0000161776 nova-conductor[109568]: DEBUG cotyledon.oslo_config_glue [-] oslo_messaging_rabbit.rabbit_ha_queues = False {{(pid=109568) log_opt_values /opt/stack/data/venv/lib/python3.12/site-packages/oslo_config/cfg.py:3006}}
Mar 31 00:51:37.329831 np0000161776 nova-conductor[109568]: DEBUG cotyledon.oslo_config_glue [-] oslo_messaging_rabbit.rabbit_interval_max = 30 {{(pid=109568) log_opt_values /opt/stack/data/venv/lib/python3.12/site-packages/oslo_config/cfg.py:3006}}
Mar 31 00:51:37.329831 np0000161776 nova-conductor[109568]: DEBUG cotyledon.oslo_config_glue [-] oslo_messaging_rabbit.rabbit_login_method = AMQPLAIN {{(pid=109568) log_opt_values /opt/stack/data/venv/lib/python3.12/site-packages/oslo_config/cfg.py:3006}}
Mar 31 00:51:37.329831 np0000161776 nova-conductor[109568]: DEBUG cotyledon.oslo_config_glue [-] oslo_messaging_rabbit.rabbit_qos_prefetch_count = 0 {{(pid=109568) log_opt_values /opt/stack/data/venv/lib/python3.12/site-packages/oslo_config/cfg.py:3006}}
Mar 31 00:51:37.329831 np0000161776 nova-conductor[109568]: DEBUG cotyledon.oslo_config_glue [-] oslo_messaging_rabbit.rabbit_quorum_delivery_limit = 0 {{(pid=109568) log_opt_values /opt/stack/data/venv/lib/python3.12/site-packages/oslo_config/cfg.py:3006}}
Mar 31 00:51:37.329831 np0000161776 nova-conductor[109568]: DEBUG cotyledon.oslo_config_glue [-] oslo_messaging_rabbit.rabbit_quorum_max_memory_bytes = 0 {{(pid=109568) log_opt_values /opt/stack/data/venv/lib/python3.12/site-packages/oslo_config/cfg.py:3006}}
Mar 31 00:51:37.329831 np0000161776 nova-conductor[109568]: DEBUG cotyledon.oslo_config_glue [-] oslo_messaging_rabbit.rabbit_quorum_max_memory_length = 0 {{(pid=109568) log_opt_values /opt/stack/data/venv/lib/python3.12/site-packages/oslo_config/cfg.py:3006}}
Mar 31 00:51:37.330018 np0000161776 nova-conductor[109568]: DEBUG cotyledon.oslo_config_glue [-] oslo_messaging_rabbit.rabbit_quorum_queue = False {{(pid=109568) log_opt_values /opt/stack/data/venv/lib/python3.12/site-packages/oslo_config/cfg.py:3006}}
Mar 31 00:51:37.330018 np0000161776 nova-conductor[109568]: DEBUG cotyledon.oslo_config_glue [-] oslo_messaging_rabbit.rabbit_retry_backoff = 2 {{(pid=109568) log_opt_values /opt/stack/data/venv/lib/python3.12/site-packages/oslo_config/cfg.py:3006}}
Mar 31 00:51:37.330018 np0000161776 nova-conductor[109568]: DEBUG cotyledon.oslo_config_glue [-] oslo_messaging_rabbit.rabbit_retry_interval = 1 {{(pid=109568) log_opt_values /opt/stack/data/venv/lib/python3.12/site-packages/oslo_config/cfg.py:3006}}
Mar 31 00:51:37.330018 np0000161776 nova-conductor[109568]: DEBUG cotyledon.oslo_config_glue [-] oslo_messaging_rabbit.rabbit_stream_fanout = False {{(pid=109568) log_opt_values /opt/stack/data/venv/lib/python3.12/site-packages/oslo_config/cfg.py:3006}}
Mar 31 00:51:37.330018 np0000161776 nova-conductor[109568]: DEBUG cotyledon.oslo_config_glue [-] oslo_messaging_rabbit.rabbit_transient_queues_ttl = 1800 {{(pid=109568) log_opt_values /opt/stack/data/venv/lib/python3.12/site-packages/oslo_config/cfg.py:3006}}
Mar 31 00:51:37.330018 np0000161776 nova-conductor[109568]: DEBUG cotyledon.oslo_config_glue [-] oslo_messaging_rabbit.rabbit_transient_quorum_queue = False {{(pid=109568) log_opt_values /opt/stack/data/venv/lib/python3.12/site-packages/oslo_config/cfg.py:3006}}
Mar 31 00:51:37.330018 np0000161776 nova-conductor[109568]: DEBUG cotyledon.oslo_config_glue [-] oslo_messaging_rabbit.rpc_conn_pool_size = 30 {{(pid=109568) log_opt_values /opt/stack/data/venv/lib/python3.12/site-packages/oslo_config/cfg.py:3006}}
Mar 31 00:51:37.330018 np0000161776 nova-conductor[109568]: DEBUG cotyledon.oslo_config_glue [-] oslo_messaging_rabbit.ssl = False {{(pid=109568) log_opt_values /opt/stack/data/venv/lib/python3.12/site-packages/oslo_config/cfg.py:3006}}
Mar 31 00:51:37.330018 np0000161776 nova-conductor[109568]: DEBUG cotyledon.oslo_config_glue [-] oslo_messaging_rabbit.ssl_ca_file = {{(pid=109568) log_opt_values /opt/stack/data/venv/lib/python3.12/site-packages/oslo_config/cfg.py:3006}}
Mar 31 00:51:37.330245 np0000161776 nova-conductor[109568]: DEBUG cotyledon.oslo_config_glue [-] oslo_messaging_rabbit.ssl_cert_file = {{(pid=109568) log_opt_values /opt/stack/data/venv/lib/python3.12/site-packages/oslo_config/cfg.py:3006}}
Mar 31 00:51:37.330272 np0000161776 nova-conductor[109547]: DEBUG nova.service [None req-97b4b51a-35c7-4fcd-a200-5ebc024c20c6 None None] Creating RPC server for service: nova-conductor on topic: conductor {{(pid=109547) start /opt/stack/nova/nova/service.py:195}}
Mar 31 00:51:37.330301 np0000161776 nova-conductor[109568]: DEBUG cotyledon.oslo_config_glue [-] oslo_messaging_rabbit.ssl_enforce_fips_mode = False {{(pid=109568) log_opt_values /opt/stack/data/venv/lib/python3.12/site-packages/oslo_config/cfg.py:3006}}
Mar 31 00:51:37.330301 np0000161776 nova-conductor[109568]: DEBUG cotyledon.oslo_config_glue [-] oslo_messaging_rabbit.ssl_key_file = {{(pid=109568) log_opt_values /opt/stack/data/venv/lib/python3.12/site-packages/oslo_config/cfg.py:3006}}
Mar 31 00:51:37.330301 np0000161776 nova-conductor[109568]: DEBUG cotyledon.oslo_config_glue [-] oslo_messaging_rabbit.ssl_version = {{(pid=109568) log_opt_values /opt/stack/data/venv/lib/python3.12/site-packages/oslo_config/cfg.py:3006}}
Mar 31 00:51:37.330301 np0000161776 nova-conductor[109568]: DEBUG cotyledon.oslo_config_glue [-] oslo_messaging_rabbit.use_queue_manager = False {{(pid=109568) log_opt_values /opt/stack/data/venv/lib/python3.12/site-packages/oslo_config/cfg.py:3006}}
Mar 31 00:51:37.330301 np0000161776 nova-conductor[109568]: DEBUG cotyledon.oslo_config_glue [-] oslo_messaging_notifications.driver = ['messagingv2'] {{(pid=109568) log_opt_values /opt/stack/data/venv/lib/python3.12/site-packages/oslo_config/cfg.py:3006}}
Mar 31 00:51:37.330301 np0000161776 nova-conductor[109568]: DEBUG cotyledon.oslo_config_glue [-] oslo_messaging_notifications.retry = -1 {{(pid=109568) log_opt_values /opt/stack/data/venv/lib/python3.12/site-packages/oslo_config/cfg.py:3006}}
Mar 31 00:51:37.330301 np0000161776 nova-conductor[109568]: DEBUG cotyledon.oslo_config_glue [-] oslo_messaging_notifications.topics = ['notifications'] {{(pid=109568) log_opt_values /opt/stack/data/venv/lib/python3.12/site-packages/oslo_config/cfg.py:3006}}
Mar 31 00:51:37.330301 np0000161776 nova-conductor[109568]: DEBUG cotyledon.oslo_config_glue [-] oslo_messaging_notifications.transport_url = **** {{(pid=109568) log_opt_values /opt/stack/data/venv/lib/python3.12/site-packages/oslo_config/cfg.py:3006}}
Mar 31 00:51:37.330301 np0000161776 nova-conductor[109568]: DEBUG cotyledon.oslo_config_glue [-] oslo_limit.auth_section = None {{(pid=109568) log_opt_values /opt/stack/data/venv/lib/python3.12/site-packages/oslo_config/cfg.py:3006}}
Mar 31 00:51:37.330536 np0000161776 nova-conductor[109568]: DEBUG cotyledon.oslo_config_glue [-] oslo_limit.auth_type = None {{(pid=109568) log_opt_values /opt/stack/data/venv/lib/python3.12/site-packages/oslo_config/cfg.py:3006}}
Mar 31 00:51:37.330536 np0000161776 nova-conductor[109568]: DEBUG cotyledon.oslo_config_glue [-] oslo_limit.cafile = None {{(pid=109568) log_opt_values /opt/stack/data/venv/lib/python3.12/site-packages/oslo_config/cfg.py:3006}}
Mar 31 00:51:37.330536 np0000161776 nova-conductor[109568]: DEBUG cotyledon.oslo_config_glue [-] oslo_limit.certfile = None {{(pid=109568) log_opt_values /opt/stack/data/venv/lib/python3.12/site-packages/oslo_config/cfg.py:3006}}
Mar 31 00:51:37.330536 np0000161776 nova-conductor[109568]: DEBUG cotyledon.oslo_config_glue [-] oslo_limit.collect_timing = False {{(pid=109568) log_opt_values /opt/stack/data/venv/lib/python3.12/site-packages/oslo_config/cfg.py:3006}}
Mar 31 00:51:37.330536 np0000161776 nova-conductor[109568]: DEBUG cotyledon.oslo_config_glue [-] oslo_limit.connect_retries = None {{(pid=109568) log_opt_values /opt/stack/data/venv/lib/python3.12/site-packages/oslo_config/cfg.py:3006}}
Mar 31 00:51:37.330536 np0000161776 nova-conductor[109568]: DEBUG cotyledon.oslo_config_glue [-] oslo_limit.connect_retry_delay = None {{(pid=109568) log_opt_values /opt/stack/data/venv/lib/python3.12/site-packages/oslo_config/cfg.py:3006}}
Mar 31 00:51:37.330536 np0000161776 nova-conductor[109568]: DEBUG cotyledon.oslo_config_glue [-] oslo_limit.endpoint_id = None {{(pid=109568) log_opt_values /opt/stack/data/venv/lib/python3.12/site-packages/oslo_config/cfg.py:3006}}
Mar 31 00:51:37.330536 np0000161776 nova-conductor[109568]: DEBUG cotyledon.oslo_config_glue [-] oslo_limit.endpoint_interface = public {{(pid=109568) log_opt_values /opt/stack/data/venv/lib/python3.12/site-packages/oslo_config/cfg.py:3006}}
Mar 31 00:51:37.330536 np0000161776 nova-conductor[109568]: DEBUG cotyledon.oslo_config_glue [-] oslo_limit.endpoint_override = None {{(pid=109568) log_opt_values /opt/stack/data/venv/lib/python3.12/site-packages/oslo_config/cfg.py:3006}}
Mar 31 00:51:37.330750 np0000161776 nova-conductor[109568]: DEBUG cotyledon.oslo_config_glue [-] oslo_limit.endpoint_region_name = None {{(pid=109568) log_opt_values /opt/stack/data/venv/lib/python3.12/site-packages/oslo_config/cfg.py:3006}}
Mar 31 00:51:37.330750 np0000161776 nova-conductor[109568]: DEBUG cotyledon.oslo_config_glue [-] oslo_limit.endpoint_service_name = None {{(pid=109568) log_opt_values /opt/stack/data/venv/lib/python3.12/site-packages/oslo_config/cfg.py:3006}}
Mar 31 00:51:37.330750 np0000161776 nova-conductor[109568]: DEBUG cotyledon.oslo_config_glue [-] oslo_limit.endpoint_service_type = None {{(pid=109568) log_opt_values /opt/stack/data/venv/lib/python3.12/site-packages/oslo_config/cfg.py:3006}}
Mar 31 00:51:37.330750 np0000161776 nova-conductor[109568]: DEBUG cotyledon.oslo_config_glue [-] oslo_limit.insecure = False {{(pid=109568) log_opt_values /opt/stack/data/venv/lib/python3.12/site-packages/oslo_config/cfg.py:3006}}
Mar 31 00:51:37.330750 np0000161776 nova-conductor[109568]: DEBUG cotyledon.oslo_config_glue [-] oslo_limit.keyfile = None {{(pid=109568) log_opt_values /opt/stack/data/venv/lib/python3.12/site-packages/oslo_config/cfg.py:3006}}
Mar 31 00:51:37.330750 np0000161776 nova-conductor[109568]: DEBUG cotyledon.oslo_config_glue [-] oslo_limit.max_version = None {{(pid=109568) log_opt_values /opt/stack/data/venv/lib/python3.12/site-packages/oslo_config/cfg.py:3006}}
Mar 31 00:51:37.330750 np0000161776 nova-conductor[109568]: DEBUG cotyledon.oslo_config_glue [-] oslo_limit.min_version = None {{(pid=109568) log_opt_values /opt/stack/data/venv/lib/python3.12/site-packages/oslo_config/cfg.py:3006}}
Mar 31 00:51:37.330750 np0000161776 nova-conductor[109568]: DEBUG cotyledon.oslo_config_glue [-] oslo_limit.region_name = None {{(pid=109568) log_opt_values /opt/stack/data/venv/lib/python3.12/site-packages/oslo_config/cfg.py:3006}}
Mar 31 00:51:37.330750 np0000161776 nova-conductor[109568]: DEBUG cotyledon.oslo_config_glue [-] oslo_limit.retriable_status_codes = None {{(pid=109568) log_opt_values /opt/stack/data/venv/lib/python3.12/site-packages/oslo_config/cfg.py:3006}}
Mar 31 00:51:37.330971 np0000161776 nova-conductor[109568]: DEBUG cotyledon.oslo_config_glue [-] oslo_limit.service_name = None {{(pid=109568) log_opt_values /opt/stack/data/venv/lib/python3.12/site-packages/oslo_config/cfg.py:3006}}
Mar 31 00:51:37.330971 np0000161776 nova-conductor[109568]: DEBUG cotyledon.oslo_config_glue [-] oslo_limit.service_type = None {{(pid=109568) log_opt_values /opt/stack/data/venv/lib/python3.12/site-packages/oslo_config/cfg.py:3006}}
Mar 31 00:51:37.330971 np0000161776 nova-conductor[109568]: DEBUG cotyledon.oslo_config_glue [-] oslo_limit.split_loggers = False {{(pid=109568) log_opt_values /opt/stack/data/venv/lib/python3.12/site-packages/oslo_config/cfg.py:3006}}
Mar 31 00:51:37.330971 np0000161776 nova-conductor[109568]: DEBUG cotyledon.oslo_config_glue [-] oslo_limit.status_code_retries = None {{(pid=109568) log_opt_values /opt/stack/data/venv/lib/python3.12/site-packages/oslo_config/cfg.py:3006}}
Mar 31 00:51:37.330971 np0000161776 nova-conductor[109568]: DEBUG cotyledon.oslo_config_glue [-] oslo_limit.status_code_retry_delay = None {{(pid=109568) log_opt_values /opt/stack/data/venv/lib/python3.12/site-packages/oslo_config/cfg.py:3006}}
Mar 31 00:51:37.330971 np0000161776 nova-conductor[109568]: DEBUG cotyledon.oslo_config_glue [-] oslo_limit.timeout = None {{(pid=109568) log_opt_values /opt/stack/data/venv/lib/python3.12/site-packages/oslo_config/cfg.py:3006}}
Mar 31 00:51:37.330971 np0000161776 nova-conductor[109568]: DEBUG cotyledon.oslo_config_glue [-] oslo_limit.valid_interfaces = None {{(pid=109568) log_opt_values /opt/stack/data/venv/lib/python3.12/site-packages/oslo_config/cfg.py:3006}}
Mar 31 00:51:37.330971 np0000161776 nova-conductor[109568]: DEBUG cotyledon.oslo_config_glue [-] oslo_limit.version = None {{(pid=109568) log_opt_values /opt/stack/data/venv/lib/python3.12/site-packages/oslo_config/cfg.py:3006}}
Mar 31 00:51:37.330971 np0000161776 nova-conductor[109568]: DEBUG cotyledon.oslo_config_glue [-] oslo_reports.file_event_handler = None {{(pid=109568) log_opt_values /opt/stack/data/venv/lib/python3.12/site-packages/oslo_config/cfg.py:3006}}
Mar 31 00:51:37.331180 np0000161776 nova-conductor[109568]: DEBUG cotyledon.oslo_config_glue [-] oslo_reports.file_event_handler_interval = 1 {{(pid=109568) log_opt_values /opt/stack/data/venv/lib/python3.12/site-packages/oslo_config/cfg.py:3006}}
Mar 31 00:51:37.331180 np0000161776 nova-conductor[109568]: DEBUG cotyledon.oslo_config_glue [-] oslo_reports.log_dir = None {{(pid=109568) log_opt_values /opt/stack/data/venv/lib/python3.12/site-packages/oslo_config/cfg.py:3006}}
Mar 31 00:51:37.331180 np0000161776 nova-conductor[109568]: DEBUG cotyledon.oslo_config_glue [-] ******************************************************************************** {{(pid=109568) log_opt_values /opt/stack/data/venv/lib/python3.12/site-packages/oslo_config/cfg.py:3013}}
Mar 31 00:51:37.331180 np0000161776 nova-conductor[109568]: DEBUG cotyledon._service_worker [-] Run service ServiceWrapper(3) [109568] {{(pid=109568) wait_forever /opt/stack/data/venv/lib/python3.12/site-packages/cotyledon/_service_worker.py:218}}
Mar 31 00:51:37.331180 np0000161776 nova-conductor[109568]: INFO nova.service [-] Starting conductor node (version 33.1.0)
Mar 31 00:51:37.331299 np0000161776 nova-conductor[109553]: DEBUG oslo_db.sqlalchemy.engines [None req-c24e7e2f-cf2f-49a3-a243-4fe0360de90d None None] MySQL server mode set to STRICT_TRANS_TABLES,STRICT_ALL_TABLES,NO_ZERO_IN_DATE,NO_ZERO_DATE,ERROR_FOR_DIVISION_BY_ZERO,TRADITIONAL,NO_ENGINE_SUBSTITUTION {{(pid=109553) _check_effective_sql_mode /opt/stack/data/venv/lib/python3.12/site-packages/oslo_db/sqlalchemy/engines.py:325}}
Mar 31 00:51:37.331330 np0000161776 nova-conductor[109561]: DEBUG dbcounter [-] [109561] Writer thread running {{(pid=109561) stat_writer /opt/stack/data/venv/lib/python3.12/site-packages/dbcounter.py:102}}
Mar 31 00:51:37.331355 np0000161776 nova-conductor[109568]: INFO dbcounter [None req-3fb814ef-1a2d-46d2-aa99-2b20bdc8c415 None None] Registered counter for database nova_cell0
Mar 31 00:51:37.331394 np0000161776 nova-conductor[109561]: DEBUG nova.service [None req-7d86b179-005e-4418-884b-0abcd113ddc9 None None] Creating RPC server for service: nova-conductor on topic: conductor {{(pid=109561) start /opt/stack/nova/nova/service.py:195}}
Mar 31 00:51:37.331431 np0000161776 nova-conductor[109553]: DEBUG dbcounter [-] [109553] Writer thread running {{(pid=109553) stat_writer /opt/stack/data/venv/lib/python3.12/site-packages/dbcounter.py:102}}
Mar 31 00:51:37.331463 np0000161776 nova-conductor[109568]: DEBUG oslo_db.sqlalchemy.engines [None req-3fb814ef-1a2d-46d2-aa99-2b20bdc8c415 None None] MySQL server mode set to STRICT_TRANS_TABLES,STRICT_ALL_TABLES,NO_ZERO_IN_DATE,NO_ZERO_DATE,ERROR_FOR_DIVISION_BY_ZERO,TRADITIONAL,NO_ENGINE_SUBSTITUTION {{(pid=109568) _check_effective_sql_mode /opt/stack/data/venv/lib/python3.12/site-packages/oslo_db/sqlalchemy/engines.py:325}}
Mar 31 00:51:37.331493 np0000161776 nova-conductor[109553]: DEBUG nova.service [None req-c24e7e2f-cf2f-49a3-a243-4fe0360de90d None None] Creating RPC server for service: nova-conductor on topic: conductor {{(pid=109553) start /opt/stack/nova/nova/service.py:195}}
Mar 31 00:51:37.331518 np0000161776 nova-conductor[109547]: DEBUG nova.service [None req-97b4b51a-35c7-4fcd-a200-5ebc024c20c6 None None] Join ServiceGroup membership for this service conductor {{(pid=109547) start /opt/stack/nova/nova/service.py:221}}
Mar 31 00:51:37.331518 np0000161776 nova-conductor[109547]: DEBUG nova.servicegroup.drivers.db [None req-97b4b51a-35c7-4fcd-a200-5ebc024c20c6 None None] DB_Driver: join new ServiceGroup member np0000161776 to the conductor group, service = {{(pid=109547) join /opt/stack/nova/nova/servicegroup/drivers/db.py:44}}
Mar 31 00:51:37.336597 np0000161776 nova-conductor[109568]: DEBUG dbcounter [-] [109568] Writer thread running {{(pid=109568) stat_writer /opt/stack/data/venv/lib/python3.12/site-packages/dbcounter.py:102}}
Mar 31 00:51:37.336665 np0000161776 nova-conductor[109561]: DEBUG nova.service [None req-7d86b179-005e-4418-884b-0abcd113ddc9 None None] Join ServiceGroup membership for this service conductor {{(pid=109561) start /opt/stack/nova/nova/service.py:221}}
Mar 31 00:51:37.336979 np0000161776 nova-conductor[109561]: DEBUG nova.servicegroup.drivers.db [None req-7d86b179-005e-4418-884b-0abcd113ddc9 None None] DB_Driver: join new ServiceGroup member np0000161776 to the conductor group, service = {{(pid=109561) join /opt/stack/nova/nova/servicegroup/drivers/db.py:44}}
Mar 31 00:51:37.339991 np0000161776 nova-conductor[109568]: DEBUG nova.service [None req-3fb814ef-1a2d-46d2-aa99-2b20bdc8c415 None None] Creating RPC server for service: nova-conductor on topic: conductor {{(pid=109568) start /opt/stack/nova/nova/service.py:195}}
Mar 31 00:51:37.344539 np0000161776 nova-conductor[109553]: DEBUG nova.service [None req-c24e7e2f-cf2f-49a3-a243-4fe0360de90d None None] Join ServiceGroup membership for this service conductor {{(pid=109553) start /opt/stack/nova/nova/service.py:221}}
Mar 31 00:51:37.344739 np0000161776 nova-conductor[109553]: DEBUG nova.servicegroup.drivers.db [None req-c24e7e2f-cf2f-49a3-a243-4fe0360de90d None None] DB_Driver: join new ServiceGroup member np0000161776 to the conductor group, service = {{(pid=109553) join /opt/stack/nova/nova/servicegroup/drivers/db.py:44}}
Mar 31 00:51:37.358705 np0000161776 nova-conductor[109568]: DEBUG nova.service [None req-3fb814ef-1a2d-46d2-aa99-2b20bdc8c415 None None] Join ServiceGroup membership for this service conductor {{(pid=109568) start /opt/stack/nova/nova/service.py:221}}
Mar 31 00:51:37.359069 np0000161776 nova-conductor[109568]: DEBUG nova.servicegroup.drivers.db [None req-3fb814ef-1a2d-46d2-aa99-2b20bdc8c415 None None] DB_Driver: join new ServiceGroup member np0000161776 to the conductor group, service = {{(pid=109568) join /opt/stack/nova/nova/servicegroup/drivers/db.py:44}}
Mar 31 00:51:42.353042 np0000161776 nova-conductor[109547]: DEBUG oslo.service.backend._threading.loopingcall [-] Fixed interval looping call 'nova.servicegroup.drivers.db.DbDriver._report_state' sleeping for 119.98 seconds {{(pid=109547) _run_loop /opt/stack/data/venv/lib/python3.12/site-packages/oslo_service/backend/_threading/loopingcall.py:125}}
Mar 31 00:51:42.358084 np0000161776 nova-conductor[109561]: DEBUG oslo.service.backend._threading.loopingcall [-] Fixed interval looping call 'nova.servicegroup.drivers.db.DbDriver._report_state' sleeping for 119.98 seconds {{(pid=109561) _run_loop /opt/stack/data/venv/lib/python3.12/site-packages/oslo_service/backend/_threading/loopingcall.py:125}}
Mar 31 00:51:42.359126 np0000161776 nova-conductor[109553]: DEBUG oslo.service.backend._threading.loopingcall [-] Fixed interval looping call 'nova.servicegroup.drivers.db.DbDriver._report_state' sleeping for 119.99 seconds {{(pid=109553) _run_loop /opt/stack/data/venv/lib/python3.12/site-packages/oslo_service/backend/_threading/loopingcall.py:125}}
Mar 31 00:51:42.374994 np0000161776 nova-conductor[109568]: DEBUG oslo.service.backend._threading.loopingcall [-] Fixed interval looping call 'nova.servicegroup.drivers.db.DbDriver._report_state' sleeping for 119.99 seconds {{(pid=109568) _run_loop /opt/stack/data/venv/lib/python3.12/site-packages/oslo_service/backend/_threading/loopingcall.py:125}}
Mar 31 00:51:45.974724 np0000161776 nova-conductor[108801]: DEBUG dbcounter [-] [108801] Writing DB stats nova_api:SELECT=1 {{(pid=108801) stat_writer /opt/stack/data/venv/lib/python3.12/site-packages/dbcounter.py:115}}
Mar 31 00:51:46.068326 np0000161776 nova-conductor[108801]: DEBUG dbcounter [-] [108801] Writing DB stats nova_cell0:SELECT=1 {{(pid=108801) stat_writer /opt/stack/data/venv/lib/python3.12/site-packages/dbcounter.py:115}}
Mar 31 00:51:46.072180 np0000161776 nova-conductor[108801]: DEBUG dbcounter [-] [108801] Writing DB stats nova_cell1:SELECT=1 {{(pid=108801) stat_writer /opt/stack/data/venv/lib/python3.12/site-packages/dbcounter.py:115}}
Mar 31 00:51:52.340103 np0000161776 nova-conductor[109561]: DEBUG oslo.service.backend._threading.loopingcall [None req-a48e7baa-5c0a-4726-b7c1-7755fcea6e3e None None] Dynamic interval looping call 'nova.service.Service.periodic_tasks' sleeping for 60.00 seconds {{(pid=109561) _run_loop /opt/stack/data/venv/lib/python3.12/site-packages/oslo_service/backend/_threading/loopingcall.py:125}}
Mar 31 00:51:52.342640 np0000161776 nova-conductor[109547]: DEBUG dbcounter [-] [109547] Writing DB stats nova_cell0:SELECT=4,nova_cell0:INSERT=1,nova_cell0:UPDATE=1 {{(pid=109547) stat_writer /opt/stack/data/venv/lib/python3.12/site-packages/dbcounter.py:115}}
Mar 31 00:51:52.353740 np0000161776 nova-conductor[109561]: DEBUG dbcounter [-] [109561] Writing DB stats nova_cell0:SELECT=3 {{(pid=109561) stat_writer /opt/stack/data/venv/lib/python3.12/site-packages/dbcounter.py:115}}
Mar 31 00:51:52.355985 np0000161776 nova-conductor[109553]: DEBUG dbcounter [-] [109553] Writing DB stats nova_cell0:SELECT=3 {{(pid=109553) stat_writer /opt/stack/data/venv/lib/python3.12/site-packages/dbcounter.py:115}}
Mar 31 00:51:52.371238 np0000161776 nova-conductor[109568]: DEBUG dbcounter [-] [109568] Writing DB stats nova_cell0:SELECT=3 {{(pid=109568) stat_writer /opt/stack/data/venv/lib/python3.12/site-packages/dbcounter.py:115}}
Mar 31 00:52:12.347485 np0000161776 nova-conductor[109553]: DEBUG oslo.service.backend._threading.loopingcall [None req-37ef3b9e-5ebb-4dc3-8c1c-c7c82a9265b7 None None] Dynamic interval looping call 'nova.service.Service.periodic_tasks' sleeping for 60.00 seconds {{(pid=109553) _run_loop /opt/stack/data/venv/lib/python3.12/site-packages/oslo_service/backend/_threading/loopingcall.py:125}}
Mar 31 00:52:18.362607 np0000161776 nova-conductor[109568]: DEBUG oslo.service.backend._threading.loopingcall [None req-2d274b8b-32fa-4619-b3dd-11a29cf2e2bf None None] Dynamic interval looping call 'nova.service.Service.periodic_tasks' sleeping for 60.00 seconds {{(pid=109568) _run_loop /opt/stack/data/venv/lib/python3.12/site-packages/oslo_service/backend/_threading/loopingcall.py:125}}
Mar 31 00:52:28.333200 np0000161776 nova-conductor[109547]: DEBUG oslo.service.backend._threading.loopingcall [None req-266ff714-8a1b-47c0-9784-04f8130d25b0 None None] Dynamic interval looping call 'nova.service.Service.periodic_tasks' sleeping for 60.00 seconds {{(pid=109547) _run_loop /opt/stack/data/venv/lib/python3.12/site-packages/oslo_service/backend/_threading/loopingcall.py:125}}
Mar 31 00:52:52.341024 np0000161776 nova-conductor[109561]: DEBUG oslo.service.backend._threading.loopingcall [None req-a48e7baa-5c0a-4726-b7c1-7755fcea6e3e None None] Dynamic interval looping call 'nova.service.Service.periodic_tasks' sleeping for 60.00 seconds {{(pid=109561) _run_loop /opt/stack/data/venv/lib/python3.12/site-packages/oslo_service/backend/_threading/loopingcall.py:125}}
Mar 31 00:53:12.348192 np0000161776 nova-conductor[109553]: DEBUG oslo.service.backend._threading.loopingcall [None req-37ef3b9e-5ebb-4dc3-8c1c-c7c82a9265b7 None None] Dynamic interval looping call 'nova.service.Service.periodic_tasks' sleeping for 60.00 seconds {{(pid=109553) _run_loop /opt/stack/data/venv/lib/python3.12/site-packages/oslo_service/backend/_threading/loopingcall.py:125}}
Mar 31 00:53:18.365040 np0000161776 nova-conductor[109568]: DEBUG oslo.service.backend._threading.loopingcall [None req-2d274b8b-32fa-4619-b3dd-11a29cf2e2bf None None] Dynamic interval looping call 'nova.service.Service.periodic_tasks' sleeping for 60.00 seconds {{(pid=109568) _run_loop /opt/stack/data/venv/lib/python3.12/site-packages/oslo_service/backend/_threading/loopingcall.py:125}}
Mar 31 00:53:28.333935 np0000161776 nova-conductor[109547]: DEBUG oslo.service.backend._threading.loopingcall [None req-266ff714-8a1b-47c0-9784-04f8130d25b0 None None] Dynamic interval looping call 'nova.service.Service.periodic_tasks' sleeping for 60.00 seconds {{(pid=109547) _run_loop /opt/stack/data/venv/lib/python3.12/site-packages/oslo_service/backend/_threading/loopingcall.py:125}}
Mar 31 00:53:42.346836 np0000161776 nova-conductor[109561]: DEBUG oslo.service.backend._threading.loopingcall [-] Fixed interval looping call 'nova.servicegroup.drivers.db.DbDriver._report_state' sleeping for 119.99 seconds {{(pid=109561) _run_loop /opt/stack/data/venv/lib/python3.12/site-packages/oslo_service/backend/_threading/loopingcall.py:125}}
Mar 31 00:53:42.347660 np0000161776 nova-conductor[109547]: DEBUG oslo.service.backend._threading.loopingcall [-] Fixed interval looping call 'nova.servicegroup.drivers.db.DbDriver._report_state' sleeping for 119.99 seconds {{(pid=109547) _run_loop /opt/stack/data/venv/lib/python3.12/site-packages/oslo_service/backend/_threading/loopingcall.py:125}}
Mar 31 00:53:42.356496 np0000161776 nova-conductor[109553]: DEBUG oslo.service.backend._threading.loopingcall [-] Fixed interval looping call 'nova.servicegroup.drivers.db.DbDriver._report_state' sleeping for 119.99 seconds {{(pid=109553) _run_loop /opt/stack/data/venv/lib/python3.12/site-packages/oslo_service/backend/_threading/loopingcall.py:125}}
Mar 31 00:53:42.374153 np0000161776 nova-conductor[109568]: DEBUG oslo.service.backend._threading.loopingcall [-] Fixed interval looping call 'nova.servicegroup.drivers.db.DbDriver._report_state' sleeping for 119.99 seconds {{(pid=109568) _run_loop /opt/stack/data/venv/lib/python3.12/site-packages/oslo_service/backend/_threading/loopingcall.py:125}}
Mar 31 00:53:52.340667 np0000161776 nova-conductor[109547]: DEBUG dbcounter [-] [109547] Writing DB stats nova_cell0:SELECT=1,nova_cell0:UPDATE=1 {{(pid=109547) stat_writer /opt/stack/data/venv/lib/python3.12/site-packages/dbcounter.py:115}}
Mar 31 00:53:52.341841 np0000161776 nova-conductor[109561]: DEBUG oslo.service.backend._threading.loopingcall [None req-a48e7baa-5c0a-4726-b7c1-7755fcea6e3e None None] Dynamic interval looping call 'nova.service.Service.periodic_tasks' sleeping for 60.00 seconds {{(pid=109561) _run_loop /opt/stack/data/venv/lib/python3.12/site-packages/oslo_service/backend/_threading/loopingcall.py:125}}
Mar 31 00:53:52.344983 np0000161776 nova-conductor[109561]: DEBUG dbcounter [-] [109561] Writing DB stats nova_cell0:SELECT=1,nova_cell0:UPDATE=1 {{(pid=109561) stat_writer /opt/stack/data/venv/lib/python3.12/site-packages/dbcounter.py:115}}
Mar 31 00:53:52.352996 np0000161776 nova-conductor[109553]: DEBUG dbcounter [-] [109553] Writing DB stats nova_cell0:SELECT=1 {{(pid=109553) stat_writer /opt/stack/data/venv/lib/python3.12/site-packages/dbcounter.py:115}}
Mar 31 00:53:52.369637 np0000161776 nova-conductor[109568]: DEBUG dbcounter [-] [109568] Writing DB stats nova_cell0:SELECT=1 {{(pid=109568) stat_writer /opt/stack/data/venv/lib/python3.12/site-packages/dbcounter.py:115}}
Mar 31 00:54:12.348941 np0000161776 nova-conductor[109553]: DEBUG oslo.service.backend._threading.loopingcall [None req-37ef3b9e-5ebb-4dc3-8c1c-c7c82a9265b7 None None] Dynamic interval looping call 'nova.service.Service.periodic_tasks' sleeping for 60.00 seconds {{(pid=109553) _run_loop /opt/stack/data/venv/lib/python3.12/site-packages/oslo_service/backend/_threading/loopingcall.py:125}}
Mar 31 00:54:18.365792 np0000161776 nova-conductor[109568]: DEBUG oslo.service.backend._threading.loopingcall [None req-2d274b8b-32fa-4619-b3dd-11a29cf2e2bf None None] Dynamic interval looping call 'nova.service.Service.periodic_tasks' sleeping for 60.00 seconds {{(pid=109568) _run_loop /opt/stack/data/venv/lib/python3.12/site-packages/oslo_service/backend/_threading/loopingcall.py:125}}
Mar 31 00:54:28.334519 np0000161776 nova-conductor[109547]: DEBUG oslo.service.backend._threading.loopingcall [None req-266ff714-8a1b-47c0-9784-04f8130d25b0 None None] Dynamic interval looping call 'nova.service.Service.periodic_tasks' sleeping for 60.00 seconds {{(pid=109547) _run_loop /opt/stack/data/venv/lib/python3.12/site-packages/oslo_service/backend/_threading/loopingcall.py:125}}
Mar 31 00:54:52.342735 np0000161776 nova-conductor[109561]: DEBUG oslo.service.backend._threading.loopingcall [None req-a48e7baa-5c0a-4726-b7c1-7755fcea6e3e None None] Dynamic interval looping call 'nova.service.Service.periodic_tasks' sleeping for 60.00 seconds {{(pid=109561) _run_loop /opt/stack/data/venv/lib/python3.12/site-packages/oslo_service/backend/_threading/loopingcall.py:125}}
Mar 31 00:55:12.350009 np0000161776 nova-conductor[109553]: DEBUG oslo.service.backend._threading.loopingcall [None req-37ef3b9e-5ebb-4dc3-8c1c-c7c82a9265b7 None None] Dynamic interval looping call 'nova.service.Service.periodic_tasks' sleeping for 60.00 seconds {{(pid=109553) _run_loop /opt/stack/data/venv/lib/python3.12/site-packages/oslo_service/backend/_threading/loopingcall.py:125}}
Mar 31 00:55:18.366983 np0000161776 nova-conductor[109568]: DEBUG oslo.service.backend._threading.loopingcall [None req-2d274b8b-32fa-4619-b3dd-11a29cf2e2bf None None] Dynamic interval looping call 'nova.service.Service.periodic_tasks' sleeping for 60.00 seconds {{(pid=109568) _run_loop /opt/stack/data/venv/lib/python3.12/site-packages/oslo_service/backend/_threading/loopingcall.py:125}}
Mar 31 00:55:28.336419 np0000161776 nova-conductor[109547]: DEBUG oslo.service.backend._threading.loopingcall [None req-266ff714-8a1b-47c0-9784-04f8130d25b0 None None] Dynamic interval looping call 'nova.service.Service.periodic_tasks' sleeping for 60.00 seconds {{(pid=109547) _run_loop /opt/stack/data/venv/lib/python3.12/site-packages/oslo_service/backend/_threading/loopingcall.py:125}}
Mar 31 00:55:42.349144 np0000161776 nova-conductor[109547]: DEBUG oslo.service.backend._threading.loopingcall [-] Fixed interval looping call 'nova.servicegroup.drivers.db.DbDriver._report_state' sleeping for 119.99 seconds {{(pid=109547) _run_loop /opt/stack/data/venv/lib/python3.12/site-packages/oslo_service/backend/_threading/loopingcall.py:125}}
Mar 31 00:55:42.349727 np0000161776 nova-conductor[109561]: DEBUG oslo.service.backend._threading.loopingcall [-] Fixed interval looping call 'nova.servicegroup.drivers.db.DbDriver._report_state' sleeping for 119.99 seconds {{(pid=109561) _run_loop /opt/stack/data/venv/lib/python3.12/site-packages/oslo_service/backend/_threading/loopingcall.py:125}}
Mar 31 00:55:42.352222 np0000161776 nova-conductor[109553]: DEBUG oslo.service.backend._threading.loopingcall [-] Fixed interval looping call 'nova.servicegroup.drivers.db.DbDriver._report_state' sleeping for 119.99 seconds {{(pid=109553) _run_loop /opt/stack/data/venv/lib/python3.12/site-packages/oslo_service/backend/_threading/loopingcall.py:125}}
Mar 31 00:55:42.369908 np0000161776 nova-conductor[109568]: DEBUG oslo.service.backend._threading.loopingcall [-] Fixed interval looping call 'nova.servicegroup.drivers.db.DbDriver._report_state' sleeping for 119.99 seconds {{(pid=109568) _run_loop /opt/stack/data/venv/lib/python3.12/site-packages/oslo_service/backend/_threading/loopingcall.py:125}}
Mar 31 00:55:46.734858 np0000161776 nova-conductor[109547]: INFO nova.utils [None req-18fdfb27-9d18-491f-a2d1-f7d5b043ba81 demo demo] The cell worker thread pool ForkProcess-1.cell_worker is initialized
Mar 31 00:55:46.735585 np0000161776 nova-conductor[109547]: DEBUG oslo_concurrency.lockutils [None req-18fdfb27-9d18-491f-a2d1-f7d5b043ba81 demo demo] Acquiring lock "09817e6f-2584-452c-98e4-2dee8b284d69" by "nova.context.set_target_cell..get_or_set_cached_cell_and_set_connections" {{(pid=109547) inner /opt/stack/data/venv/lib/python3.12/site-packages/oslo_concurrency/lockutils.py:506}}
Mar 31 00:55:46.736102 np0000161776 nova-conductor[109547]: DEBUG oslo_concurrency.lockutils [None req-18fdfb27-9d18-491f-a2d1-f7d5b043ba81 demo demo] Lock "09817e6f-2584-452c-98e4-2dee8b284d69" acquired by "nova.context.set_target_cell..get_or_set_cached_cell_and_set_connections" :: waited 0.001s {{(pid=109547) inner /opt/stack/data/venv/lib/python3.12/site-packages/oslo_concurrency/lockutils.py:519}}
