Jun 29 15:31:15.599798 np0000183478 neutron-rpc-server[104798]: DEBUG cotyledon.oslo_config_glue [-] ovn.enable_distributed_floating_ip = False {{(pid=104798) log_opt_values /opt/stack/data/venv/lib/python3.12/site-packages/oslo_config/cfg.py:3253}}
Jun 29 15:31:15.599857 np0000183478 neutron-rpc-server[104798]: DEBUG cotyledon.oslo_config_glue [-] ovn.fdb_age_threshold = 300 {{(pid=104798) log_opt_values /opt/stack/data/venv/lib/python3.12/site-packages/oslo_config/cfg.py:3253}}
Jun 29 15:31:15.599917 np0000183478 neutron-rpc-server[104798]: DEBUG cotyledon.oslo_config_glue [-] ovn.ha_failover_strategy = normal {{(pid=104798) log_opt_values /opt/stack/data/venv/lib/python3.12/site-packages/oslo_config/cfg.py:3253}}
Jun 29 15:31:15.599982 np0000183478 neutron-rpc-server[104798]: DEBUG cotyledon.oslo_config_glue [-] ovn.live_migration_activation_strategy = rarp {{(pid=104798) log_opt_values /opt/stack/data/venv/lib/python3.12/site-packages/oslo_config/cfg.py:3253}}
Jun 29 15:31:15.600044 np0000183478 neutron-rpc-server[104798]: DEBUG cotyledon.oslo_config_glue [-] ovn.localnet_learn_fdb = False {{(pid=104798) log_opt_values /opt/stack/data/venv/lib/python3.12/site-packages/oslo_config/cfg.py:3253}}
Jun 29 15:31:15.600108 np0000183478 neutron-rpc-server[104798]: DEBUG cotyledon.oslo_config_glue [-] ovn.mac_binding_age_threshold = 300 {{(pid=104798) log_opt_values /opt/stack/data/venv/lib/python3.12/site-packages/oslo_config/cfg.py:3253}}
Jun 29 15:31:15.600148 np0000183478 neutron-rpc-server[104798]: DEBUG cotyledon.oslo_config_glue [-] ovn.neutron_sync_mode = log {{(pid=104798) log_opt_values /opt/stack/data/venv/lib/python3.12/site-packages/oslo_config/cfg.py:3253}}
Jun 29 15:31:15.600228 np0000183478 neutron-rpc-server[104798]: DEBUG cotyledon.oslo_config_glue [-] ovn.ovn_dhcp4_global_options = {} {{(pid=104798) log_opt_values /opt/stack/data/venv/lib/python3.12/site-packages/oslo_config/cfg.py:3253}}
Jun 29 15:31:15.600304 np0000183478 neutron-rpc-server[104798]: DEBUG cotyledon.oslo_config_glue [-] ovn.ovn_dhcp6_global_options = {} {{(pid=104798) log_opt_values /opt/stack/data/venv/lib/python3.12/site-packages/oslo_config/cfg.py:3253}}
Jun 29 15:31:15.600369 np0000183478 neutron-rpc-server[104798]: DEBUG cotyledon.oslo_config_glue [-] ovn.ovn_l3_scheduler = leastloaded {{(pid=104798) log_opt_values /opt/stack/data/venv/lib/python3.12/site-packages/oslo_config/cfg.py:3253}}
Jun 29 15:31:15.600415 np0000183478 neutron-rpc-server[104773]: ERROR neutron.plugins.ml2.drivers.ovn.mech_driver.ovsdb.ovsdb_monitor [None req-ea6be43b-ead2-46cf-8df9-c4e8590ef1d0 None None] The Neutron API workers count is zero: RuntimeError: The Neutron API workers count is zero
Jun 29 15:31:15.600415 np0000183478 neutron-rpc-server[104773]: ERROR neutron.plugins.ml2.drivers.ovn.mech_driver.ovsdb.ovsdb_monitor
Traceback (most recent call last):
Jun 29 15:31:15.600415 np0000183478 neutron-rpc-server[104773]: ERROR neutron.plugins.ml2.drivers.ovn.mech_driver.ovsdb.ovsdb_monitor
File "/opt/stack/neutron/neutron/plugins/ml2/drivers/ovn/mech_driver/ovsdb/ovsdb_monitor.py", line 989, in notify
Jun 29 15:31:15.600415 np0000183478 neutron-rpc-server[104773]: ERROR neutron.plugins.ml2.drivers.ovn.mech_driver.ovsdb.ovsdb_monitor target_node, node_last_touch = self._hash_ring.get_node(
Jun 29 15:31:15.600415 np0000183478 neutron-rpc-server[104773]: ERROR neutron.plugins.ml2.drivers.ovn.mech_driver.ovsdb.ovsdb_monitor ^^^^^^^^^^^^^^^^^^^^^^^^^
Jun 29 15:31:15.600415 np0000183478 neutron-rpc-server[104773]: ERROR neutron.plugins.ml2.drivers.ovn.mech_driver.ovsdb.ovsdb_monitor
File "/opt/stack/neutron/neutron/common/ovn/hash_ring_manager.py", line 117, in get_node
Jun 29 15:31:15.600415 np0000183478 neutron-rpc-server[104773]: ERROR neutron.plugins.ml2.drivers.ovn.mech_driver.ovsdb.ovsdb_monitor self._load_hash_ring()
Jun 29 15:31:15.600415 np0000183478 neutron-rpc-server[104773]: ERROR neutron.plugins.ml2.drivers.ovn.mech_driver.ovsdb.ovsdb_monitor
File "/opt/stack/neutron/neutron/common/ovn/hash_ring_manager.py", line 95, in _load_hash_ring
Jun 29 15:31:15.600415 np0000183478 neutron-rpc-server[104773]: ERROR neutron.plugins.ml2.drivers.ovn.mech_driver.ovsdb.ovsdb_monitor self._wait_startup_before_caching or
Jun 29 15:31:15.600415 np0000183478 neutron-rpc-server[104773]: ERROR neutron.plugins.ml2.drivers.ovn.mech_driver.ovsdb.ovsdb_monitor ^^^^^^^^^^^^^^^^^^^^^^^^^^^^^^^^^
Jun 29 15:31:15.600415 np0000183478 neutron-rpc-server[104773]: ERROR neutron.plugins.ml2.drivers.ovn.mech_driver.ovsdb.ovsdb_monitor
File "/opt/stack/neutron/neutron/common/ovn/hash_ring_manager.py", line 63, in _wait_startup_before_caching
Jun 29 15:31:15.600415 np0000183478 neutron-rpc-server[104773]: ERROR neutron.plugins.ml2.drivers.ovn.mech_driver.ovsdb.ovsdb_monitor raise RuntimeError(msg)
Jun 29 15:31:15.600415 np0000183478 neutron-rpc-server[104773]: ERROR neutron.plugins.ml2.drivers.ovn.mech_driver.ovsdb.ovsdb_monitor RuntimeError: The Neutron API workers count is zero
Jun 29 15:31:15.600700 np0000183478 neutron-rpc-server[104773]: ERROR neutron.plugins.ml2.drivers.ovn.mech_driver.ovsdb.ovsdb_monitor
Jun 29 15:31:15.600732 np0000183478 neutron-rpc-server[104798]: DEBUG cotyledon.oslo_config_glue [-] ovn.ovn_metadata_enabled = True {{(pid=104798) log_opt_values /opt/stack/data/venv/lib/python3.12/site-packages/oslo_config/cfg.py:3253}}
Jun 29 15:31:15.600732 np0000183478 neutron-rpc-server[104798]: DEBUG cotyledon.oslo_config_glue [-] ovn.ovn_nb_ca_cert = /opt/stack/data/CA/int-ca/ca-chain.pem {{(pid=104798) log_opt_values /opt/stack/data/venv/lib/python3.12/site-packages/oslo_config/cfg.py:3253}}
Jun 29 15:31:15.600792 np0000183478 neutron-rpc-server[104773]: ERROR neutron.common.ovn.hash_ring_manager [None req-ea6be43b-ead2-46cf-8df9-c4e8590ef1d0 None None] The Neutron API workers count is zero
Jun 29 15:31:15.600824 np0000183478 neutron-rpc-server[104798]: DEBUG cotyledon.oslo_config_glue [-] ovn.ovn_nb_certificate = /opt/stack/data/CA/int-ca/devstack-cert.crt {{(pid=104798) log_opt_values /opt/stack/data/venv/lib/python3.12/site-packages/oslo_config/cfg.py:3253}}
Jun 29 15:31:15.600824 np0000183478 neutron-rpc-server[104798]: DEBUG cotyledon.oslo_config_glue [-] ovn.ovn_nb_connection = ['ssl:199.19.213.63:6641'] {{(pid=104798) log_opt_values /opt/stack/data/venv/lib/python3.12/site-packages/oslo_config/cfg.py:3253}}
Jun 29 15:31:15.600824 np0000183478 neutron-rpc-server[104798]: DEBUG cotyledon.oslo_config_glue [-] ovn.ovn_nb_private_key = /opt/stack/data/CA/int-ca/private/devstack-cert.key {{(pid=104798) log_opt_values /opt/stack/data/venv/lib/python3.12/site-packages/oslo_config/cfg.py:3253}}
Jun 29 15:31:15.600824 np0000183478 neutron-rpc-server[104798]: DEBUG cotyledon.oslo_config_glue [-] ovn.ovn_router_indirect_snat = True {{(pid=104798) log_opt_values /opt/stack/data/venv/lib/python3.12/site-packages/oslo_config/cfg.py:3253}}
Jun 29 15:31:15.600824 np0000183478 neutron-rpc-server[104798]: DEBUG cotyledon.oslo_config_glue [-] ovn.ovn_sb_ca_cert = /opt/stack/data/CA/int-ca/ca-chain.pem {{(pid=104798) log_opt_values /opt/stack/data/venv/lib/python3.12/site-packages/oslo_config/cfg.py:3253}}
Jun 29 15:31:15.600981 np0000183478 neutron-rpc-server[104773]: ERROR neutron.plugins.ml2.drivers.ovn.mech_driver.ovsdb.ovsdb_monitor [None req-ea6be43b-ead2-46cf-8df9-c4e8590ef1d0 None None] The Neutron API workers count is zero: RuntimeError: The Neutron API workers count is zero
Jun 29 15:31:15.600981 np0000183478 neutron-rpc-server[104773]: ERROR neutron.plugins.ml2.drivers.ovn.mech_driver.ovsdb.ovsdb_monitor
Traceback (most recent call last):
Jun 29 15:31:15.600981 np0000183478 neutron-rpc-server[104773]: ERROR neutron.plugins.ml2.drivers.ovn.mech_driver.ovsdb.ovsdb_monitor
File "/opt/stack/neutron/neutron/plugins/ml2/drivers/ovn/mech_driver/ovsdb/ovsdb_monitor.py", line 989, in notify
Jun 29 15:31:15.600981 np0000183478 neutron-rpc-server[104773]: ERROR neutron.plugins.ml2.drivers.ovn.mech_driver.ovsdb.ovsdb_monitor target_node, node_last_touch = self._hash_ring.get_node(
Jun 29 15:31:15.600981 np0000183478 neutron-rpc-server[104773]: ERROR neutron.plugins.ml2.drivers.ovn.mech_driver.ovsdb.ovsdb_monitor ^^^^^^^^^^^^^^^^^^^^^^^^^
Jun 29 15:31:15.600981 np0000183478 neutron-rpc-server[104773]: ERROR neutron.plugins.ml2.drivers.ovn.mech_driver.ovsdb.ovsdb_monitor
File "/opt/stack/neutron/neutron/common/ovn/hash_ring_manager.py", line 117, in get_node
Jun 29 15:31:15.600981 np0000183478 neutron-rpc-server[104773]: ERROR neutron.plugins.ml2.drivers.ovn.mech_driver.ovsdb.ovsdb_monitor self._load_hash_ring()
Jun 29 15:31:15.600981 np0000183478 neutron-rpc-server[104773]: ERROR neutron.plugins.ml2.drivers.ovn.mech_driver.ovsdb.ovsdb_monitor
File "/opt/stack/neutron/neutron/common/ovn/hash_ring_manager.py", line 95, in _load_hash_ring
Jun 29 15:31:15.600981 np0000183478 neutron-rpc-server[104773]: ERROR neutron.plugins.ml2.drivers.ovn.mech_driver.ovsdb.ovsdb_monitor self._wait_startup_before_caching or
Jun 29 15:31:15.600981 np0000183478 neutron-rpc-server[104773]: ERROR neutron.plugins.ml2.drivers.ovn.mech_driver.ovsdb.ovsdb_monitor ^^^^^^^^^^^^^^^^^^^^^^^^^^^^^^^^^
Jun 29 15:31:15.600981 np0000183478 neutron-rpc-server[104773]: ERROR neutron.plugins.ml2.drivers.ovn.mech_driver.ovsdb.ovsdb_monitor
File "/opt/stack/neutron/neutron/common/ovn/hash_ring_manager.py", line 63, in _wait_startup_before_caching
Jun 29 15:31:15.600981 np0000183478 neutron-rpc-server[104773]: ERROR neutron.plugins.ml2.drivers.ovn.mech_driver.ovsdb.ovsdb_monitor raise RuntimeError(msg)
Jun 29 15:31:15.600981 np0000183478 neutron-rpc-server[104773]: ERROR neutron.plugins.ml2.drivers.ovn.mech_driver.ovsdb.ovsdb_monitor RuntimeError: The Neutron API workers count is zero
Jun 29 15:31:15.601294 np0000183478 neutron-rpc-server[104773]: ERROR neutron.plugins.ml2.drivers.ovn.mech_driver.ovsdb.ovsdb_monitor
Jun 29 15:31:15.601323 np0000183478 neutron-rpc-server[104798]: DEBUG cotyledon.oslo_config_glue [-] ovn.ovn_sb_certificate = /opt/stack/data/CA/int-ca/devstack-cert.crt {{(pid=104798) log_opt_values /opt/stack/data/venv/lib/python3.12/site-packages/oslo_config/cfg.py:3253}}
Jun 29 15:31:15.601323 np0000183478 neutron-rpc-server[104798]: DEBUG cotyledon.oslo_config_glue [-] ovn.ovn_sb_connection = ['ssl:199.19.213.63:6642'] {{(pid=104798) log_opt_values /opt/stack/data/venv/lib/python3.12/site-packages/oslo_config/cfg.py:3253}}
Jun 29 15:31:15.601377 np0000183478 neutron-rpc-server[104773]: ERROR neutron.common.ovn.hash_ring_manager [None req-ea6be43b-ead2-46cf-8df9-c4e8590ef1d0 None None] The Neutron API workers count is zero
Jun 29 15:31:15.601408 np0000183478 neutron-rpc-server[104798]: DEBUG cotyledon.oslo_config_glue [-] ovn.ovn_sb_private_key = /opt/stack/data/CA/int-ca/private/devstack-cert.key {{(pid=104798) log_opt_values /opt/stack/data/venv/lib/python3.12/site-packages/oslo_config/cfg.py:3253}}
Jun 29 15:31:15.601408 np0000183478 neutron-rpc-server[104798]: DEBUG cotyledon.oslo_config_glue [-] ovn.ovs_create_tap = False {{(pid=104798) log_opt_values /opt/stack/data/venv/lib/python3.12/site-packages/oslo_config/cfg.py:3253}}
Jun 29 15:31:15.601408 np0000183478 neutron-rpc-server[104798]: DEBUG cotyledon.oslo_config_glue [-] ovn.ovsdb_connection_timeout = 180 {{(pid=104798) log_opt_values /opt/stack/data/venv/lib/python3.12/site-packages/oslo_config/cfg.py:3253}}
Jun 29 15:31:15.601408 np0000183478 neutron-rpc-server[104798]: DEBUG cotyledon.oslo_config_glue [-] ovn.ovsdb_log_level = INFO {{(pid=104798) log_opt_values /opt/stack/data/venv/lib/python3.12/site-packages/oslo_config/cfg.py:3253}}
Jun 29 15:31:15.601408 np0000183478 neutron-rpc-server[104798]: DEBUG cotyledon.oslo_config_glue [-] ovn.ovsdb_probe_interval = 60000 {{(pid=104798) log_opt_values /opt/stack/data/venv/lib/python3.12/site-packages/oslo_config/cfg.py:3253}}
Jun 29 15:31:15.601555 np0000183478 neutron-rpc-server[104773]: ERROR neutron.plugins.ml2.drivers.ovn.mech_driver.ovsdb.ovsdb_monitor [None req-ea6be43b-ead2-46cf-8df9-c4e8590ef1d0 None None] The Neutron API workers count is zero: RuntimeError: The Neutron API workers count is zero
Jun 29 15:31:15.601555 np0000183478 neutron-rpc-server[104773]: ERROR neutron.plugins.ml2.drivers.ovn.mech_driver.ovsdb.ovsdb_monitor
Traceback (most recent call last):
Jun 29 15:31:15.601555 np0000183478 neutron-rpc-server[104773]: ERROR neutron.plugins.ml2.drivers.ovn.mech_driver.ovsdb.ovsdb_monitor
File "/opt/stack/neutron/neutron/plugins/ml2/drivers/ovn/mech_driver/ovsdb/ovsdb_monitor.py", line 989, in notify
Jun 29 15:31:15.601555 np0000183478 neutron-rpc-server[104773]: ERROR neutron.plugins.ml2.drivers.ovn.mech_driver.ovsdb.ovsdb_monitor target_node, node_last_touch = self._hash_ring.get_node(
Jun 29 15:31:15.601555 np0000183478 neutron-rpc-server[104773]: ERROR neutron.plugins.ml2.drivers.ovn.mech_driver.ovsdb.ovsdb_monitor ^^^^^^^^^^^^^^^^^^^^^^^^^
Jun 29 15:31:15.601555 np0000183478 neutron-rpc-server[104773]: ERROR neutron.plugins.ml2.drivers.ovn.mech_driver.ovsdb.ovsdb_monitor
File "/opt/stack/neutron/neutron/common/ovn/hash_ring_manager.py", line 117, in get_node
Jun 29 15:31:15.601555 np0000183478 neutron-rpc-server[104773]: ERROR neutron.plugins.ml2.drivers.ovn.mech_driver.ovsdb.ovsdb_monitor self._load_hash_ring()
Jun 29 15:31:15.601555 np0000183478 neutron-rpc-server[104773]: ERROR neutron.plugins.ml2.drivers.ovn.mech_driver.ovsdb.ovsdb_monitor
File "/opt/stack/neutron/neutron/common/ovn/hash_ring_manager.py", line 95, in _load_hash_ring
Jun 29 15:31:15.601555 np0000183478 neutron-rpc-server[104773]: ERROR neutron.plugins.ml2.drivers.ovn.mech_driver.ovsdb.ovsdb_monitor self._wait_startup_before_caching or
Jun 29 15:31:15.601555 np0000183478 neutron-rpc-server[104773]: ERROR neutron.plugins.ml2.drivers.ovn.mech_driver.ovsdb.ovsdb_monitor ^^^^^^^^^^^^^^^^^^^^^^^^^^^^^^^^^
Jun 29 15:31:15.601555 np0000183478 neutron-rpc-server[104773]: ERROR neutron.plugins.ml2.drivers.ovn.mech_driver.ovsdb.ovsdb_monitor
File "/opt/stack/neutron/neutron/common/ovn/hash_ring_manager.py", line 63, in _wait_startup_before_caching
Jun 29 15:31:15.601555 np0000183478 neutron-rpc-server[104773]: ERROR neutron.plugins.ml2.drivers.ovn.mech_driver.ovsdb.ovsdb_monitor raise RuntimeError(msg)
Jun 29 15:31:15.601555 np0000183478 neutron-rpc-server[104773]: ERROR neutron.plugins.ml2.drivers.ovn.mech_driver.ovsdb.ovsdb_monitor RuntimeError: The Neutron API workers count is zero
Jun 29 15:31:15.601794 np0000183478 neutron-rpc-server[104773]: ERROR neutron.plugins.ml2.drivers.ovn.mech_driver.ovsdb.ovsdb_monitor
Jun 29 15:31:15.601820 np0000183478 neutron-rpc-server[104798]: DEBUG cotyledon.oslo_config_glue [-] ovn.ovsdb_retry_max_interval = 180 {{(pid=104798) log_opt_values /opt/stack/data/venv/lib/python3.12/site-packages/oslo_config/cfg.py:3253}}
Jun 29 15:31:15.601820 np0000183478 neutron-rpc-server[104798]: DEBUG cotyledon.oslo_config_glue [-] ovn.stateless_nat_enabled = False {{(pid=104798) log_opt_values /opt/stack/data/venv/lib/python3.12/site-packages/oslo_config/cfg.py:3253}}
Jun 29 15:31:15.601923 np0000183478 neutron-rpc-server[104773]: ERROR neutron.common.ovn.hash_ring_manager [None req-ea6be43b-ead2-46cf-8df9-c4e8590ef1d0 None None] The Neutron API workers count is zero
Jun 29 15:31:15.601957 np0000183478 neutron-rpc-server[104798]: DEBUG cotyledon.oslo_config_glue [-] ovn.vhost_sock_dir = /var/run/openvswitch {{(pid=104798) log_opt_values /opt/stack/data/venv/lib/python3.12/site-packages/oslo_config/cfg.py:3253}}
Jun 29 15:31:15.601957 np0000183478 neutron-rpc-server[104798]: DEBUG cotyledon.oslo_config_glue [-] OVS.bridge_mac_table_size = 50000 {{(pid=104798) log_opt_values /opt/stack/data/venv/lib/python3.12/site-packages/oslo_config/cfg.py:3253}}
Jun 29 15:31:15.601957 np0000183478 neutron-rpc-server[104798]: DEBUG cotyledon.oslo_config_glue [-] OVS.igmp_flood = False {{(pid=104798) log_opt_values /opt/stack/data/venv/lib/python3.12/site-packages/oslo_config/cfg.py:3253}}
Jun 29 15:31:15.602040 np0000183478 neutron-rpc-server[104786]: DEBUG ovsdbapp.backend.ovs_idl [None req-d8bdec10-f5b5-4995-86a7-ff6b4ef5e370 None None] Created lookup_table index Logical_Switch.name {{(pid=104786) autocreate_indices /opt/stack/data/venv/lib/python3.12/site-packages/ovsdbapp/backend/ovs_idl/__init__.py:87}}
Jun 29 15:31:15.602070 np0000183478 neutron-rpc-server[104798]: DEBUG cotyledon.oslo_config_glue [-] OVS.igmp_flood_reports = True {{(pid=104798) log_opt_values /opt/stack/data/venv/lib/python3.12/site-packages/oslo_config/cfg.py:3253}}
Jun 29 15:31:15.602094 np0000183478 neutron-rpc-server[104773]: ERROR neutron.plugins.ml2.drivers.ovn.mech_driver.ovsdb.ovsdb_monitor [None req-ea6be43b-ead2-46cf-8df9-c4e8590ef1d0 None None] The Neutron API workers count is zero: RuntimeError: The Neutron API workers count is zero
Jun 29 15:31:15.602094 np0000183478 neutron-rpc-server[104773]: ERROR neutron.plugins.ml2.drivers.ovn.mech_driver.ovsdb.ovsdb_monitor
Traceback (most recent call last):
Jun 29 15:31:15.602094 np0000183478 neutron-rpc-server[104773]: ERROR neutron.plugins.ml2.drivers.ovn.mech_driver.ovsdb.ovsdb_monitor
File "/opt/stack/neutron/neutron/plugins/ml2/drivers/ovn/mech_driver/ovsdb/ovsdb_monitor.py", line 989, in notify
Jun 29 15:31:15.602094 np0000183478 neutron-rpc-server[104773]: ERROR neutron.plugins.ml2.drivers.ovn.mech_driver.ovsdb.ovsdb_monitor target_node, node_last_touch = self._hash_ring.get_node(
Jun 29 15:31:15.602094 np0000183478 neutron-rpc-server[104773]: ERROR neutron.plugins.ml2.drivers.ovn.mech_driver.ovsdb.ovsdb_monitor ^^^^^^^^^^^^^^^^^^^^^^^^^
Jun 29 15:31:15.602094 np0000183478 neutron-rpc-server[104773]: ERROR neutron.plugins.ml2.drivers.ovn.mech_driver.ovsdb.ovsdb_monitor
File "/opt/stack/neutron/neutron/common/ovn/hash_ring_manager.py", line 117, in get_node
Jun 29 15:31:15.602094 np0000183478 neutron-rpc-server[104773]: ERROR neutron.plugins.ml2.drivers.ovn.mech_driver.ovsdb.ovsdb_monitor self._load_hash_ring()
Jun 29 15:31:15.602094 np0000183478 neutron-rpc-server[104773]: ERROR neutron.plugins.ml2.drivers.ovn.mech_driver.ovsdb.ovsdb_monitor
File "/opt/stack/neutron/neutron/common/ovn/hash_ring_manager.py", line 95, in _load_hash_ring
Jun 29 15:31:15.602094 np0000183478 neutron-rpc-server[104773]: ERROR neutron.plugins.ml2.drivers.ovn.mech_driver.ovsdb.ovsdb_monitor self._wait_startup_before_caching or
Jun 29 15:31:15.602094 np0000183478 neutron-rpc-server[104773]: ERROR neutron.plugins.ml2.drivers.ovn.mech_driver.ovsdb.ovsdb_monitor ^^^^^^^^^^^^^^^^^^^^^^^^^^^^^^^^^
Jun 29 15:31:15.602094 np0000183478 neutron-rpc-server[104773]: ERROR neutron.plugins.ml2.drivers.ovn.mech_driver.ovsdb.ovsdb_monitor
File "/opt/stack/neutron/neutron/common/ovn/hash_ring_manager.py", line 63, in _wait_startup_before_caching
Jun 29 15:31:15.602094 np0000183478 neutron-rpc-server[104773]: ERROR neutron.plugins.ml2.drivers.ovn.mech_driver.ovsdb.ovsdb_monitor raise RuntimeError(msg)
Jun 29 15:31:15.602094 np0000183478 neutron-rpc-server[104773]: ERROR neutron.plugins.ml2.drivers.ovn.mech_driver.ovsdb.ovsdb_monitor RuntimeError: The Neutron API workers count is zero
Jun 29 15:31:15.602399 np0000183478 neutron-rpc-server[104773]: ERROR neutron.plugins.ml2.drivers.ovn.mech_driver.ovsdb.ovsdb_monitor
Jun 29 15:31:15.602438 np0000183478 neutron-rpc-server[104798]: DEBUG cotyledon.oslo_config_glue [-] OVS.igmp_flood_unregistered = False {{(pid=104798) log_opt_values /opt/stack/data/venv/lib/python3.12/site-packages/oslo_config/cfg.py:3253}}
Jun 29 15:31:15.602477 np0000183478 neutron-rpc-server[104786]: DEBUG ovsdbapp.backend.ovs_idl [None req-d8bdec10-f5b5-4995-86a7-ff6b4ef5e370 None None] Created lookup_table index Logical_Router.name {{(pid=104786) autocreate_indices /opt/stack/data/venv/lib/python3.12/site-packages/ovsdbapp/backend/ovs_idl/__init__.py:87}}
Jun 29 15:31:15.602516 np0000183478 neutron-rpc-server[104798]: DEBUG cotyledon.oslo_config_glue [-] OVS.igmp_snooping_enable = False {{(pid=104798) log_opt_values /opt/stack/data/venv/lib/python3.12/site-packages/oslo_config/cfg.py:3253}}
Jun 29 15:31:15.602516 np0000183478 neutron-rpc-server[104798]: DEBUG cotyledon.oslo_config_glue [-] OVS.ovsdb_timeout = 10 {{(pid=104798) log_opt_values /opt/stack/data/venv/lib/python3.12/site-packages/oslo_config/cfg.py:3253}}
Jun 29 15:31:15.602580 np0000183478 neutron-rpc-server[104773]: ERROR neutron.common.ovn.hash_ring_manager [None req-ea6be43b-ead2-46cf-8df9-c4e8590ef1d0 None None] The Neutron API workers count is zero
Jun 29 15:31:15.602618 np0000183478 neutron-rpc-server[104786]: DEBUG ovsdbapp.backend.ovs_idl [None req-d8bdec10-f5b5-4995-86a7-ff6b4ef5e370 None None] Created lookup_table index Load_Balancer.name {{(pid=104786) autocreate_indices /opt/stack/data/venv/lib/python3.12/site-packages/ovsdbapp/backend/ovs_idl/__init__.py:87}}
Jun 29 15:31:15.602659 np0000183478 neutron-rpc-server[104798]: DEBUG cotyledon.oslo_config_glue [-] ovn_nb_global.fdb_removal_limit = 0 {{(pid=104798) log_opt_values /opt/stack/data/venv/lib/python3.12/site-packages/oslo_config/cfg.py:3253}}
Jun 29 15:31:15.602659 np0000183478 neutron-rpc-server[104798]: DEBUG cotyledon.oslo_config_glue [-] ovn_nb_global.ignore_lsp_down = False {{(pid=104798) log_opt_values /opt/stack/data/venv/lib/python3.12/site-packages/oslo_config/cfg.py:3253}}
Jun 29 15:31:15.602659 np0000183478 neutron-rpc-server[104798]: DEBUG cotyledon.oslo_config_glue [-] ovn_nb_global.mac_binding_removal_limit = 0 {{(pid=104798) log_opt_values /opt/stack/data/venv/lib/python3.12/site-packages/oslo_config/cfg.py:3253}}
Jun 29 15:31:15.602762 np0000183478 neutron-rpc-server[104786]: DEBUG ovsdbapp.backend.ovs_idl [None req-d8bdec10-f5b5-4995-86a7-ff6b4ef5e370 None None] Created schema index Copp.name {{(pid=104786) autocreate_indices /opt/stack/data/venv/lib/python3.12/site-packages/ovsdbapp/backend/ovs_idl/__init__.py:106}}
Jun 29 15:31:15.602804 np0000183478 neutron-rpc-server[104798]: DEBUG cotyledon.oslo_config_glue [-] ******************************************************************************** {{(pid=104798) log_opt_values /opt/stack/data/venv/lib/python3.12/site-packages/oslo_config/cfg.py:3260}}
Jun 29 15:31:15.602856 np0000183478 neutron-rpc-server[104773]: ERROR neutron.plugins.ml2.drivers.ovn.mech_driver.ovsdb.ovsdb_monitor [None req-ea6be43b-ead2-46cf-8df9-c4e8590ef1d0 None None] The Neutron API workers count is zero: RuntimeError: The Neutron API workers count is zero
Jun 29 15:31:15.602856 np0000183478 neutron-rpc-server[104773]: ERROR neutron.plugins.ml2.drivers.ovn.mech_driver.ovsdb.ovsdb_monitor
Traceback (most recent call last):
Jun 29 15:31:15.602856 np0000183478 neutron-rpc-server[104773]: ERROR neutron.plugins.ml2.drivers.ovn.mech_driver.ovsdb.ovsdb_monitor
File "/opt/stack/neutron/neutron/plugins/ml2/drivers/ovn/mech_driver/ovsdb/ovsdb_monitor.py", line 989, in notify
Jun 29 15:31:15.602856 np0000183478 neutron-rpc-server[104773]: ERROR neutron.plugins.ml2.drivers.ovn.mech_driver.ovsdb.ovsdb_monitor target_node, node_last_touch = self._hash_ring.get_node(
Jun 29 15:31:15.602856 np0000183478 neutron-rpc-server[104773]: ERROR neutron.plugins.ml2.drivers.ovn.mech_driver.ovsdb.ovsdb_monitor ^^^^^^^^^^^^^^^^^^^^^^^^^
Jun 29 15:31:15.602856 np0000183478 neutron-rpc-server[104773]: ERROR neutron.plugins.ml2.drivers.ovn.mech_driver.ovsdb.ovsdb_monitor
File "/opt/stack/neutron/neutron/common/ovn/hash_ring_manager.py", line 117, in get_node
Jun 29 15:31:15.602856 np0000183478 neutron-rpc-server[104773]: ERROR neutron.plugins.ml2.drivers.ovn.mech_driver.ovsdb.ovsdb_monitor self._load_hash_ring()
Jun 29 15:31:15.602856 np0000183478 neutron-rpc-server[104773]: ERROR neutron.plugins.ml2.drivers.ovn.mech_driver.ovsdb.ovsdb_monitor
File "/opt/stack/neutron/neutron/common/ovn/hash_ring_manager.py", line 95, in _load_hash_ring
Jun 29 15:31:15.602856 np0000183478 neutron-rpc-server[104773]: ERROR neutron.plugins.ml2.drivers.ovn.mech_driver.ovsdb.ovsdb_monitor self._wait_startup_before_caching or
Jun 29 15:31:15.602856 np0000183478 neutron-rpc-server[104773]: ERROR neutron.plugins.ml2.drivers.ovn.mech_driver.ovsdb.ovsdb_monitor ^^^^^^^^^^^^^^^^^^^^^^^^^^^^^^^^^
Jun 29 15:31:15.602856 np0000183478 neutron-rpc-server[104773]: ERROR neutron.plugins.ml2.drivers.ovn.mech_driver.ovsdb.ovsdb_monitor
File "/opt/stack/neutron/neutron/common/ovn/hash_ring_manager.py", line 63, in _wait_startup_before_caching
Jun 29 15:31:15.602856 np0000183478 neutron-rpc-server[104773]: ERROR neutron.plugins.ml2.drivers.ovn.mech_driver.ovsdb.ovsdb_monitor raise RuntimeError(msg)
Jun 29 15:31:15.602856 np0000183478 neutron-rpc-server[104773]: ERROR neutron.plugins.ml2.drivers.ovn.mech_driver.ovsdb.ovsdb_monitor RuntimeError: The Neutron API workers count is zero
Jun 29 15:31:15.603195 np0000183478 neutron-rpc-server[104773]: ERROR neutron.plugins.ml2.drivers.ovn.mech_driver.ovsdb.ovsdb_monitor
Jun 29 15:31:15.603255 np0000183478 neutron-rpc-server[104786]: DEBUG ovsdbapp.backend.ovs_idl [None req-d8bdec10-f5b5-4995-86a7-ff6b4ef5e370 None None] Created schema index Meter.name {{(pid=104786) autocreate_indices /opt/stack/data/venv/lib/python3.12/site-packages/ovsdbapp/backend/ovs_idl/__init__.py:106}}
Jun 29 15:31:15.603311 np0000183478 neutron-rpc-server[104773]: ERROR neutron.common.ovn.hash_ring_manager [None req-ea6be43b-ead2-46cf-8df9-c4e8590ef1d0 None None] The Neutron API workers count is zero
Jun 29 15:31:15.603352 np0000183478 neutron-rpc-server[104786]: DEBUG ovsdbapp.backend.ovs_idl [None req-d8bdec10-f5b5-4995-86a7-ff6b4ef5e370 None None] Created schema index Load_Balancer_Group.name {{(pid=104786) autocreate_indices /opt/stack/data/venv/lib/python3.12/site-packages/ovsdbapp/backend/ovs_idl/__init__.py:106}}
Jun 29 15:31:15.603396 np0000183478 neutron-rpc-server[104798]: DEBUG cotyledon._service_worker [-] Run service ServiceWrapper(4) [104798] {{(pid=104798) wait_forever /opt/stack/data/venv/lib/python3.12/site-packages/cotyledon/_service_worker.py:218}}
Jun 29 15:31:15.603436 np0000183478 neutron-rpc-server[104786]: DEBUG ovsdbapp.backend.ovs_idl [None req-d8bdec10-f5b5-4995-86a7-ff6b4ef5e370 None None] Created schema index HA_Chassis_Group.name {{(pid=104786) autocreate_indices /opt/stack/data/venv/lib/python3.12/site-packages/ovsdbapp/backend/ovs_idl/__init__.py:106}}
Jun 29 15:31:15.603436 np0000183478 neutron-rpc-server[104786]: DEBUG ovsdbapp.backend.ovs_idl [None req-d8bdec10-f5b5-4995-86a7-ff6b4ef5e370 None None] Created schema index Address_Set.name {{(pid=104786) autocreate_indices /opt/stack/data/venv/lib/python3.12/site-packages/ovsdbapp/backend/ovs_idl/__init__.py:106}}
Jun 29 15:31:15.603512 np0000183478 neutron-rpc-server[104773]: ERROR neutron.plugins.ml2.drivers.ovn.mech_driver.ovsdb.ovsdb_monitor [None req-ea6be43b-ead2-46cf-8df9-c4e8590ef1d0 None None] The Neutron API workers count is zero: RuntimeError: The Neutron API workers count is zero
Jun 29 15:31:15.603512 np0000183478 neutron-rpc-server[104773]: ERROR neutron.plugins.ml2.drivers.ovn.mech_driver.ovsdb.ovsdb_monitor
Traceback (most recent call last):
Jun 29 15:31:15.603512 np0000183478 neutron-rpc-server[104773]: ERROR neutron.plugins.ml2.drivers.ovn.mech_driver.ovsdb.ovsdb_monitor
File "/opt/stack/neutron/neutron/plugins/ml2/drivers/ovn/mech_driver/ovsdb/ovsdb_monitor.py", line 989, in notify
Jun 29 15:31:15.603512 np0000183478 neutron-rpc-server[104773]: ERROR neutron.plugins.ml2.drivers.ovn.mech_driver.ovsdb.ovsdb_monitor target_node, node_last_touch = self._hash_ring.get_node(
Jun 29 15:31:15.603512 np0000183478 neutron-rpc-server[104773]: ERROR neutron.plugins.ml2.drivers.ovn.mech_driver.ovsdb.ovsdb_monitor ^^^^^^^^^^^^^^^^^^^^^^^^^
Jun 29 15:31:15.603512 np0000183478 neutron-rpc-server[104773]: ERROR neutron.plugins.ml2.drivers.ovn.mech_driver.ovsdb.ovsdb_monitor
File "/opt/stack/neutron/neutron/common/ovn/hash_ring_manager.py", line 117, in get_node
Jun 29 15:31:15.603512 np0000183478 neutron-rpc-server[104773]: ERROR neutron.plugins.ml2.drivers.ovn.mech_driver.ovsdb.ovsdb_monitor self._load_hash_ring()
Jun 29 15:31:15.603512 np0000183478 neutron-rpc-server[104773]: ERROR neutron.plugins.ml2.drivers.ovn.mech_driver.ovsdb.ovsdb_monitor
File "/opt/stack/neutron/neutron/common/ovn/hash_ring_manager.py", line 95, in _load_hash_ring
Jun 29 15:31:15.603512 np0000183478 neutron-rpc-server[104773]: ERROR neutron.plugins.ml2.drivers.ovn.mech_driver.ovsdb.ovsdb_monitor self._wait_startup_before_caching or
Jun 29 15:31:15.603512 np0000183478 neutron-rpc-server[104773]: ERROR neutron.plugins.ml2.drivers.ovn.mech_driver.ovsdb.ovsdb_monitor ^^^^^^^^^^^^^^^^^^^^^^^^^^^^^^^^^
Jun 29 15:31:15.603512 np0000183478 neutron-rpc-server[104773]: ERROR neutron.plugins.ml2.drivers.ovn.mech_driver.ovsdb.ovsdb_monitor
File "/opt/stack/neutron/neutron/common/ovn/hash_ring_manager.py", line 63, in _wait_startup_before_caching
Jun 29 15:31:15.603512 np0000183478 neutron-rpc-server[104773]: ERROR neutron.plugins.ml2.drivers.ovn.mech_driver.ovsdb.ovsdb_monitor raise RuntimeError(msg)
Jun 29 15:31:15.603512 np0000183478 neutron-rpc-server[104773]: ERROR neutron.plugins.ml2.drivers.ovn.mech_driver.ovsdb.ovsdb_monitor RuntimeError: The Neutron API workers count is zero
Jun 29 15:31:15.603976 np0000183478 neutron-rpc-server[104773]: ERROR neutron.plugins.ml2.drivers.ovn.mech_driver.ovsdb.ovsdb_monitor
Jun 29 15:31:15.603976 np0000183478 neutron-rpc-server[104773]: ERROR neutron.common.ovn.hash_ring_manager [None req-ea6be43b-ead2-46cf-8df9-c4e8590ef1d0 None None] The Neutron API workers count is zero
Jun 29 15:31:15.604048 np0000183478 neutron-rpc-server[104786]: DEBUG ovsdbapp.backend.ovs_idl [None req-d8bdec10-f5b5-4995-86a7-ff6b4ef5e370 None None] Created schema index Connection.target {{(pid=104786) autocreate_indices /opt/stack/data/venv/lib/python3.12/site-packages/ovsdbapp/backend/ovs_idl/__init__.py:106}}
Jun 29 15:31:15.604048 np0000183478 neutron-rpc-server[104786]: DEBUG ovsdbapp.backend.ovs_idl [None req-d8bdec10-f5b5-4995-86a7-ff6b4ef5e370 None None] Created schema index Gateway_Chassis.name {{(pid=104786) autocreate_indices /opt/stack/data/venv/lib/python3.12/site-packages/ovsdbapp/backend/ovs_idl/__init__.py:106}}
Jun 29 15:31:15.604048 np0000183478 neutron-rpc-server[104786]: DEBUG ovsdbapp.backend.ovs_idl [None req-d8bdec10-f5b5-4995-86a7-ff6b4ef5e370 None None] Created schema index Mirror.name {{(pid=104786) autocreate_indices /opt/stack/data/venv/lib/python3.12/site-packages/ovsdbapp/backend/ovs_idl/__init__.py:106}}
Jun 29 15:31:15.604162 np0000183478 neutron-rpc-server[104773]: ERROR neutron.plugins.ml2.drivers.ovn.mech_driver.ovsdb.ovsdb_monitor [None req-ea6be43b-ead2-46cf-8df9-c4e8590ef1d0 None None] The Neutron API workers count is zero: RuntimeError: The Neutron API workers count is zero
Jun 29 15:31:15.604162 np0000183478 neutron-rpc-server[104773]: ERROR neutron.plugins.ml2.drivers.ovn.mech_driver.ovsdb.ovsdb_monitor
Traceback (most recent call last):
Jun 29 15:31:15.604162 np0000183478 neutron-rpc-server[104773]: ERROR neutron.plugins.ml2.drivers.ovn.mech_driver.ovsdb.ovsdb_monitor
File "/opt/stack/neutron/neutron/plugins/ml2/drivers/ovn/mech_driver/ovsdb/ovsdb_monitor.py", line 989, in notify
Jun 29 15:31:15.604162 np0000183478 neutron-rpc-server[104773]: ERROR neutron.plugins.ml2.drivers.ovn.mech_driver.ovsdb.ovsdb_monitor target_node, node_last_touch = self._hash_ring.get_node(
Jun 29 15:31:15.604162 np0000183478 neutron-rpc-server[104773]: ERROR neutron.plugins.ml2.drivers.ovn.mech_driver.ovsdb.ovsdb_monitor ^^^^^^^^^^^^^^^^^^^^^^^^^
Jun 29 15:31:15.604162 np0000183478 neutron-rpc-server[104773]: ERROR neutron.plugins.ml2.drivers.ovn.mech_driver.ovsdb.ovsdb_monitor
File "/opt/stack/neutron/neutron/common/ovn/hash_ring_manager.py", line 117, in get_node
Jun 29 15:31:15.604162 np0000183478 neutron-rpc-server[104773]: ERROR neutron.plugins.ml2.drivers.ovn.mech_driver.ovsdb.ovsdb_monitor self._load_hash_ring()
Jun 29 15:31:15.604162 np0000183478 neutron-rpc-server[104773]: ERROR neutron.plugins.ml2.drivers.ovn.mech_driver.ovsdb.ovsdb_monitor
File "/opt/stack/neutron/neutron/common/ovn/hash_ring_manager.py", line 95, in _load_hash_ring
Jun 29 15:31:15.604162 np0000183478 neutron-rpc-server[104773]: ERROR neutron.plugins.ml2.drivers.ovn.mech_driver.ovsdb.ovsdb_monitor self._wait_startup_before_caching or
Jun 29 15:31:15.604162 np0000183478 neutron-rpc-server[104773]: ERROR neutron.plugins.ml2.drivers.ovn.mech_driver.ovsdb.ovsdb_monitor ^^^^^^^^^^^^^^^^^^^^^^^^^^^^^^^^^
Jun 29 15:31:15.604162 np0000183478 neutron-rpc-server[104773]: ERROR neutron.plugins.ml2.drivers.ovn.mech_driver.ovsdb.ovsdb_monitor
File "/opt/stack/neutron/neutron/common/ovn/hash_ring_manager.py", line 63, in _wait_startup_before_caching
Jun 29 15:31:15.604162 np0000183478 neutron-rpc-server[104773]: ERROR neutron.plugins.ml2.drivers.ovn.mech_driver.ovsdb.ovsdb_monitor raise RuntimeError(msg)
Jun 29 15:31:15.604162 np0000183478 neutron-rpc-server[104773]: ERROR neutron.plugins.ml2.drivers.ovn.mech_driver.ovsdb.ovsdb_monitor RuntimeError: The Neutron API workers count is zero
Jun 29 15:31:15.604556 np0000183478 neutron-rpc-server[104773]: ERROR neutron.plugins.ml2.drivers.ovn.mech_driver.ovsdb.ovsdb_monitor
Jun 29 15:31:15.604598 np0000183478 neutron-rpc-server[104786]: DEBUG ovsdbapp.backend.ovs_idl [None req-d8bdec10-f5b5-4995-86a7-ff6b4ef5e370 None None] Created schema index Chassis_Template_Var.chassis {{(pid=104786) autocreate_indices /opt/stack/data/venv/lib/python3.12/site-packages/ovsdbapp/backend/ovs_idl/__init__.py:106}}
Jun 29 15:31:15.604639 np0000183478 neutron-rpc-server[104773]: ERROR neutron.common.ovn.hash_ring_manager [None req-ea6be43b-ead2-46cf-8df9-c4e8590ef1d0 None None] The Neutron API workers count is zero
Jun 29 15:31:15.604677 np0000183478 neutron-rpc-server[104786]: DEBUG ovsdbapp.backend.ovs_idl [None req-d8bdec10-f5b5-4995-86a7-ff6b4ef5e370 None None] Created schema index Logical_Router_Port.name {{(pid=104786) autocreate_indices /opt/stack/data/venv/lib/python3.12/site-packages/ovsdbapp/backend/ovs_idl/__init__.py:106}}
Jun 29 15:31:15.604677 np0000183478 neutron-rpc-server[104786]: DEBUG ovsdbapp.backend.ovs_idl [None req-d8bdec10-f5b5-4995-86a7-ff6b4ef5e370 None None] Created schema index Port_Group.name {{(pid=104786) autocreate_indices /opt/stack/data/venv/lib/python3.12/site-packages/ovsdbapp/backend/ovs_idl/__init__.py:106}}
Jun 29 15:31:15.604677 np0000183478 neutron-rpc-server[104786]: DEBUG ovsdbapp.backend.ovs_idl [None req-d8bdec10-f5b5-4995-86a7-ff6b4ef5e370 None None] Created schema index Logical_Switch_Port.name {{(pid=104786) autocreate_indices /opt/stack/data/venv/lib/python3.12/site-packages/ovsdbapp/backend/ovs_idl/__init__.py:106}}
Jun 29 15:31:15.604775 np0000183478 neutron-rpc-server[104773]: ERROR neutron.plugins.ml2.drivers.ovn.mech_driver.ovsdb.ovsdb_monitor [None req-ea6be43b-ead2-46cf-8df9-c4e8590ef1d0 None None] The Neutron API workers count is zero: RuntimeError: The Neutron API workers count is zero
Jun 29 15:31:15.604775 np0000183478 neutron-rpc-server[104773]: ERROR neutron.plugins.ml2.drivers.ovn.mech_driver.ovsdb.ovsdb_monitor
Traceback (most recent call last):
Jun 29 15:31:15.604775 np0000183478 neutron-rpc-server[104773]: ERROR neutron.plugins.ml2.drivers.ovn.mech_driver.ovsdb.ovsdb_monitor
File "/opt/stack/neutron/neutron/plugins/ml2/drivers/ovn/mech_driver/ovsdb/ovsdb_monitor.py", line 989, in notify
Jun 29 15:31:15.604775 np0000183478 neutron-rpc-server[104773]: ERROR neutron.plugins.ml2.drivers.ovn.mech_driver.ovsdb.ovsdb_monitor target_node, node_last_touch = self._hash_ring.get_node(
Jun 29 15:31:15.604775 np0000183478 neutron-rpc-server[104773]: ERROR neutron.plugins.ml2.drivers.ovn.mech_driver.ovsdb.ovsdb_monitor ^^^^^^^^^^^^^^^^^^^^^^^^^
Jun 29 15:31:15.604775 np0000183478 neutron-rpc-server[104773]: ERROR neutron.plugins.ml2.drivers.ovn.mech_driver.ovsdb.ovsdb_monitor
File "/opt/stack/neutron/neutron/common/ovn/hash_ring_manager.py", line 117, in get_node
Jun 29 15:31:15.604775 np0000183478 neutron-rpc-server[104773]: ERROR neutron.plugins.ml2.drivers.ovn.mech_driver.ovsdb.ovsdb_monitor self._load_hash_ring()
Jun 29 15:31:15.604775 np0000183478 neutron-rpc-server[104773]: ERROR neutron.plugins.ml2.drivers.ovn.mech_driver.ovsdb.ovsdb_monitor
File "/opt/stack/neutron/neutron/common/ovn/hash_ring_manager.py", line 95, in _load_hash_ring
Jun 29 15:31:15.604775 np0000183478 neutron-rpc-server[104773]: ERROR neutron.plugins.ml2.drivers.ovn.mech_driver.ovsdb.ovsdb_monitor self._wait_startup_before_caching or
Jun 29 15:31:15.604775 np0000183478 neutron-rpc-server[104773]: ERROR neutron.plugins.ml2.drivers.ovn.mech_driver.ovsdb.ovsdb_monitor ^^^^^^^^^^^^^^^^^^^^^^^^^^^^^^^^^
Jun 29 15:31:15.604775 np0000183478 neutron-rpc-server[104773]: ERROR neutron.plugins.ml2.drivers.ovn.mech_driver.ovsdb.ovsdb_monitor
File "/opt/stack/neutron/neutron/common/ovn/hash_ring_manager.py", line 63, in _wait_startup_before_caching
Jun 29 15:31:15.604775 np0000183478 neutron-rpc-server[104773]: ERROR neutron.plugins.ml2.drivers.ovn.mech_driver.ovsdb.ovsdb_monitor raise RuntimeError(msg)
Jun 29 15:31:15.604775 np0000183478 neutron-rpc-server[104773]: ERROR neutron.plugins.ml2.drivers.ovn.mech_driver.ovsdb.ovsdb_monitor RuntimeError: The Neutron API workers count is zero
Jun 29 15:31:15.605149 np0000183478 neutron-rpc-server[104773]: ERROR neutron.plugins.ml2.drivers.ovn.mech_driver.ovsdb.ovsdb_monitor
Jun 29 15:31:15.605149 np0000183478 neutron-rpc-server[104773]: ERROR neutron.common.ovn.hash_ring_manager [None req-ea6be43b-ead2-46cf-8df9-c4e8590ef1d0 None None] The Neutron API workers count is zero
Jun 29 15:31:15.605236 np0000183478 neutron-rpc-server[104798]: DEBUG neutron.service [-] RpcWorker start called, description: rpc worker {{(pid=104798) wrapper /opt/stack/neutron/neutron/common/utils.py:197}}
Jun 29 15:31:15.605279 np0000183478 neutron-rpc-server[104773]: ERROR neutron.plugins.ml2.drivers.ovn.mech_driver.ovsdb.ovsdb_monitor [None req-ea6be43b-ead2-46cf-8df9-c4e8590ef1d0 None None] The Neutron API workers count is zero: RuntimeError: The Neutron API workers count is zero
Jun 29 15:31:15.605279 np0000183478 neutron-rpc-server[104773]: ERROR neutron.plugins.ml2.drivers.ovn.mech_driver.ovsdb.ovsdb_monitor
Traceback (most recent call last):
Jun 29 15:31:15.605279 np0000183478 neutron-rpc-server[104773]: ERROR neutron.plugins.ml2.drivers.ovn.mech_driver.ovsdb.ovsdb_monitor
File "/opt/stack/neutron/neutron/plugins/ml2/drivers/ovn/mech_driver/ovsdb/ovsdb_monitor.py", line 989, in notify
Jun 29 15:31:15.605279 np0000183478 neutron-rpc-server[104773]: ERROR neutron.plugins.ml2.drivers.ovn.mech_driver.ovsdb.ovsdb_monitor target_node, node_last_touch = self._hash_ring.get_node(
Jun 29 15:31:15.605279 np0000183478 neutron-rpc-server[104773]: ERROR neutron.plugins.ml2.drivers.ovn.mech_driver.ovsdb.ovsdb_monitor ^^^^^^^^^^^^^^^^^^^^^^^^^
Jun 29 15:31:15.605279 np0000183478 neutron-rpc-server[104773]: ERROR neutron.plugins.ml2.drivers.ovn.mech_driver.ovsdb.ovsdb_monitor
File "/opt/stack/neutron/neutron/common/ovn/hash_ring_manager.py", line 117, in get_node
Jun 29 15:31:15.605279 np0000183478 neutron-rpc-server[104773]: ERROR neutron.plugins.ml2.drivers.ovn.mech_driver.ovsdb.ovsdb_monitor self._load_hash_ring()
Jun 29 15:31:15.605279 np0000183478 neutron-rpc-server[104773]: ERROR neutron.plugins.ml2.drivers.ovn.mech_driver.ovsdb.ovsdb_monitor
File "/opt/stack/neutron/neutron/common/ovn/hash_ring_manager.py", line 95, in _load_hash_ring
Jun 29 15:31:15.605279 np0000183478 neutron-rpc-server[104773]: ERROR neutron.plugins.ml2.drivers.ovn.mech_driver.ovsdb.ovsdb_monitor self._wait_startup_before_caching or
Jun 29 15:31:15.605279 np0000183478 neutron-rpc-server[104773]: ERROR neutron.plugins.ml2.drivers.ovn.mech_driver.ovsdb.ovsdb_monitor ^^^^^^^^^^^^^^^^^^^^^^^^^^^^^^^^^
Jun 29 15:31:15.605279 np0000183478 neutron-rpc-server[104773]: ERROR neutron.plugins.ml2.drivers.ovn.mech_driver.ovsdb.ovsdb_monitor
File "/opt/stack/neutron/neutron/common/ovn/hash_ring_manager.py", line 63, in _wait_startup_before_caching
Jun 29 15:31:15.605279 np0000183478 neutron-rpc-server[104773]: ERROR neutron.plugins.ml2.drivers.ovn.mech_driver.ovsdb.ovsdb_monitor raise RuntimeError(msg)
Jun 29 15:31:15.605279 np0000183478 neutron-rpc-server[104773]: ERROR neutron.plugins.ml2.drivers.ovn.mech_driver.ovsdb.ovsdb_monitor RuntimeError: The Neutron API workers count is zero
Jun 29 15:31:15.605636 np0000183478 neutron-rpc-server[104773]: ERROR neutron.plugins.ml2.drivers.ovn.mech_driver.ovsdb.ovsdb_monitor
Jun 29 15:31:15.605674 np0000183478 neutron-rpc-server[104798]: DEBUG neutron_lib.callbacks.manager [-] Publish callbacks ['neutron.plugins.ml2.drivers.ovn.mech_driver.mech_driver.OVNMechanismDriver.post_fork_initialize-252452', 'neutron.services.pvlan.drivers.ovn.driver._initialize_pvlan_pg_drop-8204739956830', 'neutron.services.ovn_l3.plugin.OVNL3RouterPlugin._post_fork_initialize-3245'] for process (None), after_init {{(pid=104798) _notify_loop /opt/stack/data/venv/lib/python3.12/site-packages/neutron_lib/callbacks/manager.py:184}}
Jun 29 15:31:15.605801 np0000183478 neutron-rpc-server[104773]: INFO neutron.plugins.ml2.drivers.ovn.mech_driver.ovsdb.impl_idl_ovn [None req-ea6be43b-ead2-46cf-8df9-c4e8590ef1d0 None None] Getting OvsdbSbOvnIdl for RpcWorker with retry
Jun 29 15:31:15.605879 np0000183478 neutron-rpc-server[104798]: INFO neutron.plugins.ml2.drivers.ovn.mech_driver.ovsdb.impl_idl_ovn [-] Getting OvsdbNbOvnIdl for RpcWorker with retry
Jun 29 15:31:15.607501 np0000183478 neutron-rpc-server[104786]: INFO ovsdbapp.backend.ovs_idl.vlog [None req-d8bdec10-f5b5-4995-86a7-ff6b4ef5e370 None None] ssl:199.19.213.63:6641: connecting...
Jun 29 15:31:15.612844 np0000183478 neutron-rpc-server[104808]: DEBUG cotyledon.oslo_config_glue [-] Full set of CONF: {{(pid=104808) _load_service_options /opt/stack/data/venv/lib/python3.12/site-packages/cotyledon/oslo_config_glue.py:65}}
Jun 29 15:31:15.613249 np0000183478 neutron-rpc-server[104808]: DEBUG cotyledon.oslo_config_glue [-] ******************************************************************************** {{(pid=104808) log_opt_values /opt/stack/data/venv/lib/python3.12/site-packages/oslo_config/cfg.py:3226}}
Jun 29 15:31:15.613249 np0000183478 neutron-rpc-server[104808]: DEBUG cotyledon.oslo_config_glue [-] Configuration options gathered from: {{(pid=104808) log_opt_values /opt/stack/data/venv/lib/python3.12/site-packages/oslo_config/cfg.py:3227}}
Jun 29 15:31:15.613249 np0000183478 neutron-rpc-server[104808]: DEBUG cotyledon.oslo_config_glue [-] command line args: ['--config-file', '/etc/neutron/neutron.conf', '--config-file', '/etc/neutron/plugins/ml2/ml2_conf.ini'] {{(pid=104808) log_opt_values /opt/stack/data/venv/lib/python3.12/site-packages/oslo_config/cfg.py:3228}}
Jun 29 15:31:15.613533 np0000183478 neutron-rpc-server[104808]: DEBUG cotyledon.oslo_config_glue [-] config files: ['/etc/neutron/neutron.conf', '/etc/neutron/plugins/ml2/ml2_conf.ini'] {{(pid=104808) log_opt_values /opt/stack/data/venv/lib/python3.12/site-packages/oslo_config/cfg.py:3229}}
Jun 29 15:31:15.613613 np0000183478 neutron-rpc-server[104786]: INFO ovsdbapp.backend.ovs_idl.vlog [None req-d8bdec10-f5b5-4995-86a7-ff6b4ef5e370 None None] ssl:199.19.213.63:6641: connected
Jun 29 15:31:15.613699 np0000183478 neutron-rpc-server[104808]: DEBUG cotyledon.oslo_config_glue [-] ================================================================================ {{(pid=104808) log_opt_values /opt/stack/data/venv/lib/python3.12/site-packages/oslo_config/cfg.py:3234}}
Jun 29 15:31:15.613955 np0000183478 neutron-rpc-server[104808]: DEBUG cotyledon.oslo_config_glue [-] agent_down_time = 75 {{(pid=104808) log_opt_values /opt/stack/data/venv/lib/python3.12/site-packages/oslo_config/cfg.py:3242}}
Jun 29 15:31:15.614140 np0000183478 neutron-rpc-server[104808]: DEBUG cotyledon.oslo_config_glue [-] allow_automatic_dhcp_failover = True {{(pid=104808) log_opt_values /opt/stack/data/venv/lib/python3.12/site-packages/oslo_config/cfg.py:3242}}
Jun 29 15:31:15.614338 np0000183478 neutron-rpc-server[104808]: DEBUG cotyledon.oslo_config_glue [-] allow_bulk = True {{(pid=104808) log_opt_values /opt/stack/data/venv/lib/python3.12/site-packages/oslo_config/cfg.py:3242}}
Jun 29 15:31:15.614793 np0000183478 neutron-rpc-server[104808]: DEBUG cotyledon.oslo_config_glue [-] allowed_conntrack_helpers = [{'amanda': 'tcp'}, {'ftp': 'tcp'}, {'h323': 'udp'}, {'h323': 'tcp'}, {'irc': 'tcp'}, {'netbios-ns': 'udp'}, {'pptp': 'tcp'}, {'sane': 'tcp'}, {'sip': 'udp'}, {'sip': 'tcp'}, {'snmp': 'udp'}, {'tftp': 'udp'}] {{(pid=104808) log_opt_values /opt/stack/data/venv/lib/python3.12/site-packages/oslo_config/cfg.py:3242}}
Jun 29 15:31:15.614980 np0000183478 neutron-rpc-server[104808]: DEBUG cotyledon.oslo_config_glue [-] api_extensions_path = {{(pid=104808) log_opt_values /opt/stack/data/venv/lib/python3.12/site-packages/oslo_config/cfg.py:3242}}
Jun 29 15:31:15.615107 np0000183478 neutron-rpc-server[104808]: DEBUG cotyledon.oslo_config_glue [-] api_paste_config = api-paste.ini {{(pid=104808) log_opt_values /opt/stack/data/venv/lib/python3.12/site-packages/oslo_config/cfg.py:3242}}
Jun 29 15:31:15.615145 np0000183478 neutron-rpc-server[104808]: DEBUG cotyledon.oslo_config_glue [-] auth_strategy = keystone {{(pid=104808) log_opt_values /opt/stack/data/venv/lib/python3.12/site-packages/oslo_config/cfg.py:3242}}
Jun 29 15:31:15.615313 np0000183478 neutron-rpc-server[104808]: DEBUG cotyledon.oslo_config_glue [-] base_mac = fa:16:3e:00:00:00 {{(pid=104808) log_opt_values /opt/stack/data/venv/lib/python3.12/site-packages/oslo_config/cfg.py:3242}}
Jun 29 15:31:15.615313 np0000183478 neutron-rpc-server[104808]: DEBUG cotyledon.oslo_config_glue [-] client_socket_timeout = 900 {{(pid=104808) log_opt_values /opt/stack/data/venv/lib/python3.12/site-packages/oslo_config/cfg.py:3242}}
Jun 29 15:31:15.615466 np0000183478 neutron-rpc-server[104808]: DEBUG cotyledon.oslo_config_glue [-] config_dir = [] {{(pid=104808) log_opt_values /opt/stack/data/venv/lib/python3.12/site-packages/oslo_config/cfg.py:3242}}
Jun 29 15:31:15.615466 np0000183478 neutron-rpc-server[104808]: DEBUG cotyledon.oslo_config_glue [-] config_file = ['/etc/neutron/neutron.conf', '/etc/neutron/plugins/ml2/ml2_conf.ini'] {{(pid=104808) log_opt_values /opt/stack/data/venv/lib/python3.12/site-packages/oslo_config/cfg.py:3242}}
Jun 29 15:31:15.615575 np0000183478 neutron-rpc-server[104808]: DEBUG cotyledon.oslo_config_glue [-] config_source = [] {{(pid=104808) log_opt_values /opt/stack/data/venv/lib/python3.12/site-packages/oslo_config/cfg.py:3242}}
Jun 29 15:31:15.615649 np0000183478 neutron-rpc-server[104808]: DEBUG cotyledon.oslo_config_glue [-] control_exchange = neutron {{(pid=104808) log_opt_values /opt/stack/data/venv/lib/python3.12/site-packages/oslo_config/cfg.py:3242}}
Jun 29 15:31:15.615739 np0000183478 neutron-rpc-server[104808]: DEBUG cotyledon.oslo_config_glue [-] core_plugin = ml2 {{(pid=104808) log_opt_values /opt/stack/data/venv/lib/python3.12/site-packages/oslo_config/cfg.py:3242}}
Jun 29 15:31:15.615818 np0000183478 neutron-rpc-server[104808]: DEBUG cotyledon.oslo_config_glue [-] debug = True {{(pid=104808) log_opt_values /opt/stack/data/venv/lib/python3.12/site-packages/oslo_config/cfg.py:3242}}
Jun 29 15:31:15.615818 np0000183478 neutron-rpc-server[104808]: DEBUG cotyledon.oslo_config_glue [-] default_availability_zones = [] {{(pid=104808) log_opt_values /opt/stack/data/venv/lib/python3.12/site-packages/oslo_config/cfg.py:3242}}
Jun 29 15:31:15.616052 np0000183478 neutron-rpc-server[104808]: DEBUG cotyledon.oslo_config_glue [-] default_log_levels = ['amqp=WARN', 'boto=WARN', 'sqlalchemy=WARN', 'suds=INFO', 'oslo.messaging=INFO', 'oslo_messaging=INFO', 'iso8601=WARN', 'requests.packages.urllib3.connectionpool=WARN', 'urllib3.connectionpool=WARN', 'websocket=WARN', 'requests.packages.urllib3.util.retry=WARN', 'urllib3.util.retry=WARN', 'keystonemiddleware=WARN', 'routes.middleware=WARN', 'stevedore=WARN', 'taskflow=WARN', 'keystoneauth=WARN', 'oslo.cache=INFO', 'oslo_policy=INFO', 'dogpile.core.dogpile=INFO', 'OFPHandler=INFO', 'OfctlService=INFO', 'os_ken.base.app_manager=INFO', 'os_ken.controller.controller=INFO'] {{(pid=104808) log_opt_values /opt/stack/data/venv/lib/python3.12/site-packages/oslo_config/cfg.py:3242}}
Jun 29 15:31:15.616195 np0000183478 neutron-rpc-server[104808]: DEBUG cotyledon.oslo_config_glue [-] dhcp_agent_notification = False {{(pid=104808) log_opt_values /opt/stack/data/venv/lib/python3.12/site-packages/oslo_config/cfg.py:3242}}
Jun 29 15:31:15.616195 np0000183478 neutron-rpc-server[104808]: DEBUG cotyledon.oslo_config_glue [-] dhcp_agents_per_network = 1 {{(pid=104808) log_opt_values /opt/stack/data/venv/lib/python3.12/site-packages/oslo_config/cfg.py:3242}}
Jun 29 15:31:15.616195 np0000183478 neutron-rpc-server[104808]: DEBUG cotyledon.oslo_config_glue [-] dhcp_lease_duration = 86400 {{(pid=104808) log_opt_values /opt/stack/data/venv/lib/python3.12/site-packages/oslo_config/cfg.py:3242}}
Jun 29 15:31:15.616363 np0000183478 neutron-rpc-server[104808]: DEBUG cotyledon.oslo_config_glue [-] dhcp_load_type = networks {{(pid=104808) log_opt_values /opt/stack/data/venv/lib/python3.12/site-packages/oslo_config/cfg.py:3242}}
Jun 29 15:31:15.616434 np0000183478 neutron-rpc-server[104808]: DEBUG cotyledon.oslo_config_glue [-] dns_domain = openstacklocal {{(pid=104808) log_opt_values /opt/stack/data/venv/lib/python3.12/site-packages/oslo_config/cfg.py:3242}}
Jun 29 15:31:15.616518 np0000183478 neutron-rpc-server[104808]: DEBUG cotyledon.oslo_config_glue [-] dvr_base_mac = fa:16:3f:00:00:00 {{(pid=104808) log_opt_values /opt/stack/data/venv/lib/python3.12/site-packages/oslo_config/cfg.py:3242}}
