Apr 06 17:20:26.532845 np0000163536 nova-conductor[109938]: DEBUG cotyledon.oslo_config_glue [-] vnc.novncproxy_base_url = http://127.0.0.1:6080/vnc_auto.html {{(pid=109938) log_opt_values /opt/stack/data/venv/lib/python3.12/site-packages/oslo_config/cfg.py:3006}}
Apr 06 17:20:26.532845 np0000163536 nova-conductor[109938]: DEBUG cotyledon.oslo_config_glue [-] vnc.novncproxy_host = 0.0.0.0 {{(pid=109938) log_opt_values /opt/stack/data/venv/lib/python3.12/site-packages/oslo_config/cfg.py:3006}}
Apr 06 17:20:26.532845 np0000163536 nova-conductor[109938]: DEBUG cotyledon.oslo_config_glue [-] vnc.novncproxy_port = 6080 {{(pid=109938) log_opt_values /opt/stack/data/venv/lib/python3.12/site-packages/oslo_config/cfg.py:3006}}
Apr 06 17:20:26.533576 np0000163536 nova-conductor[109938]: DEBUG cotyledon.oslo_config_glue [-] vnc.server_listen = 127.0.0.1 {{(pid=109938) log_opt_values /opt/stack/data/venv/lib/python3.12/site-packages/oslo_config/cfg.py:3006}}
Apr 06 17:20:26.533576 np0000163536 nova-conductor[109938]: DEBUG cotyledon.oslo_config_glue [-] vnc.server_proxyclient_address = 127.0.0.1 {{(pid=109938) log_opt_values /opt/stack/data/venv/lib/python3.12/site-packages/oslo_config/cfg.py:3006}}
Apr 06 17:20:26.533576 np0000163536 nova-conductor[109938]: DEBUG cotyledon.oslo_config_glue [-] vnc.vencrypt_ca_certs = None {{(pid=109938) log_opt_values /opt/stack/data/venv/lib/python3.12/site-packages/oslo_config/cfg.py:3006}}
Apr 06 17:20:26.533576 np0000163536 nova-conductor[109938]: DEBUG cotyledon.oslo_config_glue [-] vnc.vencrypt_client_cert = None {{(pid=109938) log_opt_values /opt/stack/data/venv/lib/python3.12/site-packages/oslo_config/cfg.py:3006}}
Apr 06 17:20:26.533576 np0000163536 nova-conductor[109938]: DEBUG cotyledon.oslo_config_glue [-] vnc.vencrypt_client_key = None {{(pid=109938) log_opt_values /opt/stack/data/venv/lib/python3.12/site-packages/oslo_config/cfg.py:3006}}
Apr 06 17:20:26.533576 np0000163536 nova-conductor[109938]: DEBUG cotyledon.oslo_config_glue [-] workarounds.disable_compute_service_check_for_ffu = False {{(pid=109938) log_opt_values /opt/stack/data/venv/lib/python3.12/site-packages/oslo_config/cfg.py:3006}}
Apr 06 17:20:26.533576 np0000163536 nova-conductor[109938]: DEBUG cotyledon.oslo_config_glue [-] workarounds.disable_deep_image_inspection = False {{(pid=109938) log_opt_values /opt/stack/data/venv/lib/python3.12/site-packages/oslo_config/cfg.py:3006}}
Apr 06 17:20:26.533576 np0000163536 nova-conductor[109938]: DEBUG cotyledon.oslo_config_glue [-] workarounds.disable_fallback_pcpu_query = False {{(pid=109938) log_opt_values /opt/stack/data/venv/lib/python3.12/site-packages/oslo_config/cfg.py:3006}}
Apr 06 17:20:26.533576 np0000163536 nova-conductor[109938]: DEBUG cotyledon.oslo_config_glue [-] workarounds.disable_group_policy_check_upcall = False {{(pid=109938) log_opt_values /opt/stack/data/venv/lib/python3.12/site-packages/oslo_config/cfg.py:3006}}
Apr 06 17:20:26.533803 np0000163536 nova-conductor[109938]: DEBUG cotyledon.oslo_config_glue [-] workarounds.disable_libvirt_livesnapshot = False {{(pid=109938) log_opt_values /opt/stack/data/venv/lib/python3.12/site-packages/oslo_config/cfg.py:3006}}
Apr 06 17:20:26.533803 np0000163536 nova-conductor[109938]: DEBUG cotyledon.oslo_config_glue [-] workarounds.disable_rootwrap = False {{(pid=109938) log_opt_values /opt/stack/data/venv/lib/python3.12/site-packages/oslo_config/cfg.py:3006}}
Apr 06 17:20:26.533803 np0000163536 nova-conductor[109938]: DEBUG cotyledon.oslo_config_glue [-] workarounds.enable_numa_live_migration = False {{(pid=109938) log_opt_values /opt/stack/data/venv/lib/python3.12/site-packages/oslo_config/cfg.py:3006}}
Apr 06 17:20:26.533803 np0000163536 nova-conductor[109938]: DEBUG cotyledon.oslo_config_glue [-] workarounds.enable_qemu_monitor_announce_self = False {{(pid=109938) log_opt_values /opt/stack/data/venv/lib/python3.12/site-packages/oslo_config/cfg.py:3006}}
Apr 06 17:20:26.533803 np0000163536 nova-conductor[109938]: DEBUG cotyledon.oslo_config_glue [-] workarounds.ensure_libvirt_rbd_instance_dir_cleanup = False {{(pid=109938) log_opt_values /opt/stack/data/venv/lib/python3.12/site-packages/oslo_config/cfg.py:3006}}
Apr 06 17:20:26.533803 np0000163536 nova-conductor[109938]: DEBUG cotyledon.oslo_config_glue [-] workarounds.handle_virt_lifecycle_events = True {{(pid=109938) log_opt_values /opt/stack/data/venv/lib/python3.12/site-packages/oslo_config/cfg.py:3006}}
Apr 06 17:20:26.533803 np0000163536 nova-conductor[109938]: DEBUG cotyledon.oslo_config_glue [-] workarounds.libvirt_disable_apic = False {{(pid=109938) log_opt_values /opt/stack/data/venv/lib/python3.12/site-packages/oslo_config/cfg.py:3006}}
Apr 06 17:20:26.533803 np0000163536 nova-conductor[109938]: DEBUG cotyledon.oslo_config_glue [-] workarounds.never_download_image_if_on_rbd = False {{(pid=109938) log_opt_values /opt/stack/data/venv/lib/python3.12/site-packages/oslo_config/cfg.py:3006}}
Apr 06 17:20:26.533803 np0000163536 nova-conductor[109938]: DEBUG cotyledon.oslo_config_glue [-] workarounds.qemu_monitor_announce_self_count = 3 {{(pid=109938) log_opt_values /opt/stack/data/venv/lib/python3.12/site-packages/oslo_config/cfg.py:3006}}
Apr 06 17:20:26.534006 np0000163536 nova-conductor[109938]: DEBUG cotyledon.oslo_config_glue [-] workarounds.qemu_monitor_announce_self_interval = 1 {{(pid=109938) log_opt_values /opt/stack/data/venv/lib/python3.12/site-packages/oslo_config/cfg.py:3006}}
Apr 06 17:20:26.534006 np0000163536 nova-conductor[109938]: DEBUG cotyledon.oslo_config_glue [-] workarounds.reserve_disk_resource_for_image_cache = False {{(pid=109938) log_opt_values /opt/stack/data/venv/lib/python3.12/site-packages/oslo_config/cfg.py:3006}}
Apr 06 17:20:26.534006 np0000163536 nova-conductor[109938]: DEBUG cotyledon.oslo_config_glue [-] workarounds.skip_cpu_compare_at_startup = False {{(pid=109938) log_opt_values /opt/stack/data/venv/lib/python3.12/site-packages/oslo_config/cfg.py:3006}}
Apr 06 17:20:26.534006 np0000163536 nova-conductor[109938]: DEBUG cotyledon.oslo_config_glue [-] workarounds.skip_cpu_compare_on_dest = False {{(pid=109938) log_opt_values /opt/stack/data/venv/lib/python3.12/site-packages/oslo_config/cfg.py:3006}}
Apr 06 17:20:26.534006 np0000163536 nova-conductor[109938]: DEBUG cotyledon.oslo_config_glue [-] workarounds.skip_hypervisor_version_check_on_lm = False {{(pid=109938) log_opt_values /opt/stack/data/venv/lib/python3.12/site-packages/oslo_config/cfg.py:3006}}
Apr 06 17:20:26.534006 np0000163536 nova-conductor[109938]: DEBUG cotyledon.oslo_config_glue [-] workarounds.skip_reserve_in_use_ironic_nodes = False {{(pid=109938) log_opt_values /opt/stack/data/venv/lib/python3.12/site-packages/oslo_config/cfg.py:3006}}
Apr 06 17:20:26.534006 np0000163536 nova-conductor[109938]: DEBUG cotyledon.oslo_config_glue [-] workarounds.unified_limits_count_pcpu_as_vcpu = False {{(pid=109938) log_opt_values /opt/stack/data/venv/lib/python3.12/site-packages/oslo_config/cfg.py:3006}}
Apr 06 17:20:26.534006 np0000163536 nova-conductor[109938]: DEBUG cotyledon.oslo_config_glue [-] workarounds.wait_for_vif_plugged_event_during_hard_reboot = [] {{(pid=109938) log_opt_values /opt/stack/data/venv/lib/python3.12/site-packages/oslo_config/cfg.py:3006}}
Apr 06 17:20:26.534186 np0000163536 nova-conductor[109938]: DEBUG cotyledon.oslo_config_glue [-] wsgi.api_paste_config = /etc/nova/api-paste.ini {{(pid=109938) log_opt_values /opt/stack/data/venv/lib/python3.12/site-packages/oslo_config/cfg.py:3006}}
Apr 06 17:20:26.534186 np0000163536 nova-conductor[109938]: DEBUG cotyledon.oslo_config_glue [-] wsgi.secure_proxy_ssl_header = None {{(pid=109938) log_opt_values /opt/stack/data/venv/lib/python3.12/site-packages/oslo_config/cfg.py:3006}}
Apr 06 17:20:26.534186 np0000163536 nova-conductor[109938]: DEBUG cotyledon.oslo_config_glue [-] zvm.ca_file = None {{(pid=109938) log_opt_values /opt/stack/data/venv/lib/python3.12/site-packages/oslo_config/cfg.py:3006}}
Apr 06 17:20:26.534186 np0000163536 nova-conductor[109938]: DEBUG cotyledon.oslo_config_glue [-] zvm.cloud_connector_url = None {{(pid=109938) log_opt_values /opt/stack/data/venv/lib/python3.12/site-packages/oslo_config/cfg.py:3006}}
Apr 06 17:20:26.534186 np0000163536 nova-conductor[109938]: DEBUG cotyledon.oslo_config_glue [-] zvm.image_tmp_path = /opt/stack/data/nova/images {{(pid=109938) log_opt_values /opt/stack/data/venv/lib/python3.12/site-packages/oslo_config/cfg.py:3006}}
Apr 06 17:20:26.534186 np0000163536 nova-conductor[109938]: DEBUG cotyledon.oslo_config_glue [-] zvm.reachable_timeout = 300 {{(pid=109938) log_opt_values /opt/stack/data/venv/lib/python3.12/site-packages/oslo_config/cfg.py:3006}}
Apr 06 17:20:26.534186 np0000163536 nova-conductor[109938]: DEBUG cotyledon.oslo_config_glue [-] oslo_versionedobjects.fatal_exception_format_errors = False {{(pid=109938) log_opt_values /opt/stack/data/venv/lib/python3.12/site-packages/oslo_config/cfg.py:3006}}
Apr 06 17:20:26.534186 np0000163536 nova-conductor[109938]: DEBUG cotyledon.oslo_config_glue [-] oslo_middleware.http_basic_auth_user_file = /etc/htpasswd {{(pid=109938) log_opt_values /opt/stack/data/venv/lib/python3.12/site-packages/oslo_config/cfg.py:3006}}
Apr 06 17:20:26.534186 np0000163536 nova-conductor[109938]: DEBUG cotyledon.oslo_config_glue [-] profiler.connection_string = messaging:// {{(pid=109938) log_opt_values /opt/stack/data/venv/lib/python3.12/site-packages/oslo_config/cfg.py:3006}}
Apr 06 17:20:26.534677 np0000163536 nova-conductor[109938]: DEBUG cotyledon.oslo_config_glue [-] profiler.enabled = False {{(pid=109938) log_opt_values /opt/stack/data/venv/lib/python3.12/site-packages/oslo_config/cfg.py:3006}}
Apr 06 17:20:26.534677 np0000163536 nova-conductor[109938]: DEBUG cotyledon.oslo_config_glue [-] profiler.es_doc_type = notification {{(pid=109938) log_opt_values /opt/stack/data/venv/lib/python3.12/site-packages/oslo_config/cfg.py:3006}}
Apr 06 17:20:26.534677 np0000163536 nova-conductor[109938]: DEBUG cotyledon.oslo_config_glue [-] profiler.es_scroll_size = 10000 {{(pid=109938) log_opt_values /opt/stack/data/venv/lib/python3.12/site-packages/oslo_config/cfg.py:3006}}
Apr 06 17:20:26.534677 np0000163536 nova-conductor[109938]: DEBUG cotyledon.oslo_config_glue [-] profiler.es_scroll_time = 2m {{(pid=109938) log_opt_values /opt/stack/data/venv/lib/python3.12/site-packages/oslo_config/cfg.py:3006}}
Apr 06 17:20:26.534677 np0000163536 nova-conductor[109938]: DEBUG cotyledon.oslo_config_glue [-] profiler.filter_error_trace = False {{(pid=109938) log_opt_values /opt/stack/data/venv/lib/python3.12/site-packages/oslo_config/cfg.py:3006}}
Apr 06 17:20:26.534677 np0000163536 nova-conductor[109938]: DEBUG cotyledon.oslo_config_glue [-] profiler.hmac_keys = **** {{(pid=109938) log_opt_values /opt/stack/data/venv/lib/python3.12/site-packages/oslo_config/cfg.py:3006}}
Apr 06 17:20:26.534677 np0000163536 nova-conductor[109938]: DEBUG cotyledon.oslo_config_glue [-] profiler.sentinel_service_name = mymaster {{(pid=109938) log_opt_values /opt/stack/data/venv/lib/python3.12/site-packages/oslo_config/cfg.py:3006}}
Apr 06 17:20:26.534677 np0000163536 nova-conductor[109938]: DEBUG cotyledon.oslo_config_glue [-] profiler.socket_timeout = 0.1 {{(pid=109938) log_opt_values /opt/stack/data/venv/lib/python3.12/site-packages/oslo_config/cfg.py:3006}}
Apr 06 17:20:26.534677 np0000163536 nova-conductor[109938]: DEBUG cotyledon.oslo_config_glue [-] profiler.trace_requests = False {{(pid=109938) log_opt_values /opt/stack/data/venv/lib/python3.12/site-packages/oslo_config/cfg.py:3006}}
Apr 06 17:20:26.534880 np0000163536 nova-conductor[109938]: DEBUG cotyledon.oslo_config_glue [-] profiler.trace_sqlalchemy = False {{(pid=109938) log_opt_values /opt/stack/data/venv/lib/python3.12/site-packages/oslo_config/cfg.py:3006}}
Apr 06 17:20:26.534880 np0000163536 nova-conductor[109938]: DEBUG cotyledon.oslo_config_glue [-] profiler_jaeger.process_tags = {} {{(pid=109938) log_opt_values /opt/stack/data/venv/lib/python3.12/site-packages/oslo_config/cfg.py:3006}}
Apr 06 17:20:26.534880 np0000163536 nova-conductor[109938]: DEBUG cotyledon.oslo_config_glue [-] profiler_jaeger.service_name_prefix = None {{(pid=109938) log_opt_values /opt/stack/data/venv/lib/python3.12/site-packages/oslo_config/cfg.py:3006}}
Apr 06 17:20:26.534880 np0000163536 nova-conductor[109938]: DEBUG cotyledon.oslo_config_glue [-] profiler_otlp.service_name_prefix = None {{(pid=109938) log_opt_values /opt/stack/data/venv/lib/python3.12/site-packages/oslo_config/cfg.py:3006}}
Apr 06 17:20:26.534880 np0000163536 nova-conductor[109938]: DEBUG cotyledon.oslo_config_glue [-] oslo_messaging_rabbit.amqp_auto_delete = False {{(pid=109938) log_opt_values /opt/stack/data/venv/lib/python3.12/site-packages/oslo_config/cfg.py:3006}}
Apr 06 17:20:26.534880 np0000163536 nova-conductor[109938]: DEBUG cotyledon.oslo_config_glue [-] oslo_messaging_rabbit.amqp_durable_queues = False {{(pid=109938) log_opt_values /opt/stack/data/venv/lib/python3.12/site-packages/oslo_config/cfg.py:3006}}
Apr 06 17:20:26.534880 np0000163536 nova-conductor[109938]: DEBUG cotyledon.oslo_config_glue [-] oslo_messaging_rabbit.conn_pool_min_size = 2 {{(pid=109938) log_opt_values /opt/stack/data/venv/lib/python3.12/site-packages/oslo_config/cfg.py:3006}}
Apr 06 17:20:26.534880 np0000163536 nova-conductor[109938]: DEBUG cotyledon.oslo_config_glue [-] oslo_messaging_rabbit.conn_pool_ttl = 1200 {{(pid=109938) log_opt_values /opt/stack/data/venv/lib/python3.12/site-packages/oslo_config/cfg.py:3006}}
Apr 06 17:20:26.534880 np0000163536 nova-conductor[109938]: DEBUG cotyledon.oslo_config_glue [-] oslo_messaging_rabbit.direct_mandatory_flag = True {{(pid=109938) log_opt_values /opt/stack/data/venv/lib/python3.12/site-packages/oslo_config/cfg.py:3006}}
Apr 06 17:20:26.535101 np0000163536 nova-conductor[109938]: DEBUG cotyledon.oslo_config_glue [-] oslo_messaging_rabbit.enable_cancel_on_failover = False {{(pid=109938) log_opt_values /opt/stack/data/venv/lib/python3.12/site-packages/oslo_config/cfg.py:3006}}
Apr 06 17:20:26.535101 np0000163536 nova-conductor[109938]: DEBUG cotyledon.oslo_config_glue [-] oslo_messaging_rabbit.heartbeat_in_pthread = False {{(pid=109938) log_opt_values /opt/stack/data/venv/lib/python3.12/site-packages/oslo_config/cfg.py:3006}}
Apr 06 17:20:26.535101 np0000163536 nova-conductor[109938]: DEBUG cotyledon.oslo_config_glue [-] oslo_messaging_rabbit.heartbeat_rate = 3 {{(pid=109938) log_opt_values /opt/stack/data/venv/lib/python3.12/site-packages/oslo_config/cfg.py:3006}}
Apr 06 17:20:26.535101 np0000163536 nova-conductor[109938]: DEBUG cotyledon.oslo_config_glue [-] oslo_messaging_rabbit.heartbeat_timeout_threshold = 60 {{(pid=109938) log_opt_values /opt/stack/data/venv/lib/python3.12/site-packages/oslo_config/cfg.py:3006}}
Apr 06 17:20:26.535101 np0000163536 nova-conductor[109938]: DEBUG cotyledon.oslo_config_glue [-] oslo_messaging_rabbit.hostname = np0000163536 {{(pid=109938) log_opt_values /opt/stack/data/venv/lib/python3.12/site-packages/oslo_config/cfg.py:3006}}
Apr 06 17:20:26.535101 np0000163536 nova-conductor[109938]: DEBUG cotyledon.oslo_config_glue [-] oslo_messaging_rabbit.kombu_compression = None {{(pid=109938) log_opt_values /opt/stack/data/venv/lib/python3.12/site-packages/oslo_config/cfg.py:3006}}
Apr 06 17:20:26.535101 np0000163536 nova-conductor[109938]: DEBUG cotyledon.oslo_config_glue [-] oslo_messaging_rabbit.kombu_failover_strategy = round-robin {{(pid=109938) log_opt_values /opt/stack/data/venv/lib/python3.12/site-packages/oslo_config/cfg.py:3006}}
Apr 06 17:20:26.535101 np0000163536 nova-conductor[109938]: DEBUG cotyledon.oslo_config_glue [-] oslo_messaging_rabbit.kombu_missing_consumer_retry_timeout = 60 {{(pid=109938) log_opt_values /opt/stack/data/venv/lib/python3.12/site-packages/oslo_config/cfg.py:3006}}
Apr 06 17:20:26.535332 np0000163536 nova-conductor[109938]: DEBUG cotyledon.oslo_config_glue [-] oslo_messaging_rabbit.kombu_reconnect_delay = 1.0 {{(pid=109938) log_opt_values /opt/stack/data/venv/lib/python3.12/site-packages/oslo_config/cfg.py:3006}}
Apr 06 17:20:26.535332 np0000163536 nova-conductor[109938]: DEBUG cotyledon.oslo_config_glue [-] oslo_messaging_rabbit.kombu_reconnect_splay = 0.0 {{(pid=109938) log_opt_values /opt/stack/data/venv/lib/python3.12/site-packages/oslo_config/cfg.py:3006}}
Apr 06 17:20:26.535332 np0000163536 nova-conductor[109938]: DEBUG cotyledon.oslo_config_glue [-] oslo_messaging_rabbit.processname = nova-conductor {{(pid=109938) log_opt_values /opt/stack/data/venv/lib/python3.12/site-packages/oslo_config/cfg.py:3006}}
Apr 06 17:20:26.535332 np0000163536 nova-conductor[109938]: DEBUG cotyledon.oslo_config_glue [-] oslo_messaging_rabbit.rabbit_ha_queues = False {{(pid=109938) log_opt_values /opt/stack/data/venv/lib/python3.12/site-packages/oslo_config/cfg.py:3006}}
Apr 06 17:20:26.535332 np0000163536 nova-conductor[109938]: DEBUG cotyledon.oslo_config_glue [-] oslo_messaging_rabbit.rabbit_interval_max = 30 {{(pid=109938) log_opt_values /opt/stack/data/venv/lib/python3.12/site-packages/oslo_config/cfg.py:3006}}
Apr 06 17:20:26.535332 np0000163536 nova-conductor[109938]: DEBUG cotyledon.oslo_config_glue [-] oslo_messaging_rabbit.rabbit_login_method = AMQPLAIN {{(pid=109938) log_opt_values /opt/stack/data/venv/lib/python3.12/site-packages/oslo_config/cfg.py:3006}}
Apr 06 17:20:26.535332 np0000163536 nova-conductor[109938]: DEBUG cotyledon.oslo_config_glue [-] oslo_messaging_rabbit.rabbit_qos_prefetch_count = 0 {{(pid=109938) log_opt_values /opt/stack/data/venv/lib/python3.12/site-packages/oslo_config/cfg.py:3006}}
Apr 06 17:20:26.535332 np0000163536 nova-conductor[109938]: DEBUG cotyledon.oslo_config_glue [-] oslo_messaging_rabbit.rabbit_quorum_delivery_limit = 0 {{(pid=109938) log_opt_values /opt/stack/data/venv/lib/python3.12/site-packages/oslo_config/cfg.py:3006}}
Apr 06 17:20:26.535332 np0000163536 nova-conductor[109938]: DEBUG cotyledon.oslo_config_glue [-] oslo_messaging_rabbit.rabbit_quorum_max_memory_bytes = 0 {{(pid=109938) log_opt_values /opt/stack/data/venv/lib/python3.12/site-packages/oslo_config/cfg.py:3006}}
Apr 06 17:20:26.535573 np0000163536 nova-conductor[109938]: DEBUG cotyledon.oslo_config_glue [-] oslo_messaging_rabbit.rabbit_quorum_max_memory_length = 0 {{(pid=109938) log_opt_values /opt/stack/data/venv/lib/python3.12/site-packages/oslo_config/cfg.py:3006}}
Apr 06 17:20:26.535573 np0000163536 nova-conductor[109938]: DEBUG cotyledon.oslo_config_glue [-] oslo_messaging_rabbit.rabbit_quorum_queue = False {{(pid=109938) log_opt_values /opt/stack/data/venv/lib/python3.12/site-packages/oslo_config/cfg.py:3006}}
Apr 06 17:20:26.535573 np0000163536 nova-conductor[109938]: DEBUG cotyledon.oslo_config_glue [-] oslo_messaging_rabbit.rabbit_retry_backoff = 2 {{(pid=109938) log_opt_values /opt/stack/data/venv/lib/python3.12/site-packages/oslo_config/cfg.py:3006}}
Apr 06 17:20:26.535573 np0000163536 nova-conductor[109938]: DEBUG cotyledon.oslo_config_glue [-] oslo_messaging_rabbit.rabbit_retry_interval = 1 {{(pid=109938) log_opt_values /opt/stack/data/venv/lib/python3.12/site-packages/oslo_config/cfg.py:3006}}
Apr 06 17:20:26.535573 np0000163536 nova-conductor[109938]: DEBUG cotyledon.oslo_config_glue [-] oslo_messaging_rabbit.rabbit_stream_fanout = False {{(pid=109938) log_opt_values /opt/stack/data/venv/lib/python3.12/site-packages/oslo_config/cfg.py:3006}}
Apr 06 17:20:26.535573 np0000163536 nova-conductor[109938]: DEBUG cotyledon.oslo_config_glue [-] oslo_messaging_rabbit.rabbit_transient_queues_ttl = 1800 {{(pid=109938) log_opt_values /opt/stack/data/venv/lib/python3.12/site-packages/oslo_config/cfg.py:3006}}
Apr 06 17:20:26.535573 np0000163536 nova-conductor[109938]: DEBUG cotyledon.oslo_config_glue [-] oslo_messaging_rabbit.rabbit_transient_quorum_queue = False {{(pid=109938) log_opt_values /opt/stack/data/venv/lib/python3.12/site-packages/oslo_config/cfg.py:3006}}
Apr 06 17:20:26.535573 np0000163536 nova-conductor[109938]: DEBUG cotyledon.oslo_config_glue [-] oslo_messaging_rabbit.rpc_conn_pool_size = 30 {{(pid=109938) log_opt_values /opt/stack/data/venv/lib/python3.12/site-packages/oslo_config/cfg.py:3006}}
Apr 06 17:20:26.535573 np0000163536 nova-conductor[109938]: DEBUG cotyledon.oslo_config_glue [-] oslo_messaging_rabbit.ssl = False {{(pid=109938) log_opt_values /opt/stack/data/venv/lib/python3.12/site-packages/oslo_config/cfg.py:3006}}
Apr 06 17:20:26.535793 np0000163536 nova-conductor[109938]: DEBUG cotyledon.oslo_config_glue [-] oslo_messaging_rabbit.ssl_ca_file = {{(pid=109938) log_opt_values /opt/stack/data/venv/lib/python3.12/site-packages/oslo_config/cfg.py:3006}}
Apr 06 17:20:26.535793 np0000163536 nova-conductor[109938]: DEBUG cotyledon.oslo_config_glue [-] oslo_messaging_rabbit.ssl_cert_file = {{(pid=109938) log_opt_values /opt/stack/data/venv/lib/python3.12/site-packages/oslo_config/cfg.py:3006}}
Apr 06 17:20:26.535793 np0000163536 nova-conductor[109938]: DEBUG cotyledon.oslo_config_glue [-] oslo_messaging_rabbit.ssl_enforce_fips_mode = False {{(pid=109938) log_opt_values /opt/stack/data/venv/lib/python3.12/site-packages/oslo_config/cfg.py:3006}}
Apr 06 17:20:26.535793 np0000163536 nova-conductor[109938]: DEBUG cotyledon.oslo_config_glue [-] oslo_messaging_rabbit.ssl_key_file = {{(pid=109938) log_opt_values /opt/stack/data/venv/lib/python3.12/site-packages/oslo_config/cfg.py:3006}}
Apr 06 17:20:26.535793 np0000163536 nova-conductor[109938]: DEBUG cotyledon.oslo_config_glue [-] oslo_messaging_rabbit.ssl_version = {{(pid=109938) log_opt_values /opt/stack/data/venv/lib/python3.12/site-packages/oslo_config/cfg.py:3006}}
Apr 06 17:20:26.535793 np0000163536 nova-conductor[109938]: DEBUG cotyledon.oslo_config_glue [-] oslo_messaging_rabbit.use_queue_manager = False {{(pid=109938) log_opt_values /opt/stack/data/venv/lib/python3.12/site-packages/oslo_config/cfg.py:3006}}
Apr 06 17:20:26.535793 np0000163536 nova-conductor[109938]: DEBUG cotyledon.oslo_config_glue [-] oslo_messaging_notifications.driver = ['messagingv2'] {{(pid=109938) log_opt_values /opt/stack/data/venv/lib/python3.12/site-packages/oslo_config/cfg.py:3006}}
Apr 06 17:20:26.535793 np0000163536 nova-conductor[109938]: DEBUG cotyledon.oslo_config_glue [-] oslo_messaging_notifications.retry = -1 {{(pid=109938) log_opt_values /opt/stack/data/venv/lib/python3.12/site-packages/oslo_config/cfg.py:3006}}
Apr 06 17:20:26.535793 np0000163536 nova-conductor[109938]: DEBUG cotyledon.oslo_config_glue [-] oslo_messaging_notifications.topics = ['notifications'] {{(pid=109938) log_opt_values /opt/stack/data/venv/lib/python3.12/site-packages/oslo_config/cfg.py:3006}}
Apr 06 17:20:26.536016 np0000163536 nova-conductor[109915]: DEBUG nova.service [None req-c7af28ba-d821-417f-aa37-d508af5ff62e None None] Creating RPC server for service: nova-conductor on topic: conductor {{(pid=109915) start /opt/stack/nova/nova/service.py:195}}
Apr 06 17:20:26.536048 np0000163536 nova-conductor[109938]: DEBUG cotyledon.oslo_config_glue [-] oslo_messaging_notifications.transport_url = **** {{(pid=109938) log_opt_values /opt/stack/data/venv/lib/python3.12/site-packages/oslo_config/cfg.py:3006}}
Apr 06 17:20:26.536048 np0000163536 nova-conductor[109938]: DEBUG cotyledon.oslo_config_glue [-] oslo_limit.auth_section = None {{(pid=109938) log_opt_values /opt/stack/data/venv/lib/python3.12/site-packages/oslo_config/cfg.py:3006}}
Apr 06 17:20:26.536048 np0000163536 nova-conductor[109938]: DEBUG cotyledon.oslo_config_glue [-] oslo_limit.auth_type = None {{(pid=109938) log_opt_values /opt/stack/data/venv/lib/python3.12/site-packages/oslo_config/cfg.py:3006}}
Apr 06 17:20:26.536048 np0000163536 nova-conductor[109938]: DEBUG cotyledon.oslo_config_glue [-] oslo_limit.cafile = None {{(pid=109938) log_opt_values /opt/stack/data/venv/lib/python3.12/site-packages/oslo_config/cfg.py:3006}}
Apr 06 17:20:26.536048 np0000163536 nova-conductor[109938]: DEBUG cotyledon.oslo_config_glue [-] oslo_limit.certfile = None {{(pid=109938) log_opt_values /opt/stack/data/venv/lib/python3.12/site-packages/oslo_config/cfg.py:3006}}
Apr 06 17:20:26.536048 np0000163536 nova-conductor[109938]: DEBUG cotyledon.oslo_config_glue [-] oslo_limit.collect_timing = False {{(pid=109938) log_opt_values /opt/stack/data/venv/lib/python3.12/site-packages/oslo_config/cfg.py:3006}}
Apr 06 17:20:26.536048 np0000163536 nova-conductor[109938]: DEBUG cotyledon.oslo_config_glue [-] oslo_limit.connect_retries = None {{(pid=109938) log_opt_values /opt/stack/data/venv/lib/python3.12/site-packages/oslo_config/cfg.py:3006}}
Apr 06 17:20:26.536048 np0000163536 nova-conductor[109938]: DEBUG cotyledon.oslo_config_glue [-] oslo_limit.connect_retry_delay = None {{(pid=109938) log_opt_values /opt/stack/data/venv/lib/python3.12/site-packages/oslo_config/cfg.py:3006}}
Apr 06 17:20:26.536048 np0000163536 nova-conductor[109938]: DEBUG cotyledon.oslo_config_glue [-] oslo_limit.endpoint_id = None {{(pid=109938) log_opt_values /opt/stack/data/venv/lib/python3.12/site-packages/oslo_config/cfg.py:3006}}
Apr 06 17:20:26.536257 np0000163536 nova-conductor[109938]: DEBUG cotyledon.oslo_config_glue [-] oslo_limit.endpoint_interface = public {{(pid=109938) log_opt_values /opt/stack/data/venv/lib/python3.12/site-packages/oslo_config/cfg.py:3006}}
Apr 06 17:20:26.536257 np0000163536 nova-conductor[109938]: DEBUG cotyledon.oslo_config_glue [-] oslo_limit.endpoint_override = None {{(pid=109938) log_opt_values /opt/stack/data/venv/lib/python3.12/site-packages/oslo_config/cfg.py:3006}}
Apr 06 17:20:26.536257 np0000163536 nova-conductor[109938]: DEBUG cotyledon.oslo_config_glue [-] oslo_limit.endpoint_region_name = None {{(pid=109938) log_opt_values /opt/stack/data/venv/lib/python3.12/site-packages/oslo_config/cfg.py:3006}}
Apr 06 17:20:26.536257 np0000163536 nova-conductor[109938]: DEBUG cotyledon.oslo_config_glue [-] oslo_limit.endpoint_service_name = None {{(pid=109938) log_opt_values /opt/stack/data/venv/lib/python3.12/site-packages/oslo_config/cfg.py:3006}}
Apr 06 17:20:26.536257 np0000163536 nova-conductor[109938]: DEBUG cotyledon.oslo_config_glue [-] oslo_limit.endpoint_service_type = None {{(pid=109938) log_opt_values /opt/stack/data/venv/lib/python3.12/site-packages/oslo_config/cfg.py:3006}}
Apr 06 17:20:26.536257 np0000163536 nova-conductor[109938]: DEBUG cotyledon.oslo_config_glue [-] oslo_limit.insecure = False {{(pid=109938) log_opt_values /opt/stack/data/venv/lib/python3.12/site-packages/oslo_config/cfg.py:3006}}
Apr 06 17:20:26.536257 np0000163536 nova-conductor[109938]: DEBUG cotyledon.oslo_config_glue [-] oslo_limit.keyfile = None {{(pid=109938) log_opt_values /opt/stack/data/venv/lib/python3.12/site-packages/oslo_config/cfg.py:3006}}
Apr 06 17:20:26.536257 np0000163536 nova-conductor[109938]: DEBUG cotyledon.oslo_config_glue [-] oslo_limit.max_version = None {{(pid=109938) log_opt_values /opt/stack/data/venv/lib/python3.12/site-packages/oslo_config/cfg.py:3006}}
Apr 06 17:20:26.536257 np0000163536 nova-conductor[109938]: DEBUG cotyledon.oslo_config_glue [-] oslo_limit.min_version = None {{(pid=109938) log_opt_values /opt/stack/data/venv/lib/python3.12/site-packages/oslo_config/cfg.py:3006}}
Apr 06 17:20:26.536554 np0000163536 nova-conductor[109938]: DEBUG cotyledon.oslo_config_glue [-] oslo_limit.region_name = None {{(pid=109938) log_opt_values /opt/stack/data/venv/lib/python3.12/site-packages/oslo_config/cfg.py:3006}}
Apr 06 17:20:26.536554 np0000163536 nova-conductor[109938]: DEBUG cotyledon.oslo_config_glue [-] oslo_limit.retriable_status_codes = None {{(pid=109938) log_opt_values /opt/stack/data/venv/lib/python3.12/site-packages/oslo_config/cfg.py:3006}}
Apr 06 17:20:26.536554 np0000163536 nova-conductor[109938]: DEBUG cotyledon.oslo_config_glue [-] oslo_limit.service_name = None {{(pid=109938) log_opt_values /opt/stack/data/venv/lib/python3.12/site-packages/oslo_config/cfg.py:3006}}
Apr 06 17:20:26.536554 np0000163536 nova-conductor[109938]: DEBUG cotyledon.oslo_config_glue [-] oslo_limit.service_type = None {{(pid=109938) log_opt_values /opt/stack/data/venv/lib/python3.12/site-packages/oslo_config/cfg.py:3006}}
Apr 06 17:20:26.536554 np0000163536 nova-conductor[109938]: DEBUG cotyledon.oslo_config_glue [-] oslo_limit.split_loggers = False {{(pid=109938) log_opt_values /opt/stack/data/venv/lib/python3.12/site-packages/oslo_config/cfg.py:3006}}
Apr 06 17:20:26.536554 np0000163536 nova-conductor[109938]: DEBUG cotyledon.oslo_config_glue [-] oslo_limit.status_code_retries = None {{(pid=109938) log_opt_values /opt/stack/data/venv/lib/python3.12/site-packages/oslo_config/cfg.py:3006}}
Apr 06 17:20:26.536554 np0000163536 nova-conductor[109938]: DEBUG cotyledon.oslo_config_glue [-] oslo_limit.status_code_retry_delay = None {{(pid=109938) log_opt_values /opt/stack/data/venv/lib/python3.12/site-packages/oslo_config/cfg.py:3006}}
Apr 06 17:20:26.536554 np0000163536 nova-conductor[109938]: DEBUG cotyledon.oslo_config_glue [-] oslo_limit.timeout = None {{(pid=109938) log_opt_values /opt/stack/data/venv/lib/python3.12/site-packages/oslo_config/cfg.py:3006}}
Apr 06 17:20:26.536554 np0000163536 nova-conductor[109938]: DEBUG cotyledon.oslo_config_glue [-] oslo_limit.valid_interfaces = None {{(pid=109938) log_opt_values /opt/stack/data/venv/lib/python3.12/site-packages/oslo_config/cfg.py:3006}}
Apr 06 17:20:26.536753 np0000163536 nova-conductor[109938]: DEBUG cotyledon.oslo_config_glue [-] oslo_limit.version = None {{(pid=109938) log_opt_values /opt/stack/data/venv/lib/python3.12/site-packages/oslo_config/cfg.py:3006}}
Apr 06 17:20:26.536753 np0000163536 nova-conductor[109938]: DEBUG cotyledon.oslo_config_glue [-] oslo_reports.file_event_handler = None {{(pid=109938) log_opt_values /opt/stack/data/venv/lib/python3.12/site-packages/oslo_config/cfg.py:3006}}
Apr 06 17:20:26.536753 np0000163536 nova-conductor[109938]: DEBUG cotyledon.oslo_config_glue [-] oslo_reports.file_event_handler_interval = 1 {{(pid=109938) log_opt_values /opt/stack/data/venv/lib/python3.12/site-packages/oslo_config/cfg.py:3006}}
Apr 06 17:20:26.536753 np0000163536 nova-conductor[109938]: DEBUG cotyledon.oslo_config_glue [-] oslo_reports.log_dir = None {{(pid=109938) log_opt_values /opt/stack/data/venv/lib/python3.12/site-packages/oslo_config/cfg.py:3006}}
Apr 06 17:20:26.536753 np0000163536 nova-conductor[109938]: DEBUG cotyledon.oslo_config_glue [-] ******************************************************************************** {{(pid=109938) log_opt_values /opt/stack/data/venv/lib/python3.12/site-packages/oslo_config/cfg.py:3013}}
Apr 06 17:20:26.536866 np0000163536 nova-conductor[109930]: DEBUG oslo_db.sqlalchemy.engines [None req-fe10e055-b260-4676-abf3-f8a1bdbf9977 None None] MySQL server mode set to STRICT_TRANS_TABLES,STRICT_ALL_TABLES,NO_ZERO_IN_DATE,NO_ZERO_DATE,ERROR_FOR_DIVISION_BY_ZERO,TRADITIONAL,NO_ENGINE_SUBSTITUTION {{(pid=109930) _check_effective_sql_mode /opt/stack/data/venv/lib/python3.12/site-packages/oslo_db/sqlalchemy/engines.py:325}}
Apr 06 17:20:26.536898 np0000163536 nova-conductor[109938]: DEBUG cotyledon._service_worker [-] Run service ServiceWrapper(3) [109938] {{(pid=109938) wait_forever /opt/stack/data/venv/lib/python3.12/site-packages/cotyledon/_service_worker.py:218}}
Apr 06 17:20:26.536898 np0000163536 nova-conductor[109938]: INFO nova.service [-] Starting conductor node (version 33.1.0)
Apr 06 17:20:26.536953 np0000163536 nova-conductor[109923]: DEBUG dbcounter [-] [109923] Writer thread running {{(pid=109923) stat_writer /opt/stack/data/venv/lib/python3.12/site-packages/dbcounter.py:102}}
Apr 06 17:20:26.536953 np0000163536 nova-conductor[109923]: DEBUG nova.service [None req-f2e20bef-be62-46d4-87e0-f6c4dd7d0723 None None] Creating RPC server for service: nova-conductor on topic: conductor {{(pid=109923) start /opt/stack/nova/nova/service.py:195}}
Apr 06 17:20:26.537010 np0000163536 nova-conductor[109938]: INFO dbcounter [None req-4ddd4e1b-6569-44ae-b3c4-49d5990611fd None None] Registered counter for database nova_cell0
Apr 06 17:20:26.537043 np0000163536 nova-conductor[109930]: DEBUG dbcounter [-] [109930] Writer thread running {{(pid=109930) stat_writer /opt/stack/data/venv/lib/python3.12/site-packages/dbcounter.py:102}}
Apr 06 17:20:26.537072 np0000163536 nova-conductor[109938]: DEBUG oslo_db.sqlalchemy.engines [None req-4ddd4e1b-6569-44ae-b3c4-49d5990611fd None None] MySQL server mode set to STRICT_TRANS_TABLES,STRICT_ALL_TABLES,NO_ZERO_IN_DATE,NO_ZERO_DATE,ERROR_FOR_DIVISION_BY_ZERO,TRADITIONAL,NO_ENGINE_SUBSTITUTION {{(pid=109938) _check_effective_sql_mode /opt/stack/data/venv/lib/python3.12/site-packages/oslo_db/sqlalchemy/engines.py:325}}
Apr 06 17:20:26.537101 np0000163536 nova-conductor[109930]: DEBUG nova.service [None req-fe10e055-b260-4676-abf3-f8a1bdbf9977 None None] Creating RPC server for service: nova-conductor on topic: conductor {{(pid=109930) start /opt/stack/nova/nova/service.py:195}}
Apr 06 17:20:26.539892 np0000163536 nova-conductor[109915]: DEBUG nova.service [None req-c7af28ba-d821-417f-aa37-d508af5ff62e None None] Join ServiceGroup membership for this service conductor {{(pid=109915) start /opt/stack/nova/nova/service.py:221}}
Apr 06 17:20:26.540137 np0000163536 nova-conductor[109923]: DEBUG nova.service [None req-f2e20bef-be62-46d4-87e0-f6c4dd7d0723 None None] Join ServiceGroup membership for this service conductor {{(pid=109923) start /opt/stack/nova/nova/service.py:221}}
Apr 06 17:20:26.540707 np0000163536 nova-conductor[109915]: DEBUG nova.servicegroup.drivers.db [None req-c7af28ba-d821-417f-aa37-d508af5ff62e None None] DB_Driver: join new ServiceGroup member np0000163536 to the conductor group, service = {{(pid=109915) join /opt/stack/nova/nova/servicegroup/drivers/db.py:44}}
Apr 06 17:20:26.540760 np0000163536 nova-conductor[109923]: DEBUG nova.servicegroup.drivers.db [None req-f2e20bef-be62-46d4-87e0-f6c4dd7d0723 None None] DB_Driver: join new ServiceGroup member np0000163536 to the conductor group, service = {{(pid=109923) join /opt/stack/nova/nova/servicegroup/drivers/db.py:44}}
Apr 06 17:20:26.546274 np0000163536 nova-conductor[109938]: DEBUG dbcounter [-] [109938] Writer thread running {{(pid=109938) stat_writer /opt/stack/data/venv/lib/python3.12/site-packages/dbcounter.py:102}}
Apr 06 17:20:26.549191 np0000163536 nova-conductor[109938]: DEBUG nova.service [None req-4ddd4e1b-6569-44ae-b3c4-49d5990611fd None None] Creating RPC server for service: nova-conductor on topic: conductor {{(pid=109938) start /opt/stack/nova/nova/service.py:195}}
Apr 06 17:20:26.556835 np0000163536 nova-conductor[109930]: DEBUG nova.service [None req-fe10e055-b260-4676-abf3-f8a1bdbf9977 None None] Join ServiceGroup membership for this service conductor {{(pid=109930) start /opt/stack/nova/nova/service.py:221}}
Apr 06 17:20:26.557079 np0000163536 nova-conductor[109930]: DEBUG nova.servicegroup.drivers.db [None req-fe10e055-b260-4676-abf3-f8a1bdbf9977 None None] DB_Driver: join new ServiceGroup member np0000163536 to the conductor group, service = {{(pid=109930) join /opt/stack/nova/nova/servicegroup/drivers/db.py:44}}
Apr 06 17:20:26.570769 np0000163536 nova-conductor[109938]: DEBUG nova.service [None req-4ddd4e1b-6569-44ae-b3c4-49d5990611fd None None] Join ServiceGroup membership for this service conductor {{(pid=109938) start /opt/stack/nova/nova/service.py:221}}
Apr 06 17:20:26.570981 np0000163536 nova-conductor[109938]: DEBUG nova.servicegroup.drivers.db [None req-4ddd4e1b-6569-44ae-b3c4-49d5990611fd None None] DB_Driver: join new ServiceGroup member np0000163536 to the conductor group, service = {{(pid=109938) join /opt/stack/nova/nova/servicegroup/drivers/db.py:44}}
Apr 06 17:20:31.561772 np0000163536 nova-conductor[109915]: DEBUG oslo.service.backend._threading.loopingcall [-] Fixed interval looping call 'nova.servicegroup.drivers.db.DbDriver._report_state' sleeping for 119.98 seconds {{(pid=109915) _run_loop /opt/stack/data/venv/lib/python3.12/site-packages/oslo_service/backend/_threading/loopingcall.py:125}}
Apr 06 17:20:31.562578 np0000163536 nova-conductor[109923]: DEBUG oslo.service.backend._threading.loopingcall [-] Fixed interval looping call 'nova.servicegroup.drivers.db.DbDriver._report_state' sleeping for 119.98 seconds {{(pid=109923) _run_loop /opt/stack/data/venv/lib/python3.12/site-packages/oslo_service/backend/_threading/loopingcall.py:125}}
Apr 06 17:20:31.574011 np0000163536 nova-conductor[109930]: DEBUG oslo.service.backend._threading.loopingcall [-] Fixed interval looping call 'nova.servicegroup.drivers.db.DbDriver._report_state' sleeping for 119.99 seconds {{(pid=109930) _run_loop /opt/stack/data/venv/lib/python3.12/site-packages/oslo_service/backend/_threading/loopingcall.py:125}}
Apr 06 17:20:31.585749 np0000163536 nova-conductor[109938]: DEBUG oslo.service.backend._threading.loopingcall [-] Fixed interval looping call 'nova.servicegroup.drivers.db.DbDriver._report_state' sleeping for 119.99 seconds {{(pid=109938) _run_loop /opt/stack/data/venv/lib/python3.12/site-packages/oslo_service/backend/_threading/loopingcall.py:125}}
Apr 06 17:20:35.165809 np0000163536 nova-conductor[109112]: DEBUG dbcounter [-] [109112] Writing DB stats nova_api:SELECT=1 {{(pid=109112) stat_writer /opt/stack/data/venv/lib/python3.12/site-packages/dbcounter.py:115}}
Apr 06 17:20:35.262498 np0000163536 nova-conductor[109112]: DEBUG dbcounter [-] [109112] Writing DB stats nova_cell0:SELECT=1 {{(pid=109112) stat_writer /opt/stack/data/venv/lib/python3.12/site-packages/dbcounter.py:115}}
Apr 06 17:20:35.269618 np0000163536 nova-conductor[109112]: DEBUG dbcounter [-] [109112] Writing DB stats nova_cell1:SELECT=1 {{(pid=109112) stat_writer /opt/stack/data/venv/lib/python3.12/site-packages/dbcounter.py:115}}
Apr 06 17:20:35.560819 np0000163536 nova-conductor[109930]: DEBUG oslo.service.backend._threading.loopingcall [None req-a4bca29a-99d9-499e-8da7-4c78b822f2cd None None] Dynamic interval looping call 'nova.service.Service.periodic_tasks' sleeping for 60.00 seconds {{(pid=109930) _run_loop /opt/stack/data/venv/lib/python3.12/site-packages/oslo_service/backend/_threading/loopingcall.py:125}}
Apr 06 17:20:41.557413 np0000163536 nova-conductor[109915]: DEBUG dbcounter [-] [109915] Writing DB stats nova_cell0:SELECT=4,nova_cell0:INSERT=1,nova_cell0:UPDATE=1 {{(pid=109915) stat_writer /opt/stack/data/venv/lib/python3.12/site-packages/dbcounter.py:115}}
Apr 06 17:20:41.557988 np0000163536 nova-conductor[109923]: DEBUG dbcounter [-] [109923] Writing DB stats nova_cell0:SELECT=3,nova_cell0:UPDATE=1 {{(pid=109923) stat_writer /opt/stack/data/venv/lib/python3.12/site-packages/dbcounter.py:115}}
Apr 06 17:20:41.570339 np0000163536 nova-conductor[109930]: DEBUG dbcounter [-] [109930] Writing DB stats nova_cell0:SELECT=3 {{(pid=109930) stat_writer /opt/stack/data/venv/lib/python3.12/site-packages/dbcounter.py:115}}
Apr 06 17:20:41.574115 np0000163536 nova-conductor[109938]: DEBUG oslo.service.backend._threading.loopingcall [None req-5111268e-eb18-4c82-9e6d-a4ef55718055 None None] Dynamic interval looping call 'nova.service.Service.periodic_tasks' sleeping for 60.00 seconds {{(pid=109938) _run_loop /opt/stack/data/venv/lib/python3.12/site-packages/oslo_service/backend/_threading/loopingcall.py:125}}
Apr 06 17:20:41.583718 np0000163536 nova-conductor[109938]: DEBUG dbcounter [-] [109938] Writing DB stats nova_cell0:SELECT=3 {{(pid=109938) stat_writer /opt/stack/data/venv/lib/python3.12/site-packages/dbcounter.py:115}}
Apr 06 17:21:09.543419 np0000163536 nova-conductor[109923]: DEBUG oslo.service.backend._threading.loopingcall [None req-463ab149-a2c8-4650-92f4-d106ee263c4d None None] Dynamic interval looping call 'nova.service.Service.periodic_tasks' sleeping for 60.00 seconds {{(pid=109923) _run_loop /opt/stack/data/venv/lib/python3.12/site-packages/oslo_service/backend/_threading/loopingcall.py:125}}
Apr 06 17:21:24.545036 np0000163536 nova-conductor[109915]: DEBUG oslo.service.backend._threading.loopingcall [None req-562c50ce-8008-49e4-a783-ce228afa7fb7 None None] Dynamic interval looping call 'nova.service.Service.periodic_tasks' sleeping for 60.00 seconds {{(pid=109915) _run_loop /opt/stack/data/venv/lib/python3.12/site-packages/oslo_service/backend/_threading/loopingcall.py:125}}
Apr 06 17:21:35.561495 np0000163536 nova-conductor[109930]: DEBUG oslo.service.backend._threading.loopingcall [None req-a4bca29a-99d9-499e-8da7-4c78b822f2cd None None] Dynamic interval looping call 'nova.service.Service.periodic_tasks' sleeping for 60.00 seconds {{(pid=109930) _run_loop /opt/stack/data/venv/lib/python3.12/site-packages/oslo_service/backend/_threading/loopingcall.py:125}}
Apr 06 17:21:41.575044 np0000163536 nova-conductor[109938]: DEBUG oslo.service.backend._threading.loopingcall [None req-5111268e-eb18-4c82-9e6d-a4ef55718055 None None] Dynamic interval looping call 'nova.service.Service.periodic_tasks' sleeping for 60.00 seconds {{(pid=109938) _run_loop /opt/stack/data/venv/lib/python3.12/site-packages/oslo_service/backend/_threading/loopingcall.py:125}}
Apr 06 17:22:09.544201 np0000163536 nova-conductor[109923]: DEBUG oslo.service.backend._threading.loopingcall [None req-463ab149-a2c8-4650-92f4-d106ee263c4d None None] Dynamic interval looping call 'nova.service.Service.periodic_tasks' sleeping for 60.00 seconds {{(pid=109923) _run_loop /opt/stack/data/venv/lib/python3.12/site-packages/oslo_service/backend/_threading/loopingcall.py:125}}
Apr 06 17:22:24.545932 np0000163536 nova-conductor[109915]: DEBUG oslo.service.backend._threading.loopingcall [None req-562c50ce-8008-49e4-a783-ce228afa7fb7 None None] Dynamic interval looping call 'nova.service.Service.periodic_tasks' sleeping for 60.00 seconds {{(pid=109915) _run_loop /opt/stack/data/venv/lib/python3.12/site-packages/oslo_service/backend/_threading/loopingcall.py:125}}
Apr 06 17:22:31.552570 np0000163536 nova-conductor[109915]: DEBUG oslo.service.backend._threading.loopingcall [-] Fixed interval looping call 'nova.servicegroup.drivers.db.DbDriver._report_state' sleeping for 119.99 seconds {{(pid=109915) _run_loop /opt/stack/data/venv/lib/python3.12/site-packages/oslo_service/backend/_threading/loopingcall.py:125}}
Apr 06 17:22:31.553493 np0000163536 nova-conductor[109923]: DEBUG oslo.service.backend._threading.loopingcall [-] Fixed interval looping call 'nova.servicegroup.drivers.db.DbDriver._report_state' sleeping for 119.99 seconds {{(pid=109923) _run_loop /opt/stack/data/venv/lib/python3.12/site-packages/oslo_service/backend/_threading/loopingcall.py:125}}
Apr 06 17:22:31.572359 np0000163536 nova-conductor[109930]: DEBUG oslo.service.backend._threading.loopingcall [-] Fixed interval looping call 'nova.servicegroup.drivers.db.DbDriver._report_state' sleeping for 119.99 seconds {{(pid=109930) _run_loop /opt/stack/data/venv/lib/python3.12/site-packages/oslo_service/backend/_threading/loopingcall.py:125}}
Apr 06 17:22:31.588557 np0000163536 nova-conductor[109938]: DEBUG oslo.service.backend._threading.loopingcall [-] Fixed interval looping call 'nova.servicegroup.drivers.db.DbDriver._report_state' sleeping for 119.99 seconds {{(pid=109938) _run_loop /opt/stack/data/venv/lib/python3.12/site-packages/oslo_service/backend/_threading/loopingcall.py:125}}
Apr 06 17:22:35.562297 np0000163536 nova-conductor[109930]: DEBUG oslo.service.backend._threading.loopingcall [None req-a4bca29a-99d9-499e-8da7-4c78b822f2cd None None] Dynamic interval looping call 'nova.service.Service.periodic_tasks' sleeping for 60.00 seconds {{(pid=109930) _run_loop /opt/stack/data/venv/lib/python3.12/site-packages/oslo_service/backend/_threading/loopingcall.py:125}}
Apr 06 17:22:41.547269 np0000163536 nova-conductor[109915]: DEBUG dbcounter [-] [109915] Writing DB stats nova_cell0:SELECT=1,nova_cell0:UPDATE=1 {{(pid=109915) stat_writer /opt/stack/data/venv/lib/python3.12/site-packages/dbcounter.py:115}}
Apr 06 17:22:41.548079 np0000163536 nova-conductor[109923]: DEBUG dbcounter [-] [109923] Writing DB stats nova_cell0:SELECT=1,nova_cell0:UPDATE=1 {{(pid=109923) stat_writer /opt/stack/data/venv/lib/python3.12/site-packages/dbcounter.py:115}}
Apr 06 17:22:41.570524 np0000163536 nova-conductor[109930]: DEBUG dbcounter [-] [109930] Writing DB stats nova_cell0:SELECT=1 {{(pid=109930) stat_writer /opt/stack/data/venv/lib/python3.12/site-packages/dbcounter.py:115}}
Apr 06 17:22:41.575810 np0000163536 nova-conductor[109938]: DEBUG oslo.service.backend._threading.loopingcall [None req-5111268e-eb18-4c82-9e6d-a4ef55718055 None None] Dynamic interval looping call 'nova.service.Service.periodic_tasks' sleeping for 60.00 seconds {{(pid=109938) _run_loop /opt/stack/data/venv/lib/python3.12/site-packages/oslo_service/backend/_threading/loopingcall.py:125}}
Apr 06 17:22:41.586165 np0000163536 nova-conductor[109938]: DEBUG dbcounter [-] [109938] Writing DB stats nova_cell0:SELECT=1 {{(pid=109938) stat_writer /opt/stack/data/venv/lib/python3.12/site-packages/dbcounter.py:115}}
Apr 06 17:23:09.545186 np0000163536 nova-conductor[109923]: DEBUG oslo.service.backend._threading.loopingcall [None req-463ab149-a2c8-4650-92f4-d106ee263c4d None None] Dynamic interval looping call 'nova.service.Service.periodic_tasks' sleeping for 60.00 seconds {{(pid=109923) _run_loop /opt/stack/data/venv/lib/python3.12/site-packages/oslo_service/backend/_threading/loopingcall.py:125}}
Apr 06 17:23:24.546750 np0000163536 nova-conductor[109915]: DEBUG oslo.service.backend._threading.loopingcall [None req-562c50ce-8008-49e4-a783-ce228afa7fb7 None None] Dynamic interval looping call 'nova.service.Service.periodic_tasks' sleeping for 60.00 seconds {{(pid=109915) _run_loop /opt/stack/data/venv/lib/python3.12/site-packages/oslo_service/backend/_threading/loopingcall.py:125}}
Apr 06 17:23:35.563255 np0000163536 nova-conductor[109930]: DEBUG oslo.service.backend._threading.loopingcall [None req-a4bca29a-99d9-499e-8da7-4c78b822f2cd None None] Dynamic interval looping call 'nova.service.Service.periodic_tasks' sleeping for 60.00 seconds {{(pid=109930) _run_loop /opt/stack/data/venv/lib/python3.12/site-packages/oslo_service/backend/_threading/loopingcall.py:125}}
Apr 06 17:23:41.576566 np0000163536 nova-conductor[109938]: DEBUG oslo.service.backend._threading.loopingcall [None req-5111268e-eb18-4c82-9e6d-a4ef55718055 None None] Dynamic interval looping call 'nova.service.Service.periodic_tasks' sleeping for 60.00 seconds {{(pid=109938) _run_loop /opt/stack/data/venv/lib/python3.12/site-packages/oslo_service/backend/_threading/loopingcall.py:125}}
Apr 06 17:24:09.546427 np0000163536 nova-conductor[109923]: DEBUG oslo.service.backend._threading.loopingcall [None req-463ab149-a2c8-4650-92f4-d106ee263c4d None None] Dynamic interval looping call 'nova.service.Service.periodic_tasks' sleeping for 60.00 seconds {{(pid=109923) _run_loop /opt/stack/data/venv/lib/python3.12/site-packages/oslo_service/backend/_threading/loopingcall.py:125}}
Apr 06 17:24:24.547984 np0000163536 nova-conductor[109915]: DEBUG oslo.service.backend._threading.loopingcall [None req-562c50ce-8008-49e4-a783-ce228afa7fb7 None None] Dynamic interval looping call 'nova.service.Service.periodic_tasks' sleeping for 60.00 seconds {{(pid=109915) _run_loop /opt/stack/data/venv/lib/python3.12/site-packages/oslo_service/backend/_threading/loopingcall.py:125}}
Apr 06 17:24:31.554932 np0000163536 nova-conductor[109915]: DEBUG oslo.service.backend._threading.loopingcall [-] Fixed interval looping call 'nova.servicegroup.drivers.db.DbDriver._report_state' sleeping for 119.99 seconds {{(pid=109915) _run_loop /opt/stack/data/venv/lib/python3.12/site-packages/oslo_service/backend/_threading/loopingcall.py:125}}
Apr 06 17:24:31.555700 np0000163536 nova-conductor[109923]: DEBUG oslo.service.backend._threading.loopingcall [-] Fixed interval looping call 'nova.servicegroup.drivers.db.DbDriver._report_state' sleeping for 119.99 seconds {{(pid=109923) _run_loop /opt/stack/data/venv/lib/python3.12/site-packages/oslo_service/backend/_threading/loopingcall.py:125}}
Apr 06 17:24:31.567518 np0000163536 nova-conductor[109930]: DEBUG oslo.service.backend._threading.loopingcall [-] Fixed interval looping call 'nova.servicegroup.drivers.db.DbDriver._report_state' sleeping for 120.00 seconds {{(pid=109930) _run_loop /opt/stack/data/venv/lib/python3.12/site-packages/oslo_service/backend/_threading/loopingcall.py:125}}
Apr 06 17:24:31.584770 np0000163536 nova-conductor[109938]: DEBUG oslo.service.backend._threading.loopingcall [-] Fixed interval looping call 'nova.servicegroup.drivers.db.DbDriver._report_state' sleeping for 119.99 seconds {{(pid=109938) _run_loop /opt/stack/data/venv/lib/python3.12/site-packages/oslo_service/backend/_threading/loopingcall.py:125}}
Apr 06 17:24:35.564498 np0000163536 nova-conductor[109930]: DEBUG oslo.service.backend._threading.loopingcall [None req-a4bca29a-99d9-499e-8da7-4c78b822f2cd None None] Dynamic interval looping call 'nova.service.Service.periodic_tasks' sleeping for 60.00 seconds {{(pid=109930) _run_loop /opt/stack/data/venv/lib/python3.12/site-packages/oslo_service/backend/_threading/loopingcall.py:125}}
Apr 06 17:24:41.548538 np0000163536 nova-conductor[109915]: DEBUG dbcounter [-] [109915] Writing DB stats nova_cell0:SELECT=1,nova_cell0:UPDATE=1 {{(pid=109915) stat_writer /opt/stack/data/venv/lib/python3.12/site-packages/dbcounter.py:115}}
Apr 06 17:24:41.549777 np0000163536 nova-conductor[109923]: DEBUG dbcounter [-] [109923] Writing DB stats nova_cell0:SELECT=1,nova_cell0:UPDATE=1 {{(pid=109923) stat_writer /opt/stack/data/venv/lib/python3.12/site-packages/dbcounter.py:115}}
Apr 06 17:24:41.565149 np0000163536 nova-conductor[109930]: DEBUG dbcounter [-] [109930] Writing DB stats nova_cell0:SELECT=1 {{(pid=109930) stat_writer /opt/stack/data/venv/lib/python3.12/site-packages/dbcounter.py:115}}
