Apr 06 17:20:18.080185 np0000163536 nova-scheduler[107748]: DEBUG cotyledon.oslo_config_glue [-] vnc.vencrypt_client_cert = None {{(pid=107748) log_opt_values /opt/stack/data/venv/lib/python3.12/site-packages/oslo_config/cfg.py:3006}}
Apr 06 17:20:18.080185 np0000163536 nova-scheduler[107748]: DEBUG cotyledon.oslo_config_glue [-] vnc.vencrypt_client_key = None {{(pid=107748) log_opt_values /opt/stack/data/venv/lib/python3.12/site-packages/oslo_config/cfg.py:3006}}
Apr 06 17:20:18.080185 np0000163536 nova-scheduler[107748]: DEBUG cotyledon.oslo_config_glue [-] workarounds.disable_compute_service_check_for_ffu = False {{(pid=107748) log_opt_values /opt/stack/data/venv/lib/python3.12/site-packages/oslo_config/cfg.py:3006}}
Apr 06 17:20:18.080185 np0000163536 nova-scheduler[107748]: DEBUG cotyledon.oslo_config_glue [-] workarounds.disable_deep_image_inspection = False {{(pid=107748) log_opt_values /opt/stack/data/venv/lib/python3.12/site-packages/oslo_config/cfg.py:3006}}
Apr 06 17:20:18.080435 np0000163536 nova-scheduler[107748]: DEBUG cotyledon.oslo_config_glue [-] workarounds.disable_fallback_pcpu_query = False {{(pid=107748) log_opt_values /opt/stack/data/venv/lib/python3.12/site-packages/oslo_config/cfg.py:3006}}
Apr 06 17:20:18.080435 np0000163536 nova-scheduler[107748]: DEBUG cotyledon.oslo_config_glue [-] workarounds.disable_group_policy_check_upcall = False {{(pid=107748) log_opt_values /opt/stack/data/venv/lib/python3.12/site-packages/oslo_config/cfg.py:3006}}
Apr 06 17:20:18.080435 np0000163536 nova-scheduler[107748]: DEBUG cotyledon.oslo_config_glue [-] workarounds.disable_libvirt_livesnapshot = False {{(pid=107748) log_opt_values /opt/stack/data/venv/lib/python3.12/site-packages/oslo_config/cfg.py:3006}}
Apr 06 17:20:18.080435 np0000163536 nova-scheduler[107748]: DEBUG cotyledon.oslo_config_glue [-] workarounds.disable_rootwrap = False {{(pid=107748) log_opt_values /opt/stack/data/venv/lib/python3.12/site-packages/oslo_config/cfg.py:3006}}
Apr 06 17:20:18.080435 np0000163536 nova-scheduler[107748]: DEBUG cotyledon.oslo_config_glue [-] workarounds.enable_numa_live_migration = False {{(pid=107748) log_opt_values /opt/stack/data/venv/lib/python3.12/site-packages/oslo_config/cfg.py:3006}}
Apr 06 17:20:18.080435 np0000163536 nova-scheduler[107748]: DEBUG cotyledon.oslo_config_glue [-] workarounds.enable_qemu_monitor_announce_self = False {{(pid=107748) log_opt_values /opt/stack/data/venv/lib/python3.12/site-packages/oslo_config/cfg.py:3006}}
Apr 06 17:20:18.080435 np0000163536 nova-scheduler[107748]: DEBUG cotyledon.oslo_config_glue [-] workarounds.ensure_libvirt_rbd_instance_dir_cleanup = False {{(pid=107748) log_opt_values /opt/stack/data/venv/lib/python3.12/site-packages/oslo_config/cfg.py:3006}}
Apr 06 17:20:18.080435 np0000163536 nova-scheduler[107748]: DEBUG cotyledon.oslo_config_glue [-] workarounds.handle_virt_lifecycle_events = True {{(pid=107748) log_opt_values /opt/stack/data/venv/lib/python3.12/site-packages/oslo_config/cfg.py:3006}}
Apr 06 17:20:18.080435 np0000163536 nova-scheduler[107748]: DEBUG cotyledon.oslo_config_glue [-] workarounds.libvirt_disable_apic = False {{(pid=107748) log_opt_values /opt/stack/data/venv/lib/python3.12/site-packages/oslo_config/cfg.py:3006}}
Apr 06 17:20:18.080657 np0000163536 nova-scheduler[107748]: DEBUG cotyledon.oslo_config_glue [-] workarounds.never_download_image_if_on_rbd = False {{(pid=107748) log_opt_values /opt/stack/data/venv/lib/python3.12/site-packages/oslo_config/cfg.py:3006}}
Apr 06 17:20:18.080657 np0000163536 nova-scheduler[107748]: DEBUG cotyledon.oslo_config_glue [-] workarounds.qemu_monitor_announce_self_count = 3 {{(pid=107748) log_opt_values /opt/stack/data/venv/lib/python3.12/site-packages/oslo_config/cfg.py:3006}}
Apr 06 17:20:18.080657 np0000163536 nova-scheduler[107748]: DEBUG cotyledon.oslo_config_glue [-] workarounds.qemu_monitor_announce_self_interval = 1 {{(pid=107748) log_opt_values /opt/stack/data/venv/lib/python3.12/site-packages/oslo_config/cfg.py:3006}}
Apr 06 17:20:18.080657 np0000163536 nova-scheduler[107748]: DEBUG cotyledon.oslo_config_glue [-] workarounds.reserve_disk_resource_for_image_cache = False {{(pid=107748) log_opt_values /opt/stack/data/venv/lib/python3.12/site-packages/oslo_config/cfg.py:3006}}
Apr 06 17:20:18.080657 np0000163536 nova-scheduler[107748]: DEBUG cotyledon.oslo_config_glue [-] workarounds.skip_cpu_compare_at_startup = False {{(pid=107748) log_opt_values /opt/stack/data/venv/lib/python3.12/site-packages/oslo_config/cfg.py:3006}}
Apr 06 17:20:18.080657 np0000163536 nova-scheduler[107748]: DEBUG cotyledon.oslo_config_glue [-] workarounds.skip_cpu_compare_on_dest = False {{(pid=107748) log_opt_values /opt/stack/data/venv/lib/python3.12/site-packages/oslo_config/cfg.py:3006}}
Apr 06 17:20:18.080657 np0000163536 nova-scheduler[107748]: DEBUG cotyledon.oslo_config_glue [-] workarounds.skip_hypervisor_version_check_on_lm = False {{(pid=107748) log_opt_values /opt/stack/data/venv/lib/python3.12/site-packages/oslo_config/cfg.py:3006}}
Apr 06 17:20:18.080657 np0000163536 nova-scheduler[107748]: DEBUG cotyledon.oslo_config_glue [-] workarounds.skip_reserve_in_use_ironic_nodes = False {{(pid=107748) log_opt_values /opt/stack/data/venv/lib/python3.12/site-packages/oslo_config/cfg.py:3006}}
Apr 06 17:20:18.080852 np0000163536 nova-scheduler[107748]: DEBUG cotyledon.oslo_config_glue [-] workarounds.unified_limits_count_pcpu_as_vcpu = False {{(pid=107748) log_opt_values /opt/stack/data/venv/lib/python3.12/site-packages/oslo_config/cfg.py:3006}}
Apr 06 17:20:18.080852 np0000163536 nova-scheduler[107748]: DEBUG cotyledon.oslo_config_glue [-] workarounds.wait_for_vif_plugged_event_during_hard_reboot = [] {{(pid=107748) log_opt_values /opt/stack/data/venv/lib/python3.12/site-packages/oslo_config/cfg.py:3006}}
Apr 06 17:20:18.080852 np0000163536 nova-scheduler[107748]: DEBUG cotyledon.oslo_config_glue [-] wsgi.api_paste_config = /etc/nova/api-paste.ini {{(pid=107748) log_opt_values /opt/stack/data/venv/lib/python3.12/site-packages/oslo_config/cfg.py:3006}}
Apr 06 17:20:18.080852 np0000163536 nova-scheduler[107748]: DEBUG cotyledon.oslo_config_glue [-] wsgi.secure_proxy_ssl_header = None {{(pid=107748) log_opt_values /opt/stack/data/venv/lib/python3.12/site-packages/oslo_config/cfg.py:3006}}
Apr 06 17:20:18.080852 np0000163536 nova-scheduler[107748]: DEBUG cotyledon.oslo_config_glue [-] zvm.ca_file = None {{(pid=107748) log_opt_values /opt/stack/data/venv/lib/python3.12/site-packages/oslo_config/cfg.py:3006}}
Apr 06 17:20:18.080852 np0000163536 nova-scheduler[107748]: DEBUG cotyledon.oslo_config_glue [-] zvm.cloud_connector_url = None {{(pid=107748) log_opt_values /opt/stack/data/venv/lib/python3.12/site-packages/oslo_config/cfg.py:3006}}
Apr 06 17:20:18.080852 np0000163536 nova-scheduler[107748]: DEBUG cotyledon.oslo_config_glue [-] zvm.image_tmp_path = /opt/stack/data/nova/images {{(pid=107748) log_opt_values /opt/stack/data/venv/lib/python3.12/site-packages/oslo_config/cfg.py:3006}}
Apr 06 17:20:18.080852 np0000163536 nova-scheduler[107748]: DEBUG cotyledon.oslo_config_glue [-] zvm.reachable_timeout = 300 {{(pid=107748) log_opt_values /opt/stack/data/venv/lib/python3.12/site-packages/oslo_config/cfg.py:3006}}
Apr 06 17:20:18.080852 np0000163536 nova-scheduler[107748]: DEBUG cotyledon.oslo_config_glue [-] oslo_versionedobjects.fatal_exception_format_errors = False {{(pid=107748) log_opt_values /opt/stack/data/venv/lib/python3.12/site-packages/oslo_config/cfg.py:3006}}
Apr 06 17:20:18.081102 np0000163536 nova-scheduler[107748]: DEBUG cotyledon.oslo_config_glue [-] oslo_middleware.http_basic_auth_user_file = /etc/htpasswd {{(pid=107748) log_opt_values /opt/stack/data/venv/lib/python3.12/site-packages/oslo_config/cfg.py:3006}}
Apr 06 17:20:18.081102 np0000163536 nova-scheduler[107748]: DEBUG cotyledon.oslo_config_glue [-] oslo_messaging_metrics.metrics_buffer_size = 1000 {{(pid=107748) log_opt_values /opt/stack/data/venv/lib/python3.12/site-packages/oslo_config/cfg.py:3006}}
Apr 06 17:20:18.081102 np0000163536 nova-scheduler[107748]: DEBUG cotyledon.oslo_config_glue [-] oslo_messaging_metrics.metrics_enabled = False {{(pid=107748) log_opt_values /opt/stack/data/venv/lib/python3.12/site-packages/oslo_config/cfg.py:3006}}
Apr 06 17:20:18.081102 np0000163536 nova-scheduler[107748]: DEBUG cotyledon.oslo_config_glue [-] oslo_messaging_metrics.metrics_process_name = {{(pid=107748) log_opt_values /opt/stack/data/venv/lib/python3.12/site-packages/oslo_config/cfg.py:3006}}
Apr 06 17:20:18.081102 np0000163536 nova-scheduler[107748]: DEBUG cotyledon.oslo_config_glue [-] oslo_messaging_metrics.metrics_socket_file = /var/tmp/metrics_collector.sock {{(pid=107748) log_opt_values /opt/stack/data/venv/lib/python3.12/site-packages/oslo_config/cfg.py:3006}}
Apr 06 17:20:18.081102 np0000163536 nova-scheduler[107748]: DEBUG cotyledon.oslo_config_glue [-] oslo_messaging_metrics.metrics_thread_stop_timeout = 10 {{(pid=107748) log_opt_values /opt/stack/data/venv/lib/python3.12/site-packages/oslo_config/cfg.py:3006}}
Apr 06 17:20:18.081102 np0000163536 nova-scheduler[107748]: DEBUG cotyledon.oslo_config_glue [-] profiler.connection_string = messaging:// {{(pid=107748) log_opt_values /opt/stack/data/venv/lib/python3.12/site-packages/oslo_config/cfg.py:3006}}
Apr 06 17:20:18.081102 np0000163536 nova-scheduler[107748]: DEBUG cotyledon.oslo_config_glue [-] profiler.enabled = False {{(pid=107748) log_opt_values /opt/stack/data/venv/lib/python3.12/site-packages/oslo_config/cfg.py:3006}}
Apr 06 17:20:18.081300 np0000163536 nova-scheduler[107748]: DEBUG cotyledon.oslo_config_glue [-] profiler.es_doc_type = notification {{(pid=107748) log_opt_values /opt/stack/data/venv/lib/python3.12/site-packages/oslo_config/cfg.py:3006}}
Apr 06 17:20:18.081300 np0000163536 nova-scheduler[107748]: DEBUG cotyledon.oslo_config_glue [-] profiler.es_scroll_size = 10000 {{(pid=107748) log_opt_values /opt/stack/data/venv/lib/python3.12/site-packages/oslo_config/cfg.py:3006}}
Apr 06 17:20:18.081300 np0000163536 nova-scheduler[107748]: DEBUG cotyledon.oslo_config_glue [-] profiler.es_scroll_time = 2m {{(pid=107748) log_opt_values /opt/stack/data/venv/lib/python3.12/site-packages/oslo_config/cfg.py:3006}}
Apr 06 17:20:18.081300 np0000163536 nova-scheduler[107748]: DEBUG cotyledon.oslo_config_glue [-] profiler.filter_error_trace = False {{(pid=107748) log_opt_values /opt/stack/data/venv/lib/python3.12/site-packages/oslo_config/cfg.py:3006}}
Apr 06 17:20:18.081300 np0000163536 nova-scheduler[107748]: DEBUG cotyledon.oslo_config_glue [-] profiler.hmac_keys = **** {{(pid=107748) log_opt_values /opt/stack/data/venv/lib/python3.12/site-packages/oslo_config/cfg.py:3006}}
Apr 06 17:20:18.081300 np0000163536 nova-scheduler[107748]: DEBUG cotyledon.oslo_config_glue [-] profiler.sentinel_service_name = mymaster {{(pid=107748) log_opt_values /opt/stack/data/venv/lib/python3.12/site-packages/oslo_config/cfg.py:3006}}
Apr 06 17:20:18.081300 np0000163536 nova-scheduler[107748]: DEBUG cotyledon.oslo_config_glue [-] profiler.socket_timeout = 0.1 {{(pid=107748) log_opt_values /opt/stack/data/venv/lib/python3.12/site-packages/oslo_config/cfg.py:3006}}
Apr 06 17:20:18.081300 np0000163536 nova-scheduler[107748]: DEBUG cotyledon.oslo_config_glue [-] profiler.trace_requests = False {{(pid=107748) log_opt_values /opt/stack/data/venv/lib/python3.12/site-packages/oslo_config/cfg.py:3006}}
Apr 06 17:20:18.081300 np0000163536 nova-scheduler[107748]: DEBUG cotyledon.oslo_config_glue [-] profiler.trace_sqlalchemy = False {{(pid=107748) log_opt_values /opt/stack/data/venv/lib/python3.12/site-packages/oslo_config/cfg.py:3006}}
Apr 06 17:20:18.082067 np0000163536 nova-scheduler[107748]: DEBUG cotyledon.oslo_config_glue [-] profiler_jaeger.process_tags = {} {{(pid=107748) log_opt_values /opt/stack/data/venv/lib/python3.12/site-packages/oslo_config/cfg.py:3006}}
Apr 06 17:20:18.082067 np0000163536 nova-scheduler[107748]: DEBUG cotyledon.oslo_config_glue [-] profiler_jaeger.service_name_prefix = None {{(pid=107748) log_opt_values /opt/stack/data/venv/lib/python3.12/site-packages/oslo_config/cfg.py:3006}}
Apr 06 17:20:18.082067 np0000163536 nova-scheduler[107748]: DEBUG cotyledon.oslo_config_glue [-] profiler_otlp.service_name_prefix = None {{(pid=107748) log_opt_values /opt/stack/data/venv/lib/python3.12/site-packages/oslo_config/cfg.py:3006}}
Apr 06 17:20:18.082067 np0000163536 nova-scheduler[107748]: DEBUG cotyledon.oslo_config_glue [-] oslo_messaging_rabbit.amqp_auto_delete = False {{(pid=107748) log_opt_values /opt/stack/data/venv/lib/python3.12/site-packages/oslo_config/cfg.py:3006}}
Apr 06 17:20:18.082067 np0000163536 nova-scheduler[107748]: DEBUG cotyledon.oslo_config_glue [-] oslo_messaging_rabbit.amqp_durable_queues = False {{(pid=107748) log_opt_values /opt/stack/data/venv/lib/python3.12/site-packages/oslo_config/cfg.py:3006}}
Apr 06 17:20:18.082067 np0000163536 nova-scheduler[107748]: DEBUG cotyledon.oslo_config_glue [-] oslo_messaging_rabbit.conn_pool_min_size = 2 {{(pid=107748) log_opt_values /opt/stack/data/venv/lib/python3.12/site-packages/oslo_config/cfg.py:3006}}
Apr 06 17:20:18.082067 np0000163536 nova-scheduler[107748]: DEBUG cotyledon.oslo_config_glue [-] oslo_messaging_rabbit.conn_pool_ttl = 1200 {{(pid=107748) log_opt_values /opt/stack/data/venv/lib/python3.12/site-packages/oslo_config/cfg.py:3006}}
Apr 06 17:20:18.082067 np0000163536 nova-scheduler[107748]: DEBUG cotyledon.oslo_config_glue [-] oslo_messaging_rabbit.direct_mandatory_flag = True {{(pid=107748) log_opt_values /opt/stack/data/venv/lib/python3.12/site-packages/oslo_config/cfg.py:3006}}
Apr 06 17:20:18.082067 np0000163536 nova-scheduler[107748]: DEBUG cotyledon.oslo_config_glue [-] oslo_messaging_rabbit.enable_cancel_on_failover = False {{(pid=107748) log_opt_values /opt/stack/data/venv/lib/python3.12/site-packages/oslo_config/cfg.py:3006}}
Apr 06 17:20:18.082360 np0000163536 nova-scheduler[107748]: DEBUG cotyledon.oslo_config_glue [-] oslo_messaging_rabbit.heartbeat_in_pthread = False {{(pid=107748) log_opt_values /opt/stack/data/venv/lib/python3.12/site-packages/oslo_config/cfg.py:3006}}
Apr 06 17:20:18.082360 np0000163536 nova-scheduler[107748]: DEBUG cotyledon.oslo_config_glue [-] oslo_messaging_rabbit.heartbeat_rate = 3 {{(pid=107748) log_opt_values /opt/stack/data/venv/lib/python3.12/site-packages/oslo_config/cfg.py:3006}}
Apr 06 17:20:18.082360 np0000163536 nova-scheduler[107748]: DEBUG cotyledon.oslo_config_glue [-] oslo_messaging_rabbit.heartbeat_timeout_threshold = 60 {{(pid=107748) log_opt_values /opt/stack/data/venv/lib/python3.12/site-packages/oslo_config/cfg.py:3006}}
Apr 06 17:20:18.082360 np0000163536 nova-scheduler[107748]: DEBUG cotyledon.oslo_config_glue [-] oslo_messaging_rabbit.hostname = np0000163536 {{(pid=107748) log_opt_values /opt/stack/data/venv/lib/python3.12/site-packages/oslo_config/cfg.py:3006}}
Apr 06 17:20:18.082360 np0000163536 nova-scheduler[107748]: DEBUG cotyledon.oslo_config_glue [-] oslo_messaging_rabbit.kombu_compression = None {{(pid=107748) log_opt_values /opt/stack/data/venv/lib/python3.12/site-packages/oslo_config/cfg.py:3006}}
Apr 06 17:20:18.082360 np0000163536 nova-scheduler[107748]: DEBUG cotyledon.oslo_config_glue [-] oslo_messaging_rabbit.kombu_failover_strategy = round-robin {{(pid=107748) log_opt_values /opt/stack/data/venv/lib/python3.12/site-packages/oslo_config/cfg.py:3006}}
Apr 06 17:20:18.082360 np0000163536 nova-scheduler[107748]: DEBUG cotyledon.oslo_config_glue [-] oslo_messaging_rabbit.kombu_missing_consumer_retry_timeout = 60 {{(pid=107748) log_opt_values /opt/stack/data/venv/lib/python3.12/site-packages/oslo_config/cfg.py:3006}}
Apr 06 17:20:18.082360 np0000163536 nova-scheduler[107748]: DEBUG cotyledon.oslo_config_glue [-] oslo_messaging_rabbit.kombu_reconnect_delay = 1.0 {{(pid=107748) log_opt_values /opt/stack/data/venv/lib/python3.12/site-packages/oslo_config/cfg.py:3006}}
Apr 06 17:20:18.082568 np0000163536 nova-scheduler[107748]: DEBUG cotyledon.oslo_config_glue [-] oslo_messaging_rabbit.kombu_reconnect_splay = 0.0 {{(pid=107748) log_opt_values /opt/stack/data/venv/lib/python3.12/site-packages/oslo_config/cfg.py:3006}}
Apr 06 17:20:18.082568 np0000163536 nova-scheduler[107748]: DEBUG cotyledon.oslo_config_glue [-] oslo_messaging_rabbit.processname = nova-scheduler {{(pid=107748) log_opt_values /opt/stack/data/venv/lib/python3.12/site-packages/oslo_config/cfg.py:3006}}
Apr 06 17:20:18.082568 np0000163536 nova-scheduler[107748]: DEBUG cotyledon.oslo_config_glue [-] oslo_messaging_rabbit.rabbit_ha_queues = False {{(pid=107748) log_opt_values /opt/stack/data/venv/lib/python3.12/site-packages/oslo_config/cfg.py:3006}}
Apr 06 17:20:18.082568 np0000163536 nova-scheduler[107748]: DEBUG cotyledon.oslo_config_glue [-] oslo_messaging_rabbit.rabbit_interval_max = 30 {{(pid=107748) log_opt_values /opt/stack/data/venv/lib/python3.12/site-packages/oslo_config/cfg.py:3006}}
Apr 06 17:20:18.082568 np0000163536 nova-scheduler[107748]: DEBUG cotyledon.oslo_config_glue [-] oslo_messaging_rabbit.rabbit_login_method = AMQPLAIN {{(pid=107748) log_opt_values /opt/stack/data/venv/lib/python3.12/site-packages/oslo_config/cfg.py:3006}}
Apr 06 17:20:18.082568 np0000163536 nova-scheduler[107748]: DEBUG cotyledon.oslo_config_glue [-] oslo_messaging_rabbit.rabbit_qos_prefetch_count = 0 {{(pid=107748) log_opt_values /opt/stack/data/venv/lib/python3.12/site-packages/oslo_config/cfg.py:3006}}
Apr 06 17:20:18.082568 np0000163536 nova-scheduler[107748]: DEBUG cotyledon.oslo_config_glue [-] oslo_messaging_rabbit.rabbit_quorum_delivery_limit = 0 {{(pid=107748) log_opt_values /opt/stack/data/venv/lib/python3.12/site-packages/oslo_config/cfg.py:3006}}
Apr 06 17:20:18.082568 np0000163536 nova-scheduler[107748]: DEBUG cotyledon.oslo_config_glue [-] oslo_messaging_rabbit.rabbit_quorum_max_memory_bytes = 0 {{(pid=107748) log_opt_values /opt/stack/data/venv/lib/python3.12/site-packages/oslo_config/cfg.py:3006}}
Apr 06 17:20:18.083038 np0000163536 nova-scheduler[107748]: DEBUG cotyledon.oslo_config_glue [-] oslo_messaging_rabbit.rabbit_quorum_max_memory_length = 0 {{(pid=107748) log_opt_values /opt/stack/data/venv/lib/python3.12/site-packages/oslo_config/cfg.py:3006}}
Apr 06 17:20:18.083038 np0000163536 nova-scheduler[107748]: DEBUG cotyledon.oslo_config_glue [-] oslo_messaging_rabbit.rabbit_quorum_queue = False {{(pid=107748) log_opt_values /opt/stack/data/venv/lib/python3.12/site-packages/oslo_config/cfg.py:3006}}
Apr 06 17:20:18.083038 np0000163536 nova-scheduler[107748]: DEBUG cotyledon.oslo_config_glue [-] oslo_messaging_rabbit.rabbit_retry_backoff = 2 {{(pid=107748) log_opt_values /opt/stack/data/venv/lib/python3.12/site-packages/oslo_config/cfg.py:3006}}
Apr 06 17:20:18.083038 np0000163536 nova-scheduler[107748]: DEBUG cotyledon.oslo_config_glue [-] oslo_messaging_rabbit.rabbit_retry_interval = 1 {{(pid=107748) log_opt_values /opt/stack/data/venv/lib/python3.12/site-packages/oslo_config/cfg.py:3006}}
Apr 06 17:20:18.083038 np0000163536 nova-scheduler[107748]: DEBUG cotyledon.oslo_config_glue [-] oslo_messaging_rabbit.rabbit_stream_fanout = False {{(pid=107748) log_opt_values /opt/stack/data/venv/lib/python3.12/site-packages/oslo_config/cfg.py:3006}}
Apr 06 17:20:18.083038 np0000163536 nova-scheduler[107748]: DEBUG cotyledon.oslo_config_glue [-] oslo_messaging_rabbit.rabbit_transient_queues_ttl = 1800 {{(pid=107748) log_opt_values /opt/stack/data/venv/lib/python3.12/site-packages/oslo_config/cfg.py:3006}}
Apr 06 17:20:18.083038 np0000163536 nova-scheduler[107748]: DEBUG cotyledon.oslo_config_glue [-] oslo_messaging_rabbit.rabbit_transient_quorum_queue = False {{(pid=107748) log_opt_values /opt/stack/data/venv/lib/python3.12/site-packages/oslo_config/cfg.py:3006}}
Apr 06 17:20:18.083038 np0000163536 nova-scheduler[107748]: DEBUG cotyledon.oslo_config_glue [-] oslo_messaging_rabbit.rpc_conn_pool_size = 30 {{(pid=107748) log_opt_values /opt/stack/data/venv/lib/python3.12/site-packages/oslo_config/cfg.py:3006}}
Apr 06 17:20:18.083038 np0000163536 nova-scheduler[107748]: DEBUG cotyledon.oslo_config_glue [-] oslo_messaging_rabbit.ssl = False {{(pid=107748) log_opt_values /opt/stack/data/venv/lib/python3.12/site-packages/oslo_config/cfg.py:3006}}
Apr 06 17:20:18.083306 np0000163536 nova-scheduler[107748]: DEBUG cotyledon.oslo_config_glue [-] oslo_messaging_rabbit.ssl_ca_file = {{(pid=107748) log_opt_values /opt/stack/data/venv/lib/python3.12/site-packages/oslo_config/cfg.py:3006}}
Apr 06 17:20:18.083306 np0000163536 nova-scheduler[107748]: DEBUG cotyledon.oslo_config_glue [-] oslo_messaging_rabbit.ssl_cert_file = {{(pid=107748) log_opt_values /opt/stack/data/venv/lib/python3.12/site-packages/oslo_config/cfg.py:3006}}
Apr 06 17:20:18.083306 np0000163536 nova-scheduler[107748]: DEBUG cotyledon.oslo_config_glue [-] oslo_messaging_rabbit.ssl_enforce_fips_mode = False {{(pid=107748) log_opt_values /opt/stack/data/venv/lib/python3.12/site-packages/oslo_config/cfg.py:3006}}
Apr 06 17:20:18.083306 np0000163536 nova-scheduler[107748]: DEBUG cotyledon.oslo_config_glue [-] oslo_messaging_rabbit.ssl_key_file = {{(pid=107748) log_opt_values /opt/stack/data/venv/lib/python3.12/site-packages/oslo_config/cfg.py:3006}}
Apr 06 17:20:18.083306 np0000163536 nova-scheduler[107748]: DEBUG cotyledon.oslo_config_glue [-] oslo_messaging_rabbit.ssl_version = {{(pid=107748) log_opt_values /opt/stack/data/venv/lib/python3.12/site-packages/oslo_config/cfg.py:3006}}
Apr 06 17:20:18.083306 np0000163536 nova-scheduler[107748]: DEBUG cotyledon.oslo_config_glue [-] oslo_messaging_rabbit.use_queue_manager = False {{(pid=107748) log_opt_values /opt/stack/data/venv/lib/python3.12/site-packages/oslo_config/cfg.py:3006}}
Apr 06 17:20:18.083306 np0000163536 nova-scheduler[107748]: DEBUG cotyledon.oslo_config_glue [-] oslo_messaging_notifications.driver = ['messagingv2'] {{(pid=107748) log_opt_values /opt/stack/data/venv/lib/python3.12/site-packages/oslo_config/cfg.py:3006}}
Apr 06 17:20:18.083306 np0000163536 nova-scheduler[107748]: DEBUG cotyledon.oslo_config_glue [-] oslo_messaging_notifications.retry = -1 {{(pid=107748) log_opt_values /opt/stack/data/venv/lib/python3.12/site-packages/oslo_config/cfg.py:3006}}
Apr 06 17:20:18.083306 np0000163536 nova-scheduler[107748]: DEBUG cotyledon.oslo_config_glue [-] oslo_messaging_notifications.topics = ['notifications'] {{(pid=107748) log_opt_values /opt/stack/data/venv/lib/python3.12/site-packages/oslo_config/cfg.py:3006}}
Apr 06 17:20:18.083724 np0000163536 nova-scheduler[107748]: DEBUG cotyledon.oslo_config_glue [-] oslo_messaging_notifications.transport_url = **** {{(pid=107748) log_opt_values /opt/stack/data/venv/lib/python3.12/site-packages/oslo_config/cfg.py:3006}}
Apr 06 17:20:18.083724 np0000163536 nova-scheduler[107748]: DEBUG cotyledon.oslo_config_glue [-] oslo_limit.auth_section = None {{(pid=107748) log_opt_values /opt/stack/data/venv/lib/python3.12/site-packages/oslo_config/cfg.py:3006}}
Apr 06 17:20:18.083724 np0000163536 nova-scheduler[107748]: DEBUG cotyledon.oslo_config_glue [-] oslo_limit.auth_type = None {{(pid=107748) log_opt_values /opt/stack/data/venv/lib/python3.12/site-packages/oslo_config/cfg.py:3006}}
Apr 06 17:20:18.083724 np0000163536 nova-scheduler[107748]: DEBUG cotyledon.oslo_config_glue [-] oslo_limit.cafile = None {{(pid=107748) log_opt_values /opt/stack/data/venv/lib/python3.12/site-packages/oslo_config/cfg.py:3006}}
Apr 06 17:20:18.083724 np0000163536 nova-scheduler[107748]: DEBUG cotyledon.oslo_config_glue [-] oslo_limit.certfile = None {{(pid=107748) log_opt_values /opt/stack/data/venv/lib/python3.12/site-packages/oslo_config/cfg.py:3006}}
Apr 06 17:20:18.083724 np0000163536 nova-scheduler[107748]: DEBUG cotyledon.oslo_config_glue [-] oslo_limit.collect_timing = False {{(pid=107748) log_opt_values /opt/stack/data/venv/lib/python3.12/site-packages/oslo_config/cfg.py:3006}}
Apr 06 17:20:18.083724 np0000163536 nova-scheduler[107748]: DEBUG cotyledon.oslo_config_glue [-] oslo_limit.connect_retries = None {{(pid=107748) log_opt_values /opt/stack/data/venv/lib/python3.12/site-packages/oslo_config/cfg.py:3006}}
Apr 06 17:20:18.083724 np0000163536 nova-scheduler[107748]: DEBUG cotyledon.oslo_config_glue [-] oslo_limit.connect_retry_delay = None {{(pid=107748) log_opt_values /opt/stack/data/venv/lib/python3.12/site-packages/oslo_config/cfg.py:3006}}
Apr 06 17:20:18.083724 np0000163536 nova-scheduler[107748]: DEBUG cotyledon.oslo_config_glue [-] oslo_limit.endpoint_id = None {{(pid=107748) log_opt_values /opt/stack/data/venv/lib/python3.12/site-packages/oslo_config/cfg.py:3006}}
Apr 06 17:20:18.083977 np0000163536 nova-scheduler[107748]: DEBUG cotyledon.oslo_config_glue [-] oslo_limit.endpoint_interface = public {{(pid=107748) log_opt_values /opt/stack/data/venv/lib/python3.12/site-packages/oslo_config/cfg.py:3006}}
Apr 06 17:20:18.083977 np0000163536 nova-scheduler[107748]: DEBUG cotyledon.oslo_config_glue [-] oslo_limit.endpoint_override = None {{(pid=107748) log_opt_values /opt/stack/data/venv/lib/python3.12/site-packages/oslo_config/cfg.py:3006}}
Apr 06 17:20:18.083977 np0000163536 nova-scheduler[107748]: DEBUG cotyledon.oslo_config_glue [-] oslo_limit.endpoint_region_name = None {{(pid=107748) log_opt_values /opt/stack/data/venv/lib/python3.12/site-packages/oslo_config/cfg.py:3006}}
Apr 06 17:20:18.083977 np0000163536 nova-scheduler[107748]: DEBUG cotyledon.oslo_config_glue [-] oslo_limit.endpoint_service_name = None {{(pid=107748) log_opt_values /opt/stack/data/venv/lib/python3.12/site-packages/oslo_config/cfg.py:3006}}
Apr 06 17:20:18.083977 np0000163536 nova-scheduler[107748]: DEBUG cotyledon.oslo_config_glue [-] oslo_limit.endpoint_service_type = None {{(pid=107748) log_opt_values /opt/stack/data/venv/lib/python3.12/site-packages/oslo_config/cfg.py:3006}}
Apr 06 17:20:18.083977 np0000163536 nova-scheduler[107748]: DEBUG cotyledon.oslo_config_glue [-] oslo_limit.insecure = False {{(pid=107748) log_opt_values /opt/stack/data/venv/lib/python3.12/site-packages/oslo_config/cfg.py:3006}}
Apr 06 17:20:18.083977 np0000163536 nova-scheduler[107748]: DEBUG cotyledon.oslo_config_glue [-] oslo_limit.keyfile = None {{(pid=107748) log_opt_values /opt/stack/data/venv/lib/python3.12/site-packages/oslo_config/cfg.py:3006}}
Apr 06 17:20:18.083977 np0000163536 nova-scheduler[107748]: DEBUG cotyledon.oslo_config_glue [-] oslo_limit.max_version = None {{(pid=107748) log_opt_values /opt/stack/data/venv/lib/python3.12/site-packages/oslo_config/cfg.py:3006}}
Apr 06 17:20:18.083977 np0000163536 nova-scheduler[107748]: DEBUG cotyledon.oslo_config_glue [-] oslo_limit.min_version = None {{(pid=107748) log_opt_values /opt/stack/data/venv/lib/python3.12/site-packages/oslo_config/cfg.py:3006}}
Apr 06 17:20:18.084249 np0000163536 nova-scheduler[107748]: DEBUG cotyledon.oslo_config_glue [-] oslo_limit.region_name = None {{(pid=107748) log_opt_values /opt/stack/data/venv/lib/python3.12/site-packages/oslo_config/cfg.py:3006}}
Apr 06 17:20:18.084249 np0000163536 nova-scheduler[107748]: DEBUG cotyledon.oslo_config_glue [-] oslo_limit.retriable_status_codes = None {{(pid=107748) log_opt_values /opt/stack/data/venv/lib/python3.12/site-packages/oslo_config/cfg.py:3006}}
Apr 06 17:20:18.084249 np0000163536 nova-scheduler[107748]: DEBUG cotyledon.oslo_config_glue [-] oslo_limit.service_name = None {{(pid=107748) log_opt_values /opt/stack/data/venv/lib/python3.12/site-packages/oslo_config/cfg.py:3006}}
Apr 06 17:20:18.084249 np0000163536 nova-scheduler[107748]: DEBUG cotyledon.oslo_config_glue [-] oslo_limit.service_type = None {{(pid=107748) log_opt_values /opt/stack/data/venv/lib/python3.12/site-packages/oslo_config/cfg.py:3006}}
Apr 06 17:20:18.084249 np0000163536 nova-scheduler[107748]: DEBUG cotyledon.oslo_config_glue [-] oslo_limit.split_loggers = False {{(pid=107748) log_opt_values /opt/stack/data/venv/lib/python3.12/site-packages/oslo_config/cfg.py:3006}}
Apr 06 17:20:18.084249 np0000163536 nova-scheduler[107748]: DEBUG cotyledon.oslo_config_glue [-] oslo_limit.status_code_retries = None {{(pid=107748) log_opt_values /opt/stack/data/venv/lib/python3.12/site-packages/oslo_config/cfg.py:3006}}
Apr 06 17:20:18.084249 np0000163536 nova-scheduler[107748]: DEBUG cotyledon.oslo_config_glue [-] oslo_limit.status_code_retry_delay = None {{(pid=107748) log_opt_values /opt/stack/data/venv/lib/python3.12/site-packages/oslo_config/cfg.py:3006}}
Apr 06 17:20:18.084249 np0000163536 nova-scheduler[107748]: DEBUG cotyledon.oslo_config_glue [-] oslo_limit.timeout = None {{(pid=107748) log_opt_values /opt/stack/data/venv/lib/python3.12/site-packages/oslo_config/cfg.py:3006}}
Apr 06 17:20:18.084249 np0000163536 nova-scheduler[107748]: DEBUG cotyledon.oslo_config_glue [-] oslo_limit.valid_interfaces = None {{(pid=107748) log_opt_values /opt/stack/data/venv/lib/python3.12/site-packages/oslo_config/cfg.py:3006}}
Apr 06 17:20:18.084540 np0000163536 nova-scheduler[107748]: DEBUG cotyledon.oslo_config_glue [-] oslo_limit.version = None {{(pid=107748) log_opt_values /opt/stack/data/venv/lib/python3.12/site-packages/oslo_config/cfg.py:3006}}
Apr 06 17:20:18.084540 np0000163536 nova-scheduler[107748]: DEBUG cotyledon.oslo_config_glue [-] oslo_reports.file_event_handler = None {{(pid=107748) log_opt_values /opt/stack/data/venv/lib/python3.12/site-packages/oslo_config/cfg.py:3006}}
Apr 06 17:20:18.084540 np0000163536 nova-scheduler[107748]: DEBUG cotyledon.oslo_config_glue [-] oslo_reports.file_event_handler_interval = 1 {{(pid=107748) log_opt_values /opt/stack/data/venv/lib/python3.12/site-packages/oslo_config/cfg.py:3006}}
Apr 06 17:20:18.084540 np0000163536 nova-scheduler[107748]: DEBUG cotyledon.oslo_config_glue [-] oslo_reports.log_dir = None {{(pid=107748) log_opt_values /opt/stack/data/venv/lib/python3.12/site-packages/oslo_config/cfg.py:3006}}
Apr 06 17:20:18.084540 np0000163536 nova-scheduler[107748]: DEBUG cotyledon.oslo_config_glue [-] ******************************************************************************** {{(pid=107748) log_opt_values /opt/stack/data/venv/lib/python3.12/site-packages/oslo_config/cfg.py:3013}}
Apr 06 17:20:18.084540 np0000163536 nova-scheduler[107748]: DEBUG cotyledon._service_worker [-] Run service ServiceWrapper(3) [107748] {{(pid=107748) wait_forever /opt/stack/data/venv/lib/python3.12/site-packages/cotyledon/_service_worker.py:218}}
Apr 06 17:20:18.084540 np0000163536 nova-scheduler[107748]: INFO nova.service [-] Starting scheduler node (version 33.1.0)
Apr 06 17:20:18.084771 np0000163536 nova-scheduler[107728]: DEBUG dbcounter [-] [107728] Writer thread running {{(pid=107728) stat_writer /opt/stack/data/venv/lib/python3.12/site-packages/dbcounter.py:102}}
Apr 06 17:20:18.084806 np0000163536 nova-scheduler[107748]: INFO dbcounter [None req-a7ae4de3-d596-43a3-82e4-c571042476f9 None None] Registered counter for database nova_cell0
Apr 06 17:20:18.084839 np0000163536 nova-scheduler[107737]: DEBUG oslo_db.sqlalchemy.engines [None req-8a8902bd-fc05-4ccd-a7a4-ba3e802f0c18 None None] MySQL server mode set to STRICT_TRANS_TABLES,STRICT_ALL_TABLES,NO_ZERO_IN_DATE,NO_ZERO_DATE,ERROR_FOR_DIVISION_BY_ZERO,TRADITIONAL,NO_ENGINE_SUBSTITUTION {{(pid=107737) _check_effective_sql_mode /opt/stack/data/venv/lib/python3.12/site-packages/oslo_db/sqlalchemy/engines.py:325}}
Apr 06 17:20:18.084876 np0000163536 nova-scheduler[107722]: DEBUG dbcounter [-] [107722] Writer thread running {{(pid=107722) stat_writer /opt/stack/data/venv/lib/python3.12/site-packages/dbcounter.py:102}}
Apr 06 17:20:18.084907 np0000163536 nova-scheduler[107748]: DEBUG oslo_db.sqlalchemy.engines [None req-a7ae4de3-d596-43a3-82e4-c571042476f9 None None] MySQL server mode set to STRICT_TRANS_TABLES,STRICT_ALL_TABLES,NO_ZERO_IN_DATE,NO_ZERO_DATE,ERROR_FOR_DIVISION_BY_ZERO,TRADITIONAL,NO_ENGINE_SUBSTITUTION {{(pid=107748) _check_effective_sql_mode /opt/stack/data/venv/lib/python3.12/site-packages/oslo_db/sqlalchemy/engines.py:325}}
Apr 06 17:20:18.084948 np0000163536 nova-scheduler[107737]: DEBUG dbcounter [-] [107737] Writer thread running {{(pid=107737) stat_writer /opt/stack/data/venv/lib/python3.12/site-packages/dbcounter.py:102}}
Apr 06 17:20:18.084981 np0000163536 nova-scheduler[107728]: DEBUG nova.service [None req-0ef07233-fcb7-4944-b8ef-127f65c8e3a2 None None] Creating RPC server for service: nova-scheduler on topic: scheduler {{(pid=107728) start /opt/stack/nova/nova/service.py:195}}
Apr 06 17:20:18.085014 np0000163536 nova-scheduler[107748]: DEBUG dbcounter [-] [107748] Writer thread running {{(pid=107748) stat_writer /opt/stack/data/venv/lib/python3.12/site-packages/dbcounter.py:102}}
Apr 06 17:20:18.085655 np0000163536 nova-scheduler[107748]: DEBUG nova.service [None req-a7ae4de3-d596-43a3-82e4-c571042476f9 None None] Creating RPC server for service: nova-scheduler on topic: scheduler {{(pid=107748) start /opt/stack/nova/nova/service.py:195}}
Apr 06 17:20:18.091629 np0000163536 nova-scheduler[107722]: DEBUG nova.service [None req-5efa40b3-06b5-42e3-beb4-bd6e55302d58 None None] Creating RPC server for service: nova-scheduler on topic: scheduler {{(pid=107722) start /opt/stack/nova/nova/service.py:195}}
Apr 06 17:20:18.098520 np0000163536 nova-scheduler[107737]: DEBUG nova.service [None req-8a8902bd-fc05-4ccd-a7a4-ba3e802f0c18 None None] Creating RPC server for service: nova-scheduler on topic: scheduler {{(pid=107737) start /opt/stack/nova/nova/service.py:195}}
Apr 06 17:20:18.116671 np0000163536 nova-scheduler[107748]: DEBUG nova.service [None req-a7ae4de3-d596-43a3-82e4-c571042476f9 None None] Join ServiceGroup membership for this service scheduler {{(pid=107748) start /opt/stack/nova/nova/service.py:221}}
Apr 06 17:20:18.117187 np0000163536 nova-scheduler[107748]: DEBUG nova.servicegroup.drivers.db [None req-a7ae4de3-d596-43a3-82e4-c571042476f9 None None] DB_Driver: join new ServiceGroup member np0000163536 to the scheduler group, service = {{(pid=107748) join /opt/stack/nova/nova/servicegroup/drivers/db.py:44}}
Apr 06 17:20:18.117663 np0000163536 nova-scheduler[107728]: DEBUG nova.service [None req-0ef07233-fcb7-4944-b8ef-127f65c8e3a2 None None] Join ServiceGroup membership for this service scheduler {{(pid=107728) start /opt/stack/nova/nova/service.py:221}}
Apr 06 17:20:18.117727 np0000163536 nova-scheduler[107722]: DEBUG nova.service [None req-5efa40b3-06b5-42e3-beb4-bd6e55302d58 None None] Join ServiceGroup membership for this service scheduler {{(pid=107722) start /opt/stack/nova/nova/service.py:221}}
Apr 06 17:20:18.118009 np0000163536 nova-scheduler[107728]: DEBUG nova.servicegroup.drivers.db [None req-0ef07233-fcb7-4944-b8ef-127f65c8e3a2 None None] DB_Driver: join new ServiceGroup member np0000163536 to the scheduler group, service = {{(pid=107728) join /opt/stack/nova/nova/servicegroup/drivers/db.py:44}}
Apr 06 17:20:18.118208 np0000163536 nova-scheduler[107722]: DEBUG nova.servicegroup.drivers.db [None req-5efa40b3-06b5-42e3-beb4-bd6e55302d58 None None] DB_Driver: join new ServiceGroup member np0000163536 to the scheduler group, service = {{(pid=107722) join /opt/stack/nova/nova/servicegroup/drivers/db.py:44}}
Apr 06 17:20:18.119302 np0000163536 nova-scheduler[107737]: DEBUG nova.service [None req-8a8902bd-fc05-4ccd-a7a4-ba3e802f0c18 None None] Join ServiceGroup membership for this service scheduler {{(pid=107737) start /opt/stack/nova/nova/service.py:221}}
Apr 06 17:20:18.119611 np0000163536 nova-scheduler[107737]: DEBUG nova.servicegroup.drivers.db [None req-8a8902bd-fc05-4ccd-a7a4-ba3e802f0c18 None None] DB_Driver: join new ServiceGroup member np0000163536 to the scheduler group, service = {{(pid=107737) join /opt/stack/nova/nova/servicegroup/drivers/db.py:44}}
Apr 06 17:20:23.136135 np0000163536 nova-scheduler[107748]: DEBUG oslo.service.backend._threading.loopingcall [-] Fixed interval looping call 'nova.servicegroup.drivers.db.DbDriver._report_state' sleeping for 119.98 seconds {{(pid=107748) _run_loop /opt/stack/data/venv/lib/python3.12/site-packages/oslo_service/backend/_threading/loopingcall.py:125}}
Apr 06 17:20:23.137096 np0000163536 nova-scheduler[107737]: DEBUG oslo.service.backend._threading.loopingcall [-] Fixed interval looping call 'nova.servicegroup.drivers.db.DbDriver._report_state' sleeping for 119.98 seconds {{(pid=107737) _run_loop /opt/stack/data/venv/lib/python3.12/site-packages/oslo_service/backend/_threading/loopingcall.py:125}}
Apr 06 17:20:23.137800 np0000163536 nova-scheduler[107728]: DEBUG oslo.service.backend._threading.loopingcall [-] Fixed interval looping call 'nova.servicegroup.drivers.db.DbDriver._report_state' sleeping for 119.98 seconds {{(pid=107728) _run_loop /opt/stack/data/venv/lib/python3.12/site-packages/oslo_service/backend/_threading/loopingcall.py:125}}
Apr 06 17:20:23.138432 np0000163536 nova-scheduler[107722]: DEBUG oslo.service.backend._threading.loopingcall [-] Fixed interval looping call 'nova.servicegroup.drivers.db.DbDriver._report_state' sleeping for 119.98 seconds {{(pid=107722) _run_loop /opt/stack/data/venv/lib/python3.12/site-packages/oslo_service/backend/_threading/loopingcall.py:125}}
Apr 06 17:20:26.693741 np0000163536 nova-scheduler[107027]: DEBUG dbcounter [-] [107027] Writing DB stats nova_api:SELECT=3 {{(pid=107027) stat_writer /opt/stack/data/venv/lib/python3.12/site-packages/dbcounter.py:115}}
Apr 06 17:20:26.793532 np0000163536 nova-scheduler[107027]: DEBUG dbcounter [-] [107027] Writing DB stats nova_cell1:SELECT=1 {{(pid=107027) stat_writer /opt/stack/data/venv/lib/python3.12/site-packages/dbcounter.py:115}}
Apr 06 17:20:26.800725 np0000163536 nova-scheduler[107027]: DEBUG dbcounter [-] [107027] Writing DB stats nova_cell0:SELECT=1 {{(pid=107027) stat_writer /opt/stack/data/venv/lib/python3.12/site-packages/dbcounter.py:115}}
Apr 06 17:20:33.130295 np0000163536 nova-scheduler[107737]: DEBUG dbcounter [-] [107737] Writing DB stats nova_cell0:SELECT=4,nova_cell0:INSERT=1,nova_cell0:UPDATE=1 {{(pid=107737) stat_writer /opt/stack/data/venv/lib/python3.12/site-packages/dbcounter.py:115}}
Apr 06 17:20:33.130925 np0000163536 nova-scheduler[107748]: DEBUG dbcounter [-] [107748] Writing DB stats nova_cell0:SELECT=3,nova_cell0:UPDATE=1 {{(pid=107748) stat_writer /opt/stack/data/venv/lib/python3.12/site-packages/dbcounter.py:115}}
Apr 06 17:20:33.131687 np0000163536 nova-scheduler[107728]: DEBUG dbcounter [-] [107728] Writing DB stats nova_cell0:SELECT=4,nova_cell0:INSERT=1,nova_cell0:UPDATE=1 {{(pid=107728) stat_writer /opt/stack/data/venv/lib/python3.12/site-packages/dbcounter.py:115}}
Apr 06 17:20:33.134522 np0000163536 nova-scheduler[107722]: DEBUG dbcounter [-] [107722] Writing DB stats nova_cell0:SELECT=5,nova_cell0:INSERT=1,nova_cell0:UPDATE=1 {{(pid=107722) stat_writer /opt/stack/data/venv/lib/python3.12/site-packages/dbcounter.py:115}}
Apr 06 17:20:35.122491 np0000163536 nova-scheduler[107728]: DEBUG oslo.service.backend._threading.loopingcall [None req-463d93f9-9a02-4e24-b47f-edb1527e2d8e None None] Dynamic interval looping call 'nova.service.Service.periodic_tasks' sleeping for 60.00 seconds {{(pid=107728) _run_loop /opt/stack/data/venv/lib/python3.12/site-packages/oslo_service/backend/_threading/loopingcall.py:125}}
Apr 06 17:20:39.120225 np0000163536 nova-scheduler[107748]: DEBUG oslo.service.backend._threading.loopingcall [None req-6aeb8169-ada4-4459-81ab-2e7b38ffb307 None None] Dynamic interval looping call 'nova.service.Service.periodic_tasks' sleeping for 60.00 seconds {{(pid=107748) _run_loop /opt/stack/data/venv/lib/python3.12/site-packages/oslo_service/backend/_threading/loopingcall.py:125}}
Apr 06 17:20:40.122412 np0000163536 nova-scheduler[107722]: DEBUG oslo.service.backend._threading.loopingcall [None req-f4e0788c-e00c-4d8e-b6a9-1954e57bc187 None None] Dynamic interval looping call 'nova.service.Service.periodic_tasks' sleeping for 60.00 seconds {{(pid=107722) _run_loop /opt/stack/data/venv/lib/python3.12/site-packages/oslo_service/backend/_threading/loopingcall.py:125}}
Apr 06 17:20:52.122706 np0000163536 nova-scheduler[107737]: DEBUG oslo.service.backend._threading.loopingcall [None req-2fdcca5d-30bf-4014-bf5d-f79146c87375 None None] Dynamic interval looping call 'nova.service.Service.periodic_tasks' sleeping for 60.00 seconds {{(pid=107737) _run_loop /opt/stack/data/venv/lib/python3.12/site-packages/oslo_service/backend/_threading/loopingcall.py:125}}
Apr 06 17:21:35.123354 np0000163536 nova-scheduler[107728]: DEBUG oslo.service.backend._threading.loopingcall [None req-463d93f9-9a02-4e24-b47f-edb1527e2d8e None None] Dynamic interval looping call 'nova.service.Service.periodic_tasks' sleeping for 60.00 seconds {{(pid=107728) _run_loop /opt/stack/data/venv/lib/python3.12/site-packages/oslo_service/backend/_threading/loopingcall.py:125}}
Apr 06 17:21:39.120891 np0000163536 nova-scheduler[107748]: DEBUG oslo.service.backend._threading.loopingcall [None req-6aeb8169-ada4-4459-81ab-2e7b38ffb307 None None] Dynamic interval looping call 'nova.service.Service.periodic_tasks' sleeping for 60.00 seconds {{(pid=107748) _run_loop /opt/stack/data/venv/lib/python3.12/site-packages/oslo_service/backend/_threading/loopingcall.py:125}}
Apr 06 17:21:40.123604 np0000163536 nova-scheduler[107722]: DEBUG oslo.service.backend._threading.loopingcall [None req-f4e0788c-e00c-4d8e-b6a9-1954e57bc187 None None] Dynamic interval looping call 'nova.service.Service.periodic_tasks' sleeping for 60.00 seconds {{(pid=107722) _run_loop /opt/stack/data/venv/lib/python3.12/site-packages/oslo_service/backend/_threading/loopingcall.py:125}}
Apr 06 17:21:52.123404 np0000163536 nova-scheduler[107737]: DEBUG oslo.service.backend._threading.loopingcall [None req-2fdcca5d-30bf-4014-bf5d-f79146c87375 None None] Dynamic interval looping call 'nova.service.Service.periodic_tasks' sleeping for 60.00 seconds {{(pid=107737) _run_loop /opt/stack/data/venv/lib/python3.12/site-packages/oslo_service/backend/_threading/loopingcall.py:125}}
Apr 06 17:22:23.130430 np0000163536 nova-scheduler[107737]: DEBUG oslo.service.backend._threading.loopingcall [-] Fixed interval looping call 'nova.servicegroup.drivers.db.DbDriver._report_state' sleeping for 119.99 seconds {{(pid=107737) _run_loop /opt/stack/data/venv/lib/python3.12/site-packages/oslo_service/backend/_threading/loopingcall.py:125}}
Apr 06 17:22:23.131335 np0000163536 nova-scheduler[107722]: DEBUG oslo.service.backend._threading.loopingcall [-] Fixed interval looping call 'nova.servicegroup.drivers.db.DbDriver._report_state' sleeping for 119.99 seconds {{(pid=107722) _run_loop /opt/stack/data/venv/lib/python3.12/site-packages/oslo_service/backend/_threading/loopingcall.py:125}}
Apr 06 17:22:23.131776 np0000163536 nova-scheduler[107748]: DEBUG oslo.service.backend._threading.loopingcall [-] Fixed interval looping call 'nova.servicegroup.drivers.db.DbDriver._report_state' sleeping for 119.98 seconds {{(pid=107748) _run_loop /opt/stack/data/venv/lib/python3.12/site-packages/oslo_service/backend/_threading/loopingcall.py:125}}
Apr 06 17:22:23.132165 np0000163536 nova-scheduler[107728]: DEBUG oslo.service.backend._threading.loopingcall [-] Fixed interval looping call 'nova.servicegroup.drivers.db.DbDriver._report_state' sleeping for 119.99 seconds {{(pid=107728) _run_loop /opt/stack/data/venv/lib/python3.12/site-packages/oslo_service/backend/_threading/loopingcall.py:125}}
Apr 06 17:22:33.124033 np0000163536 nova-scheduler[107737]: DEBUG dbcounter [-] [107737] Writing DB stats nova_cell0:SELECT=1,nova_cell0:UPDATE=1 {{(pid=107737) stat_writer /opt/stack/data/venv/lib/python3.12/site-packages/dbcounter.py:115}}
Apr 06 17:22:33.124622 np0000163536 nova-scheduler[107722]: DEBUG dbcounter [-] [107722] Writing DB stats nova_cell0:SELECT=1,nova_cell0:UPDATE=1 {{(pid=107722) stat_writer /opt/stack/data/venv/lib/python3.12/site-packages/dbcounter.py:115}}
Apr 06 17:22:33.125537 np0000163536 nova-scheduler[107748]: DEBUG dbcounter [-] [107748] Writing DB stats nova_cell0:SELECT=1,nova_cell0:UPDATE=1 {{(pid=107748) stat_writer /opt/stack/data/venv/lib/python3.12/site-packages/dbcounter.py:115}}
Apr 06 17:22:33.127330 np0000163536 nova-scheduler[107728]: DEBUG dbcounter [-] [107728] Writing DB stats nova_cell0:SELECT=1,nova_cell0:UPDATE=1 {{(pid=107728) stat_writer /opt/stack/data/venv/lib/python3.12/site-packages/dbcounter.py:115}}
Apr 06 17:22:35.124092 np0000163536 nova-scheduler[107728]: DEBUG oslo.service.backend._threading.loopingcall [None req-463d93f9-9a02-4e24-b47f-edb1527e2d8e None None] Dynamic interval looping call 'nova.service.Service.periodic_tasks' sleeping for 60.00 seconds {{(pid=107728) _run_loop /opt/stack/data/venv/lib/python3.12/site-packages/oslo_service/backend/_threading/loopingcall.py:125}}
Apr 06 17:22:39.121960 np0000163536 nova-scheduler[107748]: DEBUG oslo.service.backend._threading.loopingcall [None req-6aeb8169-ada4-4459-81ab-2e7b38ffb307 None None] Dynamic interval looping call 'nova.service.Service.periodic_tasks' sleeping for 60.00 seconds {{(pid=107748) _run_loop /opt/stack/data/venv/lib/python3.12/site-packages/oslo_service/backend/_threading/loopingcall.py:125}}
Apr 06 17:22:40.124816 np0000163536 nova-scheduler[107722]: DEBUG oslo.service.backend._threading.loopingcall [None req-f4e0788c-e00c-4d8e-b6a9-1954e57bc187 None None] Dynamic interval looping call 'nova.service.Service.periodic_tasks' sleeping for 60.00 seconds {{(pid=107722) _run_loop /opt/stack/data/venv/lib/python3.12/site-packages/oslo_service/backend/_threading/loopingcall.py:125}}
Apr 06 17:22:52.124238 np0000163536 nova-scheduler[107737]: DEBUG oslo.service.backend._threading.loopingcall [None req-2fdcca5d-30bf-4014-bf5d-f79146c87375 None None] Dynamic interval looping call 'nova.service.Service.periodic_tasks' sleeping for 60.00 seconds {{(pid=107737) _run_loop /opt/stack/data/venv/lib/python3.12/site-packages/oslo_service/backend/_threading/loopingcall.py:125}}
Apr 06 17:23:35.125084 np0000163536 nova-scheduler[107728]: DEBUG oslo.service.backend._threading.loopingcall [None req-463d93f9-9a02-4e24-b47f-edb1527e2d8e None None] Dynamic interval looping call 'nova.service.Service.periodic_tasks' sleeping for 60.00 seconds {{(pid=107728) _run_loop /opt/stack/data/venv/lib/python3.12/site-packages/oslo_service/backend/_threading/loopingcall.py:125}}
Apr 06 17:23:39.122827 np0000163536 nova-scheduler[107748]: DEBUG oslo.service.backend._threading.loopingcall [None req-6aeb8169-ada4-4459-81ab-2e7b38ffb307 None None] Dynamic interval looping call 'nova.service.Service.periodic_tasks' sleeping for 60.00 seconds {{(pid=107748) _run_loop /opt/stack/data/venv/lib/python3.12/site-packages/oslo_service/backend/_threading/loopingcall.py:125}}
Apr 06 17:23:40.125792 np0000163536 nova-scheduler[107722]: DEBUG oslo.service.backend._threading.loopingcall [None req-f4e0788c-e00c-4d8e-b6a9-1954e57bc187 None None] Dynamic interval looping call 'nova.service.Service.periodic_tasks' sleeping for 60.00 seconds {{(pid=107722) _run_loop /opt/stack/data/venv/lib/python3.12/site-packages/oslo_service/backend/_threading/loopingcall.py:125}}
Apr 06 17:23:52.125360 np0000163536 nova-scheduler[107737]: DEBUG oslo.service.backend._threading.loopingcall [None req-2fdcca5d-30bf-4014-bf5d-f79146c87375 None None] Dynamic interval looping call 'nova.service.Service.periodic_tasks' sleeping for 60.00 seconds {{(pid=107737) _run_loop /opt/stack/data/venv/lib/python3.12/site-packages/oslo_service/backend/_threading/loopingcall.py:125}}
Apr 06 17:24:23.122488 np0000163536 nova-scheduler[107748]: DEBUG oslo.service.backend._threading.loopingcall [-] Fixed interval looping call 'nova.servicegroup.drivers.db.DbDriver._report_state' sleeping for 119.99 seconds {{(pid=107748) _run_loop /opt/stack/data/venv/lib/python3.12/site-packages/oslo_service/backend/_threading/loopingcall.py:125}}
Apr 06 17:24:23.127194 np0000163536 nova-scheduler[107737]: DEBUG oslo.service.backend._threading.loopingcall [-] Fixed interval looping call 'nova.servicegroup.drivers.db.DbDriver._report_state' sleeping for 119.99 seconds {{(pid=107737) _run_loop /opt/stack/data/venv/lib/python3.12/site-packages/oslo_service/backend/_threading/loopingcall.py:125}}
Apr 06 17:24:23.128257 np0000163536 nova-scheduler[107722]: DEBUG oslo.service.backend._threading.loopingcall [-] Fixed interval looping call 'nova.servicegroup.drivers.db.DbDriver._report_state' sleeping for 119.99 seconds {{(pid=107722) _run_loop /opt/stack/data/venv/lib/python3.12/site-packages/oslo_service/backend/_threading/loopingcall.py:125}}
Apr 06 17:24:23.129294 np0000163536 nova-scheduler[107728]: DEBUG oslo.service.backend._threading.loopingcall [-] Fixed interval looping call 'nova.servicegroup.drivers.db.DbDriver._report_state' sleeping for 119.99 seconds {{(pid=107728) _run_loop /opt/stack/data/venv/lib/python3.12/site-packages/oslo_service/backend/_threading/loopingcall.py:125}}
Apr 06 17:24:33.117075 np0000163536 nova-scheduler[107748]: DEBUG dbcounter [-] [107748] Writing DB stats nova_cell0:SELECT=1,nova_cell0:UPDATE=1 {{(pid=107748) stat_writer /opt/stack/data/venv/lib/python3.12/site-packages/dbcounter.py:115}}
Apr 06 17:24:33.124410 np0000163536 nova-scheduler[107737]: DEBUG dbcounter [-] [107737] Writing DB stats nova_cell0:SELECT=1 {{(pid=107737) stat_writer /opt/stack/data/venv/lib/python3.12/site-packages/dbcounter.py:115}}
Apr 06 17:24:33.124995 np0000163536 nova-scheduler[107722]: DEBUG dbcounter [-] [107722] Writing DB stats nova_cell0:SELECT=1 {{(pid=107722) stat_writer /opt/stack/data/venv/lib/python3.12/site-packages/dbcounter.py:115}}
Apr 06 17:24:33.126026 np0000163536 nova-scheduler[107728]: DEBUG dbcounter [-] [107728] Writing DB stats nova_cell0:SELECT=1 {{(pid=107728) stat_writer /opt/stack/data/venv/lib/python3.12/site-packages/dbcounter.py:115}}
