2026-07-02 11:16:11.656 7 INFO placement.requestlog [req-b35734d0-aced-4f1c-96a2-933bd67c9ae7 req-81b2e256-4dc7-4b75-9118-7b4220c57f91 ff111e3581fd4e2989636ec5ae5c35a3 8f863bcb8830440c8a06bb8879b7b021 - - 237a0512409542e982ba10233903e080 237a0512409542e982ba10233903e080] 10.0.0.182 "GET /allocation_candidates?limit=1000&resources=DISK_GB%3A1%2CMEMORY_MB%3A512%2CVCPU%3A1&root_required=%21COMPUTE_STATUS_DISABLED" status: 200 len: 2386 microversion: 1.36 [pid: 7|app: 0|req: 465/933] 10.0.0.182 () {34 vars in 1011 bytes} [Thu Jul 2 11:16:11 2026] GET /allocation_candidates?limit=1000&resources=DISK_GB%3A1%2CMEMORY_MB%3A512%2CVCPU%3A1&root_required=%21COMPUTE_STATUS_DISABLED => generated 2386 bytes in 75 msecs (HTTP/1.1 200) 8 headers in 297 bytes (1 switches on core 0)
2026-07-02 11:16:11.680 8 INFO placement.requestlog [req-b35734d0-aced-4f1c-96a2-933bd67c9ae7 req-335ef059-3d0b-42ee-8225-8de328ca2d7e ff111e3581fd4e2989636ec5ae5c35a3 8f863bcb8830440c8a06bb8879b7b021 - - 237a0512409542e982ba10233903e080 237a0512409542e982ba10233903e080] 10.0.0.182 "GET /allocations/5e0ca2d0-1c1f-4825-b807-e94f6158a578" status: 200 len: 19 microversion: 1.28 [pid: 8|app: 0|req: 469/934] 10.0.0.182 () {34 vars in 860 bytes} [Thu Jul 2 11:16:11 2026] GET /allocations/5e0ca2d0-1c1f-4825-b807-e94f6158a578 => generated 19 bytes in 8 msecs (HTTP/1.1 200) 8 headers in 295 bytes (1 switches on core 0)
2026-07-02 11:16:11.742 7 INFO placement.requestlog [req-b35734d0-aced-4f1c-96a2-933bd67c9ae7 req-29c9b749-4f26-4828-b65a-98d557bee8db ff111e3581fd4e2989636ec5ae5c35a3 8f863bcb8830440c8a06bb8879b7b021 - - 237a0512409542e982ba10233903e080 237a0512409542e982ba10233903e080] 10.0.0.182 "PUT /allocations/5e0ca2d0-1c1f-4825-b807-e94f6158a578" status: 204 len: 0 microversion: 1.36 [pid: 7|app: 0|req: 466/935] 10.0.0.182 () {38 vars in 913 bytes} [Thu Jul 2 11:16:11 2026] PUT /allocations/5e0ca2d0-1c1f-4825-b807-e94f6158a578 => generated 0 bytes in 57 msecs (HTTP/1.1 204) 5 headers in 199 bytes (1 switches on core 0)
2026-07-02 11:16:12.805 8 INFO placement.requestlog [None req-9d8e7b70-fe3c-41c2-83b8-4e31b05bff29 - - - - - -] 10.0.0.228 "GET /" status: 200 len: 136 microversion: 1.0
2026-07-02 11:16:12.805 7 INFO placement.requestlog [None req-21aff017-c54a-4579-a047-9f1e155a70a3 - - - - - -] 10.0.0.228 "GET /" status: 200 len: 136 microversion: 1.0
2026-07-02 11:16:13.327 8 INFO placement.requestlog [req-b35734d0-aced-4f1c-96a2-933bd67c9ae7 req-1bace4cf-34a8-43e9-8d79-f30c1e7f8043 ff111e3581fd4e2989636ec5ae5c35a3 8f863bcb8830440c8a06bb8879b7b021 - - 237a0512409542e982ba10233903e080 237a0512409542e982ba10233903e080] 199.19.213.163 "GET /allocations/5e0ca2d0-1c1f-4825-b807-e94f6158a578" status: 200 len: 258 microversion: 1.28 [pid: 8|app: 0|req: 471/938] 199.19.213.163 () {34 vars in 862 bytes} [Thu Jul 2 11:16:13 2026] GET /allocations/5e0ca2d0-1c1f-4825-b807-e94f6158a578 => generated 258 bytes in 26 msecs (HTTP/1.1 200) 8 headers in 296 bytes (1 switches on core 0)
2026-07-02 11:16:14.382 7 INFO placement.requestlog [req-b35734d0-aced-4f1c-96a2-933bd67c9ae7 req-3adfdfa8-a329-4f5f-97b6-c13b1d790118 ff111e3581fd4e2989636ec5ae5c35a3 8f863bcb8830440c8a06bb8879b7b021 - - 237a0512409542e982ba10233903e080 237a0512409542e982ba10233903e080] 199.19.213.163 "GET /resource_providers/86e8be52-ff2a-460b-9f54-92003a28f781/allocations" status: 200 len: 253 microversion: 1.0 [pid: 7|app: 0|req: 468/939] 199.19.213.163 () {32 vars in 856 bytes} [Thu Jul 2 11:16:14 2026] GET /resource_providers/86e8be52-ff2a-460b-9f54-92003a28f781/allocations => generated 253 bytes in 26 msecs (HTTP/1.1 200) 6 headers in 224 bytes (1 switches on core 0)
2026-07-02 11:16:14.407 8 INFO placement.requestlog [req-b35734d0-aced-4f1c-96a2-933bd67c9ae7 req-6b2ca9a2-5a84-4273-a92a-066251f42f20 ff111e3581fd4e2989636ec5ae5c35a3 8f863bcb8830440c8a06bb8879b7b021 - - 237a0512409542e982ba10233903e080 237a0512409542e982ba10233903e080] 199.19.213.163 "GET /allocations/5e0ca2d0-1c1f-4825-b807-e94f6158a578" status: 200 len: 258 microversion: 1.28 [pid: 8|app: 0|req: 472/940] 199.19.213.163 () {34 vars in 862 bytes} [Thu Jul 2 11:16:14 2026] GET /allocations/5e0ca2d0-1c1f-4825-b807-e94f6158a578 => generated 258 bytes in 18 msecs (HTTP/1.1 200) 8 headers in 296 bytes (1 switches on core 0)
2026-07-02 11:16:14.427 7 INFO placement.requestlog [req-b35734d0-aced-4f1c-96a2-933bd67c9ae7 req-6ab8cbcd-0776-42e4-8492-b1e7bfe79556 ff111e3581fd4e2989636ec5ae5c35a3 8f863bcb8830440c8a06bb8879b7b021 - - 237a0512409542e982ba10233903e080 237a0512409542e982ba10233903e080] 199.19.213.163 "GET /allocations/11fc1676-ee1b-46a9-aabb-c058a9f0df47" status: 200 len: 258 microversion: 1.28 [pid: 7|app: 0|req: 469/941] 199.19.213.163 () {34 vars in 862 bytes} [Thu Jul 2 11:16:14 2026] GET /allocations/11fc1676-ee1b-46a9-aabb-c058a9f0df47 => generated 258 bytes in 14 msecs (HTTP/1.1 200) 8 headers in 296 bytes (1 switches on core 0)
2026-07-02 11:16:18.796 8 INFO placement.requestlog [None req-02343a18-6d76-493f-a7c4-579e012219c4 fb831a2539c8405382c3ac67550811a1 8f863bcb8830440c8a06bb8879b7b021 - - 237a0512409542e982ba10233903e080 237a0512409542e982ba10233903e080] 10.0.0.12 "GET /resource_providers/74d662df-d252-49f7-b0c3-6e81f6f71d35/aggregates" status: 404 len: 235 microversion: 1.1 [pid: 8|app: 0|req: 473/942] 10.0.0.12 () {32 vars in 814 bytes} [Thu Jul 2 11:16:18 2026] GET /resource_providers/74d662df-d252-49f7-b0c3-6e81f6f71d35/aggregates => generated 235 bytes in 15 msecs (HTTP/1.1 404) 5 headers in 202 bytes (1 switches on core 0)
2026-07-02 11:16:18.797 7 INFO placement.requestlog [None req-23d86836-c4d1-4e20-82cd-176170e56e11 fb831a2539c8405382c3ac67550811a1 8f863bcb8830440c8a06bb8879b7b021 - - 237a0512409542e982ba10233903e080 237a0512409542e982ba10233903e080] 10.0.0.12 "GET /resource_providers/74d662df-d252-49f7-b0c3-6e81f6f71d35/aggregates" status: 404 len: 235 microversion: 1.1 [pid: 7|app: 0|req: 470/943] 10.0.0.12 () {32 vars in 814 bytes} [Thu Jul 2 11:16:18 2026] GET /resource_providers/74d662df-d252-49f7-b0c3-6e81f6f71d35/aggregates => generated 235 bytes in 15 msecs (HTTP/1.1 404) 5 headers in 202 bytes (1 switches on core 0)
2026-07-02 11:16:18.809 8 INFO placement.requestlog [None req-39ad1dbd-02ba-4251-bcba-1f6484f5593f fb831a2539c8405382c3ac67550811a1 8f863bcb8830440c8a06bb8879b7b021 - - 237a0512409542e982ba10233903e080 237a0512409542e982ba10233903e080] 10.0.0.12 "DELETE /resource_providers/74d662df-d252-49f7-b0c3-6e81f6f71d35" status: 404 len: 246 microversion: 1.1 [pid: 8|app: 0|req: 474/944] 10.0.0.12 () {34 vars in 814 bytes} [Thu Jul 2 11:16:18 2026] DELETE /resource_providers/74d662df-d252-49f7-b0c3-6e81f6f71d35 => generated 246 bytes in 7 msecs (HTTP/1.1 404) 6 headers in 231 bytes (1 switches on core 0)
2026-07-02 11:16:18.818 7 INFO placement.requestlog [None req-06e8c7d6-ef80-460f-be48-e38713d5a0db fb831a2539c8405382c3ac67550811a1 8f863bcb8830440c8a06bb8879b7b021 - - 237a0512409542e982ba10233903e080 237a0512409542e982ba10233903e080] 10.0.0.12 "DELETE /resource_providers/74d662df-d252-49f7-b0c3-6e81f6f71d35" status: 404 len: 246 microversion: 1.1 [pid: 7|app: 0|req: 471/945] 10.0.0.12 () {34 vars in 814 bytes} [Thu Jul 2 11:16:18 2026] DELETE /resource_providers/74d662df-d252-49f7-b0c3-6e81f6f71d35 => generated 246 bytes in 9 msecs (HTTP/1.1 404) 6 headers in 231 bytes (1 switches on core 0)
2026-07-02 11:16:21.920 8 INFO placement.requestlog [req-b25aabbb-dbd2-4d65-9646-035fd111820e req-0327af18-ccda-4318-a966-b344ed5ff3eb ff111e3581fd4e2989636ec5ae5c35a3 8f863bcb8830440c8a06bb8879b7b021 - - 237a0512409542e982ba10233903e080 237a0512409542e982ba10233903e080] 199.19.213.163 "GET /resource_providers/86e8be52-ff2a-460b-9f54-92003a28f781/allocations" status: 200 len: 253 microversion: 1.0 [pid: 8|app: 0|req: 475/946] 199.19.213.163 () {32 vars in 856 bytes} [Thu Jul 2 11:16:21 2026] GET /resource_providers/86e8be52-ff2a-460b-9f54-92003a28f781/allocations => generated 253 bytes in 20 msecs (HTTP/1.1 200) 6 headers in 224 bytes (1 switches on core 0)
2026-07-02 11:16:21.948 7 INFO placement.requestlog [req-b25aabbb-dbd2-4d65-9646-035fd111820e req-ce506319-09b9-41a4-8ed7-1a3974044ee3 ff111e3581fd4e2989636ec5ae5c35a3 8f863bcb8830440c8a06bb8879b7b021 - - 237a0512409542e982ba10233903e080 237a0512409542e982ba10233903e080] 199.19.213.163 "GET /allocations/5e0ca2d0-1c1f-4825-b807-e94f6158a578" status: 200 len: 258 microversion: 1.28 [pid: 7|app: 0|req: 472/947] 199.19.213.163 () {34 vars in 862 bytes} [Thu Jul 2 11:16:21 2026] GET /allocations/5e0ca2d0-1c1f-4825-b807-e94f6158a578 => generated 258 bytes in 19 msecs (HTTP/1.1 200) 8 headers in 296 bytes (1 switches on core 0)
2026-07-02 11:16:21.981 8 INFO placement.requestlog [req-b25aabbb-dbd2-4d65-9646-035fd111820e req-b5584348-f104-4056-8b84-fb34b6a1153d ff111e3581fd4e2989636ec5ae5c35a3 8f863bcb8830440c8a06bb8879b7b021 - - 237a0512409542e982ba10233903e080 237a0512409542e982ba10233903e080] 199.19.213.163 "GET /allocations/11fc1676-ee1b-46a9-aabb-c058a9f0df47" status: 200 len: 258 microversion: 1.28 [pid: 8|app: 0|req: 476/948] 199.19.213.163 () {34 vars in 862 bytes} [Thu Jul 2 11:16:21 2026] GET /allocations/11fc1676-ee1b-46a9-aabb-c058a9f0df47 => generated 258 bytes in 26 msecs (HTTP/1.1 200) 8 headers in 296 bytes (1 switches on core 0)
2026-07-02 11:16:22.805 7 INFO placement.requestlog [None req-64734e83-fb10-488e-9b08-1662ed0c21b7 - - - - - -] 10.0.0.228 "GET /" status: 200 len: 136 microversion: 1.0
2026-07-02 11:16:22.806 8 INFO placement.requestlog [None req-0efdf9aa-bc6e-4a39-a91a-75e993e51d2f - - - - - -] 10.0.0.228 "GET /" status: 200 len: 136 microversion: 1.0
2026-07-02 11:16:23.057 7 INFO placement.requestlog [req-b25aabbb-dbd2-4d65-9646-035fd111820e req-fd26cdb0-dd07-41a8-a693-62f657cce0a7 ff111e3581fd4e2989636ec5ae5c35a3 8f863bcb8830440c8a06bb8879b7b021 - - 237a0512409542e982ba10233903e080 237a0512409542e982ba10233903e080] 199.19.213.163 "DELETE /allocations/11fc1676-ee1b-46a9-aabb-c058a9f0df47" status: 204 len: 0 microversion: 1.0 [pid: 7|app: 0|req: 474/951] 199.19.213.163 () {34 vars in 840 bytes} [Thu Jul 2 11:16:23 2026] DELETE /allocations/11fc1676-ee1b-46a9-aabb-c058a9f0df47 => generated 0 bytes in 34 msecs (HTTP/1.1 204) 5 headers in 198 bytes (1 switches on core 0)
2026-07-02 11:16:25.962 8 INFO placement.requestlog [None req-661d66b3-bede-4791-9787-9b049d6c3519 fb831a2539c8405382c3ac67550811a1 8f863bcb8830440c8a06bb8879b7b021 - - 237a0512409542e982ba10233903e080 237a0512409542e982ba10233903e080] 10.0.0.12 "GET /resource_providers/5b8d1db9-ba84-4def-9b64-002d6942fd90/aggregates" status: 404 len: 235 microversion: 1.1 [pid: 8|app: 0|req: 478/952] 10.0.0.12 () {32 vars in 814 bytes} [Thu Jul 2 11:16:25 2026] GET /resource_providers/5b8d1db9-ba84-4def-9b64-002d6942fd90/aggregates => generated 235 bytes in 14 msecs (HTTP/1.1 404) 5 headers in 202 bytes (1 switches on core 0)
2026-07-02 11:16:25.973 7 INFO placement.requestlog [None req-ff68f59b-facb-4778-a766-06aed87baccc fb831a2539c8405382c3ac67550811a1 8f863bcb8830440c8a06bb8879b7b021 - - 237a0512409542e982ba10233903e080 237a0512409542e982ba10233903e080] 10.0.0.12 "GET /resource_providers/5b8d1db9-ba84-4def-9b64-002d6942fd90/aggregates" status: 404 len: 235 microversion: 1.1 [pid: 7|app: 0|req: 475/953] 10.0.0.12 () {32 vars in 814 bytes} [Thu Jul 2 11:16:25 2026] GET /resource_providers/5b8d1db9-ba84-4def-9b64-002d6942fd90/aggregates => generated 235 bytes in 24 msecs (HTTP/1.1 404) 5 headers in 202 bytes (1 switches on core 0)
2026-07-02 11:16:25.990 8 INFO placement.requestlog [None req-8b9cac79-f6e0-4047-add7-ab8770224b41 fb831a2539c8405382c3ac67550811a1 8f863bcb8830440c8a06bb8879b7b021 - - 237a0512409542e982ba10233903e080 237a0512409542e982ba10233903e080] 10.0.0.12 "DELETE /resource_providers/5b8d1db9-ba84-4def-9b64-002d6942fd90" status: 404 len: 246 microversion: 1.1 [pid: 8|app: 0|req: 479/954] 10.0.0.12 () {34 vars in 814 bytes} [Thu Jul 2 11:16:25 2026] DELETE /resource_providers/5b8d1db9-ba84-4def-9b64-002d6942fd90 => generated 246 bytes in 19 msecs (HTTP/1.1 404) 6 headers in 231 bytes (1 switches on core 0)
2026-07-02 11:16:25.992 7 INFO placement.requestlog [None req-294c5f70-4047-453d-b626-591a80ca9927 fb831a2539c8405382c3ac67550811a1 8f863bcb8830440c8a06bb8879b7b021 - - 237a0512409542e982ba10233903e080 237a0512409542e982ba10233903e080] 10.0.0.12 "DELETE /resource_providers/5b8d1db9-ba84-4def-9b64-002d6942fd90" status: 404 len: 246 microversion: 1.1 [pid: 7|app: 0|req: 476/955] 10.0.0.12 () {34 vars in 814 bytes} [Thu Jul 2 11:16:25 2026] DELETE /resource_providers/5b8d1db9-ba84-4def-9b64-002d6942fd90 => generated 246 bytes in 13 msecs (HTTP/1.1 404) 6 headers in 231 bytes (1 switches on core 0)
2026-07-02 11:16:27.136 7 INFO placement.requestlog [None req-d12d295b-4d06-4489-b1ca-a24a12766cbb fb831a2539c8405382c3ac67550811a1 8f863bcb8830440c8a06bb8879b7b021 - - 237a0512409542e982ba10233903e080 237a0512409542e982ba10233903e080] 10.0.0.12 "GET /resource_providers/df4d7292-36e4-43cd-9e2d-2bad72360a74/aggregates" status: 404 len: 235 microversion: 1.1 [pid: 7|app: 0|req: 477/956] 10.0.0.12 () {32 vars in 814 bytes} [Thu Jul 2 11:16:27 2026] GET /resource_providers/df4d7292-36e4-43cd-9e2d-2bad72360a74/aggregates => generated 235 bytes in 12 msecs (HTTP/1.1 404) 5 headers in 202 bytes (1 switches on core 0)
2026-07-02 11:16:27.136 8 INFO placement.requestlog [None req-262bbadc-6194-4b59-bf9b-a0c8ef8cb003 fb831a2539c8405382c3ac67550811a1 8f863bcb8830440c8a06bb8879b7b021 - - 237a0512409542e982ba10233903e080 237a0512409542e982ba10233903e080] 10.0.0.12 "GET /resource_providers/df4d7292-36e4-43cd-9e2d-2bad72360a74/aggregates" status: 404 len: 235 microversion: 1.1 [pid: 8|app: 0|req: 480/957] 10.0.0.12 () {32 vars in 814 bytes} [Thu Jul 2 11:16:27 2026] GET /resource_providers/df4d7292-36e4-43cd-9e2d-2bad72360a74/aggregates => generated 235 bytes in 14 msecs (HTTP/1.1 404) 5 headers in 202 bytes (1 switches on core 0)
2026-07-02 11:16:27.154 7 INFO placement.requestlog [None req-3d334295-8968-4b1c-9758-1361a002186f fb831a2539c8405382c3ac67550811a1 8f863bcb8830440c8a06bb8879b7b021 - - 237a0512409542e982ba10233903e080 237a0512409542e982ba10233903e080] 10.0.0.12 "DELETE /resource_providers/df4d7292-36e4-43cd-9e2d-2bad72360a74" status: 404 len: 246 microversion: 1.1 [pid: 7|app: 0|req: 478/958] 10.0.0.12 () {34 vars in 814 bytes} [Thu Jul 2 11:16:27 2026] DELETE /resource_providers/df4d7292-36e4-43cd-9e2d-2bad72360a74 => generated 246 bytes in 13 msecs (HTTP/1.1 404) 6 headers in 231 bytes (1 switches on core 0)
2026-07-02 11:16:27.158 8 INFO placement.requestlog [None req-794f05e5-3068-4858-a686-bb4d287efbf0 fb831a2539c8405382c3ac67550811a1 8f863bcb8830440c8a06bb8879b7b021 - - 237a0512409542e982ba10233903e080 237a0512409542e982ba10233903e080] 10.0.0.12 "DELETE /resource_providers/df4d7292-36e4-43cd-9e2d-2bad72360a74" status: 404 len: 246 microversion: 1.1 [pid: 8|app: 0|req: 481/959] 10.0.0.12 () {34 vars in 814 bytes} [Thu Jul 2 11:16:27 2026] DELETE /resource_providers/df4d7292-36e4-43cd-9e2d-2bad72360a74 => generated 246 bytes in 12 msecs (HTTP/1.1 404) 6 headers in 231 bytes (1 switches on core 0)
2026-07-02 11:16:29.176 7 INFO placement.requestlog [None req-61a17009-ad82-4a01-84b5-db02a1fe78b2 fb831a2539c8405382c3ac67550811a1 8f863bcb8830440c8a06bb8879b7b021 - - 237a0512409542e982ba10233903e080 237a0512409542e982ba10233903e080] 10.0.0.12 "GET /resource_providers/ac2969b7-2e34-40e2-853c-b436e8c5535a/aggregates" status: 404 len: 235 microversion: 1.1 [pid: 7|app: 0|req: 479/960] 10.0.0.12 () {32 vars in 814 bytes} [Thu Jul 2 11:16:29 2026] GET /resource_providers/ac2969b7-2e34-40e2-853c-b436e8c5535a/aggregates => generated 235 bytes in 12 msecs (HTTP/1.1 404) 5 headers in 202 bytes (1 switches on core 0)
2026-07-02 11:16:29.179 8 INFO placement.requestlog [None req-133b4956-d3b6-40f6-9bda-060c3f99dee8 fb831a2539c8405382c3ac67550811a1 8f863bcb8830440c8a06bb8879b7b021 - - 237a0512409542e982ba10233903e080 237a0512409542e982ba10233903e080] 10.0.0.12 "GET /resource_providers/ac2969b7-2e34-40e2-853c-b436e8c5535a/aggregates" status: 404 len: 235 microversion: 1.1 [pid: 8|app: 0|req: 482/961] 10.0.0.12 () {32 vars in 814 bytes} [Thu Jul 2 11:16:29 2026] GET /resource_providers/ac2969b7-2e34-40e2-853c-b436e8c5535a/aggregates => generated 235 bytes in 12 msecs (HTTP/1.1 404) 5 headers in 202 bytes (1 switches on core 0)
2026-07-02 11:16:29.190 7 INFO placement.requestlog [None req-b0412585-9bbd-48ca-a4da-3fb2ce6869b8 fb831a2539c8405382c3ac67550811a1 8f863bcb8830440c8a06bb8879b7b021 - - 237a0512409542e982ba10233903e080 237a0512409542e982ba10233903e080] 10.0.0.12 "DELETE /resource_providers/ac2969b7-2e34-40e2-853c-b436e8c5535a" status: 404 len: 246 microversion: 1.1 [pid: 7|app: 0|req: 480/962] 10.0.0.12 () {34 vars in 814 bytes} [Thu Jul 2 11:16:29 2026] DELETE /resource_providers/ac2969b7-2e34-40e2-853c-b436e8c5535a => generated 246 bytes in 5 msecs (HTTP/1.1 404) 6 headers in 231 bytes (1 switches on core 0)
2026-07-02 11:16:29.195 8 INFO placement.requestlog [None req-2581763d-9559-46ed-a12d-6cd88e9fb512 fb831a2539c8405382c3ac67550811a1 8f863bcb8830440c8a06bb8879b7b021 - - 237a0512409542e982ba10233903e080 237a0512409542e982ba10233903e080] 10.0.0.12 "DELETE /resource_providers/ac2969b7-2e34-40e2-853c-b436e8c5535a" status: 404 len: 246 microversion: 1.1 [pid: 8|app: 0|req: 483/963] 10.0.0.12 () {34 vars in 814 bytes} [Thu Jul 2 11:16:29 2026] DELETE /resource_providers/ac2969b7-2e34-40e2-853c-b436e8c5535a => generated 246 bytes in 10 msecs (HTTP/1.1 404) 6 headers in 231 bytes (1 switches on core 0)
2026-07-02 11:16:29.356 7 INFO placement.requestlog [req-bc753e97-378f-41eb-a21a-6b4596ad3d3f req-45013880-5f9c-4464-9747-17bfe5d2ee9b ff111e3581fd4e2989636ec5ae5c35a3 8f863bcb8830440c8a06bb8879b7b021 - - 237a0512409542e982ba10233903e080 237a0512409542e982ba10233903e080] 199.19.213.163 "GET /resource_providers/86e8be52-ff2a-460b-9f54-92003a28f781/allocations" status: 200 len: 153 microversion: 1.0 [pid: 7|app: 0|req: 481/964] 199.19.213.163 () {32 vars in 856 bytes} [Thu Jul 2 11:16:29 2026] GET /resource_providers/86e8be52-ff2a-460b-9f54-92003a28f781/allocations => generated 153 bytes in 14 msecs (HTTP/1.1 200) 6 headers in 224 bytes (1 switches on core 0)
2026-07-02 11:16:29.398 8 INFO placement.requestlog [req-bc753e97-378f-41eb-a21a-6b4596ad3d3f req-75aa3b87-6c76-41f6-906e-069821346b9e ff111e3581fd4e2989636ec5ae5c35a3 8f863bcb8830440c8a06bb8879b7b021 - - 237a0512409542e982ba10233903e080 237a0512409542e982ba10233903e080] 199.19.213.163 "GET /allocations/5e0ca2d0-1c1f-4825-b807-e94f6158a578" status: 200 len: 258 microversion: 1.28 [pid: 8|app: 0|req: 484/965] 199.19.213.163 () {34 vars in 862 bytes} [Thu Jul 2 11:16:29 2026] GET /allocations/5e0ca2d0-1c1f-4825-b807-e94f6158a578 => generated 258 bytes in 36 msecs (HTTP/1.1 200) 8 headers in 296 bytes (1 switches on core 0)
2026-07-02 11:16:30.188 7 INFO placement.requestlog [None req-70b8af32-ab4c-4e54-8d07-e0170a3fa823 fb831a2539c8405382c3ac67550811a1 8f863bcb8830440c8a06bb8879b7b021 - - 237a0512409542e982ba10233903e080 237a0512409542e982ba10233903e080] 10.0.0.12 "GET /resource_providers/c12e1f3e-cfe9-479e-801c-7eeba0ddb244/aggregates" status: 404 len: 235 microversion: 1.1 [pid: 7|app: 0|req: 482/966] 10.0.0.12 () {32 vars in 814 bytes} [Thu Jul 2 11:16:30 2026] GET /resource_providers/c12e1f3e-cfe9-479e-801c-7eeba0ddb244/aggregates => generated 235 bytes in 16 msecs (HTTP/1.1 404) 5 headers in 202 bytes (1 switches on core 0)
2026-07-02 11:16:30.189 8 INFO placement.requestlog [None req-93702232-b722-4a2b-8057-b09ad7cc68e4 fb831a2539c8405382c3ac67550811a1 8f863bcb8830440c8a06bb8879b7b021 - - 237a0512409542e982ba10233903e080 237a0512409542e982ba10233903e080] 10.0.0.12 "GET /resource_providers/c12e1f3e-cfe9-479e-801c-7eeba0ddb244/aggregates" status: 404 len: 235 microversion: 1.1 [pid: 8|app: 0|req: 485/967] 10.0.0.12 () {32 vars in 814 bytes} [Thu Jul 2 11:16:30 2026] GET /resource_providers/c12e1f3e-cfe9-479e-801c-7eeba0ddb244/aggregates => generated 235 bytes in 10 msecs (HTTP/1.1 404) 5 headers in 202 bytes (1 switches on core 0)
2026-07-02 11:16:30.214 7 INFO placement.requestlog [None req-cd295174-b435-4938-9f04-0332b781a687 fb831a2539c8405382c3ac67550811a1 8f863bcb8830440c8a06bb8879b7b021 - - 237a0512409542e982ba10233903e080 237a0512409542e982ba10233903e080] 10.0.0.12 "DELETE /resource_providers/c12e1f3e-cfe9-479e-801c-7eeba0ddb244" status: 404 len: 246 microversion: 1.1 [pid: 7|app: 0|req: 483/968] 10.0.0.12 () {34 vars in 814 bytes} [Thu Jul 2 11:16:30 2026] DELETE /resource_providers/c12e1f3e-cfe9-479e-801c-7eeba0ddb244 => generated 246 bytes in 15 msecs (HTTP/1.1 404) 6 headers in 231 bytes (1 switches on core 0)
2026-07-02 11:16:30.215 8 INFO placement.requestlog [None req-6f20702b-fb3f-4607-b923-00c3d029bcfb fb831a2539c8405382c3ac67550811a1 8f863bcb8830440c8a06bb8879b7b021 - - 237a0512409542e982ba10233903e080 237a0512409542e982ba10233903e080] 10.0.0.12 "DELETE /resource_providers/c12e1f3e-cfe9-479e-801c-7eeba0ddb244" status: 404 len: 246 microversion: 1.1 [pid: 8|app: 0|req: 486/969] 10.0.0.12 () {34 vars in 814 bytes} [Thu Jul 2 11:16:30 2026] DELETE /resource_providers/c12e1f3e-cfe9-479e-801c-7eeba0ddb244 => generated 246 bytes in 17 msecs (HTTP/1.1 404) 6 headers in 231 bytes (1 switches on core 0)
2026-07-02 11:16:30.461 8 INFO placement.requestlog [req-bc753e97-378f-41eb-a21a-6b4596ad3d3f req-f155106e-f5dd-4ed0-834d-264b0fceb57b ff111e3581fd4e2989636ec5ae5c35a3 8f863bcb8830440c8a06bb8879b7b021 - - 237a0512409542e982ba10233903e080 237a0512409542e982ba10233903e080] 199.19.213.163 "DELETE /allocations/5e0ca2d0-1c1f-4825-b807-e94f6158a578" status: 204 len: 0 microversion: 1.0 [pid: 8|app: 0|req: 487/970] 199.19.213.163 () {34 vars in 840 bytes} [Thu Jul 2 11:16:30 2026] DELETE /allocations/5e0ca2d0-1c1f-4825-b807-e94f6158a578 => generated 0 bytes in 20 msecs (HTTP/1.1 204) 5 headers in 198 bytes (1 switches on core 0)
2026-07-02 11:16:32.239 7 INFO placement.requestlog [None req-e087d641-7765-4d49-aded-9df00e8e808a fb831a2539c8405382c3ac67550811a1 8f863bcb8830440c8a06bb8879b7b021 - - 237a0512409542e982ba10233903e080 237a0512409542e982ba10233903e080] 10.0.0.12 "GET /resource_providers/c4a48ce7-6129-4c58-8f45-de63fb46c8bd/aggregates" status: 404 len: 235 microversion: 1.1 [pid: 7|app: 0|req: 484/971] 10.0.0.12 () {32 vars in 814 bytes} [Thu Jul 2 11:16:32 2026] GET /resource_providers/c4a48ce7-6129-4c58-8f45-de63fb46c8bd/aggregates => generated 235 bytes in 8 msecs (HTTP/1.1 404) 5 headers in 202 bytes (1 switches on core 0)
2026-07-02 11:16:32.250 8 INFO placement.requestlog [None req-42d90571-1ce1-41e2-900d-f9c929ce11e5 fb831a2539c8405382c3ac67550811a1 8f863bcb8830440c8a06bb8879b7b021 - - 237a0512409542e982ba10233903e080 237a0512409542e982ba10233903e080] 10.0.0.12 "GET /resource_providers/c4a48ce7-6129-4c58-8f45-de63fb46c8bd/aggregates" status: 404 len: 235 microversion: 1.1 [pid: 8|app: 0|req: 488/972] 10.0.0.12 () {32 vars in 814 bytes} [Thu Jul 2 11:16:32 2026] GET /resource_providers/c4a48ce7-6129-4c58-8f45-de63fb46c8bd/aggregates => generated 235 bytes in 14 msecs (HTTP/1.1 404) 5 headers in 202 bytes (1 switches on core 0)
2026-07-02 11:16:32.251 7 INFO placement.requestlog [None req-99746fbf-6e71-41ac-8286-a205e3dd043b fb831a2539c8405382c3ac67550811a1 8f863bcb8830440c8a06bb8879b7b021 - - 237a0512409542e982ba10233903e080 237a0512409542e982ba10233903e080] 10.0.0.12 "DELETE /resource_providers/c4a48ce7-6129-4c58-8f45-de63fb46c8bd" status: 404 len: 246 microversion: 1.1 [pid: 7|app: 0|req: 485/973] 10.0.0.12 () {34 vars in 814 bytes} [Thu Jul 2 11:16:32 2026] DELETE /resource_providers/c4a48ce7-6129-4c58-8f45-de63fb46c8bd => generated 246 bytes in 7 msecs (HTTP/1.1 404) 6 headers in 231 bytes (1 switches on core 0)
2026-07-02 11:16:32.261 8 INFO placement.requestlog [None req-9e107bde-c6fc-4dea-b312-f13f2360e37d fb831a2539c8405382c3ac67550811a1 8f863bcb8830440c8a06bb8879b7b021 - - 237a0512409542e982ba10233903e080 237a0512409542e982ba10233903e080] 10.0.0.12 "DELETE /resource_providers/c4a48ce7-6129-4c58-8f45-de63fb46c8bd" status: 404 len: 246 microversion: 1.1 [pid: 8|app: 0|req: 489/974] 10.0.0.12 () {34 vars in 814 bytes} [Thu Jul 2 11:16:32 2026] DELETE /resource_providers/c4a48ce7-6129-4c58-8f45-de63fb46c8bd => generated 246 bytes in 7 msecs (HTTP/1.1 404) 6 headers in 231 bytes (1 switches on core 0)
2026-07-02 11:16:32.805 8 INFO placement.requestlog [None req-dbe96d2d-148b-4d06-bb2f-2c125128be23 - - - - - -] 10.0.0.228 "GET /" status: 200 len: 136 microversion: 1.0
2026-07-02 11:16:32.805 7 INFO placement.requestlog [None req-8834204b-5e07-439a-b3c8-4f2777d41182 - - - - - -] 10.0.0.228 "GET /" status: 200 len: 136 microversion: 1.0
2026-07-02 11:16:32.968 8 INFO placement.requestlog [req-c361922b-7a87-4b76-a66c-b636f1526354 req-14d2434e-22f5-4eef-8776-4ec274d9917f ff111e3581fd4e2989636ec5ae5c35a3 8f863bcb8830440c8a06bb8879b7b021 - - 237a0512409542e982ba10233903e080 237a0512409542e982ba10233903e080] 10.0.0.182 "GET /allocation_candidates?limit=1000&resources=DISK_GB%3A1%2CMEMORY_MB%3A512%2CVCPU%3A1&root_required=%21COMPUTE_STATUS_DISABLED" status: 200 len: 2384 microversion: 1.36 [pid: 8|app: 0|req: 491/977] 10.0.0.182 () {34 vars in 1011 bytes} [Thu Jul 2 11:16:32 2026] GET /allocation_candidates?limit=1000&resources=DISK_GB%3A1%2CMEMORY_MB%3A512%2CVCPU%3A1&root_required=%21COMPUTE_STATUS_DISABLED => generated 2384 bytes in 47 msecs (HTTP/1.1 200) 8 headers in 297 bytes (1 switches on core 0)
2026-07-02 11:16:33.012 7 INFO placement.requestlog [req-c361922b-7a87-4b76-a66c-b636f1526354 req-8ea6d5ed-4a52-48cd-917c-7c60d0cc1b38 ff111e3581fd4e2989636ec5ae5c35a3 8f863bcb8830440c8a06bb8879b7b021 - - 237a0512409542e982ba10233903e080 237a0512409542e982ba10233903e080] 10.0.0.182 "GET /allocations/fe26f203-ffb0-4423-ac4d-a0deee05d339" status: 200 len: 19 microversion: 1.28 [pid: 7|app: 0|req: 487/978] 10.0.0.182 () {34 vars in 860 bytes} [Thu Jul 2 11:16:32 2026] GET /allocations/fe26f203-ffb0-4423-ac4d-a0deee05d339 => generated 19 bytes in 30 msecs (HTTP/1.1 200) 8 headers in 295 bytes (1 switches on core 0)
2026-07-02 11:16:33.096 8 INFO placement.requestlog [req-c361922b-7a87-4b76-a66c-b636f1526354 req-238ddd2b-c918-4fc8-a857-5b7c58d0fed2 ff111e3581fd4e2989636ec5ae5c35a3 8f863bcb8830440c8a06bb8879b7b021 - - 237a0512409542e982ba10233903e080 237a0512409542e982ba10233903e080] 10.0.0.182 "PUT /allocations/fe26f203-ffb0-4423-ac4d-a0deee05d339" status: 204 len: 0 microversion: 1.36 [pid: 8|app: 0|req: 492/979] 10.0.0.182 () {38 vars in 913 bytes} [Thu Jul 2 11:16:33 2026] PUT /allocations/fe26f203-ffb0-4423-ac4d-a0deee05d339 => generated 0 bytes in 75 msecs (HTTP/1.1 204) 5 headers in 199 bytes (1 switches on core 0)
2026-07-02 11:16:34.605 7 INFO placement.requestlog [req-c361922b-7a87-4b76-a66c-b636f1526354 req-8df23f94-3d03-4268-83f9-42de0f271dab ff111e3581fd4e2989636ec5ae5c35a3 8f863bcb8830440c8a06bb8879b7b021 - - 237a0512409542e982ba10233903e080 237a0512409542e982ba10233903e080] 199.19.213.163 "GET /allocations/fe26f203-ffb0-4423-ac4d-a0deee05d339" status: 200 len: 258 microversion: 1.28 [pid: 7|app: 0|req: 488/980] 199.19.213.163 () {34 vars in 862 bytes} [Thu Jul 2 11:16:34 2026] GET /allocations/fe26f203-ffb0-4423-ac4d-a0deee05d339 => generated 258 bytes in 13 msecs (HTTP/1.1 200) 8 headers in 296 bytes (1 switches on core 0)
2026-07-02 11:16:35.657 8 INFO placement.requestlog [req-c361922b-7a87-4b76-a66c-b636f1526354 req-5f3c56db-ece5-4c74-9688-571a900fea29 ff111e3581fd4e2989636ec5ae5c35a3 8f863bcb8830440c8a06bb8879b7b021 - - 237a0512409542e982ba10233903e080 237a0512409542e982ba10233903e080] 199.19.213.163 "GET /resource_providers/86e8be52-ff2a-460b-9f54-92003a28f781/allocations" status: 200 len: 153 microversion: 1.0 [pid: 8|app: 0|req: 493/981] 199.19.213.163 () {32 vars in 856 bytes} [Thu Jul 2 11:16:35 2026] GET /resource_providers/86e8be52-ff2a-460b-9f54-92003a28f781/allocations => generated 153 bytes in 14 msecs (HTTP/1.1 200) 6 headers in 224 bytes (1 switches on core 0)
2026-07-02 11:16:35.685 7 INFO placement.requestlog [req-c361922b-7a87-4b76-a66c-b636f1526354 req-fea74f36-cfa9-40dc-a1c7-d3c3aba0ec42 ff111e3581fd4e2989636ec5ae5c35a3 8f863bcb8830440c8a06bb8879b7b021 - - 237a0512409542e982ba10233903e080 237a0512409542e982ba10233903e080] 199.19.213.163 "GET /allocations/fe26f203-ffb0-4423-ac4d-a0deee05d339" status: 200 len: 258 microversion: 1.28 [pid: 7|app: 0|req: 489/982] 199.19.213.163 () {34 vars in 862 bytes} [Thu Jul 2 11:16:35 2026] GET /allocations/fe26f203-ffb0-4423-ac4d-a0deee05d339 => generated 258 bytes in 22 msecs (HTTP/1.1 200) 8 headers in 296 bytes (1 switches on core 0)
2026-07-02 11:16:36.260 8 INFO placement.requestlog [None req-285ddd2d-55fa-403d-9c04-87997cec5949 fb831a2539c8405382c3ac67550811a1 8f863bcb8830440c8a06bb8879b7b021 - - 237a0512409542e982ba10233903e080 237a0512409542e982ba10233903e080] 10.0.0.12 "GET /resource_providers/57da884b-4a45-4018-8d44-f6d946f84185/aggregates" status: 404 len: 235 microversion: 1.1 [pid: 8|app: 0|req: 494/983] 10.0.0.12 () {32 vars in 814 bytes} [Thu Jul 2 11:16:36 2026] GET /resource_providers/57da884b-4a45-4018-8d44-f6d946f84185/aggregates => generated 235 bytes in 8 msecs (HTTP/1.1 404) 5 headers in 202 bytes (1 switches on core 0)
2026-07-02 11:16:36.270 8 INFO placement.requestlog [None req-e1d81615-10e2-4b58-9f55-d1ac62f416c2 fb831a2539c8405382c3ac67550811a1 8f863bcb8830440c8a06bb8879b7b021 - - 237a0512409542e982ba10233903e080 237a0512409542e982ba10233903e080] 10.0.0.12 "DELETE /resource_providers/57da884b-4a45-4018-8d44-f6d946f84185" status: 404 len: 246 microversion: 1.1 [pid: 8|app: 0|req: 495/984] 10.0.0.12 () {34 vars in 814 bytes} [Thu Jul 2 11:16:36 2026] DELETE /resource_providers/57da884b-4a45-4018-8d44-f6d946f84185 => generated 246 bytes in 5 msecs (HTTP/1.1 404) 6 headers in 231 bytes (1 switches on core 0)
2026-07-02 11:16:36.273 7 INFO placement.requestlog [None req-a0040d0c-7eb7-4884-80c9-39860194be16 fb831a2539c8405382c3ac67550811a1 8f863bcb8830440c8a06bb8879b7b021 - - 237a0512409542e982ba10233903e080 237a0512409542e982ba10233903e080] 10.0.0.12 "GET /resource_providers/57da884b-4a45-4018-8d44-f6d946f84185/aggregates" status: 404 len: 235 microversion: 1.1 [pid: 7|app: 0|req: 490/985] 10.0.0.12 () {32 vars in 814 bytes} [Thu Jul 2 11:16:36 2026] GET /resource_providers/57da884b-4a45-4018-8d44-f6d946f84185/aggregates => generated 235 bytes in 20 msecs (HTTP/1.1 404) 5 headers in 202 bytes (1 switches on core 0)
2026-07-02 11:16:36.287 8 INFO placement.requestlog [None req-dfa613df-1cb9-49a0-accb-e4c933d5b999 fb831a2539c8405382c3ac67550811a1 8f863bcb8830440c8a06bb8879b7b021 - - 237a0512409542e982ba10233903e080 237a0512409542e982ba10233903e080] 10.0.0.12 "DELETE /resource_providers/57da884b-4a45-4018-8d44-f6d946f84185" status: 404 len: 246 microversion: 1.1 [pid: 8|app: 0|req: 496/986] 10.0.0.12 () {34 vars in 814 bytes} [Thu Jul 2 11:16:36 2026] DELETE /resource_providers/57da884b-4a45-4018-8d44-f6d946f84185 => generated 246 bytes in 7 msecs (HTTP/1.1 404) 6 headers in 231 bytes (1 switches on core 0)
2026-07-02 11:16:36.288 7 INFO placement.requestlog [None req-26af92eb-d475-4bce-960c-5169cfccad1e fb831a2539c8405382c3ac67550811a1 8f863bcb8830440c8a06bb8879b7b021 - - 237a0512409542e982ba10233903e080 237a0512409542e982ba10233903e080] 10.0.0.12 "GET /resource_providers/d703909b-44db-4b05-b3cb-d2695b63533c/aggregates" status: 404 len: 235 microversion: 1.1 [pid: 7|app: 0|req: 491/987] 10.0.0.12 () {32 vars in 814 bytes} [Thu Jul 2 11:16:36 2026] GET /resource_providers/d703909b-44db-4b05-b3cb-d2695b63533c/aggregates => generated 235 bytes in 7 msecs (HTTP/1.1 404) 5 headers in 202 bytes (1 switches on core 0)
2026-07-02 11:16:37.249 8 INFO placement.requestlog [None req-5213374a-bce6-4dac-a720-1424321c146c fb831a2539c8405382c3ac67550811a1 8f863bcb8830440c8a06bb8879b7b021 - - 237a0512409542e982ba10233903e080 237a0512409542e982ba10233903e080] 10.0.0.12 "GET /resource_providers/d703909b-44db-4b05-b3cb-d2695b63533c/aggregates" status: 404 len: 235 microversion: 1.1 [pid: 8|app: 0|req: 497/988] 10.0.0.12 () {32 vars in 814 bytes} [Thu Jul 2 11:16:37 2026] GET /resource_providers/d703909b-44db-4b05-b3cb-d2695b63533c/aggregates => generated 235 bytes in 9 msecs (HTTP/1.1 404) 5 headers in 202 bytes (1 switches on core 0)
2026-07-02 11:16:37.257 7 INFO placement.requestlog [None req-6abda2ce-9f17-4fc0-90b8-282c4f955781 fb831a2539c8405382c3ac67550811a1 8f863bcb8830440c8a06bb8879b7b021 - - 237a0512409542e982ba10233903e080 237a0512409542e982ba10233903e080] 10.0.0.12 "DELETE /resource_providers/d703909b-44db-4b05-b3cb-d2695b63533c" status: 404 len: 246 microversion: 1.1 [pid: 7|app: 0|req: 492/989] 10.0.0.12 () {34 vars in 814 bytes} [Thu Jul 2 11:16:37 2026] DELETE /resource_providers/d703909b-44db-4b05-b3cb-d2695b63533c => generated 246 bytes in 17 msecs (HTTP/1.1 404) 6 headers in 231 bytes (1 switches on core 0)
2026-07-02 11:16:37.275 8 INFO placement.requestlog [None req-a857602e-cdce-4243-b6e5-96ef99c9c2e4 fb831a2539c8405382c3ac67550811a1 8f863bcb8830440c8a06bb8879b7b021 - - 237a0512409542e982ba10233903e080 237a0512409542e982ba10233903e080] 10.0.0.12 "DELETE /resource_providers/d703909b-44db-4b05-b3cb-d2695b63533c" status: 404 len: 246 microversion: 1.1 [pid: 8|app: 0|req: 498/990] 10.0.0.12 () {34 vars in 814 bytes} [Thu Jul 2 11:16:37 2026] DELETE /resource_providers/d703909b-44db-4b05-b3cb-d2695b63533c => generated 246 bytes in 11 msecs (HTTP/1.1 404) 6 headers in 231 bytes (1 switches on core 0)
2026-07-02 11:16:38.494 7 INFO placement.requestlog [req-71df4810-1465-4d7e-9564-98a08d48ac3d req-79d1f26a-55ac-435f-8bf1-276050a43811 ff111e3581fd4e2989636ec5ae5c35a3 8f863bcb8830440c8a06bb8879b7b021 - - 237a0512409542e982ba10233903e080 237a0512409542e982ba10233903e080] 199.19.213.163 "GET /resource_providers/86e8be52-ff2a-460b-9f54-92003a28f781/allocations" status: 200 len: 153 microversion: 1.0 [pid: 7|app: 0|req: 493/991] 199.19.213.163 () {32 vars in 856 bytes} [Thu Jul 2 11:16:38 2026] GET /resource_providers/86e8be52-ff2a-460b-9f54-92003a28f781/allocations => generated 153 bytes in 18 msecs (HTTP/1.1 200) 6 headers in 224 bytes (1 switches on core 0)
2026-07-02 11:16:38.512 8 INFO placement.requestlog [req-71df4810-1465-4d7e-9564-98a08d48ac3d req-930f629e-52df-436f-a0f9-7eba937d93f4 ff111e3581fd4e2989636ec5ae5c35a3 8f863bcb8830440c8a06bb8879b7b021 - - 237a0512409542e982ba10233903e080 237a0512409542e982ba10233903e080] 199.19.213.163 "GET /resource_providers/86e8be52-ff2a-460b-9f54-92003a28f781/allocations" status: 200 len: 153 microversion: 1.0 [pid: 8|app: 0|req: 499/992] 199.19.213.163 () {32 vars in 856 bytes} [Thu Jul 2 11:16:38 2026] GET /resource_providers/86e8be52-ff2a-460b-9f54-92003a28f781/allocations => generated 153 bytes in 14 msecs (HTTP/1.1 200) 6 headers in 224 bytes (1 switches on core 0)
2026-07-02 11:16:38.530 7 INFO placement.requestlog [req-71df4810-1465-4d7e-9564-98a08d48ac3d req-0c1495a4-373c-4695-803c-849da69fdcd8 ff111e3581fd4e2989636ec5ae5c35a3 8f863bcb8830440c8a06bb8879b7b021 - - 237a0512409542e982ba10233903e080 237a0512409542e982ba10233903e080] 199.19.213.163 "GET /allocations/fe26f203-ffb0-4423-ac4d-a0deee05d339" status: 200 len: 258 microversion: 1.28 [pid: 7|app: 0|req: 494/993] 199.19.213.163 () {34 vars in 862 bytes} [Thu Jul 2 11:16:38 2026] GET /allocations/fe26f203-ffb0-4423-ac4d-a0deee05d339 => generated 258 bytes in 12 msecs (HTTP/1.1 200) 8 headers in 296 bytes (1 switches on core 0)
2026-07-02 11:16:42.804 8 INFO placement.requestlog [None req-c3b0226a-84da-4b6f-8350-edf60bba1cc3 - - - - - -] 10.0.0.228 "GET /" status: 200 len: 136 microversion: 1.0
2026-07-02 11:16:42.805 7 INFO placement.requestlog [None req-eaa39501-6c36-4961-8173-dbb239d7ecc4 - - - - - -] 10.0.0.228 "GET /" status: 200 len: 136 microversion: 1.0
2026-07-02 11:16:51.173 7 INFO placement.requestlog [None req-1a9dc354-60f4-49a1-9d0c-58929f36afb9 fb831a2539c8405382c3ac67550811a1 8f863bcb8830440c8a06bb8879b7b021 - - 237a0512409542e982ba10233903e080 237a0512409542e982ba10233903e080] 10.0.0.12 "GET /resource_providers/f895e299-1109-464c-b80f-b115591a2764/aggregates" status: 404 len: 235 microversion: 1.1 [pid: 7|app: 0|req: 496/996] 10.0.0.12 () {32 vars in 814 bytes} [Thu Jul 2 11:16:51 2026] GET /resource_providers/f895e299-1109-464c-b80f-b115591a2764/aggregates => generated 235 bytes in 8 msecs (HTTP/1.1 404) 5 headers in 202 bytes (1 switches on core 0)
2026-07-02 11:16:51.176 8 INFO placement.requestlog [None req-71ea5c10-3978-4c00-9d9d-7debe286d54a fb831a2539c8405382c3ac67550811a1 8f863bcb8830440c8a06bb8879b7b021 - - 237a0512409542e982ba10233903e080 237a0512409542e982ba10233903e080] 10.0.0.12 "GET /resource_providers/f895e299-1109-464c-b80f-b115591a2764/aggregates" status: 404 len: 235 microversion: 1.1 [pid: 8|app: 0|req: 501/997] 10.0.0.12 () {32 vars in 814 bytes} [Thu Jul 2 11:16:51 2026] GET /resource_providers/f895e299-1109-464c-b80f-b115591a2764/aggregates => generated 235 bytes in 12 msecs (HTTP/1.1 404) 5 headers in 202 bytes (1 switches on core 0)
2026-07-02 11:16:51.186 7 INFO placement.requestlog [None req-5f7ba11c-b1ad-49e0-81a6-7e07358ff8af fb831a2539c8405382c3ac67550811a1 8f863bcb8830440c8a06bb8879b7b021 - - 237a0512409542e982ba10233903e080 237a0512409542e982ba10233903e080] 10.0.0.12 "DELETE /resource_providers/f895e299-1109-464c-b80f-b115591a2764" status: 404 len: 246 microversion: 1.1 [pid: 7|app: 0|req: 497/998] 10.0.0.12 () {34 vars in 814 bytes} [Thu Jul 2 11:16:51 2026] DELETE /resource_providers/f895e299-1109-464c-b80f-b115591a2764 => generated 246 bytes in 4 msecs (HTTP/1.1 404) 6 headers in 231 bytes (1 switches on core 0)
2026-07-02 11:16:51.189 8 INFO placement.requestlog [None req-72260408-18a3-4a1e-a984-aabc5c13d5c4 fb831a2539c8405382c3ac67550811a1 8f863bcb8830440c8a06bb8879b7b021 - - 237a0512409542e982ba10233903e080 237a0512409542e982ba10233903e080] 10.0.0.12 "DELETE /resource_providers/f895e299-1109-464c-b80f-b115591a2764" status: 404 len: 246 microversion: 1.1 [pid: 8|app: 0|req: 502/999] 10.0.0.12 () {34 vars in 814 bytes} [Thu Jul 2 11:16:51 2026] DELETE /resource_providers/f895e299-1109-464c-b80f-b115591a2764 => generated 246 bytes in 7 msecs (HTTP/1.1 404) 6 headers in 231 bytes (1 switches on core 0)
2026-07-02 11:16:51.342 8 INFO placement.requestlog [None req-a5442f16-bb6e-4d21-86ac-5bae29ed60a1 fb831a2539c8405382c3ac67550811a1 8f863bcb8830440c8a06bb8879b7b021 - - 237a0512409542e982ba10233903e080 237a0512409542e982ba10233903e080] 10.0.0.12 "GET /resource_providers/3fd7589e-793e-4b01-8fc2-8097ef70f354/aggregates" status: 404 len: 235 microversion: 1.1 [pid: 8|app: 0|req: 503/1000] 10.0.0.12 () {32 vars in 814 bytes} [Thu Jul 2 11:16:51 2026] GET /resource_providers/3fd7589e-793e-4b01-8fc2-8097ef70f354/aggregates => generated 235 bytes in 8 msecs (HTTP/1.1 404) 5 headers in 202 bytes (1 switches on core 0)
2026-07-02 11:16:51.358 7 INFO placement.requestlog [None req-ea98232e-43b7-49db-8086-6c8cba0ed478 fb831a2539c8405382c3ac67550811a1 8f863bcb8830440c8a06bb8879b7b021 - - 237a0512409542e982ba10233903e080 237a0512409542e982ba10233903e080] 10.0.0.12 "GET /resource_providers/3fd7589e-793e-4b01-8fc2-8097ef70f354/aggregates" status: 404 len: 235 microversion: 1.1 [pid: 7|app: 0|req: 498/1001] 10.0.0.12 () {32 vars in 814 bytes} [Thu Jul 2 11:16:51 2026] GET /resource_providers/3fd7589e-793e-4b01-8fc2-8097ef70f354/aggregates => generated 235 bytes in 25 msecs (HTTP/1.1 404) 5 headers in 202 bytes (1 switches on core 0)
2026-07-02 11:16:51.360 8 INFO placement.requestlog [None req-0c18bcfa-1965-4c6d-956e-5c1f09079dab fb831a2539c8405382c3ac67550811a1 8f863bcb8830440c8a06bb8879b7b021 - - 237a0512409542e982ba10233903e080 237a0512409542e982ba10233903e080] 10.0.0.12 "DELETE /resource_providers/3fd7589e-793e-4b01-8fc2-8097ef70f354" status: 404 len: 246 microversion: 1.1 [pid: 8|app: 0|req: 504/1002] 10.0.0.12 () {34 vars in 814 bytes} [Thu Jul 2 11:16:51 2026] DELETE /resource_providers/3fd7589e-793e-4b01-8fc2-8097ef70f354 => generated 246 bytes in 8 msecs (HTTP/1.1 404) 6 headers in 231 bytes (1 switches on core 0)
2026-07-02 11:16:51.378 7 INFO placement.requestlog [None req-3da2512a-b487-4ad4-a609-b0977e9d7f8a fb831a2539c8405382c3ac67550811a1 8f863bcb8830440c8a06bb8879b7b021 - - 237a0512409542e982ba10233903e080 237a0512409542e982ba10233903e080] 10.0.0.12 "DELETE /resource_providers/3fd7589e-793e-4b01-8fc2-8097ef70f354" status: 404 len: 246 microversion: 1.1 [pid: 7|app: 0|req: 499/1003] 10.0.0.12 () {34 vars in 814 bytes} [Thu Jul 2 11:16:51 2026] DELETE /resource_providers/3fd7589e-793e-4b01-8fc2-8097ef70f354 => generated 246 bytes in 10 msecs (HTTP/1.1 404) 6 headers in 231 bytes (1 switches on core 0)
2026-07-02 11:16:52.804 8 INFO placement.requestlog [None req-a0519182-58e2-4d67-80f7-b15197ca7258 - - - - - -] 10.0.0.228 "GET /" status: 200 len: 136 microversion: 1.0
2026-07-02 11:16:52.805 7 INFO placement.requestlog [None req-3a55fe14-3cac-43e7-baf9-074601cb5830 - - - - - -] 10.0.0.228 "GET /" status: 200 len: 136 microversion: 1.0
2026-07-02 11:16:54.197 8 INFO placement.requestlog [None req-1da2d05b-10ae-4025-b423-74570194bbe7 fb831a2539c8405382c3ac67550811a1 8f863bcb8830440c8a06bb8879b7b021 - - 237a0512409542e982ba10233903e080 237a0512409542e982ba10233903e080] 10.0.0.12 "GET /resource_providers/8587b290-cd1f-4fa6-a67b-0f24915d4247/aggregates" status: 404 len: 235 microversion: 1.1 [pid: 8|app: 0|req: 506/1006] 10.0.0.12 () {32 vars in 814 bytes} [Thu Jul 2 11:16:54 2026] GET /resource_providers/8587b290-cd1f-4fa6-a67b-0f24915d4247/aggregates => generated 235 bytes in 12 msecs (HTTP/1.1 404) 5 headers in 202 bytes (1 switches on core 0)
2026-07-02 11:16:54.198 7 INFO placement.requestlog [None req-4efe4f75-bb73-4de5-a5ac-e6339d527597 fb831a2539c8405382c3ac67550811a1 8f863bcb8830440c8a06bb8879b7b021 - - 237a0512409542e982ba10233903e080 237a0512409542e982ba10233903e080] 10.0.0.12 "GET /resource_providers/8587b290-cd1f-4fa6-a67b-0f24915d4247/aggregates" status: 404 len: 235 microversion: 1.1 [pid: 7|app: 0|req: 501/1007] 10.0.0.12 () {32 vars in 814 bytes} [Thu Jul 2 11:16:54 2026] GET /resource_providers/8587b290-cd1f-4fa6-a67b-0f24915d4247/aggregates => generated 235 bytes in 12 msecs (HTTP/1.1 404) 5 headers in 202 bytes (1 switches on core 0)
2026-07-02 11:16:54.218 7 INFO placement.requestlog [None req-1d813c89-963b-4f0a-8ded-b1ffcc51cfa6 fb831a2539c8405382c3ac67550811a1 8f863bcb8830440c8a06bb8879b7b021 - - 237a0512409542e982ba10233903e080 237a0512409542e982ba10233903e080] 10.0.0.12 "DELETE /resource_providers/8587b290-cd1f-4fa6-a67b-0f24915d4247" status: 404 len: 246 microversion: 1.1 [pid: 7|app: 0|req: 502/1008] 10.0.0.12 () {34 vars in 814 bytes} [Thu Jul 2 11:16:54 2026] DELETE /resource_providers/8587b290-cd1f-4fa6-a67b-0f24915d4247 => generated 246 bytes in 9 msecs (HTTP/1.1 404) 6 headers in 231 bytes (1 switches on core 0)
2026-07-02 11:16:54.219 8 INFO placement.requestlog [None req-d17e481e-71a2-437a-8843-cf5b46fac426 fb831a2539c8405382c3ac67550811a1 8f863bcb8830440c8a06bb8879b7b021 - - 237a0512409542e982ba10233903e080 237a0512409542e982ba10233903e080] 10.0.0.12 "DELETE /resource_providers/8587b290-cd1f-4fa6-a67b-0f24915d4247" status: 404 len: 246 microversion: 1.1 [pid: 8|app: 0|req: 507/1009] 10.0.0.12 () {34 vars in 814 bytes} [Thu Jul 2 11:16:54 2026] DELETE /resource_providers/8587b290-cd1f-4fa6-a67b-0f24915d4247 => generated 246 bytes in 13 msecs (HTTP/1.1 404) 6 headers in 231 bytes (1 switches on core 0)
2026-07-02 11:16:54.400 7 INFO placement.requestlog [None req-b2a0d934-bc84-47f6-ba34-7f336b693b3e fb831a2539c8405382c3ac67550811a1 8f863bcb8830440c8a06bb8879b7b021 - - 237a0512409542e982ba10233903e080 237a0512409542e982ba10233903e080] 10.0.0.12 "GET /resource_providers/488965fa-03b7-49a4-9559-982a2f1ff61a/aggregates" status: 404 len: 235 microversion: 1.1 [pid: 7|app: 0|req: 503/1010] 10.0.0.12 () {32 vars in 814 bytes} [Thu Jul 2 11:16:54 2026] GET /resource_providers/488965fa-03b7-49a4-9559-982a2f1ff61a/aggregates => generated 235 bytes in 9 msecs (HTTP/1.1 404) 5 headers in 202 bytes (1 switches on core 0)
2026-07-02 11:16:54.402 8 INFO placement.requestlog [None req-14f48338-e8a1-42a2-83c9-8791a374d8eb fb831a2539c8405382c3ac67550811a1 8f863bcb8830440c8a06bb8879b7b021 - - 237a0512409542e982ba10233903e080 237a0512409542e982ba10233903e080] 10.0.0.12 "GET /resource_providers/488965fa-03b7-49a4-9559-982a2f1ff61a/aggregates" status: 404 len: 235 microversion: 1.1 [pid: 8|app: 0|req: 508/1011] 10.0.0.12 () {32 vars in 814 bytes} [Thu Jul 2 11:16:54 2026] GET /resource_providers/488965fa-03b7-49a4-9559-982a2f1ff61a/aggregates => generated 235 bytes in 8 msecs (HTTP/1.1 404) 5 headers in 202 bytes (1 switches on core 0)
2026-07-02 11:16:54.418 7 INFO placement.requestlog [None req-0dd26905-8bb9-4982-a480-9834551eec58 fb831a2539c8405382c3ac67550811a1 8f863bcb8830440c8a06bb8879b7b021 - - 237a0512409542e982ba10233903e080 237a0512409542e982ba10233903e080] 10.0.0.12 "DELETE /resource_providers/488965fa-03b7-49a4-9559-982a2f1ff61a" status: 404 len: 246 microversion: 1.1 [pid: 7|app: 0|req: 504/1012] 10.0.0.12 () {34 vars in 814 bytes} [Thu Jul 2 11:16:54 2026] DELETE /resource_providers/488965fa-03b7-49a4-9559-982a2f1ff61a => generated 246 bytes in 7 msecs (HTTP/1.1 404) 6 headers in 231 bytes (1 switches on core 0)
2026-07-02 11:16:54.418 8 INFO placement.requestlog [None req-f13d0c3c-7063-4f15-ba8e-121550f8964e fb831a2539c8405382c3ac67550811a1 8f863bcb8830440c8a06bb8879b7b021 - - 237a0512409542e982ba10233903e080 237a0512409542e982ba10233903e080] 10.0.0.12 "DELETE /resource_providers/488965fa-03b7-49a4-9559-982a2f1ff61a" status: 404 len: 246 microversion: 1.1 [pid: 8|app: 0|req: 509/1013] 10.0.0.12 () {34 vars in 814 bytes} [Thu Jul 2 11:16:54 2026] DELETE /resource_providers/488965fa-03b7-49a4-9559-982a2f1ff61a => generated 246 bytes in 7 msecs (HTTP/1.1 404) 6 headers in 231 bytes (1 switches on core 0)
2026-07-02 11:16:56.512 8 INFO placement.requestlog [None req-60b80411-a513-4743-a5ed-1b389813f33e fb831a2539c8405382c3ac67550811a1 8f863bcb8830440c8a06bb8879b7b021 - - 237a0512409542e982ba10233903e080 237a0512409542e982ba10233903e080] 10.0.0.12 "GET /resource_providers/1df6682b-51f0-4906-91e0-68a182ea3353/aggregates" status: 404 len: 235 microversion: 1.1
2026-07-02 11:16:56.512 7 INFO placement.requestlog [None req-065fbb32-96ef-474b-98bf-7dc972d4394b fb831a2539c8405382c3ac67550811a1 8f863bcb8830440c8a06bb8879b7b021 - - 237a0512409542e982ba10233903e080 237a0512409542e982ba10233903e080] 10.0.0.12 "GET /resource_providers/1df6682b-51f0-4906-91e0-68a182ea3353/aggregates" status: 404 len: 235 microversion: 1.1 [pid: 8|app: 0|req: 510/1014] 10.0.0.12 () {32 vars in 814 bytes} [Thu Jul 2 11:16:56 2026] GET /resource_providers/1df6682b-51f0-4906-91e0-68a182ea3353/aggregates => generated 235 bytes in 12 msecs (HTTP/1.1 404) 5 headers in 202 bytes (1 switches on core 0) [pid: 7|app: 0|req: 505/1015] 10.0.0.12 () {32 vars in 814 bytes} [Thu Jul 2 11:16:56 2026] GET /resource_providers/1df6682b-51f0-4906-91e0-68a182ea3353/aggregates => generated 235 bytes in 14 msecs (HTTP/1.1 404) 5 headers in 202 bytes (1 switches on core 0)
2026-07-02 11:16:56.531 8 INFO placement.requestlog [None req-4d2bb568-4e46-4753-a20d-eb7050757851 fb831a2539c8405382c3ac67550811a1 8f863bcb8830440c8a06bb8879b7b021 - - 237a0512409542e982ba10233903e080 237a0512409542e982ba10233903e080] 10.0.0.12 "DELETE /resource_providers/1df6682b-51f0-4906-91e0-68a182ea3353" status: 404 len: 246 microversion: 1.1 [pid: 8|app: 0|req: 511/1016] 10.0.0.12 () {34 vars in 814 bytes} [Thu Jul 2 11:16:56 2026] DELETE /resource_providers/1df6682b-51f0-4906-91e0-68a182ea3353 => generated 246 bytes in 10 msecs (HTTP/1.1 404) 6 headers in 231 bytes (1 switches on core 0)
2026-07-02 11:16:56.535 7 INFO placement.requestlog [None req-dcae5499-6bfc-4f6b-bb4b-95047bae7438 fb831a2539c8405382c3ac67550811a1 8f863bcb8830440c8a06bb8879b7b021 - - 237a0512409542e982ba10233903e080 237a0512409542e982ba10233903e080] 10.0.0.12 "DELETE /resource_providers/1df6682b-51f0-4906-91e0-68a182ea3353" status: 404 len: 246 microversion: 1.1 [pid: 7|app: 0|req: 506/1017] 10.0.0.12 () {34 vars in 814 bytes} [Thu Jul 2 11:16:56 2026] DELETE /resource_providers/1df6682b-51f0-4906-91e0-68a182ea3353 => generated 246 bytes in 12 msecs (HTTP/1.1 404) 6 headers in 231 bytes (1 switches on core 0)
2026-07-02 11:16:56.875 8 INFO placement.requestlog [None req-270c959a-0da1-4cfb-a627-bfc9e0b0f13d fb831a2539c8405382c3ac67550811a1 8f863bcb8830440c8a06bb8879b7b021 - - 237a0512409542e982ba10233903e080 237a0512409542e982ba10233903e080] 10.0.0.12 "GET /resource_providers/ef8eb382-f23f-4ab9-8dea-bb09cab53fdd/aggregates" status: 404 len: 235 microversion: 1.1
2026-07-02 11:16:56.875 7 INFO placement.requestlog [None req-20705a11-b046-4257-863d-12d23c4bd7a7 fb831a2539c8405382c3ac67550811a1 8f863bcb8830440c8a06bb8879b7b021 - - 237a0512409542e982ba10233903e080 237a0512409542e982ba10233903e080] 10.0.0.12 "GET /resource_providers/ef8eb382-f23f-4ab9-8dea-bb09cab53fdd/aggregates" status: 404 len: 235 microversion: 1.1 [pid: 7|app: 0|req: 507/1018] 10.0.0.12 () {32 vars in 814 bytes} [Thu Jul 2 11:16:56 2026] GET /resource_providers/ef8eb382-f23f-4ab9-8dea-bb09cab53fdd/aggregates => generated 235 bytes in 12 msecs (HTTP/1.1 404) 5 headers in 202 bytes (1 switches on core 0) [pid: 8|app: 0|req: 512/1019] 10.0.0.12 () {32 vars in 814 bytes} [Thu Jul 2 11:16:56 2026] GET /resource_providers/ef8eb382-f23f-4ab9-8dea-bb09cab53fdd/aggregates => generated 235 bytes in 12 msecs (HTTP/1.1 404) 5 headers in 202 bytes (1 switches on core 0)
