2026-04-23 09:02:32.619 8 INFO placement.requestlog [None req-900eae8a-1869-452d-b7c2-f1c883d198f7 4882c34d71c14830a10d146abada69ed a3a25c9c6ab144a6834757eec90d3e79 - - 261eea958b6b4e82bce831926e31dfdd 261eea958b6b4e82bce831926e31dfdd] 10.0.0.72 "GET /resource_providers/9fcaf28b-90a6-4359-b52e-dafcb647f9ef/aggregates" status: 404 len: 235 microversion: 1.1 [pid: 8|app: 0|req: 357/714] 10.0.0.72 () {32 vars in 814 bytes} [Thu Apr 23 09:02:32 2026] GET /resource_providers/9fcaf28b-90a6-4359-b52e-dafcb647f9ef/aggregates => generated 235 bytes in 21 msecs (HTTP/1.1 404) 5 headers in 202 bytes (1 switches on core 0)
2026-04-23 09:02:32.634 7 INFO placement.requestlog [None req-6d7470c5-3ed7-43d2-a8bd-821290d7a6d5 4882c34d71c14830a10d146abada69ed a3a25c9c6ab144a6834757eec90d3e79 - - 261eea958b6b4e82bce831926e31dfdd 261eea958b6b4e82bce831926e31dfdd] 10.0.0.72 "DELETE /resource_providers/9fcaf28b-90a6-4359-b52e-dafcb647f9ef" status: 404 len: 246 microversion: 1.1 [pid: 7|app: 0|req: 358/715] 10.0.0.72 () {34 vars in 814 bytes} [Thu Apr 23 09:02:32 2026] DELETE /resource_providers/9fcaf28b-90a6-4359-b52e-dafcb647f9ef => generated 246 bytes in 11 msecs (HTTP/1.1 404) 6 headers in 231 bytes (1 switches on core 0)
2026-04-23 09:02:32.667 8 INFO placement.requestlog [None req-e53789a2-327e-4951-9ed1-f746b4312db2 4882c34d71c14830a10d146abada69ed a3a25c9c6ab144a6834757eec90d3e79 - - 261eea958b6b4e82bce831926e31dfdd 261eea958b6b4e82bce831926e31dfdd] 10.0.0.72 "DELETE /resource_providers/9fcaf28b-90a6-4359-b52e-dafcb647f9ef" status: 404 len: 246 microversion: 1.1 [pid: 8|app: 0|req: 358/716] 10.0.0.72 () {34 vars in 814 bytes} [Thu Apr 23 09:02:32 2026] DELETE /resource_providers/9fcaf28b-90a6-4359-b52e-dafcb647f9ef => generated 246 bytes in 35 msecs (HTTP/1.1 404) 6 headers in 231 bytes (1 switches on core 0)
2026-04-23 09:02:33.685 7 INFO placement.requestlog [None req-7a82bd20-0caa-49e9-b2dc-4b612802984d - - - - - -] 10.0.0.78 "GET /" status: 200 len: 136 microversion: 1.0
2026-04-23 09:02:33.685 8 INFO placement.requestlog [None req-f84ee46d-4fb6-4275-b76f-d458a08fa107 - - - - - -] 10.0.0.78 "GET /" status: 200 len: 136 microversion: 1.0
2026-04-23 09:02:34.487 8 INFO placement.requestlog [None req-a71ea7d5-4317-4b56-8d3f-f5c0133d7af7 4882c34d71c14830a10d146abada69ed a3a25c9c6ab144a6834757eec90d3e79 - - 261eea958b6b4e82bce831926e31dfdd 261eea958b6b4e82bce831926e31dfdd] 10.0.0.72 "GET /resource_providers/7a575c2c-28b8-4166-b84c-7243cffe2050/aggregates" status: 404 len: 235 microversion: 1.1 [pid: 8|app: 0|req: 360/719] 10.0.0.72 () {32 vars in 814 bytes} [Thu Apr 23 09:02:34 2026] GET /resource_providers/7a575c2c-28b8-4166-b84c-7243cffe2050/aggregates => generated 235 bytes in 418 msecs (HTTP/1.1 404) 5 headers in 202 bytes (1 switches on core 0)
2026-04-23 09:02:34.517 7 INFO placement.requestlog [None req-c478faff-7b29-439b-89e4-a6f8946f4161 4882c34d71c14830a10d146abada69ed a3a25c9c6ab144a6834757eec90d3e79 - - 261eea958b6b4e82bce831926e31dfdd 261eea958b6b4e82bce831926e31dfdd] 10.0.0.72 "GET /resource_providers/7a575c2c-28b8-4166-b84c-7243cffe2050/aggregates" status: 404 len: 235 microversion: 1.1 [pid: 7|app: 0|req: 360/720] 10.0.0.72 () {32 vars in 814 bytes} [Thu Apr 23 09:02:34 2026] GET /resource_providers/7a575c2c-28b8-4166-b84c-7243cffe2050/aggregates => generated 235 bytes in 448 msecs (HTTP/1.1 404) 5 headers in 202 bytes (1 switches on core 0)
2026-04-23 09:02:34.553 7 INFO placement.requestlog [None req-7a018db4-94e2-4e83-ab22-115f38f8afe2 4882c34d71c14830a10d146abada69ed a3a25c9c6ab144a6834757eec90d3e79 - - 261eea958b6b4e82bce831926e31dfdd 261eea958b6b4e82bce831926e31dfdd] 10.0.0.72 "DELETE /resource_providers/7a575c2c-28b8-4166-b84c-7243cffe2050" status: 404 len: 246 microversion: 1.1 [pid: 7|app: 0|req: 361/721] 10.0.0.72 () {34 vars in 814 bytes} [Thu Apr 23 09:02:34 2026] DELETE /resource_providers/7a575c2c-28b8-4166-b84c-7243cffe2050 => generated 246 bytes in 12 msecs (HTTP/1.1 404) 6 headers in 231 bytes (1 switches on core 0)
2026-04-23 09:02:34.554 8 INFO placement.requestlog [None req-10399eac-04ed-40ca-9ef2-28019ff8e3dd 4882c34d71c14830a10d146abada69ed a3a25c9c6ab144a6834757eec90d3e79 - - 261eea958b6b4e82bce831926e31dfdd 261eea958b6b4e82bce831926e31dfdd] 10.0.0.72 "DELETE /resource_providers/7a575c2c-28b8-4166-b84c-7243cffe2050" status: 404 len: 246 microversion: 1.1 [pid: 8|app: 0|req: 361/722] 10.0.0.72 () {34 vars in 814 bytes} [Thu Apr 23 09:02:34 2026] DELETE /resource_providers/7a575c2c-28b8-4166-b84c-7243cffe2050 => generated 246 bytes in 12 msecs (HTTP/1.1 404) 6 headers in 231 bytes (1 switches on core 0)
2026-04-23 09:02:39.658 7 INFO placement.requestlog [req-6581c8b5-dfdc-4580-91a2-cb7e56942cc7 req-1e1d0b07-fb4b-4637-b280-e5842bea7e0f f85d8031fcfb4f26b935ebe791dc3b78 a3a25c9c6ab144a6834757eec90d3e79 - - 261eea958b6b4e82bce831926e31dfdd 261eea958b6b4e82bce831926e31dfdd] 199.204.45.72 "GET /resource_providers/3a0050d9-a6d8-4ba1-a255-490e8ef66abf/allocations" status: 200 len: 252 microversion: 1.0 [pid: 7|app: 0|req: 362/723] 199.204.45.72 () {32 vars in 855 bytes} [Thu Apr 23 09:02:39 2026] GET /resource_providers/3a0050d9-a6d8-4ba1-a255-490e8ef66abf/allocations => generated 252 bytes in 21 msecs (HTTP/1.1 200) 6 headers in 224 bytes (1 switches on core 0)
2026-04-23 09:02:39.693 8 INFO placement.requestlog [req-6581c8b5-dfdc-4580-91a2-cb7e56942cc7 req-c2d27125-dd76-43f6-8e74-da807248eed5 f85d8031fcfb4f26b935ebe791dc3b78 a3a25c9c6ab144a6834757eec90d3e79 - - 261eea958b6b4e82bce831926e31dfdd 261eea958b6b4e82bce831926e31dfdd] 199.204.45.72 "GET /resource_providers/3a0050d9-a6d8-4ba1-a255-490e8ef66abf/allocations" status: 200 len: 252 microversion: 1.0 [pid: 8|app: 0|req: 362/724] 199.204.45.72 () {32 vars in 855 bytes} [Thu Apr 23 09:02:39 2026] GET /resource_providers/3a0050d9-a6d8-4ba1-a255-490e8ef66abf/allocations => generated 252 bytes in 24 msecs (HTTP/1.1 200) 6 headers in 224 bytes (1 switches on core 0)
2026-04-23 09:02:39.716 7 INFO placement.requestlog [req-6581c8b5-dfdc-4580-91a2-cb7e56942cc7 req-e86a2e1d-a401-48c7-b638-7783f972da3f f85d8031fcfb4f26b935ebe791dc3b78 a3a25c9c6ab144a6834757eec90d3e79 - - 261eea958b6b4e82bce831926e31dfdd 261eea958b6b4e82bce831926e31dfdd] 199.204.45.72 "GET /allocations/8dc5c75e-9a98-4d96-a719-b07108d7a3c8" status: 200 len: 257 microversion: 1.28 [pid: 7|app: 0|req: 363/725] 199.204.45.72 () {34 vars in 861 bytes} [Thu Apr 23 09:02:39 2026] GET /allocations/8dc5c75e-9a98-4d96-a719-b07108d7a3c8 => generated 257 bytes in 13 msecs (HTTP/1.1 200) 8 headers in 296 bytes (1 switches on core 0)
2026-04-23 09:02:39.740 8 INFO placement.requestlog [req-6581c8b5-dfdc-4580-91a2-cb7e56942cc7 req-9c8876fc-9589-4245-901f-a200ce7d5971 f85d8031fcfb4f26b935ebe791dc3b78 a3a25c9c6ab144a6834757eec90d3e79 - - 261eea958b6b4e82bce831926e31dfdd 261eea958b6b4e82bce831926e31dfdd] 199.204.45.72 "GET /allocations/00b9aa4c-9276-4cc4-bb41-5b94e3f418b4" status: 200 len: 257 microversion: 1.28 [pid: 8|app: 0|req: 363/726] 199.204.45.72 () {34 vars in 861 bytes} [Thu Apr 23 09:02:39 2026] GET /allocations/00b9aa4c-9276-4cc4-bb41-5b94e3f418b4 => generated 257 bytes in 17 msecs (HTTP/1.1 200) 8 headers in 296 bytes (1 switches on core 0)
2026-04-23 09:02:42.740 7 INFO placement.requestlog [req-b55fd43a-e3a5-4ca8-aaec-1a88cf494b75 req-dd7ea42c-fdec-476f-9e0d-df5e0e1f058f f85d8031fcfb4f26b935ebe791dc3b78 a3a25c9c6ab144a6834757eec90d3e79 - - 261eea958b6b4e82bce831926e31dfdd 261eea958b6b4e82bce831926e31dfdd] 199.204.45.72 "GET /resource_providers/3a0050d9-a6d8-4ba1-a255-490e8ef66abf/allocations" status: 200 len: 252 microversion: 1.0 [pid: 7|app: 0|req: 364/727] 199.204.45.72 () {32 vars in 855 bytes} [Thu Apr 23 09:02:42 2026] GET /resource_providers/3a0050d9-a6d8-4ba1-a255-490e8ef66abf/allocations => generated 252 bytes in 23 msecs (HTTP/1.1 200) 6 headers in 224 bytes (1 switches on core 0)
2026-04-23 09:02:42.769 8 INFO placement.requestlog [req-b55fd43a-e3a5-4ca8-aaec-1a88cf494b75 req-e9310c3e-32bc-4b0e-bd56-ad83f9bd6ae5 f85d8031fcfb4f26b935ebe791dc3b78 a3a25c9c6ab144a6834757eec90d3e79 - - 261eea958b6b4e82bce831926e31dfdd 261eea958b6b4e82bce831926e31dfdd] 199.204.45.72 "GET /allocations/8dc5c75e-9a98-4d96-a719-b07108d7a3c8" status: 200 len: 257 microversion: 1.28 [pid: 8|app: 0|req: 364/728] 199.204.45.72 () {34 vars in 861 bytes} [Thu Apr 23 09:02:42 2026] GET /allocations/8dc5c75e-9a98-4d96-a719-b07108d7a3c8 => generated 257 bytes in 17 msecs (HTTP/1.1 200) 8 headers in 296 bytes (1 switches on core 0)
2026-04-23 09:02:42.794 7 INFO placement.requestlog [req-b55fd43a-e3a5-4ca8-aaec-1a88cf494b75 req-c17f28e9-f9ff-4d3c-aa0d-14636225f17e f85d8031fcfb4f26b935ebe791dc3b78 a3a25c9c6ab144a6834757eec90d3e79 - - 261eea958b6b4e82bce831926e31dfdd 261eea958b6b4e82bce831926e31dfdd] 199.204.45.72 "GET /allocations/00b9aa4c-9276-4cc4-bb41-5b94e3f418b4" status: 200 len: 257 microversion: 1.28 [pid: 7|app: 0|req: 365/729] 199.204.45.72 () {34 vars in 861 bytes} [Thu Apr 23 09:02:42 2026] GET /allocations/00b9aa4c-9276-4cc4-bb41-5b94e3f418b4 => generated 257 bytes in 17 msecs (HTTP/1.1 200) 8 headers in 296 bytes (1 switches on core 0)
2026-04-23 09:02:42.888 8 INFO placement.requestlog [req-b55fd43a-e3a5-4ca8-aaec-1a88cf494b75 req-b5154ad8-c8e1-4840-a0f6-b20fdb44bf00 f85d8031fcfb4f26b935ebe791dc3b78 a3a25c9c6ab144a6834757eec90d3e79 - - 261eea958b6b4e82bce831926e31dfdd 261eea958b6b4e82bce831926e31dfdd] 199.204.45.72 "DELETE /allocations/00b9aa4c-9276-4cc4-bb41-5b94e3f418b4" status: 204 len: 0 microversion: 1.0 [pid: 8|app: 0|req: 365/730] 199.204.45.72 () {34 vars in 839 bytes} [Thu Apr 23 09:02:42 2026] DELETE /allocations/00b9aa4c-9276-4cc4-bb41-5b94e3f418b4 => generated 0 bytes in 36 msecs (HTTP/1.1 204) 5 headers in 198 bytes (1 switches on core 0)
2026-04-23 09:02:43.684 7 INFO placement.requestlog [None req-c483b372-50c9-4a82-8582-4b3d027b2106 - - - - - -] 10.0.0.78 "GET /" status: 200 len: 136 microversion: 1.0
2026-04-23 09:02:43.686 8 INFO placement.requestlog [None req-9ec75273-3cc5-4818-b85e-2a61f3d04427 - - - - - -] 10.0.0.78 "GET /" status: 200 len: 136 microversion: 1.0
2026-04-23 09:02:43.978 7 INFO placement.requestlog [req-bee1ae6b-815b-4f8a-b656-98c094cdf434 req-093cc2ff-6ad7-4c4e-948f-1ed0c210dbfc f85d8031fcfb4f26b935ebe791dc3b78 a3a25c9c6ab144a6834757eec90d3e79 - - 261eea958b6b4e82bce831926e31dfdd 261eea958b6b4e82bce831926e31dfdd] 10.0.0.243 "GET /allocation_candidates?limit=1000&resources=DISK_GB%3A1%2CMEMORY_MB%3A512%2CVCPU%3A1&root_required=%21COMPUTE_STATUS_DISABLED" status: 200 len: 2149 microversion: 1.36 [pid: 7|app: 0|req: 367/733] 10.0.0.243 () {34 vars in 1011 bytes} [Thu Apr 23 09:02:43 2026] GET /allocation_candidates?limit=1000&resources=DISK_GB%3A1%2CMEMORY_MB%3A512%2CVCPU%3A1&root_required=%21COMPUTE_STATUS_DISABLED => generated 2149 bytes in 49 msecs (HTTP/1.1 200) 8 headers in 297 bytes (1 switches on core 0)
2026-04-23 09:02:44.022 8 INFO placement.requestlog [req-bee1ae6b-815b-4f8a-b656-98c094cdf434 req-0d71c4e8-8f8b-452f-861a-5825dbfa39d9 f85d8031fcfb4f26b935ebe791dc3b78 a3a25c9c6ab144a6834757eec90d3e79 - - 261eea958b6b4e82bce831926e31dfdd 261eea958b6b4e82bce831926e31dfdd] 10.0.0.243 "GET /allocations/81deb245-b910-496d-9872-a41d0f37adb5" status: 200 len: 19 microversion: 1.28 [pid: 8|app: 0|req: 367/734] 10.0.0.243 () {34 vars in 860 bytes} [Thu Apr 23 09:02:44 2026] GET /allocations/81deb245-b910-496d-9872-a41d0f37adb5 => generated 19 bytes in 12 msecs (HTTP/1.1 200) 8 headers in 295 bytes (1 switches on core 0)
2026-04-23 09:02:44.156 7 INFO placement.requestlog [req-bee1ae6b-815b-4f8a-b656-98c094cdf434 req-442c14a4-d9ad-49fb-ba15-3c3a35588b36 f85d8031fcfb4f26b935ebe791dc3b78 a3a25c9c6ab144a6834757eec90d3e79 - - 261eea958b6b4e82bce831926e31dfdd 261eea958b6b4e82bce831926e31dfdd] 10.0.0.243 "PUT /allocations/81deb245-b910-496d-9872-a41d0f37adb5" status: 204 len: 0 microversion: 1.36 [pid: 7|app: 0|req: 368/735] 10.0.0.243 () {38 vars in 913 bytes} [Thu Apr 23 09:02:44 2026] PUT /allocations/81deb245-b910-496d-9872-a41d0f37adb5 => generated 0 bytes in 124 msecs (HTTP/1.1 204) 5 headers in 199 bytes (1 switches on core 0)
2026-04-23 09:02:44.459 8 INFO placement.requestlog [req-bee1ae6b-815b-4f8a-b656-98c094cdf434 req-f722f258-96c7-4df7-8dab-be0ce8345c2e f85d8031fcfb4f26b935ebe791dc3b78 a3a25c9c6ab144a6834757eec90d3e79 - - 261eea958b6b4e82bce831926e31dfdd 261eea958b6b4e82bce831926e31dfdd] 199.204.45.72 "GET /allocations/81deb245-b910-496d-9872-a41d0f37adb5" status: 200 len: 257 microversion: 1.28 [pid: 8|app: 0|req: 368/736] 199.204.45.72 () {34 vars in 861 bytes} [Thu Apr 23 09:02:44 2026] GET /allocations/81deb245-b910-496d-9872-a41d0f37adb5 => generated 257 bytes in 15 msecs (HTTP/1.1 200) 8 headers in 296 bytes (1 switches on core 0)
2026-04-23 09:02:44.610 7 INFO placement.requestlog [req-bee1ae6b-815b-4f8a-b656-98c094cdf434 req-36072aed-0b33-4359-b7ce-31533a48dd69 f85d8031fcfb4f26b935ebe791dc3b78 a3a25c9c6ab144a6834757eec90d3e79 - - 261eea958b6b4e82bce831926e31dfdd 261eea958b6b4e82bce831926e31dfdd] 199.204.45.72 "GET /resource_providers/3a0050d9-a6d8-4ba1-a255-490e8ef66abf/allocations" status: 200 len: 252 microversion: 1.0 [pid: 7|app: 0|req: 369/737] 199.204.45.72 () {32 vars in 855 bytes} [Thu Apr 23 09:02:44 2026] GET /resource_providers/3a0050d9-a6d8-4ba1-a255-490e8ef66abf/allocations => generated 252 bytes in 30 msecs (HTTP/1.1 200) 6 headers in 224 bytes (1 switches on core 0)
2026-04-23 09:02:44.640 8 INFO placement.requestlog [req-bee1ae6b-815b-4f8a-b656-98c094cdf434 req-ef461395-1d41-48ea-8655-d927c0de795e f85d8031fcfb4f26b935ebe791dc3b78 a3a25c9c6ab144a6834757eec90d3e79 - - 261eea958b6b4e82bce831926e31dfdd 261eea958b6b4e82bce831926e31dfdd] 199.204.45.72 "GET /allocations/8dc5c75e-9a98-4d96-a719-b07108d7a3c8" status: 200 len: 257 microversion: 1.28 [pid: 8|app: 0|req: 369/738] 199.204.45.72 () {34 vars in 861 bytes} [Thu Apr 23 09:02:44 2026] GET /allocations/8dc5c75e-9a98-4d96-a719-b07108d7a3c8 => generated 257 bytes in 20 msecs (HTTP/1.1 200) 8 headers in 296 bytes (1 switches on core 0)
2026-04-23 09:02:44.668 7 INFO placement.requestlog [req-bee1ae6b-815b-4f8a-b656-98c094cdf434 req-b1fc27db-8653-4db3-b540-38128954744e f85d8031fcfb4f26b935ebe791dc3b78 a3a25c9c6ab144a6834757eec90d3e79 - - 261eea958b6b4e82bce831926e31dfdd 261eea958b6b4e82bce831926e31dfdd] 199.204.45.72 "GET /allocations/81deb245-b910-496d-9872-a41d0f37adb5" status: 200 len: 257 microversion: 1.28 [pid: 7|app: 0|req: 370/739] 199.204.45.72 () {34 vars in 861 bytes} [Thu Apr 23 09:02:44 2026] GET /allocations/81deb245-b910-496d-9872-a41d0f37adb5 => generated 257 bytes in 19 msecs (HTTP/1.1 200) 8 headers in 296 bytes (1 switches on core 0)
2026-04-23 09:02:46.674 7 INFO placement.requestlog [None req-a1397ecb-5467-4b6b-893f-278807fe5701 4882c34d71c14830a10d146abada69ed a3a25c9c6ab144a6834757eec90d3e79 - - 261eea958b6b4e82bce831926e31dfdd 261eea958b6b4e82bce831926e31dfdd] 10.0.0.72 "GET /resource_providers/791ebc12-73da-4b50-b781-1c2272db9934/aggregates" status: 404 len: 235 microversion: 1.1 [pid: 7|app: 0|req: 371/740] 10.0.0.72 () {32 vars in 814 bytes} [Thu Apr 23 09:02:46 2026] GET /resource_providers/791ebc12-73da-4b50-b781-1c2272db9934/aggregates => generated 235 bytes in 13 msecs (HTTP/1.1 404) 5 headers in 202 bytes (1 switches on core 0)
2026-04-23 09:02:46.676 8 INFO placement.requestlog [None req-de0172de-1b84-4cd9-a834-81a690ae546d 4882c34d71c14830a10d146abada69ed a3a25c9c6ab144a6834757eec90d3e79 - - 261eea958b6b4e82bce831926e31dfdd 261eea958b6b4e82bce831926e31dfdd] 10.0.0.72 "GET /resource_providers/791ebc12-73da-4b50-b781-1c2272db9934/aggregates" status: 404 len: 235 microversion: 1.1 [pid: 8|app: 0|req: 370/741] 10.0.0.72 () {32 vars in 814 bytes} [Thu Apr 23 09:02:46 2026] GET /resource_providers/791ebc12-73da-4b50-b781-1c2272db9934/aggregates => generated 235 bytes in 14 msecs (HTTP/1.1 404) 5 headers in 202 bytes (1 switches on core 0)
2026-04-23 09:02:47.034 8 INFO placement.requestlog [None req-93797e7d-3b0f-47d4-bab0-081049edce8a 4882c34d71c14830a10d146abada69ed a3a25c9c6ab144a6834757eec90d3e79 - - 261eea958b6b4e82bce831926e31dfdd 261eea958b6b4e82bce831926e31dfdd] 10.0.0.72 "DELETE /resource_providers/791ebc12-73da-4b50-b781-1c2272db9934" status: 404 len: 246 microversion: 1.1 [pid: 8|app: 0|req: 371/742] 10.0.0.72 () {34 vars in 814 bytes} [Thu Apr 23 09:02:47 2026] DELETE /resource_providers/791ebc12-73da-4b50-b781-1c2272db9934 => generated 246 bytes in 9 msecs (HTTP/1.1 404) 6 headers in 231 bytes (1 switches on core 0)
2026-04-23 09:02:47.036 7 INFO placement.requestlog [None req-50a213dc-d963-4a3e-a3f3-a40882dcfb22 4882c34d71c14830a10d146abada69ed a3a25c9c6ab144a6834757eec90d3e79 - - 261eea958b6b4e82bce831926e31dfdd 261eea958b6b4e82bce831926e31dfdd] 10.0.0.72 "DELETE /resource_providers/791ebc12-73da-4b50-b781-1c2272db9934" status: 404 len: 246 microversion: 1.1 [pid: 7|app: 0|req: 372/743] 10.0.0.72 () {34 vars in 814 bytes} [Thu Apr 23 09:02:47 2026] DELETE /resource_providers/791ebc12-73da-4b50-b781-1c2272db9934 => generated 246 bytes in 12 msecs (HTTP/1.1 404) 6 headers in 231 bytes (1 switches on core 0)
2026-04-23 09:02:48.148 8 INFO placement.requestlog [None req-7446a25d-cafd-4b06-8c04-038af8c98166 4882c34d71c14830a10d146abada69ed a3a25c9c6ab144a6834757eec90d3e79 - - 261eea958b6b4e82bce831926e31dfdd 261eea958b6b4e82bce831926e31dfdd] 10.0.0.72 "GET /resource_providers/8513c897-e84a-4b3e-a870-88586d433e79/aggregates" status: 404 len: 235 microversion: 1.1 [pid: 8|app: 0|req: 372/744] 10.0.0.72 () {32 vars in 814 bytes} [Thu Apr 23 09:02:48 2026] GET /resource_providers/8513c897-e84a-4b3e-a870-88586d433e79/aggregates => generated 235 bytes in 12 msecs (HTTP/1.1 404) 5 headers in 202 bytes (1 switches on core 0)
2026-04-23 09:02:48.149 7 INFO placement.requestlog [None req-8bc06cec-d173-4711-aa69-0aa7a8aabe00 4882c34d71c14830a10d146abada69ed a3a25c9c6ab144a6834757eec90d3e79 - - 261eea958b6b4e82bce831926e31dfdd 261eea958b6b4e82bce831926e31dfdd] 10.0.0.72 "GET /resource_providers/8513c897-e84a-4b3e-a870-88586d433e79/aggregates" status: 404 len: 235 microversion: 1.1 [pid: 7|app: 0|req: 373/745] 10.0.0.72 () {32 vars in 814 bytes} [Thu Apr 23 09:02:48 2026] GET /resource_providers/8513c897-e84a-4b3e-a870-88586d433e79/aggregates => generated 235 bytes in 9 msecs (HTTP/1.1 404) 5 headers in 202 bytes (1 switches on core 0)
2026-04-23 09:02:48.174 8 INFO placement.requestlog [None req-0ea7aeb3-07c2-4412-b410-fee5e8d4ba70 4882c34d71c14830a10d146abada69ed a3a25c9c6ab144a6834757eec90d3e79 - - 261eea958b6b4e82bce831926e31dfdd 261eea958b6b4e82bce831926e31dfdd] 10.0.0.72 "DELETE /resource_providers/8513c897-e84a-4b3e-a870-88586d433e79" status: 404 len: 246 microversion: 1.1 [pid: 8|app: 0|req: 373/746] 10.0.0.72 () {34 vars in 814 bytes} [Thu Apr 23 09:02:48 2026] DELETE /resource_providers/8513c897-e84a-4b3e-a870-88586d433e79 => generated 246 bytes in 10 msecs (HTTP/1.1 404) 6 headers in 231 bytes (1 switches on core 0)
2026-04-23 09:02:48.176 7 INFO placement.requestlog [None req-0dcf400a-a6c3-44e0-848e-d6456ac7410a 4882c34d71c14830a10d146abada69ed a3a25c9c6ab144a6834757eec90d3e79 - - 261eea958b6b4e82bce831926e31dfdd 261eea958b6b4e82bce831926e31dfdd] 10.0.0.72 "DELETE /resource_providers/8513c897-e84a-4b3e-a870-88586d433e79" status: 404 len: 246 microversion: 1.1 [pid: 7|app: 0|req: 374/747] 10.0.0.72 () {34 vars in 814 bytes} [Thu Apr 23 09:02:48 2026] DELETE /resource_providers/8513c897-e84a-4b3e-a870-88586d433e79 => generated 246 bytes in 11 msecs (HTTP/1.1 404) 6 headers in 231 bytes (1 switches on core 0)
2026-04-23 09:02:53.685 8 INFO placement.requestlog [None req-ea1d548d-d261-434d-ab71-51fecd8df341 - - - - - -] 10.0.0.78 "GET /" status: 200 len: 136 microversion: 1.0
2026-04-23 09:02:53.685 7 INFO placement.requestlog [None req-2017ff46-37ab-445b-bfdc-85205940623e - - - - - -] 10.0.0.78 "GET /" status: 200 len: 136 microversion: 1.0
2026-04-23 09:02:53.848 7 INFO placement.requestlog [req-f7d7fe7a-0f37-4dd1-a5f9-c9638893f59e req-49f8e9aa-05bb-4ed5-9070-6172a7987651 f85d8031fcfb4f26b935ebe791dc3b78 a3a25c9c6ab144a6834757eec90d3e79 - - 261eea958b6b4e82bce831926e31dfdd 261eea958b6b4e82bce831926e31dfdd] 199.204.45.72 "GET /resource_providers/3a0050d9-a6d8-4ba1-a255-490e8ef66abf/allocations" status: 200 len: 252 microversion: 1.0 [pid: 7|app: 0|req: 376/750] 199.204.45.72 () {32 vars in 855 bytes} [Thu Apr 23 09:02:53 2026] GET /resource_providers/3a0050d9-a6d8-4ba1-a255-490e8ef66abf/allocations => generated 252 bytes in 51 msecs (HTTP/1.1 200) 6 headers in 224 bytes (1 switches on core 0)
2026-04-23 09:02:53.899 8 INFO placement.requestlog [req-f7d7fe7a-0f37-4dd1-a5f9-c9638893f59e req-91470a12-fbcb-4a9b-b173-dc1fab04e405 f85d8031fcfb4f26b935ebe791dc3b78 a3a25c9c6ab144a6834757eec90d3e79 - - 261eea958b6b4e82bce831926e31dfdd 261eea958b6b4e82bce831926e31dfdd] 199.204.45.72 "GET /allocations/8dc5c75e-9a98-4d96-a719-b07108d7a3c8" status: 200 len: 257 microversion: 1.28 [pid: 8|app: 0|req: 375/751] 199.204.45.72 () {34 vars in 861 bytes} [Thu Apr 23 09:02:53 2026] GET /allocations/8dc5c75e-9a98-4d96-a719-b07108d7a3c8 => generated 257 bytes in 43 msecs (HTTP/1.1 200) 8 headers in 296 bytes (1 switches on core 0)
2026-04-23 09:02:53.926 7 INFO placement.requestlog [req-f7d7fe7a-0f37-4dd1-a5f9-c9638893f59e req-792fc335-50fe-4dfb-977d-a0bd465aa7ca f85d8031fcfb4f26b935ebe791dc3b78 a3a25c9c6ab144a6834757eec90d3e79 - - 261eea958b6b4e82bce831926e31dfdd 261eea958b6b4e82bce831926e31dfdd] 199.204.45.72 "GET /allocations/81deb245-b910-496d-9872-a41d0f37adb5" status: 200 len: 257 microversion: 1.28 [pid: 7|app: 0|req: 377/752] 199.204.45.72 () {34 vars in 861 bytes} [Thu Apr 23 09:02:53 2026] GET /allocations/81deb245-b910-496d-9872-a41d0f37adb5 => generated 257 bytes in 18 msecs (HTTP/1.1 200) 8 headers in 296 bytes (1 switches on core 0)
2026-04-23 09:02:54.036 8 INFO placement.requestlog [req-f7d7fe7a-0f37-4dd1-a5f9-c9638893f59e req-72233aab-eb85-4899-9907-d57edc908df0 f85d8031fcfb4f26b935ebe791dc3b78 a3a25c9c6ab144a6834757eec90d3e79 - - 261eea958b6b4e82bce831926e31dfdd 261eea958b6b4e82bce831926e31dfdd] 199.204.45.72 "DELETE /allocations/8dc5c75e-9a98-4d96-a719-b07108d7a3c8" status: 204 len: 0 microversion: 1.0 [pid: 8|app: 0|req: 376/753] 199.204.45.72 () {34 vars in 839 bytes} [Thu Apr 23 09:02:53 2026] DELETE /allocations/8dc5c75e-9a98-4d96-a719-b07108d7a3c8 => generated 0 bytes in 41 msecs (HTTP/1.1 204) 5 headers in 198 bytes (1 switches on core 0)
2026-04-23 09:02:54.621 7 INFO placement.requestlog [None req-6cbbce3a-7c04-4ae1-b16f-5b429fb6a320 4882c34d71c14830a10d146abada69ed a3a25c9c6ab144a6834757eec90d3e79 - - 261eea958b6b4e82bce831926e31dfdd 261eea958b6b4e82bce831926e31dfdd] 10.0.0.72 "GET /resource_providers/ffc25d99-befb-46aa-8d6f-057b703fa917/aggregates" status: 404 len: 235 microversion: 1.1 [pid: 7|app: 0|req: 378/754] 10.0.0.72 () {32 vars in 814 bytes} [Thu Apr 23 09:02:54 2026] GET /resource_providers/ffc25d99-befb-46aa-8d6f-057b703fa917/aggregates => generated 235 bytes in 9 msecs (HTTP/1.1 404) 5 headers in 202 bytes (1 switches on core 0)
2026-04-23 09:02:54.624 8 INFO placement.requestlog [None req-47838d24-affd-493d-bc8c-09a456b15d49 4882c34d71c14830a10d146abada69ed a3a25c9c6ab144a6834757eec90d3e79 - - 261eea958b6b4e82bce831926e31dfdd 261eea958b6b4e82bce831926e31dfdd] 10.0.0.72 "GET /resource_providers/ffc25d99-befb-46aa-8d6f-057b703fa917/aggregates" status: 404 len: 235 microversion: 1.1 [pid: 8|app: 0|req: 377/755] 10.0.0.72 () {32 vars in 814 bytes} [Thu Apr 23 09:02:54 2026] GET /resource_providers/ffc25d99-befb-46aa-8d6f-057b703fa917/aggregates => generated 235 bytes in 13 msecs (HTTP/1.1 404) 5 headers in 202 bytes (1 switches on core 0)
2026-04-23 09:02:54.638 7 INFO placement.requestlog [None req-af78d0dd-439c-4180-9bab-9e9f259c2f40 4882c34d71c14830a10d146abada69ed a3a25c9c6ab144a6834757eec90d3e79 - - 261eea958b6b4e82bce831926e31dfdd 261eea958b6b4e82bce831926e31dfdd] 10.0.0.72 "DELETE /resource_providers/ffc25d99-befb-46aa-8d6f-057b703fa917" status: 404 len: 246 microversion: 1.1 [pid: 7|app: 0|req: 379/756] 10.0.0.72 () {34 vars in 814 bytes} [Thu Apr 23 09:02:54 2026] DELETE /resource_providers/ffc25d99-befb-46aa-8d6f-057b703fa917 => generated 246 bytes in 9 msecs (HTTP/1.1 404) 6 headers in 231 bytes (1 switches on core 0)
2026-04-23 09:02:54.668 8 INFO placement.requestlog [None req-d1e97329-f7a9-4bb7-9fee-a9357a8920ab 4882c34d71c14830a10d146abada69ed a3a25c9c6ab144a6834757eec90d3e79 - - 261eea958b6b4e82bce831926e31dfdd 261eea958b6b4e82bce831926e31dfdd] 10.0.0.72 "DELETE /resource_providers/ffc25d99-befb-46aa-8d6f-057b703fa917" status: 404 len: 246 microversion: 1.1 [pid: 8|app: 0|req: 378/757] 10.0.0.72 () {34 vars in 814 bytes} [Thu Apr 23 09:02:54 2026] DELETE /resource_providers/ffc25d99-befb-46aa-8d6f-057b703fa917 => generated 246 bytes in 16 msecs (HTTP/1.1 404) 6 headers in 231 bytes (1 switches on core 0)
2026-04-23 09:02:56.682 7 INFO placement.requestlog [None req-1d2518ae-d831-4d4c-b251-489390dfecdc 4882c34d71c14830a10d146abada69ed a3a25c9c6ab144a6834757eec90d3e79 - - 261eea958b6b4e82bce831926e31dfdd 261eea958b6b4e82bce831926e31dfdd] 10.0.0.72 "GET /resource_providers/37e5b526-06cb-4fef-b886-c85d5b99869c/aggregates" status: 404 len: 235 microversion: 1.1 [pid: 7|app: 0|req: 380/758] 10.0.0.72 () {32 vars in 814 bytes} [Thu Apr 23 09:02:56 2026] GET /resource_providers/37e5b526-06cb-4fef-b886-c85d5b99869c/aggregates => generated 235 bytes in 12 msecs (HTTP/1.1 404) 5 headers in 202 bytes (1 switches on core 0)
2026-04-23 09:02:56.690 8 INFO placement.requestlog [None req-fd457bac-88c7-4a83-ae74-7be7656ff8df 4882c34d71c14830a10d146abada69ed a3a25c9c6ab144a6834757eec90d3e79 - - 261eea958b6b4e82bce831926e31dfdd 261eea958b6b4e82bce831926e31dfdd] 10.0.0.72 "GET /resource_providers/37e5b526-06cb-4fef-b886-c85d5b99869c/aggregates" status: 404 len: 235 microversion: 1.1 [pid: 8|app: 0|req: 379/759] 10.0.0.72 () {32 vars in 814 bytes} [Thu Apr 23 09:02:56 2026] GET /resource_providers/37e5b526-06cb-4fef-b886-c85d5b99869c/aggregates => generated 235 bytes in 13 msecs (HTTP/1.1 404) 5 headers in 202 bytes (1 switches on core 0)
2026-04-23 09:02:56.700 7 INFO placement.requestlog [None req-d2bcb956-3b1b-4cf9-bb83-a764e562a151 4882c34d71c14830a10d146abada69ed a3a25c9c6ab144a6834757eec90d3e79 - - 261eea958b6b4e82bce831926e31dfdd 261eea958b6b4e82bce831926e31dfdd] 10.0.0.72 "DELETE /resource_providers/37e5b526-06cb-4fef-b886-c85d5b99869c" status: 404 len: 246 microversion: 1.1 [pid: 7|app: 0|req: 381/760] 10.0.0.72 () {34 vars in 814 bytes} [Thu Apr 23 09:02:56 2026] DELETE /resource_providers/37e5b526-06cb-4fef-b886-c85d5b99869c => generated 246 bytes in 10 msecs (HTTP/1.1 404) 6 headers in 231 bytes (1 switches on core 0)
2026-04-23 09:02:56.709 8 INFO placement.requestlog [None req-9b8452ce-4681-4e97-9bfe-e7f1f037db93 4882c34d71c14830a10d146abada69ed a3a25c9c6ab144a6834757eec90d3e79 - - 261eea958b6b4e82bce831926e31dfdd 261eea958b6b4e82bce831926e31dfdd] 10.0.0.72 "DELETE /resource_providers/37e5b526-06cb-4fef-b886-c85d5b99869c" status: 404 len: 246 microversion: 1.1 [pid: 8|app: 0|req: 380/761] 10.0.0.72 () {34 vars in 814 bytes} [Thu Apr 23 09:02:56 2026] DELETE /resource_providers/37e5b526-06cb-4fef-b886-c85d5b99869c => generated 246 bytes in 10 msecs (HTTP/1.1 404) 6 headers in 231 bytes (1 switches on core 0)
2026-04-23 09:02:58.647 7 INFO placement.requestlog [None req-5b7e21a3-6362-4317-a8f8-26427489cb27 4882c34d71c14830a10d146abada69ed a3a25c9c6ab144a6834757eec90d3e79 - - 261eea958b6b4e82bce831926e31dfdd 261eea958b6b4e82bce831926e31dfdd] 10.0.0.72 "GET /resource_providers/39a93643-f1dd-4bd2-a2ec-ad11440b5b4f/aggregates" status: 404 len: 235 microversion: 1.1 [pid: 7|app: 0|req: 382/762] 10.0.0.72 () {32 vars in 814 bytes} [Thu Apr 23 09:02:58 2026] GET /resource_providers/39a93643-f1dd-4bd2-a2ec-ad11440b5b4f/aggregates => generated 235 bytes in 9 msecs (HTTP/1.1 404) 5 headers in 202 bytes (1 switches on core 0)
2026-04-23 09:02:58.653 8 INFO placement.requestlog [None req-bd1acf4b-b3fd-444a-848c-6203a37f31d2 4882c34d71c14830a10d146abada69ed a3a25c9c6ab144a6834757eec90d3e79 - - 261eea958b6b4e82bce831926e31dfdd 261eea958b6b4e82bce831926e31dfdd] 10.0.0.72 "GET /resource_providers/39a93643-f1dd-4bd2-a2ec-ad11440b5b4f/aggregates" status: 404 len: 235 microversion: 1.1 [pid: 8|app: 0|req: 381/763] 10.0.0.72 () {32 vars in 814 bytes} [Thu Apr 23 09:02:58 2026] GET /resource_providers/39a93643-f1dd-4bd2-a2ec-ad11440b5b4f/aggregates => generated 235 bytes in 10 msecs (HTTP/1.1 404) 5 headers in 202 bytes (1 switches on core 0)
2026-04-23 09:02:58.680 7 INFO placement.requestlog [None req-c750b5d5-7210-44f0-af4f-41eb5cb55fbd 4882c34d71c14830a10d146abada69ed a3a25c9c6ab144a6834757eec90d3e79 - - 261eea958b6b4e82bce831926e31dfdd 261eea958b6b4e82bce831926e31dfdd] 10.0.0.72 "DELETE /resource_providers/39a93643-f1dd-4bd2-a2ec-ad11440b5b4f" status: 404 len: 246 microversion: 1.1 [pid: 7|app: 0|req: 383/764] 10.0.0.72 () {34 vars in 814 bytes} [Thu Apr 23 09:02:58 2026] DELETE /resource_providers/39a93643-f1dd-4bd2-a2ec-ad11440b5b4f => generated 246 bytes in 9 msecs (HTTP/1.1 404) 6 headers in 231 bytes (1 switches on core 0)
2026-04-23 09:02:58.684 8 INFO placement.requestlog [None req-373bf03a-9457-4f94-a1b4-695f0818fb57 4882c34d71c14830a10d146abada69ed a3a25c9c6ab144a6834757eec90d3e79 - - 261eea958b6b4e82bce831926e31dfdd 261eea958b6b4e82bce831926e31dfdd] 10.0.0.72 "DELETE /resource_providers/39a93643-f1dd-4bd2-a2ec-ad11440b5b4f" status: 404 len: 246 microversion: 1.1 [pid: 8|app: 0|req: 382/765] 10.0.0.72 () {34 vars in 814 bytes} [Thu Apr 23 09:02:58 2026] DELETE /resource_providers/39a93643-f1dd-4bd2-a2ec-ad11440b5b4f => generated 246 bytes in 10 msecs (HTTP/1.1 404) 6 headers in 231 bytes (1 switches on core 0)
2026-04-23 09:03:00.699 7 INFO placement.requestlog [None req-2097c175-56bc-4bbf-ba9b-1b461b138cb5 4882c34d71c14830a10d146abada69ed a3a25c9c6ab144a6834757eec90d3e79 - - 261eea958b6b4e82bce831926e31dfdd 261eea958b6b4e82bce831926e31dfdd] 10.0.0.72 "GET /resource_providers/c97e3606-3cb9-4d2d-8bc2-8cea9367e053/aggregates" status: 404 len: 235 microversion: 1.1 [pid: 7|app: 0|req: 384/766] 10.0.0.72 () {32 vars in 814 bytes} [Thu Apr 23 09:03:00 2026] GET /resource_providers/c97e3606-3cb9-4d2d-8bc2-8cea9367e053/aggregates => generated 235 bytes in 10 msecs (HTTP/1.1 404) 5 headers in 202 bytes (1 switches on core 0)
2026-04-23 09:03:00.705 8 INFO placement.requestlog [None req-8198e46f-9ac2-4fc9-8ccb-8cf5b6e8a45a 4882c34d71c14830a10d146abada69ed a3a25c9c6ab144a6834757eec90d3e79 - - 261eea958b6b4e82bce831926e31dfdd 261eea958b6b4e82bce831926e31dfdd] 10.0.0.72 "GET /resource_providers/c97e3606-3cb9-4d2d-8bc2-8cea9367e053/aggregates" status: 404 len: 235 microversion: 1.1 [pid: 8|app: 0|req: 383/767] 10.0.0.72 () {32 vars in 814 bytes} [Thu Apr 23 09:03:00 2026] GET /resource_providers/c97e3606-3cb9-4d2d-8bc2-8cea9367e053/aggregates => generated 235 bytes in 12 msecs (HTTP/1.1 404) 5 headers in 202 bytes (1 switches on core 0)
2026-04-23 09:03:00.721 7 INFO placement.requestlog [None req-a46acef8-453b-4ecc-ac2b-4473d98ea785 4882c34d71c14830a10d146abada69ed a3a25c9c6ab144a6834757eec90d3e79 - - 261eea958b6b4e82bce831926e31dfdd 261eea958b6b4e82bce831926e31dfdd] 10.0.0.72 "DELETE /resource_providers/c97e3606-3cb9-4d2d-8bc2-8cea9367e053" status: 404 len: 246 microversion: 1.1 [pid: 7|app: 0|req: 385/768] 10.0.0.72 () {34 vars in 814 bytes} [Thu Apr 23 09:03:00 2026] DELETE /resource_providers/c97e3606-3cb9-4d2d-8bc2-8cea9367e053 => generated 246 bytes in 11 msecs (HTTP/1.1 404) 6 headers in 231 bytes (1 switches on core 0)
2026-04-23 09:03:00.726 8 INFO placement.requestlog [None req-332088c5-c4c3-4fb3-89c9-43e2c910c0b9 4882c34d71c14830a10d146abada69ed a3a25c9c6ab144a6834757eec90d3e79 - - 261eea958b6b4e82bce831926e31dfdd 261eea958b6b4e82bce831926e31dfdd] 10.0.0.72 "DELETE /resource_providers/c97e3606-3cb9-4d2d-8bc2-8cea9367e053" status: 404 len: 246 microversion: 1.1 [pid: 8|app: 0|req: 384/769] 10.0.0.72 () {34 vars in 814 bytes} [Thu Apr 23 09:03:00 2026] DELETE /resource_providers/c97e3606-3cb9-4d2d-8bc2-8cea9367e053 => generated 246 bytes in 10 msecs (HTTP/1.1 404) 6 headers in 231 bytes (1 switches on core 0)
2026-04-23 09:03:01.455 8 INFO placement.requestlog [None req-d2002808-3654-46fc-86f9-d355b053abde 4882c34d71c14830a10d146abada69ed a3a25c9c6ab144a6834757eec90d3e79 - - 261eea958b6b4e82bce831926e31dfdd 261eea958b6b4e82bce831926e31dfdd] 10.0.0.72 "GET /resource_providers/dea161ba-b175-443e-a81a-f2e57e411672/aggregates" status: 404 len: 235 microversion: 1.1 [pid: 8|app: 0|req: 385/770] 10.0.0.72 () {32 vars in 814 bytes} [Thu Apr 23 09:03:01 2026] GET /resource_providers/dea161ba-b175-443e-a81a-f2e57e411672/aggregates => generated 235 bytes in 10 msecs (HTTP/1.1 404) 5 headers in 202 bytes (1 switches on core 0)
2026-04-23 09:03:01.460 7 INFO placement.requestlog [None req-ca3063de-d048-42fa-8606-c6df6b724b39 4882c34d71c14830a10d146abada69ed a3a25c9c6ab144a6834757eec90d3e79 - - 261eea958b6b4e82bce831926e31dfdd 261eea958b6b4e82bce831926e31dfdd] 10.0.0.72 "GET /resource_providers/dea161ba-b175-443e-a81a-f2e57e411672/aggregates" status: 404 len: 235 microversion: 1.1 [pid: 7|app: 0|req: 386/771] 10.0.0.72 () {32 vars in 814 bytes} [Thu Apr 23 09:03:01 2026] GET /resource_providers/dea161ba-b175-443e-a81a-f2e57e411672/aggregates => generated 235 bytes in 15 msecs (HTTP/1.1 404) 5 headers in 202 bytes (1 switches on core 0)
2026-04-23 09:03:01.477 7 INFO placement.requestlog [None req-d27707aa-e834-45cc-ba7a-312f8ed1c0f7 4882c34d71c14830a10d146abada69ed a3a25c9c6ab144a6834757eec90d3e79 - - 261eea958b6b4e82bce831926e31dfdd 261eea958b6b4e82bce831926e31dfdd] 10.0.0.72 "DELETE /resource_providers/dea161ba-b175-443e-a81a-f2e57e411672" status: 404 len: 246 microversion: 1.1
2026-04-23 09:03:01.477 8 INFO placement.requestlog [None req-9c9eb56b-3d60-40ae-ad18-1ce04407767e 4882c34d71c14830a10d146abada69ed a3a25c9c6ab144a6834757eec90d3e79 - - 261eea958b6b4e82bce831926e31dfdd 261eea958b6b4e82bce831926e31dfdd] 10.0.0.72 "DELETE /resource_providers/dea161ba-b175-443e-a81a-f2e57e411672" status: 404 len: 246 microversion: 1.1 [pid: 7|app: 0|req: 387/773] 10.0.0.72 () {34 vars in 814 bytes} [Thu Apr 23 09:03:01 2026] DELETE /resource_providers/dea161ba-b175-443e-a81a-f2e57e411672 => generated 246 bytes in 9 msecs (HTTP/1.1 404) 6 headers in 231 bytes (1 switches on core 0) [pid: 8|app: 0|req: 386/773] 10.0.0.72 () {34 vars in 814 bytes} [Thu Apr 23 09:03:01 2026] DELETE /resource_providers/dea161ba-b175-443e-a81a-f2e57e411672 => generated 246 bytes in 9 msecs (HTTP/1.1 404) 6 headers in 231 bytes (1 switches on core 0)
2026-04-23 09:03:02.830 7 INFO placement.requestlog [None req-0b200b2d-1021-4892-823c-90418b589b64 4882c34d71c14830a10d146abada69ed a3a25c9c6ab144a6834757eec90d3e79 - - 261eea958b6b4e82bce831926e31dfdd 261eea958b6b4e82bce831926e31dfdd] 10.0.0.72 "GET /resource_providers/af046c3b-0989-46da-89d3-fe07ed25fd37/aggregates" status: 404 len: 235 microversion: 1.1 [pid: 7|app: 0|req: 388/774] 10.0.0.72 () {32 vars in 814 bytes} [Thu Apr 23 09:03:02 2026] GET /resource_providers/af046c3b-0989-46da-89d3-fe07ed25fd37/aggregates => generated 235 bytes in 13 msecs (HTTP/1.1 404) 5 headers in 202 bytes (1 switches on core 0)
2026-04-23 09:03:02.834 8 INFO placement.requestlog [None req-7d7583a6-c1c1-4309-9507-a7869ac02ad4 4882c34d71c14830a10d146abada69ed a3a25c9c6ab144a6834757eec90d3e79 - - 261eea958b6b4e82bce831926e31dfdd 261eea958b6b4e82bce831926e31dfdd] 10.0.0.72 "GET /resource_providers/af046c3b-0989-46da-89d3-fe07ed25fd37/aggregates" status: 404 len: 235 microversion: 1.1 [pid: 8|app: 0|req: 387/775] 10.0.0.72 () {32 vars in 814 bytes} [Thu Apr 23 09:03:02 2026] GET /resource_providers/af046c3b-0989-46da-89d3-fe07ed25fd37/aggregates => generated 235 bytes in 17 msecs (HTTP/1.1 404) 5 headers in 202 bytes (1 switches on core 0)
2026-04-23 09:03:02.869 7 INFO placement.requestlog [None req-ae847d99-38c2-47e4-b1b4-34012585415a 4882c34d71c14830a10d146abada69ed a3a25c9c6ab144a6834757eec90d3e79 - - 261eea958b6b4e82bce831926e31dfdd 261eea958b6b4e82bce831926e31dfdd] 10.0.0.72 "DELETE /resource_providers/af046c3b-0989-46da-89d3-fe07ed25fd37" status: 404 len: 246 microversion: 1.1 [pid: 7|app: 0|req: 389/776] 10.0.0.72 () {34 vars in 814 bytes} [Thu Apr 23 09:03:02 2026] DELETE /resource_providers/af046c3b-0989-46da-89d3-fe07ed25fd37 => generated 246 bytes in 13 msecs (HTTP/1.1 404) 6 headers in 231 bytes (1 switches on core 0)
2026-04-23 09:03:02.870 8 INFO placement.requestlog [None req-8598936e-9204-4421-b931-69672ad00d5a 4882c34d71c14830a10d146abada69ed a3a25c9c6ab144a6834757eec90d3e79 - - 261eea958b6b4e82bce831926e31dfdd 261eea958b6b4e82bce831926e31dfdd] 10.0.0.72 "DELETE /resource_providers/af046c3b-0989-46da-89d3-fe07ed25fd37" status: 404 len: 246 microversion: 1.1 [pid: 8|app: 0|req: 388/777] 10.0.0.72 () {34 vars in 814 bytes} [Thu Apr 23 09:03:02 2026] DELETE /resource_providers/af046c3b-0989-46da-89d3-fe07ed25fd37 => generated 246 bytes in 15 msecs (HTTP/1.1 404) 6 headers in 231 bytes (1 switches on core 0)
2026-04-23 09:03:03.685 7 INFO placement.requestlog [None req-c855a399-7b66-409d-887b-8e94d6496038 - - - - - -] 10.0.0.78 "GET /" status: 200 len: 136 microversion: 1.0
2026-04-23 09:03:03.685 8 INFO placement.requestlog [None req-4db2d97a-1af6-4d4f-9b24-2332aca9c5c7 - - - - - -] 10.0.0.78 "GET /" status: 200 len: 136 microversion: 1.0
2026-04-23 09:03:13.685 8 INFO placement.requestlog [None req-02f74c94-eaaa-4f5b-99c8-011c3c0c87ed - - - - - -] 10.0.0.78 "GET /" status: 200 len: 136 microversion: 1.0
2026-04-23 09:03:13.687 7 INFO placement.requestlog [None req-2fa36bc6-e29f-4360-a619-74f902d3d5d3 - - - - - -] 10.0.0.78 "GET /" status: 200 len: 136 microversion: 1.0
2026-04-23 09:03:16.945 8 INFO placement.requestlog [req-fb5033e9-622c-43e9-96ef-6a5396354a07 req-c4e450b1-a9c9-48ef-b6fe-8412b027ce19 f85d8031fcfb4f26b935ebe791dc3b78 a3a25c9c6ab144a6834757eec90d3e79 - - 261eea958b6b4e82bce831926e31dfdd 261eea958b6b4e82bce831926e31dfdd] 10.0.0.243 "GET /allocation_candidates?limit=1000&resources=MEMORY_MB%3A512%2CVCPU%3A1&root_required=%21COMPUTE_STATUS_DISABLED" status: 200 len: 2135 microversion: 1.36 [pid: 8|app: 0|req: 391/782] 10.0.0.243 () {34 vars in 983 bytes} [Thu Apr 23 09:03:16 2026] GET /allocation_candidates?limit=1000&resources=MEMORY_MB%3A512%2CVCPU%3A1&root_required=%21COMPUTE_STATUS_DISABLED => generated 2135 bytes in 46 msecs (HTTP/1.1 200) 8 headers in 297 bytes (1 switches on core 0)
2026-04-23 09:03:16.977 7 INFO placement.requestlog [req-fb5033e9-622c-43e9-96ef-6a5396354a07 req-1361bba6-d931-45c0-95ff-650e20ec179a f85d8031fcfb4f26b935ebe791dc3b78 a3a25c9c6ab144a6834757eec90d3e79 - - 261eea958b6b4e82bce831926e31dfdd 261eea958b6b4e82bce831926e31dfdd] 10.0.0.243 "GET /allocations/a48b13ea-5093-46de-a157-81bb22dd3c24" status: 200 len: 19 microversion: 1.28 [pid: 7|app: 0|req: 392/783] 10.0.0.243 () {34 vars in 860 bytes} [Thu Apr 23 09:03:16 2026] GET /allocations/a48b13ea-5093-46de-a157-81bb22dd3c24 => generated 19 bytes in 14 msecs (HTTP/1.1 200) 8 headers in 295 bytes (1 switches on core 0)
2026-04-23 09:03:17.071 8 INFO placement.requestlog [req-fb5033e9-622c-43e9-96ef-6a5396354a07 req-1674150c-8f55-4faf-b6ae-d6185a171225 f85d8031fcfb4f26b935ebe791dc3b78 a3a25c9c6ab144a6834757eec90d3e79 - - 261eea958b6b4e82bce831926e31dfdd 261eea958b6b4e82bce831926e31dfdd] 10.0.0.243 "PUT /allocations/a48b13ea-5093-46de-a157-81bb22dd3c24" status: 204 len: 0 microversion: 1.36 [pid: 8|app: 0|req: 392/784] 10.0.0.243 () {38 vars in 913 bytes} [Thu Apr 23 09:03:16 2026] PUT /allocations/a48b13ea-5093-46de-a157-81bb22dd3c24 => generated 0 bytes in 83 msecs (HTTP/1.1 204) 5 headers in 199 bytes (1 switches on core 0)
2026-04-23 09:03:17.342 7 INFO placement.requestlog [req-fb5033e9-622c-43e9-96ef-6a5396354a07 req-8e84fb8d-7fad-4bf3-a392-c1c90a02d58e f85d8031fcfb4f26b935ebe791dc3b78 a3a25c9c6ab144a6834757eec90d3e79 - - 261eea958b6b4e82bce831926e31dfdd 261eea958b6b4e82bce831926e31dfdd] 199.204.45.72 "GET /allocations/a48b13ea-5093-46de-a157-81bb22dd3c24" status: 200 len: 243 microversion: 1.28 [pid: 7|app: 0|req: 393/785] 199.204.45.72 () {34 vars in 861 bytes} [Thu Apr 23 09:03:17 2026] GET /allocations/a48b13ea-5093-46de-a157-81bb22dd3c24 => generated 243 bytes in 16 msecs (HTTP/1.1 200) 8 headers in 296 bytes (1 switches on core 0)
2026-04-23 09:03:17.448 8 INFO placement.requestlog [req-fb5033e9-622c-43e9-96ef-6a5396354a07 req-17e53376-4e86-4e64-9771-5f5c82e31d91 f85d8031fcfb4f26b935ebe791dc3b78 a3a25c9c6ab144a6834757eec90d3e79 - - 261eea958b6b4e82bce831926e31dfdd 261eea958b6b4e82bce831926e31dfdd] 199.204.45.72 "GET /resource_providers/3a0050d9-a6d8-4ba1-a255-490e8ef66abf/allocations" status: 200 len: 238 microversion: 1.0 [pid: 8|app: 0|req: 393/786] 199.204.45.72 () {32 vars in 855 bytes} [Thu Apr 23 09:03:17 2026] GET /resource_providers/3a0050d9-a6d8-4ba1-a255-490e8ef66abf/allocations => generated 238 bytes in 18 msecs (HTTP/1.1 200) 6 headers in 224 bytes (1 switches on core 0)
2026-04-23 09:03:17.466 8 INFO placement.requestlog [None req-ee5826ec-9e47-4228-86ea-040d0a744386 4882c34d71c14830a10d146abada69ed a3a25c9c6ab144a6834757eec90d3e79 - - 261eea958b6b4e82bce831926e31dfdd 261eea958b6b4e82bce831926e31dfdd] 10.0.0.72 "GET /resource_providers/63dcaeab-838b-4db4-b235-8d117aa8696e/aggregates" status: 404 len: 235 microversion: 1.1 [pid: 8|app: 0|req: 394/787] 10.0.0.72 () {32 vars in 814 bytes} [Thu Apr 23 09:03:17 2026] GET /resource_providers/63dcaeab-838b-4db4-b235-8d117aa8696e/aggregates => generated 235 bytes in 10 msecs (HTTP/1.1 404) 5 headers in 202 bytes (1 switches on core 0)
2026-04-23 09:03:17.469 7 INFO placement.requestlog [None req-0b42065e-1525-448b-8732-66a4bbd62370 4882c34d71c14830a10d146abada69ed a3a25c9c6ab144a6834757eec90d3e79 - - 261eea958b6b4e82bce831926e31dfdd 261eea958b6b4e82bce831926e31dfdd] 10.0.0.72 "GET /resource_providers/63dcaeab-838b-4db4-b235-8d117aa8696e/aggregates" status: 404 len: 235 microversion: 1.1 [pid: 7|app: 0|req: 394/788] 10.0.0.72 () {32 vars in 814 bytes} [Thu Apr 23 09:03:17 2026] GET /resource_providers/63dcaeab-838b-4db4-b235-8d117aa8696e/aggregates => generated 235 bytes in 13 msecs (HTTP/1.1 404) 5 headers in 202 bytes (1 switches on core 0)
2026-04-23 09:03:17.477 8 INFO placement.requestlog [req-fb5033e9-622c-43e9-96ef-6a5396354a07 req-ad7b1002-b306-4941-ba48-5ac1422e65e0 f85d8031fcfb4f26b935ebe791dc3b78 a3a25c9c6ab144a6834757eec90d3e79 - - 261eea958b6b4e82bce831926e31dfdd 261eea958b6b4e82bce831926e31dfdd] 199.204.45.72 "GET /allocations/a48b13ea-5093-46de-a157-81bb22dd3c24" status: 200 len: 243 microversion: 1.28 [pid: 8|app: 0|req: 395/789] 199.204.45.72 () {34 vars in 861 bytes} [Thu Apr 23 09:03:17 2026] GET /allocations/a48b13ea-5093-46de-a157-81bb22dd3c24 => generated 243 bytes in 11 msecs (HTTP/1.1 200) 8 headers in 296 bytes (1 switches on core 0)
2026-04-23 09:03:17.494 8 INFO placement.requestlog [None req-f6639bc3-504f-4933-a3b7-de92efe2fda5 4882c34d71c14830a10d146abada69ed a3a25c9c6ab144a6834757eec90d3e79 - - 261eea958b6b4e82bce831926e31dfdd 261eea958b6b4e82bce831926e31dfdd] 10.0.0.72 "DELETE /resource_providers/63dcaeab-838b-4db4-b235-8d117aa8696e" status: 404 len: 246 microversion: 1.1 [pid: 8|app: 0|req: 396/790] 10.0.0.72 () {34 vars in 814 bytes} [Thu Apr 23 09:03:17 2026] DELETE /resource_providers/63dcaeab-838b-4db4-b235-8d117aa8696e => generated 246 bytes in 9 msecs (HTTP/1.1 404) 6 headers in 231 bytes (1 switches on core 0)
2026-04-23 09:03:17.496 7 INFO placement.requestlog [None req-345da08b-8ff7-4730-b13c-063b383eca49 4882c34d71c14830a10d146abada69ed a3a25c9c6ab144a6834757eec90d3e79 - - 261eea958b6b4e82bce831926e31dfdd 261eea958b6b4e82bce831926e31dfdd] 10.0.0.72 "DELETE /resource_providers/63dcaeab-838b-4db4-b235-8d117aa8696e" status: 404 len: 246 microversion: 1.1 [pid: 7|app: 0|req: 395/791] 10.0.0.72 () {34 vars in 814 bytes} [Thu Apr 23 09:03:17 2026] DELETE /resource_providers/63dcaeab-838b-4db4-b235-8d117aa8696e => generated 246 bytes in 10 msecs (HTTP/1.1 404) 6 headers in 231 bytes (1 switches on core 0)
2026-04-23 09:03:17.508 8 INFO placement.requestlog [req-fb5033e9-622c-43e9-96ef-6a5396354a07 req-89dea17b-248f-48e6-997d-8de8e04b9109 f85d8031fcfb4f26b935ebe791dc3b78 a3a25c9c6ab144a6834757eec90d3e79 - - 261eea958b6b4e82bce831926e31dfdd 261eea958b6b4e82bce831926e31dfdd] 199.204.45.72 "GET /allocations/81deb245-b910-496d-9872-a41d0f37adb5" status: 200 len: 257 microversion: 1.28 [pid: 8|app: 0|req: 397/792] 199.204.45.72 () {34 vars in 861 bytes} [Thu Apr 23 09:03:17 2026] GET /allocations/81deb245-b910-496d-9872-a41d0f37adb5 => generated 257 bytes in 13 msecs (HTTP/1.1 200) 8 headers in 296 bytes (1 switches on core 0)
2026-04-23 09:03:18.273 7 INFO placement.requestlog [None req-4f80786a-c85e-4df7-8748-530dc39651b5 4882c34d71c14830a10d146abada69ed a3a25c9c6ab144a6834757eec90d3e79 - - 261eea958b6b4e82bce831926e31dfdd 261eea958b6b4e82bce831926e31dfdd] 10.0.0.72 "GET /resource_providers/56deca1e-5e52-4b8e-88f1-34b34f808539/aggregates" status: 404 len: 235 microversion: 1.1 [pid: 7|app: 0|req: 396/793] 10.0.0.72 () {32 vars in 814 bytes} [Thu Apr 23 09:03:18 2026] GET /resource_providers/56deca1e-5e52-4b8e-88f1-34b34f808539/aggregates => generated 235 bytes in 12 msecs (HTTP/1.1 404) 5 headers in 202 bytes (1 switches on core 0)
2026-04-23 09:03:18.278 8 INFO placement.requestlog [None req-fec8b9d8-5b84-4f0e-b9db-8b9a09574797 4882c34d71c14830a10d146abada69ed a3a25c9c6ab144a6834757eec90d3e79 - - 261eea958b6b4e82bce831926e31dfdd 261eea958b6b4e82bce831926e31dfdd] 10.0.0.72 "GET /resource_providers/56deca1e-5e52-4b8e-88f1-34b34f808539/aggregates" status: 404 len: 235 microversion: 1.1 [pid: 8|app: 0|req: 398/794] 10.0.0.72 () {32 vars in 814 bytes} [Thu Apr 23 09:03:18 2026] GET /resource_providers/56deca1e-5e52-4b8e-88f1-34b34f808539/aggregates => generated 235 bytes in 16 msecs (HTTP/1.1 404) 5 headers in 202 bytes (1 switches on core 0)
2026-04-23 09:03:18.302 8 INFO placement.requestlog [None req-46d51c41-e418-4cab-8512-9936a8484a57 4882c34d71c14830a10d146abada69ed a3a25c9c6ab144a6834757eec90d3e79 - - 261eea958b6b4e82bce831926e31dfdd 261eea958b6b4e82bce831926e31dfdd] 10.0.0.72 "DELETE /resource_providers/56deca1e-5e52-4b8e-88f1-34b34f808539" status: 404 len: 246 microversion: 1.1 [pid: 8|app: 0|req: 399/795] 10.0.0.72 () {34 vars in 814 bytes} [Thu Apr 23 09:03:18 2026] DELETE /resource_providers/56deca1e-5e52-4b8e-88f1-34b34f808539 => generated 246 bytes in 14 msecs (HTTP/1.1 404) 6 headers in 231 bytes (1 switches on core 0)
2026-04-23 09:03:18.303 7 INFO placement.requestlog [None req-6690e260-7a94-47cb-aca5-809e6df84f3c 4882c34d71c14830a10d146abada69ed a3a25c9c6ab144a6834757eec90d3e79 - - 261eea958b6b4e82bce831926e31dfdd 261eea958b6b4e82bce831926e31dfdd] 10.0.0.72 "DELETE /resource_providers/56deca1e-5e52-4b8e-88f1-34b34f808539" status: 404 len: 246 microversion: 1.1 [pid: 7|app: 0|req: 397/796] 10.0.0.72 () {34 vars in 814 bytes} [Thu Apr 23 09:03:18 2026] DELETE /resource_providers/56deca1e-5e52-4b8e-88f1-34b34f808539 => generated 246 bytes in 15 msecs (HTTP/1.1 404) 6 headers in 231 bytes (1 switches on core 0)
2026-04-23 09:03:19.515 8 INFO placement.requestlog [None req-bfd97573-5207-4cc1-8d49-7f369abd3fda 4882c34d71c14830a10d146abada69ed a3a25c9c6ab144a6834757eec90d3e79 - - 261eea958b6b4e82bce831926e31dfdd 261eea958b6b4e82bce831926e31dfdd] 10.0.0.72 "GET /resource_providers/90e7cf84-3e8d-47b8-9d34-c246ca4410c0/aggregates" status: 404 len: 235 microversion: 1.1 [pid: 8|app: 0|req: 400/797] 10.0.0.72 () {32 vars in 814 bytes} [Thu Apr 23 09:03:19 2026] GET /resource_providers/90e7cf84-3e8d-47b8-9d34-c246ca4410c0/aggregates => generated 235 bytes in 12 msecs (HTTP/1.1 404) 5 headers in 202 bytes (1 switches on core 0)
2026-04-23 09:03:19.519 7 INFO placement.requestlog [None req-9cd9a9a2-ea8d-4120-8b9a-196607f4bf65 4882c34d71c14830a10d146abada69ed a3a25c9c6ab144a6834757eec90d3e79 - - 261eea958b6b4e82bce831926e31dfdd 261eea958b6b4e82bce831926e31dfdd] 10.0.0.72 "GET /resource_providers/90e7cf84-3e8d-47b8-9d34-c246ca4410c0/aggregates" status: 404 len: 235 microversion: 1.1 [pid: 7|app: 0|req: 398/798] 10.0.0.72 () {32 vars in 814 bytes} [Thu Apr 23 09:03:19 2026] GET /resource_providers/90e7cf84-3e8d-47b8-9d34-c246ca4410c0/aggregates => generated 235 bytes in 12 msecs (HTTP/1.1 404) 5 headers in 202 bytes (1 switches on core 0)
2026-04-23 09:03:19.541 8 INFO placement.requestlog [None req-13e7c41d-990c-46c0-83fe-857ff5185304 4882c34d71c14830a10d146abada69ed a3a25c9c6ab144a6834757eec90d3e79 - - 261eea958b6b4e82bce831926e31dfdd 261eea958b6b4e82bce831926e31dfdd] 10.0.0.72 "DELETE /resource_providers/90e7cf84-3e8d-47b8-9d34-c246ca4410c0" status: 404 len: 246 microversion: 1.1 [pid: 8|app: 0|req: 401/799] 10.0.0.72 () {34 vars in 814 bytes} [Thu Apr 23 09:03:19 2026] DELETE /resource_providers/90e7cf84-3e8d-47b8-9d34-c246ca4410c0 => generated 246 bytes in 12 msecs (HTTP/1.1 404) 6 headers in 231 bytes (1 switches on core 0)
2026-04-23 09:03:19.542 7 INFO placement.requestlog [None req-104da405-b70e-4fb3-a91b-6b0a741b0633 4882c34d71c14830a10d146abada69ed a3a25c9c6ab144a6834757eec90d3e79 - - 261eea958b6b4e82bce831926e31dfdd 261eea958b6b4e82bce831926e31dfdd] 10.0.0.72 "DELETE /resource_providers/90e7cf84-3e8d-47b8-9d34-c246ca4410c0" status: 404 len: 246 microversion: 1.1 [pid: 7|app: 0|req: 399/800] 10.0.0.72 () {34 vars in 814 bytes} [Thu Apr 23 09:03:19 2026] DELETE /resource_providers/90e7cf84-3e8d-47b8-9d34-c246ca4410c0 => generated 246 bytes in 11 msecs (HTTP/1.1 404) 6 headers in 231 bytes (1 switches on core 0)
