2026-04-23 08:56:32.217 7 INFO placement.requestlog [req-6a2debea-a96e-4909-9ab8-8ae031a98aa5 req-8c70f6af-126b-47f8-85ec-17d7e2e1f66a f85d8031fcfb4f26b935ebe791dc3b78 a3a25c9c6ab144a6834757eec90d3e79 - - 261eea958b6b4e82bce831926e31dfdd 261eea958b6b4e82bce831926e31dfdd] 199.204.45.72 "GET /resource_providers/3a0050d9-a6d8-4ba1-a255-490e8ef66abf/allocations" status: 200 len: 54 microversion: 1.0 [pid: 7|app: 0|req: 292/584] 199.204.45.72 () {32 vars in 855 bytes} [Thu Apr 23 08:56:32 2026] GET /resource_providers/3a0050d9-a6d8-4ba1-a255-490e8ef66abf/allocations => generated 54 bytes in 20 msecs (HTTP/1.1 200) 6 headers in 223 bytes (1 switches on core 0)
2026-04-23 08:56:32.244 8 INFO placement.requestlog [req-6a2debea-a96e-4909-9ab8-8ae031a98aa5 req-201b8783-16e6-41ca-9702-5bdb60d9eaa4 f85d8031fcfb4f26b935ebe791dc3b78 a3a25c9c6ab144a6834757eec90d3e79 - - 261eea958b6b4e82bce831926e31dfdd 261eea958b6b4e82bce831926e31dfdd] 199.204.45.72 "GET /resource_providers/3a0050d9-a6d8-4ba1-a255-490e8ef66abf/allocations" status: 200 len: 54 microversion: 1.0 [pid: 8|app: 0|req: 293/585] 199.204.45.72 () {32 vars in 855 bytes} [Thu Apr 23 08:56:32 2026] GET /resource_providers/3a0050d9-a6d8-4ba1-a255-490e8ef66abf/allocations => generated 54 bytes in 17 msecs (HTTP/1.1 200) 6 headers in 223 bytes (1 switches on core 0)
2026-04-23 08:56:33.688 7 INFO placement.requestlog [None req-bcb3cee2-7bcd-4258-afa6-5038561f7e6b - - - - - -] 10.0.0.78 "GET /" status: 200 len: 136 microversion: 1.0
2026-04-23 08:56:33.688 8 INFO placement.requestlog [None req-c416148a-d973-4f03-9f8b-120007397d49 - - - - - -] 10.0.0.78 "GET /" status: 200 len: 136 microversion: 1.0
2026-04-23 08:56:43.685 7 INFO placement.requestlog [None req-e8fe91e2-14c8-44ea-acb4-735aba429e75 - - - - - -] 10.0.0.78 "GET /" status: 200 len: 136 microversion: 1.0
2026-04-23 08:56:43.685 8 INFO placement.requestlog [None req-114a89d5-97ec-4a08-92d4-9a6b5ad95a91 - - - - - -] 10.0.0.78 "GET /" status: 200 len: 136 microversion: 1.0
2026-04-23 08:56:53.685 8 INFO placement.requestlog [None req-806a86e8-0863-486d-aa0b-c9c9f9eaf4fe - - - - - -] 10.0.0.78 "GET /" status: 200 len: 136 microversion: 1.0
2026-04-23 08:56:53.685 7 INFO placement.requestlog [None req-cd6bf662-6253-4c54-b4a6-05405b1806a4 - - - - - -] 10.0.0.78 "GET /" status: 200 len: 136 microversion: 1.0
2026-04-23 08:57:03.684 8 INFO placement.requestlog [None req-a4ff73cb-eae0-4b9d-a03a-1c831a954934 - - - - - -] 10.0.0.78 "GET /" status: 200 len: 136 microversion: 1.0
2026-04-23 08:57:03.685 7 INFO placement.requestlog [None req-d7f08f8b-f286-499b-9238-069f63283548 - - - - - -] 10.0.0.78 "GET /" status: 200 len: 136 microversion: 1.0
2026-04-23 08:57:13.685 8 INFO placement.requestlog [None req-d80dde78-4a73-4ab2-bc4f-eff74daf026c - - - - - -] 10.0.0.78 "GET /" status: 200 len: 136 microversion: 1.0
2026-04-23 08:57:13.685 7 INFO placement.requestlog [None req-15039bc9-fb80-4133-9136-ac84196b2f99 - - - - - -] 10.0.0.78 "GET /" status: 200 len: 136 microversion: 1.0
2026-04-23 08:57:23.685 8 INFO placement.requestlog [None req-e7803e54-a9f0-4d67-a02e-3e7dd0f7f38b - - - - - -] 10.0.0.78 "GET /" status: 200 len: 136 microversion: 1.0
2026-04-23 08:57:23.685 7 INFO placement.requestlog [None req-b1c27765-746a-4330-89db-5d572f98a1f9 - - - - - -] 10.0.0.78 "GET /" status: 200 len: 136 microversion: 1.0
2026-04-23 08:57:33.684 8 INFO placement.requestlog [None req-ffb4148d-6b6f-498c-8596-ce74ba6b10c2 - - - - - -] 10.0.0.78 "GET /" status: 200 len: 136 microversion: 1.0
2026-04-23 08:57:33.685 7 INFO placement.requestlog [None req-2fcb9206-e0c5-49e6-8986-a67738fa285d - - - - - -] 10.0.0.78 "GET /" status: 200 len: 136 microversion: 1.0
2026-04-23 08:57:33.986 8 INFO placement.requestlog [req-48cee2ea-dd41-4e18-9be7-36ffd4be99d1 req-b5bddca2-23f3-4102-8399-3192ea38299b f85d8031fcfb4f26b935ebe791dc3b78 a3a25c9c6ab144a6834757eec90d3e79 - - 261eea958b6b4e82bce831926e31dfdd 261eea958b6b4e82bce831926e31dfdd] 199.204.45.72 "GET /resource_providers/3a0050d9-a6d8-4ba1-a255-490e8ef66abf/allocations" status: 200 len: 54 microversion: 1.0 [pid: 8|app: 0|req: 301/600] 199.204.45.72 () {32 vars in 855 bytes} [Thu Apr 23 08:57:33 2026] GET /resource_providers/3a0050d9-a6d8-4ba1-a255-490e8ef66abf/allocations => generated 54 bytes in 15 msecs (HTTP/1.1 200) 6 headers in 223 bytes (1 switches on core 0)
2026-04-23 08:57:34.016 7 INFO placement.requestlog [req-48cee2ea-dd41-4e18-9be7-36ffd4be99d1 req-ec650b7b-1e2d-4d61-bb55-687a3af4dbba f85d8031fcfb4f26b935ebe791dc3b78 a3a25c9c6ab144a6834757eec90d3e79 - - 261eea958b6b4e82bce831926e31dfdd 261eea958b6b4e82bce831926e31dfdd] 199.204.45.72 "GET /resource_providers/3a0050d9-a6d8-4ba1-a255-490e8ef66abf/allocations" status: 200 len: 54 microversion: 1.0 [pid: 7|app: 0|req: 300/601] 199.204.45.72 () {32 vars in 855 bytes} [Thu Apr 23 08:57:33 2026] GET /resource_providers/3a0050d9-a6d8-4ba1-a255-490e8ef66abf/allocations => generated 54 bytes in 20 msecs (HTTP/1.1 200) 6 headers in 223 bytes (1 switches on core 0)
2026-04-23 08:57:43.685 7 INFO placement.requestlog [None req-53cb7810-6035-4b73-80b5-43994f3afc22 - - - - - -] 10.0.0.78 "GET /" status: 200 len: 136 microversion: 1.0
2026-04-23 08:57:43.685 8 INFO placement.requestlog [None req-389888e9-1811-438e-8103-6e1a49a7e92b - - - - - -] 10.0.0.78 "GET /" status: 200 len: 136 microversion: 1.0
2026-04-23 08:57:53.685 8 INFO placement.requestlog [None req-0b783234-12d6-4afe-9e62-301b786d4877 - - - - - -] 10.0.0.78 "GET /" status: 200 len: 136 microversion: 1.0
2026-04-23 08:57:53.685 7 INFO placement.requestlog [None req-4017b996-080a-4956-b5f4-cc3823ae79a3 - - - - - -] 10.0.0.78 "GET /" status: 200 len: 136 microversion: 1.0
2026-04-23 08:58:03.688 8 INFO placement.requestlog [None req-e741f9d6-4889-4c1f-98cc-18ff33f35c4f - - - - - -] 10.0.0.78 "GET /" status: 200 len: 136 microversion: 1.0
2026-04-23 08:58:03.688 7 INFO placement.requestlog [None req-9527b0a4-9751-43b9-90ee-963cd4babd45 - - - - - -] 10.0.0.78 "GET /" status: 200 len: 136 microversion: 1.0
2026-04-23 08:58:13.685 7 INFO placement.requestlog [None req-d2220ea2-dfc2-49ed-b519-f9f012f296ca - - - - - -] 10.0.0.78 "GET /" status: 200 len: 136 microversion: 1.0
2026-04-23 08:58:13.685 8 INFO placement.requestlog [None req-cb675b56-78c2-44d5-bb9b-52d1c72168a8 - - - - - -] 10.0.0.78 "GET /" status: 200 len: 136 microversion: 1.0
2026-04-23 08:58:23.685 8 INFO placement.requestlog [None req-2fb90c4a-5de1-43e7-a4e7-e0a30220ba4e - - - - - -] 10.0.0.78 "GET /" status: 200 len: 136 microversion: 1.0
2026-04-23 08:58:23.685 7 INFO placement.requestlog [None req-32d219fc-13a0-4f8f-8b3c-0e0c9fcb76cb - - - - - -] 10.0.0.78 "GET /" status: 200 len: 136 microversion: 1.0
2026-04-23 08:58:33.684 7 INFO placement.requestlog [None req-4ca9b3b1-a6f6-4ac5-b062-5e2b5db5d7ac - - - - - -] 10.0.0.78 "GET /" status: 200 len: 136 microversion: 1.0
2026-04-23 08:58:33.685 8 INFO placement.requestlog [None req-16e77a00-fcd7-4ad0-bc7f-a6981d9b0b4b - - - - - -] 10.0.0.78 "GET /" status: 200 len: 136 microversion: 1.0
2026-04-23 08:58:34.933 7 INFO placement.requestlog [req-7b851470-eb82-499b-84c2-4f1229c16261 req-06b8f8ba-84b7-4057-ab3d-3d4ef7e16140 f85d8031fcfb4f26b935ebe791dc3b78 a3a25c9c6ab144a6834757eec90d3e79 - - 261eea958b6b4e82bce831926e31dfdd 261eea958b6b4e82bce831926e31dfdd] 199.204.45.72 "GET /resource_providers/3a0050d9-a6d8-4ba1-a255-490e8ef66abf/allocations" status: 200 len: 54 microversion: 1.0 [pid: 7|app: 0|req: 307/614] 199.204.45.72 () {32 vars in 855 bytes} [Thu Apr 23 08:58:34 2026] GET /resource_providers/3a0050d9-a6d8-4ba1-a255-490e8ef66abf/allocations => generated 54 bytes in 20 msecs (HTTP/1.1 200) 6 headers in 223 bytes (1 switches on core 0)
2026-04-23 08:58:34.959 8 INFO placement.requestlog [req-7b851470-eb82-499b-84c2-4f1229c16261 req-9b230dac-7a71-4e8e-b557-f7fa42ad7f2f f85d8031fcfb4f26b935ebe791dc3b78 a3a25c9c6ab144a6834757eec90d3e79 - - 261eea958b6b4e82bce831926e31dfdd 261eea958b6b4e82bce831926e31dfdd] 199.204.45.72 "GET /resource_providers/3a0050d9-a6d8-4ba1-a255-490e8ef66abf/allocations" status: 200 len: 54 microversion: 1.0 [pid: 8|app: 0|req: 308/615] 199.204.45.72 () {32 vars in 855 bytes} [Thu Apr 23 08:58:34 2026] GET /resource_providers/3a0050d9-a6d8-4ba1-a255-490e8ef66abf/allocations => generated 54 bytes in 16 msecs (HTTP/1.1 200) 6 headers in 223 bytes (1 switches on core 0)
2026-04-23 08:58:43.685 7 INFO placement.requestlog [None req-d7918ae2-9e9e-409f-997b-71c112b4b8b3 - - - - - -] 10.0.0.78 "GET /" status: 200 len: 136 microversion: 1.0
2026-04-23 08:58:43.686 8 INFO placement.requestlog [None req-54ac002c-5336-4de2-a57b-695c0de3de82 - - - - - -] 10.0.0.78 "GET /" status: 200 len: 136 microversion: 1.0
2026-04-23 08:58:53.685 7 INFO placement.requestlog [None req-77e74a6c-1d6d-46c4-8346-a2a1402b0518 - - - - - -] 10.0.0.78 "GET /" status: 200 len: 136 microversion: 1.0
2026-04-23 08:58:53.685 8 INFO placement.requestlog [None req-c70c3c23-545c-48c9-b263-7c481988d270 - - - - - -] 10.0.0.78 "GET /" status: 200 len: 136 microversion: 1.0
2026-04-23 08:59:03.685 7 INFO placement.requestlog [None req-e0d5e4ec-d5c0-4eb9-a0ae-2d2a3eedef25 - - - - - -] 10.0.0.78 "GET /" status: 200 len: 136 microversion: 1.0
2026-04-23 08:59:03.685 8 INFO placement.requestlog [None req-566d1182-aba8-46c5-b9c2-c8ce64951e4a - - - - - -] 10.0.0.78 "GET /" status: 200 len: 136 microversion: 1.0
2026-04-23 08:59:13.685 7 INFO placement.requestlog [None req-41ae88ef-d252-4308-b56b-edb53a6366c1 - - - - - -] 10.0.0.78 "GET /" status: 200 len: 136 microversion: 1.0
2026-04-23 08:59:13.685 8 INFO placement.requestlog [None req-d34f2acb-7ba5-49e1-864f-f16b592b4da1 - - - - - -] 10.0.0.78 "GET /" status: 200 len: 136 microversion: 1.0
2026-04-23 08:59:23.685 7 INFO placement.requestlog [None req-7322f60b-07b9-4c7e-8c52-28f391a986b8 - - - - - -] 10.0.0.78 "GET /" status: 200 len: 136 microversion: 1.0
2026-04-23 08:59:23.686 8 INFO placement.requestlog [None req-29ef4e70-c706-4fdb-b1b0-526ed50a9152 - - - - - -] 10.0.0.78 "GET /" status: 200 len: 136 microversion: 1.0
2026-04-23 08:59:33.685 8 INFO placement.requestlog [None req-50b1c7a0-a864-4991-89e0-7f35cfdf616b - - - - - -] 10.0.0.78 "GET /" status: 200 len: 136 microversion: 1.0
2026-04-23 08:59:33.685 7 INFO placement.requestlog [None req-87ae1c68-ddee-45e8-8a5c-e56b8cda3fa4 - - - - - -] 10.0.0.78 "GET /" status: 200 len: 136 microversion: 1.0
2026-04-23 08:59:35.048 8 INFO placement.requestlog [req-183296c9-89fb-4d5e-a0f8-3e190fad7b95 req-a171f949-3d80-437d-b8cc-6d3e36859fdd f85d8031fcfb4f26b935ebe791dc3b78 a3a25c9c6ab144a6834757eec90d3e79 - - 261eea958b6b4e82bce831926e31dfdd 261eea958b6b4e82bce831926e31dfdd] 199.204.45.72 "GET /resource_providers/3a0050d9-a6d8-4ba1-a255-490e8ef66abf/allocations" status: 200 len: 54 microversion: 1.0 [pid: 8|app: 0|req: 315/628] 199.204.45.72 () {32 vars in 855 bytes} [Thu Apr 23 08:59:35 2026] GET /resource_providers/3a0050d9-a6d8-4ba1-a255-490e8ef66abf/allocations => generated 54 bytes in 24 msecs (HTTP/1.1 200) 6 headers in 223 bytes (1 switches on core 0)
2026-04-23 08:59:35.071 7 INFO placement.requestlog [req-183296c9-89fb-4d5e-a0f8-3e190fad7b95 req-b65b39a8-e52a-4ccf-ad7a-a3b164a1ca69 f85d8031fcfb4f26b935ebe791dc3b78 a3a25c9c6ab144a6834757eec90d3e79 - - 261eea958b6b4e82bce831926e31dfdd 261eea958b6b4e82bce831926e31dfdd] 199.204.45.72 "GET /resource_providers/3a0050d9-a6d8-4ba1-a255-490e8ef66abf/allocations" status: 200 len: 54 microversion: 1.0 [pid: 7|app: 0|req: 314/629] 199.204.45.72 () {32 vars in 855 bytes} [Thu Apr 23 08:59:35 2026] GET /resource_providers/3a0050d9-a6d8-4ba1-a255-490e8ef66abf/allocations => generated 54 bytes in 15 msecs (HTTP/1.1 200) 6 headers in 223 bytes (1 switches on core 0)
2026-04-23 08:59:43.685 7 INFO placement.requestlog [None req-14337318-2591-4d5d-9664-4bfefdf283e8 - - - - - -] 10.0.0.78 "GET /" status: 200 len: 136 microversion: 1.0
2026-04-23 08:59:43.686 8 INFO placement.requestlog [None req-f8d14d35-7ba4-4ee7-8660-38e45148bb81 - - - - - -] 10.0.0.78 "GET /" status: 200 len: 136 microversion: 1.0
2026-04-23 08:59:53.684 7 INFO placement.requestlog [None req-f462f9dd-5fd1-49ee-83d7-cdba684f391b - - - - - -] 10.0.0.78 "GET /" status: 200 len: 136 microversion: 1.0
2026-04-23 08:59:53.685 8 INFO placement.requestlog [None req-ee1f81fb-4bc2-4744-b39b-a35b40e7362e - - - - - -] 10.0.0.78 "GET /" status: 200 len: 136 microversion: 1.0
2026-04-23 09:00:03.685 8 INFO placement.requestlog [None req-2b74dc48-75c7-4664-ae36-5a13c7b4c98f - - - - - -] 10.0.0.78 "GET /" status: 200 len: 136 microversion: 1.0
2026-04-23 09:00:03.686 7 INFO placement.requestlog [None req-e2c7d101-8d1f-4597-b92f-2c9db5b1c2c2 - - - - - -] 10.0.0.78 "GET /" status: 200 len: 136 microversion: 1.0
2026-04-23 09:00:13.685 8 INFO placement.requestlog [None req-4f6e8f14-d741-47c8-bfa5-9b98e62c6be7 - - - - - -] 10.0.0.78 "GET /" status: 200 len: 136 microversion: 1.0
2026-04-23 09:00:13.685 7 INFO placement.requestlog [None req-e10b8d40-418e-4272-b68d-6033a39e2928 - - - - - -] 10.0.0.78 "GET /" status: 200 len: 136 microversion: 1.0
2026-04-23 09:00:23.685 8 INFO placement.requestlog [None req-a79c43e5-814a-414c-ae4f-c7c8df3a6750 - - - - - -] 10.0.0.78 "GET /" status: 200 len: 136 microversion: 1.0
2026-04-23 09:00:23.685 7 INFO placement.requestlog [None req-767ab058-6c37-4026-b10b-ea1f29b33209 - - - - - -] 10.0.0.78 "GET /" status: 200 len: 136 microversion: 1.0
2026-04-23 09:00:33.685 8 INFO placement.requestlog [None req-635e37ca-aee1-4713-8e23-ebdd38efcc4a - - - - - -] 10.0.0.78 "GET /" status: 200 len: 136 microversion: 1.0
2026-04-23 09:00:33.685 7 INFO placement.requestlog [None req-1f86d085-cd6e-40f1-a94d-ef471eb2edd2 - - - - - -] 10.0.0.78 "GET /" status: 200 len: 136 microversion: 1.0
2026-04-23 09:00:37.103 8 INFO placement.requestlog [req-0df732af-10d8-408f-968f-f832a53bff85 req-40d6f054-21aa-4119-b499-060eea6b22a4 f85d8031fcfb4f26b935ebe791dc3b78 a3a25c9c6ab144a6834757eec90d3e79 - - 261eea958b6b4e82bce831926e31dfdd 261eea958b6b4e82bce831926e31dfdd] 199.204.45.72 "GET /resource_providers/3a0050d9-a6d8-4ba1-a255-490e8ef66abf/allocations" status: 200 len: 54 microversion: 1.0 [pid: 8|app: 0|req: 322/642] 199.204.45.72 () {32 vars in 855 bytes} [Thu Apr 23 09:00:37 2026] GET /resource_providers/3a0050d9-a6d8-4ba1-a255-490e8ef66abf/allocations => generated 54 bytes in 103 msecs (HTTP/1.1 200) 6 headers in 223 bytes (1 switches on core 0)
2026-04-23 09:00:37.132 7 INFO placement.requestlog [req-0df732af-10d8-408f-968f-f832a53bff85 req-9adbae29-5132-4448-8a5f-699815ea6ea0 f85d8031fcfb4f26b935ebe791dc3b78 a3a25c9c6ab144a6834757eec90d3e79 - - 261eea958b6b4e82bce831926e31dfdd 261eea958b6b4e82bce831926e31dfdd] 199.204.45.72 "GET /resource_providers?in_tree=3a0050d9-a6d8-4ba1-a255-490e8ef66abf" status: 200 len: 797 microversion: 1.14 [pid: 7|app: 0|req: 321/643] 199.204.45.72 () {34 vars in 890 bytes} [Thu Apr 23 09:00:37 2026] GET /resource_providers?in_tree=3a0050d9-a6d8-4ba1-a255-490e8ef66abf => generated 797 bytes in 21 msecs (HTTP/1.1 200) 6 headers in 225 bytes (1 switches on core 0)
2026-04-23 09:00:37.154 8 INFO placement.requestlog [req-0df732af-10d8-408f-968f-f832a53bff85 req-63a9455b-c9fd-4b0d-bc19-146e504018ea f85d8031fcfb4f26b935ebe791dc3b78 a3a25c9c6ab144a6834757eec90d3e79 - - 261eea958b6b4e82bce831926e31dfdd 261eea958b6b4e82bce831926e31dfdd] 199.204.45.72 "GET /resource_providers/3a0050d9-a6d8-4ba1-a255-490e8ef66abf/inventories" status: 200 len: 400 microversion: 1.0 [pid: 8|app: 0|req: 323/644] 199.204.45.72 () {32 vars in 855 bytes} [Thu Apr 23 09:00:37 2026] GET /resource_providers/3a0050d9-a6d8-4ba1-a255-490e8ef66abf/inventories => generated 400 bytes in 14 msecs (HTTP/1.1 200) 6 headers in 224 bytes (1 switches on core 0)
2026-04-23 09:00:37.178 7 INFO placement.requestlog [req-0df732af-10d8-408f-968f-f832a53bff85 req-3121bbee-7a0d-4907-be01-33ed71f4e74c f85d8031fcfb4f26b935ebe791dc3b78 a3a25c9c6ab144a6834757eec90d3e79 - - 261eea958b6b4e82bce831926e31dfdd 261eea958b6b4e82bce831926e31dfdd] 199.204.45.72 "GET /resource_providers/3a0050d9-a6d8-4ba1-a255-490e8ef66abf/aggregates" status: 200 len: 53 microversion: 1.19 [pid: 7|app: 0|req: 322/645] 199.204.45.72 () {34 vars in 897 bytes} [Thu Apr 23 09:00:37 2026] GET /resource_providers/3a0050d9-a6d8-4ba1-a255-490e8ef66abf/aggregates => generated 53 bytes in 15 msecs (HTTP/1.1 200) 8 headers in 295 bytes (1 switches on core 0)
2026-04-23 09:00:37.208 8 INFO placement.requestlog [req-0df732af-10d8-408f-968f-f832a53bff85 req-3ff74396-d6f0-41d5-92b8-1c8b43734cb9 f85d8031fcfb4f26b935ebe791dc3b78 a3a25c9c6ab144a6834757eec90d3e79 - - 261eea958b6b4e82bce831926e31dfdd 261eea958b6b4e82bce831926e31dfdd] 199.204.45.72 "GET /resource_providers/3a0050d9-a6d8-4ba1-a255-490e8ef66abf/traits" status: 200 len: 1682 microversion: 1.6 [pid: 8|app: 0|req: 324/646] 199.204.45.72 () {34 vars in 888 bytes} [Thu Apr 23 09:00:37 2026] GET /resource_providers/3a0050d9-a6d8-4ba1-a255-490e8ef66abf/traits => generated 1682 bytes in 21 msecs (HTTP/1.1 200) 6 headers in 225 bytes (1 switches on core 0)
2026-04-23 09:00:37.231 7 INFO placement.requestlog [req-0df732af-10d8-408f-968f-f832a53bff85 req-f4591ecc-573d-4baa-985e-968efdc91df9 f85d8031fcfb4f26b935ebe791dc3b78 a3a25c9c6ab144a6834757eec90d3e79 - - 261eea958b6b4e82bce831926e31dfdd 261eea958b6b4e82bce831926e31dfdd] 199.204.45.72 "GET /resource_providers/3a0050d9-a6d8-4ba1-a255-490e8ef66abf/allocations" status: 200 len: 54 microversion: 1.0 [pid: 7|app: 0|req: 323/647] 199.204.45.72 () {32 vars in 855 bytes} [Thu Apr 23 09:00:37 2026] GET /resource_providers/3a0050d9-a6d8-4ba1-a255-490e8ef66abf/allocations => generated 54 bytes in 17 msecs (HTTP/1.1 200) 6 headers in 223 bytes (1 switches on core 0)
2026-04-23 09:00:43.685 8 INFO placement.requestlog [None req-ada05036-cbd2-427a-80fa-c0468a532e85 - - - - - -] 10.0.0.78 "GET /" status: 200 len: 136 microversion: 1.0
2026-04-23 09:00:43.685 7 INFO placement.requestlog [None req-49925d46-9799-4f83-a013-9ea279854e24 - - - - - -] 10.0.0.78 "GET /" status: 200 len: 136 microversion: 1.0
2026-04-23 09:00:53.685 7 INFO placement.requestlog [None req-fb4e8959-db84-498e-b524-e8974b010ab0 - - - - - -] 10.0.0.78 "GET /" status: 200 len: 136 microversion: 1.0
2026-04-23 09:00:53.685 8 INFO placement.requestlog [None req-fa727d38-560c-4d9b-b2e1-c7d4a2eb961f - - - - - -] 10.0.0.78 "GET /" status: 200 len: 136 microversion: 1.0
2026-04-23 09:01:03.685 7 INFO placement.requestlog [None req-b5dd7609-fed1-416e-aeff-5f67bc493ba8 - - - - - -] 10.0.0.78 "GET /" status: 200 len: 136 microversion: 1.0
2026-04-23 09:01:03.685 8 INFO placement.requestlog [None req-341b72ca-1a04-4a33-8a9d-8b20d394449b - - - - - -] 10.0.0.78 "GET /" status: 200 len: 136 microversion: 1.0
2026-04-23 09:01:13.685 7 INFO placement.requestlog [None req-e4963292-2463-4de8-869c-002e6f6977c0 - - - - - -] 10.0.0.78 "GET /" status: 200 len: 136 microversion: 1.0
2026-04-23 09:01:13.685 8 INFO placement.requestlog [None req-c69cca09-140c-4b23-86b3-b812dba5b6cb - - - - - -] 10.0.0.78 "GET /" status: 200 len: 136 microversion: 1.0
2026-04-23 09:01:23.686 7 INFO placement.requestlog [None req-e8e11417-ffa1-42a0-9405-27f01d522982 - - - - - -] 10.0.0.78 "GET /" status: 200 len: 136 microversion: 1.0
2026-04-23 09:01:23.687 8 INFO placement.requestlog [None req-57e6014d-2712-4cb7-894f-971e987db63b - - - - - -] 10.0.0.78 "GET /" status: 200 len: 136 microversion: 1.0
2026-04-23 09:01:33.685 8 INFO placement.requestlog [None req-32e1a220-3aeb-4e7a-81fa-2d95bafc6c2f - - - - - -] 10.0.0.78 "GET /" status: 200 len: 136 microversion: 1.0
2026-04-23 09:01:33.685 7 INFO placement.requestlog [None req-69138763-4f9c-4eb3-8eb7-a19400c4956d - - - - - -] 10.0.0.78 "GET /" status: 200 len: 136 microversion: 1.0
2026-04-23 09:01:39.014 8 INFO placement.requestlog [req-ab0f69e7-b4e0-467a-8ed0-fb108c176f77 req-85991c48-a5b2-4f0f-bb6c-ea35ee0e2e5d f85d8031fcfb4f26b935ebe791dc3b78 a3a25c9c6ab144a6834757eec90d3e79 - - 261eea958b6b4e82bce831926e31dfdd 261eea958b6b4e82bce831926e31dfdd] 199.204.45.72 "GET /resource_providers/3a0050d9-a6d8-4ba1-a255-490e8ef66abf/allocations" status: 200 len: 54 microversion: 1.0 [pid: 8|app: 0|req: 331/660] 199.204.45.72 () {32 vars in 855 bytes} [Thu Apr 23 09:01:38 2026] GET /resource_providers/3a0050d9-a6d8-4ba1-a255-490e8ef66abf/allocations => generated 54 bytes in 25 msecs (HTTP/1.1 200) 6 headers in 223 bytes (1 switches on core 0)
2026-04-23 09:01:39.042 7 INFO placement.requestlog [req-ab0f69e7-b4e0-467a-8ed0-fb108c176f77 req-9f092e38-4d7e-43fe-9987-c70e8d9a3b71 f85d8031fcfb4f26b935ebe791dc3b78 a3a25c9c6ab144a6834757eec90d3e79 - - 261eea958b6b4e82bce831926e31dfdd 261eea958b6b4e82bce831926e31dfdd] 199.204.45.72 "GET /resource_providers/3a0050d9-a6d8-4ba1-a255-490e8ef66abf/allocations" status: 200 len: 54 microversion: 1.0 [pid: 7|app: 0|req: 330/661] 199.204.45.72 () {32 vars in 855 bytes} [Thu Apr 23 09:01:39 2026] GET /resource_providers/3a0050d9-a6d8-4ba1-a255-490e8ef66abf/allocations => generated 54 bytes in 18 msecs (HTTP/1.1 200) 6 headers in 223 bytes (1 switches on core 0)
2026-04-23 09:01:43.685 7 INFO placement.requestlog [None req-a5219f36-d4d2-4040-8d0f-69d116869088 - - - - - -] 10.0.0.78 "GET /" status: 200 len: 136 microversion: 1.0
2026-04-23 09:01:43.685 8 INFO placement.requestlog [None req-96f2cfca-d334-4a28-b4a4-f9ab50c74397 - - - - - -] 10.0.0.78 "GET /" status: 200 len: 136 microversion: 1.0
2026-04-23 09:01:53.685 7 INFO placement.requestlog [None req-44f202fb-5e09-4676-b79b-64d69428cd7c - - - - - -] 10.0.0.78 "GET /" status: 200 len: 136 microversion: 1.0
2026-04-23 09:01:53.686 8 INFO placement.requestlog [None req-6a942c1b-a3b8-4fa6-bf54-5cd7e21215a1 - - - - - -] 10.0.0.78 "GET /" status: 200 len: 136 microversion: 1.0
2026-04-23 09:02:03.684 7 INFO placement.requestlog [None req-013d7a52-22ad-4c0f-b153-10f246aebfa4 - - - - - -] 10.0.0.78 "GET /" status: 200 len: 136 microversion: 1.0
2026-04-23 09:02:03.685 8 INFO placement.requestlog [None req-1684fa4b-f04c-4956-a648-3c8a602afd40 - - - - - -] 10.0.0.78 "GET /" status: 200 len: 136 microversion: 1.0
2026-04-23 09:02:11.958 8 INFO placement.requestlog [req-10b16681-be3c-4685-ae5d-5bae1d5b5346 req-c71ec0b2-4868-4a4c-9fb3-27ee5f71c8ce f85d8031fcfb4f26b935ebe791dc3b78 a3a25c9c6ab144a6834757eec90d3e79 - - 261eea958b6b4e82bce831926e31dfdd 261eea958b6b4e82bce831926e31dfdd] 10.0.0.243 "GET /allocation_candidates?limit=1000&resources=DISK_GB%3A1%2CMEMORY_MB%3A512%2CVCPU%3A1&root_required=%21COMPUTE_STATUS_DISABLED" status: 200 len: 2147 microversion: 1.36 [pid: 8|app: 0|req: 335/668] 10.0.0.243 () {34 vars in 1011 bytes} [Thu Apr 23 09:02:11 2026] GET /allocation_candidates?limit=1000&resources=DISK_GB%3A1%2CMEMORY_MB%3A512%2CVCPU%3A1&root_required=%21COMPUTE_STATUS_DISABLED => generated 2147 bytes in 193 msecs (HTTP/1.1 200) 8 headers in 297 bytes (1 switches on core 0)
2026-04-23 09:02:12.007 7 INFO placement.requestlog [req-10b16681-be3c-4685-ae5d-5bae1d5b5346 req-f5f498c2-b51d-4604-a989-c7f29b1b6bb6 f85d8031fcfb4f26b935ebe791dc3b78 a3a25c9c6ab144a6834757eec90d3e79 - - 261eea958b6b4e82bce831926e31dfdd 261eea958b6b4e82bce831926e31dfdd] 10.0.0.243 "GET /allocations/d6214ca1-b605-43d7-99a0-31845b01238d" status: 200 len: 19 microversion: 1.28 [pid: 7|app: 0|req: 334/669] 10.0.0.243 () {34 vars in 860 bytes} [Thu Apr 23 09:02:11 2026] GET /allocations/d6214ca1-b605-43d7-99a0-31845b01238d => generated 19 bytes in 16 msecs (HTTP/1.1 200) 8 headers in 295 bytes (1 switches on core 0)
2026-04-23 09:02:12.129 8 INFO placement.requestlog [req-10b16681-be3c-4685-ae5d-5bae1d5b5346 req-ad0b4d30-16af-431e-91ac-17882b2ac5ff f85d8031fcfb4f26b935ebe791dc3b78 a3a25c9c6ab144a6834757eec90d3e79 - - 261eea958b6b4e82bce831926e31dfdd 261eea958b6b4e82bce831926e31dfdd] 10.0.0.243 "PUT /allocations/d6214ca1-b605-43d7-99a0-31845b01238d" status: 204 len: 0 microversion: 1.36 [pid: 8|app: 0|req: 336/670] 10.0.0.243 () {38 vars in 913 bytes} [Thu Apr 23 09:02:12 2026] PUT /allocations/d6214ca1-b605-43d7-99a0-31845b01238d => generated 0 bytes in 110 msecs (HTTP/1.1 204) 5 headers in 199 bytes (1 switches on core 0)
2026-04-23 09:02:12.421 7 INFO placement.requestlog [req-8db998a0-fbfc-425f-be60-71049211e8ad req-86fec0cd-6e32-4940-b563-ecb20be85466 f85d8031fcfb4f26b935ebe791dc3b78 a3a25c9c6ab144a6834757eec90d3e79 - - 261eea958b6b4e82bce831926e31dfdd 261eea958b6b4e82bce831926e31dfdd] 10.0.0.243 "GET /allocation_candidates?limit=1000&resources=DISK_GB%3A1%2CMEMORY_MB%3A512%2CVCPU%3A1&root_required=%21COMPUTE_STATUS_DISABLED" status: 200 len: 2149 microversion: 1.36 [pid: 7|app: 0|req: 335/671] 10.0.0.243 () {34 vars in 1011 bytes} [Thu Apr 23 09:02:12 2026] GET /allocation_candidates?limit=1000&resources=DISK_GB%3A1%2CMEMORY_MB%3A512%2CVCPU%3A1&root_required=%21COMPUTE_STATUS_DISABLED => generated 2149 bytes in 90 msecs (HTTP/1.1 200) 8 headers in 297 bytes (1 switches on core 0)
2026-04-23 09:02:12.473 8 INFO placement.requestlog [req-8db998a0-fbfc-425f-be60-71049211e8ad req-3c48c601-2653-452e-b02e-c9ae6ce51998 f85d8031fcfb4f26b935ebe791dc3b78 a3a25c9c6ab144a6834757eec90d3e79 - - 261eea958b6b4e82bce831926e31dfdd 261eea958b6b4e82bce831926e31dfdd] 10.0.0.243 "GET /allocations/8dc5c75e-9a98-4d96-a719-b07108d7a3c8" status: 200 len: 19 microversion: 1.28 [pid: 8|app: 0|req: 337/672] 10.0.0.243 () {34 vars in 860 bytes} [Thu Apr 23 09:02:12 2026] GET /allocations/8dc5c75e-9a98-4d96-a719-b07108d7a3c8 => generated 19 bytes in 17 msecs (HTTP/1.1 200) 8 headers in 295 bytes (1 switches on core 0)
2026-04-23 09:02:12.631 7 INFO placement.requestlog [req-8db998a0-fbfc-425f-be60-71049211e8ad req-a2af6557-853f-4a64-8063-59b08d48d720 f85d8031fcfb4f26b935ebe791dc3b78 a3a25c9c6ab144a6834757eec90d3e79 - - 261eea958b6b4e82bce831926e31dfdd 261eea958b6b4e82bce831926e31dfdd] 10.0.0.243 "PUT /allocations/8dc5c75e-9a98-4d96-a719-b07108d7a3c8" status: 204 len: 0 microversion: 1.36 [pid: 7|app: 0|req: 336/673] 10.0.0.243 () {38 vars in 913 bytes} [Thu Apr 23 09:02:12 2026] PUT /allocations/8dc5c75e-9a98-4d96-a719-b07108d7a3c8 => generated 0 bytes in 148 msecs (HTTP/1.1 204) 5 headers in 199 bytes (1 switches on core 0)
2026-04-23 09:02:12.719 8 INFO placement.requestlog [req-10b16681-be3c-4685-ae5d-5bae1d5b5346 req-9fc37d4b-19cb-47c6-8c2e-a6f9d9ae05f3 f85d8031fcfb4f26b935ebe791dc3b78 a3a25c9c6ab144a6834757eec90d3e79 - - 261eea958b6b4e82bce831926e31dfdd 261eea958b6b4e82bce831926e31dfdd] 199.204.45.72 "GET /allocations/d6214ca1-b605-43d7-99a0-31845b01238d" status: 200 len: 257 microversion: 1.28 [pid: 8|app: 0|req: 338/674] 199.204.45.72 () {34 vars in 861 bytes} [Thu Apr 23 09:02:12 2026] GET /allocations/d6214ca1-b605-43d7-99a0-31845b01238d => generated 257 bytes in 16 msecs (HTTP/1.1 200) 8 headers in 296 bytes (1 switches on core 0)
2026-04-23 09:02:12.890 7 INFO placement.requestlog [req-10b16681-be3c-4685-ae5d-5bae1d5b5346 req-196bdf54-0916-4a47-b8a3-1d64fdb2099a f85d8031fcfb4f26b935ebe791dc3b78 a3a25c9c6ab144a6834757eec90d3e79 - - 261eea958b6b4e82bce831926e31dfdd 261eea958b6b4e82bce831926e31dfdd] 199.204.45.72 "GET /resource_providers/3a0050d9-a6d8-4ba1-a255-490e8ef66abf/allocations" status: 200 len: 252 microversion: 1.0 [pid: 7|app: 0|req: 337/675] 199.204.45.72 () {32 vars in 855 bytes} [Thu Apr 23 09:02:12 2026] GET /resource_providers/3a0050d9-a6d8-4ba1-a255-490e8ef66abf/allocations => generated 252 bytes in 34 msecs (HTTP/1.1 200) 6 headers in 224 bytes (1 switches on core 0)
2026-04-23 09:02:12.920 8 INFO placement.requestlog [req-10b16681-be3c-4685-ae5d-5bae1d5b5346 req-979f68c8-642b-47ac-8854-60fe0cd83ad2 f85d8031fcfb4f26b935ebe791dc3b78 a3a25c9c6ab144a6834757eec90d3e79 - - 261eea958b6b4e82bce831926e31dfdd 261eea958b6b4e82bce831926e31dfdd] 199.204.45.72 "GET /allocations/8dc5c75e-9a98-4d96-a719-b07108d7a3c8" status: 200 len: 257 microversion: 1.28 [pid: 8|app: 0|req: 339/676] 199.204.45.72 () {34 vars in 861 bytes} [Thu Apr 23 09:02:12 2026] GET /allocations/8dc5c75e-9a98-4d96-a719-b07108d7a3c8 => generated 257 bytes in 21 msecs (HTTP/1.1 200) 8 headers in 296 bytes (1 switches on core 0)
2026-04-23 09:02:12.950 7 INFO placement.requestlog [req-10b16681-be3c-4685-ae5d-5bae1d5b5346 req-68b79121-02b9-48de-affb-6959db29cf7e f85d8031fcfb4f26b935ebe791dc3b78 a3a25c9c6ab144a6834757eec90d3e79 - - 261eea958b6b4e82bce831926e31dfdd 261eea958b6b4e82bce831926e31dfdd] 199.204.45.72 "GET /allocations/d6214ca1-b605-43d7-99a0-31845b01238d" status: 200 len: 257 microversion: 1.28 [pid: 7|app: 0|req: 338/677] 199.204.45.72 () {34 vars in 861 bytes} [Thu Apr 23 09:02:12 2026] GET /allocations/d6214ca1-b605-43d7-99a0-31845b01238d => generated 257 bytes in 23 msecs (HTTP/1.1 200) 8 headers in 296 bytes (1 switches on core 0)
2026-04-23 09:02:13.148 8 INFO placement.requestlog [req-8db998a0-fbfc-425f-be60-71049211e8ad req-f114e3d2-572d-4165-a2b4-8132a854c728 f85d8031fcfb4f26b935ebe791dc3b78 a3a25c9c6ab144a6834757eec90d3e79 - - 261eea958b6b4e82bce831926e31dfdd 261eea958b6b4e82bce831926e31dfdd] 199.204.45.72 "GET /allocations/8dc5c75e-9a98-4d96-a719-b07108d7a3c8" status: 200 len: 257 microversion: 1.28 [pid: 8|app: 0|req: 340/678] 199.204.45.72 () {34 vars in 861 bytes} [Thu Apr 23 09:02:13 2026] GET /allocations/8dc5c75e-9a98-4d96-a719-b07108d7a3c8 => generated 257 bytes in 26 msecs (HTTP/1.1 200) 8 headers in 296 bytes (1 switches on core 0)
2026-04-23 09:02:13.259 7 INFO placement.requestlog [req-8db998a0-fbfc-425f-be60-71049211e8ad req-f67f901f-bebe-47cf-94d6-98af9d1499ee f85d8031fcfb4f26b935ebe791dc3b78 a3a25c9c6ab144a6834757eec90d3e79 - - 261eea958b6b4e82bce831926e31dfdd 261eea958b6b4e82bce831926e31dfdd] 199.204.45.72 "GET /resource_providers/3a0050d9-a6d8-4ba1-a255-490e8ef66abf/allocations" status: 200 len: 252 microversion: 1.0 [pid: 7|app: 0|req: 339/679] 199.204.45.72 () {32 vars in 855 bytes} [Thu Apr 23 09:02:13 2026] GET /resource_providers/3a0050d9-a6d8-4ba1-a255-490e8ef66abf/allocations => generated 252 bytes in 12 msecs (HTTP/1.1 200) 6 headers in 224 bytes (1 switches on core 0)
2026-04-23 09:02:13.297 8 INFO placement.requestlog [req-8db998a0-fbfc-425f-be60-71049211e8ad req-c84dfffc-027c-4c29-bb8d-c65f0fdbe455 f85d8031fcfb4f26b935ebe791dc3b78 a3a25c9c6ab144a6834757eec90d3e79 - - 261eea958b6b4e82bce831926e31dfdd 261eea958b6b4e82bce831926e31dfdd] 199.204.45.72 "GET /allocations/8dc5c75e-9a98-4d96-a719-b07108d7a3c8" status: 200 len: 257 microversion: 1.28 [pid: 8|app: 0|req: 341/680] 199.204.45.72 () {34 vars in 861 bytes} [Thu Apr 23 09:02:13 2026] GET /allocations/8dc5c75e-9a98-4d96-a719-b07108d7a3c8 => generated 257 bytes in 29 msecs (HTTP/1.1 200) 8 headers in 296 bytes (1 switches on core 0)
2026-04-23 09:02:13.322 7 INFO placement.requestlog [req-8db998a0-fbfc-425f-be60-71049211e8ad req-8853faba-0264-4b03-976a-502645183b13 f85d8031fcfb4f26b935ebe791dc3b78 a3a25c9c6ab144a6834757eec90d3e79 - - 261eea958b6b4e82bce831926e31dfdd 261eea958b6b4e82bce831926e31dfdd] 199.204.45.72 "GET /allocations/d6214ca1-b605-43d7-99a0-31845b01238d" status: 200 len: 257 microversion: 1.28 [pid: 7|app: 0|req: 340/681] 199.204.45.72 () {34 vars in 861 bytes} [Thu Apr 23 09:02:13 2026] GET /allocations/d6214ca1-b605-43d7-99a0-31845b01238d => generated 257 bytes in 19 msecs (HTTP/1.1 200) 8 headers in 296 bytes (1 switches on core 0)
2026-04-23 09:02:13.684 7 INFO placement.requestlog [None req-0f1b171c-a02d-403d-a7b4-34613a5f0b35 - - - - - -] 10.0.0.78 "GET /" status: 200 len: 136 microversion: 1.0
2026-04-23 09:02:13.685 8 INFO placement.requestlog [None req-e095347e-5eb3-4477-8018-b5aeabe3e91f - - - - - -] 10.0.0.78 "GET /" status: 200 len: 136 microversion: 1.0
2026-04-23 09:02:17.252 7 INFO placement.requestlog [None req-805621d7-c2db-4ecc-a8fc-4c76cd5f7d8a 4882c34d71c14830a10d146abada69ed a3a25c9c6ab144a6834757eec90d3e79 - - 261eea958b6b4e82bce831926e31dfdd 261eea958b6b4e82bce831926e31dfdd] 10.0.0.72 "GET /resource_providers/dd1b411a-fc5f-4b25-90a2-1dbedbfeaceb/aggregates" status: 404 len: 235 microversion: 1.1 [pid: 7|app: 0|req: 342/684] 10.0.0.72 () {32 vars in 814 bytes} [Thu Apr 23 09:02:17 2026] GET /resource_providers/dd1b411a-fc5f-4b25-90a2-1dbedbfeaceb/aggregates => generated 235 bytes in 82 msecs (HTTP/1.1 404) 5 headers in 202 bytes (1 switches on core 0)
2026-04-23 09:02:17.286 8 INFO placement.requestlog [None req-bec956bd-a896-48b9-8ae4-6b8d11a5b8b8 4882c34d71c14830a10d146abada69ed a3a25c9c6ab144a6834757eec90d3e79 - - 261eea958b6b4e82bce831926e31dfdd 261eea958b6b4e82bce831926e31dfdd] 10.0.0.72 "GET /resource_providers/dd1b411a-fc5f-4b25-90a2-1dbedbfeaceb/aggregates" status: 404 len: 235 microversion: 1.1 [pid: 8|app: 0|req: 343/685] 10.0.0.72 () {32 vars in 814 bytes} [Thu Apr 23 09:02:17 2026] GET /resource_providers/dd1b411a-fc5f-4b25-90a2-1dbedbfeaceb/aggregates => generated 235 bytes in 90 msecs (HTTP/1.1 404) 5 headers in 202 bytes (1 switches on core 0)
2026-04-23 09:02:17.290 7 INFO placement.requestlog [None req-b88f3588-0afe-48b5-8084-5076b05a5f42 4882c34d71c14830a10d146abada69ed a3a25c9c6ab144a6834757eec90d3e79 - - 261eea958b6b4e82bce831926e31dfdd 261eea958b6b4e82bce831926e31dfdd] 10.0.0.72 "DELETE /resource_providers/dd1b411a-fc5f-4b25-90a2-1dbedbfeaceb" status: 404 len: 246 microversion: 1.1 [pid: 7|app: 0|req: 343/686] 10.0.0.72 () {34 vars in 814 bytes} [Thu Apr 23 09:02:17 2026] DELETE /resource_providers/dd1b411a-fc5f-4b25-90a2-1dbedbfeaceb => generated 246 bytes in 27 msecs (HTTP/1.1 404) 6 headers in 231 bytes (1 switches on core 0)
2026-04-23 09:02:17.317 8 INFO placement.requestlog [None req-37c40d2d-e13a-4993-9def-ccb435a0930d 4882c34d71c14830a10d146abada69ed a3a25c9c6ab144a6834757eec90d3e79 - - 261eea958b6b4e82bce831926e31dfdd 261eea958b6b4e82bce831926e31dfdd] 10.0.0.72 "DELETE /resource_providers/dd1b411a-fc5f-4b25-90a2-1dbedbfeaceb" status: 404 len: 246 microversion: 1.1 [pid: 8|app: 0|req: 344/687] 10.0.0.72 () {34 vars in 814 bytes} [Thu Apr 23 09:02:17 2026] DELETE /resource_providers/dd1b411a-fc5f-4b25-90a2-1dbedbfeaceb => generated 246 bytes in 13 msecs (HTTP/1.1 404) 6 headers in 231 bytes (1 switches on core 0)
2026-04-23 09:02:19.637 8 INFO placement.requestlog [None req-7fb01ee4-0845-4d8a-ba26-6bc4625999a6 4882c34d71c14830a10d146abada69ed a3a25c9c6ab144a6834757eec90d3e79 - - 261eea958b6b4e82bce831926e31dfdd 261eea958b6b4e82bce831926e31dfdd] 10.0.0.72 "GET /resource_providers/812100b9-d43d-481c-8d4c-0b371258fe84/aggregates" status: 404 len: 235 microversion: 1.1 [pid: 8|app: 0|req: 345/688] 10.0.0.72 () {32 vars in 814 bytes} [Thu Apr 23 09:02:19 2026] GET /resource_providers/812100b9-d43d-481c-8d4c-0b371258fe84/aggregates => generated 235 bytes in 23 msecs (HTTP/1.1 404) 5 headers in 202 bytes (1 switches on core 0)
2026-04-23 09:02:19.642 7 INFO placement.requestlog [None req-09946269-075d-4bda-9b9f-880318442180 4882c34d71c14830a10d146abada69ed a3a25c9c6ab144a6834757eec90d3e79 - - 261eea958b6b4e82bce831926e31dfdd 261eea958b6b4e82bce831926e31dfdd] 10.0.0.72 "GET /resource_providers/812100b9-d43d-481c-8d4c-0b371258fe84/aggregates" status: 404 len: 235 microversion: 1.1 [pid: 7|app: 0|req: 344/689] 10.0.0.72 () {32 vars in 814 bytes} [Thu Apr 23 09:02:19 2026] GET /resource_providers/812100b9-d43d-481c-8d4c-0b371258fe84/aggregates => generated 235 bytes in 29 msecs (HTTP/1.1 404) 5 headers in 202 bytes (1 switches on core 0)
2026-04-23 09:02:19.678 7 INFO placement.requestlog [None req-4438818a-38a9-404b-8c77-9b3b19337568 4882c34d71c14830a10d146abada69ed a3a25c9c6ab144a6834757eec90d3e79 - - 261eea958b6b4e82bce831926e31dfdd 261eea958b6b4e82bce831926e31dfdd] 10.0.0.72 "DELETE /resource_providers/812100b9-d43d-481c-8d4c-0b371258fe84" status: 404 len: 246 microversion: 1.1 [pid: 7|app: 0|req: 345/690] 10.0.0.72 () {34 vars in 814 bytes} [Thu Apr 23 09:02:19 2026] DELETE /resource_providers/812100b9-d43d-481c-8d4c-0b371258fe84 => generated 246 bytes in 20 msecs (HTTP/1.1 404) 6 headers in 231 bytes (1 switches on core 0)
2026-04-23 09:02:19.686 8 INFO placement.requestlog [None req-32443cb6-8eb2-45eb-a912-67f7fe32d7f0 4882c34d71c14830a10d146abada69ed a3a25c9c6ab144a6834757eec90d3e79 - - 261eea958b6b4e82bce831926e31dfdd 261eea958b6b4e82bce831926e31dfdd] 10.0.0.72 "DELETE /resource_providers/812100b9-d43d-481c-8d4c-0b371258fe84" status: 404 len: 246 microversion: 1.1 [pid: 8|app: 0|req: 346/691] 10.0.0.72 () {34 vars in 814 bytes} [Thu Apr 23 09:02:19 2026] DELETE /resource_providers/812100b9-d43d-481c-8d4c-0b371258fe84 => generated 246 bytes in 31 msecs (HTTP/1.1 404) 6 headers in 231 bytes (1 switches on core 0)
2026-04-23 09:02:21.728 8 INFO placement.requestlog [None req-248507f6-621f-42d8-8add-ec0e8aafb574 4882c34d71c14830a10d146abada69ed a3a25c9c6ab144a6834757eec90d3e79 - - 261eea958b6b4e82bce831926e31dfdd 261eea958b6b4e82bce831926e31dfdd] 10.0.0.72 "GET /resource_providers/653256a5-8de3-4c5f-864c-ae8b4de6942c/aggregates" status: 404 len: 235 microversion: 1.1 [pid: 8|app: 0|req: 347/692] 10.0.0.72 () {32 vars in 814 bytes} [Thu Apr 23 09:02:21 2026] GET /resource_providers/653256a5-8de3-4c5f-864c-ae8b4de6942c/aggregates => generated 235 bytes in 14 msecs (HTTP/1.1 404) 5 headers in 202 bytes (1 switches on core 0)
2026-04-23 09:02:21.729 7 INFO placement.requestlog [None req-2fb81bbf-5183-4735-9e48-8117b5d48792 4882c34d71c14830a10d146abada69ed a3a25c9c6ab144a6834757eec90d3e79 - - 261eea958b6b4e82bce831926e31dfdd 261eea958b6b4e82bce831926e31dfdd] 10.0.0.72 "GET /resource_providers/653256a5-8de3-4c5f-864c-ae8b4de6942c/aggregates" status: 404 len: 235 microversion: 1.1 [pid: 7|app: 0|req: 346/693] 10.0.0.72 () {32 vars in 814 bytes} [Thu Apr 23 09:02:21 2026] GET /resource_providers/653256a5-8de3-4c5f-864c-ae8b4de6942c/aggregates => generated 235 bytes in 27 msecs (HTTP/1.1 404) 5 headers in 202 bytes (1 switches on core 0)
2026-04-23 09:02:21.772 7 INFO placement.requestlog [None req-35004709-ed68-4202-b27a-67110acbe44e 4882c34d71c14830a10d146abada69ed a3a25c9c6ab144a6834757eec90d3e79 - - 261eea958b6b4e82bce831926e31dfdd 261eea958b6b4e82bce831926e31dfdd] 10.0.0.72 "DELETE /resource_providers/653256a5-8de3-4c5f-864c-ae8b4de6942c" status: 404 len: 246 microversion: 1.1 [pid: 7|app: 0|req: 347/694] 10.0.0.72 () {34 vars in 814 bytes} [Thu Apr 23 09:02:21 2026] DELETE /resource_providers/653256a5-8de3-4c5f-864c-ae8b4de6942c => generated 246 bytes in 15 msecs (HTTP/1.1 404) 6 headers in 231 bytes (1 switches on core 0)
2026-04-23 09:02:21.780 8 INFO placement.requestlog [None req-386734f3-36b3-438f-994a-51102a2fcdfe 4882c34d71c14830a10d146abada69ed a3a25c9c6ab144a6834757eec90d3e79 - - 261eea958b6b4e82bce831926e31dfdd 261eea958b6b4e82bce831926e31dfdd] 10.0.0.72 "DELETE /resource_providers/653256a5-8de3-4c5f-864c-ae8b4de6942c" status: 404 len: 246 microversion: 1.1 [pid: 8|app: 0|req: 348/695] 10.0.0.72 () {34 vars in 814 bytes} [Thu Apr 23 09:02:21 2026] DELETE /resource_providers/653256a5-8de3-4c5f-864c-ae8b4de6942c => generated 246 bytes in 25 msecs (HTTP/1.1 404) 6 headers in 231 bytes (1 switches on core 0)
2026-04-23 09:02:23.691 8 INFO placement.requestlog [None req-65c8baa9-6bde-4fa3-8990-e31174ba5e02 - - - - - -] 10.0.0.78 "GET /" status: 200 len: 136 microversion: 1.0
2026-04-23 09:02:23.692 7 INFO placement.requestlog [None req-323f4212-af8f-434e-9553-e6daba9e9f08 - - - - - -] 10.0.0.78 "GET /" status: 200 len: 136 microversion: 1.0
2026-04-23 09:02:24.378 7 INFO placement.requestlog [None req-8fd6614d-1639-473a-999b-a694e90b8164 4882c34d71c14830a10d146abada69ed a3a25c9c6ab144a6834757eec90d3e79 - - 261eea958b6b4e82bce831926e31dfdd 261eea958b6b4e82bce831926e31dfdd] 10.0.0.72 "GET /resource_providers/e4279a4e-564a-4f8a-9bc5-91c9f9333d4c/aggregates" status: 404 len: 235 microversion: 1.1 [pid: 7|app: 0|req: 349/698] 10.0.0.72 () {32 vars in 814 bytes} [Thu Apr 23 09:02:24 2026] GET /resource_providers/e4279a4e-564a-4f8a-9bc5-91c9f9333d4c/aggregates => generated 235 bytes in 13 msecs (HTTP/1.1 404) 5 headers in 202 bytes (1 switches on core 0)
2026-04-23 09:02:24.380 8 INFO placement.requestlog [None req-454f2791-78a4-4e37-9a7d-4a167c11fd73 4882c34d71c14830a10d146abada69ed a3a25c9c6ab144a6834757eec90d3e79 - - 261eea958b6b4e82bce831926e31dfdd 261eea958b6b4e82bce831926e31dfdd] 10.0.0.72 "GET /resource_providers/e4279a4e-564a-4f8a-9bc5-91c9f9333d4c/aggregates" status: 404 len: 235 microversion: 1.1 [pid: 8|app: 0|req: 350/699] 10.0.0.72 () {32 vars in 814 bytes} [Thu Apr 23 09:02:24 2026] GET /resource_providers/e4279a4e-564a-4f8a-9bc5-91c9f9333d4c/aggregates => generated 235 bytes in 14 msecs (HTTP/1.1 404) 5 headers in 202 bytes (1 switches on core 0)
2026-04-23 09:02:24.398 7 INFO placement.requestlog [None req-603643ec-8aef-44c9-b038-e60d59324208 4882c34d71c14830a10d146abada69ed a3a25c9c6ab144a6834757eec90d3e79 - - 261eea958b6b4e82bce831926e31dfdd 261eea958b6b4e82bce831926e31dfdd] 10.0.0.72 "DELETE /resource_providers/e4279a4e-564a-4f8a-9bc5-91c9f9333d4c" status: 404 len: 246 microversion: 1.1 [pid: 7|app: 0|req: 350/700] 10.0.0.72 () {34 vars in 814 bytes} [Thu Apr 23 09:02:24 2026] DELETE /resource_providers/e4279a4e-564a-4f8a-9bc5-91c9f9333d4c => generated 246 bytes in 13 msecs (HTTP/1.1 404) 6 headers in 231 bytes (1 switches on core 0)
2026-04-23 09:02:24.406 8 INFO placement.requestlog [None req-a93db889-884a-4186-8004-404b40615a62 4882c34d71c14830a10d146abada69ed a3a25c9c6ab144a6834757eec90d3e79 - - 261eea958b6b4e82bce831926e31dfdd 261eea958b6b4e82bce831926e31dfdd] 10.0.0.72 "DELETE /resource_providers/e4279a4e-564a-4f8a-9bc5-91c9f9333d4c" status: 404 len: 246 microversion: 1.1 [pid: 8|app: 0|req: 351/701] 10.0.0.72 () {34 vars in 814 bytes} [Thu Apr 23 09:02:24 2026] DELETE /resource_providers/e4279a4e-564a-4f8a-9bc5-91c9f9333d4c => generated 246 bytes in 14 msecs (HTTP/1.1 404) 6 headers in 231 bytes (1 switches on core 0)
2026-04-23 09:02:27.903 7 INFO placement.requestlog [req-276ad30d-1d31-4396-9f6c-267e61c1fe91 req-5299abac-976c-46f1-b92a-075788230c68 f85d8031fcfb4f26b935ebe791dc3b78 a3a25c9c6ab144a6834757eec90d3e79 - - 261eea958b6b4e82bce831926e31dfdd 261eea958b6b4e82bce831926e31dfdd] 199.204.45.72 "GET /resource_providers/3a0050d9-a6d8-4ba1-a255-490e8ef66abf/allocations" status: 200 len: 252 microversion: 1.0 [pid: 7|app: 0|req: 351/702] 199.204.45.72 () {32 vars in 855 bytes} [Thu Apr 23 09:02:27 2026] GET /resource_providers/3a0050d9-a6d8-4ba1-a255-490e8ef66abf/allocations => generated 252 bytes in 22 msecs (HTTP/1.1 200) 6 headers in 224 bytes (1 switches on core 0)
2026-04-23 09:02:27.948 8 INFO placement.requestlog [req-276ad30d-1d31-4396-9f6c-267e61c1fe91 req-bc43839f-04d0-4cd2-b119-6bf35c0d578a f85d8031fcfb4f26b935ebe791dc3b78 a3a25c9c6ab144a6834757eec90d3e79 - - 261eea958b6b4e82bce831926e31dfdd 261eea958b6b4e82bce831926e31dfdd] 199.204.45.72 "GET /allocations/8dc5c75e-9a98-4d96-a719-b07108d7a3c8" status: 200 len: 257 microversion: 1.28 [pid: 8|app: 0|req: 352/703] 199.204.45.72 () {34 vars in 861 bytes} [Thu Apr 23 09:02:27 2026] GET /allocations/8dc5c75e-9a98-4d96-a719-b07108d7a3c8 => generated 257 bytes in 35 msecs (HTTP/1.1 200) 8 headers in 296 bytes (1 switches on core 0)
2026-04-23 09:02:27.974 7 INFO placement.requestlog [req-276ad30d-1d31-4396-9f6c-267e61c1fe91 req-2b940aab-f68b-4aff-a0b5-63b086aa347f f85d8031fcfb4f26b935ebe791dc3b78 a3a25c9c6ab144a6834757eec90d3e79 - - 261eea958b6b4e82bce831926e31dfdd 261eea958b6b4e82bce831926e31dfdd] 199.204.45.72 "GET /allocations/d6214ca1-b605-43d7-99a0-31845b01238d" status: 200 len: 257 microversion: 1.28 [pid: 7|app: 0|req: 352/704] 199.204.45.72 () {34 vars in 861 bytes} [Thu Apr 23 09:02:27 2026] GET /allocations/d6214ca1-b605-43d7-99a0-31845b01238d => generated 257 bytes in 18 msecs (HTTP/1.1 200) 8 headers in 296 bytes (1 switches on core 0)
2026-04-23 09:02:28.091 8 INFO placement.requestlog [req-276ad30d-1d31-4396-9f6c-267e61c1fe91 req-f1ce3209-c4f4-4c13-9374-f2108dfc2512 f85d8031fcfb4f26b935ebe791dc3b78 a3a25c9c6ab144a6834757eec90d3e79 - - 261eea958b6b4e82bce831926e31dfdd 261eea958b6b4e82bce831926e31dfdd] 199.204.45.72 "DELETE /allocations/d6214ca1-b605-43d7-99a0-31845b01238d" status: 204 len: 0 microversion: 1.0 [pid: 8|app: 0|req: 353/705] 199.204.45.72 () {34 vars in 839 bytes} [Thu Apr 23 09:02:28 2026] DELETE /allocations/d6214ca1-b605-43d7-99a0-31845b01238d => generated 0 bytes in 28 msecs (HTTP/1.1 204) 5 headers in 198 bytes (1 switches on core 0)
2026-04-23 09:02:31.558 7 INFO placement.requestlog [req-45c0c534-7dbe-45c7-9601-312055722c17 req-9ac176c0-cded-494e-bf85-c3071f289516 f85d8031fcfb4f26b935ebe791dc3b78 a3a25c9c6ab144a6834757eec90d3e79 - - 261eea958b6b4e82bce831926e31dfdd 261eea958b6b4e82bce831926e31dfdd] 10.0.0.243 "GET /allocation_candidates?limit=1000&resources=DISK_GB%3A1%2CMEMORY_MB%3A512%2CVCPU%3A1&root_required=%21COMPUTE_STATUS_DISABLED" status: 200 len: 2149 microversion: 1.36 [pid: 7|app: 0|req: 353/706] 10.0.0.243 () {34 vars in 1011 bytes} [Thu Apr 23 09:02:31 2026] GET /allocation_candidates?limit=1000&resources=DISK_GB%3A1%2CMEMORY_MB%3A512%2CVCPU%3A1&root_required=%21COMPUTE_STATUS_DISABLED => generated 2149 bytes in 93 msecs (HTTP/1.1 200) 8 headers in 297 bytes (1 switches on core 0)
2026-04-23 09:02:31.612 8 INFO placement.requestlog [req-45c0c534-7dbe-45c7-9601-312055722c17 req-29e8eab0-5273-4d22-bdae-ee2ceb55a2fa f85d8031fcfb4f26b935ebe791dc3b78 a3a25c9c6ab144a6834757eec90d3e79 - - 261eea958b6b4e82bce831926e31dfdd 261eea958b6b4e82bce831926e31dfdd] 10.0.0.243 "GET /allocations/00b9aa4c-9276-4cc4-bb41-5b94e3f418b4" status: 200 len: 19 microversion: 1.28 [pid: 8|app: 0|req: 354/707] 10.0.0.243 () {34 vars in 860 bytes} [Thu Apr 23 09:02:31 2026] GET /allocations/00b9aa4c-9276-4cc4-bb41-5b94e3f418b4 => generated 19 bytes in 28 msecs (HTTP/1.1 200) 8 headers in 295 bytes (1 switches on core 0)
2026-04-23 09:02:31.700 7 INFO placement.requestlog [req-45c0c534-7dbe-45c7-9601-312055722c17 req-9ac6e8d1-bb49-4412-a589-83270ff7ab6e f85d8031fcfb4f26b935ebe791dc3b78 a3a25c9c6ab144a6834757eec90d3e79 - - 261eea958b6b4e82bce831926e31dfdd 261eea958b6b4e82bce831926e31dfdd] 10.0.0.243 "PUT /allocations/00b9aa4c-9276-4cc4-bb41-5b94e3f418b4" status: 204 len: 0 microversion: 1.36 [pid: 7|app: 0|req: 354/708] 10.0.0.243 () {38 vars in 913 bytes} [Thu Apr 23 09:02:31 2026] PUT /allocations/00b9aa4c-9276-4cc4-bb41-5b94e3f418b4 => generated 0 bytes in 77 msecs (HTTP/1.1 204) 5 headers in 199 bytes (1 switches on core 0)
2026-04-23 09:02:32.122 8 INFO placement.requestlog [req-45c0c534-7dbe-45c7-9601-312055722c17 req-fa2581bb-e48a-416a-b700-fcc35dcebcb6 f85d8031fcfb4f26b935ebe791dc3b78 a3a25c9c6ab144a6834757eec90d3e79 - - 261eea958b6b4e82bce831926e31dfdd 261eea958b6b4e82bce831926e31dfdd] 199.204.45.72 "GET /allocations/00b9aa4c-9276-4cc4-bb41-5b94e3f418b4" status: 200 len: 257 microversion: 1.28 [pid: 8|app: 0|req: 355/709] 199.204.45.72 () {34 vars in 861 bytes} [Thu Apr 23 09:02:32 2026] GET /allocations/00b9aa4c-9276-4cc4-bb41-5b94e3f418b4 => generated 257 bytes in 27 msecs (HTTP/1.1 200) 8 headers in 296 bytes (1 switches on core 0)
2026-04-23 09:02:32.239 7 INFO placement.requestlog [req-45c0c534-7dbe-45c7-9601-312055722c17 req-79583bd8-5358-4c4b-ac9d-94e9e1e760a3 f85d8031fcfb4f26b935ebe791dc3b78 a3a25c9c6ab144a6834757eec90d3e79 - - 261eea958b6b4e82bce831926e31dfdd 261eea958b6b4e82bce831926e31dfdd] 199.204.45.72 "GET /resource_providers/3a0050d9-a6d8-4ba1-a255-490e8ef66abf/allocations" status: 200 len: 252 microversion: 1.0 [pid: 7|app: 0|req: 355/710] 199.204.45.72 () {32 vars in 855 bytes} [Thu Apr 23 09:02:32 2026] GET /resource_providers/3a0050d9-a6d8-4ba1-a255-490e8ef66abf/allocations => generated 252 bytes in 25 msecs (HTTP/1.1 200) 6 headers in 224 bytes (1 switches on core 0)
2026-04-23 09:02:32.271 8 INFO placement.requestlog [req-45c0c534-7dbe-45c7-9601-312055722c17 req-2c8623c7-65c8-4391-8eac-ec2f5af882d9 f85d8031fcfb4f26b935ebe791dc3b78 a3a25c9c6ab144a6834757eec90d3e79 - - 261eea958b6b4e82bce831926e31dfdd 261eea958b6b4e82bce831926e31dfdd] 199.204.45.72 "GET /allocations/8dc5c75e-9a98-4d96-a719-b07108d7a3c8" status: 200 len: 257 microversion: 1.28 [pid: 8|app: 0|req: 356/711] 199.204.45.72 () {34 vars in 861 bytes} [Thu Apr 23 09:02:32 2026] GET /allocations/8dc5c75e-9a98-4d96-a719-b07108d7a3c8 => generated 257 bytes in 25 msecs (HTTP/1.1 200) 8 headers in 296 bytes (1 switches on core 0)
2026-04-23 09:02:32.293 7 INFO placement.requestlog [req-45c0c534-7dbe-45c7-9601-312055722c17 req-8abf8dd2-e894-4072-9591-a2ba81fa443c f85d8031fcfb4f26b935ebe791dc3b78 a3a25c9c6ab144a6834757eec90d3e79 - - 261eea958b6b4e82bce831926e31dfdd 261eea958b6b4e82bce831926e31dfdd] 199.204.45.72 "GET /allocations/00b9aa4c-9276-4cc4-bb41-5b94e3f418b4" status: 200 len: 257 microversion: 1.28 [pid: 7|app: 0|req: 356/712] 199.204.45.72 () {34 vars in 861 bytes} [Thu Apr 23 09:02:32 2026] GET /allocations/00b9aa4c-9276-4cc4-bb41-5b94e3f418b4 => generated 257 bytes in 14 msecs (HTTP/1.1 200) 8 headers in 296 bytes (1 switches on core 0)
2026-04-23 09:02:32.614 7 INFO placement.requestlog [None req-a438de30-ca0a-473d-9077-93ae18b890c3 4882c34d71c14830a10d146abada69ed a3a25c9c6ab144a6834757eec90d3e79 - - 261eea958b6b4e82bce831926e31dfdd 261eea958b6b4e82bce831926e31dfdd] 10.0.0.72 "GET /resource_providers/9fcaf28b-90a6-4359-b52e-dafcb647f9ef/aggregates" status: 404 len: 235 microversion: 1.1 [pid: 7|app: 0|req: 357/713] 10.0.0.72 () {32 vars in 814 bytes} [Thu Apr 23 09:02:32 2026] GET /resource_providers/9fcaf28b-90a6-4359-b52e-dafcb647f9ef/aggregates => generated 235 bytes in 16 msecs (HTTP/1.1 404) 5 headers in 202 bytes (1 switches on core 0)
