2026-06-28 21:04:24.168 7 INFO placement.requestlog [req-a2db8068-03c9-40c3-859e-b167ef4e57cd req-cea46b61-7a9f-4c5d-9b51-9608a2a6e920 fcfa014468064a94b041f109e7444ff6 c42158845df04b409a5ea87eecb57a12 - - c272cba0eed0460f864bbf729fbd5c57 c272cba0eed0460f864bbf729fbd5c57] 199.204.45.89 "GET /resource_providers/e5930c19-e427-47cc-ab4c-5b069ce07658/allocations" status: 200 len: 54 microversion: 1.0 [pid: 7|app: 0|req: 292/582] 199.204.45.89 () {32 vars in 856 bytes} [Sun Jun 28 21:04:24 2026] GET /resource_providers/e5930c19-e427-47cc-ab4c-5b069ce07658/allocations => generated 54 bytes in 15 msecs (HTTP/1.1 200) 6 headers in 223 bytes (1 switches on core 0)
2026-06-28 21:04:24.194 8 INFO placement.requestlog [req-a2db8068-03c9-40c3-859e-b167ef4e57cd req-828ea296-da3c-42e8-89a6-e8ca49eb374f fcfa014468064a94b041f109e7444ff6 c42158845df04b409a5ea87eecb57a12 - - c272cba0eed0460f864bbf729fbd5c57 c272cba0eed0460f864bbf729fbd5c57] 199.204.45.89 "GET /resource_providers/e5930c19-e427-47cc-ab4c-5b069ce07658/allocations" status: 200 len: 54 microversion: 1.0 [pid: 8|app: 0|req: 291/583] 199.204.45.89 () {32 vars in 856 bytes} [Sun Jun 28 21:04:24 2026] GET /resource_providers/e5930c19-e427-47cc-ab4c-5b069ce07658/allocations => generated 54 bytes in 17 msecs (HTTP/1.1 200) 6 headers in 223 bytes (1 switches on core 0)
2026-06-28 21:04:31.536 8 INFO placement.requestlog [None req-4c096709-5133-4c40-a2dc-9faf95310897 - - - - - -] 10.0.0.169 "GET /" status: 200 len: 136 microversion: 1.0
2026-06-28 21:04:31.536 7 INFO placement.requestlog [None req-64a1cc7a-fe47-46a4-b5b7-d0f6db6eefe5 - - - - - -] 10.0.0.169 "GET /" status: 200 len: 136 microversion: 1.0
2026-06-28 21:04:41.536 7 INFO placement.requestlog [None req-35650c19-fc59-4c05-8c65-91bd2660d07c - - - - - -] 10.0.0.169 "GET /" status: 200 len: 136 microversion: 1.0
2026-06-28 21:04:41.536 8 INFO placement.requestlog [None req-4f3a2a21-4aea-4dda-8504-0f05dbe0d7e2 - - - - - -] 10.0.0.169 "GET /" status: 200 len: 136 microversion: 1.0
2026-06-28 21:04:51.536 7 INFO placement.requestlog [None req-dcfb1f60-8ef8-4b71-bf08-0a5b4b84c1ab - - - - - -] 10.0.0.169 "GET /" status: 200 len: 136 microversion: 1.0
2026-06-28 21:04:51.536 8 INFO placement.requestlog [None req-332441ca-b458-47f1-acfd-f8df3916bd04 - - - - - -] 10.0.0.169 "GET /" status: 200 len: 136 microversion: 1.0
2026-06-28 21:05:01.536 7 INFO placement.requestlog [None req-f38357c2-13f3-43aa-88ec-d8ba3b9a7311 - - - - - -] 10.0.0.169 "GET /" status: 200 len: 136 microversion: 1.0
2026-06-28 21:05:01.536 8 INFO placement.requestlog [None req-96a97b5f-961a-4ff2-b94f-3621e928e139 - - - - - -] 10.0.0.169 "GET /" status: 200 len: 136 microversion: 1.0
2026-06-28 21:05:11.535 7 INFO placement.requestlog [None req-48a6f1ae-ebbb-4f71-8bc1-ab04129adc45 - - - - - -] 10.0.0.169 "GET /" status: 200 len: 136 microversion: 1.0
2026-06-28 21:05:11.535 8 INFO placement.requestlog [None req-ade41a04-a71f-4086-b7c8-65aa13f64f4b - - - - - -] 10.0.0.169 "GET /" status: 200 len: 136 microversion: 1.0
2026-06-28 21:05:21.536 7 INFO placement.requestlog [None req-cd5c0444-e482-46d9-9038-36246023ce0d - - - - - -] 10.0.0.169 "GET /" status: 200 len: 136 microversion: 1.0
2026-06-28 21:05:21.536 8 INFO placement.requestlog [None req-46abab51-e678-4fa1-afb8-79c371fb2f51 - - - - - -] 10.0.0.169 "GET /" status: 200 len: 136 microversion: 1.0
2026-06-28 21:05:26.203 7 INFO placement.requestlog [req-bd90815b-119b-4613-a758-4bd062f85d0e req-0bfb957b-6ca7-4782-9a1c-b04fca382161 fcfa014468064a94b041f109e7444ff6 c42158845df04b409a5ea87eecb57a12 - - c272cba0eed0460f864bbf729fbd5c57 c272cba0eed0460f864bbf729fbd5c57] 199.204.45.89 "GET /resource_providers/e5930c19-e427-47cc-ab4c-5b069ce07658/allocations" status: 200 len: 54 microversion: 1.0 [pid: 7|app: 0|req: 299/596] 199.204.45.89 () {32 vars in 856 bytes} [Sun Jun 28 21:05:26 2026] GET /resource_providers/e5930c19-e427-47cc-ab4c-5b069ce07658/allocations => generated 54 bytes in 20 msecs (HTTP/1.1 200) 6 headers in 223 bytes (1 switches on core 0)
2026-06-28 21:05:26.228 8 INFO placement.requestlog [req-bd90815b-119b-4613-a758-4bd062f85d0e req-a0ad108b-1f23-4eda-8efd-1a8c87006082 fcfa014468064a94b041f109e7444ff6 c42158845df04b409a5ea87eecb57a12 - - c272cba0eed0460f864bbf729fbd5c57 c272cba0eed0460f864bbf729fbd5c57] 199.204.45.89 "GET /resource_providers/e5930c19-e427-47cc-ab4c-5b069ce07658/allocations" status: 200 len: 54 microversion: 1.0 [pid: 8|app: 0|req: 298/597] 199.204.45.89 () {32 vars in 856 bytes} [Sun Jun 28 21:05:26 2026] GET /resource_providers/e5930c19-e427-47cc-ab4c-5b069ce07658/allocations => generated 54 bytes in 17 msecs (HTTP/1.1 200) 6 headers in 223 bytes (1 switches on core 0)
2026-06-28 21:05:31.536 8 INFO placement.requestlog [None req-bd04a31a-2966-46ee-8421-dc054b67716c - - - - - -] 10.0.0.169 "GET /" status: 200 len: 136 microversion: 1.0
2026-06-28 21:05:31.536 7 INFO placement.requestlog [None req-defeb943-0b3e-4e01-894a-04b3c9bebc1a - - - - - -] 10.0.0.169 "GET /" status: 200 len: 136 microversion: 1.0
2026-06-28 21:05:41.536 7 INFO placement.requestlog [None req-06ca23f1-be2d-4193-8ca4-26adbfeb1ccf - - - - - -] 10.0.0.169 "GET /" status: 200 len: 136 microversion: 1.0
2026-06-28 21:05:41.536 8 INFO placement.requestlog [None req-85df25e3-fb58-4d13-bf72-23d41f6ab939 - - - - - -] 10.0.0.169 "GET /" status: 200 len: 136 microversion: 1.0
2026-06-28 21:05:51.535 8 INFO placement.requestlog [None req-925226f7-c2b3-43c9-9350-191d4ab606a6 - - - - - -] 10.0.0.169 "GET /" status: 200 len: 136 microversion: 1.0
2026-06-28 21:05:51.536 7 INFO placement.requestlog [None req-7f98245b-332c-4b0d-8ecd-6e22f9210f65 - - - - - -] 10.0.0.169 "GET /" status: 200 len: 136 microversion: 1.0
2026-06-28 21:06:01.535 8 INFO placement.requestlog [None req-3f1fb93d-9d72-41e4-ae53-a40cac7dc6a0 - - - - - -] 10.0.0.169 "GET /" status: 200 len: 136 microversion: 1.0
2026-06-28 21:06:01.536 7 INFO placement.requestlog [None req-2e4f95c2-1d09-4e26-88f6-02042c2de365 - - - - - -] 10.0.0.169 "GET /" status: 200 len: 136 microversion: 1.0
2026-06-28 21:06:09.998 7 INFO placement.requestlog [None req-0c09f429-735e-4d5f-86d4-4ce729a55e7c c2edb9b8c57246a18d8eb13a84580164 c42158845df04b409a5ea87eecb57a12 - - c272cba0eed0460f864bbf729fbd5c57 c272cba0eed0460f864bbf729fbd5c57] 10.0.0.137 "GET /resource_providers/25a62e99-9729-4364-9cdb-966c9829dcb6/aggregates" status: 404 len: 235 microversion: 1.1 [pid: 7|app: 0|req: 304/606] 10.0.0.137 () {32 vars in 816 bytes} [Sun Jun 28 21:06:09 2026] GET /resource_providers/25a62e99-9729-4364-9cdb-966c9829dcb6/aggregates => generated 235 bytes in 226 msecs (HTTP/1.1 404) 5 headers in 202 bytes (1 switches on core 0)
2026-06-28 21:06:09.999 8 INFO placement.requestlog [None req-3d6bbffa-6537-4624-bef4-78e974bd3e8c c2edb9b8c57246a18d8eb13a84580164 c42158845df04b409a5ea87eecb57a12 - - c272cba0eed0460f864bbf729fbd5c57 c272cba0eed0460f864bbf729fbd5c57] 10.0.0.137 "GET /resource_providers/25a62e99-9729-4364-9cdb-966c9829dcb6/aggregates" status: 404 len: 235 microversion: 1.1 [pid: 8|app: 0|req: 303/607] 10.0.0.137 () {32 vars in 816 bytes} [Sun Jun 28 21:06:09 2026] GET /resource_providers/25a62e99-9729-4364-9cdb-966c9829dcb6/aggregates => generated 235 bytes in 226 msecs (HTTP/1.1 404) 5 headers in 202 bytes (1 switches on core 0)
2026-06-28 21:06:10.041 7 INFO placement.requestlog [None req-dc74d6b0-b3e0-48d7-b53b-0cb8880f7b37 c2edb9b8c57246a18d8eb13a84580164 c42158845df04b409a5ea87eecb57a12 - - c272cba0eed0460f864bbf729fbd5c57 c272cba0eed0460f864bbf729fbd5c57] 10.0.0.137 "DELETE /resource_providers/25a62e99-9729-4364-9cdb-966c9829dcb6" status: 404 len: 246 microversion: 1.1 [pid: 7|app: 0|req: 305/608] 10.0.0.137 () {34 vars in 816 bytes} [Sun Jun 28 21:06:10 2026] DELETE /resource_providers/25a62e99-9729-4364-9cdb-966c9829dcb6 => generated 246 bytes in 22 msecs (HTTP/1.1 404) 6 headers in 231 bytes (1 switches on core 0)
2026-06-28 21:06:10.044 8 INFO placement.requestlog [None req-398b2d59-289a-4ea8-acfb-55a56706691e c2edb9b8c57246a18d8eb13a84580164 c42158845df04b409a5ea87eecb57a12 - - c272cba0eed0460f864bbf729fbd5c57 c272cba0eed0460f864bbf729fbd5c57] 10.0.0.137 "DELETE /resource_providers/25a62e99-9729-4364-9cdb-966c9829dcb6" status: 404 len: 246 microversion: 1.1 [pid: 8|app: 0|req: 304/609] 10.0.0.137 () {34 vars in 816 bytes} [Sun Jun 28 21:06:10 2026] DELETE /resource_providers/25a62e99-9729-4364-9cdb-966c9829dcb6 => generated 246 bytes in 26 msecs (HTTP/1.1 404) 6 headers in 231 bytes (1 switches on core 0)
2026-06-28 21:06:11.535 7 INFO placement.requestlog [None req-d2cd79fd-937c-40e9-8848-494df94b8197 - - - - - -] 10.0.0.169 "GET /" status: 200 len: 136 microversion: 1.0
2026-06-28 21:06:11.535 8 INFO placement.requestlog [None req-87c663c0-0983-4770-9c80-2c80346e3191 - - - - - -] 10.0.0.169 "GET /" status: 200 len: 136 microversion: 1.0
2026-06-28 21:06:12.078 7 INFO placement.requestlog [None req-7e87e28b-b60e-453d-92fe-c35212d11749 c2edb9b8c57246a18d8eb13a84580164 c42158845df04b409a5ea87eecb57a12 - - c272cba0eed0460f864bbf729fbd5c57 c272cba0eed0460f864bbf729fbd5c57] 10.0.0.137 "GET /resource_providers/1056b7e7-da38-4513-a541-5ddb06e9ab9a/aggregates" status: 404 len: 235 microversion: 1.1 [pid: 7|app: 0|req: 307/612] 10.0.0.137 () {32 vars in 816 bytes} [Sun Jun 28 21:06:12 2026] GET /resource_providers/1056b7e7-da38-4513-a541-5ddb06e9ab9a/aggregates => generated 235 bytes in 22 msecs (HTTP/1.1 404) 5 headers in 202 bytes (1 switches on core 0)
2026-06-28 21:06:12.084 8 INFO placement.requestlog [None req-f6cf4eae-ccfd-4d7f-95fa-8ad9d5a3000f c2edb9b8c57246a18d8eb13a84580164 c42158845df04b409a5ea87eecb57a12 - - c272cba0eed0460f864bbf729fbd5c57 c272cba0eed0460f864bbf729fbd5c57] 10.0.0.137 "GET /resource_providers/1056b7e7-da38-4513-a541-5ddb06e9ab9a/aggregates" status: 404 len: 235 microversion: 1.1 [pid: 8|app: 0|req: 306/613] 10.0.0.137 () {32 vars in 816 bytes} [Sun Jun 28 21:06:12 2026] GET /resource_providers/1056b7e7-da38-4513-a541-5ddb06e9ab9a/aggregates => generated 235 bytes in 21 msecs (HTTP/1.1 404) 5 headers in 202 bytes (1 switches on core 0)
2026-06-28 21:06:12.122 7 INFO placement.requestlog [None req-fe2eb7f0-cd7a-4f7f-92e2-f03933eb56e6 c2edb9b8c57246a18d8eb13a84580164 c42158845df04b409a5ea87eecb57a12 - - c272cba0eed0460f864bbf729fbd5c57 c272cba0eed0460f864bbf729fbd5c57] 10.0.0.137 "DELETE /resource_providers/1056b7e7-da38-4513-a541-5ddb06e9ab9a" status: 404 len: 246 microversion: 1.1
2026-06-28 21:06:12.122 8 INFO placement.requestlog [None req-abfdcb78-0f03-4016-83f0-c8f85d44258e c2edb9b8c57246a18d8eb13a84580164 c42158845df04b409a5ea87eecb57a12 - - c272cba0eed0460f864bbf729fbd5c57 c272cba0eed0460f864bbf729fbd5c57] 10.0.0.137 "DELETE /resource_providers/1056b7e7-da38-4513-a541-5ddb06e9ab9a" status: 404 len: 246 microversion: 1.1 [pid: 8|app: 0|req: 307/614] 10.0.0.137 () {34 vars in 816 bytes} [Sun Jun 28 21:06:12 2026] DELETE /resource_providers/1056b7e7-da38-4513-a541-5ddb06e9ab9a => generated 246 bytes in 27 msecs (HTTP/1.1 404) 6 headers in 231 bytes (1 switches on core 0) [pid: 7|app: 0|req: 308/615] 10.0.0.137 () {34 vars in 816 bytes} [Sun Jun 28 21:06:12 2026] DELETE /resource_providers/1056b7e7-da38-4513-a541-5ddb06e9ab9a => generated 246 bytes in 28 msecs (HTTP/1.1 404) 6 headers in 231 bytes (1 switches on core 0)
2026-06-28 21:06:13.691 8 INFO placement.requestlog [None req-a5087867-f504-4fe7-8f8c-b087b6f26a8b c2edb9b8c57246a18d8eb13a84580164 c42158845df04b409a5ea87eecb57a12 - - c272cba0eed0460f864bbf729fbd5c57 c272cba0eed0460f864bbf729fbd5c57] 10.0.0.137 "GET /resource_providers/061cbaa4-3b73-4c2d-aeee-a4f074a83e27/aggregates" status: 404 len: 235 microversion: 1.1 [pid: 8|app: 0|req: 308/616] 10.0.0.137 () {32 vars in 816 bytes} [Sun Jun 28 21:06:13 2026] GET /resource_providers/061cbaa4-3b73-4c2d-aeee-a4f074a83e27/aggregates => generated 235 bytes in 173 msecs (HTTP/1.1 404) 5 headers in 202 bytes (1 switches on core 0)
2026-06-28 21:06:13.712 8 INFO placement.requestlog [None req-326746cb-8a2a-43c0-ab05-6c3d0049d470 c2edb9b8c57246a18d8eb13a84580164 c42158845df04b409a5ea87eecb57a12 - - c272cba0eed0460f864bbf729fbd5c57 c272cba0eed0460f864bbf729fbd5c57] 10.0.0.137 "DELETE /resource_providers/061cbaa4-3b73-4c2d-aeee-a4f074a83e27" status: 404 len: 246 microversion: 1.1 [pid: 8|app: 0|req: 309/617] 10.0.0.137 () {34 vars in 816 bytes} [Sun Jun 28 21:06:13 2026] DELETE /resource_providers/061cbaa4-3b73-4c2d-aeee-a4f074a83e27 => generated 246 bytes in 13 msecs (HTTP/1.1 404) 6 headers in 231 bytes (1 switches on core 0)
2026-06-28 21:06:13.717 7 INFO placement.requestlog [None req-ca6786f0-ce59-4f1a-9075-ccbf8e281d50 c2edb9b8c57246a18d8eb13a84580164 c42158845df04b409a5ea87eecb57a12 - - c272cba0eed0460f864bbf729fbd5c57 c272cba0eed0460f864bbf729fbd5c57] 10.0.0.137 "GET /resource_providers/061cbaa4-3b73-4c2d-aeee-a4f074a83e27/aggregates" status: 404 len: 235 microversion: 1.1 [pid: 7|app: 0|req: 309/618] 10.0.0.137 () {32 vars in 816 bytes} [Sun Jun 28 21:06:13 2026] GET /resource_providers/061cbaa4-3b73-4c2d-aeee-a4f074a83e27/aggregates => generated 235 bytes in 155 msecs (HTTP/1.1 404) 5 headers in 202 bytes (1 switches on core 0)
2026-06-28 21:06:13.739 8 INFO placement.requestlog [None req-a17f080f-dea3-4de6-98d6-1a98456b9e1b c2edb9b8c57246a18d8eb13a84580164 c42158845df04b409a5ea87eecb57a12 - - c272cba0eed0460f864bbf729fbd5c57 c272cba0eed0460f864bbf729fbd5c57] 10.0.0.137 "DELETE /resource_providers/061cbaa4-3b73-4c2d-aeee-a4f074a83e27" status: 404 len: 246 microversion: 1.1 [pid: 8|app: 0|req: 310/619] 10.0.0.137 () {34 vars in 816 bytes} [Sun Jun 28 21:06:13 2026] DELETE /resource_providers/061cbaa4-3b73-4c2d-aeee-a4f074a83e27 => generated 246 bytes in 9 msecs (HTTP/1.1 404) 6 headers in 231 bytes (1 switches on core 0)
2026-06-28 21:06:15.556 7 INFO placement.requestlog [req-3f885df5-0f9a-4576-976f-783be1972429 req-d2868a95-ed92-4e78-94ea-f312ac88b7b1 fcfa014468064a94b041f109e7444ff6 c42158845df04b409a5ea87eecb57a12 - - c272cba0eed0460f864bbf729fbd5c57 c272cba0eed0460f864bbf729fbd5c57] 10.0.0.122 "GET /allocation_candidates?limit=1000&resources=DISK_GB%3A1%2CMEMORY_MB%3A512%2CVCPU%3A1&root_required=%21COMPUTE_STATUS_DISABLED" status: 200 len: 2147 microversion: 1.36 [pid: 7|app: 0|req: 310/620] 10.0.0.122 () {34 vars in 1012 bytes} [Sun Jun 28 21:06:15 2026] GET /allocation_candidates?limit=1000&resources=DISK_GB%3A1%2CMEMORY_MB%3A512%2CVCPU%3A1&root_required=%21COMPUTE_STATUS_DISABLED => generated 2147 bytes in 280 msecs (HTTP/1.1 200) 8 headers in 297 bytes (1 switches on core 0)
2026-06-28 21:06:15.600 8 INFO placement.requestlog [req-3f885df5-0f9a-4576-976f-783be1972429 req-0bdac05b-1315-4cc1-bdeb-7f125a1b529a fcfa014468064a94b041f109e7444ff6 c42158845df04b409a5ea87eecb57a12 - - c272cba0eed0460f864bbf729fbd5c57 c272cba0eed0460f864bbf729fbd5c57] 10.0.0.122 "GET /allocations/4d0a1a95-7b3d-4b4e-b50f-5707924ea603" status: 200 len: 19 microversion: 1.28 [pid: 8|app: 0|req: 311/621] 10.0.0.122 () {34 vars in 861 bytes} [Sun Jun 28 21:06:15 2026] GET /allocations/4d0a1a95-7b3d-4b4e-b50f-5707924ea603 => generated 19 bytes in 9 msecs (HTTP/1.1 200) 8 headers in 295 bytes (1 switches on core 0)
2026-06-28 21:06:15.684 7 INFO placement.requestlog [req-3f885df5-0f9a-4576-976f-783be1972429 req-ae2bf8da-5871-4934-84fd-997746f6629d fcfa014468064a94b041f109e7444ff6 c42158845df04b409a5ea87eecb57a12 - - c272cba0eed0460f864bbf729fbd5c57 c272cba0eed0460f864bbf729fbd5c57] 10.0.0.122 "PUT /allocations/4d0a1a95-7b3d-4b4e-b50f-5707924ea603" status: 204 len: 0 microversion: 1.36 [pid: 7|app: 0|req: 311/622] 10.0.0.122 () {38 vars in 914 bytes} [Sun Jun 28 21:06:15 2026] PUT /allocations/4d0a1a95-7b3d-4b4e-b50f-5707924ea603 => generated 0 bytes in 74 msecs (HTTP/1.1 204) 5 headers in 199 bytes (1 switches on core 0)
2026-06-28 21:06:16.172 8 INFO placement.requestlog [req-3f885df5-0f9a-4576-976f-783be1972429 req-6a4c9524-35ae-4f2f-b76b-7039dc558f57 fcfa014468064a94b041f109e7444ff6 c42158845df04b409a5ea87eecb57a12 - - c272cba0eed0460f864bbf729fbd5c57 c272cba0eed0460f864bbf729fbd5c57] 199.204.45.89 "GET /allocations/4d0a1a95-7b3d-4b4e-b50f-5707924ea603" status: 200 len: 257 microversion: 1.28 [pid: 8|app: 0|req: 312/623] 199.204.45.89 () {34 vars in 862 bytes} [Sun Jun 28 21:06:16 2026] GET /allocations/4d0a1a95-7b3d-4b4e-b50f-5707924ea603 => generated 257 bytes in 21 msecs (HTTP/1.1 200) 8 headers in 296 bytes (1 switches on core 0)
2026-06-28 21:06:16.235 7 INFO placement.requestlog [None req-e2a4ad1c-2af9-4e5d-9da7-6f423e80a65e c2edb9b8c57246a18d8eb13a84580164 c42158845df04b409a5ea87eecb57a12 - - c272cba0eed0460f864bbf729fbd5c57 c272cba0eed0460f864bbf729fbd5c57] 10.0.0.137 "GET /resource_providers/918f62b1-1d77-4d08-8bc5-a204115e165c/aggregates" status: 404 len: 235 microversion: 1.1 [pid: 7|app: 0|req: 312/624] 10.0.0.137 () {32 vars in 816 bytes} [Sun Jun 28 21:06:16 2026] GET /resource_providers/918f62b1-1d77-4d08-8bc5-a204115e165c/aggregates => generated 235 bytes in 12 msecs (HTTP/1.1 404) 5 headers in 202 bytes (1 switches on core 0)
2026-06-28 21:06:16.240 8 INFO placement.requestlog [None req-98d96e22-3f10-46de-8e16-4c44fd065f35 c2edb9b8c57246a18d8eb13a84580164 c42158845df04b409a5ea87eecb57a12 - - c272cba0eed0460f864bbf729fbd5c57 c272cba0eed0460f864bbf729fbd5c57] 10.0.0.137 "GET /resource_providers/918f62b1-1d77-4d08-8bc5-a204115e165c/aggregates" status: 404 len: 235 microversion: 1.1 [pid: 8|app: 0|req: 313/625] 10.0.0.137 () {32 vars in 816 bytes} [Sun Jun 28 21:06:16 2026] GET /resource_providers/918f62b1-1d77-4d08-8bc5-a204115e165c/aggregates => generated 235 bytes in 17 msecs (HTTP/1.1 404) 5 headers in 202 bytes (1 switches on core 0)
2026-06-28 21:06:16.266 8 INFO placement.requestlog [None req-31101f92-fbff-406a-aa86-f87a376a741a c2edb9b8c57246a18d8eb13a84580164 c42158845df04b409a5ea87eecb57a12 - - c272cba0eed0460f864bbf729fbd5c57 c272cba0eed0460f864bbf729fbd5c57] 10.0.0.137 "DELETE /resource_providers/918f62b1-1d77-4d08-8bc5-a204115e165c" status: 404 len: 246 microversion: 1.1 [pid: 8|app: 0|req: 314/626] 10.0.0.137 () {34 vars in 816 bytes} [Sun Jun 28 21:06:16 2026] DELETE /resource_providers/918f62b1-1d77-4d08-8bc5-a204115e165c => generated 246 bytes in 12 msecs (HTTP/1.1 404) 6 headers in 231 bytes (1 switches on core 0)
2026-06-28 21:06:16.274 7 INFO placement.requestlog [None req-b0c400a7-a4ea-42f3-8b0a-00e62cab4abd c2edb9b8c57246a18d8eb13a84580164 c42158845df04b409a5ea87eecb57a12 - - c272cba0eed0460f864bbf729fbd5c57 c272cba0eed0460f864bbf729fbd5c57] 10.0.0.137 "DELETE /resource_providers/918f62b1-1d77-4d08-8bc5-a204115e165c" status: 404 len: 246 microversion: 1.1 [pid: 7|app: 0|req: 313/627] 10.0.0.137 () {34 vars in 816 bytes} [Sun Jun 28 21:06:16 2026] DELETE /resource_providers/918f62b1-1d77-4d08-8bc5-a204115e165c => generated 246 bytes in 20 msecs (HTTP/1.1 404) 6 headers in 231 bytes (1 switches on core 0)
2026-06-28 21:06:16.347 8 INFO placement.requestlog [req-3f885df5-0f9a-4576-976f-783be1972429 req-54d8390d-7184-4505-a967-ef62e6c3618d fcfa014468064a94b041f109e7444ff6 c42158845df04b409a5ea87eecb57a12 - - c272cba0eed0460f864bbf729fbd5c57 c272cba0eed0460f864bbf729fbd5c57] 199.204.45.89 "GET /resource_providers/e5930c19-e427-47cc-ab4c-5b069ce07658/allocations" status: 200 len: 152 microversion: 1.0 [pid: 8|app: 0|req: 315/628] 199.204.45.89 () {32 vars in 856 bytes} [Sun Jun 28 21:06:16 2026] GET /resource_providers/e5930c19-e427-47cc-ab4c-5b069ce07658/allocations => generated 152 bytes in 22 msecs (HTTP/1.1 200) 6 headers in 224 bytes (1 switches on core 0)
2026-06-28 21:06:16.375 7 INFO placement.requestlog [req-3f885df5-0f9a-4576-976f-783be1972429 req-14ced7eb-f695-48c7-bebc-8504c32152f3 fcfa014468064a94b041f109e7444ff6 c42158845df04b409a5ea87eecb57a12 - - c272cba0eed0460f864bbf729fbd5c57 c272cba0eed0460f864bbf729fbd5c57] 199.204.45.89 "GET /allocations/4d0a1a95-7b3d-4b4e-b50f-5707924ea603" status: 200 len: 257 microversion: 1.28 [pid: 7|app: 0|req: 314/629] 199.204.45.89 () {34 vars in 862 bytes} [Sun Jun 28 21:06:16 2026] GET /allocations/4d0a1a95-7b3d-4b4e-b50f-5707924ea603 => generated 257 bytes in 17 msecs (HTTP/1.1 200) 8 headers in 296 bytes (1 switches on core 0)
2026-06-28 21:06:21.536 8 INFO placement.requestlog [None req-ff1b3d8a-aeda-47b1-9624-0147fd4b0a04 - - - - - -] 10.0.0.169 "GET /" status: 200 len: 136 microversion: 1.0
2026-06-28 21:06:21.536 7 INFO placement.requestlog [None req-182f0243-5fd3-47f3-a03d-d50b09740967 - - - - - -] 10.0.0.169 "GET /" status: 200 len: 136 microversion: 1.0
2026-06-28 21:06:21.757 8 INFO placement.requestlog [req-94772769-cfbf-4494-917d-e542b3183c56 req-bb874fdf-e05e-4f97-b2ce-e636251b33fe fcfa014468064a94b041f109e7444ff6 c42158845df04b409a5ea87eecb57a12 - - c272cba0eed0460f864bbf729fbd5c57 c272cba0eed0460f864bbf729fbd5c57] 10.0.0.122 "GET /allocation_candidates?limit=1000&resources=DISK_GB%3A1%2CMEMORY_MB%3A512%2CVCPU%3A1&root_required=%21COMPUTE_STATUS_DISABLED" status: 200 len: 2149 microversion: 1.36 [pid: 8|app: 0|req: 317/632] 10.0.0.122 () {34 vars in 1012 bytes} [Sun Jun 28 21:06:21 2026] GET /allocation_candidates?limit=1000&resources=DISK_GB%3A1%2CMEMORY_MB%3A512%2CVCPU%3A1&root_required=%21COMPUTE_STATUS_DISABLED => generated 2149 bytes in 74 msecs (HTTP/1.1 200) 8 headers in 297 bytes (1 switches on core 0)
2026-06-28 21:06:21.802 7 INFO placement.requestlog [req-94772769-cfbf-4494-917d-e542b3183c56 req-60383401-89b3-4156-bf09-f2fcc1c8d84e fcfa014468064a94b041f109e7444ff6 c42158845df04b409a5ea87eecb57a12 - - c272cba0eed0460f864bbf729fbd5c57 c272cba0eed0460f864bbf729fbd5c57] 10.0.0.122 "GET /allocations/54e98f9f-8af8-4fa2-8b75-46b55af339d4" status: 200 len: 19 microversion: 1.28 [pid: 7|app: 0|req: 316/633] 10.0.0.122 () {34 vars in 861 bytes} [Sun Jun 28 21:06:21 2026] GET /allocations/54e98f9f-8af8-4fa2-8b75-46b55af339d4 => generated 19 bytes in 11 msecs (HTTP/1.1 200) 8 headers in 295 bytes (1 switches on core 0)
2026-06-28 21:06:21.949 8 INFO placement.requestlog [req-94772769-cfbf-4494-917d-e542b3183c56 req-2a23f273-5caf-421a-9d22-fb44a5c20c0c fcfa014468064a94b041f109e7444ff6 c42158845df04b409a5ea87eecb57a12 - - c272cba0eed0460f864bbf729fbd5c57 c272cba0eed0460f864bbf729fbd5c57] 10.0.0.122 "PUT /allocations/54e98f9f-8af8-4fa2-8b75-46b55af339d4" status: 204 len: 0 microversion: 1.36 [pid: 8|app: 0|req: 318/634] 10.0.0.122 () {38 vars in 914 bytes} [Sun Jun 28 21:06:21 2026] PUT /allocations/54e98f9f-8af8-4fa2-8b75-46b55af339d4 => generated 0 bytes in 140 msecs (HTTP/1.1 204) 5 headers in 199 bytes (1 switches on core 0)
2026-06-28 21:06:22.300 7 INFO placement.requestlog [req-94772769-cfbf-4494-917d-e542b3183c56 req-966fc9d4-b49b-4fcb-978c-b8120e11c71b fcfa014468064a94b041f109e7444ff6 c42158845df04b409a5ea87eecb57a12 - - c272cba0eed0460f864bbf729fbd5c57 c272cba0eed0460f864bbf729fbd5c57] 199.204.45.89 "GET /allocations/54e98f9f-8af8-4fa2-8b75-46b55af339d4" status: 200 len: 257 microversion: 1.28 [pid: 7|app: 0|req: 317/635] 199.204.45.89 () {34 vars in 862 bytes} [Sun Jun 28 21:06:22 2026] GET /allocations/54e98f9f-8af8-4fa2-8b75-46b55af339d4 => generated 257 bytes in 18 msecs (HTTP/1.1 200) 8 headers in 296 bytes (1 switches on core 0)
2026-06-28 21:06:22.436 8 INFO placement.requestlog [req-94772769-cfbf-4494-917d-e542b3183c56 req-c9019ebe-8bef-4c9c-a74e-5f11864d772b fcfa014468064a94b041f109e7444ff6 c42158845df04b409a5ea87eecb57a12 - - c272cba0eed0460f864bbf729fbd5c57 c272cba0eed0460f864bbf729fbd5c57] 199.204.45.89 "GET /resource_providers/e5930c19-e427-47cc-ab4c-5b069ce07658/allocations" status: 200 len: 252 microversion: 1.0 [pid: 8|app: 0|req: 319/636] 199.204.45.89 () {32 vars in 856 bytes} [Sun Jun 28 21:06:22 2026] GET /resource_providers/e5930c19-e427-47cc-ab4c-5b069ce07658/allocations => generated 252 bytes in 19 msecs (HTTP/1.1 200) 6 headers in 224 bytes (1 switches on core 0)
2026-06-28 21:06:22.465 7 INFO placement.requestlog [req-94772769-cfbf-4494-917d-e542b3183c56 req-680e5f0c-430d-4970-a4db-6a931f193a16 fcfa014468064a94b041f109e7444ff6 c42158845df04b409a5ea87eecb57a12 - - c272cba0eed0460f864bbf729fbd5c57 c272cba0eed0460f864bbf729fbd5c57] 199.204.45.89 "GET /allocations/4d0a1a95-7b3d-4b4e-b50f-5707924ea603" status: 200 len: 257 microversion: 1.28 [pid: 7|app: 0|req: 318/637] 199.204.45.89 () {34 vars in 862 bytes} [Sun Jun 28 21:06:22 2026] GET /allocations/4d0a1a95-7b3d-4b4e-b50f-5707924ea603 => generated 257 bytes in 18 msecs (HTTP/1.1 200) 8 headers in 296 bytes (1 switches on core 0)
2026-06-28 21:06:22.490 8 INFO placement.requestlog [req-94772769-cfbf-4494-917d-e542b3183c56 req-3c721c4e-7b80-4969-b464-349d091303dd fcfa014468064a94b041f109e7444ff6 c42158845df04b409a5ea87eecb57a12 - - c272cba0eed0460f864bbf729fbd5c57 c272cba0eed0460f864bbf729fbd5c57] 199.204.45.89 "GET /allocations/54e98f9f-8af8-4fa2-8b75-46b55af339d4" status: 200 len: 257 microversion: 1.28 [pid: 8|app: 0|req: 320/638] 199.204.45.89 () {34 vars in 862 bytes} [Sun Jun 28 21:06:22 2026] GET /allocations/54e98f9f-8af8-4fa2-8b75-46b55af339d4 => generated 257 bytes in 19 msecs (HTTP/1.1 200) 8 headers in 296 bytes (1 switches on core 0)
2026-06-28 21:06:28.131 7 INFO placement.requestlog [req-e0450910-c33e-4ccb-9413-155cf283fee8 req-553c7f76-d28c-49b2-a8d4-3a2aba09d5c1 fcfa014468064a94b041f109e7444ff6 c42158845df04b409a5ea87eecb57a12 - - c272cba0eed0460f864bbf729fbd5c57 c272cba0eed0460f864bbf729fbd5c57] 199.204.45.89 "GET /resource_providers/e5930c19-e427-47cc-ab4c-5b069ce07658/allocations" status: 200 len: 252 microversion: 1.0 [pid: 7|app: 0|req: 319/639] 199.204.45.89 () {32 vars in 856 bytes} [Sun Jun 28 21:06:28 2026] GET /resource_providers/e5930c19-e427-47cc-ab4c-5b069ce07658/allocations => generated 252 bytes in 58 msecs (HTTP/1.1 200) 6 headers in 224 bytes (1 switches on core 0)
2026-06-28 21:06:28.176 8 INFO placement.requestlog [req-e0450910-c33e-4ccb-9413-155cf283fee8 req-f3e9227d-3680-433f-b970-ac65b3ea5c2d fcfa014468064a94b041f109e7444ff6 c42158845df04b409a5ea87eecb57a12 - - c272cba0eed0460f864bbf729fbd5c57 c272cba0eed0460f864bbf729fbd5c57] 199.204.45.89 "GET /resource_providers/e5930c19-e427-47cc-ab4c-5b069ce07658/allocations" status: 200 len: 252 microversion: 1.0 [pid: 8|app: 0|req: 321/640] 199.204.45.89 () {32 vars in 856 bytes} [Sun Jun 28 21:06:28 2026] GET /resource_providers/e5930c19-e427-47cc-ab4c-5b069ce07658/allocations => generated 252 bytes in 32 msecs (HTTP/1.1 200) 6 headers in 224 bytes (1 switches on core 0)
2026-06-28 21:06:28.201 7 INFO placement.requestlog [req-e0450910-c33e-4ccb-9413-155cf283fee8 req-881f4206-c090-458f-8ade-d5d98df8fcef fcfa014468064a94b041f109e7444ff6 c42158845df04b409a5ea87eecb57a12 - - c272cba0eed0460f864bbf729fbd5c57 c272cba0eed0460f864bbf729fbd5c57] 199.204.45.89 "GET /allocations/4d0a1a95-7b3d-4b4e-b50f-5707924ea603" status: 200 len: 257 microversion: 1.28 [pid: 7|app: 0|req: 320/641] 199.204.45.89 () {34 vars in 862 bytes} [Sun Jun 28 21:06:28 2026] GET /allocations/4d0a1a95-7b3d-4b4e-b50f-5707924ea603 => generated 257 bytes in 16 msecs (HTTP/1.1 200) 8 headers in 296 bytes (1 switches on core 0)
2026-06-28 21:06:28.230 8 INFO placement.requestlog [req-e0450910-c33e-4ccb-9413-155cf283fee8 req-c40f00c3-0c06-4242-8b7d-f1c27c19d350 fcfa014468064a94b041f109e7444ff6 c42158845df04b409a5ea87eecb57a12 - - c272cba0eed0460f864bbf729fbd5c57 c272cba0eed0460f864bbf729fbd5c57] 199.204.45.89 "GET /allocations/54e98f9f-8af8-4fa2-8b75-46b55af339d4" status: 200 len: 257 microversion: 1.28 [pid: 8|app: 0|req: 322/642] 199.204.45.89 () {34 vars in 862 bytes} [Sun Jun 28 21:06:28 2026] GET /allocations/54e98f9f-8af8-4fa2-8b75-46b55af339d4 => generated 257 bytes in 17 msecs (HTTP/1.1 200) 8 headers in 296 bytes (1 switches on core 0)
2026-06-28 21:06:29.255 7 INFO placement.requestlog [req-45d61b83-4321-49d7-a173-47d565cfb977 req-8c783a3f-14c7-4e39-b96a-b0325823c667 fcfa014468064a94b041f109e7444ff6 c42158845df04b409a5ea87eecb57a12 - - c272cba0eed0460f864bbf729fbd5c57 c272cba0eed0460f864bbf729fbd5c57] 199.204.45.89 "GET /resource_providers/e5930c19-e427-47cc-ab4c-5b069ce07658/allocations" status: 200 len: 252 microversion: 1.0 [pid: 7|app: 0|req: 321/643] 199.204.45.89 () {32 vars in 856 bytes} [Sun Jun 28 21:06:29 2026] GET /resource_providers/e5930c19-e427-47cc-ab4c-5b069ce07658/allocations => generated 252 bytes in 17 msecs (HTTP/1.1 200) 6 headers in 224 bytes (1 switches on core 0)
2026-06-28 21:06:29.305 8 INFO placement.requestlog [req-45d61b83-4321-49d7-a173-47d565cfb977 req-e7aac3eb-95fc-456a-a7d0-631249a8d883 fcfa014468064a94b041f109e7444ff6 c42158845df04b409a5ea87eecb57a12 - - c272cba0eed0460f864bbf729fbd5c57 c272cba0eed0460f864bbf729fbd5c57] 199.204.45.89 "GET /allocations/4d0a1a95-7b3d-4b4e-b50f-5707924ea603" status: 200 len: 257 microversion: 1.28 [pid: 8|app: 0|req: 323/644] 199.204.45.89 () {34 vars in 862 bytes} [Sun Jun 28 21:06:29 2026] GET /allocations/4d0a1a95-7b3d-4b4e-b50f-5707924ea603 => generated 257 bytes in 31 msecs (HTTP/1.1 200) 8 headers in 296 bytes (1 switches on core 0)
2026-06-28 21:06:29.323 7 INFO placement.requestlog [req-45d61b83-4321-49d7-a173-47d565cfb977 req-64a82fd2-b497-42c9-8247-bb631b60faa8 fcfa014468064a94b041f109e7444ff6 c42158845df04b409a5ea87eecb57a12 - - c272cba0eed0460f864bbf729fbd5c57 c272cba0eed0460f864bbf729fbd5c57] 199.204.45.89 "GET /allocations/54e98f9f-8af8-4fa2-8b75-46b55af339d4" status: 200 len: 257 microversion: 1.28 [pid: 7|app: 0|req: 322/645] 199.204.45.89 () {34 vars in 862 bytes} [Sun Jun 28 21:06:29 2026] GET /allocations/54e98f9f-8af8-4fa2-8b75-46b55af339d4 => generated 257 bytes in 12 msecs (HTTP/1.1 200) 8 headers in 296 bytes (1 switches on core 0)
2026-06-28 21:06:29.462 8 INFO placement.requestlog [req-45d61b83-4321-49d7-a173-47d565cfb977 req-824af65c-76fb-42fc-a1df-c8fcc347db2b fcfa014468064a94b041f109e7444ff6 c42158845df04b409a5ea87eecb57a12 - - c272cba0eed0460f864bbf729fbd5c57 c272cba0eed0460f864bbf729fbd5c57] 199.204.45.89 "DELETE /allocations/54e98f9f-8af8-4fa2-8b75-46b55af339d4" status: 204 len: 0 microversion: 1.0 [pid: 8|app: 0|req: 324/646] 199.204.45.89 () {34 vars in 840 bytes} [Sun Jun 28 21:06:29 2026] DELETE /allocations/54e98f9f-8af8-4fa2-8b75-46b55af339d4 => generated 0 bytes in 55 msecs (HTTP/1.1 204) 5 headers in 198 bytes (1 switches on core 0)
2026-06-28 21:06:31.536 8 INFO placement.requestlog [None req-2387206a-54af-423a-812a-746532ff56a4 - - - - - -] 10.0.0.169 "GET /" status: 200 len: 136 microversion: 1.0
2026-06-28 21:06:31.538 7 INFO placement.requestlog [None req-b53e72d4-26c8-4301-bb82-d827de9527f4 - - - - - -] 10.0.0.169 "GET /" status: 200 len: 136 microversion: 1.0
2026-06-28 21:06:32.154 8 INFO placement.requestlog [req-a5a77e50-47cf-4195-855a-fb2676133d09 req-11f68e3f-9ffd-456a-bca4-c4a1d0524b9a fcfa014468064a94b041f109e7444ff6 c42158845df04b409a5ea87eecb57a12 - - c272cba0eed0460f864bbf729fbd5c57 c272cba0eed0460f864bbf729fbd5c57] 10.0.0.122 "GET /allocation_candidates?limit=1000&resources=MEMORY_MB%3A512%2CVCPU%3A1&root_required=%21COMPUTE_STATUS_DISABLED" status: 200 len: 2135 microversion: 1.36 [pid: 8|app: 0|req: 326/649] 10.0.0.122 () {34 vars in 984 bytes} [Sun Jun 28 21:06:32 2026] GET /allocation_candidates?limit=1000&resources=MEMORY_MB%3A512%2CVCPU%3A1&root_required=%21COMPUTE_STATUS_DISABLED => generated 2135 bytes in 61 msecs (HTTP/1.1 200) 8 headers in 297 bytes (1 switches on core 0)
2026-06-28 21:06:32.192 7 INFO placement.requestlog [req-a5a77e50-47cf-4195-855a-fb2676133d09 req-dad11ea8-61cb-4308-bab9-7714024058dc fcfa014468064a94b041f109e7444ff6 c42158845df04b409a5ea87eecb57a12 - - c272cba0eed0460f864bbf729fbd5c57 c272cba0eed0460f864bbf729fbd5c57] 10.0.0.122 "GET /allocations/22f0f580-35bc-4d24-98d7-861250275773" status: 200 len: 19 microversion: 1.28 [pid: 7|app: 0|req: 324/650] 10.0.0.122 () {34 vars in 861 bytes} [Sun Jun 28 21:06:32 2026] GET /allocations/22f0f580-35bc-4d24-98d7-861250275773 => generated 19 bytes in 16 msecs (HTTP/1.1 200) 8 headers in 295 bytes (1 switches on core 0)
2026-06-28 21:06:32.293 8 INFO placement.requestlog [req-a5a77e50-47cf-4195-855a-fb2676133d09 req-fe015e16-25ad-4c27-b294-db32b89a484c fcfa014468064a94b041f109e7444ff6 c42158845df04b409a5ea87eecb57a12 - - c272cba0eed0460f864bbf729fbd5c57 c272cba0eed0460f864bbf729fbd5c57] 10.0.0.122 "PUT /allocations/22f0f580-35bc-4d24-98d7-861250275773" status: 204 len: 0 microversion: 1.36 [pid: 8|app: 0|req: 327/651] 10.0.0.122 () {38 vars in 914 bytes} [Sun Jun 28 21:06:32 2026] PUT /allocations/22f0f580-35bc-4d24-98d7-861250275773 => generated 0 bytes in 88 msecs (HTTP/1.1 204) 5 headers in 199 bytes (1 switches on core 0)
2026-06-28 21:06:32.734 7 INFO placement.requestlog [None req-95066989-0c5c-479f-8f0d-f9b71815df88 c2edb9b8c57246a18d8eb13a84580164 c42158845df04b409a5ea87eecb57a12 - - c272cba0eed0460f864bbf729fbd5c57 c272cba0eed0460f864bbf729fbd5c57] 10.0.0.137 "GET /resource_providers/9ba64c38-007b-425f-a0b6-20fe8706d917/aggregates" status: 404 len: 235 microversion: 1.1 [pid: 7|app: 0|req: 325/652] 10.0.0.137 () {32 vars in 816 bytes} [Sun Jun 28 21:06:32 2026] GET /resource_providers/9ba64c38-007b-425f-a0b6-20fe8706d917/aggregates => generated 235 bytes in 12 msecs (HTTP/1.1 404) 5 headers in 202 bytes (1 switches on core 0)
2026-06-28 21:06:32.734 8 INFO placement.requestlog [None req-26f5c0a7-78da-494e-b5d1-cfc153278bc4 c2edb9b8c57246a18d8eb13a84580164 c42158845df04b409a5ea87eecb57a12 - - c272cba0eed0460f864bbf729fbd5c57 c272cba0eed0460f864bbf729fbd5c57] 10.0.0.137 "GET /resource_providers/9ba64c38-007b-425f-a0b6-20fe8706d917/aggregates" status: 404 len: 235 microversion: 1.1 [pid: 8|app: 0|req: 328/653] 10.0.0.137 () {32 vars in 816 bytes} [Sun Jun 28 21:06:32 2026] GET /resource_providers/9ba64c38-007b-425f-a0b6-20fe8706d917/aggregates => generated 235 bytes in 12 msecs (HTTP/1.1 404) 5 headers in 202 bytes (1 switches on core 0)
2026-06-28 21:06:32.763 7 INFO placement.requestlog [None req-3cfbe1dd-e4da-4d56-9882-f287ca988459 c2edb9b8c57246a18d8eb13a84580164 c42158845df04b409a5ea87eecb57a12 - - c272cba0eed0460f864bbf729fbd5c57 c272cba0eed0460f864bbf729fbd5c57] 10.0.0.137 "DELETE /resource_providers/9ba64c38-007b-425f-a0b6-20fe8706d917" status: 404 len: 246 microversion: 1.1 [pid: 7|app: 0|req: 326/654] 10.0.0.137 () {34 vars in 816 bytes} [Sun Jun 28 21:06:32 2026] DELETE /resource_providers/9ba64c38-007b-425f-a0b6-20fe8706d917 => generated 246 bytes in 16 msecs (HTTP/1.1 404) 6 headers in 231 bytes (1 switches on core 0)
2026-06-28 21:06:32.765 8 INFO placement.requestlog [None req-71dcbba8-2b7b-403f-835f-f6eca9122bb2 c2edb9b8c57246a18d8eb13a84580164 c42158845df04b409a5ea87eecb57a12 - - c272cba0eed0460f864bbf729fbd5c57 c272cba0eed0460f864bbf729fbd5c57] 10.0.0.137 "DELETE /resource_providers/9ba64c38-007b-425f-a0b6-20fe8706d917" status: 404 len: 246 microversion: 1.1 [pid: 8|app: 0|req: 329/655] 10.0.0.137 () {34 vars in 816 bytes} [Sun Jun 28 21:06:32 2026] DELETE /resource_providers/9ba64c38-007b-425f-a0b6-20fe8706d917 => generated 246 bytes in 15 msecs (HTTP/1.1 404) 6 headers in 231 bytes (1 switches on core 0)
2026-06-28 21:06:32.782 7 INFO placement.requestlog [req-a5a77e50-47cf-4195-855a-fb2676133d09 req-3e66206a-62f0-42fe-9019-6f77aff17c53 fcfa014468064a94b041f109e7444ff6 c42158845df04b409a5ea87eecb57a12 - - c272cba0eed0460f864bbf729fbd5c57 c272cba0eed0460f864bbf729fbd5c57] 199.204.45.89 "GET /allocations/22f0f580-35bc-4d24-98d7-861250275773" status: 200 len: 243 microversion: 1.28 [pid: 7|app: 0|req: 327/656] 199.204.45.89 () {34 vars in 862 bytes} [Sun Jun 28 21:06:32 2026] GET /allocations/22f0f580-35bc-4d24-98d7-861250275773 => generated 243 bytes in 16 msecs (HTTP/1.1 200) 8 headers in 296 bytes (1 switches on core 0)
2026-06-28 21:06:32.901 8 INFO placement.requestlog [req-a5a77e50-47cf-4195-855a-fb2676133d09 req-b92251f9-a0ed-4142-b70c-eeb5620141e6 fcfa014468064a94b041f109e7444ff6 c42158845df04b409a5ea87eecb57a12 - - c272cba0eed0460f864bbf729fbd5c57 c272cba0eed0460f864bbf729fbd5c57] 199.204.45.89 "GET /resource_providers/e5930c19-e427-47cc-ab4c-5b069ce07658/allocations" status: 200 len: 238 microversion: 1.0 [pid: 8|app: 0|req: 330/657] 199.204.45.89 () {32 vars in 856 bytes} [Sun Jun 28 21:06:32 2026] GET /resource_providers/e5930c19-e427-47cc-ab4c-5b069ce07658/allocations => generated 238 bytes in 18 msecs (HTTP/1.1 200) 6 headers in 224 bytes (1 switches on core 0)
2026-06-28 21:06:32.926 7 INFO placement.requestlog [req-a5a77e50-47cf-4195-855a-fb2676133d09 req-487dd7f7-774d-4f58-b035-3411bba33b9c fcfa014468064a94b041f109e7444ff6 c42158845df04b409a5ea87eecb57a12 - - c272cba0eed0460f864bbf729fbd5c57 c272cba0eed0460f864bbf729fbd5c57] 199.204.45.89 "GET /allocations/4d0a1a95-7b3d-4b4e-b50f-5707924ea603" status: 200 len: 257 microversion: 1.28 [pid: 7|app: 0|req: 328/658] 199.204.45.89 () {34 vars in 862 bytes} [Sun Jun 28 21:06:32 2026] GET /allocations/4d0a1a95-7b3d-4b4e-b50f-5707924ea603 => generated 257 bytes in 17 msecs (HTTP/1.1 200) 8 headers in 296 bytes (1 switches on core 0)
2026-06-28 21:06:32.952 8 INFO placement.requestlog [req-a5a77e50-47cf-4195-855a-fb2676133d09 req-90103bbe-e45c-4606-9602-69cd7daf85b5 fcfa014468064a94b041f109e7444ff6 c42158845df04b409a5ea87eecb57a12 - - c272cba0eed0460f864bbf729fbd5c57 c272cba0eed0460f864bbf729fbd5c57] 199.204.45.89 "GET /allocations/22f0f580-35bc-4d24-98d7-861250275773" status: 200 len: 243 microversion: 1.28 [pid: 8|app: 0|req: 331/659] 199.204.45.89 () {34 vars in 862 bytes} [Sun Jun 28 21:06:32 2026] GET /allocations/22f0f580-35bc-4d24-98d7-861250275773 => generated 243 bytes in 15 msecs (HTTP/1.1 200) 8 headers in 296 bytes (1 switches on core 0)
2026-06-28 21:06:33.319 8 INFO placement.requestlog [None req-6d0dcc39-8718-4703-962b-3f338012df4a c2edb9b8c57246a18d8eb13a84580164 c42158845df04b409a5ea87eecb57a12 - - c272cba0eed0460f864bbf729fbd5c57 c272cba0eed0460f864bbf729fbd5c57] 10.0.0.137 "GET /resource_providers/841650e5-aed4-4413-bdac-cafb75c0aa32/aggregates" status: 404 len: 235 microversion: 1.1 [pid: 8|app: 0|req: 332/660] 10.0.0.137 () {32 vars in 816 bytes} [Sun Jun 28 21:06:33 2026] GET /resource_providers/841650e5-aed4-4413-bdac-cafb75c0aa32/aggregates => generated 235 bytes in 8 msecs (HTTP/1.1 404) 5 headers in 202 bytes (1 switches on core 0)
2026-06-28 21:06:33.323 7 INFO placement.requestlog [None req-1580ddc8-a6b0-4ad0-9bb8-01a7fca09f46 c2edb9b8c57246a18d8eb13a84580164 c42158845df04b409a5ea87eecb57a12 - - c272cba0eed0460f864bbf729fbd5c57 c272cba0eed0460f864bbf729fbd5c57] 10.0.0.137 "GET /resource_providers/841650e5-aed4-4413-bdac-cafb75c0aa32/aggregates" status: 404 len: 235 microversion: 1.1 [pid: 7|app: 0|req: 329/661] 10.0.0.137 () {32 vars in 816 bytes} [Sun Jun 28 21:06:33 2026] GET /resource_providers/841650e5-aed4-4413-bdac-cafb75c0aa32/aggregates => generated 235 bytes in 12 msecs (HTTP/1.1 404) 5 headers in 202 bytes (1 switches on core 0)
2026-06-28 21:06:33.344 8 INFO placement.requestlog [None req-cdc9041d-8a21-4e07-b6c7-8c7206c2bc68 c2edb9b8c57246a18d8eb13a84580164 c42158845df04b409a5ea87eecb57a12 - - c272cba0eed0460f864bbf729fbd5c57 c272cba0eed0460f864bbf729fbd5c57] 10.0.0.137 "DELETE /resource_providers/841650e5-aed4-4413-bdac-cafb75c0aa32" status: 404 len: 246 microversion: 1.1 [pid: 8|app: 0|req: 333/662] 10.0.0.137 () {34 vars in 816 bytes} [Sun Jun 28 21:06:33 2026] DELETE /resource_providers/841650e5-aed4-4413-bdac-cafb75c0aa32 => generated 246 bytes in 8 msecs (HTTP/1.1 404) 6 headers in 231 bytes (1 switches on core 0)
2026-06-28 21:06:33.346 7 INFO placement.requestlog [None req-07501224-ee94-4f99-a8a1-65eaf298121d c2edb9b8c57246a18d8eb13a84580164 c42158845df04b409a5ea87eecb57a12 - - c272cba0eed0460f864bbf729fbd5c57 c272cba0eed0460f864bbf729fbd5c57] 10.0.0.137 "DELETE /resource_providers/841650e5-aed4-4413-bdac-cafb75c0aa32" status: 404 len: 246 microversion: 1.1 [pid: 7|app: 0|req: 330/663] 10.0.0.137 () {34 vars in 816 bytes} [Sun Jun 28 21:06:33 2026] DELETE /resource_providers/841650e5-aed4-4413-bdac-cafb75c0aa32 => generated 246 bytes in 8 msecs (HTTP/1.1 404) 6 headers in 231 bytes (1 switches on core 0)
2026-06-28 21:06:34.785 8 INFO placement.requestlog [None req-0d5f4a49-cdd1-4e6c-a31d-1b40cbeaa946 c2edb9b8c57246a18d8eb13a84580164 c42158845df04b409a5ea87eecb57a12 - - c272cba0eed0460f864bbf729fbd5c57 c272cba0eed0460f864bbf729fbd5c57] 10.0.0.137 "GET /resource_providers/e2d9d1b5-cc86-4810-bfde-445a65777cba/aggregates" status: 404 len: 235 microversion: 1.1 [pid: 8|app: 0|req: 334/664] 10.0.0.137 () {32 vars in 816 bytes} [Sun Jun 28 21:06:34 2026] GET /resource_providers/e2d9d1b5-cc86-4810-bfde-445a65777cba/aggregates => generated 235 bytes in 14 msecs (HTTP/1.1 404) 5 headers in 202 bytes (1 switches on core 0)
2026-06-28 21:06:34.789 7 INFO placement.requestlog [None req-5d9fc7a1-c3c0-443e-8958-9e652d20c98c c2edb9b8c57246a18d8eb13a84580164 c42158845df04b409a5ea87eecb57a12 - - c272cba0eed0460f864bbf729fbd5c57 c272cba0eed0460f864bbf729fbd5c57] 10.0.0.137 "GET /resource_providers/e2d9d1b5-cc86-4810-bfde-445a65777cba/aggregates" status: 404 len: 235 microversion: 1.1 [pid: 7|app: 0|req: 331/665] 10.0.0.137 () {32 vars in 816 bytes} [Sun Jun 28 21:06:34 2026] GET /resource_providers/e2d9d1b5-cc86-4810-bfde-445a65777cba/aggregates => generated 235 bytes in 10 msecs (HTTP/1.1 404) 5 headers in 202 bytes (1 switches on core 0)
2026-06-28 21:06:34.814 8 INFO placement.requestlog [None req-ec0d8bbd-c88f-417e-994e-637fdc44f141 c2edb9b8c57246a18d8eb13a84580164 c42158845df04b409a5ea87eecb57a12 - - c272cba0eed0460f864bbf729fbd5c57 c272cba0eed0460f864bbf729fbd5c57] 10.0.0.137 "DELETE /resource_providers/e2d9d1b5-cc86-4810-bfde-445a65777cba" status: 404 len: 246 microversion: 1.1 [pid: 8|app: 0|req: 335/666] 10.0.0.137 () {34 vars in 816 bytes} [Sun Jun 28 21:06:34 2026] DELETE /resource_providers/e2d9d1b5-cc86-4810-bfde-445a65777cba => generated 246 bytes in 13 msecs (HTTP/1.1 404) 6 headers in 231 bytes (1 switches on core 0)
2026-06-28 21:06:34.824 7 INFO placement.requestlog [None req-6e089c5c-9dd3-4f6c-ba02-bc31719f8db7 c2edb9b8c57246a18d8eb13a84580164 c42158845df04b409a5ea87eecb57a12 - - c272cba0eed0460f864bbf729fbd5c57 c272cba0eed0460f864bbf729fbd5c57] 10.0.0.137 "DELETE /resource_providers/e2d9d1b5-cc86-4810-bfde-445a65777cba" status: 404 len: 246 microversion: 1.1 [pid: 7|app: 0|req: 332/667] 10.0.0.137 () {34 vars in 816 bytes} [Sun Jun 28 21:06:34 2026] DELETE /resource_providers/e2d9d1b5-cc86-4810-bfde-445a65777cba => generated 246 bytes in 20 msecs (HTTP/1.1 404) 6 headers in 231 bytes (1 switches on core 0)
2026-06-28 21:06:35.376 8 INFO placement.requestlog [None req-64251fab-3514-4483-a871-3c6a27467aa5 c2edb9b8c57246a18d8eb13a84580164 c42158845df04b409a5ea87eecb57a12 - - c272cba0eed0460f864bbf729fbd5c57 c272cba0eed0460f864bbf729fbd5c57] 10.0.0.137 "GET /resource_providers/768dfdfc-fe95-40ad-bfa1-532da2a3999d/aggregates" status: 404 len: 235 microversion: 1.1 [pid: 8|app: 0|req: 336/668] 10.0.0.137 () {32 vars in 816 bytes} [Sun Jun 28 21:06:35 2026] GET /resource_providers/768dfdfc-fe95-40ad-bfa1-532da2a3999d/aggregates => generated 235 bytes in 15 msecs (HTTP/1.1 404) 5 headers in 202 bytes (1 switches on core 0)
2026-06-28 21:06:35.381 7 INFO placement.requestlog [None req-edd7b055-6942-4e9c-b8f9-c901b3160d1c c2edb9b8c57246a18d8eb13a84580164 c42158845df04b409a5ea87eecb57a12 - - c272cba0eed0460f864bbf729fbd5c57 c272cba0eed0460f864bbf729fbd5c57] 10.0.0.137 "GET /resource_providers/768dfdfc-fe95-40ad-bfa1-532da2a3999d/aggregates" status: 404 len: 235 microversion: 1.1 [pid: 7|app: 0|req: 333/669] 10.0.0.137 () {32 vars in 816 bytes} [Sun Jun 28 21:06:35 2026] GET /resource_providers/768dfdfc-fe95-40ad-bfa1-532da2a3999d/aggregates => generated 235 bytes in 18 msecs (HTTP/1.1 404) 5 headers in 202 bytes (1 switches on core 0)
2026-06-28 21:06:35.401 8 INFO placement.requestlog [None req-bf3b4d76-90ca-49ce-ad47-3c48ee62dea7 c2edb9b8c57246a18d8eb13a84580164 c42158845df04b409a5ea87eecb57a12 - - c272cba0eed0460f864bbf729fbd5c57 c272cba0eed0460f864bbf729fbd5c57] 10.0.0.137 "DELETE /resource_providers/768dfdfc-fe95-40ad-bfa1-532da2a3999d" status: 404 len: 246 microversion: 1.1
2026-06-28 21:06:35.401 7 INFO placement.requestlog [None req-5f79d61f-1ce6-49a1-a742-98ea78b5ed32 c2edb9b8c57246a18d8eb13a84580164 c42158845df04b409a5ea87eecb57a12 - - c272cba0eed0460f864bbf729fbd5c57 c272cba0eed0460f864bbf729fbd5c57] 10.0.0.137 "DELETE /resource_providers/768dfdfc-fe95-40ad-bfa1-532da2a3999d" status: 404 len: 246 microversion: 1.1 [pid: 7|app: 0|req: 334/670] 10.0.0.137 () {34 vars in 816 bytes} [Sun Jun 28 21:06:35 2026] DELETE /resource_providers/768dfdfc-fe95-40ad-bfa1-532da2a3999d => generated 246 bytes in 12 msecs (HTTP/1.1 404) 6 headers in 231 bytes (1 switches on core 0) [pid: 8|app: 0|req: 337/671] 10.0.0.137 () {34 vars in 816 bytes} [Sun Jun 28 21:06:35 2026] DELETE /resource_providers/768dfdfc-fe95-40ad-bfa1-532da2a3999d => generated 246 bytes in 13 msecs (HTTP/1.1 404) 6 headers in 231 bytes (1 switches on core 0)
2026-06-28 21:06:37.924 7 INFO placement.requestlog [None req-4c50f0ee-4f30-465f-992e-ba4bfc253725 c2edb9b8c57246a18d8eb13a84580164 c42158845df04b409a5ea87eecb57a12 - - c272cba0eed0460f864bbf729fbd5c57 c272cba0eed0460f864bbf729fbd5c57] 10.0.0.137 "GET /resource_providers/54df8fb0-4be4-4db1-88f2-2ae340ac8003/aggregates" status: 404 len: 235 microversion: 1.1 [pid: 7|app: 0|req: 335/672] 10.0.0.137 () {32 vars in 816 bytes} [Sun Jun 28 21:06:37 2026] GET /resource_providers/54df8fb0-4be4-4db1-88f2-2ae340ac8003/aggregates => generated 235 bytes in 14 msecs (HTTP/1.1 404) 5 headers in 202 bytes (1 switches on core 0)
2026-06-28 21:06:37.926 8 INFO placement.requestlog [None req-071c8843-f154-4857-b4db-b9751929d25d c2edb9b8c57246a18d8eb13a84580164 c42158845df04b409a5ea87eecb57a12 - - c272cba0eed0460f864bbf729fbd5c57 c272cba0eed0460f864bbf729fbd5c57] 10.0.0.137 "GET /resource_providers/54df8fb0-4be4-4db1-88f2-2ae340ac8003/aggregates" status: 404 len: 235 microversion: 1.1 [pid: 8|app: 0|req: 338/673] 10.0.0.137 () {32 vars in 816 bytes} [Sun Jun 28 21:06:37 2026] GET /resource_providers/54df8fb0-4be4-4db1-88f2-2ae340ac8003/aggregates => generated 235 bytes in 10 msecs (HTTP/1.1 404) 5 headers in 202 bytes (1 switches on core 0)
2026-06-28 21:06:37.959 7 INFO placement.requestlog [None req-93e6fb14-9fd4-432c-b662-800657fc58c0 c2edb9b8c57246a18d8eb13a84580164 c42158845df04b409a5ea87eecb57a12 - - c272cba0eed0460f864bbf729fbd5c57 c272cba0eed0460f864bbf729fbd5c57] 10.0.0.137 "DELETE /resource_providers/54df8fb0-4be4-4db1-88f2-2ae340ac8003" status: 404 len: 246 microversion: 1.1 [pid: 7|app: 0|req: 336/674] 10.0.0.137 () {34 vars in 816 bytes} [Sun Jun 28 21:06:37 2026] DELETE /resource_providers/54df8fb0-4be4-4db1-88f2-2ae340ac8003 => generated 246 bytes in 15 msecs (HTTP/1.1 404) 6 headers in 231 bytes (1 switches on core 0)
2026-06-28 21:06:37.961 8 INFO placement.requestlog [None req-566b340b-1131-45b4-b995-f7cf956d0254 c2edb9b8c57246a18d8eb13a84580164 c42158845df04b409a5ea87eecb57a12 - - c272cba0eed0460f864bbf729fbd5c57 c272cba0eed0460f864bbf729fbd5c57] 10.0.0.137 "DELETE /resource_providers/54df8fb0-4be4-4db1-88f2-2ae340ac8003" status: 404 len: 246 microversion: 1.1 [pid: 8|app: 0|req: 339/675] 10.0.0.137 () {34 vars in 816 bytes} [Sun Jun 28 21:06:37 2026] DELETE /resource_providers/54df8fb0-4be4-4db1-88f2-2ae340ac8003 => generated 246 bytes in 13 msecs (HTTP/1.1 404) 6 headers in 231 bytes (1 switches on core 0)
2026-06-28 21:06:38.439 7 INFO placement.requestlog [None req-513d6f9f-a79c-4484-8ac3-1af9fc7761e0 c2edb9b8c57246a18d8eb13a84580164 c42158845df04b409a5ea87eecb57a12 - - c272cba0eed0460f864bbf729fbd5c57 c272cba0eed0460f864bbf729fbd5c57] 10.0.0.137 "GET /resource_providers/a3a84e3c-79fd-4d23-bdba-3aec0395f4e0/aggregates" status: 404 len: 235 microversion: 1.1 [pid: 7|app: 0|req: 337/676] 10.0.0.137 () {32 vars in 816 bytes} [Sun Jun 28 21:06:38 2026] GET /resource_providers/a3a84e3c-79fd-4d23-bdba-3aec0395f4e0/aggregates => generated 235 bytes in 13 msecs (HTTP/1.1 404) 5 headers in 202 bytes (1 switches on core 0)
2026-06-28 21:06:38.445 8 INFO placement.requestlog [None req-c2ade41a-2f98-454a-82f3-1aff4075649c c2edb9b8c57246a18d8eb13a84580164 c42158845df04b409a5ea87eecb57a12 - - c272cba0eed0460f864bbf729fbd5c57 c272cba0eed0460f864bbf729fbd5c57] 10.0.0.137 "GET /resource_providers/a3a84e3c-79fd-4d23-bdba-3aec0395f4e0/aggregates" status: 404 len: 235 microversion: 1.1 [pid: 8|app: 0|req: 340/677] 10.0.0.137 () {32 vars in 816 bytes} [Sun Jun 28 21:06:38 2026] GET /resource_providers/a3a84e3c-79fd-4d23-bdba-3aec0395f4e0/aggregates => generated 235 bytes in 19 msecs (HTTP/1.1 404) 5 headers in 202 bytes (1 switches on core 0)
2026-06-28 21:06:38.480 8 INFO placement.requestlog [None req-7b9993fa-218c-460c-9adc-a69909134906 c2edb9b8c57246a18d8eb13a84580164 c42158845df04b409a5ea87eecb57a12 - - c272cba0eed0460f864bbf729fbd5c57 c272cba0eed0460f864bbf729fbd5c57] 10.0.0.137 "DELETE /resource_providers/a3a84e3c-79fd-4d23-bdba-3aec0395f4e0" status: 404 len: 246 microversion: 1.1 [pid: 8|app: 0|req: 341/678] 10.0.0.137 () {34 vars in 816 bytes} [Sun Jun 28 21:06:38 2026] DELETE /resource_providers/a3a84e3c-79fd-4d23-bdba-3aec0395f4e0 => generated 246 bytes in 17 msecs (HTTP/1.1 404) 6 headers in 231 bytes (1 switches on core 0)
2026-06-28 21:06:38.483 7 INFO placement.requestlog [None req-58f053d7-56e0-4134-b17a-f27a4dcb40f9 c2edb9b8c57246a18d8eb13a84580164 c42158845df04b409a5ea87eecb57a12 - - c272cba0eed0460f864bbf729fbd5c57 c272cba0eed0460f864bbf729fbd5c57] 10.0.0.137 "DELETE /resource_providers/a3a84e3c-79fd-4d23-bdba-3aec0395f4e0" status: 404 len: 246 microversion: 1.1 [pid: 7|app: 0|req: 338/679] 10.0.0.137 () {34 vars in 816 bytes} [Sun Jun 28 21:06:38 2026] DELETE /resource_providers/a3a84e3c-79fd-4d23-bdba-3aec0395f4e0 => generated 246 bytes in 23 msecs (HTTP/1.1 404) 6 headers in 231 bytes (1 switches on core 0)
