Jul 02 00:42:37.385060 np0000183836 devstack@neutron-api.service[102216]: DEBUG oslo_concurrency.processutils [None req-26215d08-fbb0-4d4a-b16e-20e8cac3296a None None] Running cmd (subprocess): ovsdb-client transact ssl:199.19.213.60:6641 --timeout 180 -p /opt/stack/data/CA/int-ca/private/devstack-cert.key -c /opt/stack/data/CA/int-ca/devstack-cert.crt -C /opt/stack/data/CA/int-ca/ca-chain.pem ["OVN_Northbound", {"op": "wait", "timeout": 0, "table": "Port_Group", "where": [["name", "==", "pvlan_pg_drop"]], "until": "==", "rows": []}, {"op": "insert", "table": "ACL", "row": {"action": "drop", "direction": "to-lport", "match": "outport == @pvlan_pg_drop && ip", "priority": 1010}, "uuid-name": "pvlandroptoport"}, {"op": "insert", "table": "ACL", "row": {"action": "drop", "direction": "from-lport", "match": "inport == @pvlan_pg_drop && ip", "priority": 1010}, "uuid-name": "pvlandropfromport"}, {"op": "insert", "table": "Port_Group", "row": {"name": "pvlan_pg_drop", "acls": ["set", [["named-uuid", "pvlandroptoport"], ["named-uuid", "pvlandropfromport"]]]}}] {{(pid=102216) execute /opt/stack/data/venv/lib/python3.12/site-packages/oslo_concurrency/processutils.py:440}}
Jul 02 00:42:37.423130 np0000183836 devstack@neutron-api.service[102216]: DEBUG oslo_concurrency.processutils [None req-26215d08-fbb0-4d4a-b16e-20e8cac3296a None None] CMD "ovsdb-client transact ssl:199.19.213.60:6641 --timeout 180 -p /opt/stack/data/CA/int-ca/private/devstack-cert.key -c /opt/stack/data/CA/int-ca/devstack-cert.crt -C /opt/stack/data/CA/int-ca/ca-chain.pem ["OVN_Northbound", {"op": "wait", "timeout": 0, "table": "Port_Group", "where": [["name", "==", "pvlan_pg_drop"]], "until": "==", "rows": []}, {"op": "insert", "table": "ACL", "row": {"action": "drop", "direction": "to-lport", "match": "outport == @pvlan_pg_drop && ip", "priority": 1010}, "uuid-name": "pvlandroptoport"}, {"op": "insert", "table": "ACL", "row": {"action": "drop", "direction": "from-lport", "match": "inport == @pvlan_pg_drop && ip", "priority": 1010}, "uuid-name": "pvlandropfromport"}, {"op": "insert", "table": "Port_Group", "row": {"name": "pvlan_pg_drop", "acls": ["set", [["named-uuid", "pvlandroptoport"], ["named-uuid", "pvlandropfromport"]]]}}]" returned: 0 in 0.037s {{(pid=102216) execute /opt/stack/data/venv/lib/python3.12/site-packages/oslo_concurrency/processutils.py:468}}
Jul 02 00:42:37.427084 np0000183836 devstack@neutron-api.service[102216]: WSGI app 0 (mountpoint='') ready in 8 seconds on interpreter 0x77e1226a3668 pid: 102216 (default app)
Jul 02 00:42:38.261642 np0000183836 devstack@neutron-api.service[102217]: DEBUG neutron.common.ovn.hash_ring_manager [-] Allow caching, nodes 4>=4 {{(pid=102217) _wait_startup_before_caching /opt/stack/neutron/neutron/common/ovn/hash_ring_manager.py:71}}
Jul 02 00:42:38.261945 np0000183836 devstack@neutron-api.service[102217]: DEBUG neutron.plugins.ml2.drivers.ovn.mech_driver.ovsdb.ovsdb_monitor [-] Hash Ring: Node b5ba4fa06b2c52caa3d8b5760a080764 (host: np0000183836) handling event "update" for row cb0989ca-3e26-4b54-ba2a-3fa9a2c71b26 (table: Connection) {{(pid=102217) notify /opt/stack/neutron/neutron/plugins/ml2/drivers/ovn/mech_driver/ovsdb/ovsdb_monitor.py:1015}}
Jul 02 00:42:40.776259 np0000183836 devstack@neutron-api.service[102217]: DEBUG neutron.plugins.ml2.drivers.ovn.mech_driver.ovsdb.ovsdb_monitor [-] Hash Ring: Node b5ba4fa06b2c52caa3d8b5760a080764 (host: np0000183836) handling event "update" for row cb0989ca-3e26-4b54-ba2a-3fa9a2c71b26 (table: Connection) {{(pid=102217) notify /opt/stack/neutron/neutron/plugins/ml2/drivers/ovn/mech_driver/ovsdb/ovsdb_monitor.py:1015}}
Jul 02 00:42:43.575077 np0000183836 devstack@neutron-api.service[102217]: DEBUG neutron.api.wsgi [None req-f9fc89c4-977d-4d01-b1bd-4468100eff5b admin admin] Missing Content-Type {{(pid=102217) get_content_type /opt/stack/neutron/neutron/api/wsgi.py:80}}
Jul 02 00:42:43.575959 np0000183836 devstack@neutron-api.service[102217]: DEBUG neutron.api.wsgi [None req-f9fc89c4-977d-4d01-b1bd-4468100eff5b admin admin] https://199.19.213.60/networking/v2.0/extensions returned with HTTP 200 {{(pid=102217) __call__ /opt/stack/neutron/neutron/api/wsgi.py:540}}
Jul 02 00:42:43.575959 np0000183836 devstack@neutron-api.service[102217]: [pid: 102217|app: 0|req: 2/2] 199.19.213.60 () {64 vars in 1316 bytes} [Thu Jul 2 00:42:42 2026] GET /networking/v2.0/extensions => generated 16171 bytes in 603 msecs (HTTP/1.1 200) 4 headers in 159 bytes (1 switches on core 0)
Jul 02 00:42:44.038445 np0000183836 devstack@neutron-api.service[102218]: DEBUG neutron.api.v2.base [None req-7be7e752-ed37-4beb-a184-a4ed0b5d197b admin admin] Request body: {'subnetpool': {'prefixes': ['10.1.0.0/20'], 'shared': True, 'is_default': True, 'default_prefixlen': 26, 'name': 'shared-default-subnetpool-v4'}} {{(pid=102218) prepare_request_body /opt/stack/neutron/neutron/api/v2/base.py:727}}
Jul 02 00:42:44.244912 np0000183836 devstack@neutron-api.service[102218]: DEBUG neutron.policy [None req-7be7e752-ed37-4beb-a184-a4ed0b5d197b admin admin] Loaded default policies from ['neutron'] under neutron.policies entry points {{(pid=102218) register_rules /opt/stack/neutron/neutron/policy.py:65}}
Jul 02 00:42:44.399666 np0000183836 devstack@neutron-api.service[102218]: DEBUG neutron_lib.callbacks.manager [None req-7be7e752-ed37-4beb-a184-a4ed0b5d197b admin admin] Publish callbacks ['neutron.objects.securitygroup.RbacNeutronDbObjectMixin.validate_rbac_policy_change-2974658546603', 'neutron.objects.address_group.RbacNeutronDbObjectMixin.validate_rbac_policy_change-2974658523045', 'neutron.objects.network.RbacNeutronDbObjectMixin.validate_rbac_policy_change-2974658387103', 'neutron.objects.qos.policy.RbacNeutronDbObjectMixin.validate_rbac_policy_change-2974658383703', 'neutron.objects.subnetpool.RbacNeutronDbObjectMixin.validate_rbac_policy_change-2974658361740', 'neutron.objects.address_scope.RbacNeutronDbObjectMixin.validate_rbac_policy_change-2974658382020', 'neutron.plugins.ml2.plugin.External_net_db_mixin._process_ext_policy_create-896521', 'neutron.plugins.ml2.plugin.NeutronDbPluginV2.validate_network_rbac_policy_change-152289'] for rbac-policy (None), before_create {{(pid=102218) _notify_loop /opt/stack/data/venv/lib/python3.12/site-packages/neutron_lib/callbacks/manager.py:184}}
Jul 02 00:42:44.450954 np0000183836 devstack@neutron-api.service[102218]: DEBUG neutron_lib.callbacks.manager [None req-7be7e752-ed37-4beb-a184-a4ed0b5d197b admin admin] Publish callbacks [] for subnetpool (None), before_response {{(pid=102218) _notify_loop /opt/stack/data/venv/lib/python3.12/site-packages/neutron_lib/callbacks/manager.py:184}}
Jul 02 00:42:44.451768 np0000183836 devstack@neutron-api.service[102218]: [pid: 102218|app: 0|req: 1/3] 199.19.213.60 () {68 vars in 1360 bytes} [Thu Jul 2 00:42:43 2026] POST /networking/v2.0/subnetpools => generated 533 bytes in 533 msecs (HTTP/1.1 201) 4 headers in 162 bytes (1 switches on core 0)
Jul 02 00:42:44.819500 np0000183836 devstack@neutron-api.service[102215]: DEBUG neutron.api.v2.base [None req-9b4c7d9a-7ad2-4879-bae6-9db883028f4d admin admin] Request body: {'subnetpool': {'prefixes': ['fd66:adb7:48e2::/56'], 'shared': True, 'is_default': True, 'default_prefixlen': 64, 'name': 'shared-default-subnetpool-v6'}} {{(pid=102215) prepare_request_body /opt/stack/neutron/neutron/api/v2/base.py:727}}
Jul 02 00:42:45.010350 np0000183836 devstack@neutron-api.service[102215]: DEBUG neutron.policy [None req-9b4c7d9a-7ad2-4879-bae6-9db883028f4d admin admin] Loaded default policies from ['neutron'] under neutron.policies entry points {{(pid=102215) register_rules /opt/stack/neutron/neutron/policy.py:65}}
Jul 02 00:42:45.169708 np0000183836 devstack@neutron-api.service[102215]: DEBUG neutron_lib.callbacks.manager [None req-9b4c7d9a-7ad2-4879-bae6-9db883028f4d admin admin] Publish callbacks ['neutron.objects.securitygroup.RbacNeutronDbObjectMixin.validate_rbac_policy_change-2974658540710', 'neutron.objects.address_group.RbacNeutronDbObjectMixin.validate_rbac_policy_change-2974658546757', 'neutron.objects.network.RbacNeutronDbObjectMixin.validate_rbac_policy_change-2974658418968', 'neutron.objects.qos.policy.RbacNeutronDbObjectMixin.validate_rbac_policy_change-2974658460703', 'neutron.objects.subnetpool.RbacNeutronDbObjectMixin.validate_rbac_policy_change-2974658429585', 'neutron.objects.address_scope.RbacNeutronDbObjectMixin.validate_rbac_policy_change-2974658461064', 'neutron.plugins.ml2.plugin.External_net_db_mixin._process_ext_policy_create-988781', 'neutron.plugins.ml2.plugin.NeutronDbPluginV2.validate_network_rbac_policy_change-1015417'] for rbac-policy (None), before_create {{(pid=102215) _notify_loop /opt/stack/data/venv/lib/python3.12/site-packages/neutron_lib/callbacks/manager.py:184}}
Jul 02 00:42:45.217520 np0000183836 devstack@neutron-api.service[102215]: DEBUG neutron_lib.callbacks.manager [None req-9b4c7d9a-7ad2-4879-bae6-9db883028f4d admin admin] Publish callbacks [] for subnetpool (None), before_response {{(pid=102215) _notify_loop /opt/stack/data/venv/lib/python3.12/site-packages/neutron_lib/callbacks/manager.py:184}}
Jul 02 00:42:45.218289 np0000183836 devstack@neutron-api.service[102215]: [pid: 102215|app: 0|req: 1/4] 199.19.213.60 () {68 vars in 1360 bytes} [Thu Jul 2 00:42:44 2026] POST /networking/v2.0/subnetpools => generated 543 bytes in 522 msecs (HTTP/1.1 201) 4 headers in 162 bytes (1 switches on core 0)
Jul 02 00:42:45.684158 np0000183836 devstack@neutron-api.service[102216]: DEBUG neutron.api.v2.base [None req-58d94a43-539a-4862-b004-8b19f48a661d admin admin] Request body: {'network': {'admin_state_up': True, 'name': 'private'}} {{(pid=102216) prepare_request_body /opt/stack/neutron/neutron/api/v2/base.py:727}}
Jul 02 00:42:45.721474 np0000183836 devstack@neutron-api.service[102216]: DEBUG neutron.pecan_wsgi.hooks.quota_enforcement [None req-58d94a43-539a-4862-b004-8b19f48a661d admin admin] Made reservation on behalf of 3561fde6f1da4f3da71a0b2da1885f11 for: {'network': 1} {{(pid=102216) before /opt/stack/neutron/neutron/pecan_wsgi/hooks/quota_enforcement.py:66}}
Jul 02 00:42:45.902517 np0000183836 devstack@neutron-api.service[102216]: DEBUG neutron.policy [None req-58d94a43-539a-4862-b004-8b19f48a661d admin admin] Loaded default policies from ['neutron'] under neutron.policies entry points {{(pid=102216) register_rules /opt/stack/neutron/neutron/policy.py:65}}
Jul 02 00:42:46.018089 np0000183836 devstack@neutron-api.service[102216]: DEBUG neutron_lib.callbacks.manager [None req-58d94a43-539a-4862-b004-8b19f48a661d admin admin] Publish callbacks ['neutron.plugins.ml2.plugin.SecurityGroupDbMixin._ensure_default_security_group_handler-226990'] for network (None), before_create {{(pid=102216) _notify_loop /opt/stack/data/venv/lib/python3.12/site-packages/neutron_lib/callbacks/manager.py:184}}
Jul 02 00:42:46.040589 np0000183836 devstack@neutron-api.service[102216]: DEBUG neutron_lib.callbacks.manager [None req-58d94a43-539a-4862-b004-8b19f48a661d admin admin] Publish callbacks [] for security_group (None), before_create {{(pid=102216) _notify_loop /opt/stack/data/venv/lib/python3.12/site-packages/neutron_lib/callbacks/manager.py:184}}
Jul 02 00:42:46.147430 np0000183836 devstack@neutron-api.service[102216]: DEBUG neutron_lib.callbacks.manager [None req-58d94a43-539a-4862-b004-8b19f48a661d admin admin] Publish callbacks ['neutron.plugins.ml2.drivers.ovn.mech_driver.mech_driver.OVNMechanismDriver._create_security_group_precommit-348396'] for security_group (df26e41f-d82e-454b-b3e0-86a2ab9b06c4), precommit_create {{(pid=102216) _notify_loop /opt/stack/data/venv/lib/python3.12/site-packages/neutron_lib/callbacks/manager.py:184}}
Jul 02 00:42:46.147686 np0000183836 devstack@neutron-api.service[102216]: DEBUG neutron.db.ovn_revision_numbers_db [None req-58d94a43-539a-4862-b004-8b19f48a661d admin admin] create_initial_revision uuid=df26e41f-d82e-454b-b3e0-86a2ab9b06c4, type=security_groups, rev=-1 {{(pid=102216) create_initial_revision /opt/stack/neutron/neutron/db/ovn_revision_numbers_db.py:98}}
Jul 02 00:42:46.150426 np0000183836 devstack@neutron-api.service[102216]: DEBUG neutron.db.ovn_revision_numbers_db [None req-58d94a43-539a-4862-b004-8b19f48a661d admin admin] create_initial_revision uuid=42b149e1-2d07-4840-b740-14625704ffe9, type=security_group_rules, rev=-1 {{(pid=102216) create_initial_revision /opt/stack/neutron/neutron/db/ovn_revision_numbers_db.py:98}}
Jul 02 00:42:46.151497 np0000183836 devstack@neutron-api.service[102216]: DEBUG neutron.db.ovn_revision_numbers_db [None req-58d94a43-539a-4862-b004-8b19f48a661d admin admin] create_initial_revision uuid=5a41523c-b915-4787-99d7-8ce3a7b3efea, type=security_group_rules, rev=-1 {{(pid=102216) create_initial_revision /opt/stack/neutron/neutron/db/ovn_revision_numbers_db.py:98}}
Jul 02 00:42:46.152572 np0000183836 devstack@neutron-api.service[102216]: DEBUG neutron.db.ovn_revision_numbers_db [None req-58d94a43-539a-4862-b004-8b19f48a661d admin admin] create_initial_revision uuid=63d9350a-9d3e-4194-a38e-71010747465d, type=security_group_rules, rev=-1 {{(pid=102216) create_initial_revision /opt/stack/neutron/neutron/db/ovn_revision_numbers_db.py:98}}
Jul 02 00:42:46.153518 np0000183836 devstack@neutron-api.service[102216]: DEBUG neutron.db.ovn_revision_numbers_db [None req-58d94a43-539a-4862-b004-8b19f48a661d admin admin] create_initial_revision uuid=6a34a92a-17d0-46d1-905d-9d53d09086ad, type=security_group_rules, rev=-1 {{(pid=102216) create_initial_revision /opt/stack/neutron/neutron/db/ovn_revision_numbers_db.py:98}}
Jul 02 00:42:46.160410 np0000183836 devstack@neutron-api.service[102216]: DEBUG neutron_lib.callbacks.manager [None req-58d94a43-539a-4862-b004-8b19f48a661d admin admin] Publish callbacks ['neutron.plugins.ml2.drivers.ovn.mech_driver.mech_driver.OVNMechanismDriver._create_security_group-348386', 'neutron.plugins.ml2.ovo_rpc._ObjectChangeHandler.handle_event-1189018'] for security_group (df26e41f-d82e-454b-b3e0-86a2ab9b06c4), after_create {{(pid=102216) _notify_loop /opt/stack/data/venv/lib/python3.12/site-packages/neutron_lib/callbacks/manager.py:184}}
Jul 02 00:42:46.160663 np0000183836 devstack@neutron-api.service[102216]: INFO neutron.plugins.ml2.drivers.ovn.mech_driver.ovsdb.extensions.qos [None req-58d94a43-539a-4862-b004-8b19f48a661d admin admin] Starting OVNClientQosExtension
Jul 02 00:42:46.160844 np0000183836 devstack@neutron-api.service[102216]: INFO neutron.plugins.ml2.drivers.ovn.mech_driver.ovsdb.extensions.placement [None req-58d94a43-539a-4862-b004-8b19f48a661d admin admin] Starting OVNClientPlacementExtension
Jul 02 00:42:46.162475 np0000183836 devstack@neutron-api.service[102216]: DEBUG ovsdbapp.backend.ovs_idl.transaction [-] Running txn n=1 command(idx=0): PgAddCommand(_result=None, name=pg_df26e41f_d82e_454b_b3e0_86a2ab9b06c4, may_exist=False, columns={'acls': [], 'external_ids': {'neutron:security_group_id': 'df26e41f-d82e-454b-b3e0-86a2ab9b06c4'}}) {{(pid=102216) do_commit /opt/stack/data/venv/lib/python3.12/site-packages/ovsdbapp/backend/ovs_idl/transaction.py:89}}
Jul 02 00:42:46.163521 np0000183836 devstack@neutron-api.service[102216]: DEBUG ovsdbapp.backend.ovs_idl.transaction [-] Running txn n=1 command(idx=1): PgAclAddCommand(_result=None, entity=pg_df26e41f_d82e_454b_b3e0_86a2ab9b06c4, direction=from-lport, priority=1002, match=inport == @pg_df26e41f_d82e_454b_b3e0_86a2ab9b06c4 && ip4, action=allow-related, log=False, may_exist=True, severity=[], name=[], meter=[], external_ids={'neutron:security_group_rule_id': '42b149e1-2d07-4840-b740-14625704ffe9'}) {{(pid=102216) do_commit /opt/stack/data/venv/lib/python3.12/site-packages/ovsdbapp/backend/ovs_idl/transaction.py:89}}
Jul 02 00:42:46.164029 np0000183836 devstack@neutron-api.service[102216]: DEBUG ovsdbapp.backend.ovs_idl.transaction [-] Running txn n=1 command(idx=2): PgAclAddCommand(_result=None, entity=pg_df26e41f_d82e_454b_b3e0_86a2ab9b06c4, direction=from-lport, priority=1002, match=inport == @pg_df26e41f_d82e_454b_b3e0_86a2ab9b06c4 && ip6, action=allow-related, log=False, may_exist=True, severity=[], name=[], meter=[], external_ids={'neutron:security_group_rule_id': '5a41523c-b915-4787-99d7-8ce3a7b3efea'}) {{(pid=102216) do_commit /opt/stack/data/venv/lib/python3.12/site-packages/ovsdbapp/backend/ovs_idl/transaction.py:89}}
Jul 02 00:42:46.164461 np0000183836 devstack@neutron-api.service[102216]: DEBUG ovsdbapp.backend.ovs_idl.transaction [-] Running txn n=1 command(idx=3): PgAclAddCommand(_result=None, entity=pg_df26e41f_d82e_454b_b3e0_86a2ab9b06c4, direction=to-lport, priority=1002, match=outport == @pg_df26e41f_d82e_454b_b3e0_86a2ab9b06c4 && ip6 && ip6.src == $pg_df26e41f_d82e_454b_b3e0_86a2ab9b06c4_ip6, action=allow-related, log=False, may_exist=True, severity=[], name=[], meter=[], external_ids={'neutron:security_group_rule_id': '63d9350a-9d3e-4194-a38e-71010747465d'}) {{(pid=102216) do_commit /opt/stack/data/venv/lib/python3.12/site-packages/ovsdbapp/backend/ovs_idl/transaction.py:89}}
Jul 02 00:42:46.164762 np0000183836 devstack@neutron-api.service[102216]: DEBUG ovsdbapp.backend.ovs_idl.transaction [-] Running txn n=1 command(idx=4): PgAclAddCommand(_result=None, entity=pg_df26e41f_d82e_454b_b3e0_86a2ab9b06c4, direction=to-lport, priority=1002, match=outport == @pg_df26e41f_d82e_454b_b3e0_86a2ab9b06c4 && ip4 && ip4.src == $pg_df26e41f_d82e_454b_b3e0_86a2ab9b06c4_ip4, action=allow-related, log=False, may_exist=True, severity=[], name=[], meter=[], external_ids={'neutron:security_group_rule_id': '6a34a92a-17d0-46d1-905d-9d53d09086ad'}) {{(pid=102216) do_commit /opt/stack/data/venv/lib/python3.12/site-packages/ovsdbapp/backend/ovs_idl/transaction.py:89}}
Jul 02 00:42:46.171036 np0000183836 devstack@neutron-api.service[102216]: DEBUG neutron.plugins.ml2.drivers.ovn.mech_driver.ovsdb.ovsdb_monitor [-] Hash Ring: Node e170a1ca1b3b5670a3c7848ca8e4bfeb (host: np0000183836) handling event "create" for row 1084a970-3689-499f-a651-048fac9a3e05 (table: ACL) {{(pid=102216) notify /opt/stack/neutron/neutron/plugins/ml2/drivers/ovn/mech_driver/ovsdb/ovsdb_monitor.py:1015}}
Jul 02 00:42:46.171424 np0000183836 devstack@neutron-api.service[102216]: DEBUG neutron.plugins.ml2.drivers.ovn.mech_driver.ovsdb.ovsdb_monitor [-] Hash Ring: Node e170a1ca1b3b5670a3c7848ca8e4bfeb (host: np0000183836) handling event "create" for row af3990aa-5b36-4762-8b9d-55eb8dd5de67 (table: Port_Group) {{(pid=102216) notify /opt/stack/neutron/neutron/plugins/ml2/drivers/ovn/mech_driver/ovsdb/ovsdb_monitor.py:1015}}
Jul 02 00:42:46.177291 np0000183836 devstack@neutron-api.service[102215]: DEBUG neutron.plugins.ml2.drivers.ovn.mech_driver.ovsdb.ovsdb_monitor [-] Hash Ring: Node 96c12b2d987b534580dcf7cb27a8ddd3 (host: np0000183836) handling event "create" for row 05756d59-a8a8-4664-ae1f-ca5dc06a0eab (table: ACL) {{(pid=102215) notify /opt/stack/neutron/neutron/plugins/ml2/drivers/ovn/mech_driver/ovsdb/ovsdb_monitor.py:1015}}
Jul 02 00:42:46.177291 np0000183836 devstack@neutron-api.service[102215]: DEBUG neutron.plugins.ml2.drivers.ovn.mech_driver.ovsdb.ovsdb_monitor [-] Hash Ring: Node 96c12b2d987b534580dcf7cb27a8ddd3 (host: np0000183836) handling event "create" for row 28250ed6-dfe1-4050-ae8d-e1e2bc959153 (table: ACL) {{(pid=102215) notify /opt/stack/neutron/neutron/plugins/ml2/drivers/ovn/mech_driver/ovsdb/ovsdb_monitor.py:1015}}
Jul 02 00:42:46.179079 np0000183836 devstack@neutron-api.service[102215]: DEBUG neutron.plugins.ml2.drivers.ovn.mech_driver.ovsdb.ovsdb_monitor [-] Hash Ring: Node 96c12b2d987b534580dcf7cb27a8ddd3 (host: np0000183836) handling event "create" for row c993dbf4-f3c9-41a2-a901-1ab2d1082ca1 (table: ACL) {{(pid=102215) notify /opt/stack/neutron/neutron/plugins/ml2/drivers/ovn/mech_driver/ovsdb/ovsdb_monitor.py:1015}}
Jul 02 00:42:46.179079 np0000183836 devstack@neutron-api.service[102215]: DEBUG neutron.plugins.ml2.drivers.ovn.mech_driver.ovsdb.ovsdb_monitor [-] Hash Ring: Node 96c12b2d987b534580dcf7cb27a8ddd3 (host: np0000183836) handling event "create" for row af3990aa-5b36-4762-8b9d-55eb8dd5de67 (table: Port_Group) {{(pid=102215) notify /opt/stack/neutron/neutron/plugins/ml2/drivers/ovn/mech_driver/ovsdb/ovsdb_monitor.py:1015}}
Jul 02 00:42:46.181610 np0000183836 devstack@neutron-api.service[102217]: DEBUG neutron.plugins.ml2.drivers.ovn.mech_driver.ovsdb.ovsdb_monitor [-] Hash Ring: Node b5ba4fa06b2c52caa3d8b5760a080764 (host: np0000183836) handling event "create" for row 05756d59-a8a8-4664-ae1f-ca5dc06a0eab (table: ACL) {{(pid=102217) notify /opt/stack/neutron/neutron/plugins/ml2/drivers/ovn/mech_driver/ovsdb/ovsdb_monitor.py:1015}}
Jul 02 00:42:46.181610 np0000183836 devstack@neutron-api.service[102217]: DEBUG neutron.plugins.ml2.drivers.ovn.mech_driver.ovsdb.ovsdb_monitor [-] Hash Ring: Node b5ba4fa06b2c52caa3d8b5760a080764 (host: np0000183836) handling event "create" for row 1084a970-3689-499f-a651-048fac9a3e05 (table: ACL) {{(pid=102217) notify /opt/stack/neutron/neutron/plugins/ml2/drivers/ovn/mech_driver/ovsdb/ovsdb_monitor.py:1015}}
Jul 02 00:42:46.181610 np0000183836 devstack@neutron-api.service[102217]: DEBUG neutron.plugins.ml2.drivers.ovn.mech_driver.ovsdb.ovsdb_monitor [-] Hash Ring: Node b5ba4fa06b2c52caa3d8b5760a080764 (host: np0000183836) handling event "create" for row 28250ed6-dfe1-4050-ae8d-e1e2bc959153 (table: ACL) {{(pid=102217) notify /opt/stack/neutron/neutron/plugins/ml2/drivers/ovn/mech_driver/ovsdb/ovsdb_monitor.py:1015}}
Jul 02 00:42:46.181610 np0000183836 devstack@neutron-api.service[102217]: DEBUG neutron.plugins.ml2.drivers.ovn.mech_driver.ovsdb.ovsdb_monitor [-] Hash Ring: Node b5ba4fa06b2c52caa3d8b5760a080764 (host: np0000183836) handling event "create" for row c993dbf4-f3c9-41a2-a901-1ab2d1082ca1 (table: ACL) {{(pid=102217) notify /opt/stack/neutron/neutron/plugins/ml2/drivers/ovn/mech_driver/ovsdb/ovsdb_monitor.py:1015}}
Jul 02 00:42:46.181920 np0000183836 devstack@neutron-api.service[102217]: DEBUG neutron.plugins.ml2.drivers.ovn.mech_driver.ovsdb.ovsdb_monitor [-] Hash Ring: Node b5ba4fa06b2c52caa3d8b5760a080764 (host: np0000183836) handling event "create" for row af3990aa-5b36-4762-8b9d-55eb8dd5de67 (table: Port_Group) {{(pid=102217) notify /opt/stack/neutron/neutron/plugins/ml2/drivers/ovn/mech_driver/ovsdb/ovsdb_monitor.py:1015}}
Jul 02 00:42:46.182910 np0000183836 devstack@neutron-api.service[102218]: DEBUG neutron.plugins.ml2.drivers.ovn.mech_driver.ovsdb.ovsdb_monitor [-] Hash Ring: Node bd1ffda3d4a55b789f3e7f5fd5434cd0 (host: np0000183836) handling event "create" for row 1084a970-3689-499f-a651-048fac9a3e05 (table: ACL) {{(pid=102218) notify /opt/stack/neutron/neutron/plugins/ml2/drivers/ovn/mech_driver/ovsdb/ovsdb_monitor.py:1015}}
Jul 02 00:42:46.199738 np0000183836 devstack@neutron-api.service[102216]: INFO neutron.db.ovn_revision_numbers_db [None req-58d94a43-539a-4862-b004-8b19f48a661d admin admin] Successfully bumped revision number for resource df26e41f-d82e-454b-b3e0-86a2ab9b06c4 (type: security_groups) to 1
Jul 02 00:42:46.219212 np0000183836 devstack@neutron-api.service[102216]: INFO neutron.db.ovn_revision_numbers_db [None req-58d94a43-539a-4862-b004-8b19f48a661d admin admin] Successfully bumped revision number for resource 42b149e1-2d07-4840-b740-14625704ffe9 (type: security_group_rules) to 0
Jul 02 00:42:46.232962 np0000183836 devstack@neutron-api.service[102216]: INFO neutron.db.ovn_revision_numbers_db [None req-58d94a43-539a-4862-b004-8b19f48a661d admin admin] Successfully bumped revision number for resource 5a41523c-b915-4787-99d7-8ce3a7b3efea (type: security_group_rules) to 0
Jul 02 00:42:46.246692 np0000183836 devstack@neutron-api.service[102216]: INFO neutron.db.ovn_revision_numbers_db [None req-58d94a43-539a-4862-b004-8b19f48a661d admin admin] Successfully bumped revision number for resource 63d9350a-9d3e-4194-a38e-71010747465d (type: security_group_rules) to 0
Jul 02 00:42:46.263645 np0000183836 devstack@neutron-api.service[102216]: INFO neutron.db.ovn_revision_numbers_db [None req-58d94a43-539a-4862-b004-8b19f48a661d admin admin] Successfully bumped revision number for resource 6a34a92a-17d0-46d1-905d-9d53d09086ad (type: security_group_rules) to 0
Jul 02 00:42:46.293247 np0000183836 devstack@neutron-api.service[102216]: DEBUG neutron.api.rpc.handlers.resources_rpc [None req-58d94a43-539a-4862-b004-8b19f48a661d admin admin] Pushing event updated for resources: {'SecurityGroup': ['ID=df26e41f-d82e-454b-b3e0-86a2ab9b06c4,revision_number=1']} {{(pid=102216) push /opt/stack/neutron/neutron/api/rpc/handlers/resources_rpc.py:237}}
Jul 02 00:42:46.305485 np0000183836 devstack@neutron-api.service[102216]: DEBUG ovsdbapp.backend.ovs_idl.transaction [-] Running txn n=1 command(idx=0): CheckLivenessCommand(_result=None) {{(pid=102216) do_commit /opt/stack/data/venv/lib/python3.12/site-packages/ovsdbapp/backend/ovs_idl/transaction.py:89}}
Jul 02 00:42:46.310017 np0000183836 devstack@neutron-api.service[102217]: DEBUG neutron.plugins.ml2.drivers.ovn.mech_driver.ovsdb.ovsdb_monitor [-] Hash Ring: Node b5ba4fa06b2c52caa3d8b5760a080764 (host: np0000183836) handling event "update" for row 435d9b06-230c-4882-a990-daabf9fbb3c2 (table: NB_Global) {{(pid=102217) notify /opt/stack/neutron/neutron/plugins/ml2/drivers/ovn/mech_driver/ovsdb/ovsdb_monitor.py:1015}}
Jul 02 00:42:46.312757 np0000183836 devstack@neutron-api.service[102215]: DEBUG neutron.plugins.ml2.drivers.ovn.mech_driver.ovsdb.ovsdb_monitor [-] Hash Ring: Node 96c12b2d987b534580dcf7cb27a8ddd3 (host: np0000183836) handling event "update" for row 435d9b06-230c-4882-a990-daabf9fbb3c2 (table: NB_Global) {{(pid=102215) notify /opt/stack/neutron/neutron/plugins/ml2/drivers/ovn/mech_driver/ovsdb/ovsdb_monitor.py:1015}}
Jul 02 00:42:46.313916 np0000183836 devstack@neutron-api.service[102217]: DEBUG neutron.plugins.ml2.drivers.ovn.mech_driver.ovsdb.ovsdb_monitor [-] Hash Ring: Node b5ba4fa06b2c52caa3d8b5760a080764 (host: np0000183836) handling event "update" for row 435d9b06-230c-4882-a990-daabf9fbb3c2 (table: NB_Global) {{(pid=102217) notify /opt/stack/neutron/neutron/plugins/ml2/drivers/ovn/mech_driver/ovsdb/ovsdb_monitor.py:1015}}
Jul 02 00:42:46.314773 np0000183836 devstack@neutron-api.service[102216]: DEBUG neutron.api.rpc.callbacks.version_manager [None req-58d94a43-539a-4862-b004-8b19f48a661d admin admin] Tracked resource versions report:
Jul 02 00:42:46.314773 np0000183836 devstack@neutron-api.service[102216]: pushed versions:
Jul 02 00:42:46.314773 np0000183836 devstack@neutron-api.service[102216]: { 'AddressGroup': {'1.2'},
Jul 02 00:42:46.314773 np0000183836 devstack@neutron-api.service[102216]: 'Agent': {'1.1'},
Jul 02 00:42:46.314773 np0000183836 devstack@neutron-api.service[102216]: 'ConntrackHelper': {'1.0'},
Jul 02 00:42:46.314773 np0000183836 devstack@neutron-api.service[102216]: 'LocalIPAssociation': {'1.0'},
Jul 02 00:42:46.314773 np0000183836 devstack@neutron-api.service[102216]: 'Log': {'1.0'},
Jul 02 00:42:46.314773 np0000183836 devstack@neutron-api.service[102216]: 'NDPProxy': {'1.0'},
Jul 02 00:42:46.314773 np0000183836 devstack@neutron-api.service[102216]: 'Network': {'1.3'},
Jul 02 00:42:46.314773 np0000183836 devstack@neutron-api.service[102216]: 'Port': {'1.11'},
Jul 02 00:42:46.314773 np0000183836 devstack@neutron-api.service[102216]: 'PortForwarding': {'1.3'},
Jul 02 00:42:46.314773 np0000183836 devstack@neutron-api.service[102216]: 'QosPolicy': {'1.10'},
Jul 02 00:42:46.314773 np0000183836 devstack@neutron-api.service[102216]: 'SecurityGroup': {'1.6'},
Jul 02 00:42:46.314773 np0000183836 devstack@neutron-api.service[102216]: 'SecurityGroupRule': {'1.3'},
Jul 02 00:42:46.314773 np0000183836 devstack@neutron-api.service[102216]: 'SubPort': {'1.0'},
Jul 02 00:42:46.314773 np0000183836 devstack@neutron-api.service[102216]: 'Subnet': {'1.2'},
Jul 02 00:42:46.314773 np0000183836 devstack@neutron-api.service[102216]: 'Trunk': {'1.1'}}
Jul 02 00:42:46.314773 np0000183836 devstack@neutron-api.service[102216]: consumer versions:
Jul 02 00:42:46.314773 np0000183836 devstack@neutron-api.service[102216]: {}
Jul 02 00:42:46.314773 np0000183836 devstack@neutron-api.service[102216]: {{(pid=102216) report /opt/stack/neutron/neutron/api/rpc/callbacks/version_manager.py:183}}
Jul 02 00:42:46.315934 np0000183836 devstack@neutron-api.service[102215]: DEBUG neutron.plugins.ml2.drivers.ovn.mech_driver.ovsdb.ovsdb_monitor [-] Hash Ring: Node 96c12b2d987b534580dcf7cb27a8ddd3 (host: np0000183836) handling event "update" for row 435d9b06-230c-4882-a990-daabf9fbb3c2 (table: NB_Global) {{(pid=102215) notify /opt/stack/neutron/neutron/plugins/ml2/drivers/ovn/mech_driver/ovsdb/ovsdb_monitor.py:1015}}
Jul 02 00:42:46.316075 np0000183836 devstack@neutron-api.service[102217]: DEBUG neutron.plugins.ml2.drivers.ovn.mech_driver.ovsdb.ovsdb_monitor [-] Hash Ring: Node b5ba4fa06b2c52caa3d8b5760a080764 (host: np0000183836) handling event "update" for row 435d9b06-230c-4882-a990-daabf9fbb3c2 (table: NB_Global) {{(pid=102217) notify /opt/stack/neutron/neutron/plugins/ml2/drivers/ovn/mech_driver/ovsdb/ovsdb_monitor.py:1015}}
Jul 02 00:42:46.316905 np0000183836 devstack@neutron-api.service[102215]: DEBUG neutron.plugins.ml2.drivers.ovn.mech_driver.ovsdb.ovsdb_monitor [-] Hash Ring: Node 96c12b2d987b534580dcf7cb27a8ddd3 (host: np0000183836) handling event "update" for row 435d9b06-230c-4882-a990-daabf9fbb3c2 (table: NB_Global) {{(pid=102215) notify /opt/stack/neutron/neutron/plugins/ml2/drivers/ovn/mech_driver/ovsdb/ovsdb_monitor.py:1015}}
Jul 02 00:42:46.318685 np0000183836 devstack@neutron-api.service[102217]: DEBUG neutron.plugins.ml2.drivers.ovn.mech_driver.ovsdb.ovsdb_monitor [-] ChassisAgentWriteEvent : Matched Chassis_Private, update, None None {{(pid=102217) matches /opt/stack/neutron/neutron/plugins/ml2/drivers/ovn/mech_driver/ovsdb/ovsdb_monitor.py:64}}
Jul 02 00:42:46.320516 np0000183836 devstack@neutron-api.service[102218]: DEBUG neutron.plugins.ml2.drivers.ovn.mech_driver.ovsdb.ovsdb_monitor [-] ChassisAgentWriteEvent : Matched Chassis_Private, update, None None {{(pid=102218) matches /opt/stack/neutron/neutron/plugins/ml2/drivers/ovn/mech_driver/ovsdb/ovsdb_monitor.py:64}}
Jul 02 00:42:46.321018 np0000183836 devstack@neutron-api.service[102215]: DEBUG neutron.plugins.ml2.drivers.ovn.mech_driver.ovsdb.ovsdb_monitor [-] ChassisAgentWriteEvent : Matched Chassis_Private, update, None None {{(pid=102215) matches /opt/stack/neutron/neutron/plugins/ml2/drivers/ovn/mech_driver/ovsdb/ovsdb_monitor.py:64}}
Jul 02 00:42:46.321559 np0000183836 devstack@neutron-api.service[102218]: DEBUG neutron.plugins.ml2.drivers.ovn.mech_driver.ovsdb.ovsdb_monitor [-] Hash Ring: Node bd1ffda3d4a55b789f3e7f5fd5434cd0 (host: np0000183836) handling event "update" for row 16e98e56-0cef-4830-8683-b82df3363631 (table: Chassis_Private) {{(pid=102218) notify /opt/stack/neutron/neutron/plugins/ml2/drivers/ovn/mech_driver/ovsdb/ovsdb_monitor.py:1015}}
Jul 02 00:42:46.325621 np0000183836 devstack@neutron-api.service[102215]: DEBUG neutron.plugins.ml2.drivers.ovn.mech_driver.ovsdb.ovsdb_monitor [-] Hash Ring: Node 96c12b2d987b534580dcf7cb27a8ddd3 (host: np0000183836) handling event "update" for row 435d9b06-230c-4882-a990-daabf9fbb3c2 (table: NB_Global) {{(pid=102215) notify /opt/stack/neutron/neutron/plugins/ml2/drivers/ovn/mech_driver/ovsdb/ovsdb_monitor.py:1015}}
Jul 02 00:42:46.326934 np0000183836 devstack@neutron-api.service[102218]: DEBUG neutron.plugins.ml2.drivers.ovn.mech_driver.ovsdb.ovsdb_monitor [-] ChassisOVNAgentWriteEvent : Matched Chassis_Private, update, None None {{(pid=102218) matches /opt/stack/neutron/neutron/plugins/ml2/drivers/ovn/mech_driver/ovsdb/ovsdb_monitor.py:64}}
Jul 02 00:42:46.327303 np0000183836 devstack@neutron-api.service[102215]: DEBUG neutron.plugins.ml2.drivers.ovn.mech_driver.ovsdb.ovsdb_monitor [-] ChassisOVNAgentWriteEvent : Matched Chassis_Private, update, None None {{(pid=102215) matches /opt/stack/neutron/neutron/plugins/ml2/drivers/ovn/mech_driver/ovsdb/ovsdb_monitor.py:64}}
Jul 02 00:42:46.327712 np0000183836 devstack@neutron-api.service[102218]: DEBUG neutron.plugins.ml2.drivers.ovn.mech_driver.ovsdb.ovsdb_monitor [-] Hash Ring: Node bd1ffda3d4a55b789f3e7f5fd5434cd0 (host: np0000183836) handling event "update" for row 16e98e56-0cef-4830-8683-b82df3363631 (table: Chassis_Private) {{(pid=102218) notify /opt/stack/neutron/neutron/plugins/ml2/drivers/ovn/mech_driver/ovsdb/ovsdb_monitor.py:1015}}
Jul 02 00:42:46.328080 np0000183836 devstack@neutron-api.service[102216]: DEBUG neutron.plugins.ml2.drivers.ovn.mech_driver.ovsdb.ovsdb_monitor [-] ChassisAgentWriteEvent : Matched Chassis_Private, update, None None {{(pid=102216) matches /opt/stack/neutron/neutron/plugins/ml2/drivers/ovn/mech_driver/ovsdb/ovsdb_monitor.py:64}}
Jul 02 00:42:46.330022 np0000183836 devstack@neutron-api.service[102217]: DEBUG neutron.plugins.ml2.drivers.ovn.mech_driver.ovsdb.ovsdb_monitor [-] Hash Ring: Node b5ba4fa06b2c52caa3d8b5760a080764 (host: np0000183836) handling event "update" for row 435d9b06-230c-4882-a990-daabf9fbb3c2 (table: NB_Global) {{(pid=102217) notify /opt/stack/neutron/neutron/plugins/ml2/drivers/ovn/mech_driver/ovsdb/ovsdb_monitor.py:1015}}
Jul 02 00:42:46.330306 np0000183836 devstack@neutron-api.service[102216]: DEBUG neutron.plugins.ml2.drivers.ovn.mech_driver.ovsdb.ovsdb_monitor [-] ChassisOVNAgentWriteEvent : Matched Chassis_Private, update, None None {{(pid=102216) matches /opt/stack/neutron/neutron/plugins/ml2/drivers/ovn/mech_driver/ovsdb/ovsdb_monitor.py:64}}
Jul 02 00:42:46.330718 np0000183836 devstack@neutron-api.service[102217]: DEBUG neutron.common.ovn.hash_ring_manager [-] Allow caching, nodes 4>=4 {{(pid=102217) _wait_startup_before_caching /opt/stack/neutron/neutron/common/ovn/hash_ring_manager.py:71}}
Jul 02 00:42:46.331149 np0000183836 devstack@neutron-api.service[102217]: DEBUG neutron.plugins.ml2.drivers.ovn.mech_driver.ovsdb.ovsdb_monitor [-] Hash Ring: Node b5ba4fa06b2c52caa3d8b5760a080764 (host: np0000183836) handling event "update" for row 16e98e56-0cef-4830-8683-b82df3363631 (table: Chassis_Private) {{(pid=102217) notify /opt/stack/neutron/neutron/plugins/ml2/drivers/ovn/mech_driver/ovsdb/ovsdb_monitor.py:1015}}
Jul 02 00:42:46.331986 np0000183836 devstack@neutron-api.service[102217]: DEBUG neutron.plugins.ml2.drivers.ovn.mech_driver.ovsdb.ovsdb_monitor [-] ChassisOVNAgentWriteEvent : Matched Chassis_Private, update, None None {{(pid=102217) matches /opt/stack/neutron/neutron/plugins/ml2/drivers/ovn/mech_driver/ovsdb/ovsdb_monitor.py:64}}
Jul 02 00:42:46.332535 np0000183836 devstack@neutron-api.service[102217]: DEBUG neutron.plugins.ml2.drivers.ovn.mech_driver.ovsdb.ovsdb_monitor [-] Hash Ring: Node b5ba4fa06b2c52caa3d8b5760a080764 (host: np0000183836) handling event "update" for row 16e98e56-0cef-4830-8683-b82df3363631 (table: Chassis_Private) {{(pid=102217) notify /opt/stack/neutron/neutron/plugins/ml2/drivers/ovn/mech_driver/ovsdb/ovsdb_monitor.py:1015}}
Jul 02 00:42:46.394498 np0000183836 devstack@neutron-api.service[102216]: DEBUG neutron.plugins.ml2.drivers.helpers [None req-58d94a43-539a-4862-b004-8b19f48a661d admin admin] geneve segment allocate from pool success with {'geneve_vni': 47217} {{(pid=102216) allocate_partially_specified_segment /opt/stack/neutron/neutron/plugins/ml2/drivers/helpers.py:142}}
Jul 02 00:42:46.405721 np0000183836 devstack@neutron-api.service[102216]: DEBUG neutron_lib.callbacks.manager [None req-58d94a43-539a-4862-b004-8b19f48a661d admin admin] Publish callbacks ['neutron.services.segments.db._add_segment_host_mapping_for_segment-8238044557012', 'neutron.plugins.ml2.plugin.Ml2Plugin._handle_segment_change-1006906'] for segment (9b8b7c74-1ebf-495f-87dd-926a0d77403e), precommit_create {{(pid=102216) _notify_loop /opt/stack/data/venv/lib/python3.12/site-packages/neutron_lib/callbacks/manager.py:184}}
Jul 02 00:42:46.405954 np0000183836 devstack@neutron-api.service[102216]: INFO neutron.db.segments_db [None req-58d94a43-539a-4862-b004-8b19f48a661d admin admin] Added segment 9b8b7c74-1ebf-495f-87dd-926a0d77403e of type geneve for network 1ff2f3df-9936-408a-992c-954b6650d004
Jul 02 00:42:46.450378 np0000183836 devstack@neutron-api.service[102216]: DEBUG neutron_lib.callbacks.manager [None req-58d94a43-539a-4862-b004-8b19f48a661d admin admin] Publish callbacks ['neutron.services.auto_allocate.db._ensure_external_network_default_value_callback-8238043371030'] for network (1ff2f3df-9936-408a-992c-954b6650d004), precommit_create {{(pid=102216) _notify_loop /opt/stack/data/venv/lib/python3.12/site-packages/neutron_lib/callbacks/manager.py:184}}
Jul 02 00:42:46.468536 np0000183836 devstack@neutron-api.service[102216]: DEBUG neutron.plugins.ml2.drivers.ovn.mech_driver.mech_driver [None req-58d94a43-539a-4862-b004-8b19f48a661d admin admin] Validating network segment with type geneve, segmentation ID 47217, physical network None {{(pid=102216) _validate_network_segments /opt/stack/neutron/neutron/plugins/ml2/drivers/ovn/mech_driver/mech_driver.py:646}}
Jul 02 00:42:46.468684 np0000183836 devstack@neutron-api.service[102216]: DEBUG neutron.db.ovn_revision_numbers_db [None req-58d94a43-539a-4862-b004-8b19f48a661d admin admin] create_initial_revision uuid=1ff2f3df-9936-408a-992c-954b6650d004, type=networks, rev=-1 {{(pid=102216) create_initial_revision /opt/stack/neutron/neutron/db/ovn_revision_numbers_db.py:98}}
Jul 02 00:42:46.488511 np0000183836 devstack@neutron-api.service[102216]: DEBUG neutron_lib.callbacks.manager [None req-58d94a43-539a-4862-b004-8b19f48a661d admin admin] Publish callbacks ['neutron.plugins.ml2.ovo_rpc._ObjectChangeHandler.handle_event-1188999'] for network (1ff2f3df-9936-408a-992c-954b6650d004), after_create {{(pid=102216) _notify_loop /opt/stack/data/venv/lib/python3.12/site-packages/neutron_lib/callbacks/manager.py:184}}
Jul 02 00:42:46.545569 np0000183836 devstack@neutron-api.service[102216]: DEBUG neutron.api.rpc.handlers.resources_rpc [None req-58d94a43-539a-4862-b004-8b19f48a661d admin admin] Pushing event updated for resources: {'Network': ['ID=1ff2f3df-9936-408a-992c-954b6650d004,revision_number=1']} {{(pid=102216) push /opt/stack/neutron/neutron/api/rpc/handlers/resources_rpc.py:237}}
Jul 02 00:42:46.556007 np0000183836 devstack@neutron-api.service[102216]: DEBUG ovsdbapp.backend.ovs_idl.transaction [-] Running txn n=1 command(idx=0): AddNetworkCommand(_result=None, network_uuid=1ff2f3df-9936-408a-992c-954b6650d004, may_exist=True, columns={'external_ids': {'neutron:network_name': 'private', 'neutron:mtu': '1372', 'neutron:revision_number': '1', 'neutron:availability_zone_hints': '', 'neutron:provnet-network-type': 'geneve'}, 'other_config': {'mcast_snoop': 'false', 'mcast_flood_unregistered': 'false', 'vlan-passthru': 'false'}}) {{(pid=102216) do_commit /opt/stack/data/venv/lib/python3.12/site-packages/ovsdbapp/backend/ovs_idl/transaction.py:89}}
Jul 02 00:42:46.556737 np0000183836 devstack@neutron-api.service[102216]: DEBUG neutron.common.ovn.utils [-] OVS persist_uuid supported=True {{(pid=102216) ovs_persist_uuid_supported /opt/stack/neutron/neutron/common/ovn/utils.py:1562}}
Jul 02 00:42:46.600287 np0000183836 devstack@neutron-api.service[102217]: DEBUG neutron.plugins.ml2.drivers.ovn.mech_driver.ovsdb.ovsdb_monitor [-] Hash Ring: Node b5ba4fa06b2c52caa3d8b5760a080764 (host: np0000183836) handling event "create" for row 1ff2f3df-9936-408a-992c-954b6650d004 (table: Logical_Switch) {{(pid=102217) notify /opt/stack/neutron/neutron/plugins/ml2/drivers/ovn/mech_driver/ovsdb/ovsdb_monitor.py:1015}}
Jul 02 00:42:46.609553 np0000183836 devstack@neutron-api.service[102217]: DEBUG neutron.plugins.ml2.drivers.ovn.mech_driver.ovsdb.ovsdb_monitor [-] Hash Ring: Node b5ba4fa06b2c52caa3d8b5760a080764 (host: np0000183836) handling event "create" for row 8e7ba94f-ecbe-4613-9373-6af3fd6e0056 (table: Datapath_Binding) {{(pid=102217) notify /opt/stack/neutron/neutron/plugins/ml2/drivers/ovn/mech_driver/ovsdb/ovsdb_monitor.py:1015}}
Jul 02 00:42:46.609906 np0000183836 devstack@neutron-api.service[102218]: DEBUG neutron.plugins.ml2.drivers.ovn.mech_driver.ovsdb.ovsdb_monitor [-] Hash Ring: Node bd1ffda3d4a55b789f3e7f5fd5434cd0 (host: np0000183836) handling event "create" for row 8e7ba94f-ecbe-4613-9373-6af3fd6e0056 (table: Datapath_Binding) {{(pid=102218) notify /opt/stack/neutron/neutron/plugins/ml2/drivers/ovn/mech_driver/ovsdb/ovsdb_monitor.py:1015}}
Jul 02 00:42:46.646067 np0000183836 devstack@neutron-api.service[102216]: INFO neutron.db.ovn_revision_numbers_db [None req-58d94a43-539a-4862-b004-8b19f48a661d admin admin] Successfully bumped revision number for resource 1ff2f3df-9936-408a-992c-954b6650d004 (type: networks) to 1
Jul 02 00:42:46.716826 np0000183836 devstack@neutron-api.service[102216]: DEBUG neutron_lib.callbacks.manager [None req-58d94a43-539a-4862-b004-8b19f48a661d admin admin] Publish callbacks ['neutron.plugins.ml2.plugin.SecurityGroupDbMixin._ensure_default_security_group_handler-226990'] for port (None), before_create {{(pid=102216) _notify_loop /opt/stack/data/venv/lib/python3.12/site-packages/neutron_lib/callbacks/manager.py:184}}
Jul 02 00:42:47.157014 np0000183836 devstack@neutron-api.service[102216]: DEBUG neutron_lib.callbacks.manager [None req-58d94a43-539a-4862-b004-8b19f48a661d admin admin] Publish callbacks ['neutron.plugins.ml2.drivers.ovn.mech_driver.mech_driver.OVNMechanismDriver._validate_allowed_address_pairs-349044'] for allowed_address_pair (4334bd05-e6f1-47ae-8be4-a40df07f9ff8), before_create {{(pid=102216) _notify_loop /opt/stack/data/venv/lib/python3.12/site-packages/neutron_lib/callbacks/manager.py:184}}
Jul 02 00:42:47.157525 np0000183836 devstack@neutron-api.service[102216]: DEBUG neutron_lib.callbacks.manager [None req-58d94a43-539a-4862-b004-8b19f48a661d admin admin] Publish callbacks [] for port (4334bd05-e6f1-47ae-8be4-a40df07f9ff8), precommit_create {{(pid=102216) _notify_loop /opt/stack/data/venv/lib/python3.12/site-packages/neutron_lib/callbacks/manager.py:184}}
Jul 02 00:42:47.157728 np0000183836 devstack@neutron-api.service[102216]: DEBUG neutron.plugins.ml2.drivers.ovn.mech_driver.mech_driver [None req-58d94a43-539a-4862-b004-8b19f48a661d admin admin] No provisioning block for port 4334bd05-e6f1-47ae-8be4-a40df07f9ff8 since it does not have a host {{(pid=102216) _is_port_provisioning_required /opt/stack/neutron/neutron/plugins/ml2/drivers/ovn/mech_driver/mech_driver.py:899}}
Jul 02 00:42:47.157839 np0000183836 devstack@neutron-api.service[102216]: DEBUG neutron.db.ovn_revision_numbers_db [None req-58d94a43-539a-4862-b004-8b19f48a661d admin admin] create_initial_revision uuid=4334bd05-e6f1-47ae-8be4-a40df07f9ff8, type=ports, rev=-1 {{(pid=102216) create_initial_revision /opt/stack/neutron/neutron/db/ovn_revision_numbers_db.py:98}}
Jul 02 00:42:47.225758 np0000183836 devstack@neutron-api.service[102216]: DEBUG neutron_lib.callbacks.manager [None req-58d94a43-539a-4862-b004-8b19f48a661d admin admin] Publish callbacks ['neutron.plugins.ml2.ovo_rpc._ObjectChangeHandler.handle_event-1189231'] for port (4334bd05-e6f1-47ae-8be4-a40df07f9ff8), after_create {{(pid=102216) _notify_loop /opt/stack/data/venv/lib/python3.12/site-packages/neutron_lib/callbacks/manager.py:184}}
Jul 02 00:42:47.286487 np0000183836 devstack@neutron-api.service[102216]: DEBUG neutron.api.rpc.handlers.resources_rpc [None req-58d94a43-539a-4862-b004-8b19f48a661d admin admin] Pushing event updated for resources: {'Port': ['ID=4334bd05-e6f1-47ae-8be4-a40df07f9ff8,revision_number=1']} {{(pid=102216) push /opt/stack/neutron/neutron/api/rpc/handlers/resources_rpc.py:237}}
Jul 02 00:42:47.332032 np0000183836 devstack@neutron-api.service[102216]: DEBUG neutron.plugins.ml2.drivers.ovn.mech_driver.ovsdb.commands [None req-58d94a43-539a-4862-b004-8b19f48a661d admin admin] Converting tag [] to a tag_request {{(pid=102216) _tag_column_to_tag_request /opt/stack/neutron/neutron/plugins/ml2/drivers/ovn/mech_driver/ovsdb/commands.py:205}}
Jul 02 00:42:47.333292 np0000183836 devstack@neutron-api.service[102216]: DEBUG ovsdbapp.backend.ovs_idl.transaction [-] Running txn n=1 command(idx=0): AddLSwitchPortCommand(_result=None, lport=4334bd05-e6f1-47ae-8be4-a40df07f9ff8, lswitch=neutron-1ff2f3df-9936-408a-992c-954b6650d004, may_exist=True, network_uuid=1ff2f3df-9936-408a-992c-954b6650d004, columns={'addresses': ['fa:16:3e:c7:6f:fd'], 'external_ids': {'neutron:port_name': '', 'neutron:device_id': 'ovnmeta-1ff2f3df-9936-408a-992c-954b6650d004', 'neutron:project_id': '3561fde6f1da4f3da71a0b2da1885f11', 'neutron:cidrs': '', 'neutron:device_owner': 'network:distributed', 'neutron:subnet_pool_addr_scope4': '', 'neutron:subnet_pool_addr_scope6': '', 'neutron:network_name': 'neutron-1ff2f3df-9936-408a-992c-954b6650d004', 'neutron:security_group_ids': '', 'neutron:revision_number': '1', 'neutron:vnic_type': 'normal', 'neutron:port_capabilities': '', 'neutron:mtu': '1372'}, 'parent_name': [], 'enabled': True, 'options': {}, 'type': 'localport', 'port_security': [], 'dhcpv4_options': [], 'dhcpv6_options': [], 'tag_request': []}) {{(pid=102216) do_commit /opt/stack/data/venv/lib/python3.12/site-packages/ovsdbapp/backend/ovs_idl/transaction.py:89}}
Jul 02 00:42:47.334428 np0000183836 devstack@neutron-api.service[102216]: DEBUG ovsdbapp.backend.ovs_idl.transaction [-] Running txn n=1 command(idx=1): QoSDelCommand(_result=None, switch=neutron-1ff2f3df-9936-408a-992c-954b6650d004, conditions=[('direction', '=', 'to-lport'), ('priority', '=', 2002), ('match', '=', 'outport == "4334bd05-e6f1-47ae-8be4-a40df07f9ff8"')], if_exists=True) {{(pid=102216) do_commit /opt/stack/data/venv/lib/python3.12/site-packages/ovsdbapp/backend/ovs_idl/transaction.py:89}}
Jul 02 00:42:47.334759 np0000183836 devstack@neutron-api.service[102216]: DEBUG ovsdbapp.backend.ovs_idl.transaction [-] Running txn n=1 command(idx=2): QoSDelCommand(_result=None, switch=neutron-1ff2f3df-9936-408a-992c-954b6650d004, conditions=[('direction', '=', 'from-lport'), ('priority', '=', 2002), ('match', '=', 'inport == "4334bd05-e6f1-47ae-8be4-a40df07f9ff8"')], if_exists=True) {{(pid=102216) do_commit /opt/stack/data/venv/lib/python3.12/site-packages/ovsdbapp/backend/ovs_idl/transaction.py:89}}
Jul 02 00:42:47.342363 np0000183836 devstack@neutron-api.service[102217]: DEBUG neutron.plugins.ml2.drivers.ovn.mech_driver.ovsdb.ovsdb_monitor [-] Hash Ring: Node b5ba4fa06b2c52caa3d8b5760a080764 (host: np0000183836) handling event "create" for row 41098490-d0e8-4fe1-93c4-1573dadbd430 (table: Port_Binding) {{(pid=102217) notify /opt/stack/neutron/neutron/plugins/ml2/drivers/ovn/mech_driver/ovsdb/ovsdb_monitor.py:1015}}
Jul 02 00:42:47.344859 np0000183836 devstack@neutron-api.service[102217]: DEBUG neutron.plugins.ml2.drivers.ovn.mech_driver.ovsdb.ovsdb_monitor [-] Hash Ring: Node b5ba4fa06b2c52caa3d8b5760a080764 (host: np0000183836) handling event "update" for row 1ff2f3df-9936-408a-992c-954b6650d004 (table: Logical_Switch) {{(pid=102217) notify /opt/stack/neutron/neutron/plugins/ml2/drivers/ovn/mech_driver/ovsdb/ovsdb_monitor.py:1015}}
Jul 02 00:42:47.344859 np0000183836 devstack@neutron-api.service[102217]: DEBUG neutron.plugins.ml2.drivers.ovn.mech_driver.ovsdb.ovsdb_monitor [-] Hash Ring: Node b5ba4fa06b2c52caa3d8b5760a080764 (host: np0000183836) handling event "create" for row 0624b300-fe6d-4d10-bb39-431805291a55 (table: Logical_Switch_Port) {{(pid=102217) notify /opt/stack/neutron/neutron/plugins/ml2/drivers/ovn/mech_driver/ovsdb/ovsdb_monitor.py:1015}}
Jul 02 00:42:47.345105 np0000183836 devstack@neutron-api.service[102215]: DEBUG neutron.plugins.ml2.drivers.ovn.mech_driver.ovsdb.ovsdb_monitor [-] Hash Ring: Node 96c12b2d987b534580dcf7cb27a8ddd3 (host: np0000183836) handling event "create" for row 0624b300-fe6d-4d10-bb39-431805291a55 (table: Logical_Switch_Port) {{(pid=102215) notify /opt/stack/neutron/neutron/plugins/ml2/drivers/ovn/mech_driver/ovsdb/ovsdb_monitor.py:1015}}
Jul 02 00:42:47.345715 np0000183836 devstack@neutron-api.service[102217]: DEBUG ovsdbapp.backend.ovs_idl.event [-] Matched CREATE: LogicalSwitchPortCreateEvent(events=('create',), table='Logical_Switch_Port', conditions=[], old_conditions=None), priority=20 to row=Logical_Switch_Port(uuid=0624b300-fe6d-4d10-bb39-431805291a55, addresses=['fa:16:3e:c7:6f:fd'], dhcpv4_options=[], dhcpv6_options=[], dynamic_addresses=[], enabled=True, external_ids={'neutron:cidrs': '', 'neutron:device_id': 'ovnmeta-1ff2f3df-9936-408a-992c-954b6650d004', 'neutron:device_owner': 'network:distributed', 'neutron:mtu': '1372', 'neutron:network_name': 'neutron-1ff2f3df-9936-408a-992c-954b6650d004', 'neutron:port_capabilities': '', 'neutron:port_name': '', 'neutron:project_id': '3561fde6f1da4f3da71a0b2da1885f11', 'neutron:revision_number': '1', 'neutron:security_group_ids': '', 'neutron:subnet_pool_addr_scope4': '', 'neutron:subnet_pool_addr_scope6': '', 'neutron:vnic_type': 'normal'}, ha_chassis_group=[], mirror_rules=[], name='4334bd05-e6f1-47ae-8be4-a40df07f9ff8', options={}, parent_name=[], port_security=[], tag=[], tag_request=[], type='localport', up=[]) old= {{(pid=102217) matches /opt/stack/data/venv/lib/python3.12/site-packages/ovsdbapp/backend/ovs_idl/event.py:55}}
