Jun 23 16:05:54.992152 np0000182569 neutron-rpc-server[104739]: DEBUG cotyledon.oslo_config_glue [-] ovn.ovsdb_log_level = INFO {{(pid=104739) log_opt_values /opt/stack/data/venv/lib/python3.12/site-packages/oslo_config/cfg.py:3253}}
Jun 23 16:05:54.992152 np0000182569 neutron-rpc-server[104739]: DEBUG cotyledon.oslo_config_glue [-] ovn.ovsdb_probe_interval = 60000 {{(pid=104739) log_opt_values /opt/stack/data/venv/lib/python3.12/site-packages/oslo_config/cfg.py:3253}}
Jun 23 16:05:54.992152 np0000182569 neutron-rpc-server[104739]: DEBUG cotyledon.oslo_config_glue [-] ovn.ovsdb_retry_max_interval = 180 {{(pid=104739) log_opt_values /opt/stack/data/venv/lib/python3.12/site-packages/oslo_config/cfg.py:3253}}
Jun 23 16:05:54.992152 np0000182569 neutron-rpc-server[104739]: DEBUG cotyledon.oslo_config_glue [-] ovn.stateless_nat_enabled = False {{(pid=104739) log_opt_values /opt/stack/data/venv/lib/python3.12/site-packages/oslo_config/cfg.py:3253}}
Jun 23 16:05:54.992152 np0000182569 neutron-rpc-server[104739]: DEBUG cotyledon.oslo_config_glue [-] ovn.vhost_sock_dir = /var/run/openvswitch {{(pid=104739) log_opt_values /opt/stack/data/venv/lib/python3.12/site-packages/oslo_config/cfg.py:3253}}
Jun 23 16:05:54.992152 np0000182569 neutron-rpc-server[104739]: DEBUG cotyledon.oslo_config_glue [-] OVS.bridge_mac_table_size = 50000 {{(pid=104739) log_opt_values /opt/stack/data/venv/lib/python3.12/site-packages/oslo_config/cfg.py:3253}}
Jun 23 16:05:54.992771 np0000182569 neutron-rpc-server[104739]: DEBUG cotyledon.oslo_config_glue [-] OVS.igmp_flood = False {{(pid=104739) log_opt_values /opt/stack/data/venv/lib/python3.12/site-packages/oslo_config/cfg.py:3253}}
Jun 23 16:05:54.992771 np0000182569 neutron-rpc-server[104739]: DEBUG cotyledon.oslo_config_glue [-] OVS.igmp_flood_reports = True {{(pid=104739) log_opt_values /opt/stack/data/venv/lib/python3.12/site-packages/oslo_config/cfg.py:3253}}
Jun 23 16:05:54.992771 np0000182569 neutron-rpc-server[104739]: DEBUG cotyledon.oslo_config_glue [-] OVS.igmp_flood_unregistered = False {{(pid=104739) log_opt_values /opt/stack/data/venv/lib/python3.12/site-packages/oslo_config/cfg.py:3253}}
Jun 23 16:05:54.992771 np0000182569 neutron-rpc-server[104739]: DEBUG cotyledon.oslo_config_glue [-] OVS.igmp_snooping_enable = False {{(pid=104739) log_opt_values /opt/stack/data/venv/lib/python3.12/site-packages/oslo_config/cfg.py:3253}}
Jun 23 16:05:54.992771 np0000182569 neutron-rpc-server[104739]: DEBUG cotyledon.oslo_config_glue [-] OVS.ovsdb_timeout = 10 {{(pid=104739) log_opt_values /opt/stack/data/venv/lib/python3.12/site-packages/oslo_config/cfg.py:3253}}
Jun 23 16:05:54.992771 np0000182569 neutron-rpc-server[104739]: DEBUG cotyledon.oslo_config_glue [-] ovn_nb_global.fdb_removal_limit = 0 {{(pid=104739) log_opt_values /opt/stack/data/venv/lib/python3.12/site-packages/oslo_config/cfg.py:3253}}
Jun 23 16:05:54.992771 np0000182569 neutron-rpc-server[104739]: DEBUG cotyledon.oslo_config_glue [-] ovn_nb_global.ignore_lsp_down = False {{(pid=104739) log_opt_values /opt/stack/data/venv/lib/python3.12/site-packages/oslo_config/cfg.py:3253}}
Jun 23 16:05:54.992771 np0000182569 neutron-rpc-server[104739]: DEBUG cotyledon.oslo_config_glue [-] ovn_nb_global.mac_binding_removal_limit = 0 {{(pid=104739) log_opt_values /opt/stack/data/venv/lib/python3.12/site-packages/oslo_config/cfg.py:3253}}
Jun 23 16:05:54.992771 np0000182569 neutron-rpc-server[104739]: DEBUG cotyledon.oslo_config_glue [-] ******************************************************************************** {{(pid=104739) log_opt_values /opt/stack/data/venv/lib/python3.12/site-packages/oslo_config/cfg.py:3260}}
Jun 23 16:05:54.993429 np0000182569 neutron-rpc-server[104739]: DEBUG cotyledon._service_worker [-] Run service ServiceWrapper(7) [104739] {{(pid=104739) wait_forever /opt/stack/data/venv/lib/python3.12/site-packages/cotyledon/_service_worker.py:218}}
Jun 23 16:05:54.993429 np0000182569 neutron-rpc-server[104739]: DEBUG neutron.service [-] RpcWorker start called, description: rpc worker {{(pid=104739) wrapper /opt/stack/neutron/neutron/common/utils.py:197}}
Jun 23 16:05:54.993429 np0000182569 neutron-rpc-server[104739]: DEBUG neutron_lib.callbacks.manager [-] Publish callbacks ['neutron.plugins.ml2.drivers.ovn.mech_driver.mech_driver.OVNMechanismDriver.post_fork_initialize-98021', 'neutron.services.pvlan.drivers.ovn.driver._initialize_pvlan_pg_drop-8044741917496', 'neutron.services.ovn_l3.plugin.OVNL3RouterPlugin._post_fork_initialize-62696'] for process (None), after_init {{(pid=104739) _notify_loop /opt/stack/data/venv/lib/python3.12/site-packages/neutron_lib/callbacks/manager.py:184}}
Jun 23 16:05:54.993429 np0000182569 neutron-rpc-server[104739]: INFO neutron.plugins.ml2.drivers.ovn.mech_driver.ovsdb.impl_idl_ovn [-] Getting OvsdbNbOvnIdl for RpcWorker with retry
Jun 23 16:05:54.993793 np0000182569 neutron-rpc-server[104709]: WARNING neutron.plugins.ml2.drivers.ovn.mech_driver.mech_driver [-] uWSGI is the only supported loader for the Neutron API; it provides, via ``uwsgi`` library, the worker ID. If other loader is used, a random hash ring node UUID will be provided
Jun 23 16:05:54.993959 np0000182569 neutron-rpc-server[104696]: WARNING neutron.plugins.ml2.drivers.ovn.mech_driver.mech_driver [-] uWSGI is the only supported loader for the Neutron API; it provides, via ``uwsgi`` library, the worker ID. If other loader is used, a random hash ring node UUID will be provided
Jun 23 16:05:54.994096 np0000182569 neutron-rpc-server[104709]: DEBUG ovsdbapp.backend.ovs_idl [None req-a566a84f-d448-4f8b-ae1a-04e0df080c20 None None] Created lookup_table index Logical_Switch.name {{(pid=104709) autocreate_indices /opt/stack/data/venv/lib/python3.12/site-packages/ovsdbapp/backend/ovs_idl/__init__.py:87}}
Jun 23 16:05:54.994285 np0000182569 neutron-rpc-server[104696]: DEBUG ovsdbapp.backend.ovs_idl [None req-c265bba3-f99a-438d-968b-42687945cf0a None None] Created lookup_table index Logical_Switch.name {{(pid=104696) autocreate_indices /opt/stack/data/venv/lib/python3.12/site-packages/ovsdbapp/backend/ovs_idl/__init__.py:87}}
Jun 23 16:05:54.994411 np0000182569 neutron-rpc-server[104709]: DEBUG ovsdbapp.backend.ovs_idl [None req-a566a84f-d448-4f8b-ae1a-04e0df080c20 None None] Created lookup_table index Logical_Router.name {{(pid=104709) autocreate_indices /opt/stack/data/venv/lib/python3.12/site-packages/ovsdbapp/backend/ovs_idl/__init__.py:87}}
Jun 23 16:05:54.994411 np0000182569 neutron-rpc-server[104709]: DEBUG ovsdbapp.backend.ovs_idl [None req-a566a84f-d448-4f8b-ae1a-04e0df080c20 None None] Created lookup_table index Load_Balancer.name {{(pid=104709) autocreate_indices /opt/stack/data/venv/lib/python3.12/site-packages/ovsdbapp/backend/ovs_idl/__init__.py:87}}
Jun 23 16:05:54.994636 np0000182569 neutron-rpc-server[104696]: DEBUG ovsdbapp.backend.ovs_idl [None req-c265bba3-f99a-438d-968b-42687945cf0a None None] Created lookup_table index Logical_Router.name {{(pid=104696) autocreate_indices /opt/stack/data/venv/lib/python3.12/site-packages/ovsdbapp/backend/ovs_idl/__init__.py:87}}
Jun 23 16:05:54.994636 np0000182569 neutron-rpc-server[104696]: DEBUG ovsdbapp.backend.ovs_idl [None req-c265bba3-f99a-438d-968b-42687945cf0a None None] Created lookup_table index Load_Balancer.name {{(pid=104696) autocreate_indices /opt/stack/data/venv/lib/python3.12/site-packages/ovsdbapp/backend/ovs_idl/__init__.py:87}}
Jun 23 16:05:54.994903 np0000182569 neutron-rpc-server[104709]: DEBUG ovsdbapp.backend.ovs_idl [None req-a566a84f-d448-4f8b-ae1a-04e0df080c20 None None] Created schema index Copp.name {{(pid=104709) autocreate_indices /opt/stack/data/venv/lib/python3.12/site-packages/ovsdbapp/backend/ovs_idl/__init__.py:106}}
Jun 23 16:05:54.994903 np0000182569 neutron-rpc-server[104709]: DEBUG ovsdbapp.backend.ovs_idl [None req-a566a84f-d448-4f8b-ae1a-04e0df080c20 None None] Created schema index Meter.name {{(pid=104709) autocreate_indices /opt/stack/data/venv/lib/python3.12/site-packages/ovsdbapp/backend/ovs_idl/__init__.py:106}}
Jun 23 16:05:54.995081 np0000182569 neutron-rpc-server[104696]: DEBUG ovsdbapp.backend.ovs_idl [None req-c265bba3-f99a-438d-968b-42687945cf0a None None] Created schema index Copp.name {{(pid=104696) autocreate_indices /opt/stack/data/venv/lib/python3.12/site-packages/ovsdbapp/backend/ovs_idl/__init__.py:106}}
Jun 23 16:05:54.995081 np0000182569 neutron-rpc-server[104696]: DEBUG ovsdbapp.backend.ovs_idl [None req-c265bba3-f99a-438d-968b-42687945cf0a None None] Created schema index Meter.name {{(pid=104696) autocreate_indices /opt/stack/data/venv/lib/python3.12/site-packages/ovsdbapp/backend/ovs_idl/__init__.py:106}}
Jun 23 16:05:54.995339 np0000182569 neutron-rpc-server[104709]: DEBUG ovsdbapp.backend.ovs_idl [None req-a566a84f-d448-4f8b-ae1a-04e0df080c20 None None] Created schema index Load_Balancer_Group.name {{(pid=104709) autocreate_indices /opt/stack/data/venv/lib/python3.12/site-packages/ovsdbapp/backend/ovs_idl/__init__.py:106}}
Jun 23 16:05:54.995464 np0000182569 neutron-rpc-server[104696]: DEBUG ovsdbapp.backend.ovs_idl [None req-c265bba3-f99a-438d-968b-42687945cf0a None None] Created schema index Load_Balancer_Group.name {{(pid=104696) autocreate_indices /opt/stack/data/venv/lib/python3.12/site-packages/ovsdbapp/backend/ovs_idl/__init__.py:106}}
Jun 23 16:05:54.995624 np0000182569 neutron-rpc-server[104709]: DEBUG ovsdbapp.backend.ovs_idl [None req-a566a84f-d448-4f8b-ae1a-04e0df080c20 None None] Created schema index HA_Chassis_Group.name {{(pid=104709) autocreate_indices /opt/stack/data/venv/lib/python3.12/site-packages/ovsdbapp/backend/ovs_idl/__init__.py:106}}
Jun 23 16:05:54.995624 np0000182569 neutron-rpc-server[104709]: DEBUG ovsdbapp.backend.ovs_idl [None req-a566a84f-d448-4f8b-ae1a-04e0df080c20 None None] Created schema index Address_Set.name {{(pid=104709) autocreate_indices /opt/stack/data/venv/lib/python3.12/site-packages/ovsdbapp/backend/ovs_idl/__init__.py:106}}
Jun 23 16:05:54.995804 np0000182569 neutron-rpc-server[104696]: DEBUG ovsdbapp.backend.ovs_idl [None req-c265bba3-f99a-438d-968b-42687945cf0a None None] Created schema index HA_Chassis_Group.name {{(pid=104696) autocreate_indices /opt/stack/data/venv/lib/python3.12/site-packages/ovsdbapp/backend/ovs_idl/__init__.py:106}}
Jun 23 16:05:54.995804 np0000182569 neutron-rpc-server[104696]: DEBUG ovsdbapp.backend.ovs_idl [None req-c265bba3-f99a-438d-968b-42687945cf0a None None] Created schema index Address_Set.name {{(pid=104696) autocreate_indices /opt/stack/data/venv/lib/python3.12/site-packages/ovsdbapp/backend/ovs_idl/__init__.py:106}}
Jun 23 16:05:54.996063 np0000182569 neutron-rpc-server[104709]: DEBUG ovsdbapp.backend.ovs_idl [None req-a566a84f-d448-4f8b-ae1a-04e0df080c20 None None] Created schema index Connection.target {{(pid=104709) autocreate_indices /opt/stack/data/venv/lib/python3.12/site-packages/ovsdbapp/backend/ovs_idl/__init__.py:106}}
Jun 23 16:05:54.996063 np0000182569 neutron-rpc-server[104709]: DEBUG ovsdbapp.backend.ovs_idl [None req-a566a84f-d448-4f8b-ae1a-04e0df080c20 None None] Created schema index Gateway_Chassis.name {{(pid=104709) autocreate_indices /opt/stack/data/venv/lib/python3.12/site-packages/ovsdbapp/backend/ovs_idl/__init__.py:106}}
Jun 23 16:05:54.996251 np0000182569 neutron-rpc-server[104696]: DEBUG ovsdbapp.backend.ovs_idl [None req-c265bba3-f99a-438d-968b-42687945cf0a None None] Created schema index Connection.target {{(pid=104696) autocreate_indices /opt/stack/data/venv/lib/python3.12/site-packages/ovsdbapp/backend/ovs_idl/__init__.py:106}}
Jun 23 16:05:54.996390 np0000182569 neutron-rpc-server[104709]: DEBUG ovsdbapp.backend.ovs_idl [None req-a566a84f-d448-4f8b-ae1a-04e0df080c20 None None] Created schema index Mirror.name {{(pid=104709) autocreate_indices /opt/stack/data/venv/lib/python3.12/site-packages/ovsdbapp/backend/ovs_idl/__init__.py:106}}
Jun 23 16:05:54.996628 np0000182569 neutron-rpc-server[104696]: DEBUG ovsdbapp.backend.ovs_idl [None req-c265bba3-f99a-438d-968b-42687945cf0a None None] Created schema index Gateway_Chassis.name {{(pid=104696) autocreate_indices /opt/stack/data/venv/lib/python3.12/site-packages/ovsdbapp/backend/ovs_idl/__init__.py:106}}
Jun 23 16:05:54.996628 np0000182569 neutron-rpc-server[104696]: DEBUG ovsdbapp.backend.ovs_idl [None req-c265bba3-f99a-438d-968b-42687945cf0a None None] Created schema index Mirror.name {{(pid=104696) autocreate_indices /opt/stack/data/venv/lib/python3.12/site-packages/ovsdbapp/backend/ovs_idl/__init__.py:106}}
Jun 23 16:05:54.996628 np0000182569 neutron-rpc-server[104696]: DEBUG ovsdbapp.backend.ovs_idl [None req-c265bba3-f99a-438d-968b-42687945cf0a None None] Created schema index Chassis_Template_Var.chassis {{(pid=104696) autocreate_indices /opt/stack/data/venv/lib/python3.12/site-packages/ovsdbapp/backend/ovs_idl/__init__.py:106}}
Jun 23 16:05:54.996856 np0000182569 neutron-rpc-server[104709]: DEBUG ovsdbapp.backend.ovs_idl [None req-a566a84f-d448-4f8b-ae1a-04e0df080c20 None None] Created schema index Chassis_Template_Var.chassis {{(pid=104709) autocreate_indices /opt/stack/data/venv/lib/python3.12/site-packages/ovsdbapp/backend/ovs_idl/__init__.py:106}}
Jun 23 16:05:54.997043 np0000182569 neutron-rpc-server[104696]: DEBUG ovsdbapp.backend.ovs_idl [None req-c265bba3-f99a-438d-968b-42687945cf0a None None] Created schema index Logical_Router_Port.name {{(pid=104696) autocreate_indices /opt/stack/data/venv/lib/python3.12/site-packages/ovsdbapp/backend/ovs_idl/__init__.py:106}}
Jun 23 16:05:54.997196 np0000182569 neutron-rpc-server[104709]: DEBUG ovsdbapp.backend.ovs_idl [None req-a566a84f-d448-4f8b-ae1a-04e0df080c20 None None] Created schema index Logical_Router_Port.name {{(pid=104709) autocreate_indices /opt/stack/data/venv/lib/python3.12/site-packages/ovsdbapp/backend/ovs_idl/__init__.py:106}}
Jun 23 16:05:54.997196 np0000182569 neutron-rpc-server[104709]: DEBUG ovsdbapp.backend.ovs_idl [None req-a566a84f-d448-4f8b-ae1a-04e0df080c20 None None] Created schema index Port_Group.name {{(pid=104709) autocreate_indices /opt/stack/data/venv/lib/python3.12/site-packages/ovsdbapp/backend/ovs_idl/__init__.py:106}}
Jun 23 16:05:54.997196 np0000182569 neutron-rpc-server[104709]: DEBUG ovsdbapp.backend.ovs_idl [None req-a566a84f-d448-4f8b-ae1a-04e0df080c20 None None] Created schema index Logical_Switch_Port.name {{(pid=104709) autocreate_indices /opt/stack/data/venv/lib/python3.12/site-packages/ovsdbapp/backend/ovs_idl/__init__.py:106}}
Jun 23 16:05:54.997196 np0000182569 neutron-rpc-server[104709]: INFO ovsdbapp.backend.ovs_idl.vlog [None req-a566a84f-d448-4f8b-ae1a-04e0df080c20 None None] ssl:199.19.213.156:6641: connecting...
Jun 23 16:05:54.997649 np0000182569 neutron-rpc-server[104696]: DEBUG ovsdbapp.backend.ovs_idl [None req-c265bba3-f99a-438d-968b-42687945cf0a None None] Created schema index Port_Group.name {{(pid=104696) autocreate_indices /opt/stack/data/venv/lib/python3.12/site-packages/ovsdbapp/backend/ovs_idl/__init__.py:106}}
Jun 23 16:05:54.997649 np0000182569 neutron-rpc-server[104696]: DEBUG ovsdbapp.backend.ovs_idl [None req-c265bba3-f99a-438d-968b-42687945cf0a None None] Created schema index Logical_Switch_Port.name {{(pid=104696) autocreate_indices /opt/stack/data/venv/lib/python3.12/site-packages/ovsdbapp/backend/ovs_idl/__init__.py:106}}
Jun 23 16:05:54.997649 np0000182569 neutron-rpc-server[104696]: INFO ovsdbapp.backend.ovs_idl.vlog [None req-c265bba3-f99a-438d-968b-42687945cf0a None None] ssl:199.19.213.156:6641: connecting...
Jun 23 16:05:54.997911 np0000182569 neutron-rpc-server[104709]: INFO ovsdbapp.backend.ovs_idl.vlog [None req-a566a84f-d448-4f8b-ae1a-04e0df080c20 None None] ssl:199.19.213.156:6641: connected
Jun 23 16:05:54.998101 np0000182569 neutron-rpc-server[104670]: DEBUG ovsdbapp.backend.ovs_idl [None req-4c4b7d73-1273-4c82-ae74-14805aa1b97d None None] Created lookup_table index Chassis.name {{(pid=104670) autocreate_indices /opt/stack/data/venv/lib/python3.12/site-packages/ovsdbapp/backend/ovs_idl/__init__.py:87}}
Jun 23 16:05:54.998101 np0000182569 neutron-rpc-server[104670]: DEBUG ovsdbapp.backend.ovs_idl [None req-4c4b7d73-1273-4c82-ae74-14805aa1b97d None None] Created lookup_table index Port_Binding.logical_port {{(pid=104670) autocreate_indices /opt/stack/data/venv/lib/python3.12/site-packages/ovsdbapp/backend/ovs_idl/__init__.py:87}}
Jun 23 16:05:54.998101 np0000182569 neutron-rpc-server[104670]: DEBUG ovsdbapp.backend.ovs_idl [None req-4c4b7d73-1273-4c82-ae74-14805aa1b97d None None] Created schema index Chassis_Private.name {{(pid=104670) autocreate_indices /opt/stack/data/venv/lib/python3.12/site-packages/ovsdbapp/backend/ovs_idl/__init__.py:106}}
Jun 23 16:05:54.998101 np0000182569 neutron-rpc-server[104670]: DEBUG ovsdbapp.backend.ovs_idl [None req-4c4b7d73-1273-4c82-ae74-14805aa1b97d None None] Created schema index Datapath_Binding.tunnel_key {{(pid=104670) autocreate_indices /opt/stack/data/venv/lib/python3.12/site-packages/ovsdbapp/backend/ovs_idl/__init__.py:106}}
Jun 23 16:05:54.998101 np0000182569 neutron-rpc-server[104670]: INFO ovsdbapp.backend.ovs_idl.vlog [None req-4c4b7d73-1273-4c82-ae74-14805aa1b97d None None] ssl:199.19.213.156:6642: connecting...
Jun 23 16:05:54.998460 np0000182569 neutron-rpc-server[104696]: INFO ovsdbapp.backend.ovs_idl.vlog [None req-c265bba3-f99a-438d-968b-42687945cf0a None None] ssl:199.19.213.156:6641: connected
Jun 23 16:05:54.998838 np0000182569 neutron-rpc-server[104670]: INFO ovsdbapp.backend.ovs_idl.vlog [None req-4c4b7d73-1273-4c82-ae74-14805aa1b97d None None] ssl:199.19.213.156:6642: connected
Jun 23 16:05:54.999085 np0000182569 neutron-rpc-server[104667]: DEBUG ovsdbapp.backend.ovs_idl [None req-7f681f4e-8026-4b1e-ab82-f9544a764263 None None] Created lookup_table index Chassis.name {{(pid=104667) autocreate_indices /opt/stack/data/venv/lib/python3.12/site-packages/ovsdbapp/backend/ovs_idl/__init__.py:87}}
Jun 23 16:05:54.999085 np0000182569 neutron-rpc-server[104667]: DEBUG ovsdbapp.backend.ovs_idl [None req-7f681f4e-8026-4b1e-ab82-f9544a764263 None None] Created lookup_table index Port_Binding.logical_port {{(pid=104667) autocreate_indices /opt/stack/data/venv/lib/python3.12/site-packages/ovsdbapp/backend/ovs_idl/__init__.py:87}}
Jun 23 16:05:54.999085 np0000182569 neutron-rpc-server[104667]: DEBUG ovsdbapp.backend.ovs_idl [None req-7f681f4e-8026-4b1e-ab82-f9544a764263 None None] Created schema index Chassis_Private.name {{(pid=104667) autocreate_indices /opt/stack/data/venv/lib/python3.12/site-packages/ovsdbapp/backend/ovs_idl/__init__.py:106}}
Jun 23 16:05:54.999417 np0000182569 neutron-rpc-server[104675]: DEBUG ovsdbapp.backend.ovs_idl [None req-89d80c0b-dc98-4b04-969c-38ef7aabb270 None None] Created lookup_table index Chassis.name {{(pid=104675) autocreate_indices /opt/stack/data/venv/lib/python3.12/site-packages/ovsdbapp/backend/ovs_idl/__init__.py:87}}
Jun 23 16:05:54.999417 np0000182569 neutron-rpc-server[104675]: DEBUG ovsdbapp.backend.ovs_idl [None req-89d80c0b-dc98-4b04-969c-38ef7aabb270 None None] Created lookup_table index Port_Binding.logical_port {{(pid=104675) autocreate_indices /opt/stack/data/venv/lib/python3.12/site-packages/ovsdbapp/backend/ovs_idl/__init__.py:87}}
Jun 23 16:05:54.999648 np0000182569 neutron-rpc-server[104667]: DEBUG ovsdbapp.backend.ovs_idl [None req-7f681f4e-8026-4b1e-ab82-f9544a764263 None None] Created schema index Datapath_Binding.tunnel_key {{(pid=104667) autocreate_indices /opt/stack/data/venv/lib/python3.12/site-packages/ovsdbapp/backend/ovs_idl/__init__.py:106}}
Jun 23 16:05:54.999808 np0000182569 neutron-rpc-server[104675]: DEBUG ovsdbapp.backend.ovs_idl [None req-89d80c0b-dc98-4b04-969c-38ef7aabb270 None None] Created schema index Chassis_Private.name {{(pid=104675) autocreate_indices /opt/stack/data/venv/lib/python3.12/site-packages/ovsdbapp/backend/ovs_idl/__init__.py:106}}
Jun 23 16:05:54.999808 np0000182569 neutron-rpc-server[104675]: DEBUG ovsdbapp.backend.ovs_idl [None req-89d80c0b-dc98-4b04-969c-38ef7aabb270 None None] Created schema index Datapath_Binding.tunnel_key {{(pid=104675) autocreate_indices /opt/stack/data/venv/lib/python3.12/site-packages/ovsdbapp/backend/ovs_idl/__init__.py:106}}
Jun 23 16:05:55.000065 np0000182569 neutron-rpc-server[104726]: WARNING neutron.plugins.ml2.drivers.ovn.mech_driver.mech_driver [-] uWSGI is the only supported loader for the Neutron API; it provides, via ``uwsgi`` library, the worker ID. If other loader is used, a random hash ring node UUID will be provided
Jun 23 16:05:55.000205 np0000182569 neutron-rpc-server[104675]: INFO ovsdbapp.backend.ovs_idl.vlog [None req-89d80c0b-dc98-4b04-969c-38ef7aabb270 None None] ssl:199.19.213.156:6642: connecting...
Jun 23 16:05:55.000342 np0000182569 neutron-rpc-server[104667]: INFO ovsdbapp.backend.ovs_idl.vlog [None req-7f681f4e-8026-4b1e-ab82-f9544a764263 None None] ssl:199.19.213.156:6642: connecting...
Jun 23 16:05:55.000476 np0000182569 neutron-rpc-server[104726]: DEBUG ovsdbapp.backend.ovs_idl [None req-16e38329-b0e4-4038-b5a1-f19bf13b8404 None None] Created lookup_table index Logical_Switch.name {{(pid=104726) autocreate_indices /opt/stack/data/venv/lib/python3.12/site-packages/ovsdbapp/backend/ovs_idl/__init__.py:87}}
Jun 23 16:05:55.000476 np0000182569 neutron-rpc-server[104726]: DEBUG ovsdbapp.backend.ovs_idl [None req-16e38329-b0e4-4038-b5a1-f19bf13b8404 None None] Created lookup_table index Logical_Router.name {{(pid=104726) autocreate_indices /opt/stack/data/venv/lib/python3.12/site-packages/ovsdbapp/backend/ovs_idl/__init__.py:87}}
Jun 23 16:05:55.000476 np0000182569 neutron-rpc-server[104726]: DEBUG ovsdbapp.backend.ovs_idl [None req-16e38329-b0e4-4038-b5a1-f19bf13b8404 None None] Created lookup_table index Load_Balancer.name {{(pid=104726) autocreate_indices /opt/stack/data/venv/lib/python3.12/site-packages/ovsdbapp/backend/ovs_idl/__init__.py:87}}
Jun 23 16:05:55.000476 np0000182569 neutron-rpc-server[104726]: DEBUG ovsdbapp.backend.ovs_idl [None req-16e38329-b0e4-4038-b5a1-f19bf13b8404 None None] Created schema index Copp.name {{(pid=104726) autocreate_indices /opt/stack/data/venv/lib/python3.12/site-packages/ovsdbapp/backend/ovs_idl/__init__.py:106}}
Jun 23 16:05:55.000476 np0000182569 neutron-rpc-server[104726]: DEBUG ovsdbapp.backend.ovs_idl [None req-16e38329-b0e4-4038-b5a1-f19bf13b8404 None None] Created schema index Meter.name {{(pid=104726) autocreate_indices /opt/stack/data/venv/lib/python3.12/site-packages/ovsdbapp/backend/ovs_idl/__init__.py:106}}
Jun 23 16:05:55.000476 np0000182569 neutron-rpc-server[104726]: DEBUG ovsdbapp.backend.ovs_idl [None req-16e38329-b0e4-4038-b5a1-f19bf13b8404 None None] Created schema index Load_Balancer_Group.name {{(pid=104726) autocreate_indices /opt/stack/data/venv/lib/python3.12/site-packages/ovsdbapp/backend/ovs_idl/__init__.py:106}}
Jun 23 16:05:55.001019 np0000182569 neutron-rpc-server[104726]: DEBUG ovsdbapp.backend.ovs_idl [None req-16e38329-b0e4-4038-b5a1-f19bf13b8404 None None] Created schema index HA_Chassis_Group.name {{(pid=104726) autocreate_indices /opt/stack/data/venv/lib/python3.12/site-packages/ovsdbapp/backend/ovs_idl/__init__.py:106}}
Jun 23 16:05:55.001019 np0000182569 neutron-rpc-server[104726]: DEBUG ovsdbapp.backend.ovs_idl [None req-16e38329-b0e4-4038-b5a1-f19bf13b8404 None None] Created schema index Address_Set.name {{(pid=104726) autocreate_indices /opt/stack/data/venv/lib/python3.12/site-packages/ovsdbapp/backend/ovs_idl/__init__.py:106}}
Jun 23 16:05:55.001019 np0000182569 neutron-rpc-server[104726]: DEBUG ovsdbapp.backend.ovs_idl [None req-16e38329-b0e4-4038-b5a1-f19bf13b8404 None None] Created schema index Connection.target {{(pid=104726) autocreate_indices /opt/stack/data/venv/lib/python3.12/site-packages/ovsdbapp/backend/ovs_idl/__init__.py:106}}
Jun 23 16:05:55.001019 np0000182569 neutron-rpc-server[104726]: DEBUG ovsdbapp.backend.ovs_idl [None req-16e38329-b0e4-4038-b5a1-f19bf13b8404 None None] Created schema index Gateway_Chassis.name {{(pid=104726) autocreate_indices /opt/stack/data/venv/lib/python3.12/site-packages/ovsdbapp/backend/ovs_idl/__init__.py:106}}
Jun 23 16:05:55.001019 np0000182569 neutron-rpc-server[104726]: DEBUG ovsdbapp.backend.ovs_idl [None req-16e38329-b0e4-4038-b5a1-f19bf13b8404 None None] Created schema index Mirror.name {{(pid=104726) autocreate_indices /opt/stack/data/venv/lib/python3.12/site-packages/ovsdbapp/backend/ovs_idl/__init__.py:106}}
Jun 23 16:05:55.001019 np0000182569 neutron-rpc-server[104726]: DEBUG ovsdbapp.backend.ovs_idl [None req-16e38329-b0e4-4038-b5a1-f19bf13b8404 None None] Created schema index Chassis_Template_Var.chassis {{(pid=104726) autocreate_indices /opt/stack/data/venv/lib/python3.12/site-packages/ovsdbapp/backend/ovs_idl/__init__.py:106}}
Jun 23 16:05:55.001525 np0000182569 neutron-rpc-server[104726]: DEBUG ovsdbapp.backend.ovs_idl [None req-16e38329-b0e4-4038-b5a1-f19bf13b8404 None None] Created schema index Logical_Router_Port.name {{(pid=104726) autocreate_indices /opt/stack/data/venv/lib/python3.12/site-packages/ovsdbapp/backend/ovs_idl/__init__.py:106}}
Jun 23 16:05:55.001525 np0000182569 neutron-rpc-server[104726]: DEBUG ovsdbapp.backend.ovs_idl [None req-16e38329-b0e4-4038-b5a1-f19bf13b8404 None None] Created schema index Port_Group.name {{(pid=104726) autocreate_indices /opt/stack/data/venv/lib/python3.12/site-packages/ovsdbapp/backend/ovs_idl/__init__.py:106}}
Jun 23 16:05:55.001525 np0000182569 neutron-rpc-server[104726]: DEBUG ovsdbapp.backend.ovs_idl [None req-16e38329-b0e4-4038-b5a1-f19bf13b8404 None None] Created schema index Logical_Switch_Port.name {{(pid=104726) autocreate_indices /opt/stack/data/venv/lib/python3.12/site-packages/ovsdbapp/backend/ovs_idl/__init__.py:106}}
Jun 23 16:05:55.001882 np0000182569 neutron-rpc-server[104739]: WARNING neutron.plugins.ml2.drivers.ovn.mech_driver.mech_driver [-] uWSGI is the only supported loader for the Neutron API; it provides, via ``uwsgi`` library, the worker ID. If other loader is used, a random hash ring node UUID will be provided
Jun 23 16:05:55.002018 np0000182569 neutron-rpc-server[104726]: INFO ovsdbapp.backend.ovs_idl.vlog [None req-16e38329-b0e4-4038-b5a1-f19bf13b8404 None None] ssl:199.19.213.156:6641: connecting...
Jun 23 16:05:55.002165 np0000182569 neutron-rpc-server[104739]: DEBUG ovsdbapp.backend.ovs_idl [None req-e705be67-5e53-457a-b263-b02142f2073d None None] Created lookup_table index Logical_Switch.name {{(pid=104739) autocreate_indices /opt/stack/data/venv/lib/python3.12/site-packages/ovsdbapp/backend/ovs_idl/__init__.py:87}}
Jun 23 16:05:55.002165 np0000182569 neutron-rpc-server[104739]: DEBUG ovsdbapp.backend.ovs_idl [None req-e705be67-5e53-457a-b263-b02142f2073d None None] Created lookup_table index Logical_Router.name {{(pid=104739) autocreate_indices /opt/stack/data/venv/lib/python3.12/site-packages/ovsdbapp/backend/ovs_idl/__init__.py:87}}
Jun 23 16:05:55.002165 np0000182569 neutron-rpc-server[104739]: DEBUG ovsdbapp.backend.ovs_idl [None req-e705be67-5e53-457a-b263-b02142f2073d None None] Created lookup_table index Load_Balancer.name {{(pid=104739) autocreate_indices /opt/stack/data/venv/lib/python3.12/site-packages/ovsdbapp/backend/ovs_idl/__init__.py:87}}
Jun 23 16:05:55.002165 np0000182569 neutron-rpc-server[104739]: DEBUG ovsdbapp.backend.ovs_idl [None req-e705be67-5e53-457a-b263-b02142f2073d None None] Created schema index Copp.name {{(pid=104739) autocreate_indices /opt/stack/data/venv/lib/python3.12/site-packages/ovsdbapp/backend/ovs_idl/__init__.py:106}}
Jun 23 16:05:55.002165 np0000182569 neutron-rpc-server[104739]: DEBUG ovsdbapp.backend.ovs_idl [None req-e705be67-5e53-457a-b263-b02142f2073d None None] Created schema index Meter.name {{(pid=104739) autocreate_indices /opt/stack/data/venv/lib/python3.12/site-packages/ovsdbapp/backend/ovs_idl/__init__.py:106}}
Jun 23 16:05:55.002165 np0000182569 neutron-rpc-server[104739]: DEBUG ovsdbapp.backend.ovs_idl [None req-e705be67-5e53-457a-b263-b02142f2073d None None] Created schema index Load_Balancer_Group.name {{(pid=104739) autocreate_indices /opt/stack/data/venv/lib/python3.12/site-packages/ovsdbapp/backend/ovs_idl/__init__.py:106}}
Jun 23 16:05:55.002684 np0000182569 neutron-rpc-server[104739]: DEBUG ovsdbapp.backend.ovs_idl [None req-e705be67-5e53-457a-b263-b02142f2073d None None] Created schema index HA_Chassis_Group.name {{(pid=104739) autocreate_indices /opt/stack/data/venv/lib/python3.12/site-packages/ovsdbapp/backend/ovs_idl/__init__.py:106}}
Jun 23 16:05:55.002684 np0000182569 neutron-rpc-server[104739]: DEBUG ovsdbapp.backend.ovs_idl [None req-e705be67-5e53-457a-b263-b02142f2073d None None] Created schema index Address_Set.name {{(pid=104739) autocreate_indices /opt/stack/data/venv/lib/python3.12/site-packages/ovsdbapp/backend/ovs_idl/__init__.py:106}}
Jun 23 16:05:55.002684 np0000182569 neutron-rpc-server[104739]: DEBUG ovsdbapp.backend.ovs_idl [None req-e705be67-5e53-457a-b263-b02142f2073d None None] Created schema index Connection.target {{(pid=104739) autocreate_indices /opt/stack/data/venv/lib/python3.12/site-packages/ovsdbapp/backend/ovs_idl/__init__.py:106}}
Jun 23 16:05:55.002684 np0000182569 neutron-rpc-server[104739]: DEBUG ovsdbapp.backend.ovs_idl [None req-e705be67-5e53-457a-b263-b02142f2073d None None] Created schema index Gateway_Chassis.name {{(pid=104739) autocreate_indices /opt/stack/data/venv/lib/python3.12/site-packages/ovsdbapp/backend/ovs_idl/__init__.py:106}}
Jun 23 16:05:55.002684 np0000182569 neutron-rpc-server[104739]: DEBUG ovsdbapp.backend.ovs_idl [None req-e705be67-5e53-457a-b263-b02142f2073d None None] Created schema index Mirror.name {{(pid=104739) autocreate_indices /opt/stack/data/venv/lib/python3.12/site-packages/ovsdbapp/backend/ovs_idl/__init__.py:106}}
Jun 23 16:05:55.002684 np0000182569 neutron-rpc-server[104739]: DEBUG ovsdbapp.backend.ovs_idl [None req-e705be67-5e53-457a-b263-b02142f2073d None None] Created schema index Chassis_Template_Var.chassis {{(pid=104739) autocreate_indices /opt/stack/data/venv/lib/python3.12/site-packages/ovsdbapp/backend/ovs_idl/__init__.py:106}}
Jun 23 16:05:55.003108 np0000182569 neutron-rpc-server[104739]: DEBUG ovsdbapp.backend.ovs_idl [None req-e705be67-5e53-457a-b263-b02142f2073d None None] Created schema index Logical_Router_Port.name {{(pid=104739) autocreate_indices /opt/stack/data/venv/lib/python3.12/site-packages/ovsdbapp/backend/ovs_idl/__init__.py:106}}
Jun 23 16:05:55.003108 np0000182569 neutron-rpc-server[104739]: DEBUG ovsdbapp.backend.ovs_idl [None req-e705be67-5e53-457a-b263-b02142f2073d None None] Created schema index Port_Group.name {{(pid=104739) autocreate_indices /opt/stack/data/venv/lib/python3.12/site-packages/ovsdbapp/backend/ovs_idl/__init__.py:106}}
Jun 23 16:05:55.003108 np0000182569 neutron-rpc-server[104739]: DEBUG ovsdbapp.backend.ovs_idl [None req-e705be67-5e53-457a-b263-b02142f2073d None None] Created schema index Logical_Switch_Port.name {{(pid=104739) autocreate_indices /opt/stack/data/venv/lib/python3.12/site-packages/ovsdbapp/backend/ovs_idl/__init__.py:106}}
Jun 23 16:05:55.003108 np0000182569 neutron-rpc-server[104739]: INFO ovsdbapp.backend.ovs_idl.vlog [None req-e705be67-5e53-457a-b263-b02142f2073d None None] ssl:199.19.213.156:6641: connecting...
Jun 23 16:05:55.003642 np0000182569 neutron-rpc-server[104684]: ERROR neutron.common.ovn.hash_ring_manager [None req-7afedc0e-d13f-48ba-9e60-e8cd7de4859b None None] The Neutron API workers count is zero
Jun 23 16:05:55.003642 np0000182569 neutron-rpc-server[104684]: ERROR neutron.plugins.ml2.drivers.ovn.mech_driver.ovsdb.ovsdb_monitor [None req-7afedc0e-d13f-48ba-9e60-e8cd7de4859b None None] The Neutron API workers count is zero: RuntimeError: The Neutron API workers count is zero
Jun 23 16:05:55.003642 np0000182569 neutron-rpc-server[104684]: ERROR neutron.plugins.ml2.drivers.ovn.mech_driver.ovsdb.ovsdb_monitor
Traceback (most recent call last):
Jun 23 16:05:55.003642 np0000182569 neutron-rpc-server[104684]: ERROR neutron.plugins.ml2.drivers.ovn.mech_driver.ovsdb.ovsdb_monitor
File "/opt/stack/neutron/neutron/plugins/ml2/drivers/ovn/mech_driver/ovsdb/ovsdb_monitor.py", line 989, in notify
Jun 23 16:05:55.003642 np0000182569 neutron-rpc-server[104684]: ERROR neutron.plugins.ml2.drivers.ovn.mech_driver.ovsdb.ovsdb_monitor target_node, node_last_touch = self._hash_ring.get_node(
Jun 23 16:05:55.003642 np0000182569 neutron-rpc-server[104684]: ERROR neutron.plugins.ml2.drivers.ovn.mech_driver.ovsdb.ovsdb_monitor ^^^^^^^^^^^^^^^^^^^^^^^^^
Jun 23 16:05:55.003642 np0000182569 neutron-rpc-server[104684]: ERROR neutron.plugins.ml2.drivers.ovn.mech_driver.ovsdb.ovsdb_monitor
File "/opt/stack/neutron/neutron/common/ovn/hash_ring_manager.py", line 117, in get_node
Jun 23 16:05:55.003642 np0000182569 neutron-rpc-server[104684]: ERROR neutron.plugins.ml2.drivers.ovn.mech_driver.ovsdb.ovsdb_monitor self._load_hash_ring()
Jun 23 16:05:55.003642 np0000182569 neutron-rpc-server[104684]: ERROR neutron.plugins.ml2.drivers.ovn.mech_driver.ovsdb.ovsdb_monitor
File "/opt/stack/neutron/neutron/common/ovn/hash_ring_manager.py", line 95, in _load_hash_ring
Jun 23 16:05:55.003642 np0000182569 neutron-rpc-server[104684]: ERROR neutron.plugins.ml2.drivers.ovn.mech_driver.ovsdb.ovsdb_monitor self._wait_startup_before_caching or
Jun 23 16:05:55.003642 np0000182569 neutron-rpc-server[104684]: ERROR neutron.plugins.ml2.drivers.ovn.mech_driver.ovsdb.ovsdb_monitor ^^^^^^^^^^^^^^^^^^^^^^^^^^^^^^^^^
Jun 23 16:05:55.003642 np0000182569 neutron-rpc-server[104684]: ERROR neutron.plugins.ml2.drivers.ovn.mech_driver.ovsdb.ovsdb_monitor
File "/opt/stack/neutron/neutron/common/ovn/hash_ring_manager.py", line 63, in _wait_startup_before_caching
Jun 23 16:05:55.003642 np0000182569 neutron-rpc-server[104684]: ERROR neutron.plugins.ml2.drivers.ovn.mech_driver.ovsdb.ovsdb_monitor raise RuntimeError(msg)
Jun 23 16:05:55.004424 np0000182569 neutron-rpc-server[104684]: ERROR neutron.plugins.ml2.drivers.ovn.mech_driver.ovsdb.ovsdb_monitor RuntimeError: The Neutron API workers count is zero
Jun 23 16:05:55.004424 np0000182569 neutron-rpc-server[104684]: ERROR neutron.plugins.ml2.drivers.ovn.mech_driver.ovsdb.ovsdb_monitor
Jun 23 16:05:55.004424 np0000182569 neutron-rpc-server[104684]: ERROR neutron.common.ovn.hash_ring_manager [None req-7afedc0e-d13f-48ba-9e60-e8cd7de4859b None None] The Neutron API workers count is zero
Jun 23 16:05:55.004424 np0000182569 neutron-rpc-server[104684]: ERROR neutron.plugins.ml2.drivers.ovn.mech_driver.ovsdb.ovsdb_monitor [None req-7afedc0e-d13f-48ba-9e60-e8cd7de4859b None None] The Neutron API workers count is zero: RuntimeError: The Neutron API workers count is zero
Jun 23 16:05:55.004424 np0000182569 neutron-rpc-server[104684]: ERROR neutron.plugins.ml2.drivers.ovn.mech_driver.ovsdb.ovsdb_monitor
Traceback (most recent call last):
Jun 23 16:05:55.004424 np0000182569 neutron-rpc-server[104684]: ERROR neutron.plugins.ml2.drivers.ovn.mech_driver.ovsdb.ovsdb_monitor
File "/opt/stack/neutron/neutron/plugins/ml2/drivers/ovn/mech_driver/ovsdb/ovsdb_monitor.py", line 989, in notify
Jun 23 16:05:55.004424 np0000182569 neutron-rpc-server[104684]: ERROR neutron.plugins.ml2.drivers.ovn.mech_driver.ovsdb.ovsdb_monitor target_node, node_last_touch = self._hash_ring.get_node(
Jun 23 16:05:55.004424 np0000182569 neutron-rpc-server[104684]: ERROR neutron.plugins.ml2.drivers.ovn.mech_driver.ovsdb.ovsdb_monitor ^^^^^^^^^^^^^^^^^^^^^^^^^
Jun 23 16:05:55.004424 np0000182569 neutron-rpc-server[104684]: ERROR neutron.plugins.ml2.drivers.ovn.mech_driver.ovsdb.ovsdb_monitor
File "/opt/stack/neutron/neutron/common/ovn/hash_ring_manager.py", line 117, in get_node
Jun 23 16:05:55.004424 np0000182569 neutron-rpc-server[104684]: ERROR neutron.plugins.ml2.drivers.ovn.mech_driver.ovsdb.ovsdb_monitor self._load_hash_ring()
Jun 23 16:05:55.004424 np0000182569 neutron-rpc-server[104684]: ERROR neutron.plugins.ml2.drivers.ovn.mech_driver.ovsdb.ovsdb_monitor
File "/opt/stack/neutron/neutron/common/ovn/hash_ring_manager.py", line 95, in _load_hash_ring
Jun 23 16:05:55.004424 np0000182569 neutron-rpc-server[104684]: ERROR neutron.plugins.ml2.drivers.ovn.mech_driver.ovsdb.ovsdb_monitor self._wait_startup_before_caching or
Jun 23 16:05:55.004424 np0000182569 neutron-rpc-server[104684]: ERROR neutron.plugins.ml2.drivers.ovn.mech_driver.ovsdb.ovsdb_monitor ^^^^^^^^^^^^^^^^^^^^^^^^^^^^^^^^^
Jun 23 16:05:55.005274 np0000182569 neutron-rpc-server[104684]: ERROR neutron.plugins.ml2.drivers.ovn.mech_driver.ovsdb.ovsdb_monitor
File "/opt/stack/neutron/neutron/common/ovn/hash_ring_manager.py", line 63, in _wait_startup_before_caching
Jun 23 16:05:55.005274 np0000182569 neutron-rpc-server[104684]: ERROR neutron.plugins.ml2.drivers.ovn.mech_driver.ovsdb.ovsdb_monitor raise RuntimeError(msg)
Jun 23 16:05:55.005274 np0000182569 neutron-rpc-server[104684]: ERROR neutron.plugins.ml2.drivers.ovn.mech_driver.ovsdb.ovsdb_monitor RuntimeError: The Neutron API workers count is zero
Jun 23 16:05:55.005274 np0000182569 neutron-rpc-server[104684]: ERROR neutron.plugins.ml2.drivers.ovn.mech_driver.ovsdb.ovsdb_monitor
Jun 23 16:05:55.005274 np0000182569 neutron-rpc-server[104684]: ERROR neutron.common.ovn.hash_ring_manager [None req-7afedc0e-d13f-48ba-9e60-e8cd7de4859b None None] The Neutron API workers count is zero
Jun 23 16:05:55.005274 np0000182569 neutron-rpc-server[104684]: ERROR neutron.plugins.ml2.drivers.ovn.mech_driver.ovsdb.ovsdb_monitor [None req-7afedc0e-d13f-48ba-9e60-e8cd7de4859b None None] The Neutron API workers count is zero: RuntimeError: The Neutron API workers count is zero
Jun 23 16:05:55.005274 np0000182569 neutron-rpc-server[104684]: ERROR neutron.plugins.ml2.drivers.ovn.mech_driver.ovsdb.ovsdb_monitor
Traceback (most recent call last):
Jun 23 16:05:55.005274 np0000182569 neutron-rpc-server[104684]: ERROR neutron.plugins.ml2.drivers.ovn.mech_driver.ovsdb.ovsdb_monitor
File "/opt/stack/neutron/neutron/plugins/ml2/drivers/ovn/mech_driver/ovsdb/ovsdb_monitor.py", line 989, in notify
Jun 23 16:05:55.005274 np0000182569 neutron-rpc-server[104684]: ERROR neutron.plugins.ml2.drivers.ovn.mech_driver.ovsdb.ovsdb_monitor target_node, node_last_touch = self._hash_ring.get_node(
Jun 23 16:05:55.005274 np0000182569 neutron-rpc-server[104684]: ERROR neutron.plugins.ml2.drivers.ovn.mech_driver.ovsdb.ovsdb_monitor ^^^^^^^^^^^^^^^^^^^^^^^^^
Jun 23 16:05:55.005274 np0000182569 neutron-rpc-server[104684]: ERROR neutron.plugins.ml2.drivers.ovn.mech_driver.ovsdb.ovsdb_monitor
File "/opt/stack/neutron/neutron/common/ovn/hash_ring_manager.py", line 117, in get_node
Jun 23 16:05:55.005274 np0000182569 neutron-rpc-server[104684]: ERROR neutron.plugins.ml2.drivers.ovn.mech_driver.ovsdb.ovsdb_monitor self._load_hash_ring()
Jun 23 16:05:55.005274 np0000182569 neutron-rpc-server[104684]: ERROR neutron.plugins.ml2.drivers.ovn.mech_driver.ovsdb.ovsdb_monitor
File "/opt/stack/neutron/neutron/common/ovn/hash_ring_manager.py", line 95, in _load_hash_ring
Jun 23 16:05:55.006229 np0000182569 neutron-rpc-server[104684]: ERROR neutron.plugins.ml2.drivers.ovn.mech_driver.ovsdb.ovsdb_monitor self._wait_startup_before_caching or
Jun 23 16:05:55.006229 np0000182569 neutron-rpc-server[104684]: ERROR neutron.plugins.ml2.drivers.ovn.mech_driver.ovsdb.ovsdb_monitor ^^^^^^^^^^^^^^^^^^^^^^^^^^^^^^^^^
Jun 23 16:05:55.006229 np0000182569 neutron-rpc-server[104684]: ERROR neutron.plugins.ml2.drivers.ovn.mech_driver.ovsdb.ovsdb_monitor
File "/opt/stack/neutron/neutron/common/ovn/hash_ring_manager.py", line 63, in _wait_startup_before_caching
Jun 23 16:05:55.006229 np0000182569 neutron-rpc-server[104684]: ERROR neutron.plugins.ml2.drivers.ovn.mech_driver.ovsdb.ovsdb_monitor raise RuntimeError(msg)
Jun 23 16:05:55.006229 np0000182569 neutron-rpc-server[104684]: ERROR neutron.plugins.ml2.drivers.ovn.mech_driver.ovsdb.ovsdb_monitor RuntimeError: The Neutron API workers count is zero
Jun 23 16:05:55.006229 np0000182569 neutron-rpc-server[104684]: ERROR neutron.plugins.ml2.drivers.ovn.mech_driver.ovsdb.ovsdb_monitor
Jun 23 16:05:55.006229 np0000182569 neutron-rpc-server[104684]: ERROR neutron.common.ovn.hash_ring_manager [None req-7afedc0e-d13f-48ba-9e60-e8cd7de4859b None None] The Neutron API workers count is zero
Jun 23 16:05:55.006229 np0000182569 neutron-rpc-server[104684]: ERROR neutron.plugins.ml2.drivers.ovn.mech_driver.ovsdb.ovsdb_monitor [None req-7afedc0e-d13f-48ba-9e60-e8cd7de4859b None None] The Neutron API workers count is zero: RuntimeError: The Neutron API workers count is zero
Jun 23 16:05:55.006229 np0000182569 neutron-rpc-server[104684]: ERROR neutron.plugins.ml2.drivers.ovn.mech_driver.ovsdb.ovsdb_monitor
Traceback (most recent call last):
Jun 23 16:05:55.006229 np0000182569 neutron-rpc-server[104684]: ERROR neutron.plugins.ml2.drivers.ovn.mech_driver.ovsdb.ovsdb_monitor
File "/opt/stack/neutron/neutron/plugins/ml2/drivers/ovn/mech_driver/ovsdb/ovsdb_monitor.py", line 989, in notify
Jun 23 16:05:55.006229 np0000182569 neutron-rpc-server[104684]: ERROR neutron.plugins.ml2.drivers.ovn.mech_driver.ovsdb.ovsdb_monitor target_node, node_last_touch = self._hash_ring.get_node(
Jun 23 16:05:55.006229 np0000182569 neutron-rpc-server[104684]: ERROR neutron.plugins.ml2.drivers.ovn.mech_driver.ovsdb.ovsdb_monitor ^^^^^^^^^^^^^^^^^^^^^^^^^
Jun 23 16:05:55.006229 np0000182569 neutron-rpc-server[104684]: ERROR neutron.plugins.ml2.drivers.ovn.mech_driver.ovsdb.ovsdb_monitor
File "/opt/stack/neutron/neutron/common/ovn/hash_ring_manager.py", line 117, in get_node
Jun 23 16:05:55.006595 np0000182569 neutron-rpc-server[104684]: ERROR neutron.plugins.ml2.drivers.ovn.mech_driver.ovsdb.ovsdb_monitor self._load_hash_ring()
Jun 23 16:05:55.006595 np0000182569 neutron-rpc-server[104684]: ERROR neutron.plugins.ml2.drivers.ovn.mech_driver.ovsdb.ovsdb_monitor
File "/opt/stack/neutron/neutron/common/ovn/hash_ring_manager.py", line 95, in _load_hash_ring
Jun 23 16:05:55.006595 np0000182569 neutron-rpc-server[104684]: ERROR neutron.plugins.ml2.drivers.ovn.mech_driver.ovsdb.ovsdb_monitor self._wait_startup_before_caching or
Jun 23 16:05:55.006595 np0000182569 neutron-rpc-server[104684]: ERROR neutron.plugins.ml2.drivers.ovn.mech_driver.ovsdb.ovsdb_monitor ^^^^^^^^^^^^^^^^^^^^^^^^^^^^^^^^^
Jun 23 16:05:55.006595 np0000182569 neutron-rpc-server[104684]: ERROR neutron.plugins.ml2.drivers.ovn.mech_driver.ovsdb.ovsdb_monitor
File "/opt/stack/neutron/neutron/common/ovn/hash_ring_manager.py", line 63, in _wait_startup_before_caching
Jun 23 16:05:55.006595 np0000182569 neutron-rpc-server[104684]: ERROR neutron.plugins.ml2.drivers.ovn.mech_driver.ovsdb.ovsdb_monitor raise RuntimeError(msg)
Jun 23 16:05:55.006595 np0000182569 neutron-rpc-server[104684]: ERROR neutron.plugins.ml2.drivers.ovn.mech_driver.ovsdb.ovsdb_monitor RuntimeError: The Neutron API workers count is zero
Jun 23 16:05:55.006595 np0000182569 neutron-rpc-server[104684]: ERROR neutron.plugins.ml2.drivers.ovn.mech_driver.ovsdb.ovsdb_monitor
Jun 23 16:05:55.006595 np0000182569 neutron-rpc-server[104684]: ERROR neutron.common.ovn.hash_ring_manager [None req-7afedc0e-d13f-48ba-9e60-e8cd7de4859b None None] The Neutron API workers count is zero
Jun 23 16:05:55.006806 np0000182569 neutron-rpc-server[104675]: INFO ovsdbapp.backend.ovs_idl.vlog [None req-89d80c0b-dc98-4b04-969c-38ef7aabb270 None None] ssl:199.19.213.156:6642: connected
Jun 23 16:05:55.006876 np0000182569 neutron-rpc-server[104684]: ERROR neutron.plugins.ml2.drivers.ovn.mech_driver.ovsdb.ovsdb_monitor [None req-7afedc0e-d13f-48ba-9e60-e8cd7de4859b None None] The Neutron API workers count is zero: RuntimeError: The Neutron API workers count is zero
Jun 23 16:05:55.006876 np0000182569 neutron-rpc-server[104684]: ERROR neutron.plugins.ml2.drivers.ovn.mech_driver.ovsdb.ovsdb_monitor
Traceback (most recent call last):
Jun 23 16:05:55.006876 np0000182569 neutron-rpc-server[104684]: ERROR neutron.plugins.ml2.drivers.ovn.mech_driver.ovsdb.ovsdb_monitor
File "/opt/stack/neutron/neutron/plugins/ml2/drivers/ovn/mech_driver/ovsdb/ovsdb_monitor.py", line 989, in notify
Jun 23 16:05:55.006876 np0000182569 neutron-rpc-server[104684]: ERROR neutron.plugins.ml2.drivers.ovn.mech_driver.ovsdb.ovsdb_monitor target_node, node_last_touch = self._hash_ring.get_node(
Jun 23 16:05:55.006876 np0000182569 neutron-rpc-server[104684]: ERROR neutron.plugins.ml2.drivers.ovn.mech_driver.ovsdb.ovsdb_monitor ^^^^^^^^^^^^^^^^^^^^^^^^^
Jun 23 16:05:55.006876 np0000182569 neutron-rpc-server[104684]: ERROR neutron.plugins.ml2.drivers.ovn.mech_driver.ovsdb.ovsdb_monitor
File "/opt/stack/neutron/neutron/common/ovn/hash_ring_manager.py", line 117, in get_node
Jun 23 16:05:55.006876 np0000182569 neutron-rpc-server[104684]: ERROR neutron.plugins.ml2.drivers.ovn.mech_driver.ovsdb.ovsdb_monitor self._load_hash_ring()
Jun 23 16:05:55.006876 np0000182569 neutron-rpc-server[104684]: ERROR neutron.plugins.ml2.drivers.ovn.mech_driver.ovsdb.ovsdb_monitor
File "/opt/stack/neutron/neutron/common/ovn/hash_ring_manager.py", line 95, in _load_hash_ring
Jun 23 16:05:55.006876 np0000182569 neutron-rpc-server[104684]: ERROR neutron.plugins.ml2.drivers.ovn.mech_driver.ovsdb.ovsdb_monitor self._wait_startup_before_caching or
Jun 23 16:05:55.006876 np0000182569 neutron-rpc-server[104684]: ERROR neutron.plugins.ml2.drivers.ovn.mech_driver.ovsdb.ovsdb_monitor ^^^^^^^^^^^^^^^^^^^^^^^^^^^^^^^^^
Jun 23 16:05:55.006876 np0000182569 neutron-rpc-server[104684]: ERROR neutron.plugins.ml2.drivers.ovn.mech_driver.ovsdb.ovsdb_monitor
File "/opt/stack/neutron/neutron/common/ovn/hash_ring_manager.py", line 63, in _wait_startup_before_caching
Jun 23 16:05:55.006876 np0000182569 neutron-rpc-server[104684]: ERROR neutron.plugins.ml2.drivers.ovn.mech_driver.ovsdb.ovsdb_monitor raise RuntimeError(msg)
Jun 23 16:05:55.006876 np0000182569 neutron-rpc-server[104684]: ERROR neutron.plugins.ml2.drivers.ovn.mech_driver.ovsdb.ovsdb_monitor RuntimeError: The Neutron API workers count is zero
Jun 23 16:05:55.007159 np0000182569 neutron-rpc-server[104684]: ERROR neutron.plugins.ml2.drivers.ovn.mech_driver.ovsdb.ovsdb_monitor
Jun 23 16:05:55.007159 np0000182569 neutron-rpc-server[104684]: ERROR neutron.common.ovn.hash_ring_manager [None req-7afedc0e-d13f-48ba-9e60-e8cd7de4859b None None] The Neutron API workers count is zero
Jun 23 16:05:55.007239 np0000182569 neutron-rpc-server[104726]: INFO ovsdbapp.backend.ovs_idl.vlog [None req-16e38329-b0e4-4038-b5a1-f19bf13b8404 None None] ssl:199.19.213.156:6641: connected
Jun 23 16:05:55.007315 np0000182569 neutron-rpc-server[104684]: ERROR neutron.plugins.ml2.drivers.ovn.mech_driver.ovsdb.ovsdb_monitor [None req-7afedc0e-d13f-48ba-9e60-e8cd7de4859b None None] The Neutron API workers count is zero: RuntimeError: The Neutron API workers count is zero
Jun 23 16:05:55.007315 np0000182569 neutron-rpc-server[104684]: ERROR neutron.plugins.ml2.drivers.ovn.mech_driver.ovsdb.ovsdb_monitor
Traceback (most recent call last):
Jun 23 16:05:55.007315 np0000182569 neutron-rpc-server[104684]: ERROR neutron.plugins.ml2.drivers.ovn.mech_driver.ovsdb.ovsdb_monitor
File "/opt/stack/neutron/neutron/plugins/ml2/drivers/ovn/mech_driver/ovsdb/ovsdb_monitor.py", line 989, in notify
Jun 23 16:05:55.007315 np0000182569 neutron-rpc-server[104684]: ERROR neutron.plugins.ml2.drivers.ovn.mech_driver.ovsdb.ovsdb_monitor target_node, node_last_touch = self._hash_ring.get_node(
Jun 23 16:05:55.007315 np0000182569 neutron-rpc-server[104684]: ERROR neutron.plugins.ml2.drivers.ovn.mech_driver.ovsdb.ovsdb_monitor ^^^^^^^^^^^^^^^^^^^^^^^^^
Jun 23 16:05:55.007315 np0000182569 neutron-rpc-server[104684]: ERROR neutron.plugins.ml2.drivers.ovn.mech_driver.ovsdb.ovsdb_monitor
File "/opt/stack/neutron/neutron/common/ovn/hash_ring_manager.py", line 117, in get_node
Jun 23 16:05:55.007315 np0000182569 neutron-rpc-server[104684]: ERROR neutron.plugins.ml2.drivers.ovn.mech_driver.ovsdb.ovsdb_monitor self._load_hash_ring()
Jun 23 16:05:55.007315 np0000182569 neutron-rpc-server[104684]: ERROR neutron.plugins.ml2.drivers.ovn.mech_driver.ovsdb.ovsdb_monitor
File "/opt/stack/neutron/neutron/common/ovn/hash_ring_manager.py", line 95, in _load_hash_ring
Jun 23 16:05:55.007315 np0000182569 neutron-rpc-server[104684]: ERROR neutron.plugins.ml2.drivers.ovn.mech_driver.ovsdb.ovsdb_monitor self._wait_startup_before_caching or
Jun 23 16:05:55.007315 np0000182569 neutron-rpc-server[104684]: ERROR neutron.plugins.ml2.drivers.ovn.mech_driver.ovsdb.ovsdb_monitor ^^^^^^^^^^^^^^^^^^^^^^^^^^^^^^^^^
Jun 23 16:05:55.007315 np0000182569 neutron-rpc-server[104684]: ERROR neutron.plugins.ml2.drivers.ovn.mech_driver.ovsdb.ovsdb_monitor
File "/opt/stack/neutron/neutron/common/ovn/hash_ring_manager.py", line 63, in _wait_startup_before_caching
Jun 23 16:05:55.007315 np0000182569 neutron-rpc-server[104684]: ERROR neutron.plugins.ml2.drivers.ovn.mech_driver.ovsdb.ovsdb_monitor raise RuntimeError(msg)
Jun 23 16:05:55.007315 np0000182569 neutron-rpc-server[104684]: ERROR neutron.plugins.ml2.drivers.ovn.mech_driver.ovsdb.ovsdb_monitor RuntimeError: The Neutron API workers count is zero
Jun 23 16:05:55.007620 np0000182569 neutron-rpc-server[104684]: ERROR neutron.plugins.ml2.drivers.ovn.mech_driver.ovsdb.ovsdb_monitor
Jun 23 16:05:55.007620 np0000182569 neutron-rpc-server[104684]: ERROR neutron.common.ovn.hash_ring_manager [None req-7afedc0e-d13f-48ba-9e60-e8cd7de4859b None None] The Neutron API workers count is zero
Jun 23 16:05:55.007708 np0000182569 neutron-rpc-server[104667]: INFO ovsdbapp.backend.ovs_idl.vlog [None req-7f681f4e-8026-4b1e-ab82-f9544a764263 None None] ssl:199.19.213.156:6642: connected
Jun 23 16:05:55.007781 np0000182569 neutron-rpc-server[104684]: ERROR neutron.plugins.ml2.drivers.ovn.mech_driver.ovsdb.ovsdb_monitor [None req-7afedc0e-d13f-48ba-9e60-e8cd7de4859b None None] The Neutron API workers count is zero: RuntimeError: The Neutron API workers count is zero
Jun 23 16:05:55.007781 np0000182569 neutron-rpc-server[104684]: ERROR neutron.plugins.ml2.drivers.ovn.mech_driver.ovsdb.ovsdb_monitor
Traceback (most recent call last):
