Jun 23 16:09:34.033864 np0000182569 devstack@neutron-api.service[103184]: DEBUG ovsdbapp.backend.ovs_idl.transaction [None req-f8ff052c-45a8-4304-b4c3-1477b04f0ada None None] Running txn n=1 command(idx=2): QoSDelCommand(_result=None, switch=neutron-6cfa6d96-fa3c-4bb3-99e4-2423cd4751ad, conditions=[('direction', '=', 'from-lport'), ('priority', '=', 2002), ('match', '=', 'inport == "ae0099f3-e635-48b1-ac39-90c48700dfb0"')], if_exists=True) {{(pid=103184) do_commit /opt/stack/data/venv/lib/python3.12/site-packages/ovsdbapp/backend/ovs_idl/transaction.py:89}}
Jun 23 16:09:34.037509 np0000182569 devstack@neutron-api.service[103184]: DEBUG neutron.plugins.ml2.drivers.ovn.mech_driver.ovsdb.ovsdb_monitor [None req-f8ff052c-45a8-4304-b4c3-1477b04f0ada None None] Touching Hash Ring node "56e470ff17245f1d864eab59284caf8f" from IDL notify handler {{(pid=103184) notify /opt/stack/neutron/neutron/plugins/ml2/drivers/ovn/mech_driver/ovsdb/ovsdb_monitor.py:1007}}
Jun 23 16:09:34.043380 np0000182569 devstack@neutron-api.service[103183]: DEBUG neutron.plugins.ml2.drivers.ovn.mech_driver.ovsdb.ovsdb_monitor [None req-5ed4f080-b895-4b50-b4f7-bfdf623f3595 None None] Touching Hash Ring node "25c286f05dbb5e598b088340e66f0939" from IDL notify handler {{(pid=103183) notify /opt/stack/neutron/neutron/plugins/ml2/drivers/ovn/mech_driver/ovsdb/ovsdb_monitor.py:1007}}
Jun 23 16:09:34.049385 np0000182569 devstack@neutron-api.service[103184]: DEBUG neutron.plugins.ml2.drivers.ovn.mech_driver.ovsdb.ovsdb_monitor [None req-f8ff052c-45a8-4304-b4c3-1477b04f0ada None None] Hash Ring: Node 56e470ff17245f1d864eab59284caf8f (host: np0000182569) handling event "update" for row 6cfa6d96-fa3c-4bb3-99e4-2423cd4751ad (table: Logical_Switch) {{(pid=103184) notify /opt/stack/neutron/neutron/plugins/ml2/drivers/ovn/mech_driver/ovsdb/ovsdb_monitor.py:1015}}
Jun 23 16:09:34.053592 np0000182569 devstack@neutron-api.service[103185]: DEBUG neutron.plugins.ml2.drivers.ovn.mech_driver.ovsdb.ovsdb_monitor [None req-96d69b97-32d9-4bb0-b6a1-00b4ff031032 None None] Hash Ring: Node f424c01bc34b5c70becc449e6416ba10 (host: np0000182569) handling event "create" for row 47af0e3e-7190-40a9-be6c-89806f7e4f57 (table: Port_Binding) {{(pid=103185) notify /opt/stack/neutron/neutron/plugins/ml2/drivers/ovn/mech_driver/ovsdb/ovsdb_monitor.py:1015}}
Jun 23 16:09:34.053855 np0000182569 devstack@neutron-api.service[103183]: DEBUG neutron.plugins.ml2.drivers.ovn.mech_driver.ovsdb.ovsdb_monitor [None req-5ed4f080-b895-4b50-b4f7-bfdf623f3595 None None] Hash Ring: Node 25c286f05dbb5e598b088340e66f0939 (host: np0000182569) handling event "create" for row 9233202d-bdc3-420d-a81f-49d60491f3b3 (table: Logical_Switch_Port) {{(pid=103183) notify /opt/stack/neutron/neutron/plugins/ml2/drivers/ovn/mech_driver/ovsdb/ovsdb_monitor.py:1015}}
Jun 23 16:09:34.055788 np0000182569 devstack@neutron-api.service[103183]: DEBUG ovsdbapp.backend.ovs_idl.event [None req-5ed4f080-b895-4b50-b4f7-bfdf623f3595 None None] Matched CREATE: LogicalSwitchPortCreateEvent(events=('create',), table='Logical_Switch_Port', conditions=[], old_conditions=None), priority=20 to row=Logical_Switch_Port(uuid=9233202d-bdc3-420d-a81f-49d60491f3b3, addresses=['fa:16:3e:5c:9e:87 10.2.5.132', 'unknown'], dhcpv4_options=88de2b3b-b8c6-4631-bffb-e61ab3e03770, dhcpv6_options=[], dynamic_addresses=[], enabled=True, external_ids={'neutron:cidrs': '10.2.5.132/24', 'neutron:device_id': 'manila-admin-share', 'neutron:device_owner': 'manila:share', 'neutron:mtu': '', 'neutron:network_name': 'neutron-6cfa6d96-fa3c-4bb3-99e4-2423cd4751ad', 'neutron:port_capabilities': '', 'neutron:port_name': '', 'neutron:project_id': '87510906eadf42909faf4d53ca243552', 'neutron:revision_number': '1', 'neutron:security_group_ids': '', 'neutron:subnet_pool_addr_scope4': '', 'neutron:subnet_pool_addr_scope6': '', 'neutron:vnic_type': 'normal'}, ha_chassis_group=[], mirror_rules=[], name='ae0099f3-e635-48b1-ac39-90c48700dfb0', options={'requested-chassis': 'np0000182569'}, parent_name=[], port_security=[], tag=[], tag_request=[], type='', up=[]) old= {{(pid=103183) matches /opt/stack/data/venv/lib/python3.12/site-packages/ovsdbapp/backend/ovs_idl/event.py:55}}
Jun 23 16:09:34.057507 np0000182569 devstack@neutron-api.service[103183]: INFO neutron.plugins.ml2.drivers.ovn.mech_driver.mech_driver [None req-4373d69d-921a-4783-ae43-351ac6dd709c None None] OVN reports status down for port: ae0099f3-e635-48b1-ac39-90c48700dfb0
Jun 23 16:09:34.059376 np0000182569 devstack@neutron-api.service[103183]: DEBUG neutron.plugins.ml2.drivers.ovn.mech_driver.ovsdb.ovsdb_monitor [None req-5ed4f080-b895-4b50-b4f7-bfdf623f3595 None None] Touching Hash Ring node "25c286f05dbb5e598b088340e66f0939" from IDL notify handler {{(pid=103183) notify /opt/stack/neutron/neutron/plugins/ml2/drivers/ovn/mech_driver/ovsdb/ovsdb_monitor.py:1007}}
Jun 23 16:09:34.063219 np0000182569 devstack@neutron-api.service[103183]: DEBUG neutron.plugins.ml2.drivers.ovn.mech_driver.ovsdb.ovsdb_monitor [None req-5ed4f080-b895-4b50-b4f7-bfdf623f3595 None None] Hash Ring: Node 25c286f05dbb5e598b088340e66f0939 (host: np0000182569) handling event "update" for row 9233202d-bdc3-420d-a81f-49d60491f3b3 (table: Logical_Switch_Port) {{(pid=103183) notify /opt/stack/neutron/neutron/plugins/ml2/drivers/ovn/mech_driver/ovsdb/ovsdb_monitor.py:1015}}
Jun 23 16:09:34.079322 np0000182569 devstack@neutron-api.service[103183]: DEBUG neutron.plugins.ml2.drivers.ovn.mech_driver.ovsdb.ovsdb_monitor [None req-9254ee08-e904-4788-8e9d-334efad4661b None None] ChassisOVNAgentWriteEvent : Matched Chassis_Private, update, None None {{(pid=103183) matches /opt/stack/neutron/neutron/plugins/ml2/drivers/ovn/mech_driver/ovsdb/ovsdb_monitor.py:64}}
Jun 23 16:09:34.079777 np0000182569 devstack@neutron-api.service[103183]: DEBUG neutron.plugins.ml2.drivers.ovn.mech_driver.ovsdb.ovsdb_monitor [None req-9254ee08-e904-4788-8e9d-334efad4661b None None] Hash Ring: Node 25c286f05dbb5e598b088340e66f0939 (host: np0000182569) handling event "update" for row 2382b8f6-2d19-4e9a-acb8-31f56465b0a5 (table: Chassis_Private) {{(pid=103183) notify /opt/stack/neutron/neutron/plugins/ml2/drivers/ovn/mech_driver/ovsdb/ovsdb_monitor.py:1015}}
Jun 23 16:09:34.081363 np0000182569 devstack@neutron-api.service[103182]: DEBUG neutron.plugins.ml2.drivers.ovn.mech_driver.ovsdb.ovsdb_monitor [None req-20c86ace-8077-4b3d-8815-7bf919ec8f36 None None] ChassisOVNAgentWriteEvent : Matched Chassis_Private, update, None None {{(pid=103182) matches /opt/stack/neutron/neutron/plugins/ml2/drivers/ovn/mech_driver/ovsdb/ovsdb_monitor.py:64}}
Jun 23 16:09:34.082863 np0000182569 devstack@neutron-api.service[103184]: INFO neutron.db.ovn_revision_numbers_db [None req-c442c6bc-f8d8-42d9-b993-b6f869097401 service neutron] Successfully bumped revision number for resource ae0099f3-e635-48b1-ac39-90c48700dfb0 (type: ports) to 1
Jun 23 16:09:34.083833 np0000182569 devstack@neutron-api.service[103185]: DEBUG neutron.plugins.ml2.drivers.ovn.mech_driver.ovsdb.ovsdb_monitor [None req-96d69b97-32d9-4bb0-b6a1-00b4ff031032 None None] ChassisOVNAgentWriteEvent : Matched Chassis_Private, update, None None {{(pid=103185) matches /opt/stack/neutron/neutron/plugins/ml2/drivers/ovn/mech_driver/ovsdb/ovsdb_monitor.py:64}}
Jun 23 16:09:34.084292 np0000182569 devstack@neutron-api.service[103184]: DEBUG neutron.plugins.ml2.drivers.ovn.mech_driver.ovsdb.ovsdb_monitor [None req-f66ec267-8a84-45ce-850a-b296ad4033e3 None None] ChassisOVNAgentWriteEvent : Matched Chassis_Private, update, None None {{(pid=103184) matches /opt/stack/neutron/neutron/plugins/ml2/drivers/ovn/mech_driver/ovsdb/ovsdb_monitor.py:64}}
Jun 23 16:09:34.086101 np0000182569 devstack@neutron-api.service[103183]: DEBUG neutron.db.provisioning_blocks [None req-4373d69d-921a-4783-ae43-351ac6dd709c None None] Ignored duplicate provisioning block setup for port ae0099f3-e635-48b1-ac39-90c48700dfb0 by entity L2. {{(pid=103183) add_provisioning_component /opt/stack/neutron/neutron/db/provisioning_blocks.py:69}}
Jun 23 16:09:34.098083 np0000182569 devstack@neutron-api.service[103184]: DEBUG neutron.plugins.ml2.managers [None req-c442c6bc-f8d8-42d9-b993-b6f869097401 service neutron] Attempting to bind port ae0099f3-e635-48b1-ac39-90c48700dfb0 on host np0000182569 for vnic_type normal with profile {{(pid=103184) bind_port /opt/stack/neutron/neutron/plugins/ml2/managers.py:865}}
Jun 23 16:09:34.098198 np0000182569 devstack@neutron-api.service[103184]: DEBUG neutron.plugins.ml2.managers [None req-c442c6bc-f8d8-42d9-b993-b6f869097401 service neutron] Attempting to bind port ae0099f3-e635-48b1-ac39-90c48700dfb0 by drivers ovn on host np0000182569 at level 0 using segments [{'id': '01986c91-bc7a-4b76-b1e9-431673eaa8c5', 'network_type': 'geneve', 'physical_network': None, 'segmentation_id': 19771, 'network_id': '6cfa6d96-fa3c-4bb3-99e4-2423cd4751ad'}] {{(pid=103184) _bind_port_level /opt/stack/neutron/neutron/plugins/ml2/managers.py:890}}
Jun 23 16:09:34.099224 np0000182569 devstack@neutron-api.service[103184]: DEBUG neutron.plugins.ml2.drivers.ovn.mech_driver.mech_driver [None req-c442c6bc-f8d8-42d9-b993-b6f869097401 service neutron] Attempting to bind port ae0099f3-e635-48b1-ac39-90c48700dfb0 on host np0000182569 for network segment with type geneve, segmentation ID 19771, physical network None {{(pid=103184) bind_port /opt/stack/neutron/neutron/plugins/ml2/drivers/ovn/mech_driver/mech_driver.py:1209}}
Jun 23 16:09:34.099801 np0000182569 devstack@neutron-api.service[103184]: DEBUG neutron.plugins.ml2.managers [None req-c442c6bc-f8d8-42d9-b993-b6f869097401 service neutron] Bound port: ae0099f3-e635-48b1-ac39-90c48700dfb0, host: np0000182569, vif_type: ovs, vif_details: {"port_filter": true, "connectivity": "l2", "ovs_create_tap": false, "bridge_name": "br-int", "datapath_type": "system"}, binding_levels: [{'bound_driver': 'ovn', 'bound_segment': {'id': '01986c91-bc7a-4b76-b1e9-431673eaa8c5', 'network_type': 'geneve', 'physical_network': None, 'segmentation_id': 19771, 'network_id': '6cfa6d96-fa3c-4bb3-99e4-2423cd4751ad'}}] {{(pid=103184) _bind_port_level /opt/stack/neutron/neutron/plugins/ml2/managers.py:1001}}
Jun 23 16:09:34.100002 np0000182569 devstack@neutron-api.service[103184]: DEBUG neutron_lib.callbacks.manager [None req-c442c6bc-f8d8-42d9-b993-b6f869097401 service neutron] Publish callbacks ['neutron.plugins.ml2.plugin.SecurityGroupDbMixin._ensure_default_security_group_handler-52949', 'neutron.services.ovn_l3.plugin.OVNL3RouterPlugin._port_update-7968904599262', 'neutron.db.l3_db.L3_NAT_dbonly_mixin._prevent_internal_ip_change_for_fip-7968905643972'] for port (ae0099f3-e635-48b1-ac39-90c48700dfb0), before_update {{(pid=103184) _notify_loop /opt/stack/data/venv/lib/python3.12/site-packages/neutron_lib/callbacks/manager.py:184}}
Jun 23 16:09:34.105966 np0000182569 devstack@neutron-api.service[103183]: DEBUG neutron.plugins.ml2.plugin [None req-4373d69d-921a-4783-ae43-351ac6dd709c None None] Current status of the port ae0099f3-e635-48b1-ac39-90c48700dfb0 is: DOWN; New status is: DOWN {{(pid=103183) _update_individual_port_db_status /opt/stack/neutron/neutron/plugins/ml2/plugin.py:2473}}
Jun 23 16:09:34.106843 np0000182569 devstack@neutron-api.service[103183]: DEBUG ovsdbapp.backend.ovs_idl.transaction [None req-5ed4f080-b895-4b50-b4f7-bfdf623f3595 None None] Running txn n=1 command(idx=0): DbRemoveCommand(_result=None, table=Logical_Switch_Port, record=ae0099f3-e635-48b1-ac39-90c48700dfb0, column=external_ids, values=('neutron:host_id',), keyvalues={}, if_exists=True) {{(pid=103183) do_commit /opt/stack/data/venv/lib/python3.12/site-packages/ovsdbapp/backend/ovs_idl/transaction.py:89}}
Jun 23 16:09:34.138056 np0000182569 devstack@neutron-api.service[103184]: DEBUG neutron.plugins.ml2.db [None req-c442c6bc-f8d8-42d9-b993-b6f869097401 service neutron] For port ae0099f3-e635-48b1-ac39-90c48700dfb0, host np0000182569, cleared binding levels {{(pid=103184) clear_binding_levels /opt/stack/neutron/neutron/plugins/ml2/db.py:87}}
Jun 23 16:09:34.139697 np0000182569 devstack@neutron-api.service[103184]: DEBUG neutron.plugins.ml2.db [None req-c442c6bc-f8d8-42d9-b993-b6f869097401 service neutron] For port ae0099f3-e635-48b1-ac39-90c48700dfb0, host np0000182569, set binding levels [PortBindingLevel(driver='ovn',host='np0000182569',level=0,port_id=ae0099f3-e635-48b1-ac39-90c48700dfb0,segment=NetworkSegment(01986c91-bc7a-4b76-b1e9-431673eaa8c5),segment_id=01986c91-bc7a-4b76-b1e9-431673eaa8c5)] {{(pid=103184) set_binding_levels /opt/stack/neutron/neutron/plugins/ml2/db.py:59}}
Jun 23 16:09:34.141029 np0000182569 devstack@neutron-api.service[103184]: DEBUG neutron.plugins.ml2.drivers.ovn.mech_driver.mech_driver [None req-c442c6bc-f8d8-42d9-b993-b6f869097401 service neutron] No provisioning block for port ae0099f3-e635-48b1-ac39-90c48700dfb0 since host unchanged {{(pid=103184) _is_port_provisioning_required /opt/stack/neutron/neutron/plugins/ml2/drivers/ovn/mech_driver/mech_driver.py:904}}
Jun 23 16:09:34.146973 np0000182569 devstack@neutron-api.service[103184]: DEBUG neutron_lib.callbacks.manager [None req-c442c6bc-f8d8-42d9-b993-b6f869097401 service neutron] Publish callbacks ['neutron.plugins.ml2.ovo_rpc._ObjectChangeHandler.handle_event-835047', 'neutron.services.ovn_l3.plugin.OVNL3RouterPlugin._port_update-7968904599262'] for port (ae0099f3-e635-48b1-ac39-90c48700dfb0), after_update {{(pid=103184) _notify_loop /opt/stack/data/venv/lib/python3.12/site-packages/neutron_lib/callbacks/manager.py:184}}
Jun 23 16:09:34.172953 np0000182569 devstack@neutron-api.service[103184]: DEBUG neutron.api.rpc.handlers.resources_rpc [None req-c442c6bc-f8d8-42d9-b993-b6f869097401 service neutron] Pushing event updated for resources: {'Port': ['ID=ae0099f3-e635-48b1-ac39-90c48700dfb0,revision_number=3']} {{(pid=103184) push /opt/stack/neutron/neutron/api/rpc/handlers/resources_rpc.py:237}}
Jun 23 16:09:34.196481 np0000182569 devstack@neutron-api.service[103184]: DEBUG neutron.plugins.ml2.drivers.ovn.mech_driver.ovsdb.commands [None req-c442c6bc-f8d8-42d9-b993-b6f869097401 service neutron] Converting tag [] to a tag_request {{(pid=103184) _tag_column_to_tag_request /opt/stack/neutron/neutron/plugins/ml2/drivers/ovn/mech_driver/ovsdb/commands.py:205}}
Jun 23 16:09:34.197508 np0000182569 devstack@neutron-api.service[103184]: DEBUG ovsdbapp.backend.ovs_idl.transaction [None req-f8ff052c-45a8-4304-b4c3-1477b04f0ada None None] Running txn n=1 command(idx=0): CheckRevisionNumberCommand(_result=None, name=ae0099f3-e635-48b1-ac39-90c48700dfb0, resource={'id': 'ae0099f3-e635-48b1-ac39-90c48700dfb0', 'name': '', 'network_id': '6cfa6d96-fa3c-4bb3-99e4-2423cd4751ad', 'project_id': '87510906eadf42909faf4d53ca243552', 'mac_address': 'fa:16:3e:5c:9e:87', 'admin_state_up': True, 'status': 'DOWN', 'device_id': 'manila-admin-share', 'device_owner': 'manila:share', 'standard_attr_id': 46, 'fixed_ips': [{'subnet_id': 'd07061a1-c88c-49c5-8cf0-605bcec01c87', 'ip_address': '10.2.5.132'}], 'allowed_address_pairs': [], 'extra_dhcp_opts': [], 'security_groups': [], 'description': '', 'binding:vnic_type': 'normal', 'binding:profile': {}, 'binding:host_id': 'np0000182569', 'binding:vif_type': 'ovs', 'binding:vif_details': {'port_filter': True, 'connectivity': 'l2', 'ovs_create_tap': False, 'bridge_name': 'br-int', 'datapath_type': 'system', 'bound_drivers': {'0': 'ovn'}}, 'port_security_enabled': False, 'tags': [], 'created_at': '2026-06-23T16:09:33Z', 'updated_at': '2026-06-23T16:09:34Z', 'revision_number': 3, 'tenant_id': '87510906eadf42909faf4d53ca243552', 'network': {'id': '6cfa6d96-fa3c-4bb3-99e4-2423cd4751ad', 'name': 'admin_net', 'tenant_id': '87510906eadf42909faf4d53ca243552', 'project_id': '87510906eadf42909faf4d53ca243552', 'admin_state_up': True, 'mtu': 1372, 'status': 'ACTIVE', 'subnets': ['d07061a1-c88c-49c5-8cf0-605bcec01c87'], 'standard_attr_id': 42, 'shared': False, 'availability_zone_hints': [], 'availability_zones': [], 'ipv4_address_scope': None, 'ipv6_address_scope': None, 'router:external': False, 'qinq': False, 'vlan_transparent': False, 'description': '', 'port_security_enabled': True, 'tags': [], 'created_at': '2026-06-23T16:09:27Z', 'updated_at': '2026-06-23T16:09:28Z', 'revision_number': 2, 'provider:network_type': 'geneve', 'provider:physical_network': None, 'provider:segmentation_id': 19771}}, resource_type=ports, if_exists=True) {{(pid=103184) do_commit /opt/stack/data/venv/lib/python3.12/site-packages/ovsdbapp/backend/ovs_idl/transaction.py:89}}
Jun 23 16:09:34.198002 np0000182569 devstack@neutron-api.service[103184]: DEBUG ovsdbapp.backend.ovs_idl.transaction [None req-f8ff052c-45a8-4304-b4c3-1477b04f0ada None None] Running txn n=1 command(idx=1): SetLSwitchPortCommand(_result=None, lport=ae0099f3-e635-48b1-ac39-90c48700dfb0, external_ids_update=None, columns={'external_ids': {'neutron:port_name': '', 'neutron:device_id': 'manila-admin-share', 'neutron:project_id': '87510906eadf42909faf4d53ca243552', 'neutron:cidrs': '10.2.5.132/24', 'neutron:device_owner': 'manila:share', 'neutron:subnet_pool_addr_scope4': '', 'neutron:subnet_pool_addr_scope6': '', 'neutron:network_name': 'neutron-6cfa6d96-fa3c-4bb3-99e4-2423cd4751ad', 'neutron:security_group_ids': '', 'neutron:revision_number': '3', 'neutron:vnic_type': 'normal', 'neutron:port_capabilities': '', 'neutron:mtu': ''}, 'parent_name': [], 'options': {'requested-chassis': 'np0000182569'}, 'enabled': True, 'port_security': [], 'dhcpv4_options': [UUID('88de2b3b-b8c6-4631-bffb-e61ab3e03770')], 'dhcpv6_options': [], 'type': '', 'addresses': ['fa:16:3e:5c:9e:87 10.2.5.132', 'unknown'], 'ha_chassis_group': [], 'tag_request': []}, if_exists=False) {{(pid=103184) do_commit /opt/stack/data/venv/lib/python3.12/site-packages/ovsdbapp/backend/ovs_idl/transaction.py:89}}
Jun 23 16:09:34.198985 np0000182569 devstack@neutron-api.service[103184]: DEBUG ovsdbapp.backend.ovs_idl.transaction [None req-f8ff052c-45a8-4304-b4c3-1477b04f0ada None None] Running txn n=1 command(idx=2): PgDelPortCommand(_result=None, port_group=neutron_pg_drop, lsp=['ae0099f3-e635-48b1-ac39-90c48700dfb0'], if_exists=False) {{(pid=103184) do_commit /opt/stack/data/venv/lib/python3.12/site-packages/ovsdbapp/backend/ovs_idl/transaction.py:89}}
Jun 23 16:09:34.205159 np0000182569 devstack@neutron-api.service[103183]: DEBUG neutron.plugins.ml2.drivers.ovn.mech_driver.ovsdb.ovsdb_monitor [None req-5ed4f080-b895-4b50-b4f7-bfdf623f3595 None None] Touching Hash Ring node "25c286f05dbb5e598b088340e66f0939" from IDL notify handler {{(pid=103183) notify /opt/stack/neutron/neutron/plugins/ml2/drivers/ovn/mech_driver/ovsdb/ovsdb_monitor.py:1007}}
Jun 23 16:09:34.209472 np0000182569 devstack@neutron-api.service[103185]: DEBUG neutron.plugins.ml2.drivers.ovn.mech_driver.ovsdb.ovsdb_monitor [None req-96d69b97-32d9-4bb0-b6a1-00b4ff031032 None None] Hash Ring: Node f424c01bc34b5c70becc449e6416ba10 (host: np0000182569) handling event "update" for row 47af0e3e-7190-40a9-be6c-89806f7e4f57 (table: Port_Binding) {{(pid=103185) notify /opt/stack/neutron/neutron/plugins/ml2/drivers/ovn/mech_driver/ovsdb/ovsdb_monitor.py:1015}}
Jun 23 16:09:34.210155 np0000182569 devstack@neutron-api.service[103183]: DEBUG neutron.plugins.ml2.drivers.ovn.mech_driver.ovsdb.ovsdb_monitor [None req-5ed4f080-b895-4b50-b4f7-bfdf623f3595 None None] Hash Ring: Node 25c286f05dbb5e598b088340e66f0939 (host: np0000182569) handling event "update" for row 9233202d-bdc3-420d-a81f-49d60491f3b3 (table: Logical_Switch_Port) {{(pid=103183) notify /opt/stack/neutron/neutron/plugins/ml2/drivers/ovn/mech_driver/ovsdb/ovsdb_monitor.py:1015}}
Jun 23 16:09:34.243670 np0000182569 devstack@neutron-api.service[103184]: INFO neutron.db.ovn_revision_numbers_db [None req-c442c6bc-f8d8-42d9-b993-b6f869097401 service neutron] Successfully bumped revision number for resource ae0099f3-e635-48b1-ac39-90c48700dfb0 (type: ports) to 3
Jun 23 16:09:34.253947 np0000182569 devstack@neutron-api.service[103184]: DEBUG neutron.pecan_wsgi.hooks.policy_enforcement [None req-c442c6bc-f8d8-42d9-b993-b6f869097401 service neutron] Attributes excluded by policy engine: ['standard_attr_id'] {{(pid=103184) _exclude_attributes_by_policy /opt/stack/neutron/neutron/pecan_wsgi/hooks/policy_enforcement.py:259}}
Jun 23 16:09:34.254672 np0000182569 devstack@neutron-api.service[103184]: DEBUG neutron_lib.callbacks.manager [None req-c442c6bc-f8d8-42d9-b993-b6f869097401 service neutron] Publish callbacks ['neutron.notifiers.nova.Notifier._send_nova_notification-950870'] for port (None), before_response {{(pid=103184) _notify_loop /opt/stack/data/venv/lib/python3.12/site-packages/neutron_lib/callbacks/manager.py:184}}
Jun 23 16:09:34.265504 np0000182569 devstack@neutron-api.service[103184]: [pid: 103184|app: 0|req: 26/104] 199.19.213.156 () {68 vars in 1304 bytes} [Tue Jun 23 16:09:33 2026] POST /networking/v2.0/ports => generated 927 bytes in 437 msecs (HTTP/1.1 201) 4 headers in 162 bytes (1 switches on core 0)
Jun 23 16:09:34.654962 np0000182569 devstack@neutron-api.service[103185]: DEBUG neutron.plugins.ml2.drivers.ovn.mech_driver.ovsdb.ovsdb_monitor [None req-96d69b97-32d9-4bb0-b6a1-00b4ff031032 None None] Hash Ring: Node f424c01bc34b5c70becc449e6416ba10 (host: np0000182569) handling event "update" for row 47af0e3e-7190-40a9-be6c-89806f7e4f57 (table: Port_Binding) {{(pid=103185) notify /opt/stack/neutron/neutron/plugins/ml2/drivers/ovn/mech_driver/ovsdb/ovsdb_monitor.py:1015}}
Jun 23 16:09:34.701585 np0000182569 devstack@neutron-api.service[103185]: DEBUG neutron.plugins.ml2.drivers.ovn.mech_driver.ovsdb.ovsdb_monitor [None req-96d69b97-32d9-4bb0-b6a1-00b4ff031032 None None] Hash Ring: Node f424c01bc34b5c70becc449e6416ba10 (host: np0000182569) handling event "update" for row 47af0e3e-7190-40a9-be6c-89806f7e4f57 (table: Port_Binding) {{(pid=103185) notify /opt/stack/neutron/neutron/plugins/ml2/drivers/ovn/mech_driver/ovsdb/ovsdb_monitor.py:1015}}
Jun 23 16:09:34.705446 np0000182569 devstack@neutron-api.service[103183]: DEBUG neutron.plugins.ml2.drivers.ovn.mech_driver.ovsdb.ovsdb_monitor [None req-5ed4f080-b895-4b50-b4f7-bfdf623f3595 None None] Touching Hash Ring node "25c286f05dbb5e598b088340e66f0939" from IDL notify handler {{(pid=103183) notify /opt/stack/neutron/neutron/plugins/ml2/drivers/ovn/mech_driver/ovsdb/ovsdb_monitor.py:1007}}
Jun 23 16:09:34.713787 np0000182569 devstack@neutron-api.service[103183]: DEBUG neutron.plugins.ml2.drivers.ovn.mech_driver.ovsdb.ovsdb_monitor [None req-5ed4f080-b895-4b50-b4f7-bfdf623f3595 None None] Hash Ring: Node 25c286f05dbb5e598b088340e66f0939 (host: np0000182569) handling event "update" for row 9233202d-bdc3-420d-a81f-49d60491f3b3 (table: Logical_Switch_Port) {{(pid=103183) notify /opt/stack/neutron/neutron/plugins/ml2/drivers/ovn/mech_driver/ovsdb/ovsdb_monitor.py:1015}}
Jun 23 16:09:34.715386 np0000182569 devstack@neutron-api.service[103183]: DEBUG ovsdbapp.backend.ovs_idl.event [None req-5ed4f080-b895-4b50-b4f7-bfdf623f3595 None None] Matched UPDATE: LogicalSwitchPortUpdateUpEvent(events=('update',), table='Logical_Switch_Port', conditions=None, old_conditions=None), priority=20 to row=Logical_Switch_Port(uuid=9233202d-bdc3-420d-a81f-49d60491f3b3, addresses=['fa:16:3e:5c:9e:87 10.2.5.132', 'unknown'], dhcpv4_options=88de2b3b-b8c6-4631-bffb-e61ab3e03770, dhcpv6_options=[], dynamic_addresses=[], enabled=True, external_ids={'neutron:cidrs': '10.2.5.132/24', 'neutron:device_id': 'manila-admin-share', 'neutron:device_owner': 'manila:share', 'neutron:mtu': '', 'neutron:network_name': 'neutron-6cfa6d96-fa3c-4bb3-99e4-2423cd4751ad', 'neutron:port_capabilities': '', 'neutron:port_name': '', 'neutron:project_id': '87510906eadf42909faf4d53ca243552', 'neutron:revision_number': '3', 'neutron:security_group_ids': '', 'neutron:subnet_pool_addr_scope4': '', 'neutron:subnet_pool_addr_scope6': '', 'neutron:vnic_type': 'normal'}, ha_chassis_group=[], mirror_rules=[], name='ae0099f3-e635-48b1-ac39-90c48700dfb0', options={'requested-chassis': 'np0000182569'}, parent_name=[], port_security=[], tag=[], tag_request=[], type='', up=True) old=Logical_Switch_Port(uuid=9233202d-bdc3-420d-a81f-49d60491f3b3, up=False) {{(pid=103183) matches /opt/stack/data/venv/lib/python3.12/site-packages/ovsdbapp/backend/ovs_idl/event.py:55}}
Jun 23 16:09:34.716787 np0000182569 devstack@neutron-api.service[103183]: INFO neutron.plugins.ml2.drivers.ovn.mech_driver.mech_driver [None req-4373d69d-921a-4783-ae43-351ac6dd709c None None] OVN reports status up for port: ae0099f3-e635-48b1-ac39-90c48700dfb0
Jun 23 16:09:34.722249 np0000182569 devstack@neutron-api.service[103183]: DEBUG neutron.db.provisioning_blocks [None req-4373d69d-921a-4783-ae43-351ac6dd709c None None] Provisioning for port ae0099f3-e635-48b1-ac39-90c48700dfb0 completed by entity L2. {{(pid=103183) provisioning_complete /opt/stack/neutron/neutron/db/provisioning_blocks.py:133}}
Jun 23 16:09:34.728728 np0000182569 devstack@neutron-api.service[103183]: DEBUG neutron.db.provisioning_blocks [None req-4373d69d-921a-4783-ae43-351ac6dd709c None None] Provisioning complete for port ae0099f3-e635-48b1-ac39-90c48700dfb0 triggered by entity L2. {{(pid=103183) provisioning_complete /opt/stack/neutron/neutron/db/provisioning_blocks.py:141}}
Jun 23 16:09:34.728896 np0000182569 devstack@neutron-api.service[103183]: DEBUG neutron_lib.callbacks.manager [None req-4373d69d-921a-4783-ae43-351ac6dd709c None None] Publish callbacks ['neutron.plugins.ml2.plugin.Ml2Plugin._port_provisioned-1480194'] for port (ae0099f3-e635-48b1-ac39-90c48700dfb0), provisioning_complete {{(pid=103183) _notify_loop /opt/stack/data/venv/lib/python3.12/site-packages/neutron_lib/callbacks/manager.py:184}}
Jun 23 16:09:34.729055 np0000182569 devstack@neutron-api.service[103183]: INFO neutron.plugins.ml2.plugin [None req-4373d69d-921a-4783-ae43-351ac6dd709c None None] Attempt 1 to provision port ae0099f3-e635-48b1-ac39-90c48700dfb0
Jun 23 16:09:34.770708 np0000182569 devstack@neutron-api.service[103183]: DEBUG neutron.plugins.ml2.plugin [None req-4373d69d-921a-4783-ae43-351ac6dd709c None None] Current status of the port ae0099f3-e635-48b1-ac39-90c48700dfb0 is: DOWN; New status is: ACTIVE {{(pid=103183) _update_individual_port_db_status /opt/stack/neutron/neutron/plugins/ml2/plugin.py:2473}}
Jun 23 16:09:34.771312 np0000182569 devstack@neutron-api.service[103183]: DEBUG neutron_lib.callbacks.manager [None req-4373d69d-921a-4783-ae43-351ac6dd709c None None] Publish callbacks ['neutron.plugins.ml2.plugin.SecurityGroupDbMixin._ensure_default_security_group_handler-1208048', 'neutron.services.ovn_l3.plugin.OVNL3RouterPlugin._port_update-7968904141898', 'neutron.db.l3_db.L3_NAT_dbonly_mixin._prevent_internal_ip_change_for_fip-7968905651314'] for port (ae0099f3-e635-48b1-ac39-90c48700dfb0), before_update {{(pid=103183) _notify_loop /opt/stack/data/venv/lib/python3.12/site-packages/neutron_lib/callbacks/manager.py:184}}
Jun 23 16:09:34.791033 np0000182569 devstack@neutron-api.service[103183]: DEBUG neutron.plugins.ml2.db [None req-4373d69d-921a-4783-ae43-351ac6dd709c None None] For port ae0099f3-e635-48b1-ac39-90c48700dfb0, host np0000182569, got binding levels [PortBindingLevel(driver='ovn',host='np0000182569',level=0,port_id=ae0099f3-e635-48b1-ac39-90c48700dfb0,segment=NetworkSegment(01986c91-bc7a-4b76-b1e9-431673eaa8c5),segment_id=01986c91-bc7a-4b76-b1e9-431673eaa8c5)] {{(pid=103183) get_binding_level_objs /opt/stack/neutron/neutron/plugins/ml2/db.py:74}}
Jun 23 16:09:34.791269 np0000182569 devstack@neutron-api.service[103183]: DEBUG neutron.plugins.ml2.drivers.ovn.mech_driver.mech_driver [None req-4373d69d-921a-4783-ae43-351ac6dd709c None None] No provisioning block for port ae0099f3-e635-48b1-ac39-90c48700dfb0 since it is active {{(pid=103183) _is_port_provisioning_required /opt/stack/neutron/neutron/plugins/ml2/drivers/ovn/mech_driver/mech_driver.py:894}}
Jun 23 16:09:34.850324 np0000182569 devstack@neutron-api.service[103183]: DEBUG neutron.plugins.ml2.drivers.ovn.mech_driver.ovsdb.commands [None req-4373d69d-921a-4783-ae43-351ac6dd709c None None] Converting tag [] to a tag_request {{(pid=103183) _tag_column_to_tag_request /opt/stack/neutron/neutron/plugins/ml2/drivers/ovn/mech_driver/ovsdb/commands.py:205}}
Jun 23 16:09:34.850800 np0000182569 devstack@neutron-api.service[103183]: DEBUG ovsdbapp.backend.ovs_idl.transaction [None req-5ed4f080-b895-4b50-b4f7-bfdf623f3595 None None] Running txn n=1 command(idx=0): CheckRevisionNumberCommand(_result=None, name=ae0099f3-e635-48b1-ac39-90c48700dfb0, resource={'id': 'ae0099f3-e635-48b1-ac39-90c48700dfb0', 'name': '', 'network_id': '6cfa6d96-fa3c-4bb3-99e4-2423cd4751ad', 'project_id': '87510906eadf42909faf4d53ca243552', 'mac_address': 'fa:16:3e:5c:9e:87', 'admin_state_up': True, 'status': 'ACTIVE', 'device_id': 'manila-admin-share', 'device_owner': 'manila:share', 'standard_attr_id': 46, 'fixed_ips': [{'subnet_id': 'd07061a1-c88c-49c5-8cf0-605bcec01c87', 'ip_address': '10.2.5.132'}], 'allowed_address_pairs': [], 'extra_dhcp_opts': [], 'security_groups': [], 'description': '', 'binding:vnic_type': 'normal', 'binding:profile': {}, 'binding:host_id': 'np0000182569', 'binding:vif_type': 'ovs', 'binding:vif_details': {'port_filter': True, 'connectivity': 'l2', 'ovs_create_tap': False, 'bridge_name': 'br-int', 'datapath_type': 'system', 'bound_drivers': {'0': 'ovn'}}, 'port_security_enabled': False, 'tags': [], 'created_at': '2026-06-23T16:09:33Z', 'updated_at': '2026-06-23T16:09:34Z', 'revision_number': 4, 'tenant_id': '87510906eadf42909faf4d53ca243552', 'network': {'id': '6cfa6d96-fa3c-4bb3-99e4-2423cd4751ad', 'name': 'admin_net', 'tenant_id': '87510906eadf42909faf4d53ca243552', 'project_id': '87510906eadf42909faf4d53ca243552', 'admin_state_up': True, 'mtu': 1372, 'status': 'ACTIVE', 'subnets': ['d07061a1-c88c-49c5-8cf0-605bcec01c87'], 'standard_attr_id': 42, 'shared': False, 'availability_zone_hints': [], 'availability_zones': [], 'ipv4_address_scope': None, 'ipv6_address_scope': None, 'router:external': False, 'qinq': False, 'vlan_transparent': False, 'description': '', 'port_security_enabled': True, 'tags': [], 'created_at': '2026-06-23T16:09:27Z', 'updated_at': '2026-06-23T16:09:28Z', 'revision_number': 2, 'provider:network_type': 'geneve', 'provider:physical_network': None, 'provider:segmentation_id': 19771}}, resource_type=ports, if_exists=True) {{(pid=103183) do_commit /opt/stack/data/venv/lib/python3.12/site-packages/ovsdbapp/backend/ovs_idl/transaction.py:89}}
Jun 23 16:09:34.851072 np0000182569 devstack@neutron-api.service[103183]: DEBUG ovsdbapp.backend.ovs_idl.transaction [None req-5ed4f080-b895-4b50-b4f7-bfdf623f3595 None None] Running txn n=1 command(idx=1): SetLSwitchPortCommand(_result=None, lport=ae0099f3-e635-48b1-ac39-90c48700dfb0, external_ids_update=None, columns={'external_ids': {'neutron:port_name': '', 'neutron:device_id': 'manila-admin-share', 'neutron:project_id': '87510906eadf42909faf4d53ca243552', 'neutron:cidrs': '10.2.5.132/24', 'neutron:device_owner': 'manila:share', 'neutron:subnet_pool_addr_scope4': '', 'neutron:subnet_pool_addr_scope6': '', 'neutron:network_name': 'neutron-6cfa6d96-fa3c-4bb3-99e4-2423cd4751ad', 'neutron:security_group_ids': '', 'neutron:revision_number': '4', 'neutron:vnic_type': 'normal', 'neutron:port_capabilities': '', 'neutron:mtu': ''}, 'parent_name': [], 'options': {'requested-chassis': 'np0000182569'}, 'enabled': True, 'port_security': [], 'dhcpv4_options': [UUID('88de2b3b-b8c6-4631-bffb-e61ab3e03770')], 'dhcpv6_options': [], 'type': '', 'addresses': ['fa:16:3e:5c:9e:87 10.2.5.132', 'unknown'], 'ha_chassis_group': [], 'tag_request': []}, if_exists=False) {{(pid=103183) do_commit /opt/stack/data/venv/lib/python3.12/site-packages/ovsdbapp/backend/ovs_idl/transaction.py:89}}
Jun 23 16:09:34.851707 np0000182569 devstack@neutron-api.service[103183]: DEBUG ovsdbapp.backend.ovs_idl.transaction [None req-5ed4f080-b895-4b50-b4f7-bfdf623f3595 None None] Running txn n=1 command(idx=2): PgDelPortCommand(_result=None, port_group=neutron_pg_drop, lsp=['ae0099f3-e635-48b1-ac39-90c48700dfb0'], if_exists=False) {{(pid=103183) do_commit /opt/stack/data/venv/lib/python3.12/site-packages/ovsdbapp/backend/ovs_idl/transaction.py:89}}
Jun 23 16:09:34.854484 np0000182569 devstack@neutron-api.service[103183]: DEBUG neutron.plugins.ml2.drivers.ovn.mech_driver.ovsdb.ovsdb_monitor [None req-5ed4f080-b895-4b50-b4f7-bfdf623f3595 None None] Touching Hash Ring node "25c286f05dbb5e598b088340e66f0939" from IDL notify handler {{(pid=103183) notify /opt/stack/neutron/neutron/plugins/ml2/drivers/ovn/mech_driver/ovsdb/ovsdb_monitor.py:1007}}
Jun 23 16:09:34.862740 np0000182569 devstack@neutron-api.service[103183]: DEBUG neutron.plugins.ml2.drivers.ovn.mech_driver.ovsdb.ovsdb_monitor [None req-5ed4f080-b895-4b50-b4f7-bfdf623f3595 None None] Hash Ring: Node 25c286f05dbb5e598b088340e66f0939 (host: np0000182569) handling event "update" for row 9233202d-bdc3-420d-a81f-49d60491f3b3 (table: Logical_Switch_Port) {{(pid=103183) notify /opt/stack/neutron/neutron/plugins/ml2/drivers/ovn/mech_driver/ovsdb/ovsdb_monitor.py:1015}}
Jun 23 16:09:34.862809 np0000182569 devstack@neutron-api.service[103185]: DEBUG neutron.plugins.ml2.drivers.ovn.mech_driver.ovsdb.ovsdb_monitor [None req-96d69b97-32d9-4bb0-b6a1-00b4ff031032 None None] Hash Ring: Node f424c01bc34b5c70becc449e6416ba10 (host: np0000182569) handling event "update" for row 47af0e3e-7190-40a9-be6c-89806f7e4f57 (table: Port_Binding) {{(pid=103185) notify /opt/stack/neutron/neutron/plugins/ml2/drivers/ovn/mech_driver/ovsdb/ovsdb_monitor.py:1015}}
Jun 23 16:09:34.887467 np0000182569 devstack@neutron-api.service[103183]: INFO neutron.db.ovn_revision_numbers_db [None req-4373d69d-921a-4783-ae43-351ac6dd709c None None] Successfully bumped revision number for resource ae0099f3-e635-48b1-ac39-90c48700dfb0 (type: ports) to 4
Jun 23 16:09:34.892586 np0000182569 devstack@neutron-api.service[103183]: DEBUG neutron_lib.callbacks.manager [None req-4373d69d-921a-4783-ae43-351ac6dd709c None None] Publish callbacks ['neutron.plugins.ml2.ovo_rpc._ObjectChangeHandler.handle_event-7672395', 'neutron.services.ovn_l3.plugin.OVNL3RouterPlugin._port_update-7968904141898'] for port (ae0099f3-e635-48b1-ac39-90c48700dfb0), after_update {{(pid=103183) _notify_loop /opt/stack/data/venv/lib/python3.12/site-packages/neutron_lib/callbacks/manager.py:184}}
Jun 23 16:09:34.914980 np0000182569 devstack@neutron-api.service[103183]: DEBUG neutron.api.rpc.handlers.resources_rpc [None req-76bc710e-f2ce-4ca7-8e10-a366e720acaf None None] Pushing event updated for resources: {'Port': ['ID=ae0099f3-e635-48b1-ac39-90c48700dfb0,revision_number=4']} {{(pid=103183) push /opt/stack/neutron/neutron/api/rpc/handlers/resources_rpc.py:237}}
Jun 23 16:09:34.919949 np0000182569 devstack@neutron-api.service[103183]: DEBUG neutron.api.rpc.callbacks.version_manager [None req-76bc710e-f2ce-4ca7-8e10-a366e720acaf None None] Tracked resource versions report:
Jun 23 16:09:34.919949 np0000182569 devstack@neutron-api.service[103183]: pushed versions:
Jun 23 16:09:34.919949 np0000182569 devstack@neutron-api.service[103183]: { 'AddressGroup': {'1.2'},
Jun 23 16:09:34.919949 np0000182569 devstack@neutron-api.service[103183]: 'Agent': {'1.1'},
Jun 23 16:09:34.919949 np0000182569 devstack@neutron-api.service[103183]: 'ConntrackHelper': {'1.0'},
Jun 23 16:09:34.919949 np0000182569 devstack@neutron-api.service[103183]: 'LocalIPAssociation': {'1.0'},
Jun 23 16:09:34.919949 np0000182569 devstack@neutron-api.service[103183]: 'Log': {'1.0'},
Jun 23 16:09:34.919949 np0000182569 devstack@neutron-api.service[103183]: 'NDPProxy': {'1.0'},
Jun 23 16:09:34.919949 np0000182569 devstack@neutron-api.service[103183]: 'Network': {'1.3'},
Jun 23 16:09:34.919949 np0000182569 devstack@neutron-api.service[103183]: 'Port': {'1.11'},
Jun 23 16:09:34.919949 np0000182569 devstack@neutron-api.service[103183]: 'PortForwarding': {'1.3'},
Jun 23 16:09:34.919949 np0000182569 devstack@neutron-api.service[103183]: 'QosPolicy': {'1.10'},
Jun 23 16:09:34.919949 np0000182569 devstack@neutron-api.service[103183]: 'SecurityGroup': {'1.6'},
Jun 23 16:09:34.919949 np0000182569 devstack@neutron-api.service[103183]: 'SecurityGroupRule': {'1.3'},
Jun 23 16:09:34.919949 np0000182569 devstack@neutron-api.service[103183]: 'SubPort': {'1.0'},
Jun 23 16:09:34.919949 np0000182569 devstack@neutron-api.service[103183]: 'Subnet': {'1.2'},
Jun 23 16:09:34.919949 np0000182569 devstack@neutron-api.service[103183]: 'Trunk': {'1.1'}}
Jun 23 16:09:34.919949 np0000182569 devstack@neutron-api.service[103183]: consumer versions:
Jun 23 16:09:34.919949 np0000182569 devstack@neutron-api.service[103183]: { OVN Controller Gateway agent@np0000182569: {},
Jun 23 16:09:34.919949 np0000182569 devstack@neutron-api.service[103183]: OVN Neutron agent@np0000182569: {}}
Jun 23 16:09:34.919949 np0000182569 devstack@neutron-api.service[103183]: {{(pid=103183) report /opt/stack/neutron/neutron/api/rpc/callbacks/version_manager.py:183}}
Jun 23 16:09:34.940816 np0000182569 devstack@neutron-api.service[103183]: DEBUG ovsdbapp.backend.ovs_idl.transaction [None req-5ed4f080-b895-4b50-b4f7-bfdf623f3595 None None] Running txn n=1 command(idx=0): DbSetCommand(_result=None, table=Logical_Switch_Port, record=ae0099f3-e635-48b1-ac39-90c48700dfb0, col_values=(('external_ids', {'neutron:host_id': 'np0000182569'}),), if_exists=True) {{(pid=103183) do_commit /opt/stack/data/venv/lib/python3.12/site-packages/ovsdbapp/backend/ovs_idl/transaction.py:89}}
Jun 23 16:09:34.982391 np0000182569 devstack@neutron-api.service[103183]: DEBUG neutron.plugins.ml2.drivers.ovn.mech_driver.ovsdb.ovsdb_monitor [None req-5ed4f080-b895-4b50-b4f7-bfdf623f3595 None None] Touching Hash Ring node "25c286f05dbb5e598b088340e66f0939" from IDL notify handler {{(pid=103183) notify /opt/stack/neutron/neutron/plugins/ml2/drivers/ovn/mech_driver/ovsdb/ovsdb_monitor.py:1007}}
Jun 23 16:09:34.989233 np0000182569 devstack@neutron-api.service[103185]: DEBUG neutron.plugins.ml2.drivers.ovn.mech_driver.ovsdb.ovsdb_monitor [None req-96d69b97-32d9-4bb0-b6a1-00b4ff031032 None None] Hash Ring: Node f424c01bc34b5c70becc449e6416ba10 (host: np0000182569) handling event "update" for row 47af0e3e-7190-40a9-be6c-89806f7e4f57 (table: Port_Binding) {{(pid=103185) notify /opt/stack/neutron/neutron/plugins/ml2/drivers/ovn/mech_driver/ovsdb/ovsdb_monitor.py:1015}}
Jun 23 16:09:34.989356 np0000182569 devstack@neutron-api.service[103183]: DEBUG neutron.plugins.ml2.drivers.ovn.mech_driver.ovsdb.ovsdb_monitor [None req-5ed4f080-b895-4b50-b4f7-bfdf623f3595 None None] Hash Ring: Node 25c286f05dbb5e598b088340e66f0939 (host: np0000182569) handling event "update" for row 9233202d-bdc3-420d-a81f-49d60491f3b3 (table: Logical_Switch_Port) {{(pid=103183) notify /opt/stack/neutron/neutron/plugins/ml2/drivers/ovn/mech_driver/ovsdb/ovsdb_monitor.py:1015}}
Jun 23 16:09:35.493530 np0000182569 devstack@neutron-api.service[103185]: DEBUG neutron.pecan_wsgi.hooks.policy_enforcement [None req-feed8b2a-e9bb-47cb-bb04-b4375a1e13d2 service neutron] Attributes excluded by policy engine: ['standard_attr_id', 'shared'] {{(pid=103185) _exclude_attributes_by_policy /opt/stack/neutron/neutron/pecan_wsgi/hooks/policy_enforcement.py:259}}
Jun 23 16:09:35.495421 np0000182569 devstack@neutron-api.service[103185]: [pid: 103185|app: 0|req: 26/105] 199.19.213.156 () {64 vars in 1367 bytes} [Tue Jun 23 16:09:35 2026] GET /networking/v2.0/subnets/d07061a1-c88c-49c5-8cf0-605bcec01c87 => generated 625 bytes in 28 msecs (HTTP/1.1 200) 4 headers in 157 bytes (1 switches on core 0)
Jun 23 16:09:36.313536 np0000182569 devstack@neutron-api.service[103183]: DEBUG neutron.pecan_wsgi.hooks.policy_enforcement [None req-fdaa3f9e-143c-4d59-a105-bd43ba5180e1 service neutron] Attributes excluded by policy engine: ['standard_attr_id'] {{(pid=103183) _exclude_attributes_by_policy /opt/stack/neutron/neutron/pecan_wsgi/hooks/policy_enforcement.py:259}}
Jun 23 16:09:36.315133 np0000182569 devstack@neutron-api.service[103183]: [pid: 103183|app: 0|req: 28/106] 199.19.213.156 () {64 vars in 1369 bytes} [Tue Jun 23 16:09:36 2026] GET /networking/v2.0/ports?device_id=manila-admin-share&binding%3Ahost_id=np0000182569 => generated 932 bytes in 37 msecs (HTTP/1.1 200) 4 headers in 157 bytes (1 switches on core 0)
Jun 23 16:09:36.809278 np0000182569 devstack@neutron-api.service[103182]: DEBUG neutron.pecan_wsgi.hooks.policy_enforcement [None req-9221c6d1-a9ec-44cc-a471-ab5116988cea service neutron] Attributes excluded by policy engine: ['standard_attr_id', 'shared'] {{(pid=103182) _exclude_attributes_by_policy /opt/stack/neutron/neutron/pecan_wsgi/hooks/policy_enforcement.py:259}}
Jun 23 16:09:36.810482 np0000182569 devstack@neutron-api.service[103182]: [pid: 103182|app: 0|req: 27/107] 199.19.213.156 () {64 vars in 1367 bytes} [Tue Jun 23 16:09:36 2026] GET /networking/v2.0/subnets/d07061a1-c88c-49c5-8cf0-605bcec01c87 => generated 625 bytes in 26 msecs (HTTP/1.1 200) 4 headers in 157 bytes (1 switches on core 0)
Jun 23 16:09:39.173638 np0000182569 devstack@neutron-api.service[103183]: DEBUG futurist.periodics [-] Submitting periodic callback 'neutron.plugins.ml2.drivers.ovn.mech_driver.ovsdb.maintenance.HashRingHealthCheckPeriodics.touch_hash_ring_node' {{(pid=103183) _process_scheduled /opt/stack/data/venv/lib/python3.12/site-packages/futurist/periodics.py:784}}
Jun 23 16:09:39.174218 np0000182569 devstack@neutron-api.service[103183]: DEBUG neutron.plugins.ml2.drivers.ovn.mech_driver.ovsdb.maintenance [-] Touching Hash Ring node "25c286f05dbb5e598b088340e66f0939" from periodic health check thread {{(pid=103183) touch_hash_ring_node /opt/stack/neutron/neutron/plugins/ml2/drivers/ovn/mech_driver/ovsdb/maintenance.py:1419}}
Jun 23 16:09:40.058433 np0000182569 devstack@neutron-api.service[103185]: DEBUG futurist.periodics [-] Submitting periodic callback 'neutron.plugins.ml2.drivers.ovn.mech_driver.ovsdb.maintenance.HashRingHealthCheckPeriodics.touch_hash_ring_node' {{(pid=103185) _process_scheduled /opt/stack/data/venv/lib/python3.12/site-packages/futurist/periodics.py:784}}
Jun 23 16:09:40.059104 np0000182569 devstack@neutron-api.service[103185]: DEBUG neutron.plugins.ml2.drivers.ovn.mech_driver.ovsdb.maintenance [-] Touching Hash Ring node "f424c01bc34b5c70becc449e6416ba10" from periodic health check thread {{(pid=103185) touch_hash_ring_node /opt/stack/neutron/neutron/plugins/ml2/drivers/ovn/mech_driver/ovsdb/maintenance.py:1419}}
Jun 23 16:09:40.074983 np0000182569 devstack@neutron-api.service[103182]: DEBUG futurist.periodics [-] Submitting periodic callback 'neutron.plugins.ml2.drivers.ovn.mech_driver.ovsdb.maintenance.HashRingHealthCheckPeriodics.touch_hash_ring_node' {{(pid=103182) _process_scheduled /opt/stack/data/venv/lib/python3.12/site-packages/futurist/periodics.py:784}}
Jun 23 16:09:40.075547 np0000182569 devstack@neutron-api.service[103182]: DEBUG neutron.plugins.ml2.drivers.ovn.mech_driver.ovsdb.maintenance [-] Touching Hash Ring node "c364fae3cd275efc8ac37b0650e6f4cf" from periodic health check thread {{(pid=103182) touch_hash_ring_node /opt/stack/neutron/neutron/plugins/ml2/drivers/ovn/mech_driver/ovsdb/maintenance.py:1419}}
Jun 23 16:09:40.088642 np0000182569 devstack@neutron-api.service[103184]: DEBUG futurist.periodics [-] Submitting periodic callback 'neutron.plugins.ml2.drivers.ovn.mech_driver.ovsdb.maintenance.HashRingHealthCheckPeriodics.touch_hash_ring_node' {{(pid=103184) _process_scheduled /opt/stack/data/venv/lib/python3.12/site-packages/futurist/periodics.py:784}}
Jun 23 16:09:40.089260 np0000182569 devstack@neutron-api.service[103184]: DEBUG neutron.plugins.ml2.drivers.ovn.mech_driver.ovsdb.maintenance [-] Touching Hash Ring node "56e470ff17245f1d864eab59284caf8f" from periodic health check thread {{(pid=103184) touch_hash_ring_node /opt/stack/neutron/neutron/plugins/ml2/drivers/ovn/mech_driver/ovsdb/maintenance.py:1419}}
Jun 23 16:09:49.184738 np0000182569 devstack@neutron-api.service[103183]: DEBUG dbcounter [-] [103183] Writing DB stats neutron:UPDATE=12,neutron:SELECT=163,neutron:DELETE=1 {{(pid=103183) stat_writer /opt/stack/data/venv/lib/python3.12/site-packages/dbcounter.py:115}}
Jun 23 16:09:49.964544 np0000182569 devstack@neutron-api.service[103184]: [pid: 103184|app: 0|req: 27/108] 199.19.213.156 () {62 vars in 1059 bytes} [Tue Jun 23 16:09:49 2026] GET /networking => generated 130 bytes in 2 msecs (HTTP/1.1 200) 3 headers in 91 bytes (1 switches on core 0)
Jun 23 16:09:50.055282 np0000182569 devstack@neutron-api.service[103185]: DEBUG neutron.pecan_wsgi.hooks.policy_enforcement [None req-ee3180a3-dfa1-49d7-b2ca-d1cb5fce29e2 demo demo] Attributes excluded by policy engine: ['standard_attr_id', 'provider:network_type', 'provider:physical_network', 'provider:segmentation_id'] {{(pid=103185) _exclude_attributes_by_policy /opt/stack/neutron/neutron/pecan_wsgi/hooks/policy_enforcement.py:259}}
Jun 23 16:09:50.056820 np0000182569 devstack@neutron-api.service[103185]: [pid: 103185|app: 0|req: 27/109] 199.19.213.156 () {64 vars in 1348 bytes} [Tue Jun 23 16:09:49 2026] GET /networking/v2.0/networks?router%3Aexternal=True => generated 659 bytes in 58 msecs (HTTP/1.1 200) 4 headers in 157 bytes (1 switches on core 0)
Jun 23 16:09:50.086325 np0000182569 devstack@neutron-api.service[103182]: DEBUG dbcounter [-] [103182] Writing DB stats neutron:UPDATE=10,neutron:SELECT=256,neutron:INSERT=11,neutron:DELETE=2 {{(pid=103182) stat_writer /opt/stack/data/venv/lib/python3.12/site-packages/dbcounter.py:115}}
Jun 23 16:09:50.101526 np0000182569 devstack@neutron-api.service[103184]: DEBUG dbcounter [-] [103184] Writing DB stats neutron:UPDATE=18,neutron:SELECT=183,neutron:INSERT=11,neutron:DELETE=2 {{(pid=103184) stat_writer /opt/stack/data/venv/lib/python3.12/site-packages/dbcounter.py:115}}
Jun 23 16:09:54.174339 np0000182569 devstack@neutron-api.service[103183]: DEBUG futurist.periodics [-] Submitting periodic callback 'neutron.plugins.ml2.drivers.ovn.mech_driver.ovsdb.maintenance.HashRingHealthCheckPeriodics.touch_hash_ring_node' {{(pid=103183) _process_scheduled /opt/stack/data/venv/lib/python3.12/site-packages/futurist/periodics.py:784}}
Jun 23 16:09:54.175060 np0000182569 devstack@neutron-api.service[103183]: DEBUG neutron.plugins.ml2.drivers.ovn.mech_driver.ovsdb.maintenance [-] Touching Hash Ring node "25c286f05dbb5e598b088340e66f0939" from periodic health check thread {{(pid=103183) touch_hash_ring_node /opt/stack/neutron/neutron/plugins/ml2/drivers/ovn/mech_driver/ovsdb/maintenance.py:1419}}
Jun 23 16:09:54.933341 np0000182569 devstack@neutron-api.service[103183]: [pid: 103183|app: 0|req: 29/110] 199.19.213.156 () {62 vars in 1059 bytes} [Tue Jun 23 16:09:54 2026] GET /networking => generated 130 bytes in 3 msecs (HTTP/1.1 200) 3 headers in 91 bytes (1 switches on core 0)
Jun 23 16:09:55.019887 np0000182569 devstack@neutron-api.service[103182]: DEBUG neutron.pecan_wsgi.hooks.policy_enforcement [None req-67302429-04f5-4501-a66b-72bf2b325d4a demo demo] Attributes excluded by policy engine: ['standard_attr_id', 'provider:network_type', 'provider:physical_network', 'provider:segmentation_id'] {{(pid=103182) _exclude_attributes_by_policy /opt/stack/neutron/neutron/pecan_wsgi/hooks/policy_enforcement.py:259}}
Jun 23 16:09:55.021705 np0000182569 devstack@neutron-api.service[103182]: [pid: 103182|app: 0|req: 28/111] 199.19.213.156 () {64 vars in 1348 bytes} [Tue Jun 23 16:09:54 2026] GET /networking/v2.0/networks?router%3Aexternal=True => generated 659 bytes in 52 msecs (HTTP/1.1 200) 4 headers in 157 bytes (1 switches on core 0)
Jun 23 16:09:55.059363 np0000182569 devstack@neutron-api.service[103185]: DEBUG futurist.periodics [-] Submitting periodic callback 'neutron.plugins.ml2.drivers.ovn.mech_driver.ovsdb.maintenance.HashRingHealthCheckPeriodics.touch_hash_ring_node' {{(pid=103185) _process_scheduled /opt/stack/data/venv/lib/python3.12/site-packages/futurist/periodics.py:784}}
Jun 23 16:09:55.062399 np0000182569 devstack@neutron-api.service[103185]: DEBUG neutron.plugins.ml2.drivers.ovn.mech_driver.ovsdb.maintenance [-] Touching Hash Ring node "f424c01bc34b5c70becc449e6416ba10" from periodic health check thread {{(pid=103185) touch_hash_ring_node /opt/stack/neutron/neutron/plugins/ml2/drivers/ovn/mech_driver/ovsdb/maintenance.py:1419}}
Jun 23 16:09:55.075716 np0000182569 devstack@neutron-api.service[103182]: DEBUG futurist.periodics [-] Submitting periodic callback 'neutron.plugins.ml2.drivers.ovn.mech_driver.ovsdb.maintenance.HashRingHealthCheckPeriodics.touch_hash_ring_node' {{(pid=103182) _process_scheduled /opt/stack/data/venv/lib/python3.12/site-packages/futurist/periodics.py:784}}
Jun 23 16:09:55.076299 np0000182569 devstack@neutron-api.service[103182]: DEBUG neutron.plugins.ml2.drivers.ovn.mech_driver.ovsdb.maintenance [-] Touching Hash Ring node "c364fae3cd275efc8ac37b0650e6f4cf" from periodic health check thread {{(pid=103182) touch_hash_ring_node /opt/stack/neutron/neutron/plugins/ml2/drivers/ovn/mech_driver/ovsdb/maintenance.py:1419}}
Jun 23 16:09:55.089354 np0000182569 devstack@neutron-api.service[103184]: DEBUG futurist.periodics [-] Submitting periodic callback 'neutron.plugins.ml2.drivers.ovn.mech_driver.ovsdb.maintenance.HashRingHealthCheckPeriodics.touch_hash_ring_node' {{(pid=103184) _process_scheduled /opt/stack/data/venv/lib/python3.12/site-packages/futurist/periodics.py:784}}
Jun 23 16:09:55.090050 np0000182569 devstack@neutron-api.service[103184]: DEBUG neutron.plugins.ml2.drivers.ovn.mech_driver.ovsdb.maintenance [-] Touching Hash Ring node "56e470ff17245f1d864eab59284caf8f" from periodic health check thread {{(pid=103184) touch_hash_ring_node /opt/stack/neutron/neutron/plugins/ml2/drivers/ovn/mech_driver/ovsdb/maintenance.py:1419}}
