Jun 22 04:45:38.545311 np0000182452 devstack@neutron-api.service[102883]: DEBUG neutron.api.extensions [None req-467bb2da-9e87-4559-88df-871600eb1f7a None None] Loading extension file: agent_sort_key.py {{(pid=102883) _load_all_extensions_from_path /opt/stack/neutron/neutron/api/extensions.py:449}}
Jun 22 04:45:38.545373 np0000182452 devstack@neutron-api.service[102884]: DEBUG neutron.api.extensions [None req-b590e152-6e8d-483c-885b-3de79336ff65 None None] Loading extension file: netmtu.py {{(pid=102884) _load_all_extensions_from_path /opt/stack/neutron/neutron/api/extensions.py:449}}
Jun 22 04:45:38.546013 np0000182452 devstack@neutron-api.service[102883]: DEBUG neutron.api.extensions [None req-467bb2da-9e87-4559-88df-871600eb1f7a None None] Ext name="Agents Sort Key" alias="agent_sort_key" description="Enabling the keyword sort_key for sorting in agents." updated="2013-02-03T10:00:00-00:00" {{(pid=102883) _check_extension /opt/stack/neutron/neutron/api/extensions.py:415}}
Jun 22 04:45:38.546127 np0000182452 devstack@neutron-api.service[102884]: DEBUG neutron.api.extensions [None req-b590e152-6e8d-483c-885b-3de79336ff65 None None] Ext name="Network MTU" alias="net-mtu" description="Provides MTU attribute for a network resource." updated="2015-03-25T10:00:00-00:00" {{(pid=102884) _check_extension /opt/stack/neutron/neutron/api/extensions.py:415}}
Jun 22 04:45:38.546253 np0000182452 devstack@neutron-api.service[102883]: INFO neutron.api.extensions [None req-467bb2da-9e87-4559-88df-871600eb1f7a None None] Extension agent_sort_key not supported by any of loaded plugins
Jun 22 04:45:38.546420 np0000182452 devstack@neutron-api.service[102884]: INFO neutron.api.extensions [None req-b590e152-6e8d-483c-885b-3de79336ff65 None None] Loaded extension: net-mtu
Jun 22 04:45:38.546487 np0000182452 devstack@neutron-api.service[102883]: DEBUG neutron.api.extensions [None req-467bb2da-9e87-4559-88df-871600eb1f7a None None] Loading extension file: allowedaddresspairs.py {{(pid=102883) _load_all_extensions_from_path /opt/stack/neutron/neutron/api/extensions.py:449}}
Jun 22 04:45:38.546550 np0000182452 devstack@neutron-api.service[102884]: DEBUG neutron.api.extensions [None req-b590e152-6e8d-483c-885b-3de79336ff65 None None] Loading extension file: netmtu_writable.py {{(pid=102884) _load_all_extensions_from_path /opt/stack/neutron/neutron/api/extensions.py:449}}
Jun 22 04:45:38.546550 np0000182452 devstack@neutron-api.service[102884]: DEBUG neutron.api.extensions [None req-b590e152-6e8d-483c-885b-3de79336ff65 None None] Ext name="Network MTU (writable)" alias="net-mtu-writable" description="Provides a writable MTU attribute for a network resource." updated="2017-07-12T00:00:00-00:00" {{(pid=102884) _check_extension /opt/stack/neutron/neutron/api/extensions.py:415}}
Jun 22 04:45:38.546550 np0000182452 devstack@neutron-api.service[102884]: INFO neutron.api.extensions [None req-b590e152-6e8d-483c-885b-3de79336ff65 None None] Loaded extension: net-mtu-writable
Jun 22 04:45:38.546550 np0000182452 devstack@neutron-api.service[102884]: DEBUG neutron.api.extensions [None req-b590e152-6e8d-483c-885b-3de79336ff65 None None] Loading extension file: network_availability_zone.py {{(pid=102884) _load_all_extensions_from_path /opt/stack/neutron/neutron/api/extensions.py:449}}
Jun 22 04:45:38.546847 np0000182452 devstack@neutron-api.service[102883]: DEBUG neutron.api.extensions [None req-467bb2da-9e87-4559-88df-871600eb1f7a None None] Ext name="Allowed Address Pairs" alias="allowed-address-pairs" description="Provides allowed address pairs" updated="2013-07-23T10:00:00-00:00" {{(pid=102883) _check_extension /opt/stack/neutron/neutron/api/extensions.py:415}}
Jun 22 04:45:38.546911 np0000182452 devstack@neutron-api.service[102884]: DEBUG neutron.api.extensions [None req-b590e152-6e8d-483c-885b-3de79336ff65 None None] Ext name="Network Availability Zone" alias="network_availability_zone" description="Availability zone support for network." updated="2015-01-01T10:00:00-00:00" {{(pid=102884) _check_extension /opt/stack/neutron/neutron/api/extensions.py:415}}
Jun 22 04:45:38.546975 np0000182452 devstack@neutron-api.service[102883]: INFO neutron.api.extensions [None req-467bb2da-9e87-4559-88df-871600eb1f7a None None] Loaded extension: allowed-address-pairs
Jun 22 04:45:38.546975 np0000182452 devstack@neutron-api.service[102883]: DEBUG neutron.api.extensions [None req-467bb2da-9e87-4559-88df-871600eb1f7a None None] Loading extension file: auto_allocated_topology.py {{(pid=102883) _load_all_extensions_from_path /opt/stack/neutron/neutron/api/extensions.py:449}}
Jun 22 04:45:38.547170 np0000182452 devstack@neutron-api.service[102884]: INFO neutron.api.extensions [None req-b590e152-6e8d-483c-885b-3de79336ff65 None None] Loaded extension: network_availability_zone
Jun 22 04:45:38.547170 np0000182452 devstack@neutron-api.service[102884]: DEBUG neutron.api.extensions [None req-b590e152-6e8d-483c-885b-3de79336ff65 None None] Loading extension file: network_ha.py {{(pid=102884) _load_all_extensions_from_path /opt/stack/neutron/neutron/api/extensions.py:449}}
Jun 22 04:45:38.547234 np0000182452 devstack@neutron-api.service[102883]: DEBUG neutron.api.extensions [None req-467bb2da-9e87-4559-88df-871600eb1f7a None None] Ext name="Auto Allocated Topology Services" alias="auto-allocated-topology" description="Auto Allocated Topology Services." updated="2016-01-01T00:00:00-00:00" {{(pid=102883) _check_extension /opt/stack/neutron/neutron/api/extensions.py:415}}
Jun 22 04:45:38.547234 np0000182452 devstack@neutron-api.service[102883]: INFO neutron.api.extensions [None req-467bb2da-9e87-4559-88df-871600eb1f7a None None] Loaded extension: auto-allocated-topology
Jun 22 04:45:38.547300 np0000182452 devstack@neutron-api.service[102884]: DEBUG neutron.api.extensions [None req-b590e152-6e8d-483c-885b-3de79336ff65 None None] Ext name="Network HA creation flag" alias="network_ha" description="Network high availability creation flag." updated="2023-04-27T10:00:00-00:00" {{(pid=102884) _check_extension /opt/stack/neutron/neutron/api/extensions.py:415}}
Jun 22 04:45:38.547345 np0000182452 devstack@neutron-api.service[102883]: DEBUG neutron.api.extensions [None req-467bb2da-9e87-4559-88df-871600eb1f7a None None] Loading extension file: availability_zone.py {{(pid=102883) _load_all_extensions_from_path /opt/stack/neutron/neutron/api/extensions.py:449}}
Jun 22 04:45:38.547384 np0000182452 devstack@neutron-api.service[102884]: INFO neutron.api.extensions [None req-b590e152-6e8d-483c-885b-3de79336ff65 None None] Extension network_ha not supported by any of loaded plugins
Jun 22 04:45:38.547384 np0000182452 devstack@neutron-api.service[102884]: DEBUG neutron.api.extensions [None req-b590e152-6e8d-483c-885b-3de79336ff65 None None] Loading extension file: network_ip_availability.py {{(pid=102884) _load_all_extensions_from_path /opt/stack/neutron/neutron/api/extensions.py:449}}
Jun 22 04:45:38.547443 np0000182452 devstack@neutron-api.service[102883]: DEBUG neutron.api.extensions [None req-467bb2da-9e87-4559-88df-871600eb1f7a None None] Ext name="Availability Zone" alias="availability_zone" description="The availability zone extension." updated="2015-01-01T10:00:00-00:00" {{(pid=102883) _check_extension /opt/stack/neutron/neutron/api/extensions.py:415}}
Jun 22 04:45:38.547443 np0000182452 devstack@neutron-api.service[102883]: INFO neutron.api.extensions [None req-467bb2da-9e87-4559-88df-871600eb1f7a None None] Loaded extension: availability_zone
Jun 22 04:45:38.547501 np0000182452 devstack@neutron-api.service[102884]: DEBUG neutron.api.extensions [None req-b590e152-6e8d-483c-885b-3de79336ff65 None None] Ext name="Network IP Availability" alias="network-ip-availability" description="Provides IP availability data for each network and subnet." updated="2015-09-24T00:00:00-00:00" {{(pid=102884) _check_extension /opt/stack/neutron/neutron/api/extensions.py:415}}
Jun 22 04:45:38.547545 np0000182452 devstack@neutron-api.service[102883]: DEBUG neutron.api.extensions [None req-467bb2da-9e87-4559-88df-871600eb1f7a None None] Loading extension file: availability_zone_filter.py {{(pid=102883) _load_all_extensions_from_path /opt/stack/neutron/neutron/api/extensions.py:449}}
Jun 22 04:45:38.547577 np0000182452 devstack@neutron-api.service[102884]: INFO neutron.api.extensions [None req-b590e152-6e8d-483c-885b-3de79336ff65 None None] Loaded extension: network-ip-availability
Jun 22 04:45:38.547577 np0000182452 devstack@neutron-api.service[102884]: DEBUG neutron.api.extensions [None req-b590e152-6e8d-483c-885b-3de79336ff65 None None] Loading extension file: network_ip_availability_details.py {{(pid=102884) _load_all_extensions_from_path /opt/stack/neutron/neutron/api/extensions.py:449}}
Jun 22 04:45:38.547641 np0000182452 devstack@neutron-api.service[102883]: DEBUG neutron.api.extensions [None req-467bb2da-9e87-4559-88df-871600eb1f7a None None] Ext name="Availability Zone Filter Extension" alias="availability_zone_filter" description="Add filter parameters to AvailabilityZone resource" updated="2018-06-22T10:00:00-00:00" {{(pid=102883) _check_extension /opt/stack/neutron/neutron/api/extensions.py:415}}
Jun 22 04:45:38.547641 np0000182452 devstack@neutron-api.service[102883]: INFO neutron.api.extensions [None req-467bb2da-9e87-4559-88df-871600eb1f7a None None] Extension availability_zone_filter not supported by any of loaded plugins
Jun 22 04:45:38.547700 np0000182452 devstack@neutron-api.service[102884]: DEBUG neutron.api.extensions [None req-b590e152-6e8d-483c-885b-3de79336ff65 None None] Ext name="Network IP Availability Details Extension" alias="network-ip-availability-details" description="Add ip_availability_details attribute to network-ip-availabilities resource." updated="2025-10-31T00:00:00-00:00" {{(pid=102884) _check_extension /opt/stack/neutron/neutron/api/extensions.py:415}}
Jun 22 04:45:38.547766 np0000182452 devstack@neutron-api.service[102883]: DEBUG neutron.api.extensions [None req-467bb2da-9e87-4559-88df-871600eb1f7a None None] Loading extension file: data_plane_status.py {{(pid=102883) _load_all_extensions_from_path /opt/stack/neutron/neutron/api/extensions.py:449}}
Jun 22 04:45:38.547800 np0000182452 devstack@neutron-api.service[102884]: INFO neutron.api.extensions [None req-b590e152-6e8d-483c-885b-3de79336ff65 None None] Loaded extension: network-ip-availability-details
Jun 22 04:45:38.547800 np0000182452 devstack@neutron-api.service[102884]: DEBUG neutron.api.extensions [None req-b590e152-6e8d-483c-885b-3de79336ff65 None None] Loading extension file: network_segment_range.py {{(pid=102884) _load_all_extensions_from_path /opt/stack/neutron/neutron/api/extensions.py:449}}
Jun 22 04:45:38.547878 np0000182452 devstack@neutron-api.service[102883]: DEBUG neutron.api.extensions [None req-467bb2da-9e87-4559-88df-871600eb1f7a None None] Ext name="Port data plane status extension" alias="data-plane-status" description="Expose status of underlying data plane" updated="2017-01-24T10:00:00-00:00" {{(pid=102883) _check_extension /opt/stack/neutron/neutron/api/extensions.py:415}}
Jun 22 04:45:38.547878 np0000182452 devstack@neutron-api.service[102883]: INFO neutron.api.extensions [None req-467bb2da-9e87-4559-88df-871600eb1f7a None None] Extension data-plane-status not supported by any of loaded plugins
Jun 22 04:45:38.547878 np0000182452 devstack@neutron-api.service[102883]: DEBUG neutron.api.extensions [None req-467bb2da-9e87-4559-88df-871600eb1f7a None None] Loading extension file: default_subnetpools.py {{(pid=102883) _load_all_extensions_from_path /opt/stack/neutron/neutron/api/extensions.py:449}}
Jun 22 04:45:38.547970 np0000182452 devstack@neutron-api.service[102884]: DEBUG neutron.api.extensions [None req-b590e152-6e8d-483c-885b-3de79336ff65 None None] Ext name="Neutron Network Segment Range" alias="network-segment-range" description="Provides support for the network segment range management" updated="2018-11-29T00:00:00-00:00" {{(pid=102884) _check_extension /opt/stack/neutron/neutron/api/extensions.py:415}}
Jun 22 04:45:38.548006 np0000182452 devstack@neutron-api.service[102883]: DEBUG neutron.api.extensions [None req-467bb2da-9e87-4559-88df-871600eb1f7a None None] Ext name="Default Subnetpools" alias="default-subnetpools" description="Provides ability to mark and use a subnetpool as the default." updated="2016-02-18T18:00:00-00:00" {{(pid=102883) _check_extension /opt/stack/neutron/neutron/api/extensions.py:415}}
Jun 22 04:45:38.548039 np0000182452 devstack@neutron-api.service[102884]: INFO neutron.api.extensions [None req-b590e152-6e8d-483c-885b-3de79336ff65 None None] Extension network-segment-range not supported by any of loaded plugins
Jun 22 04:45:38.548039 np0000182452 devstack@neutron-api.service[102884]: DEBUG neutron.api.extensions [None req-b590e152-6e8d-483c-885b-3de79336ff65 None None] Loading extension file: pagination.py {{(pid=102884) _load_all_extensions_from_path /opt/stack/neutron/neutron/api/extensions.py:449}}
Jun 22 04:45:38.548117 np0000182452 devstack@neutron-api.service[102883]: INFO neutron.api.extensions [None req-467bb2da-9e87-4559-88df-871600eb1f7a None None] Loaded extension: default-subnetpools
Jun 22 04:45:38.548117 np0000182452 devstack@neutron-api.service[102883]: DEBUG neutron.api.extensions [None req-467bb2da-9e87-4559-88df-871600eb1f7a None None] Loading extension file: dhcpagentscheduler.py {{(pid=102883) _load_all_extensions_from_path /opt/stack/neutron/neutron/api/extensions.py:449}}
Jun 22 04:45:38.548219 np0000182452 devstack@neutron-api.service[102884]: DEBUG neutron.api.extensions [None req-b590e152-6e8d-483c-885b-3de79336ff65 None None] Ext name="Pagination support" alias="pagination" description="Extension that indicates that pagination is enabled." updated="2016-06-12T00:00:00-00:00" {{(pid=102884) _check_extension /opt/stack/neutron/neutron/api/extensions.py:415}}
Jun 22 04:45:38.548219 np0000182452 devstack@neutron-api.service[102884]: INFO neutron.api.extensions [None req-b590e152-6e8d-483c-885b-3de79336ff65 None None] Loaded extension: pagination
Jun 22 04:45:38.548219 np0000182452 devstack@neutron-api.service[102884]: DEBUG neutron.api.extensions [None req-b590e152-6e8d-483c-885b-3de79336ff65 None None] Loading extension file: port_device_profile.py {{(pid=102884) _load_all_extensions_from_path /opt/stack/neutron/neutron/api/extensions.py:449}}
Jun 22 04:45:38.548219 np0000182452 devstack@neutron-api.service[102884]: DEBUG neutron.api.extensions [None req-b590e152-6e8d-483c-885b-3de79336ff65 None None] Ext name="Port device profile" alias="port-device-profile" description="Expose the port device profile (Cyborg)" updated="2020-12-17T10:00:00-00:00" {{(pid=102884) _check_extension /opt/stack/neutron/neutron/api/extensions.py:415}}
Jun 22 04:45:38.548219 np0000182452 devstack@neutron-api.service[102884]: INFO neutron.api.extensions [None req-b590e152-6e8d-483c-885b-3de79336ff65 None None] Loaded extension: port-device-profile
Jun 22 04:45:38.548219 np0000182452 devstack@neutron-api.service[102884]: DEBUG neutron.api.extensions [None req-b590e152-6e8d-483c-885b-3de79336ff65 None None] Loading extension file: port_hardware_offload_type.py {{(pid=102884) _load_all_extensions_from_path /opt/stack/neutron/neutron/api/extensions.py:449}}
Jun 22 04:45:38.548219 np0000182452 devstack@neutron-api.service[102884]: DEBUG neutron.api.extensions [None req-b590e152-6e8d-483c-885b-3de79336ff65 None None] Ext name="Port hardware offload" alias="port-hardware-offload-type" description="Expose port hardware offload extension" updated="2023-05-09T10:00:00-00:00" {{(pid=102884) _check_extension /opt/stack/neutron/neutron/api/extensions.py:415}}
Jun 22 04:45:38.548513 np0000182452 devstack@neutron-api.service[102884]: INFO neutron.api.extensions [None req-b590e152-6e8d-483c-885b-3de79336ff65 None None] Extension port-hardware-offload-type not supported by any of loaded plugins
Jun 22 04:45:38.548513 np0000182452 devstack@neutron-api.service[102884]: DEBUG neutron.api.extensions [None req-b590e152-6e8d-483c-885b-3de79336ff65 None None] Loading extension file: port_hint_ovs_tx_steering.py {{(pid=102884) _load_all_extensions_from_path /opt/stack/neutron/neutron/api/extensions.py:449}}
Jun 22 04:45:38.548513 np0000182452 devstack@neutron-api.service[102884]: DEBUG neutron.api.extensions [None req-b590e152-6e8d-483c-885b-3de79336ff65 None None] Ext name="Port hint: Open vSwitch Tx steering" alias="port-hint-ovs-tx-steering" description="Enable Port hint: Open vSwitch Tx steering" updated="2023-01-01T00:00:00-00:00" {{(pid=102884) _check_extension /opt/stack/neutron/neutron/api/extensions.py:415}}
Jun 22 04:45:38.548513 np0000182452 devstack@neutron-api.service[102884]: INFO neutron.api.extensions [None req-b590e152-6e8d-483c-885b-3de79336ff65 None None] Extension port-hint-ovs-tx-steering not supported by any of loaded plugins
Jun 22 04:45:38.548513 np0000182452 devstack@neutron-api.service[102884]: DEBUG neutron.api.extensions [None req-b590e152-6e8d-483c-885b-3de79336ff65 None None] Loading extension file: port_hints.py {{(pid=102884) _load_all_extensions_from_path /opt/stack/neutron/neutron/api/extensions.py:449}}
Jun 22 04:45:38.548686 np0000182452 devstack@neutron-api.service[102884]: DEBUG neutron.api.extensions [None req-b590e152-6e8d-483c-885b-3de79336ff65 None None] Ext name="Port hints" alias="port-hints" description="Backend specific port hints to allow backend specific tuning" updated="2023-01-01T00:00:00-00:00" {{(pid=102884) _check_extension /opt/stack/neutron/neutron/api/extensions.py:415}}
Jun 22 04:45:38.548743 np0000182452 devstack@neutron-api.service[102884]: INFO neutron.api.extensions [None req-b590e152-6e8d-483c-885b-3de79336ff65 None None] Extension port-hints not supported by any of loaded plugins
Jun 22 04:45:38.548838 np0000182452 devstack@neutron-api.service[102884]: DEBUG neutron.api.extensions [None req-b590e152-6e8d-483c-885b-3de79336ff65 None None] Loading extension file: port_mac_address_override.py {{(pid=102884) _load_all_extensions_from_path /opt/stack/neutron/neutron/api/extensions.py:449}}
Jun 22 04:45:38.549064 np0000182452 devstack@neutron-api.service[102884]: DEBUG neutron.api.extensions [None req-b590e152-6e8d-483c-885b-3de79336ff65 None None] Ext name="Neutron Port MAC address override" alias="port-mac-override" description="Allow overriding the MAC address of a direct-physical Port via the active binding profile" updated="2022-03-18T10:00:00-00:00" {{(pid=102884) _check_extension /opt/stack/neutron/neutron/api/extensions.py:415}}
Jun 22 04:45:38.549226 np0000182452 devstack@neutron-api.service[102884]: INFO neutron.api.extensions [None req-b590e152-6e8d-483c-885b-3de79336ff65 None None] Extension port-mac-override not supported by any of loaded plugins
Jun 22 04:45:38.549306 np0000182452 devstack@neutron-api.service[102884]: DEBUG neutron.api.extensions [None req-b590e152-6e8d-483c-885b-3de79336ff65 None None] Loading extension file: port_mac_address_regenerate.py {{(pid=102884) _load_all_extensions_from_path /opt/stack/neutron/neutron/api/extensions.py:449}}
Jun 22 04:45:38.549527 np0000182452 devstack@neutron-api.service[102884]: DEBUG neutron.api.extensions [None req-b590e152-6e8d-483c-885b-3de79336ff65 None None] Ext name="Neutron Port MAC address regenerate" alias="port-mac-address-regenerate" description="Network port MAC address regenerate" updated="2018-05-03T10:00:00-00:00" {{(pid=102884) _check_extension /opt/stack/neutron/neutron/api/extensions.py:415}}
Jun 22 04:45:38.549691 np0000182452 devstack@neutron-api.service[102884]: INFO neutron.api.extensions [None req-b590e152-6e8d-483c-885b-3de79336ff65 None None] Loaded extension: port-mac-address-regenerate
Jun 22 04:45:38.549862 np0000182452 devstack@neutron-api.service[102884]: DEBUG neutron.api.extensions [None req-b590e152-6e8d-483c-885b-3de79336ff65 None None] Loading extension file: port_numa_affinity_policy.py {{(pid=102884) _load_all_extensions_from_path /opt/stack/neutron/neutron/api/extensions.py:449}}
Jun 22 04:45:38.550088 np0000182452 devstack@neutron-api.service[102884]: DEBUG neutron.api.extensions [None req-b590e152-6e8d-483c-885b-3de79336ff65 None None] Ext name="Port NUMA affinity policy" alias="port-numa-affinity-policy" description="Expose the port NUMA affinity policy" updated="2020-07-08T10:00:00-00:00" {{(pid=102884) _check_extension /opt/stack/neutron/neutron/api/extensions.py:415}}
Jun 22 04:45:38.550253 np0000182452 devstack@neutron-api.service[102884]: INFO neutron.api.extensions [None req-b590e152-6e8d-483c-885b-3de79336ff65 None None] Loaded extension: port-numa-affinity-policy
Jun 22 04:45:38.550321 np0000182452 devstack@neutron-api.service[102886]: DEBUG neutron.common.ovn.hash_ring_manager [-] Hash Ring loaded. 1 active nodes. 0 offline nodes {{(pid=102886) _load_hash_ring /opt/stack/neutron/neutron/common/ovn/hash_ring_manager.py:110}}
Jun 22 04:45:38.550649 np0000182452 devstack@neutron-api.service[102884]: DEBUG neutron.api.extensions [None req-b590e152-6e8d-483c-885b-3de79336ff65 None None] Loading extension file: port_numa_affinity_policy_socket.py {{(pid=102884) _load_all_extensions_from_path /opt/stack/neutron/neutron/api/extensions.py:449}}
Jun 22 04:45:38.550692 np0000182452 devstack@neutron-api.service[102886]: DEBUG neutron.plugins.ml2.drivers.ovn.mech_driver.ovsdb.ovsdb_monitor [-] Hash Ring: Node 83135c49f7575c628a63a66096d0cfcd (host: np0000182452) handling event "update" for row 84ed845c-656c-4f4c-99f1-7d4e59d0c4d8 (table: Connection) {{(pid=102886) notify /opt/stack/neutron/neutron/plugins/ml2/drivers/ovn/mech_driver/ovsdb/ovsdb_monitor.py:1015}}
Jun 22 04:45:38.550755 np0000182452 devstack@neutron-api.service[102884]: DEBUG neutron.api.extensions [None req-b590e152-6e8d-483c-885b-3de79336ff65 None None] Ext name="Port NUMA affinity policy "socket"" alias="port-numa-affinity-policy-socket" description="Adds "socket" to the supported port NUMA affinity policies" updated="2024-02-09T10:00:00-00:00" {{(pid=102884) _check_extension /opt/stack/neutron/neutron/api/extensions.py:415}}
Jun 22 04:45:38.550755 np0000182452 devstack@neutron-api.service[102884]: INFO neutron.api.extensions [None req-b590e152-6e8d-483c-885b-3de79336ff65 None None] Loaded extension: port-numa-affinity-policy-socket
Jun 22 04:45:38.550825 np0000182452 devstack@neutron-api.service[102884]: DEBUG neutron.api.extensions [None req-b590e152-6e8d-483c-885b-3de79336ff65 None None] Loading extension file: port_resource_request.py {{(pid=102884) _load_all_extensions_from_path /opt/stack/neutron/neutron/api/extensions.py:449}}
Jun 22 04:45:38.551026 np0000182452 devstack@neutron-api.service[102884]: DEBUG neutron.api.extensions [None req-b590e152-6e8d-483c-885b-3de79336ff65 None None] Ext name="Port Resource Request" alias="port-resource-request" description="Expose resource request to Port" updated="2018-05-08T10:00:00-00:00" {{(pid=102884) _check_extension /opt/stack/neutron/neutron/api/extensions.py:415}}
Jun 22 04:45:38.551186 np0000182452 devstack@neutron-api.service[102884]: INFO neutron.api.extensions [None req-b590e152-6e8d-483c-885b-3de79336ff65 None None] Extension port-resource-request not supported by any of loaded plugins
Jun 22 04:45:38.551276 np0000182452 devstack@neutron-api.service[102884]: DEBUG neutron.api.extensions [None req-b590e152-6e8d-483c-885b-3de79336ff65 None None] Loading extension file: port_resource_request_groups.py {{(pid=102884) _load_all_extensions_from_path /opt/stack/neutron/neutron/api/extensions.py:449}}
Jun 22 04:45:38.551515 np0000182452 devstack@neutron-api.service[102884]: DEBUG neutron.api.extensions [None req-b590e152-6e8d-483c-885b-3de79336ff65 None None] Ext name="Port Resource Request Groups" alias="port-resource-request-groups" description="Support requesting multiple groups of resources and traits from the same RP subtree in resource_request" updated="2021-08-02T10:00:00-00:00" {{(pid=102884) _check_extension /opt/stack/neutron/neutron/api/extensions.py:415}}
Jun 22 04:45:38.551671 np0000182452 devstack@neutron-api.service[102884]: INFO neutron.api.extensions [None req-b590e152-6e8d-483c-885b-3de79336ff65 None None] Extension port-resource-request-groups not supported by any of loaded plugins
Jun 22 04:45:38.551771 np0000182452 devstack@neutron-api.service[102884]: DEBUG neutron.api.extensions [None req-b590e152-6e8d-483c-885b-3de79336ff65 None None] Loading extension file: port_trusted_vif.py {{(pid=102884) _load_all_extensions_from_path /opt/stack/neutron/neutron/api/extensions.py:449}}
Jun 22 04:45:38.551989 np0000182452 devstack@neutron-api.service[102884]: DEBUG neutron.api.extensions [None req-b590e152-6e8d-483c-885b-3de79336ff65 None None] Ext name="Port trusted vif" alias="port-trusted-vif" description="Expose port 'trusted' attribute in the API" updated="2024-07-10T10:00:00-00:00" {{(pid=102884) _check_extension /opt/stack/neutron/neutron/api/extensions.py:415}}
Jun 22 04:45:38.552184 np0000182452 devstack@neutron-api.service[102884]: INFO neutron.api.extensions [None req-b590e152-6e8d-483c-885b-3de79336ff65 None None] Extension port-trusted-vif not supported by any of loaded plugins
Jun 22 04:45:38.552271 np0000182452 devstack@neutron-api.service[102884]: DEBUG neutron.api.extensions [None req-b590e152-6e8d-483c-885b-3de79336ff65 None None] Loading extension file: portbindings.py {{(pid=102884) _load_all_extensions_from_path /opt/stack/neutron/neutron/api/extensions.py:449}}
Jun 22 04:45:38.552492 np0000182452 devstack@neutron-api.service[102884]: DEBUG neutron.api.extensions [None req-b590e152-6e8d-483c-885b-3de79336ff65 None None] Ext name="Port Binding" alias="binding" description="Expose port bindings of a virtual port to external application" updated="2014-02-03T10:00:00-00:00" {{(pid=102884) _check_extension /opt/stack/neutron/neutron/api/extensions.py:415}}
Jun 22 04:45:38.552657 np0000182452 devstack@neutron-api.service[102884]: INFO neutron.api.extensions [None req-b590e152-6e8d-483c-885b-3de79336ff65 None None] Loaded extension: binding
Jun 22 04:45:38.552761 np0000182452 devstack@neutron-api.service[102884]: DEBUG neutron.api.extensions [None req-b590e152-6e8d-483c-885b-3de79336ff65 None None] Loading extension file: portbindings_extended.py {{(pid=102884) _load_all_extensions_from_path /opt/stack/neutron/neutron/api/extensions.py:449}}
Jun 22 04:45:38.553024 np0000182452 devstack@neutron-api.service[102884]: DEBUG neutron.api.extensions [None req-b590e152-6e8d-483c-885b-3de79336ff65 None None] Ext name="Port Bindings Extended" alias="binding-extended" description="Expose port bindings of a virtual port to external application" updated="2017-07-17T10:00:00-00:00" {{(pid=102884) _check_extension /opt/stack/neutron/neutron/api/extensions.py:415}}
Jun 22 04:45:38.553186 np0000182452 devstack@neutron-api.service[102884]: INFO neutron.api.extensions [None req-b590e152-6e8d-483c-885b-3de79336ff65 None None] Loaded extension: binding-extended
Jun 22 04:45:38.553273 np0000182452 devstack@neutron-api.service[102884]: DEBUG neutron.api.extensions [None req-b590e152-6e8d-483c-885b-3de79336ff65 None None] Loading extension file: portsecurity.py {{(pid=102884) _load_all_extensions_from_path /opt/stack/neutron/neutron/api/extensions.py:449}}
Jun 22 04:45:38.553492 np0000182452 devstack@neutron-api.service[102884]: DEBUG neutron.api.extensions [None req-b590e152-6e8d-483c-885b-3de79336ff65 None None] Ext name="Port Security" alias="port-security" description="Provides port security" updated="2012-07-23T10:00:00-00:00" {{(pid=102884) _check_extension /opt/stack/neutron/neutron/api/extensions.py:415}}
Jun 22 04:45:38.553664 np0000182452 devstack@neutron-api.service[102884]: INFO neutron.api.extensions [None req-b590e152-6e8d-483c-885b-3de79336ff65 None None] Loaded extension: port-security
Jun 22 04:45:38.553773 np0000182452 devstack@neutron-api.service[102884]: DEBUG neutron.api.extensions [None req-b590e152-6e8d-483c-885b-3de79336ff65 None None] Loading extension file: project_id.py {{(pid=102884) _load_all_extensions_from_path /opt/stack/neutron/neutron/api/extensions.py:449}}
Jun 22 04:45:38.553987 np0000182452 devstack@neutron-api.service[102884]: DEBUG neutron.api.extensions [None req-b590e152-6e8d-483c-885b-3de79336ff65 None None] Ext name="project_id field enabled" alias="project-id" description="Extension that indicates that project_id field is enabled." updated="2016-09-09T09:09:09-09:09" {{(pid=102884) _check_extension /opt/stack/neutron/neutron/api/extensions.py:415}}
Jun 22 04:45:38.554078 np0000182452 devstack@neutron-api.service[102884]: INFO neutron.api.extensions [None req-b590e152-6e8d-483c-885b-3de79336ff65 None None] Loaded extension: project-id
Jun 22 04:45:38.554163 np0000182452 devstack@neutron-api.service[102884]: DEBUG neutron.api.extensions [None req-b590e152-6e8d-483c-885b-3de79336ff65 None None] Loading extension file: providernet.py {{(pid=102884) _load_all_extensions_from_path /opt/stack/neutron/neutron/api/extensions.py:449}}
Jun 22 04:45:38.554376 np0000182452 devstack@neutron-api.service[102884]: DEBUG neutron.api.extensions [None req-b590e152-6e8d-483c-885b-3de79336ff65 None None] Ext name="Provider Network" alias="provider" description="Expose mapping of virtual networks to physical networks" updated="2012-09-07T10:00:00-00:00" {{(pid=102884) _check_extension /opt/stack/neutron/neutron/api/extensions.py:415}}
Jun 22 04:45:38.554539 np0000182452 devstack@neutron-api.service[102884]: INFO neutron.api.extensions [None req-b590e152-6e8d-483c-885b-3de79336ff65 None None] Loaded extension: provider
Jun 22 04:45:38.554624 np0000182452 devstack@neutron-api.service[102884]: DEBUG neutron.api.extensions [None req-b590e152-6e8d-483c-885b-3de79336ff65 None None] Loading extension file: pvlan.py {{(pid=102884) _load_all_extensions_from_path /opt/stack/neutron/neutron/api/extensions.py:449}}
Jun 22 04:45:38.554856 np0000182452 devstack@neutron-api.service[102884]: DEBUG neutron.api.extensions [None req-b590e152-6e8d-483c-885b-3de79336ff65 None None] Ext name="Private VLAN" alias="pvlan" description="The Private VLAN semantics extension." updated="2026-02-03T10:00:00-00:00" {{(pid=102884) _check_extension /opt/stack/neutron/neutron/api/extensions.py:415}}
Jun 22 04:45:38.555016 np0000182452 devstack@neutron-api.service[102884]: INFO neutron.api.extensions [None req-b590e152-6e8d-483c-885b-3de79336ff65 None None] Extension pvlan not supported by any of loaded plugins
Jun 22 04:45:38.555102 np0000182452 devstack@neutron-api.service[102884]: DEBUG neutron.api.extensions [None req-b590e152-6e8d-483c-885b-3de79336ff65 None None] Loading extension file: qinq.py {{(pid=102884) _load_all_extensions_from_path /opt/stack/neutron/neutron/api/extensions.py:449}}
Jun 22 04:45:38.620867 np0000182452 devstack@neutron-api.service[102885]: INFO neutron.plugins.ml2.drivers.type_vlan [None req-a5756e5e-4960-4579-b281-5f0caf446112 None None] VlanTypeDriver initialization complete
Jun 22 04:45:38.620867 np0000182452 devstack@neutron-api.service[102885]: INFO neutron.plugins.ml2.managers [None req-a5756e5e-4960-4579-b281-5f0caf446112 None None] Initializing extension driver 'port_security'
Jun 22 04:45:38.621147 np0000182452 devstack@neutron-api.service[102885]: INFO neutron.plugins.ml2.extensions.port_security [None req-a5756e5e-4960-4579-b281-5f0caf446112 None None] PortSecurityExtensionDriver initialization complete
Jun 22 04:45:38.621147 np0000182452 devstack@neutron-api.service[102885]: INFO neutron.plugins.ml2.managers [None req-a5756e5e-4960-4579-b281-5f0caf446112 None None] Initializing extension driver 'qos'
Jun 22 04:45:38.621147 np0000182452 devstack@neutron-api.service[102885]: DEBUG neutron.plugins.ml2.extensions.qos [None req-a5756e5e-4960-4579-b281-5f0caf446112 None None] QosExtensionDriver initialization complete {{(pid=102885) initialize /opt/stack/neutron/neutron/plugins/ml2/extensions/qos.py:31}}
Jun 22 04:45:38.621367 np0000182452 devstack@neutron-api.service[102885]: INFO neutron.plugins.ml2.managers [None req-a5756e5e-4960-4579-b281-5f0caf446112 None None] Initializing mechanism driver 'ovn'
Jun 22 04:45:38.621367 np0000182452 devstack@neutron-api.service[102885]: INFO neutron.plugins.ml2.drivers.ovn.mech_driver.mech_driver [None req-a5756e5e-4960-4579-b281-5f0caf446112 None None] Starting OVNMechanismDriver
Jun 22 04:45:38.623246 np0000182452 devstack@neutron-api.service[102885]: DEBUG neutron_lib.callbacks.manager [None req-a5756e5e-4960-4579-b281-5f0caf446112 None None] Subscribe: > process before_spawn 55550000, False {{(pid=102885) subscribe /opt/stack/data/venv/lib/python3.12/site-packages/neutron_lib/callbacks/manager.py:52}}
Jun 22 04:45:38.623246 np0000182452 devstack@neutron-api.service[102885]: DEBUG neutron_lib.callbacks.manager [None req-a5756e5e-4960-4579-b281-5f0caf446112 None None] Subscribe: > process after_init 55550000, True {{(pid=102885) subscribe /opt/stack/data/venv/lib/python3.12/site-packages/neutron_lib/callbacks/manager.py:52}}
Jun 22 04:45:38.623246 np0000182452 devstack@neutron-api.service[102885]: DEBUG neutron_lib.callbacks.manager [None req-a5756e5e-4960-4579-b281-5f0caf446112 None None] Subscribe: > segment after_create 55550000, False {{(pid=102885) subscribe /opt/stack/data/venv/lib/python3.12/site-packages/neutron_lib/callbacks/manager.py:52}}
Jun 22 04:45:38.623426 np0000182452 devstack@neutron-api.service[102885]: DEBUG neutron_lib.callbacks.manager [None req-a5756e5e-4960-4579-b281-5f0caf446112 None None] Subscribe: > segment after_create 55550000, False {{(pid=102885) subscribe /opt/stack/data/venv/lib/python3.12/site-packages/neutron_lib/callbacks/manager.py:52}}
Jun 22 04:45:38.623546 np0000182452 devstack@neutron-api.service[102885]: DEBUG neutron_lib.callbacks.manager [None req-a5756e5e-4960-4579-b281-5f0caf446112 None None] Subscribe: > segment after_delete 55550000, False {{(pid=102885) subscribe /opt/stack/data/venv/lib/python3.12/site-packages/neutron_lib/callbacks/manager.py:52}}
Jun 22 04:45:38.623546 np0000182452 devstack@neutron-api.service[102885]: DEBUG neutron_lib.callbacks.manager [None req-a5756e5e-4960-4579-b281-5f0caf446112 None None] Subscribe: > allowed_address_pair before_create 55550000, False {{(pid=102885) subscribe /opt/stack/data/venv/lib/python3.12/site-packages/neutron_lib/callbacks/manager.py:52}}
Jun 22 04:45:38.623795 np0000182452 devstack@neutron-api.service[102885]: DEBUG neutron_lib.callbacks.manager [None req-a5756e5e-4960-4579-b281-5f0caf446112 None None] Subscribe: > security_group precommit_create 55550000, False {{(pid=102885) subscribe /opt/stack/data/venv/lib/python3.12/site-packages/neutron_lib/callbacks/manager.py:52}}
Jun 22 04:45:38.623795 np0000182452 devstack@neutron-api.service[102885]: DEBUG neutron_lib.callbacks.manager [None req-a5756e5e-4960-4579-b281-5f0caf446112 None None] Subscribe: > security_group after_update 55550000, False {{(pid=102885) subscribe /opt/stack/data/venv/lib/python3.12/site-packages/neutron_lib/callbacks/manager.py:52}}
Jun 22 04:45:38.623892 np0000182452 devstack@neutron-api.service[102885]: DEBUG neutron_lib.callbacks.manager [None req-a5756e5e-4960-4579-b281-5f0caf446112 None None] Subscribe: > security_group after_create 55550000, False {{(pid=102885) subscribe /opt/stack/data/venv/lib/python3.12/site-packages/neutron_lib/callbacks/manager.py:52}}
Jun 22 04:45:38.624028 np0000182452 devstack@neutron-api.service[102885]: DEBUG neutron_lib.callbacks.manager [None req-a5756e5e-4960-4579-b281-5f0caf446112 None None] Subscribe: > security_group precommit_delete 55550000, False {{(pid=102885) subscribe /opt/stack/data/venv/lib/python3.12/site-packages/neutron_lib/callbacks/manager.py:52}}
Jun 22 04:45:38.624144 np0000182452 devstack@neutron-api.service[102885]: DEBUG neutron_lib.callbacks.manager [None req-a5756e5e-4960-4579-b281-5f0caf446112 None None] Subscribe: > security_group after_delete 55550000, False {{(pid=102885) subscribe /opt/stack/data/venv/lib/python3.12/site-packages/neutron_lib/callbacks/manager.py:52}}
Jun 22 04:45:38.624237 np0000182452 devstack@neutron-api.service[102885]: DEBUG neutron_lib.callbacks.manager [None req-a5756e5e-4960-4579-b281-5f0caf446112 None None] Subscribe: > security_group_rule precommit_create 55550000, False {{(pid=102885) subscribe /opt/stack/data/venv/lib/python3.12/site-packages/neutron_lib/callbacks/manager.py:52}}
Jun 22 04:45:38.624294 np0000182452 devstack@neutron-api.service[102885]: DEBUG neutron_lib.callbacks.manager [None req-a5756e5e-4960-4579-b281-5f0caf446112 None None] Subscribe: > security_group_rule after_create 55550000, False {{(pid=102885) subscribe /opt/stack/data/venv/lib/python3.12/site-packages/neutron_lib/callbacks/manager.py:52}}
Jun 22 04:45:38.624400 np0000182452 devstack@neutron-api.service[102885]: DEBUG neutron_lib.callbacks.manager [None req-a5756e5e-4960-4579-b281-5f0caf446112 None None] Subscribe: > security_group_rule before_delete 55550000, False {{(pid=102885) subscribe /opt/stack/data/venv/lib/python3.12/site-packages/neutron_lib/callbacks/manager.py:52}}
Jun 22 04:45:38.624498 np0000182452 devstack@neutron-api.service[102885]: DEBUG neutron_lib.callbacks.manager [None req-a5756e5e-4960-4579-b281-5f0caf446112 None None] Subscribe: > address_group after_create 55550000, False {{(pid=102885) subscribe /opt/stack/data/venv/lib/python3.12/site-packages/neutron_lib/callbacks/manager.py:52}}
Jun 22 04:45:38.624618 np0000182452 devstack@neutron-api.service[102885]: DEBUG neutron_lib.callbacks.manager [None req-a5756e5e-4960-4579-b281-5f0caf446112 None None] Subscribe: > address_group after_update 55550000, False {{(pid=102885) subscribe /opt/stack/data/venv/lib/python3.12/site-packages/neutron_lib/callbacks/manager.py:52}}
Jun 22 04:45:38.624691 np0000182452 devstack@neutron-api.service[102885]: DEBUG neutron_lib.callbacks.manager [None req-a5756e5e-4960-4579-b281-5f0caf446112 None None] Subscribe: > address_group after_delete 55550000, False {{(pid=102885) subscribe /opt/stack/data/venv/lib/python3.12/site-packages/neutron_lib/callbacks/manager.py:52}}
Jun 22 04:45:38.624896 np0000182452 devstack@neutron-api.service[102885]: DEBUG neutron_lib.callbacks.manager [None req-a5756e5e-4960-4579-b281-5f0caf446112 None None] Subscribe: > qos_plugin after_init 55550000, False {{(pid=102885) subscribe /opt/stack/data/venv/lib/python3.12/site-packages/neutron_lib/callbacks/manager.py:52}}
Jun 22 04:45:38.625081 np0000182452 devstack@neutron-api.service[102885]: DEBUG neutron_lib.callbacks.manager [None req-a5756e5e-4960-4579-b281-5f0caf446112 None None] Subscribe: > trunk_plugin after_init 55550000, False {{(pid=102885) subscribe /opt/stack/data/venv/lib/python3.12/site-packages/neutron_lib/callbacks/manager.py:52}}
Jun 22 04:45:38.625310 np0000182452 devstack@neutron-api.service[102885]: DEBUG neutron_lib.callbacks.manager [None req-a5756e5e-4960-4579-b281-5f0caf446112 None None] Subscribe: > logging-plugin after_init 55550000, False {{(pid=102885) subscribe /opt/stack/data/venv/lib/python3.12/site-packages/neutron_lib/callbacks/manager.py:52}}
Jun 22 04:45:38.625850 np0000182452 devstack@neutron-api.service[102885]: INFO neutron.services.logapi.drivers.ovn.driver [None req-a5756e5e-4960-4579-b281-5f0caf446112 None None] OVN logging driver registered
Jun 22 04:45:38.625924 np0000182452 devstack@neutron-api.service[102885]: DEBUG neutron_lib.callbacks.manager [None req-a5756e5e-4960-4579-b281-5f0caf446112 None None] Subscribe: ._register_pvlan_driver at 0x7eb4fb35e200> pvlan_plugin before_spawn 55550000, False {{(pid=102885) subscribe /opt/stack/data/venv/lib/python3.12/site-packages/neutron_lib/callbacks/manager.py:52}}
Jun 22 04:45:38.626018 np0000182452 devstack@neutron-api.service[102885]: DEBUG neutron_lib.callbacks.manager [None req-a5756e5e-4960-4579-b281-5f0caf446112 None None] Subscribe: process after_init 55550000, False {{(pid=102885) subscribe /opt/stack/data/venv/lib/python3.12/site-packages/neutron_lib/callbacks/manager.py:52}}
Jun 22 04:45:38.627640 np0000182452 devstack@neutron-api.service[102885]: DEBUG neutron.plugins.ml2.plugin [None req-a5756e5e-4960-4579-b281-5f0caf446112 None None] neutron.plugins.ml2.plugin.Ml2Plugin method _start_rpc_notifiers called with arguments () {} {{(pid=102885) wrapper /opt/stack/data/venv/lib/python3.12/site-packages/oslo_log/helpers.py:77}}
Jun 22 04:45:38.627888 np0000182452 devstack@neutron-api.service[102885]: DEBUG neutron_lib.callbacks.manager [None req-a5756e5e-4960-4579-b281-5f0caf446112 None None] Subscribe: > port after_create 55550000, False {{(pid=102885) subscribe /opt/stack/data/venv/lib/python3.12/site-packages/neutron_lib/callbacks/manager.py:52}}
Jun 22 04:45:38.628012 np0000182452 devstack@neutron-api.service[102885]: DEBUG neutron_lib.callbacks.manager [None req-a5756e5e-4960-4579-b281-5f0caf446112 None None] Subscribe: > port after_update 55550000, False {{(pid=102885) subscribe /opt/stack/data/venv/lib/python3.12/site-packages/neutron_lib/callbacks/manager.py:52}}
Jun 22 04:45:38.628102 np0000182452 devstack@neutron-api.service[102885]: DEBUG neutron_lib.callbacks.manager [None req-a5756e5e-4960-4579-b281-5f0caf446112 None None] Subscribe: > port after_delete 55550000, False {{(pid=102885) subscribe /opt/stack/data/venv/lib/python3.12/site-packages/neutron_lib/callbacks/manager.py:52}}
Jun 22 04:45:38.628196 np0000182452 devstack@neutron-api.service[102885]: DEBUG neutron_lib.callbacks.manager [None req-a5756e5e-4960-4579-b281-5f0caf446112 None None] Subscribe: > subnet after_create 55550000, False {{(pid=102885) subscribe /opt/stack/data/venv/lib/python3.12/site-packages/neutron_lib/callbacks/manager.py:52}}
Jun 22 04:45:38.628297 np0000182452 devstack@neutron-api.service[102885]: DEBUG neutron_lib.callbacks.manager [None req-a5756e5e-4960-4579-b281-5f0caf446112 None None] Subscribe: > subnet after_update 55550000, False {{(pid=102885) subscribe /opt/stack/data/venv/lib/python3.12/site-packages/neutron_lib/callbacks/manager.py:52}}
Jun 22 04:45:38.628391 np0000182452 devstack@neutron-api.service[102885]: DEBUG neutron_lib.callbacks.manager [None req-a5756e5e-4960-4579-b281-5f0caf446112 None None] Subscribe: > subnet after_delete 55550000, False {{(pid=102885) subscribe /opt/stack/data/venv/lib/python3.12/site-packages/neutron_lib/callbacks/manager.py:52}}
Jun 22 04:45:38.628485 np0000182452 devstack@neutron-api.service[102885]: DEBUG neutron_lib.callbacks.manager [None req-a5756e5e-4960-4579-b281-5f0caf446112 None None] Subscribe: > network after_create 55550000, False {{(pid=102885) subscribe /opt/stack/data/venv/lib/python3.12/site-packages/neutron_lib/callbacks/manager.py:52}}
Jun 22 04:45:38.628588 np0000182452 devstack@neutron-api.service[102885]: DEBUG neutron_lib.callbacks.manager [None req-a5756e5e-4960-4579-b281-5f0caf446112 None None] Subscribe: > network after_update 55550000, False {{(pid=102885) subscribe /opt/stack/data/venv/lib/python3.12/site-packages/neutron_lib/callbacks/manager.py:52}}
Jun 22 04:45:38.628716 np0000182452 devstack@neutron-api.service[102885]: DEBUG neutron_lib.callbacks.manager [None req-a5756e5e-4960-4579-b281-5f0caf446112 None None] Subscribe: > network after_delete 55550000, False {{(pid=102885) subscribe /opt/stack/data/venv/lib/python3.12/site-packages/neutron_lib/callbacks/manager.py:52}}
Jun 22 04:45:38.628716 np0000182452 devstack@neutron-api.service[102885]: DEBUG neutron_lib.callbacks.manager [None req-a5756e5e-4960-4579-b281-5f0caf446112 None None] Subscribe: > security_group after_create 55550000, False {{(pid=102885) subscribe /opt/stack/data/venv/lib/python3.12/site-packages/neutron_lib/callbacks/manager.py:52}}
Jun 22 04:45:38.628890 np0000182452 devstack@neutron-api.service[102885]: DEBUG neutron_lib.callbacks.manager [None req-a5756e5e-4960-4579-b281-5f0caf446112 None None] Subscribe: > security_group after_update 55550000, False {{(pid=102885) subscribe /opt/stack/data/venv/lib/python3.12/site-packages/neutron_lib/callbacks/manager.py:52}}
Jun 22 04:45:38.628986 np0000182452 devstack@neutron-api.service[102885]: DEBUG neutron_lib.callbacks.manager [None req-a5756e5e-4960-4579-b281-5f0caf446112 None None] Subscribe: > security_group after_delete 55550000, False {{(pid=102885) subscribe /opt/stack/data/venv/lib/python3.12/site-packages/neutron_lib/callbacks/manager.py:52}}
Jun 22 04:45:38.629074 np0000182452 devstack@neutron-api.service[102885]: DEBUG neutron_lib.callbacks.manager [None req-a5756e5e-4960-4579-b281-5f0caf446112 None None] Subscribe: > security_group_rule after_create 55550000, False {{(pid=102885) subscribe /opt/stack/data/venv/lib/python3.12/site-packages/neutron_lib/callbacks/manager.py:52}}
Jun 22 04:45:38.629166 np0000182452 devstack@neutron-api.service[102885]: DEBUG neutron_lib.callbacks.manager [None req-a5756e5e-4960-4579-b281-5f0caf446112 None None] Subscribe: > security_group_rule after_update 55550000, False {{(pid=102885) subscribe /opt/stack/data/venv/lib/python3.12/site-packages/neutron_lib/callbacks/manager.py:52}}
Jun 22 04:45:38.629263 np0000182452 devstack@neutron-api.service[102885]: DEBUG neutron_lib.callbacks.manager [None req-a5756e5e-4960-4579-b281-5f0caf446112 None None] Subscribe: > security_group_rule after_delete 55550000, False {{(pid=102885) subscribe /opt/stack/data/venv/lib/python3.12/site-packages/neutron_lib/callbacks/manager.py:52}}
Jun 22 04:45:38.629359 np0000182452 devstack@neutron-api.service[102885]: DEBUG neutron_lib.callbacks.manager [None req-a5756e5e-4960-4579-b281-5f0caf446112 None None] Subscribe: > address_group after_create 55550000, False {{(pid=102885) subscribe /opt/stack/data/venv/lib/python3.12/site-packages/neutron_lib/callbacks/manager.py:52}}
Jun 22 04:45:38.629359 np0000182452 devstack@neutron-api.service[102885]: DEBUG neutron_lib.callbacks.manager [None req-a5756e5e-4960-4579-b281-5f0caf446112 None None] Subscribe: > address_group after_update 55550000, False {{(pid=102885) subscribe /opt/stack/data/venv/lib/python3.12/site-packages/neutron_lib/callbacks/manager.py:52}}
Jun 22 04:45:38.629533 np0000182452 devstack@neutron-api.service[102885]: DEBUG neutron_lib.callbacks.manager [None req-a5756e5e-4960-4579-b281-5f0caf446112 None None] Subscribe: > address_group after_delete 55550000, False {{(pid=102885) subscribe /opt/stack/data/venv/lib/python3.12/site-packages/neutron_lib/callbacks/manager.py:52}}
Jun 22 04:45:38.629617 np0000182452 devstack@neutron-api.service[102885]: DEBUG neutron.plugins.ml2.ovo_rpc [None req-a5756e5e-4960-4579-b281-5f0caf446112 None None] ML2 OVO RPC backend initialized. {{(pid=102885) __init__ /opt/stack/neutron/neutron/plugins/ml2/ovo_rpc.py:117}}
Jun 22 04:45:38.630464 np0000182452 devstack@neutron-api.service[102885]: INFO neutron.quota [None req-a5756e5e-4960-4579-b281-5f0caf446112 None None] Loaded quota_driver: .
Jun 22 04:45:38.630568 np0000182452 devstack@neutron-api.service[102885]: INFO neutron.plugins.ml2.plugin [None req-a5756e5e-4960-4579-b281-5f0caf446112 None None] Modular L2 Plugin initialization complete
Jun 22 04:45:38.630740 np0000182452 devstack@neutron-api.service[102885]: DEBUG neutron.manager [None req-a5756e5e-4960-4579-b281-5f0caf446112 None None] Loading services supported by the core plugin {{(pid=102885) _load_services_from_core_plugin /opt/stack/neutron/neutron/manager.py:170}}
Jun 22 04:45:38.630923 np0000182452 devstack@neutron-api.service[102885]: INFO neutron.plugins.ml2.managers [None req-a5756e5e-4960-4579-b281-5f0caf446112 None None] Got port-security extension from driver 'port_security'
Jun 22 04:45:38.631184 np0000182452 devstack@neutron-api.service[102885]: DEBUG neutron.manager [None req-a5756e5e-4960-4579-b281-5f0caf446112 None None] Loading service plugins: ['ovn-router', 'auto_allocate', 'tag', 'timestamp', 'network_ip_availability', 'flavors', 'revisions'] {{(pid=102885) _load_service_plugins /opt/stack/neutron/neutron/manager.py:195}}
Jun 22 04:45:38.631279 np0000182452 devstack@neutron-api.service[102885]: INFO neutron.manager [None req-a5756e5e-4960-4579-b281-5f0caf446112 None None] Loading Plugin: ovn-router
Jun 22 04:45:38.641823 np0000182452 devstack@neutron-api.service[102885]: DEBUG neutron_lib.callbacks.manager [None req-a5756e5e-4960-4579-b281-5f0caf446112 None None] Subscribe: > router before_delete 55550000, False {{(pid=102885) subscribe /opt/stack/data/venv/lib/python3.12/site-packages/neutron_lib/callbacks/manager.py:52}}
Jun 22 04:45:38.641997 np0000182452 devstack@neutron-api.service[102885]: DEBUG neutron_lib.callbacks.manager [None req-a5756e5e-4960-4579-b281-5f0caf446112 None None] Subscribe: port before_update 55550000, False {{(pid=102885) subscribe /opt/stack/data/venv/lib/python3.12/site-packages/neutron_lib/callbacks/manager.py:52}}
Jun 22 04:45:38.642138 np0000182452 devstack@neutron-api.service[102885]: DEBUG neutron_lib.callbacks.manager [None req-a5756e5e-4960-4579-b281-5f0caf446112 None None] Subscribe: port after_update 55550000, False {{(pid=102885) subscribe /opt/stack/data/venv/lib/python3.12/site-packages/neutron_lib/callbacks/manager.py:52}}
Jun 22 04:45:38.642138 np0000182452 devstack@neutron-api.service[102885]: DEBUG neutron_lib.callbacks.manager [None req-a5756e5e-4960-4579-b281-5f0caf446112 None None] Subscribe: > port precommit_delete 55550000, False {{(pid=102885) subscribe /opt/stack/data/venv/lib/python3.12/site-packages/neutron_lib/callbacks/manager.py:52}}
Jun 22 04:45:38.642270 np0000182452 devstack@neutron-api.service[102885]: DEBUG neutron_lib.callbacks.manager [None req-a5756e5e-4960-4579-b281-5f0caf446112 None None] Subscribe: port before_update 55550000, False {{(pid=102885) subscribe /opt/stack/data/venv/lib/python3.12/site-packages/neutron_lib/callbacks/manager.py:52}}
