Jun 22 04:46:11.287502 np0000182452 nova-scheduler[108307]: DEBUG cotyledon.oslo_config_glue [-] workarounds.disable_group_policy_check_upcall = False {{(pid=108307) log_opt_values /opt/stack/data/venv/lib/python3.12/site-packages/oslo_config/cfg.py:3253}}
Jun 22 04:46:11.287502 np0000182452 nova-scheduler[108307]: DEBUG cotyledon.oslo_config_glue [-] workarounds.disable_libvirt_livesnapshot = False {{(pid=108307) log_opt_values /opt/stack/data/venv/lib/python3.12/site-packages/oslo_config/cfg.py:3253}}
Jun 22 04:46:11.287502 np0000182452 nova-scheduler[108307]: DEBUG cotyledon.oslo_config_glue [-] workarounds.disable_rootwrap = False {{(pid=108307) log_opt_values /opt/stack/data/venv/lib/python3.12/site-packages/oslo_config/cfg.py:3253}}
Jun 22 04:46:11.287502 np0000182452 nova-scheduler[108307]: DEBUG cotyledon.oslo_config_glue [-] workarounds.enable_numa_live_migration = False {{(pid=108307) log_opt_values /opt/stack/data/venv/lib/python3.12/site-packages/oslo_config/cfg.py:3253}}
Jun 22 04:46:11.287502 np0000182452 nova-scheduler[108307]: DEBUG cotyledon.oslo_config_glue [-] workarounds.enable_qemu_monitor_announce_self = False {{(pid=108307) log_opt_values /opt/stack/data/venv/lib/python3.12/site-packages/oslo_config/cfg.py:3253}}
Jun 22 04:46:11.287502 np0000182452 nova-scheduler[108307]: DEBUG cotyledon.oslo_config_glue [-] workarounds.ensure_libvirt_rbd_instance_dir_cleanup = False {{(pid=108307) log_opt_values /opt/stack/data/venv/lib/python3.12/site-packages/oslo_config/cfg.py:3253}}
Jun 22 04:46:11.287737 np0000182452 nova-scheduler[108307]: DEBUG cotyledon.oslo_config_glue [-] workarounds.handle_virt_lifecycle_events = True {{(pid=108307) log_opt_values /opt/stack/data/venv/lib/python3.12/site-packages/oslo_config/cfg.py:3253}}
Jun 22 04:46:11.287737 np0000182452 nova-scheduler[108307]: DEBUG cotyledon.oslo_config_glue [-] workarounds.libvirt_disable_apic = False {{(pid=108307) log_opt_values /opt/stack/data/venv/lib/python3.12/site-packages/oslo_config/cfg.py:3253}}
Jun 22 04:46:11.287737 np0000182452 nova-scheduler[108307]: DEBUG cotyledon.oslo_config_glue [-] workarounds.never_download_image_if_on_rbd = False {{(pid=108307) log_opt_values /opt/stack/data/venv/lib/python3.12/site-packages/oslo_config/cfg.py:3253}}
Jun 22 04:46:11.287737 np0000182452 nova-scheduler[108307]: DEBUG cotyledon.oslo_config_glue [-] workarounds.qemu_monitor_announce_self_count = 3 {{(pid=108307) log_opt_values /opt/stack/data/venv/lib/python3.12/site-packages/oslo_config/cfg.py:3253}}
Jun 22 04:46:11.287737 np0000182452 nova-scheduler[108307]: DEBUG cotyledon.oslo_config_glue [-] workarounds.qemu_monitor_announce_self_interval = 1 {{(pid=108307) log_opt_values /opt/stack/data/venv/lib/python3.12/site-packages/oslo_config/cfg.py:3253}}
Jun 22 04:46:11.287737 np0000182452 nova-scheduler[108307]: DEBUG cotyledon.oslo_config_glue [-] workarounds.reserve_disk_resource_for_image_cache = False {{(pid=108307) log_opt_values /opt/stack/data/venv/lib/python3.12/site-packages/oslo_config/cfg.py:3253}}
Jun 22 04:46:11.287737 np0000182452 nova-scheduler[108307]: DEBUG cotyledon.oslo_config_glue [-] workarounds.skip_cpu_compare_at_startup = False {{(pid=108307) log_opt_values /opt/stack/data/venv/lib/python3.12/site-packages/oslo_config/cfg.py:3253}}
Jun 22 04:46:11.287737 np0000182452 nova-scheduler[108307]: DEBUG cotyledon.oslo_config_glue [-] workarounds.skip_cpu_compare_on_dest = False {{(pid=108307) log_opt_values /opt/stack/data/venv/lib/python3.12/site-packages/oslo_config/cfg.py:3253}}
Jun 22 04:46:11.287737 np0000182452 nova-scheduler[108307]: DEBUG cotyledon.oslo_config_glue [-] workarounds.skip_hypervisor_version_check_on_lm = False {{(pid=108307) log_opt_values /opt/stack/data/venv/lib/python3.12/site-packages/oslo_config/cfg.py:3253}}
Jun 22 04:46:11.287952 np0000182452 nova-scheduler[108307]: DEBUG cotyledon.oslo_config_glue [-] workarounds.skip_reserve_in_use_ironic_nodes = False {{(pid=108307) log_opt_values /opt/stack/data/venv/lib/python3.12/site-packages/oslo_config/cfg.py:3253}}
Jun 22 04:46:11.287952 np0000182452 nova-scheduler[108307]: DEBUG cotyledon.oslo_config_glue [-] workarounds.unified_limits_count_pcpu_as_vcpu = False {{(pid=108307) log_opt_values /opt/stack/data/venv/lib/python3.12/site-packages/oslo_config/cfg.py:3253}}
Jun 22 04:46:11.287952 np0000182452 nova-scheduler[108307]: DEBUG cotyledon.oslo_config_glue [-] workarounds.wait_for_vif_plugged_event_during_hard_reboot = [] {{(pid=108307) log_opt_values /opt/stack/data/venv/lib/python3.12/site-packages/oslo_config/cfg.py:3253}}
Jun 22 04:46:11.287952 np0000182452 nova-scheduler[108307]: DEBUG cotyledon.oslo_config_glue [-] wsgi.api_paste_config = /etc/nova/api-paste.ini {{(pid=108307) log_opt_values /opt/stack/data/venv/lib/python3.12/site-packages/oslo_config/cfg.py:3253}}
Jun 22 04:46:11.287952 np0000182452 nova-scheduler[108307]: DEBUG cotyledon.oslo_config_glue [-] wsgi.secure_proxy_ssl_header = None {{(pid=108307) log_opt_values /opt/stack/data/venv/lib/python3.12/site-packages/oslo_config/cfg.py:3253}}
Jun 22 04:46:11.287952 np0000182452 nova-scheduler[108307]: DEBUG cotyledon.oslo_config_glue [-] zvm.ca_file = None {{(pid=108307) log_opt_values /opt/stack/data/venv/lib/python3.12/site-packages/oslo_config/cfg.py:3253}}
Jun 22 04:46:11.287952 np0000182452 nova-scheduler[108307]: DEBUG cotyledon.oslo_config_glue [-] zvm.cloud_connector_url = None {{(pid=108307) log_opt_values /opt/stack/data/venv/lib/python3.12/site-packages/oslo_config/cfg.py:3253}}
Jun 22 04:46:11.287952 np0000182452 nova-scheduler[108307]: DEBUG cotyledon.oslo_config_glue [-] zvm.image_tmp_path = /opt/stack/data/nova/images {{(pid=108307) log_opt_values /opt/stack/data/venv/lib/python3.12/site-packages/oslo_config/cfg.py:3253}}
Jun 22 04:46:11.287952 np0000182452 nova-scheduler[108307]: DEBUG cotyledon.oslo_config_glue [-] zvm.reachable_timeout = 300 {{(pid=108307) log_opt_values /opt/stack/data/venv/lib/python3.12/site-packages/oslo_config/cfg.py:3253}}
Jun 22 04:46:11.288156 np0000182452 nova-scheduler[108307]: DEBUG cotyledon.oslo_config_glue [-] oslo_versionedobjects.fatal_exception_format_errors = False {{(pid=108307) log_opt_values /opt/stack/data/venv/lib/python3.12/site-packages/oslo_config/cfg.py:3253}}
Jun 22 04:46:11.288156 np0000182452 nova-scheduler[108307]: DEBUG cotyledon.oslo_config_glue [-] oslo_middleware.http_basic_auth_user_file = /etc/htpasswd {{(pid=108307) log_opt_values /opt/stack/data/venv/lib/python3.12/site-packages/oslo_config/cfg.py:3253}}
Jun 22 04:46:11.288156 np0000182452 nova-scheduler[108307]: DEBUG cotyledon.oslo_config_glue [-] oslo_messaging_metrics.metrics_buffer_size = 1000 {{(pid=108307) log_opt_values /opt/stack/data/venv/lib/python3.12/site-packages/oslo_config/cfg.py:3253}}
Jun 22 04:46:11.288156 np0000182452 nova-scheduler[108307]: DEBUG cotyledon.oslo_config_glue [-] oslo_messaging_metrics.metrics_enabled = False {{(pid=108307) log_opt_values /opt/stack/data/venv/lib/python3.12/site-packages/oslo_config/cfg.py:3253}}
Jun 22 04:46:11.288156 np0000182452 nova-scheduler[108307]: DEBUG cotyledon.oslo_config_glue [-] oslo_messaging_metrics.metrics_process_name = {{(pid=108307) log_opt_values /opt/stack/data/venv/lib/python3.12/site-packages/oslo_config/cfg.py:3253}}
Jun 22 04:46:11.288156 np0000182452 nova-scheduler[108307]: DEBUG cotyledon.oslo_config_glue [-] oslo_messaging_metrics.metrics_socket_file = /var/tmp/metrics_collector.sock {{(pid=108307) log_opt_values /opt/stack/data/venv/lib/python3.12/site-packages/oslo_config/cfg.py:3253}}
Jun 22 04:46:11.288156 np0000182452 nova-scheduler[108307]: DEBUG cotyledon.oslo_config_glue [-] oslo_messaging_metrics.metrics_thread_stop_timeout = 10 {{(pid=108307) log_opt_values /opt/stack/data/venv/lib/python3.12/site-packages/oslo_config/cfg.py:3253}}
Jun 22 04:46:11.288156 np0000182452 nova-scheduler[108307]: DEBUG cotyledon.oslo_config_glue [-] profiler.connection_string = messaging:// {{(pid=108307) log_opt_values /opt/stack/data/venv/lib/python3.12/site-packages/oslo_config/cfg.py:3253}}
Jun 22 04:46:11.288501 np0000182452 nova-scheduler[108307]: DEBUG cotyledon.oslo_config_glue [-] profiler.enabled = False {{(pid=108307) log_opt_values /opt/stack/data/venv/lib/python3.12/site-packages/oslo_config/cfg.py:3253}}
Jun 22 04:46:11.288501 np0000182452 nova-scheduler[108307]: DEBUG cotyledon.oslo_config_glue [-] profiler.es_doc_type = notification {{(pid=108307) log_opt_values /opt/stack/data/venv/lib/python3.12/site-packages/oslo_config/cfg.py:3253}}
Jun 22 04:46:11.288501 np0000182452 nova-scheduler[108307]: DEBUG cotyledon.oslo_config_glue [-] profiler.es_scroll_size = 10000 {{(pid=108307) log_opt_values /opt/stack/data/venv/lib/python3.12/site-packages/oslo_config/cfg.py:3253}}
Jun 22 04:46:11.288501 np0000182452 nova-scheduler[108307]: DEBUG cotyledon.oslo_config_glue [-] profiler.es_scroll_time = 2m {{(pid=108307) log_opt_values /opt/stack/data/venv/lib/python3.12/site-packages/oslo_config/cfg.py:3253}}
Jun 22 04:46:11.288501 np0000182452 nova-scheduler[108307]: DEBUG cotyledon.oslo_config_glue [-] profiler.filter_error_trace = False {{(pid=108307) log_opt_values /opt/stack/data/venv/lib/python3.12/site-packages/oslo_config/cfg.py:3253}}
Jun 22 04:46:11.288501 np0000182452 nova-scheduler[108307]: DEBUG cotyledon.oslo_config_glue [-] profiler.hmac_keys = **** {{(pid=108307) log_opt_values /opt/stack/data/venv/lib/python3.12/site-packages/oslo_config/cfg.py:3253}}
Jun 22 04:46:11.288501 np0000182452 nova-scheduler[108307]: DEBUG cotyledon.oslo_config_glue [-] profiler.sentinel_service_name = mymaster {{(pid=108307) log_opt_values /opt/stack/data/venv/lib/python3.12/site-packages/oslo_config/cfg.py:3253}}
Jun 22 04:46:11.288501 np0000182452 nova-scheduler[108307]: DEBUG cotyledon.oslo_config_glue [-] profiler.socket_timeout = 0.1 {{(pid=108307) log_opt_values /opt/stack/data/venv/lib/python3.12/site-packages/oslo_config/cfg.py:3253}}
Jun 22 04:46:11.288501 np0000182452 nova-scheduler[108307]: DEBUG cotyledon.oslo_config_glue [-] profiler.trace_requests = False {{(pid=108307) log_opt_values /opt/stack/data/venv/lib/python3.12/site-packages/oslo_config/cfg.py:3253}}
Jun 22 04:46:11.288828 np0000182452 nova-scheduler[108307]: DEBUG cotyledon.oslo_config_glue [-] profiler.trace_sqlalchemy = False {{(pid=108307) log_opt_values /opt/stack/data/venv/lib/python3.12/site-packages/oslo_config/cfg.py:3253}}
Jun 22 04:46:11.288828 np0000182452 nova-scheduler[108307]: DEBUG cotyledon.oslo_config_glue [-] profiler_jaeger.process_tags = {} {{(pid=108307) log_opt_values /opt/stack/data/venv/lib/python3.12/site-packages/oslo_config/cfg.py:3253}}
Jun 22 04:46:11.288828 np0000182452 nova-scheduler[108307]: DEBUG cotyledon.oslo_config_glue [-] profiler_jaeger.service_name_prefix = None {{(pid=108307) log_opt_values /opt/stack/data/venv/lib/python3.12/site-packages/oslo_config/cfg.py:3253}}
Jun 22 04:46:11.288828 np0000182452 nova-scheduler[108307]: DEBUG cotyledon.oslo_config_glue [-] profiler_otlp.service_name_prefix = None {{(pid=108307) log_opt_values /opt/stack/data/venv/lib/python3.12/site-packages/oslo_config/cfg.py:3253}}
Jun 22 04:46:11.288828 np0000182452 nova-scheduler[108307]: DEBUG cotyledon.oslo_config_glue [-] oslo_messaging_rabbit.amqp_auto_delete = False {{(pid=108307) log_opt_values /opt/stack/data/venv/lib/python3.12/site-packages/oslo_config/cfg.py:3253}}
Jun 22 04:46:11.288828 np0000182452 nova-scheduler[108307]: DEBUG cotyledon.oslo_config_glue [-] oslo_messaging_rabbit.amqp_durable_queues = False {{(pid=108307) log_opt_values /opt/stack/data/venv/lib/python3.12/site-packages/oslo_config/cfg.py:3253}}
Jun 22 04:46:11.288828 np0000182452 nova-scheduler[108307]: DEBUG cotyledon.oslo_config_glue [-] oslo_messaging_rabbit.conn_pool_min_size = 2 {{(pid=108307) log_opt_values /opt/stack/data/venv/lib/python3.12/site-packages/oslo_config/cfg.py:3253}}
Jun 22 04:46:11.288828 np0000182452 nova-scheduler[108307]: DEBUG cotyledon.oslo_config_glue [-] oslo_messaging_rabbit.conn_pool_ttl = 1200 {{(pid=108307) log_opt_values /opt/stack/data/venv/lib/python3.12/site-packages/oslo_config/cfg.py:3253}}
Jun 22 04:46:11.288828 np0000182452 nova-scheduler[108307]: DEBUG cotyledon.oslo_config_glue [-] oslo_messaging_rabbit.direct_mandatory_flag = True {{(pid=108307) log_opt_values /opt/stack/data/venv/lib/python3.12/site-packages/oslo_config/cfg.py:3253}}
Jun 22 04:46:11.289035 np0000182452 nova-scheduler[108307]: DEBUG cotyledon.oslo_config_glue [-] oslo_messaging_rabbit.enable_cancel_on_failover = False {{(pid=108307) log_opt_values /opt/stack/data/venv/lib/python3.12/site-packages/oslo_config/cfg.py:3253}}
Jun 22 04:46:11.289035 np0000182452 nova-scheduler[108307]: DEBUG cotyledon.oslo_config_glue [-] oslo_messaging_rabbit.heartbeat_rate = 3 {{(pid=108307) log_opt_values /opt/stack/data/venv/lib/python3.12/site-packages/oslo_config/cfg.py:3253}}
Jun 22 04:46:11.289035 np0000182452 nova-scheduler[108307]: DEBUG cotyledon.oslo_config_glue [-] oslo_messaging_rabbit.heartbeat_timeout_threshold = 60 {{(pid=108307) log_opt_values /opt/stack/data/venv/lib/python3.12/site-packages/oslo_config/cfg.py:3253}}
Jun 22 04:46:11.289035 np0000182452 nova-scheduler[108307]: DEBUG cotyledon.oslo_config_glue [-] oslo_messaging_rabbit.hostname = np0000182452 {{(pid=108307) log_opt_values /opt/stack/data/venv/lib/python3.12/site-packages/oslo_config/cfg.py:3253}}
Jun 22 04:46:11.289035 np0000182452 nova-scheduler[108307]: DEBUG cotyledon.oslo_config_glue [-] oslo_messaging_rabbit.kombu_compression = None {{(pid=108307) log_opt_values /opt/stack/data/venv/lib/python3.12/site-packages/oslo_config/cfg.py:3253}}
Jun 22 04:46:11.289035 np0000182452 nova-scheduler[108307]: DEBUG cotyledon.oslo_config_glue [-] oslo_messaging_rabbit.kombu_failover_strategy = round-robin {{(pid=108307) log_opt_values /opt/stack/data/venv/lib/python3.12/site-packages/oslo_config/cfg.py:3253}}
Jun 22 04:46:11.289035 np0000182452 nova-scheduler[108307]: DEBUG cotyledon.oslo_config_glue [-] oslo_messaging_rabbit.kombu_missing_consumer_retry_timeout = 60 {{(pid=108307) log_opt_values /opt/stack/data/venv/lib/python3.12/site-packages/oslo_config/cfg.py:3253}}
Jun 22 04:46:11.289035 np0000182452 nova-scheduler[108307]: DEBUG cotyledon.oslo_config_glue [-] oslo_messaging_rabbit.kombu_reconnect_delay = 1.0 {{(pid=108307) log_opt_values /opt/stack/data/venv/lib/python3.12/site-packages/oslo_config/cfg.py:3253}}
Jun 22 04:46:11.289244 np0000182452 nova-scheduler[108307]: DEBUG cotyledon.oslo_config_glue [-] oslo_messaging_rabbit.kombu_reconnect_splay = 0.0 {{(pid=108307) log_opt_values /opt/stack/data/venv/lib/python3.12/site-packages/oslo_config/cfg.py:3253}}
Jun 22 04:46:11.289244 np0000182452 nova-scheduler[108307]: DEBUG cotyledon.oslo_config_glue [-] oslo_messaging_rabbit.processname = nova-scheduler {{(pid=108307) log_opt_values /opt/stack/data/venv/lib/python3.12/site-packages/oslo_config/cfg.py:3253}}
Jun 22 04:46:11.289244 np0000182452 nova-scheduler[108307]: DEBUG cotyledon.oslo_config_glue [-] oslo_messaging_rabbit.rabbit_ha_queues = False {{(pid=108307) log_opt_values /opt/stack/data/venv/lib/python3.12/site-packages/oslo_config/cfg.py:3253}}
Jun 22 04:46:11.289244 np0000182452 nova-scheduler[108307]: DEBUG cotyledon.oslo_config_glue [-] oslo_messaging_rabbit.rabbit_interval_max = 30 {{(pid=108307) log_opt_values /opt/stack/data/venv/lib/python3.12/site-packages/oslo_config/cfg.py:3253}}
Jun 22 04:46:11.289244 np0000182452 nova-scheduler[108307]: DEBUG cotyledon.oslo_config_glue [-] oslo_messaging_rabbit.rabbit_login_method = AMQPLAIN {{(pid=108307) log_opt_values /opt/stack/data/venv/lib/python3.12/site-packages/oslo_config/cfg.py:3253}}
Jun 22 04:46:11.289244 np0000182452 nova-scheduler[108307]: DEBUG cotyledon.oslo_config_glue [-] oslo_messaging_rabbit.rabbit_qos_prefetch_count = 0 {{(pid=108307) log_opt_values /opt/stack/data/venv/lib/python3.12/site-packages/oslo_config/cfg.py:3253}}
Jun 22 04:46:11.289244 np0000182452 nova-scheduler[108307]: DEBUG cotyledon.oslo_config_glue [-] oslo_messaging_rabbit.rabbit_quorum_delivery_limit = 0 {{(pid=108307) log_opt_values /opt/stack/data/venv/lib/python3.12/site-packages/oslo_config/cfg.py:3253}}
Jun 22 04:46:11.289244 np0000182452 nova-scheduler[108307]: DEBUG cotyledon.oslo_config_glue [-] oslo_messaging_rabbit.rabbit_quorum_max_memory_bytes = 0 {{(pid=108307) log_opt_values /opt/stack/data/venv/lib/python3.12/site-packages/oslo_config/cfg.py:3253}}
Jun 22 04:46:11.289434 np0000182452 nova-scheduler[108307]: DEBUG cotyledon.oslo_config_glue [-] oslo_messaging_rabbit.rabbit_quorum_max_memory_length = 0 {{(pid=108307) log_opt_values /opt/stack/data/venv/lib/python3.12/site-packages/oslo_config/cfg.py:3253}}
Jun 22 04:46:11.289434 np0000182452 nova-scheduler[108307]: DEBUG cotyledon.oslo_config_glue [-] oslo_messaging_rabbit.rabbit_quorum_queue = False {{(pid=108307) log_opt_values /opt/stack/data/venv/lib/python3.12/site-packages/oslo_config/cfg.py:3253}}
Jun 22 04:46:11.289434 np0000182452 nova-scheduler[108307]: DEBUG cotyledon.oslo_config_glue [-] oslo_messaging_rabbit.rabbit_retry_backoff = 2 {{(pid=108307) log_opt_values /opt/stack/data/venv/lib/python3.12/site-packages/oslo_config/cfg.py:3253}}
Jun 22 04:46:11.289434 np0000182452 nova-scheduler[108307]: DEBUG cotyledon.oslo_config_glue [-] oslo_messaging_rabbit.rabbit_retry_interval = 1 {{(pid=108307) log_opt_values /opt/stack/data/venv/lib/python3.12/site-packages/oslo_config/cfg.py:3253}}
Jun 22 04:46:11.289434 np0000182452 nova-scheduler[108307]: DEBUG cotyledon.oslo_config_glue [-] oslo_messaging_rabbit.rabbit_stream_fanout = False {{(pid=108307) log_opt_values /opt/stack/data/venv/lib/python3.12/site-packages/oslo_config/cfg.py:3253}}
Jun 22 04:46:11.289434 np0000182452 nova-scheduler[108307]: DEBUG cotyledon.oslo_config_glue [-] oslo_messaging_rabbit.rabbit_transient_queues_ttl = 1800 {{(pid=108307) log_opt_values /opt/stack/data/venv/lib/python3.12/site-packages/oslo_config/cfg.py:3253}}
Jun 22 04:46:11.289434 np0000182452 nova-scheduler[108307]: DEBUG cotyledon.oslo_config_glue [-] oslo_messaging_rabbit.rabbit_transient_quorum_queue = False {{(pid=108307) log_opt_values /opt/stack/data/venv/lib/python3.12/site-packages/oslo_config/cfg.py:3253}}
Jun 22 04:46:11.289434 np0000182452 nova-scheduler[108307]: DEBUG cotyledon.oslo_config_glue [-] oslo_messaging_rabbit.rpc_conn_pool_size = 30 {{(pid=108307) log_opt_values /opt/stack/data/venv/lib/python3.12/site-packages/oslo_config/cfg.py:3253}}
Jun 22 04:46:11.289434 np0000182452 nova-scheduler[108307]: DEBUG cotyledon.oslo_config_glue [-] oslo_messaging_rabbit.ssl = False {{(pid=108307) log_opt_values /opt/stack/data/venv/lib/python3.12/site-packages/oslo_config/cfg.py:3253}}
Jun 22 04:46:11.289650 np0000182452 nova-scheduler[108307]: DEBUG cotyledon.oslo_config_glue [-] oslo_messaging_rabbit.ssl_ca_file = {{(pid=108307) log_opt_values /opt/stack/data/venv/lib/python3.12/site-packages/oslo_config/cfg.py:3253}}
Jun 22 04:46:11.289650 np0000182452 nova-scheduler[108307]: DEBUG cotyledon.oslo_config_glue [-] oslo_messaging_rabbit.ssl_cert_file = {{(pid=108307) log_opt_values /opt/stack/data/venv/lib/python3.12/site-packages/oslo_config/cfg.py:3253}}
Jun 22 04:46:11.289650 np0000182452 nova-scheduler[108307]: DEBUG cotyledon.oslo_config_glue [-] oslo_messaging_rabbit.ssl_enforce_fips_mode = False {{(pid=108307) log_opt_values /opt/stack/data/venv/lib/python3.12/site-packages/oslo_config/cfg.py:3253}}
Jun 22 04:46:11.289650 np0000182452 nova-scheduler[108307]: DEBUG cotyledon.oslo_config_glue [-] oslo_messaging_rabbit.ssl_enforce_hostname_verification = True {{(pid=108307) log_opt_values /opt/stack/data/venv/lib/python3.12/site-packages/oslo_config/cfg.py:3253}}
Jun 22 04:46:11.289650 np0000182452 nova-scheduler[108307]: DEBUG cotyledon.oslo_config_glue [-] oslo_messaging_rabbit.ssl_key_file = {{(pid=108307) log_opt_values /opt/stack/data/venv/lib/python3.12/site-packages/oslo_config/cfg.py:3253}}
Jun 22 04:46:11.289650 np0000182452 nova-scheduler[108307]: DEBUG cotyledon.oslo_config_glue [-] oslo_messaging_rabbit.ssl_version = {{(pid=108307) log_opt_values /opt/stack/data/venv/lib/python3.12/site-packages/oslo_config/cfg.py:3253}}
Jun 22 04:46:11.289650 np0000182452 nova-scheduler[108307]: DEBUG cotyledon.oslo_config_glue [-] oslo_messaging_rabbit.use_queue_manager = False {{(pid=108307) log_opt_values /opt/stack/data/venv/lib/python3.12/site-packages/oslo_config/cfg.py:3253}}
Jun 22 04:46:11.289650 np0000182452 nova-scheduler[108307]: DEBUG cotyledon.oslo_config_glue [-] oslo_messaging_notifications.driver = ['messagingv2'] {{(pid=108307) log_opt_values /opt/stack/data/venv/lib/python3.12/site-packages/oslo_config/cfg.py:3253}}
Jun 22 04:46:11.289650 np0000182452 nova-scheduler[108307]: DEBUG cotyledon.oslo_config_glue [-] oslo_messaging_notifications.retry = -1 {{(pid=108307) log_opt_values /opt/stack/data/venv/lib/python3.12/site-packages/oslo_config/cfg.py:3253}}
Jun 22 04:46:11.289990 np0000182452 nova-scheduler[108307]: DEBUG cotyledon.oslo_config_glue [-] oslo_messaging_notifications.topics = ['notifications'] {{(pid=108307) log_opt_values /opt/stack/data/venv/lib/python3.12/site-packages/oslo_config/cfg.py:3253}}
Jun 22 04:46:11.289990 np0000182452 nova-scheduler[108307]: DEBUG cotyledon.oslo_config_glue [-] oslo_messaging_notifications.transport_url = **** {{(pid=108307) log_opt_values /opt/stack/data/venv/lib/python3.12/site-packages/oslo_config/cfg.py:3253}}
Jun 22 04:46:11.289990 np0000182452 nova-scheduler[108307]: DEBUG cotyledon.oslo_config_glue [-] oslo_limit.auth_section = None {{(pid=108307) log_opt_values /opt/stack/data/venv/lib/python3.12/site-packages/oslo_config/cfg.py:3253}}
Jun 22 04:46:11.289990 np0000182452 nova-scheduler[108307]: DEBUG cotyledon.oslo_config_glue [-] oslo_limit.auth_type = None {{(pid=108307) log_opt_values /opt/stack/data/venv/lib/python3.12/site-packages/oslo_config/cfg.py:3253}}
Jun 22 04:46:11.289990 np0000182452 nova-scheduler[108307]: DEBUG cotyledon.oslo_config_glue [-] oslo_limit.cafile = None {{(pid=108307) log_opt_values /opt/stack/data/venv/lib/python3.12/site-packages/oslo_config/cfg.py:3253}}
Jun 22 04:46:11.289990 np0000182452 nova-scheduler[108307]: DEBUG cotyledon.oslo_config_glue [-] oslo_limit.certfile = None {{(pid=108307) log_opt_values /opt/stack/data/venv/lib/python3.12/site-packages/oslo_config/cfg.py:3253}}
Jun 22 04:46:11.289990 np0000182452 nova-scheduler[108307]: DEBUG cotyledon.oslo_config_glue [-] oslo_limit.collect_timing = False {{(pid=108307) log_opt_values /opt/stack/data/venv/lib/python3.12/site-packages/oslo_config/cfg.py:3253}}
Jun 22 04:46:11.289990 np0000182452 nova-scheduler[108307]: DEBUG cotyledon.oslo_config_glue [-] oslo_limit.connect_retries = None {{(pid=108307) log_opt_values /opt/stack/data/venv/lib/python3.12/site-packages/oslo_config/cfg.py:3253}}
Jun 22 04:46:11.289990 np0000182452 nova-scheduler[108307]: DEBUG cotyledon.oslo_config_glue [-] oslo_limit.connect_retry_delay = None {{(pid=108307) log_opt_values /opt/stack/data/venv/lib/python3.12/site-packages/oslo_config/cfg.py:3253}}
Jun 22 04:46:11.290213 np0000182452 nova-scheduler[108307]: DEBUG cotyledon.oslo_config_glue [-] oslo_limit.endpoint_id = None {{(pid=108307) log_opt_values /opt/stack/data/venv/lib/python3.12/site-packages/oslo_config/cfg.py:3253}}
Jun 22 04:46:11.290213 np0000182452 nova-scheduler[108307]: DEBUG cotyledon.oslo_config_glue [-] oslo_limit.endpoint_interface = public {{(pid=108307) log_opt_values /opt/stack/data/venv/lib/python3.12/site-packages/oslo_config/cfg.py:3253}}
Jun 22 04:46:11.290213 np0000182452 nova-scheduler[108307]: DEBUG cotyledon.oslo_config_glue [-] oslo_limit.endpoint_override = None {{(pid=108307) log_opt_values /opt/stack/data/venv/lib/python3.12/site-packages/oslo_config/cfg.py:3253}}
Jun 22 04:46:11.290213 np0000182452 nova-scheduler[108307]: DEBUG cotyledon.oslo_config_glue [-] oslo_limit.endpoint_region_name = None {{(pid=108307) log_opt_values /opt/stack/data/venv/lib/python3.12/site-packages/oslo_config/cfg.py:3253}}
Jun 22 04:46:11.290213 np0000182452 nova-scheduler[108307]: DEBUG cotyledon.oslo_config_glue [-] oslo_limit.endpoint_service_name = None {{(pid=108307) log_opt_values /opt/stack/data/venv/lib/python3.12/site-packages/oslo_config/cfg.py:3253}}
Jun 22 04:46:11.290213 np0000182452 nova-scheduler[108307]: DEBUG cotyledon.oslo_config_glue [-] oslo_limit.endpoint_service_type = None {{(pid=108307) log_opt_values /opt/stack/data/venv/lib/python3.12/site-packages/oslo_config/cfg.py:3253}}
Jun 22 04:46:11.290213 np0000182452 nova-scheduler[108307]: DEBUG cotyledon.oslo_config_glue [-] oslo_limit.insecure = False {{(pid=108307) log_opt_values /opt/stack/data/venv/lib/python3.12/site-packages/oslo_config/cfg.py:3253}}
Jun 22 04:46:11.290213 np0000182452 nova-scheduler[108307]: DEBUG cotyledon.oslo_config_glue [-] oslo_limit.keyfile = None {{(pid=108307) log_opt_values /opt/stack/data/venv/lib/python3.12/site-packages/oslo_config/cfg.py:3253}}
Jun 22 04:46:11.290213 np0000182452 nova-scheduler[108307]: DEBUG cotyledon.oslo_config_glue [-] oslo_limit.max_version = None {{(pid=108307) log_opt_values /opt/stack/data/venv/lib/python3.12/site-packages/oslo_config/cfg.py:3253}}
Jun 22 04:46:11.290438 np0000182452 nova-scheduler[108307]: DEBUG cotyledon.oslo_config_glue [-] oslo_limit.min_version = None {{(pid=108307) log_opt_values /opt/stack/data/venv/lib/python3.12/site-packages/oslo_config/cfg.py:3253}}
Jun 22 04:46:11.290438 np0000182452 nova-scheduler[108307]: DEBUG cotyledon.oslo_config_glue [-] oslo_limit.region_name = None {{(pid=108307) log_opt_values /opt/stack/data/venv/lib/python3.12/site-packages/oslo_config/cfg.py:3253}}
Jun 22 04:46:11.290438 np0000182452 nova-scheduler[108307]: DEBUG cotyledon.oslo_config_glue [-] oslo_limit.retriable_status_codes = None {{(pid=108307) log_opt_values /opt/stack/data/venv/lib/python3.12/site-packages/oslo_config/cfg.py:3253}}
Jun 22 04:46:11.290438 np0000182452 nova-scheduler[108307]: DEBUG cotyledon.oslo_config_glue [-] oslo_limit.service_name = None {{(pid=108307) log_opt_values /opt/stack/data/venv/lib/python3.12/site-packages/oslo_config/cfg.py:3253}}
Jun 22 04:46:11.290438 np0000182452 nova-scheduler[108307]: DEBUG cotyledon.oslo_config_glue [-] oslo_limit.service_type = None {{(pid=108307) log_opt_values /opt/stack/data/venv/lib/python3.12/site-packages/oslo_config/cfg.py:3253}}
Jun 22 04:46:11.290438 np0000182452 nova-scheduler[108307]: DEBUG cotyledon.oslo_config_glue [-] oslo_limit.split_loggers = False {{(pid=108307) log_opt_values /opt/stack/data/venv/lib/python3.12/site-packages/oslo_config/cfg.py:3253}}
Jun 22 04:46:11.290438 np0000182452 nova-scheduler[108307]: DEBUG cotyledon.oslo_config_glue [-] oslo_limit.status_code_retries = None {{(pid=108307) log_opt_values /opt/stack/data/venv/lib/python3.12/site-packages/oslo_config/cfg.py:3253}}
Jun 22 04:46:11.290438 np0000182452 nova-scheduler[108307]: DEBUG cotyledon.oslo_config_glue [-] oslo_limit.status_code_retry_delay = None {{(pid=108307) log_opt_values /opt/stack/data/venv/lib/python3.12/site-packages/oslo_config/cfg.py:3253}}
Jun 22 04:46:11.290438 np0000182452 nova-scheduler[108307]: DEBUG cotyledon.oslo_config_glue [-] oslo_limit.timeout = None {{(pid=108307) log_opt_values /opt/stack/data/venv/lib/python3.12/site-packages/oslo_config/cfg.py:3253}}
Jun 22 04:46:11.290664 np0000182452 nova-scheduler[108307]: DEBUG cotyledon.oslo_config_glue [-] oslo_limit.valid_interfaces = None {{(pid=108307) log_opt_values /opt/stack/data/venv/lib/python3.12/site-packages/oslo_config/cfg.py:3253}}
Jun 22 04:46:11.290664 np0000182452 nova-scheduler[108307]: DEBUG cotyledon.oslo_config_glue [-] oslo_limit.version = None {{(pid=108307) log_opt_values /opt/stack/data/venv/lib/python3.12/site-packages/oslo_config/cfg.py:3253}}
Jun 22 04:46:11.290664 np0000182452 nova-scheduler[108307]: DEBUG cotyledon.oslo_config_glue [-] oslo_reports.file_event_handler = None {{(pid=108307) log_opt_values /opt/stack/data/venv/lib/python3.12/site-packages/oslo_config/cfg.py:3253}}
Jun 22 04:46:11.290664 np0000182452 nova-scheduler[108307]: DEBUG cotyledon.oslo_config_glue [-] oslo_reports.file_event_handler_interval = 1 {{(pid=108307) log_opt_values /opt/stack/data/venv/lib/python3.12/site-packages/oslo_config/cfg.py:3253}}
Jun 22 04:46:11.290664 np0000182452 nova-scheduler[108307]: DEBUG cotyledon.oslo_config_glue [-] oslo_reports.log_dir = None {{(pid=108307) log_opt_values /opt/stack/data/venv/lib/python3.12/site-packages/oslo_config/cfg.py:3253}}
Jun 22 04:46:11.290664 np0000182452 nova-scheduler[108307]: DEBUG cotyledon.oslo_config_glue [-] ******************************************************************************** {{(pid=108307) log_opt_values /opt/stack/data/venv/lib/python3.12/site-packages/oslo_config/cfg.py:3260}}
Jun 22 04:46:11.290664 np0000182452 nova-scheduler[108307]: DEBUG cotyledon._service_worker [-] Run service ServiceWrapper(3) [108307] {{(pid=108307) wait_forever /opt/stack/data/venv/lib/python3.12/site-packages/cotyledon/_service_worker.py:218}}
Jun 22 04:46:11.290878 np0000182452 nova-scheduler[108284]: DEBUG oslo_db.sqlalchemy.engines [None req-34592ad9-3de7-4e79-9228-639760489f96 None None] MySQL server mode set to STRICT_TRANS_TABLES,STRICT_ALL_TABLES,NO_ZERO_IN_DATE,NO_ZERO_DATE,ERROR_FOR_DIVISION_BY_ZERO,TRADITIONAL,NO_ENGINE_SUBSTITUTION {{(pid=108284) _check_effective_sql_mode /opt/stack/data/venv/lib/python3.12/site-packages/oslo_db/sqlalchemy/engines.py:325}}
Jun 22 04:46:11.290913 np0000182452 nova-scheduler[108307]: INFO nova.service [-] Starting scheduler node (version 33.1.0)
Jun 22 04:46:11.290940 np0000182452 nova-scheduler[108284]: DEBUG dbcounter [-] [108284] Writer thread running {{(pid=108284) stat_writer /opt/stack/data/venv/lib/python3.12/site-packages/dbcounter.py:102}}
Jun 22 04:46:11.291039 np0000182452 nova-scheduler[108307]: INFO dbcounter [None req-c82ee9bb-404e-449f-a8ea-70181c499a81 None None] Registered counter for database nova_cell0
Jun 22 04:46:11.306446 np0000182452 nova-scheduler[108284]: DEBUG nova.service [None req-34592ad9-3de7-4e79-9228-639760489f96 None None] Creating RPC server for service: nova-scheduler on topic: scheduler {{(pid=108284) start /opt/stack/nova/nova/service.py:196}}
Jun 22 04:46:11.312289 np0000182452 nova-scheduler[108290]: DEBUG oslo_db.sqlalchemy.engines [None req-09fcbf6a-db8c-4772-bc65-fd66b3a0f272 None None] MySQL server mode set to STRICT_TRANS_TABLES,STRICT_ALL_TABLES,NO_ZERO_IN_DATE,NO_ZERO_DATE,ERROR_FOR_DIVISION_BY_ZERO,TRADITIONAL,NO_ENGINE_SUBSTITUTION {{(pid=108290) _check_effective_sql_mode /opt/stack/data/venv/lib/python3.12/site-packages/oslo_db/sqlalchemy/engines.py:325}}
Jun 22 04:46:11.318376 np0000182452 nova-scheduler[108301]: DEBUG oslo_db.sqlalchemy.engines [None req-04350061-118e-4982-9adf-b96ca078391a None None] MySQL server mode set to STRICT_TRANS_TABLES,STRICT_ALL_TABLES,NO_ZERO_IN_DATE,NO_ZERO_DATE,ERROR_FOR_DIVISION_BY_ZERO,TRADITIONAL,NO_ENGINE_SUBSTITUTION {{(pid=108301) _check_effective_sql_mode /opt/stack/data/venv/lib/python3.12/site-packages/oslo_db/sqlalchemy/engines.py:325}}
Jun 22 04:46:11.325625 np0000182452 nova-scheduler[108290]: DEBUG dbcounter [-] [108290] Writer thread running {{(pid=108290) stat_writer /opt/stack/data/venv/lib/python3.12/site-packages/dbcounter.py:102}}
Jun 22 04:46:11.330912 np0000182452 nova-scheduler[108290]: DEBUG nova.service [None req-09fcbf6a-db8c-4772-bc65-fd66b3a0f272 None None] Creating RPC server for service: nova-scheduler on topic: scheduler {{(pid=108290) start /opt/stack/nova/nova/service.py:196}}
Jun 22 04:46:11.334255 np0000182452 nova-scheduler[108284]: DEBUG nova.service [None req-34592ad9-3de7-4e79-9228-639760489f96 None None] Join ServiceGroup membership for this service scheduler {{(pid=108284) start /opt/stack/nova/nova/service.py:222}}
Jun 22 04:46:11.334484 np0000182452 nova-scheduler[108284]: DEBUG nova.servicegroup.drivers.db [None req-34592ad9-3de7-4e79-9228-639760489f96 None None] DB_Driver: join new ServiceGroup member np0000182452 to the scheduler group, service = {{(pid=108284) join /opt/stack/nova/nova/servicegroup/drivers/db.py:44}}
Jun 22 04:46:11.336255 np0000182452 nova-scheduler[108301]: DEBUG dbcounter [-] [108301] Writer thread running {{(pid=108301) stat_writer /opt/stack/data/venv/lib/python3.12/site-packages/dbcounter.py:102}}
Jun 22 04:46:11.338048 np0000182452 nova-scheduler[108307]: DEBUG oslo_db.sqlalchemy.engines [None req-c82ee9bb-404e-449f-a8ea-70181c499a81 None None] MySQL server mode set to STRICT_TRANS_TABLES,STRICT_ALL_TABLES,NO_ZERO_IN_DATE,NO_ZERO_DATE,ERROR_FOR_DIVISION_BY_ZERO,TRADITIONAL,NO_ENGINE_SUBSTITUTION {{(pid=108307) _check_effective_sql_mode /opt/stack/data/venv/lib/python3.12/site-packages/oslo_db/sqlalchemy/engines.py:325}}
Jun 22 04:46:11.340155 np0000182452 nova-scheduler[108301]: DEBUG nova.service [None req-04350061-118e-4982-9adf-b96ca078391a None None] Creating RPC server for service: nova-scheduler on topic: scheduler {{(pid=108301) start /opt/stack/nova/nova/service.py:196}}
Jun 22 04:46:11.352296 np0000182452 nova-scheduler[108307]: DEBUG dbcounter [-] [108307] Writer thread running {{(pid=108307) stat_writer /opt/stack/data/venv/lib/python3.12/site-packages/dbcounter.py:102}}
Jun 22 04:46:11.352996 np0000182452 nova-scheduler[108290]: DEBUG nova.service [None req-09fcbf6a-db8c-4772-bc65-fd66b3a0f272 None None] Join ServiceGroup membership for this service scheduler {{(pid=108290) start /opt/stack/nova/nova/service.py:222}}
Jun 22 04:46:11.353230 np0000182452 nova-scheduler[108290]: DEBUG nova.servicegroup.drivers.db [None req-09fcbf6a-db8c-4772-bc65-fd66b3a0f272 None None] DB_Driver: join new ServiceGroup member np0000182452 to the scheduler group, service = {{(pid=108290) join /opt/stack/nova/nova/servicegroup/drivers/db.py:44}}
Jun 22 04:46:11.357120 np0000182452 nova-scheduler[108307]: DEBUG nova.service [None req-c82ee9bb-404e-449f-a8ea-70181c499a81 None None] Creating RPC server for service: nova-scheduler on topic: scheduler {{(pid=108307) start /opt/stack/nova/nova/service.py:196}}
Jun 22 04:46:11.362933 np0000182452 nova-scheduler[108301]: DEBUG nova.service [None req-04350061-118e-4982-9adf-b96ca078391a None None] Join ServiceGroup membership for this service scheduler {{(pid=108301) start /opt/stack/nova/nova/service.py:222}}
Jun 22 04:46:11.363389 np0000182452 nova-scheduler[108301]: DEBUG nova.servicegroup.drivers.db [None req-04350061-118e-4982-9adf-b96ca078391a None None] DB_Driver: join new ServiceGroup member np0000182452 to the scheduler group, service = {{(pid=108301) join /opt/stack/nova/nova/servicegroup/drivers/db.py:44}}
Jun 22 04:46:11.376079 np0000182452 nova-scheduler[108307]: DEBUG nova.service [None req-c82ee9bb-404e-449f-a8ea-70181c499a81 None None] Join ServiceGroup membership for this service scheduler {{(pid=108307) start /opt/stack/nova/nova/service.py:222}}
Jun 22 04:46:11.376310 np0000182452 nova-scheduler[108307]: DEBUG nova.servicegroup.drivers.db [None req-c82ee9bb-404e-449f-a8ea-70181c499a81 None None] DB_Driver: join new ServiceGroup member np0000182452 to the scheduler group, service = {{(pid=108307) join /opt/stack/nova/nova/servicegroup/drivers/db.py:44}}
Jun 22 04:46:16.358261 np0000182452 nova-scheduler[108284]: DEBUG oslo.service.backend._threading.loopingcall [-] Fixed interval looping call 'nova.servicegroup.drivers.db.DbDriver._report_state' sleeping for 119.98 seconds {{(pid=108284) _run_loop /opt/stack/data/venv/lib/python3.12/site-packages/oslo_service/backend/_threading/loopingcall.py:125}}
Jun 22 04:46:16.367855 np0000182452 nova-scheduler[108290]: DEBUG oslo.service.backend._threading.loopingcall [-] Fixed interval looping call 'nova.servicegroup.drivers.db.DbDriver._report_state' sleeping for 119.99 seconds {{(pid=108290) _run_loop /opt/stack/data/venv/lib/python3.12/site-packages/oslo_service/backend/_threading/loopingcall.py:125}}
Jun 22 04:46:16.379631 np0000182452 nova-scheduler[108301]: DEBUG oslo.service.backend._threading.loopingcall [-] Fixed interval looping call 'nova.servicegroup.drivers.db.DbDriver._report_state' sleeping for 119.99 seconds {{(pid=108301) _run_loop /opt/stack/data/venv/lib/python3.12/site-packages/oslo_service/backend/_threading/loopingcall.py:125}}
Jun 22 04:46:16.390595 np0000182452 nova-scheduler[108307]: DEBUG oslo.service.backend._threading.loopingcall [-] Fixed interval looping call 'nova.servicegroup.drivers.db.DbDriver._report_state' sleeping for 119.99 seconds {{(pid=108307) _run_loop /opt/stack/data/venv/lib/python3.12/site-packages/oslo_service/backend/_threading/loopingcall.py:125}}
Jun 22 04:46:19.863416 np0000182452 nova-scheduler[107482]: DEBUG dbcounter [-] [107482] Writing DB stats nova_api:SELECT=3 {{(pid=107482) stat_writer /opt/stack/data/venv/lib/python3.12/site-packages/dbcounter.py:115}}
Jun 22 04:46:20.016536 np0000182452 nova-scheduler[107482]: DEBUG dbcounter [-] [107482] Writing DB stats nova_cell0:SELECT=1 {{(pid=107482) stat_writer /opt/stack/data/venv/lib/python3.12/site-packages/dbcounter.py:115}}
Jun 22 04:46:20.023069 np0000182452 nova-scheduler[107482]: DEBUG dbcounter [-] [107482] Writing DB stats nova_cell1:SELECT=1 {{(pid=107482) stat_writer /opt/stack/data/venv/lib/python3.12/site-packages/dbcounter.py:115}}
Jun 22 04:46:26.347878 np0000182452 nova-scheduler[108284]: DEBUG dbcounter [-] [108284] Writing DB stats nova_cell0:SELECT=4,nova_cell0:INSERT=1,nova_cell0:UPDATE=1 {{(pid=108284) stat_writer /opt/stack/data/venv/lib/python3.12/site-packages/dbcounter.py:115}}
Jun 22 04:46:26.364539 np0000182452 nova-scheduler[108290]: DEBUG dbcounter [-] [108290] Writing DB stats nova_cell0:SELECT=3 {{(pid=108290) stat_writer /opt/stack/data/venv/lib/python3.12/site-packages/dbcounter.py:115}}
Jun 22 04:46:26.376655 np0000182452 nova-scheduler[108301]: DEBUG dbcounter [-] [108301] Writing DB stats nova_cell0:SELECT=3 {{(pid=108301) stat_writer /opt/stack/data/venv/lib/python3.12/site-packages/dbcounter.py:115}}
Jun 22 04:46:26.390763 np0000182452 nova-scheduler[108307]: DEBUG dbcounter [-] [108307] Writing DB stats nova_cell0:SELECT=3 {{(pid=108307) stat_writer /opt/stack/data/venv/lib/python3.12/site-packages/dbcounter.py:115}}
Jun 22 04:46:38.379837 np0000182452 nova-scheduler[108307]: DEBUG oslo.service.backend._threading.loopingcall [None req-d9960759-7d7f-4658-8614-33aa74f39721 None None] Dynamic interval looping call 'nova.service.Service.periodic_tasks' sleeping for 60.00 seconds {{(pid=108307) _run_loop /opt/stack/data/venv/lib/python3.12/site-packages/oslo_service/backend/_threading/loopingcall.py:125}}
Jun 22 04:46:42.338343 np0000182452 nova-scheduler[108284]: DEBUG oslo.service.backend._threading.loopingcall [None req-b995c839-c188-46b6-9730-83fd3351f524 None None] Dynamic interval looping call 'nova.service.Service.periodic_tasks' sleeping for 60.00 seconds {{(pid=108284) _run_loop /opt/stack/data/venv/lib/python3.12/site-packages/oslo_service/backend/_threading/loopingcall.py:125}}
Jun 22 04:46:55.366240 np0000182452 nova-scheduler[108301]: DEBUG oslo.service.backend._threading.loopingcall [None req-b7784930-ae48-4586-98c7-5c9a7953d797 None None] Dynamic interval looping call 'nova.service.Service.periodic_tasks' sleeping for 60.00 seconds {{(pid=108301) _run_loop /opt/stack/data/venv/lib/python3.12/site-packages/oslo_service/backend/_threading/loopingcall.py:125}}
Jun 22 04:46:59.356597 np0000182452 nova-scheduler[108290]: DEBUG oslo.service.backend._threading.loopingcall [None req-ae7ff408-76c6-4d80-906e-69fc41f1b8b0 None None] Dynamic interval looping call 'nova.service.Service.periodic_tasks' sleeping for 60.00 seconds {{(pid=108290) _run_loop /opt/stack/data/venv/lib/python3.12/site-packages/oslo_service/backend/_threading/loopingcall.py:125}}
Jun 22 04:47:38.380700 np0000182452 nova-scheduler[108307]: DEBUG oslo.service.backend._threading.loopingcall [None req-d9960759-7d7f-4658-8614-33aa74f39721 None None] Dynamic interval looping call 'nova.service.Service.periodic_tasks' sleeping for 60.00 seconds {{(pid=108307) _run_loop /opt/stack/data/venv/lib/python3.12/site-packages/oslo_service/backend/_threading/loopingcall.py:125}}
Jun 22 04:47:42.339416 np0000182452 nova-scheduler[108284]: DEBUG oslo.service.backend._threading.loopingcall [None req-b995c839-c188-46b6-9730-83fd3351f524 None None] Dynamic interval looping call 'nova.service.Service.periodic_tasks' sleeping for 60.00 seconds {{(pid=108284) _run_loop /opt/stack/data/venv/lib/python3.12/site-packages/oslo_service/backend/_threading/loopingcall.py:125}}
Jun 22 04:47:55.370769 np0000182452 nova-scheduler[108301]: DEBUG oslo.service.backend._threading.loopingcall [None req-b7784930-ae48-4586-98c7-5c9a7953d797 None None] Dynamic interval looping call 'nova.service.Service.periodic_tasks' sleeping for 60.00 seconds {{(pid=108301) _run_loop /opt/stack/data/venv/lib/python3.12/site-packages/oslo_service/backend/_threading/loopingcall.py:125}}
Jun 22 04:47:59.357332 np0000182452 nova-scheduler[108290]: DEBUG oslo.service.backend._threading.loopingcall [None req-ae7ff408-76c6-4d80-906e-69fc41f1b8b0 None None] Dynamic interval looping call 'nova.service.Service.periodic_tasks' sleeping for 60.00 seconds {{(pid=108290) _run_loop /opt/stack/data/venv/lib/python3.12/site-packages/oslo_service/backend/_threading/loopingcall.py:125}}
Jun 22 04:48:16.352590 np0000182452 nova-scheduler[108284]: DEBUG oslo.service.backend._threading.loopingcall [-] Fixed interval looping call 'nova.servicegroup.drivers.db.DbDriver._report_state' sleeping for 119.99 seconds {{(pid=108284) _run_loop /opt/stack/data/venv/lib/python3.12/site-packages/oslo_service/backend/_threading/loopingcall.py:125}}
Jun 22 04:48:16.363048 np0000182452 nova-scheduler[108290]: DEBUG oslo.service.backend._threading.loopingcall [-] Fixed interval looping call 'nova.servicegroup.drivers.db.DbDriver._report_state' sleeping for 120.00 seconds {{(pid=108290) _run_loop /opt/stack/data/venv/lib/python3.12/site-packages/oslo_service/backend/_threading/loopingcall.py:125}}
Jun 22 04:48:16.373875 np0000182452 nova-scheduler[108301]: DEBUG oslo.service.backend._threading.loopingcall [-] Fixed interval looping call 'nova.servicegroup.drivers.db.DbDriver._report_state' sleeping for 120.00 seconds {{(pid=108301) _run_loop /opt/stack/data/venv/lib/python3.12/site-packages/oslo_service/backend/_threading/loopingcall.py:125}}
Jun 22 04:48:16.386331 np0000182452 nova-scheduler[108307]: DEBUG oslo.service.backend._threading.loopingcall [-] Fixed interval looping call 'nova.servicegroup.drivers.db.DbDriver._report_state' sleeping for 119.99 seconds {{(pid=108307) _run_loop /opt/stack/data/venv/lib/python3.12/site-packages/oslo_service/backend/_threading/loopingcall.py:125}}
Jun 22 04:48:26.345798 np0000182452 nova-scheduler[108284]: DEBUG dbcounter [-] [108284] Writing DB stats nova_cell0:SELECT=1,nova_cell0:UPDATE=1 {{(pid=108284) stat_writer /opt/stack/data/venv/lib/python3.12/site-packages/dbcounter.py:115}}
Jun 22 04:48:26.361269 np0000182452 nova-scheduler[108290]: DEBUG dbcounter [-] [108290] Writing DB stats nova_cell0:SELECT=1 {{(pid=108290) stat_writer /opt/stack/data/venv/lib/python3.12/site-packages/dbcounter.py:115}}
Jun 22 04:48:26.372238 np0000182452 nova-scheduler[108301]: DEBUG dbcounter [-] [108301] Writing DB stats nova_cell0:SELECT=1 {{(pid=108301) stat_writer /opt/stack/data/venv/lib/python3.12/site-packages/dbcounter.py:115}}
Jun 22 04:48:26.383978 np0000182452 nova-scheduler[108307]: DEBUG dbcounter [-] [108307] Writing DB stats nova_cell0:SELECT=1 {{(pid=108307) stat_writer /opt/stack/data/venv/lib/python3.12/site-packages/dbcounter.py:115}}
Jun 22 04:48:38.381553 np0000182452 nova-scheduler[108307]: DEBUG oslo.service.backend._threading.loopingcall [None req-d9960759-7d7f-4658-8614-33aa74f39721 None None] Dynamic interval looping call 'nova.service.Service.periodic_tasks' sleeping for 60.00 seconds {{(pid=108307) _run_loop /opt/stack/data/venv/lib/python3.12/site-packages/oslo_service/backend/_threading/loopingcall.py:125}}
Jun 22 04:48:42.340235 np0000182452 nova-scheduler[108284]: DEBUG oslo.service.backend._threading.loopingcall [None req-b995c839-c188-46b6-9730-83fd3351f524 None None] Dynamic interval looping call 'nova.service.Service.periodic_tasks' sleeping for 60.00 seconds {{(pid=108284) _run_loop /opt/stack/data/venv/lib/python3.12/site-packages/oslo_service/backend/_threading/loopingcall.py:125}}
Jun 22 04:48:55.370775 np0000182452 nova-scheduler[108301]: DEBUG oslo.service.backend._threading.loopingcall [None req-b7784930-ae48-4586-98c7-5c9a7953d797 None None] Dynamic interval looping call 'nova.service.Service.periodic_tasks' sleeping for 60.00 seconds {{(pid=108301) _run_loop /opt/stack/data/venv/lib/python3.12/site-packages/oslo_service/backend/_threading/loopingcall.py:125}}
Jun 22 04:48:59.358285 np0000182452 nova-scheduler[108290]: DEBUG oslo.service.backend._threading.loopingcall [None req-ae7ff408-76c6-4d80-906e-69fc41f1b8b0 None None] Dynamic interval looping call 'nova.service.Service.periodic_tasks' sleeping for 60.00 seconds {{(pid=108290) _run_loop /opt/stack/data/venv/lib/python3.12/site-packages/oslo_service/backend/_threading/loopingcall.py:125}}
Jun 22 04:49:38.382588 np0000182452 nova-scheduler[108307]: DEBUG oslo.service.backend._threading.loopingcall [None req-d9960759-7d7f-4658-8614-33aa74f39721 None None] Dynamic interval looping call 'nova.service.Service.periodic_tasks' sleeping for 60.00 seconds {{(pid=108307) _run_loop /opt/stack/data/venv/lib/python3.12/site-packages/oslo_service/backend/_threading/loopingcall.py:125}}
Jun 22 04:49:42.341647 np0000182452 nova-scheduler[108284]: DEBUG oslo.service.backend._threading.loopingcall [None req-b995c839-c188-46b6-9730-83fd3351f524 None None] Dynamic interval looping call 'nova.service.Service.periodic_tasks' sleeping for 60.00 seconds {{(pid=108284) _run_loop /opt/stack/data/venv/lib/python3.12/site-packages/oslo_service/backend/_threading/loopingcall.py:125}}
Jun 22 04:49:55.371583 np0000182452 nova-scheduler[108301]: DEBUG oslo.service.backend._threading.loopingcall [None req-b7784930-ae48-4586-98c7-5c9a7953d797 None None] Dynamic interval looping call 'nova.service.Service.periodic_tasks' sleeping for 60.00 seconds {{(pid=108301) _run_loop /opt/stack/data/venv/lib/python3.12/site-packages/oslo_service/backend/_threading/loopingcall.py:125}}
Jun 22 04:49:59.359280 np0000182452 nova-scheduler[108290]: DEBUG oslo.service.backend._threading.loopingcall [None req-ae7ff408-76c6-4d80-906e-69fc41f1b8b0 None None] Dynamic interval looping call 'nova.service.Service.periodic_tasks' sleeping for 60.00 seconds {{(pid=108290) _run_loop /opt/stack/data/venv/lib/python3.12/site-packages/oslo_service/backend/_threading/loopingcall.py:125}}
Jun 22 04:50:16.350627 np0000182452 nova-scheduler[108284]: DEBUG oslo.service.backend._threading.loopingcall [-] Fixed interval looping call 'nova.servicegroup.drivers.db.DbDriver._report_state' sleeping for 119.99 seconds {{(pid=108284) _run_loop /opt/stack/data/venv/lib/python3.12/site-packages/oslo_service/backend/_threading/loopingcall.py:125}}
Jun 22 04:50:16.373459 np0000182452 nova-scheduler[108290]: DEBUG oslo.service.backend._threading.loopingcall [-] Fixed interval looping call 'nova.servicegroup.drivers.db.DbDriver._report_state' sleeping for 119.99 seconds {{(pid=108290) _run_loop /opt/stack/data/venv/lib/python3.12/site-packages/oslo_service/backend/_threading/loopingcall.py:125}}
Jun 22 04:50:16.381366 np0000182452 nova-scheduler[108307]: DEBUG oslo.service.backend._threading.loopingcall [-] Fixed interval looping call 'nova.servicegroup.drivers.db.DbDriver._report_state' sleeping for 120.00 seconds {{(pid=108307) _run_loop /opt/stack/data/venv/lib/python3.12/site-packages/oslo_service/backend/_threading/loopingcall.py:125}}
Jun 22 04:50:16.382017 np0000182452 nova-scheduler[108301]: DEBUG oslo.service.backend._threading.loopingcall [-] Fixed interval looping call 'nova.servicegroup.drivers.db.DbDriver._report_state' sleeping for 119.99 seconds {{(pid=108301) _run_loop /opt/stack/data/venv/lib/python3.12/site-packages/oslo_service/backend/_threading/loopingcall.py:125}}
Jun 22 04:50:26.346574 np0000182452 nova-scheduler[108284]: DEBUG dbcounter [-] [108284] Writing DB stats nova_cell0:SELECT=1,nova_cell0:UPDATE=1 {{(pid=108284) stat_writer /opt/stack/data/venv/lib/python3.12/site-packages/dbcounter.py:115}}
Jun 22 04:50:26.371261 np0000182452 nova-scheduler[108290]: DEBUG dbcounter [-] [108290] Writing DB stats nova_cell0:SELECT=1 {{(pid=108290) stat_writer /opt/stack/data/venv/lib/python3.12/site-packages/dbcounter.py:115}}
Jun 22 04:50:26.379149 np0000182452 nova-scheduler[108301]: DEBUG dbcounter [-] [108301] Writing DB stats nova_cell0:SELECT=1 {{(pid=108301) stat_writer /opt/stack/data/venv/lib/python3.12/site-packages/dbcounter.py:115}}
Jun 22 04:50:26.379430 np0000182452 nova-scheduler[108307]: DEBUG dbcounter [-] [108307] Writing DB stats nova_cell0:SELECT=1 {{(pid=108307) stat_writer /opt/stack/data/venv/lib/python3.12/site-packages/dbcounter.py:115}}
Jun 22 04:50:38.383704 np0000182452 nova-scheduler[108307]: DEBUG oslo.service.backend._threading.loopingcall [None req-d9960759-7d7f-4658-8614-33aa74f39721 None None] Dynamic interval looping call 'nova.service.Service.periodic_tasks' sleeping for 60.00 seconds {{(pid=108307) _run_loop /opt/stack/data/venv/lib/python3.12/site-packages/oslo_service/backend/_threading/loopingcall.py:125}}
Jun 22 04:50:42.342905 np0000182452 nova-scheduler[108284]: DEBUG oslo.service.backend._threading.loopingcall [None req-b995c839-c188-46b6-9730-83fd3351f524 None None] Dynamic interval looping call 'nova.service.Service.periodic_tasks' sleeping for 60.00 seconds {{(pid=108284) _run_loop /opt/stack/data/venv/lib/python3.12/site-packages/oslo_service/backend/_threading/loopingcall.py:125}}
