Jul 10 00:59:00.671872 np0000184881 devstack@neutron-api.service[101591]: INFO neutron.api.extensions [None req-224c31fa-a3ee-4ee7-99fd-e81926ea87f9 None None] Extension floating-ip-port-forwarding-description not supported by any of loaded plugins
Jul 10 00:59:00.671966 np0000184881 devstack@neutron-api.service[101591]: DEBUG neutron.api.extensions [None req-224c31fa-a3ee-4ee7-99fd-e81926ea87f9 None None] Loading extension file: fip_pf_detail.py {{(pid=101591) _load_all_extensions_from_path /opt/stack/neutron/neutron/api/extensions.py:449}}
Jul 10 00:59:00.672092 np0000184881 devstack@neutron-api.service[101590]: DEBUG neutron_lib.callbacks.manager [None req-9840ea69-591e-4e4d-be67-4efbced1cac1 None None] Subscribe: > router before_delete 55550000, False {{(pid=101590) subscribe /opt/stack/data/venv/lib/python3.12/site-packages/neutron_lib/callbacks/manager.py:52}}
Jul 10 00:59:00.672298 np0000184881 devstack@neutron-api.service[101591]: DEBUG neutron.api.extensions [None req-224c31fa-a3ee-4ee7-99fd-e81926ea87f9 None None] Ext name="Floating IP port forwarding detail" alias="floating-ip-port-forwarding-detail" description="Allow list floating ip return more port forwarding data, include'id' and 'internal_port_id'" updated="2022-05-06T10:00:00-00:00" {{(pid=101591) _check_extension /opt/stack/neutron/neutron/api/extensions.py:415}}
Jul 10 00:59:00.672331 np0000184881 devstack@neutron-api.service[101590]: DEBUG neutron_lib.callbacks.manager [None req-9840ea69-591e-4e4d-be67-4efbced1cac1 None None] Subscribe: port before_update 55550000, False {{(pid=101590) subscribe /opt/stack/data/venv/lib/python3.12/site-packages/neutron_lib/callbacks/manager.py:52}}
Jul 10 00:59:00.672331 np0000184881 devstack@neutron-api.service[101590]: DEBUG neutron_lib.callbacks.manager [None req-9840ea69-591e-4e4d-be67-4efbced1cac1 None None] Subscribe: port after_update 55550000, False {{(pid=101590) subscribe /opt/stack/data/venv/lib/python3.12/site-packages/neutron_lib/callbacks/manager.py:52}}
Jul 10 00:59:00.672384 np0000184881 devstack@neutron-api.service[101591]: INFO neutron.api.extensions [None req-224c31fa-a3ee-4ee7-99fd-e81926ea87f9 None None] Loaded extension: floating-ip-port-forwarding-detail
Jul 10 00:59:00.672475 np0000184881 devstack@neutron-api.service[101590]: DEBUG neutron_lib.callbacks.manager [None req-9840ea69-591e-4e4d-be67-4efbced1cac1 None None] Subscribe: > port precommit_delete 55550000, False {{(pid=101590) subscribe /opt/stack/data/venv/lib/python3.12/site-packages/neutron_lib/callbacks/manager.py:52}}
Jul 10 00:59:00.672508 np0000184881 devstack@neutron-api.service[101591]: DEBUG neutron.api.extensions [None req-224c31fa-a3ee-4ee7-99fd-e81926ea87f9 None None] Loading extension file: fip_pf_port_range.py {{(pid=101591) _load_all_extensions_from_path /opt/stack/neutron/neutron/api/extensions.py:449}}
Jul 10 00:59:00.672538 np0000184881 devstack@neutron-api.service[101590]: DEBUG neutron_lib.callbacks.manager [None req-9840ea69-591e-4e4d-be67-4efbced1cac1 None None] Subscribe: port before_update 55550000, False {{(pid=101590) subscribe /opt/stack/data/venv/lib/python3.12/site-packages/neutron_lib/callbacks/manager.py:52}}
Jul 10 00:59:00.672662 np0000184881 devstack@neutron-api.service[101590]: DEBUG neutron_lib.callbacks.manager [None req-9840ea69-591e-4e4d-be67-4efbced1cac1 None None] Subscribe: port before_delete 55550000, False {{(pid=101590) subscribe /opt/stack/data/venv/lib/python3.12/site-packages/neutron_lib/callbacks/manager.py:52}}
Jul 10 00:59:00.672690 np0000184881 devstack@neutron-api.service[101591]: DEBUG neutron.api.extensions [None req-224c31fa-a3ee-4ee7-99fd-e81926ea87f9 None None] Ext name="Floating IP Port Forwarding support port ranges" alias="floating-ip-port-forwarding-port-ranges" description="Add support to port ranges" updated="2020-07-01T10:00:00-00:00" {{(pid=101591) _check_extension /opt/stack/neutron/neutron/api/extensions.py:415}}
Jul 10 00:59:00.672775 np0000184881 devstack@neutron-api.service[101590]: DEBUG neutron_lib.callbacks.manager [None req-9840ea69-591e-4e4d-be67-4efbced1cac1 None None] Subscribe: > router precommit_create 55550000, False {{(pid=101590) subscribe /opt/stack/data/venv/lib/python3.12/site-packages/neutron_lib/callbacks/manager.py:52}}
Jul 10 00:59:00.672855 np0000184881 devstack@neutron-api.service[101591]: INFO neutron.api.extensions [None req-224c31fa-a3ee-4ee7-99fd-e81926ea87f9 None None] Extension floating-ip-port-forwarding-port-ranges not supported by any of loaded plugins
Jul 10 00:59:00.672887 np0000184881 devstack@neutron-api.service[101590]: DEBUG neutron_lib.callbacks.manager [None req-9840ea69-591e-4e4d-be67-4efbced1cac1 None None] Subscribe: > router precommit_create 55550000, False {{(pid=101590) subscribe /opt/stack/data/venv/lib/python3.12/site-packages/neutron_lib/callbacks/manager.py:52}}
Jul 10 00:59:00.672950 np0000184881 devstack@neutron-api.service[101591]: DEBUG neutron.api.extensions [None req-224c31fa-a3ee-4ee7-99fd-e81926ea87f9 None None] Loading extension file: fip_port_details.py {{(pid=101591) _load_all_extensions_from_path /opt/stack/neutron/neutron/api/extensions.py:449}}
Jul 10 00:59:00.672988 np0000184881 devstack@neutron-api.service[101590]: DEBUG neutron_lib.callbacks.manager [None req-9840ea69-591e-4e4d-be67-4efbced1cac1 None None] Subscribe: > router precommit_update 55550000, False {{(pid=101590) subscribe /opt/stack/data/venv/lib/python3.12/site-packages/neutron_lib/callbacks/manager.py:52}}
Jul 10 00:59:00.673091 np0000184881 devstack@neutron-api.service[101590]: DEBUG neutron_lib.callbacks.manager [None req-9840ea69-591e-4e4d-be67-4efbced1cac1 None None] Subscribe: subnet after_update 55550000, False {{(pid=101590) subscribe /opt/stack/data/venv/lib/python3.12/site-packages/neutron_lib/callbacks/manager.py:52}}
Jul 10 00:59:00.673182 np0000184881 devstack@neutron-api.service[101591]: DEBUG neutron.api.extensions [None req-224c31fa-a3ee-4ee7-99fd-e81926ea87f9 None None] Ext name="Floating IP Port Details Extension" alias="fip-port-details" description="Add port_details attribute to Floating IP resource" updated="2018-04-09T10:00:00-00:00" {{(pid=101591) _check_extension /opt/stack/neutron/neutron/api/extensions.py:415}}
Jul 10 00:59:00.673302 np0000184881 devstack@neutron-api.service[101590]: DEBUG neutron.quota.resource_registry [None req-9840ea69-591e-4e4d-be67-4efbced1cac1 None None] Tracking information for resource: router configured {{(pid=101590) set_tracked_resource /opt/stack/neutron/neutron/quota/resource_registry.py:203}}
Jul 10 00:59:00.673335 np0000184881 devstack@neutron-api.service[101591]: INFO neutron.api.extensions [None req-224c31fa-a3ee-4ee7-99fd-e81926ea87f9 None None] Loaded extension: fip-port-details
Jul 10 00:59:00.673360 np0000184881 devstack@neutron-api.service[101590]: DEBUG neutron.quota.resource_registry [None req-9840ea69-591e-4e4d-be67-4efbced1cac1 None None] Tracking information for resource: floatingip configured {{(pid=101590) set_tracked_resource /opt/stack/neutron/neutron/quota/resource_registry.py:203}}
Jul 10 00:59:00.673418 np0000184881 devstack@neutron-api.service[101591]: DEBUG neutron.api.extensions [None req-224c31fa-a3ee-4ee7-99fd-e81926ea87f9 None None] Loading extension file: flavors.py {{(pid=101591) _load_all_extensions_from_path /opt/stack/neutron/neutron/api/extensions.py:449}}
Jul 10 00:59:00.673447 np0000184881 devstack@neutron-api.service[101590]: INFO neutron.services.ovn_l3.plugin [None req-9840ea69-591e-4e4d-be67-4efbced1cac1 None None] Starting OVNL3RouterPlugin
Jul 10 00:59:00.673643 np0000184881 devstack@neutron-api.service[101591]: DEBUG neutron.api.extensions [None req-224c31fa-a3ee-4ee7-99fd-e81926ea87f9 None None] Ext name="Neutron Service Flavors" alias="flavors" description="Flavor specification for Neutron advanced services." updated="2015-09-17T10:00:00-00:00" {{(pid=101591) _check_extension /opt/stack/neutron/neutron/api/extensions.py:415}}
Jul 10 00:59:00.673672 np0000184881 devstack@neutron-api.service[101590]: DEBUG neutron_lib.callbacks.manager [None req-9840ea69-591e-4e4d-be67-4efbced1cac1 None None] Subscribe: > port_forwarding_plugin after_init 55550000, False {{(pid=101590) subscribe /opt/stack/data/venv/lib/python3.12/site-packages/neutron_lib/callbacks/manager.py:52}}
Jul 10 00:59:00.673837 np0000184881 devstack@neutron-api.service[101591]: INFO neutron.api.extensions [None req-224c31fa-a3ee-4ee7-99fd-e81926ea87f9 None None] Loaded extension: flavors
Jul 10 00:59:00.673904 np0000184881 devstack@neutron-api.service[101590]: DEBUG neutron_lib.callbacks.manager [None req-9840ea69-591e-4e4d-be67-4efbced1cac1 None None] Subscribe: > router before_create 55550100, False {{(pid=101590) subscribe /opt/stack/data/venv/lib/python3.12/site-packages/neutron_lib/callbacks/manager.py:52}}
Jul 10 00:59:00.673933 np0000184881 devstack@neutron-api.service[101591]: DEBUG neutron.api.extensions [None req-224c31fa-a3ee-4ee7-99fd-e81926ea87f9 None None] Loading extension file: floating_ip_port_forwarding.py {{(pid=101591) _load_all_extensions_from_path /opt/stack/neutron/neutron/api/extensions.py:449}}
Jul 10 00:59:00.674032 np0000184881 devstack@neutron-api.service[101590]: DEBUG neutron_lib.callbacks.manager [None req-9840ea69-591e-4e4d-be67-4efbced1cac1 None None] Subscribe: > router precommit_delete 55550100, False {{(pid=101590) subscribe /opt/stack/data/venv/lib/python3.12/site-packages/neutron_lib/callbacks/manager.py:52}}
Jul 10 00:59:00.674112 np0000184881 devstack@neutron-api.service[101590]: DEBUG neutron_lib.callbacks.manager [None req-9840ea69-591e-4e4d-be67-4efbced1cac1 None None] Subscribe: > router precommit_create 55550100, False {{(pid=101590) subscribe /opt/stack/data/venv/lib/python3.12/site-packages/neutron_lib/callbacks/manager.py:52}}
Jul 10 00:59:00.674208 np0000184881 devstack@neutron-api.service[101590]: DEBUG neutron_lib.callbacks.manager [None req-9840ea69-591e-4e4d-be67-4efbced1cac1 None None] Subscribe: > router precommit_update 55550100, False {{(pid=101590) subscribe /opt/stack/data/venv/lib/python3.12/site-packages/neutron_lib/callbacks/manager.py:52}}
Jul 10 00:59:00.674253 np0000184881 devstack@neutron-api.service[101591]: DEBUG neutron.api.extensions [None req-224c31fa-a3ee-4ee7-99fd-e81926ea87f9 None None] Ext name="Floating IP Port Forwarding" alias="floating-ip-port-forwarding" description="Allow port forwarding from floating IP port to an internal port" updated="2018-01-19T10:00:00-00:00" {{(pid=101591) _check_extension /opt/stack/neutron/neutron/api/extensions.py:415}}
Jul 10 00:59:00.674417 np0000184881 devstack@neutron-api.service[101591]: INFO neutron.api.extensions [None req-224c31fa-a3ee-4ee7-99fd-e81926ea87f9 None None] Extension floating-ip-port-forwarding not supported by any of loaded plugins
Jul 10 00:59:00.674504 np0000184881 devstack@neutron-api.service[101591]: DEBUG neutron.api.extensions [None req-224c31fa-a3ee-4ee7-99fd-e81926ea87f9 None None] Loading extension file: floatingip_pools.py {{(pid=101591) _load_all_extensions_from_path /opt/stack/neutron/neutron/api/extensions.py:449}}
Jul 10 00:59:00.674790 np0000184881 devstack@neutron-api.service[101591]: DEBUG neutron.api.extensions [None req-224c31fa-a3ee-4ee7-99fd-e81926ea87f9 None None] Ext name="Floating IP Pools Extension" alias="floatingip-pools" description="Provides a floating IP pools API." updated="2018-03-21T10:00:00-00:00" {{(pid=101591) _check_extension /opt/stack/neutron/neutron/api/extensions.py:415}}
Jul 10 00:59:00.674958 np0000184881 devstack@neutron-api.service[101591]: INFO neutron.api.extensions [None req-224c31fa-a3ee-4ee7-99fd-e81926ea87f9 None None] Loaded extension: floatingip-pools
Jul 10 00:59:00.675046 np0000184881 devstack@neutron-api.service[101591]: DEBUG neutron.api.extensions [None req-224c31fa-a3ee-4ee7-99fd-e81926ea87f9 None None] Loading extension file: ip_allocation.py {{(pid=101591) _load_all_extensions_from_path /opt/stack/neutron/neutron/api/extensions.py:449}}
Jul 10 00:59:00.675281 np0000184881 devstack@neutron-api.service[101591]: DEBUG neutron.api.extensions [None req-224c31fa-a3ee-4ee7-99fd-e81926ea87f9 None None] Ext name="IP Allocation" alias="ip_allocation" description="IP allocation extension." updated="2016-06-10T23:00:00-00:00" {{(pid=101591) _check_extension /opt/stack/neutron/neutron/api/extensions.py:415}}
Jul 10 00:59:00.675427 np0000184881 devstack@neutron-api.service[101591]: INFO neutron.api.extensions [None req-224c31fa-a3ee-4ee7-99fd-e81926ea87f9 None None] Extension ip_allocation not supported by any of loaded plugins
Jul 10 00:59:00.675551 np0000184881 devstack@neutron-api.service[101591]: DEBUG neutron.api.extensions [None req-224c31fa-a3ee-4ee7-99fd-e81926ea87f9 None None] Loading extension file: ip_substring_port_filtering.py {{(pid=101591) _load_all_extensions_from_path /opt/stack/neutron/neutron/api/extensions.py:449}}
Jul 10 00:59:00.675753 np0000184881 devstack@neutron-api.service[101591]: DEBUG neutron.api.extensions [None req-224c31fa-a3ee-4ee7-99fd-e81926ea87f9 None None] Ext name="IP address substring filtering" alias="ip-substring-filtering" description="Provides IP address substring filtering when listing ports" updated="2017-11-28T09:00:00-00:00" {{(pid=101591) _check_extension /opt/stack/neutron/neutron/api/extensions.py:415}}
Jul 10 00:59:00.675919 np0000184881 devstack@neutron-api.service[101591]: INFO neutron.api.extensions [None req-224c31fa-a3ee-4ee7-99fd-e81926ea87f9 None None] Extension ip-substring-filtering not supported by any of loaded plugins
Jul 10 00:59:00.676005 np0000184881 devstack@neutron-api.service[101591]: DEBUG neutron.api.extensions [None req-224c31fa-a3ee-4ee7-99fd-e81926ea87f9 None None] Loading extension file: l2_adjacency.py {{(pid=101591) _load_all_extensions_from_path /opt/stack/neutron/neutron/api/extensions.py:449}}
Jul 10 00:59:00.676245 np0000184881 devstack@neutron-api.service[101591]: DEBUG neutron.api.extensions [None req-224c31fa-a3ee-4ee7-99fd-e81926ea87f9 None None] Ext name="L2 Adjacency" alias="l2_adjacency" description="Display L2 Adjacency for Neutron Networks." updated="2016-04-12T16:00:00-00:00" {{(pid=101591) _check_extension /opt/stack/neutron/neutron/api/extensions.py:415}}
Jul 10 00:59:00.676408 np0000184881 devstack@neutron-api.service[101591]: INFO neutron.api.extensions [None req-224c31fa-a3ee-4ee7-99fd-e81926ea87f9 None None] Extension l2_adjacency not supported by any of loaded plugins
Jul 10 00:59:00.676493 np0000184881 devstack@neutron-api.service[101591]: DEBUG neutron.api.extensions [None req-224c31fa-a3ee-4ee7-99fd-e81926ea87f9 None None] Loading extension file: l3.py {{(pid=101591) _load_all_extensions_from_path /opt/stack/neutron/neutron/api/extensions.py:449}}
Jul 10 00:59:00.676956 np0000184881 devstack@neutron-api.service[101591]: DEBUG neutron.api.extensions [None req-224c31fa-a3ee-4ee7-99fd-e81926ea87f9 None None] Ext name="Neutron L3 Router" alias="router" description="Router abstraction for basic L3 forwarding between L2 Neutron networks and access to external networks via a NAT gateway." updated="2012-07-20T10:00:00-00:00" {{(pid=101591) _check_extension /opt/stack/neutron/neutron/api/extensions.py:415}}
Jul 10 00:59:00.677138 np0000184881 devstack@neutron-api.service[101591]: INFO neutron.api.extensions [None req-224c31fa-a3ee-4ee7-99fd-e81926ea87f9 None None] Loaded extension: router
Jul 10 00:59:00.677262 np0000184881 devstack@neutron-api.service[101591]: DEBUG neutron.api.extensions [None req-224c31fa-a3ee-4ee7-99fd-e81926ea87f9 None None] Loading extension file: l3_agent_scheduler_ha_chassis_priority.py {{(pid=101591) _load_all_extensions_from_path /opt/stack/neutron/neutron/api/extensions.py:449}}
Jul 10 00:59:00.677452 np0000184881 devstack@neutron-api.service[101591]: DEBUG neutron.api.extensions [None req-224c31fa-a3ee-4ee7-99fd-e81926ea87f9 None None] Ext name="L3 Agent Scheduler HA Chassis Priority" alias="l3-agent-scheduler-ha-chassis-priority" description="Exposes the HA_Chassis priority in the L3 Agent Scheduler API responses and allows setting priority when scheduling a router to a chassis." updated="2026-03-31T00:00:00-00:00" {{(pid=101591) _check_extension /opt/stack/neutron/neutron/api/extensions.py:415}}
Jul 10 00:59:00.677623 np0000184881 devstack@neutron-api.service[101591]: INFO neutron.api.extensions [None req-224c31fa-a3ee-4ee7-99fd-e81926ea87f9 None None] Loaded extension: l3-agent-scheduler-ha-chassis-priority
Jul 10 00:59:00.677727 np0000184881 devstack@neutron-api.service[101591]: DEBUG neutron.api.extensions [None req-224c31fa-a3ee-4ee7-99fd-e81926ea87f9 None None] Loading extension file: l3_conntrack_helper.py {{(pid=101591) _load_all_extensions_from_path /opt/stack/neutron/neutron/api/extensions.py:449}}
Jul 10 00:59:00.678060 np0000184881 devstack@neutron-api.service[101590]: DEBUG neutron.services.provider_configuration [None req-9840ea69-591e-4e4d-be67-4efbced1cac1 None None] Service providers = [] {{(pid=101590) parse_service_provider_opt /opt/stack/neutron/neutron/services/provider_configuration.py:170}}
Jul 10 00:59:00.678168 np0000184881 devstack@neutron-api.service[101590]: DEBUG neutron.db.servicetype_db [None req-9840ea69-591e-4e4d-be67-4efbced1cac1 None None] Adding provider configuration for service L3_ROUTER_NAT {{(pid=101590) add_provider_configuration /opt/stack/neutron/neutron/db/servicetype_db.py:45}}
Jul 10 00:59:00.678351 np0000184881 devstack@neutron-api.service[101591]: DEBUG neutron.api.extensions [None req-224c31fa-a3ee-4ee7-99fd-e81926ea87f9 None None] Ext name="L3 Conntrack helper" alias="l3-conntrack-helper" description="Allow adding CT target rules for conntrack helper" updated="2019-04-04T10:00:00-00:00" {{(pid=101591) _check_extension /opt/stack/neutron/neutron/api/extensions.py:415}}
Jul 10 00:59:00.678530 np0000184881 devstack@neutron-api.service[101591]: INFO neutron.api.extensions [None req-224c31fa-a3ee-4ee7-99fd-e81926ea87f9 None None] Extension l3-conntrack-helper not supported by any of loaded plugins
Jul 10 00:59:00.678621 np0000184881 devstack@neutron-api.service[101591]: DEBUG neutron.api.extensions [None req-224c31fa-a3ee-4ee7-99fd-e81926ea87f9 None None] Loading extension file: l3_enable_default_route_bfd.py {{(pid=101591) _load_all_extensions_from_path /opt/stack/neutron/neutron/api/extensions.py:449}}
Jul 10 00:59:00.678858 np0000184881 devstack@neutron-api.service[101591]: DEBUG neutron.api.extensions [None req-224c31fa-a3ee-4ee7-99fd-e81926ea87f9 None None] Ext name="Enable Default Route BFD" alias="enable-default-route-bfd" description="Enables configurable BFD behavior for default routes" updated="2023-02-27T00:00:00-00:00" {{(pid=101591) _check_extension /opt/stack/neutron/neutron/api/extensions.py:415}}
Jul 10 00:59:00.679029 np0000184881 devstack@neutron-api.service[101591]: INFO neutron.api.extensions [None req-224c31fa-a3ee-4ee7-99fd-e81926ea87f9 None None] Loaded extension: enable-default-route-bfd
Jul 10 00:59:00.679126 np0000184881 devstack@neutron-api.service[101591]: DEBUG neutron.api.extensions [None req-224c31fa-a3ee-4ee7-99fd-e81926ea87f9 None None] Loading extension file: l3_enable_default_route_ecmp.py {{(pid=101591) _load_all_extensions_from_path /opt/stack/neutron/neutron/api/extensions.py:449}}
Jul 10 00:59:00.679351 np0000184881 devstack@neutron-api.service[101591]: DEBUG neutron.api.extensions [None req-224c31fa-a3ee-4ee7-99fd-e81926ea87f9 None None] Ext name="Enable Default Route ECMP" alias="enable-default-route-ecmp" description="Enables configurable ECMP behavior for default routes" updated="2023-02-27T00:00:00-00:00" {{(pid=101591) _check_extension /opt/stack/neutron/neutron/api/extensions.py:415}}
Jul 10 00:59:00.679415 np0000184881 devstack@neutron-api.service[101590]: DEBUG neutron_lib.callbacks.manager [None req-9840ea69-591e-4e4d-be67-4efbced1cac1 None None] Subscribe: > router precommit_create 55549900, False {{(pid=101590) subscribe /opt/stack/data/venv/lib/python3.12/site-packages/neutron_lib/callbacks/manager.py:52}}
Jul 10 00:59:00.679515 np0000184881 devstack@neutron-api.service[101590]: DEBUG neutron_lib.callbacks.manager [None req-9840ea69-591e-4e4d-be67-4efbced1cac1 None None] Subscribe: > router_interface after_create 55550000, False {{(pid=101590) subscribe /opt/stack/data/venv/lib/python3.12/site-packages/neutron_lib/callbacks/manager.py:52}}
Jul 10 00:59:00.679547 np0000184881 devstack@neutron-api.service[101591]: INFO neutron.api.extensions [None req-224c31fa-a3ee-4ee7-99fd-e81926ea87f9 None None] Loaded extension: enable-default-route-ecmp
Jul 10 00:59:00.679642 np0000184881 devstack@neutron-api.service[101591]: DEBUG neutron.api.extensions [None req-224c31fa-a3ee-4ee7-99fd-e81926ea87f9 None None] Loading extension file: l3_ext_gw_mode.py {{(pid=101591) _load_all_extensions_from_path /opt/stack/neutron/neutron/api/extensions.py:449}}
Jul 10 00:59:00.679671 np0000184881 devstack@neutron-api.service[101590]: DEBUG neutron_lib.callbacks.manager [None req-9840ea69-591e-4e4d-be67-4efbced1cac1 None None] Subscribe: > floatingip after_create 55550000, False {{(pid=101590) subscribe /opt/stack/data/venv/lib/python3.12/site-packages/neutron_lib/callbacks/manager.py:52}}
Jul 10 00:59:00.679747 np0000184881 devstack@neutron-api.service[101590]: DEBUG neutron_lib.callbacks.manager [None req-9840ea69-591e-4e4d-be67-4efbced1cac1 None None] Subscribe: > floatingip precommit_create 55550000, False {{(pid=101590) subscribe /opt/stack/data/venv/lib/python3.12/site-packages/neutron_lib/callbacks/manager.py:52}}
Jul 10 00:59:00.679845 np0000184881 devstack@neutron-api.service[101590]: DEBUG neutron_lib.callbacks.manager [None req-9840ea69-591e-4e4d-be67-4efbced1cac1 None None] Subscribe: > floatingip precommit_update 55550000, False {{(pid=101590) subscribe /opt/stack/data/venv/lib/python3.12/site-packages/neutron_lib/callbacks/manager.py:52}}
Jul 10 00:59:00.679878 np0000184881 devstack@neutron-api.service[101591]: DEBUG neutron.api.extensions [None req-224c31fa-a3ee-4ee7-99fd-e81926ea87f9 None None] Ext name="Neutron L3 Configurable external gateway mode" alias="ext-gw-mode" description="Extension of the router abstraction for specifying whether SNAT should occur on the external gateway" updated="2013-03-28T10:00:00-00:00" {{(pid=101591) _check_extension /opt/stack/neutron/neutron/api/extensions.py:415}}
Jul 10 00:59:00.679936 np0000184881 devstack@neutron-api.service[101590]: DEBUG neutron_lib.callbacks.manager [None req-9840ea69-591e-4e4d-be67-4efbced1cac1 None None] Subscribe: > floatingip after_delete 55550000, False {{(pid=101590) subscribe /opt/stack/data/venv/lib/python3.12/site-packages/neutron_lib/callbacks/manager.py:52}}
Jul 10 00:59:00.680004 np0000184881 devstack@neutron-api.service[101591]: INFO neutron.api.extensions [None req-224c31fa-a3ee-4ee7-99fd-e81926ea87f9 None None] Loaded extension: ext-gw-mode
Jul 10 00:59:00.680030 np0000184881 devstack@neutron-api.service[101590]: DEBUG neutron_lib.callbacks.manager [None req-9840ea69-591e-4e4d-be67-4efbced1cac1 None None] Subscribe: > floatingip after_status_update 55550000, False {{(pid=101590) subscribe /opt/stack/data/venv/lib/python3.12/site-packages/neutron_lib/callbacks/manager.py:52}}
Jul 10 00:59:00.680135 np0000184881 devstack@neutron-api.service[101591]: DEBUG neutron.api.extensions [None req-224c31fa-a3ee-4ee7-99fd-e81926ea87f9 None None] Loading extension file: l3_ext_ha_mode.py {{(pid=101591) _load_all_extensions_from_path /opt/stack/neutron/neutron/api/extensions.py:449}}
Jul 10 00:59:00.680196 np0000184881 devstack@neutron-api.service[101590]: DEBUG neutron_lib.callbacks.manager [None req-9840ea69-591e-4e4d-be67-4efbced1cac1 None None] Subscribe: > floatingip after_update 55550000, False {{(pid=101590) subscribe /opt/stack/data/venv/lib/python3.12/site-packages/neutron_lib/callbacks/manager.py:52}}
Jul 10 00:59:00.680264 np0000184881 devstack@neutron-api.service[101590]: DEBUG neutron_lib.callbacks.manager [None req-9840ea69-591e-4e4d-be67-4efbced1cac1 None None] Subscribe: > port_forwarding after_create 55550000, False {{(pid=101590) subscribe /opt/stack/data/venv/lib/python3.12/site-packages/neutron_lib/callbacks/manager.py:52}}
Jul 10 00:59:00.680362 np0000184881 devstack@neutron-api.service[101591]: DEBUG neutron.api.extensions [None req-224c31fa-a3ee-4ee7-99fd-e81926ea87f9 None None] Ext name="HA Router extension" alias="l3-ha" description="Adds HA capability to routers." updated="2014-04-26T00:00:00-00:00" {{(pid=101591) _check_extension /opt/stack/neutron/neutron/api/extensions.py:415}}
Jul 10 00:59:00.680394 np0000184881 devstack@neutron-api.service[101590]: DEBUG neutron_lib.callbacks.manager [None req-9840ea69-591e-4e4d-be67-4efbced1cac1 None None] Subscribe: > router_interface after_delete 55550000, False {{(pid=101590) subscribe /opt/stack/data/venv/lib/python3.12/site-packages/neutron_lib/callbacks/manager.py:52}}
Jul 10 00:59:00.680497 np0000184881 devstack@neutron-api.service[101590]: DEBUG neutron_lib.callbacks.manager [None req-9840ea69-591e-4e4d-be67-4efbced1cac1 None None] Subscribe: > router after_create 55550000, False {{(pid=101590) subscribe /opt/stack/data/venv/lib/python3.12/site-packages/neutron_lib/callbacks/manager.py:52}}
Jul 10 00:59:00.680534 np0000184881 devstack@neutron-api.service[101591]: INFO neutron.api.extensions [None req-224c31fa-a3ee-4ee7-99fd-e81926ea87f9 None None] Loaded extension: l3-ha
Jul 10 00:59:00.680598 np0000184881 devstack@neutron-api.service[101590]: DEBUG neutron_lib.callbacks.manager [None req-9840ea69-591e-4e4d-be67-4efbced1cac1 None None] Subscribe: > router precommit_create 55550000, False {{(pid=101590) subscribe /opt/stack/data/venv/lib/python3.12/site-packages/neutron_lib/callbacks/manager.py:52}}
Jul 10 00:59:00.680629 np0000184881 devstack@neutron-api.service[101591]: DEBUG neutron.api.extensions [None req-224c31fa-a3ee-4ee7-99fd-e81926ea87f9 None None] Loading extension file: l3_ext_ndp_proxy.py {{(pid=101591) _load_all_extensions_from_path /opt/stack/neutron/neutron/api/extensions.py:449}}
Jul 10 00:59:00.680691 np0000184881 devstack@neutron-api.service[101590]: DEBUG neutron_lib.callbacks.manager [None req-9840ea69-591e-4e4d-be67-4efbced1cac1 None None] Subscribe: > router after_delete 55550000, False {{(pid=101590) subscribe /opt/stack/data/venv/lib/python3.12/site-packages/neutron_lib/callbacks/manager.py:52}}
Jul 10 00:59:00.680776 np0000184881 devstack@neutron-api.service[101590]: DEBUG neutron_lib.callbacks.manager [None req-9840ea69-591e-4e4d-be67-4efbced1cac1 None None] Subscribe: > router after_update 55550000, False {{(pid=101590) subscribe /opt/stack/data/venv/lib/python3.12/site-packages/neutron_lib/callbacks/manager.py:52}}
Jul 10 00:59:00.680890 np0000184881 devstack@neutron-api.service[101590]: DEBUG neutron.services.service_base [None req-9840ea69-591e-4e4d-be67-4efbced1cac1 None None] Loaded 'neutron.services.ovn_l3.service_providers.ovn.OvnDriver' provider for service L3_ROUTER_NAT {{(pid=101590) load_drivers /opt/stack/neutron/neutron/services/service_base.py:49}}
Jul 10 00:59:00.681014 np0000184881 devstack@neutron-api.service[101590]: DEBUG neutron_lib.callbacks.manager [None req-9840ea69-591e-4e4d-be67-4efbced1cac1 None None] Subscribe: > process after_init 55550001, True {{(pid=101590) subscribe /opt/stack/data/venv/lib/python3.12/site-packages/neutron_lib/callbacks/manager.py:52}}
Jul 10 00:59:00.681179 np0000184881 devstack@neutron-api.service[101590]: DEBUG neutron.manager [None req-9840ea69-591e-4e4d-be67-4efbced1cac1 None None] Successfully loaded L3_ROUTER_NAT plugin. Description: L3 Router Service Plugin for basic L3 forwarding using OVN {{(pid=101590) _create_and_add_service_plugin /opt/stack/neutron/neutron/manager.py:236}}
Jul 10 00:59:00.681266 np0000184881 devstack@neutron-api.service[101590]: INFO neutron.manager [None req-9840ea69-591e-4e4d-be67-4efbced1cac1 None None] Loading Plugin: auto_allocate
Jul 10 00:59:00.681891 np0000184881 devstack@neutron-api.service[101591]: DEBUG neutron.api.extensions [None req-224c31fa-a3ee-4ee7-99fd-e81926ea87f9 None None] Ext name="Router support to enable NDP proxy" alias="l3-ext-ndp-proxy" description="Router extension to enable ndp proxy" updated="2020-08-25T00:00:00-00:00" {{(pid=101591) _check_extension /opt/stack/neutron/neutron/api/extensions.py:415}}
Jul 10 00:59:00.682076 np0000184881 devstack@neutron-api.service[101591]: INFO neutron.api.extensions [None req-224c31fa-a3ee-4ee7-99fd-e81926ea87f9 None None] Extension l3-ext-ndp-proxy not supported by any of loaded plugins
Jul 10 00:59:00.682167 np0000184881 devstack@neutron-api.service[101591]: DEBUG neutron.api.extensions [None req-224c31fa-a3ee-4ee7-99fd-e81926ea87f9 None None] Loading extension file: l3_extra_gws.py {{(pid=101591) _load_all_extensions_from_path /opt/stack/neutron/neutron/api/extensions.py:449}}
Jul 10 00:59:00.682230 np0000184881 devstack@neutron-api.service[101590]: DEBUG neutron_lib.callbacks.manager [None req-9840ea69-591e-4e4d-be67-4efbced1cac1 None None] Subscribe: network precommit_update 55550000, False {{(pid=101590) subscribe /opt/stack/data/venv/lib/python3.12/site-packages/neutron_lib/callbacks/manager.py:52}}
Jul 10 00:59:00.682327 np0000184881 devstack@neutron-api.service[101590]: DEBUG neutron_lib.callbacks.manager [None req-9840ea69-591e-4e4d-be67-4efbced1cac1 None None] Subscribe: network precommit_create 55550000, False {{(pid=101590) subscribe /opt/stack/data/venv/lib/python3.12/site-packages/neutron_lib/callbacks/manager.py:52}}
Jul 10 00:59:00.682409 np0000184881 devstack@neutron-api.service[101591]: DEBUG neutron.api.extensions [None req-224c31fa-a3ee-4ee7-99fd-e81926ea87f9 None None] Ext name="Neutron L3 External Gateway Multihoming" alias="external-gateway-multihoming" description="Allow multiple external gateway ports per router" updated="2023-01-18T00:00:00-00:00" {{(pid=101591) _check_extension /opt/stack/neutron/neutron/api/extensions.py:415}}
Jul 10 00:59:00.682544 np0000184881 devstack@neutron-api.service[101590]: DEBUG neutron.manager [None req-9840ea69-591e-4e4d-be67-4efbced1cac1 None None] Successfully loaded auto-allocated-topology plugin. Description: Auto Allocated Topology - aka get me a network. {{(pid=101590) _create_and_add_service_plugin /opt/stack/neutron/neutron/manager.py:236}}
Jul 10 00:59:00.682579 np0000184881 devstack@neutron-api.service[101591]: INFO neutron.api.extensions [None req-224c31fa-a3ee-4ee7-99fd-e81926ea87f9 None None] Loaded extension: external-gateway-multihoming
Jul 10 00:59:00.682645 np0000184881 devstack@neutron-api.service[101590]: INFO neutron.manager [None req-9840ea69-591e-4e4d-be67-4efbced1cac1 None None] Loading Plugin: tag
Jul 10 00:59:00.682676 np0000184881 devstack@neutron-api.service[101591]: DEBUG neutron.api.extensions [None req-224c31fa-a3ee-4ee7-99fd-e81926ea87f9 None None] Loading extension file: l3_flavors.py {{(pid=101591) _load_all_extensions_from_path /opt/stack/neutron/neutron/api/extensions.py:449}}
Jul 10 00:59:00.682923 np0000184881 devstack@neutron-api.service[101591]: DEBUG neutron.api.extensions [None req-224c31fa-a3ee-4ee7-99fd-e81926ea87f9 None None] Ext name="Router Flavor Extension" alias="l3-flavors" description="Flavor support for routers." updated="2016-05-17T00:00:00-00:00" {{(pid=101591) _check_extension /opt/stack/neutron/neutron/api/extensions.py:415}}
Jul 10 00:59:00.683078 np0000184881 devstack@neutron-api.service[101591]: INFO neutron.api.extensions [None req-224c31fa-a3ee-4ee7-99fd-e81926ea87f9 None None] Loaded extension: l3-flavors
Jul 10 00:59:00.683168 np0000184881 devstack@neutron-api.service[101591]: DEBUG neutron.api.extensions [None req-224c31fa-a3ee-4ee7-99fd-e81926ea87f9 None None] Loading extension file: l3_ndp_proxy.py {{(pid=101591) _load_all_extensions_from_path /opt/stack/neutron/neutron/api/extensions.py:449}}
Jul 10 00:59:00.683464 np0000184881 devstack@neutron-api.service[101591]: DEBUG neutron.api.extensions [None req-224c31fa-a3ee-4ee7-99fd-e81926ea87f9 None None] Ext name="name" alias="l3-ndp-proxy" description="description" updated="2021-06-29T10:00:00-00:00" {{(pid=101591) _check_extension /opt/stack/neutron/neutron/api/extensions.py:415}}
Jul 10 00:59:00.683634 np0000184881 devstack@neutron-api.service[101591]: INFO neutron.api.extensions [None req-224c31fa-a3ee-4ee7-99fd-e81926ea87f9 None None] Extension l3-ndp-proxy not supported by any of loaded plugins
Jul 10 00:59:00.683745 np0000184881 devstack@neutron-api.service[101591]: DEBUG neutron.api.extensions [None req-224c31fa-a3ee-4ee7-99fd-e81926ea87f9 None None] Loading extension file: l3_port_ip_change_not_allowed.py {{(pid=101591) _load_all_extensions_from_path /opt/stack/neutron/neutron/api/extensions.py:449}}
Jul 10 00:59:00.683965 np0000184881 devstack@neutron-api.service[101591]: DEBUG neutron.api.extensions [None req-224c31fa-a3ee-4ee7-99fd-e81926ea87f9 None None] Ext name="Prevent L3 router ports IP address change extension" alias="l3-port-ip-change-not-allowed" description="Prevent change of IP address for some L3 router ports" updated="2018-10-09T10:00:00-00:00" {{(pid=101591) _check_extension /opt/stack/neutron/neutron/api/extensions.py:415}}
Jul 10 00:59:00.684191 np0000184881 devstack@neutron-api.service[101591]: INFO neutron.api.extensions [None req-224c31fa-a3ee-4ee7-99fd-e81926ea87f9 None None] Extension l3-port-ip-change-not-allowed not supported by any of loaded plugins
Jul 10 00:59:00.684284 np0000184881 devstack@neutron-api.service[101591]: DEBUG neutron.api.extensions [None req-224c31fa-a3ee-4ee7-99fd-e81926ea87f9 None None] Loading extension file: l3agentscheduler.py {{(pid=101591) _load_all_extensions_from_path /opt/stack/neutron/neutron/api/extensions.py:449}}
Jul 10 00:59:00.684929 np0000184881 devstack@neutron-api.service[101591]: DEBUG neutron.api.extensions [None req-224c31fa-a3ee-4ee7-99fd-e81926ea87f9 None None] Ext name="L3 Agent Scheduler" alias="l3_agent_scheduler" description="Schedule routers among l3 agents" updated="2013-02-07T10:00:00-00:00" {{(pid=101591) _check_extension /opt/stack/neutron/neutron/api/extensions.py:415}}
Jul 10 00:59:00.685129 np0000184881 devstack@neutron-api.service[101591]: INFO neutron.api.extensions [None req-224c31fa-a3ee-4ee7-99fd-e81926ea87f9 None None] Loaded extension: l3_agent_scheduler
Jul 10 00:59:00.685214 np0000184881 devstack@neutron-api.service[101591]: DEBUG neutron.api.extensions [None req-224c31fa-a3ee-4ee7-99fd-e81926ea87f9 None None] Loading extension file: local_ip.py {{(pid=101591) _load_all_extensions_from_path /opt/stack/neutron/neutron/api/extensions.py:449}}
Jul 10 00:59:00.685499 np0000184881 devstack@neutron-api.service[101590]: DEBUG neutron.manager [None req-9840ea69-591e-4e4d-be67-4efbced1cac1 None None] Successfully loaded TAG plugin. Description: Tag support {{(pid=101590) _create_and_add_service_plugin /opt/stack/neutron/neutron/manager.py:236}}
Jul 10 00:59:00.685535 np0000184881 devstack@neutron-api.service[101591]: DEBUG neutron.api.extensions [None req-224c31fa-a3ee-4ee7-99fd-e81926ea87f9 None None] Ext name="Local IP" alias="local_ip" description="Support Node Local Virtual IP" updated="2021-07-26T10:00:00-00:00" {{(pid=101591) _check_extension /opt/stack/neutron/neutron/api/extensions.py:415}}
Jul 10 00:59:00.685596 np0000184881 devstack@neutron-api.service[101590]: INFO neutron.manager [None req-9840ea69-591e-4e4d-be67-4efbced1cac1 None None] Loading Plugin: timestamp
Jul 10 00:59:00.685661 np0000184881 devstack@neutron-api.service[101591]: INFO neutron.api.extensions [None req-224c31fa-a3ee-4ee7-99fd-e81926ea87f9 None None] Extension local_ip not supported by any of loaded plugins
Jul 10 00:59:00.685775 np0000184881 devstack@neutron-api.service[101591]: DEBUG neutron.api.extensions [None req-224c31fa-a3ee-4ee7-99fd-e81926ea87f9 None None] Loading extension file: logging.py {{(pid=101591) _load_all_extensions_from_path /opt/stack/neutron/neutron/api/extensions.py:449}}
Jul 10 00:59:00.686092 np0000184881 devstack@neutron-api.service[101591]: DEBUG neutron.api.extensions [None req-224c31fa-a3ee-4ee7-99fd-e81926ea87f9 None None] Ext name="Logging API Extension" alias="logging" description="Provides a logging API for resources such as security group and firewall." updated="2017-01-01T10:00:00-00:00" {{(pid=101591) _check_extension /opt/stack/neutron/neutron/api/extensions.py:415}}
Jul 10 00:59:00.686240 np0000184881 devstack@neutron-api.service[101591]: INFO neutron.api.extensions [None req-224c31fa-a3ee-4ee7-99fd-e81926ea87f9 None None] Extension logging not supported by any of loaded plugins
Jul 10 00:59:00.686328 np0000184881 devstack@neutron-api.service[101591]: DEBUG neutron.api.extensions [None req-224c31fa-a3ee-4ee7-99fd-e81926ea87f9 None None] Loading extension file: metering.py {{(pid=101591) _load_all_extensions_from_path /opt/stack/neutron/neutron/api/extensions.py:449}}
Jul 10 00:59:00.686632 np0000184881 devstack@neutron-api.service[101591]: DEBUG neutron.api.extensions [None req-224c31fa-a3ee-4ee7-99fd-e81926ea87f9 None None] Ext name="Neutron Metering" alias="metering" description="Neutron Metering extension." updated="2013-06-12T10:00:00-00:00" {{(pid=101591) _check_extension /opt/stack/neutron/neutron/api/extensions.py:415}}
Jul 10 00:59:00.686818 np0000184881 devstack@neutron-api.service[101591]: INFO neutron.api.extensions [None req-224c31fa-a3ee-4ee7-99fd-e81926ea87f9 None None] Extension metering not supported by any of loaded plugins
Jul 10 00:59:00.686908 np0000184881 devstack@neutron-api.service[101591]: DEBUG neutron.api.extensions [None req-224c31fa-a3ee-4ee7-99fd-e81926ea87f9 None None] Loading extension file: metering_source_and_destination_fields.py {{(pid=101591) _load_all_extensions_from_path /opt/stack/neutron/neutron/api/extensions.py:449}}
Jul 10 00:59:00.686974 np0000184881 devstack@neutron-api.service[101590]: DEBUG neutron.manager [None req-9840ea69-591e-4e4d-be67-4efbced1cac1 None None] Successfully loaded timestamp plugin. Description: Adds timestamps to Neutron resources with standard attributes {{(pid=101590) _create_and_add_service_plugin /opt/stack/neutron/neutron/manager.py:236}}
Jul 10 00:59:00.687052 np0000184881 devstack@neutron-api.service[101590]: INFO neutron.manager [None req-9840ea69-591e-4e4d-be67-4efbced1cac1 None None] Loading Plugin: network_ip_availability
Jul 10 00:59:00.687146 np0000184881 devstack@neutron-api.service[101591]: DEBUG neutron.api.extensions [None req-224c31fa-a3ee-4ee7-99fd-e81926ea87f9 None None] Ext name="Neutron Metering with source and destination filtering" alias="metering_source_and_destination_fields" description="Neutron Metering extension that enables the use of source and destination IP prefixes to create metering label rules." updated="2020-08-21T08:12:00-00:00" {{(pid=101591) _check_extension /opt/stack/neutron/neutron/api/extensions.py:415}}
Jul 10 00:59:00.687312 np0000184881 devstack@neutron-api.service[101591]: INFO neutron.api.extensions [None req-224c31fa-a3ee-4ee7-99fd-e81926ea87f9 None None] Extension metering_source_and_destination_fields not supported by any of loaded plugins
Jul 10 00:59:00.687401 np0000184881 devstack@neutron-api.service[101591]: DEBUG neutron.api.extensions [None req-224c31fa-a3ee-4ee7-99fd-e81926ea87f9 None None] Loading extension file: multiprovidernet.py {{(pid=101591) _load_all_extensions_from_path /opt/stack/neutron/neutron/api/extensions.py:449}}
Jul 10 00:59:00.687623 np0000184881 devstack@neutron-api.service[101591]: DEBUG neutron.api.extensions [None req-224c31fa-a3ee-4ee7-99fd-e81926ea87f9 None None] Ext name="Multi Provider Network" alias="multi-provider" description="Expose mapping of virtual networks to multiple physical networks" updated="2013-06-27T10:00:00-00:00" {{(pid=101591) _check_extension /opt/stack/neutron/neutron/api/extensions.py:415}}
Jul 10 00:59:00.687807 np0000184881 devstack@neutron-api.service[101591]: INFO neutron.api.extensions [None req-224c31fa-a3ee-4ee7-99fd-e81926ea87f9 None None] Loaded extension: multi-provider
Jul 10 00:59:00.687910 np0000184881 devstack@neutron-api.service[101591]: DEBUG neutron.api.extensions [None req-224c31fa-a3ee-4ee7-99fd-e81926ea87f9 None None] Loading extension file: netmtu.py {{(pid=101591) _load_all_extensions_from_path /opt/stack/neutron/neutron/api/extensions.py:449}}
Jul 10 00:59:00.688218 np0000184881 devstack@neutron-api.service[101591]: DEBUG neutron.api.extensions [None req-224c31fa-a3ee-4ee7-99fd-e81926ea87f9 None None] Ext name="Network MTU" alias="net-mtu" description="Provides MTU attribute for a network resource." updated="2015-03-25T10:00:00-00:00" {{(pid=101591) _check_extension /opt/stack/neutron/neutron/api/extensions.py:415}}
Jul 10 00:59:00.688371 np0000184881 devstack@neutron-api.service[101591]: INFO neutron.api.extensions [None req-224c31fa-a3ee-4ee7-99fd-e81926ea87f9 None None] Loaded extension: net-mtu
Jul 10 00:59:00.688460 np0000184881 devstack@neutron-api.service[101591]: DEBUG neutron.api.extensions [None req-224c31fa-a3ee-4ee7-99fd-e81926ea87f9 None None] Loading extension file: netmtu_writable.py {{(pid=101591) _load_all_extensions_from_path /opt/stack/neutron/neutron/api/extensions.py:449}}
Jul 10 00:59:00.688722 np0000184881 devstack@neutron-api.service[101591]: DEBUG neutron.api.extensions [None req-224c31fa-a3ee-4ee7-99fd-e81926ea87f9 None None] Ext name="Network MTU (writable)" alias="net-mtu-writable" description="Provides a writable MTU attribute for a network resource." updated="2017-07-12T00:00:00-00:00" {{(pid=101591) _check_extension /opt/stack/neutron/neutron/api/extensions.py:415}}
Jul 10 00:59:00.688763 np0000184881 devstack@neutron-api.service[101590]: DEBUG neutron.manager [None req-9840ea69-591e-4e4d-be67-4efbced1cac1 None None] Successfully loaded network-ip-availability plugin. Description: Provides IP availability data for each network and subnet. {{(pid=101590) _create_and_add_service_plugin /opt/stack/neutron/neutron/manager.py:236}}
Jul 10 00:59:00.688826 np0000184881 devstack@neutron-api.service[101590]: INFO neutron.manager [None req-9840ea69-591e-4e4d-be67-4efbced1cac1 None None] Loading Plugin: flavors
Jul 10 00:59:00.688871 np0000184881 devstack@neutron-api.service[101591]: INFO neutron.api.extensions [None req-224c31fa-a3ee-4ee7-99fd-e81926ea87f9 None None] Loaded extension: net-mtu-writable
Jul 10 00:59:00.688953 np0000184881 devstack@neutron-api.service[101591]: DEBUG neutron.api.extensions [None req-224c31fa-a3ee-4ee7-99fd-e81926ea87f9 None None] Loading extension file: network_availability_zone.py {{(pid=101591) _load_all_extensions_from_path /opt/stack/neutron/neutron/api/extensions.py:449}}
Jul 10 00:59:00.689205 np0000184881 devstack@neutron-api.service[101591]: DEBUG neutron.api.extensions [None req-224c31fa-a3ee-4ee7-99fd-e81926ea87f9 None None] Ext name="Network Availability Zone" alias="network_availability_zone" description="Availability zone support for network." updated="2015-01-01T10:00:00-00:00" {{(pid=101591) _check_extension /opt/stack/neutron/neutron/api/extensions.py:415}}
Jul 10 00:59:00.689372 np0000184881 devstack@neutron-api.service[101591]: INFO neutron.api.extensions [None req-224c31fa-a3ee-4ee7-99fd-e81926ea87f9 None None] Loaded extension: network_availability_zone
Jul 10 00:59:00.689460 np0000184881 devstack@neutron-api.service[101591]: DEBUG neutron.api.extensions [None req-224c31fa-a3ee-4ee7-99fd-e81926ea87f9 None None] Loading extension file: network_ha.py {{(pid=101591) _load_all_extensions_from_path /opt/stack/neutron/neutron/api/extensions.py:449}}
Jul 10 00:59:00.689706 np0000184881 devstack@neutron-api.service[101590]: DEBUG neutron.manager [None req-9840ea69-591e-4e4d-be67-4efbced1cac1 None None] Successfully loaded FLAVORS plugin. Description: Neutron Flavors and Service Profiles manager plugin {{(pid=101590) _create_and_add_service_plugin /opt/stack/neutron/neutron/manager.py:236}}
Jul 10 00:59:00.689739 np0000184881 devstack@neutron-api.service[101591]: DEBUG neutron.api.extensions [None req-224c31fa-a3ee-4ee7-99fd-e81926ea87f9 None None] Ext name="Network HA creation flag" alias="network_ha" description="Network high availability creation flag." updated="2023-04-27T10:00:00-00:00" {{(pid=101591) _check_extension /opt/stack/neutron/neutron/api/extensions.py:415}}
Jul 10 00:59:00.689776 np0000184881 devstack@neutron-api.service[101590]: INFO neutron.manager [None req-9840ea69-591e-4e4d-be67-4efbced1cac1 None None] Loading Plugin: revisions
Jul 10 00:59:00.689863 np0000184881 devstack@neutron-api.service[101591]: INFO neutron.api.extensions [None req-224c31fa-a3ee-4ee7-99fd-e81926ea87f9 None None] Extension network_ha not supported by any of loaded plugins
Jul 10 00:59:00.689950 np0000184881 devstack@neutron-api.service[101591]: DEBUG neutron.api.extensions [None req-224c31fa-a3ee-4ee7-99fd-e81926ea87f9 None None] Loading extension file: network_ip_availability.py {{(pid=101591) _load_all_extensions_from_path /opt/stack/neutron/neutron/api/extensions.py:449}}
Jul 10 00:59:00.690195 np0000184881 devstack@neutron-api.service[101591]: DEBUG neutron.api.extensions [None req-224c31fa-a3ee-4ee7-99fd-e81926ea87f9 None None] Ext name="Network IP Availability" alias="network-ip-availability" description="Provides IP availability data for each network and subnet." updated="2015-09-24T00:00:00-00:00" {{(pid=101591) _check_extension /opt/stack/neutron/neutron/api/extensions.py:415}}
Jul 10 00:59:00.690360 np0000184881 devstack@neutron-api.service[101591]: INFO neutron.api.extensions [None req-224c31fa-a3ee-4ee7-99fd-e81926ea87f9 None None] Loaded extension: network-ip-availability
Jul 10 00:59:00.690447 np0000184881 devstack@neutron-api.service[101591]: DEBUG neutron.api.extensions [None req-224c31fa-a3ee-4ee7-99fd-e81926ea87f9 None None] Loading extension file: network_ip_availability_details.py {{(pid=101591) _load_all_extensions_from_path /opt/stack/neutron/neutron/api/extensions.py:449}}
Jul 10 00:59:00.690889 np0000184881 devstack@neutron-api.service[101591]: DEBUG neutron.api.extensions [None req-224c31fa-a3ee-4ee7-99fd-e81926ea87f9 None None] Ext name="Network IP Availability Details Extension" alias="network-ip-availability-details" description="Add ip_availability_details attribute to network-ip-availabilities resource." updated="2025-10-31T00:00:00-00:00" {{(pid=101591) _check_extension /opt/stack/neutron/neutron/api/extensions.py:415}}
Jul 10 00:59:00.690889 np0000184881 devstack@neutron-api.service[101591]: INFO neutron.api.extensions [None req-224c31fa-a3ee-4ee7-99fd-e81926ea87f9 None None] Loaded extension: network-ip-availability-details
Jul 10 00:59:00.690953 np0000184881 devstack@neutron-api.service[101591]: DEBUG neutron.api.extensions [None req-224c31fa-a3ee-4ee7-99fd-e81926ea87f9 None None] Loading extension file: network_segment_range.py {{(pid=101591) _load_all_extensions_from_path /opt/stack/neutron/neutron/api/extensions.py:449}}
Jul 10 00:59:00.691231 np0000184881 devstack@neutron-api.service[101590]: DEBUG neutron.manager [None req-9840ea69-591e-4e4d-be67-4efbced1cac1 None None] Successfully loaded revision_plugin plugin. Description: Adds revision numbers to resources. {{(pid=101590) _create_and_add_service_plugin /opt/stack/neutron/neutron/manager.py:236}}
Jul 10 00:59:00.691264 np0000184881 devstack@neutron-api.service[101591]: DEBUG neutron.api.extensions [None req-224c31fa-a3ee-4ee7-99fd-e81926ea87f9 None None] Ext name="Neutron Network Segment Range" alias="network-segment-range" description="Provides support for the network segment range management" updated="2018-11-29T00:00:00-00:00" {{(pid=101591) _check_extension /opt/stack/neutron/neutron/api/extensions.py:415}}
Jul 10 00:59:00.691383 np0000184881 devstack@neutron-api.service[101590]: DEBUG oslo_concurrency.lockutils [None req-9840ea69-591e-4e4d-be67-4efbced1cac1 None None] Lock "manager" "released" by "neutron.manager.NeutronManager._create_instance" :: held 6.088s {{(pid=101590) inner /opt/stack/data/venv/lib/python3.12/site-packages/oslo_concurrency/lockutils.py:543}}
Jul 10 00:59:00.691417 np0000184881 devstack@neutron-api.service[101591]: INFO neutron.api.extensions [None req-224c31fa-a3ee-4ee7-99fd-e81926ea87f9 None None] Extension network-segment-range not supported by any of loaded plugins
Jul 10 00:59:00.691501 np0000184881 devstack@neutron-api.service[101591]: DEBUG neutron.api.extensions [None req-224c31fa-a3ee-4ee7-99fd-e81926ea87f9 None None] Loading extension file: pagination.py {{(pid=101591) _load_all_extensions_from_path /opt/stack/neutron/neutron/api/extensions.py:449}}
Jul 10 00:59:00.691624 np0000184881 devstack@neutron-api.service[101590]: DEBUG neutron.api.extensions [None req-9840ea69-591e-4e4d-be67-4efbced1cac1 None None] get_extension_paths = OrderedDict({'/opt/stack/neutron/neutron/extensions': 1}) {{(pid=101590) get_extensions_path /opt/stack/neutron/neutron/api/extensions.py:640}}
Jul 10 00:59:00.691745 np0000184881 devstack@neutron-api.service[101590]: INFO neutron.api.extensions [None req-9840ea69-591e-4e4d-be67-4efbced1cac1 None None] Initializing extension manager.
Jul 10 00:59:00.691776 np0000184881 devstack@neutron-api.service[101591]: DEBUG neutron.api.extensions [None req-224c31fa-a3ee-4ee7-99fd-e81926ea87f9 None None] Ext name="Pagination support" alias="pagination" description="Extension that indicates that pagination is enabled." updated="2016-06-12T00:00:00-00:00" {{(pid=101591) _check_extension /opt/stack/neutron/neutron/api/extensions.py:415}}
Jul 10 00:59:00.691840 np0000184881 devstack@neutron-api.service[101591]: INFO neutron.api.extensions [None req-224c31fa-a3ee-4ee7-99fd-e81926ea87f9 None None] Loaded extension: pagination
Jul 10 00:59:00.691926 np0000184881 devstack@neutron-api.service[101591]: DEBUG neutron.api.extensions [None req-224c31fa-a3ee-4ee7-99fd-e81926ea87f9 None None] Loading extension file: port_device_profile.py {{(pid=101591) _load_all_extensions_from_path /opt/stack/neutron/neutron/api/extensions.py:449}}
