2026-06-10 10:58:00.851 7 WARNING keystonemiddleware.audit [req-93e055f7-a131-4c2b-ab1e-af21d758e437 req-ebfa9d13-391f-4bbe-bfbb-78b918efda53 3797a564d4bb437db3e7f0752bb7e04b 6ac89753199f466a9e901c154a33b882 - - default default] Skipping service tempest-service-431253231 as it have no endpoints. [pid: 7|app: 0|req: 988/1998] 10.0.0.187 () {34 vars in 1120 bytes} [Wed Jun 10 10:58:00 2026] GET /v2.0/security-groups?id=87f9a5e9-adc4-4209-935b-6c813147f389&id=cd7946a7-4dbb-443a-8985-6948447527c9&fields=id&fields=name => generated 207 bytes in 34 msecs (HTTP/1.1 200) 4 headers in 157 bytes (1 switches on core 0) [pid: 8|app: 0|req: 1011/1999] 10.0.0.159 () {34 vars in 670 bytes} [Wed Jun 10 10:57:59 2026] POST /v2.0/networks => generated 650 bytes in 1284 msecs (HTTP/1.1 201) 4 headers in 162 bytes (1 switches on core 0)
2026-06-10 10:58:01.182 8 INFO neutron.db.segments_db [None req-160bf03c-6ea3-4556-85a6-d357a425261b 737507d9e5b442ee81177f6a37487d67 1c6786a3b6c34537bcfdaa646cecec2b - - default default] Added segment 4593ec7e-1c8b-448e-8396-e7e16d48cf07 of type geneve for network 43ba4c8a-8e5e-4f8d-b36c-b066eb2f314c [pid: 7|app: 0|req: 989/2000] 10.0.0.159 () {32 vars in 736 bytes} [Wed Jun 10 10:58:00 2026] GET /v2.0/ports?device_id=c8a7037d-a0f9-476c-9d75-5de44247f4b0 => generated 1248 bytes in 307 msecs (HTTP/1.1 200) 4 headers in 158 bytes (1 switches on core 0)
2026-06-10 10:58:01.223 7 WARNING keystonemiddleware.audit [None req-71f2d3d3-7f28-4c97-8be4-0f038beb2061 973cbeffa359499ea5d55a1be7bec40c 89db38bde22a4533af7fdcf2e28941ef - - default default] Skipping service tempest-service-431253231 as it have no endpoints. [pid: 7|app: 0|req: 990/2001] 10.0.0.159 () {32 vars in 858 bytes} [Wed Jun 10 10:58:01 2026] GET /v2.0/floatingips?floating_network_id=62487625-6bce-405d-aeb9-972138074f89&port_id=c93a04b0-8fa0-4d86-a5a8-28d8d0eb84a4 => generated 860 bytes in 60 msecs (HTTP/1.1 200) 4 headers in 157 bytes (1 switches on core 0)
2026-06-10 10:58:01.439 8 INFO neutron.db.ovn_revision_numbers_db [None req-160bf03c-6ea3-4556-85a6-d357a425261b 737507d9e5b442ee81177f6a37487d67 1c6786a3b6c34537bcfdaa646cecec2b - - default default] Successfully bumped revision number for resource 43ba4c8a-8e5e-4f8d-b36c-b066eb2f314c (type: networks) to 1 [pid: 7|app: 0|req: 991/2002] 10.0.0.243 () {34 vars in 990 bytes} [Wed Jun 10 10:58:01 2026] GET /v2.0/ports?device_id=c8a7037d-a0f9-476c-9d75-5de44247f4b0 => generated 1248 bytes in 47 msecs (HTTP/1.1 200) 4 headers in 158 bytes (1 switches on core 0) [pid: 7|app: 0|req: 992/2003] 10.0.0.243 () {34 vars in 1120 bytes} [Wed Jun 10 10:58:01 2026] GET /v2.0/security-groups?id=87f9a5e9-adc4-4209-935b-6c813147f389&id=cd7946a7-4dbb-443a-8985-6948447527c9&fields=id&fields=name => generated 207 bytes in 35 msecs (HTTP/1.1 200) 4 headers in 157 bytes (1 switches on core 0)
2026-06-10 10:58:01.767 8 WARNING neutron.scheduler.dhcp_agent_scheduler [None req-160bf03c-6ea3-4556-85a6-d357a425261b 737507d9e5b442ee81177f6a37487d67 1c6786a3b6c34537bcfdaa646cecec2b - - default default] No more DHCP agents
2026-06-10 10:58:01.769 8 WARNING neutron.api.rpc.agentnotifiers.dhcp_rpc_agent_api [None req-160bf03c-6ea3-4556-85a6-d357a425261b 737507d9e5b442ee81177f6a37487d67 1c6786a3b6c34537bcfdaa646cecec2b - - default default] Unable to schedule network 43ba4c8a-8e5e-4f8d-b36c-b066eb2f314c: no agents available; will retry on subsequent port and subnet creation events.
2026-06-10 10:58:01.827 7 INFO neutron.plugins.ml2.drivers.ovn.mech_driver.mech_driver [None req-ca4aed13-c491-405f-8ba6-c197e59302d8 - - - - - -] OVN reports status down for port: a2c658a5-9369-4428-bd38-4ef2704d2296
2026-06-10 10:58:02.017 8 INFO neutron.db.ovn_revision_numbers_db [None req-160bf03c-6ea3-4556-85a6-d357a425261b 737507d9e5b442ee81177f6a37487d67 1c6786a3b6c34537bcfdaa646cecec2b - - default default] Successfully bumped revision number for resource a2c658a5-9369-4428-bd38-4ef2704d2296 (type: ports) to 1 [pid: 8|app: 0|req: 1012/2004] 10.0.0.159 () {34 vars in 670 bytes} [Wed Jun 10 10:58:00 2026] POST /v2.0/networks => generated 650 bytes in 1251 msecs (HTTP/1.1 201) 4 headers in 162 bytes (1 switches on core 0)
2026-06-10 10:58:02.369 7 INFO neutron.db.ovn_revision_numbers_db [None req-daaecea6-3dd2-4fc0-9298-895fbfa6d0e3 806eb53289a3455dacbb41934f521d90 69fd40acf54b45208685ce0b939bb68f - - default default] Successfully bumped revision number for resource f9719bdb-1a32-43fd-98fb-bed99523adb0 (type: security_groups) to 1
2026-06-10 10:58:02.424 7 INFO neutron.db.ovn_revision_numbers_db [None req-daaecea6-3dd2-4fc0-9298-895fbfa6d0e3 806eb53289a3455dacbb41934f521d90 69fd40acf54b45208685ce0b939bb68f - - default default] Successfully bumped revision number for resource 1dc12203-bd9f-4ce0-9c75-abd043c7f0eb (type: security_group_rules) to 0
2026-06-10 10:58:02.440 8 INFO neutron.db.segments_db [None req-d7065a40-5efa-4de0-aaf2-654cbc31bbc0 737507d9e5b442ee81177f6a37487d67 1c6786a3b6c34537bcfdaa646cecec2b - - default default] Added segment 27193619-81bb-4b41-a377-b7d88b2be161 of type geneve for network 470b8c58-681b-4758-b2ab-b5df3e328c54
2026-06-10 10:58:02.510 7 INFO neutron.db.ovn_revision_numbers_db [None req-daaecea6-3dd2-4fc0-9298-895fbfa6d0e3 806eb53289a3455dacbb41934f521d90 69fd40acf54b45208685ce0b939bb68f - - default default] Successfully bumped revision number for resource 2d950d4d-88b2-4ca2-ad0a-b5074a5c0456 (type: security_group_rules) to 0
2026-06-10 10:58:02.626 7 INFO neutron.db.ovn_revision_numbers_db [None req-daaecea6-3dd2-4fc0-9298-895fbfa6d0e3 806eb53289a3455dacbb41934f521d90 69fd40acf54b45208685ce0b939bb68f - - default default] Successfully bumped revision number for resource 937c9229-9533-4ff5-b517-af8fbbbcbeb6 (type: security_group_rules) to 0
2026-06-10 10:58:02.676 7 INFO neutron.db.ovn_revision_numbers_db [None req-daaecea6-3dd2-4fc0-9298-895fbfa6d0e3 806eb53289a3455dacbb41934f521d90 69fd40acf54b45208685ce0b939bb68f - - default default] Successfully bumped revision number for resource d7d1708f-0a20-45bc-b653-f8cb37819b7d (type: security_group_rules) to 0
2026-06-10 10:58:02.737 8 INFO neutron.db.ovn_revision_numbers_db [None req-d7065a40-5efa-4de0-aaf2-654cbc31bbc0 737507d9e5b442ee81177f6a37487d67 1c6786a3b6c34537bcfdaa646cecec2b - - default default] Successfully bumped revision number for resource 470b8c58-681b-4758-b2ab-b5df3e328c54 (type: networks) to 1
2026-06-10 10:58:02.769 7 INFO neutron.db.segments_db [None req-daaecea6-3dd2-4fc0-9298-895fbfa6d0e3 806eb53289a3455dacbb41934f521d90 69fd40acf54b45208685ce0b939bb68f - - default default] Added segment 8d101ac3-fbe8-4f07-83a1-cb2a6346cd80 of type geneve for network 046f8b2b-099d-46fc-af33-178fb86bacf8
2026-06-10 10:58:03.016 8 WARNING neutron.scheduler.dhcp_agent_scheduler [None req-d7065a40-5efa-4de0-aaf2-654cbc31bbc0 737507d9e5b442ee81177f6a37487d67 1c6786a3b6c34537bcfdaa646cecec2b - - default default] No more DHCP agents
2026-06-10 10:58:03.018 8 WARNING neutron.api.rpc.agentnotifiers.dhcp_rpc_agent_api [None req-d7065a40-5efa-4de0-aaf2-654cbc31bbc0 737507d9e5b442ee81177f6a37487d67 1c6786a3b6c34537bcfdaa646cecec2b - - default default] Unable to schedule network 470b8c58-681b-4758-b2ab-b5df3e328c54: no agents available; will retry on subsequent port and subnet creation events.
2026-06-10 10:58:03.073 8 INFO neutron.plugins.ml2.drivers.ovn.mech_driver.mech_driver [None req-67109535-b41f-4225-9c7e-2b408a67dec1 - - - - - -] OVN reports status down for port: bb48c99b-ce0a-496e-a945-fc91c2d7ae78
2026-06-10 10:58:03.091 7 INFO neutron.db.ovn_revision_numbers_db [None req-daaecea6-3dd2-4fc0-9298-895fbfa6d0e3 806eb53289a3455dacbb41934f521d90 69fd40acf54b45208685ce0b939bb68f - - default default] Successfully bumped revision number for resource 046f8b2b-099d-46fc-af33-178fb86bacf8 (type: networks) to 1
2026-06-10 10:58:03.198 8 INFO neutron.db.ovn_revision_numbers_db [None req-d7065a40-5efa-4de0-aaf2-654cbc31bbc0 737507d9e5b442ee81177f6a37487d67 1c6786a3b6c34537bcfdaa646cecec2b - - default default] Successfully bumped revision number for resource bb48c99b-ce0a-496e-a945-fc91c2d7ae78 (type: ports) to 1 [pid: 8|app: 0|req: 1013/2005] 10.0.0.159 () {34 vars in 670 bytes} [Wed Jun 10 10:58:02 2026] POST /v2.0/networks => generated 651 bytes in 1155 msecs (HTTP/1.1 201) 4 headers in 162 bytes (1 switches on core 0)
2026-06-10 10:58:03.515 7 WARNING neutron.scheduler.dhcp_agent_scheduler [None req-daaecea6-3dd2-4fc0-9298-895fbfa6d0e3 806eb53289a3455dacbb41934f521d90 69fd40acf54b45208685ce0b939bb68f - - default default] No more DHCP agents
2026-06-10 10:58:03.516 7 WARNING neutron.api.rpc.agentnotifiers.dhcp_rpc_agent_api [None req-daaecea6-3dd2-4fc0-9298-895fbfa6d0e3 806eb53289a3455dacbb41934f521d90 69fd40acf54b45208685ce0b939bb68f - - default default] Unable to schedule network 046f8b2b-099d-46fc-af33-178fb86bacf8: no agents available; will retry on subsequent port and subnet creation events.
2026-06-10 10:58:03.624 8 INFO neutron.db.segments_db [None req-3450e3ac-ad20-46fd-be67-d6e8d4b314f9 737507d9e5b442ee81177f6a37487d67 1c6786a3b6c34537bcfdaa646cecec2b - - default default] Added segment 8e808a2f-7adb-41df-8d46-39c435f358b2 of type geneve for network 5812b7b3-6bc5-46ee-8f08-b4080c87e126
2026-06-10 10:58:03.629 7 INFO neutron.plugins.ml2.drivers.ovn.mech_driver.mech_driver [None req-ca4aed13-c491-405f-8ba6-c197e59302d8 - - - - - -] OVN reports status down for port: 6fd9960d-28b6-4f68-8065-408b16dbd626
2026-06-10 10:58:03.713 7 INFO neutron.db.ovn_revision_numbers_db [None req-daaecea6-3dd2-4fc0-9298-895fbfa6d0e3 806eb53289a3455dacbb41934f521d90 69fd40acf54b45208685ce0b939bb68f - - default default] Successfully bumped revision number for resource 6fd9960d-28b6-4f68-8065-408b16dbd626 (type: ports) to 1 [pid: 7|app: 0|req: 993/2006] 10.0.0.159 () {34 vars in 670 bytes} [Wed Jun 10 10:58:01 2026] POST /v2.0/networks => generated 652 bytes in 2023 msecs (HTTP/1.1 201) 4 headers in 162 bytes (1 switches on core 0)
2026-06-10 10:58:03.893 8 INFO neutron.db.ovn_revision_numbers_db [None req-3450e3ac-ad20-46fd-be67-d6e8d4b314f9 737507d9e5b442ee81177f6a37487d67 1c6786a3b6c34537bcfdaa646cecec2b - - default default] Successfully bumped revision number for resource 5812b7b3-6bc5-46ee-8f08-b4080c87e126 (type: networks) to 1
2026-06-10 10:58:03.968 7 INFO neutron.db.segments_db [None req-6c39d2bb-7786-48f0-802b-104f6095d405 806eb53289a3455dacbb41934f521d90 69fd40acf54b45208685ce0b939bb68f - - default default] Added segment 0f74d7bf-313e-48fb-9e6f-1478e64bfa16 of type geneve for network 091566ad-2e2f-4820-a222-884f0f0b6f8b
2026-06-10 10:58:04.147 8 WARNING neutron.scheduler.dhcp_agent_scheduler [None req-3450e3ac-ad20-46fd-be67-d6e8d4b314f9 737507d9e5b442ee81177f6a37487d67 1c6786a3b6c34537bcfdaa646cecec2b - - default default] No more DHCP agents
2026-06-10 10:58:04.149 8 WARNING neutron.api.rpc.agentnotifiers.dhcp_rpc_agent_api [None req-3450e3ac-ad20-46fd-be67-d6e8d4b314f9 737507d9e5b442ee81177f6a37487d67 1c6786a3b6c34537bcfdaa646cecec2b - - default default] Unable to schedule network 5812b7b3-6bc5-46ee-8f08-b4080c87e126: no agents available; will retry on subsequent port and subnet creation events.
2026-06-10 10:58:04.204 7 INFO neutron.plugins.ml2.drivers.ovn.mech_driver.mech_driver [None req-ca4aed13-c491-405f-8ba6-c197e59302d8 - - - - - -] OVN reports status down for port: 50ee795c-3819-4a8a-99d7-14c2bbcd4a9b
2026-06-10 10:58:04.240 7 INFO neutron.db.ovn_revision_numbers_db [None req-6c39d2bb-7786-48f0-802b-104f6095d405 806eb53289a3455dacbb41934f521d90 69fd40acf54b45208685ce0b939bb68f - - default default] Successfully bumped revision number for resource 091566ad-2e2f-4820-a222-884f0f0b6f8b (type: networks) to 1
2026-06-10 10:58:04.263 8 INFO neutron.db.ovn_revision_numbers_db [None req-3450e3ac-ad20-46fd-be67-d6e8d4b314f9 737507d9e5b442ee81177f6a37487d67 1c6786a3b6c34537bcfdaa646cecec2b - - default default] Successfully bumped revision number for resource 50ee795c-3819-4a8a-99d7-14c2bbcd4a9b (type: ports) to 1 [pid: 8|app: 0|req: 1014/2007] 10.0.0.159 () {34 vars in 670 bytes} [Wed Jun 10 10:58:03 2026] POST /v2.0/networks => generated 651 bytes in 1005 msecs (HTTP/1.1 201) 4 headers in 162 bytes (1 switches on core 0)
2026-06-10 10:58:04.419 8 WARNING keystonemiddleware.audit [None req-3450e3ac-ad20-46fd-be67-d6e8d4b314f9 737507d9e5b442ee81177f6a37487d67 1c6786a3b6c34537bcfdaa646cecec2b - - default default] Skipping service tempest-service-431253231 as it have no endpoints. [pid: 8|app: 0|req: 1015/2008] 10.0.0.187 () {34 vars in 990 bytes} [Wed Jun 10 10:58:04 2026] GET /v2.0/ports?device_id=c8a7037d-a0f9-476c-9d75-5de44247f4b0 => generated 1010 bytes in 73 msecs (HTTP/1.1 200) 4 headers in 158 bytes (1 switches on core 0)
2026-06-10 10:58:04.544 7 WARNING neutron.scheduler.dhcp_agent_scheduler [None req-6c39d2bb-7786-48f0-802b-104f6095d405 806eb53289a3455dacbb41934f521d90 69fd40acf54b45208685ce0b939bb68f - - default default] No more DHCP agents
2026-06-10 10:58:04.545 7 WARNING neutron.api.rpc.agentnotifiers.dhcp_rpc_agent_api [None req-6c39d2bb-7786-48f0-802b-104f6095d405 806eb53289a3455dacbb41934f521d90 69fd40acf54b45208685ce0b939bb68f - - default default] Unable to schedule network 091566ad-2e2f-4820-a222-884f0f0b6f8b: no agents available; will retry on subsequent port and subnet creation events. [pid: 8|app: 0|req: 1016/2009] 10.0.0.159 () {34 vars in 753 bytes} [Wed Jun 10 10:58:04 2026] PUT /v2.0/networks/789f1343-84bc-4ae1-b7fb-bee725563a21/tags => generated 17 bytes in 270 msecs (HTTP/1.1 200) 4 headers in 156 bytes (1 switches on core 0)
2026-06-10 10:58:04.767 8 WARNING keystonemiddleware.audit [None req-91a3ff35-a6d9-4807-b747-e7251766dade 737507d9e5b442ee81177f6a37487d67 1c6786a3b6c34537bcfdaa646cecec2b - - default default] Skipping service tempest-service-431253231 as it have no endpoints.
2026-06-10 10:58:04.794 7 INFO neutron.plugins.ml2.drivers.ovn.mech_driver.mech_driver [None req-ca4aed13-c491-405f-8ba6-c197e59302d8 - - - - - -] OVN reports status down for port: 151eb1f8-aef4-4052-a1ad-053ebf88e7ea [pid: 8|app: 0|req: 1017/2010] 10.0.0.187 () {34 vars in 1120 bytes} [Wed Jun 10 10:58:04 2026] GET /v2.0/security-groups?id=87f9a5e9-adc4-4209-935b-6c813147f389&id=cd7946a7-4dbb-443a-8985-6948447527c9&fields=id&fields=name => generated 207 bytes in 53 msecs (HTTP/1.1 200) 4 headers in 157 bytes (1 switches on core 0) [pid: 8|app: 0|req: 1018/2011] 10.0.0.159 () {34 vars in 753 bytes} [Wed Jun 10 10:58:04 2026] PUT /v2.0/networks/fa4a8dbd-0e11-4518-b51e-f08d917b25fd/tags => generated 25 bytes in 192 msecs (HTTP/1.1 200) 4 headers in 156 bytes (1 switches on core 0)
2026-06-10 10:58:05.006 7 INFO neutron.db.ovn_revision_numbers_db [None req-6c39d2bb-7786-48f0-802b-104f6095d405 806eb53289a3455dacbb41934f521d90 69fd40acf54b45208685ce0b939bb68f - - default default] Successfully bumped revision number for resource 151eb1f8-aef4-4052-a1ad-053ebf88e7ea (type: ports) to 1
2026-06-10 10:58:05.186 8 INFO neutron.plugins.ml2.drivers.ovn.mech_driver.mech_driver [None req-67109535-b41f-4225-9c7e-2b408a67dec1 - - - - - -] OVN reports status down for port: c93a04b0-8fa0-4d86-a5a8-28d8d0eb84a4 [pid: 7|app: 0|req: 994/2012] 10.0.0.159 () {34 vars in 670 bytes} [Wed Jun 10 10:58:03 2026] POST /v2.0/networks => generated 653 bytes in 1387 msecs (HTTP/1.1 201) 4 headers in 162 bytes (1 switches on core 0) [pid: 8|app: 0|req: 1019/2013] 10.0.0.159 () {34 vars in 753 bytes} [Wed Jun 10 10:58:05 2026] PUT /v2.0/networks/43ba4c8a-8e5e-4f8d-b36c-b066eb2f314c/tags => generated 34 bytes in 204 msecs (HTTP/1.1 200) 4 headers in 156 bytes (1 switches on core 0)
2026-06-10 10:58:05.375 8 INFO neutron.notifiers.nova [-] Nova event matching ['req-9d51c31d-cd1c-41c8-b509-dca5ddeb1f1e'] response: {'server_uuid': 'c8a7037d-a0f9-476c-9d75-5de44247f4b0', 'name': 'network-vif-unplugged', 'status': 'completed', 'tag': 'c93a04b0-8fa0-4d86-a5a8-28d8d0eb84a4', 'code': 200} [pid: 8|app: 0|req: 1020/2014] 10.0.0.159 () {34 vars in 753 bytes} [Wed Jun 10 10:58:05 2026] PUT /v2.0/networks/470b8c58-681b-4758-b2ab-b5df3e328c54/tags => generated 19 bytes in 158 msecs (HTTP/1.1 200) 4 headers in 156 bytes (1 switches on core 0)
2026-06-10 10:58:05.434 7 WARNING neutron.scheduler.dhcp_agent_scheduler [None req-bcc5e438-1065-40d4-aa9b-5895904f9c59 806eb53289a3455dacbb41934f521d90 69fd40acf54b45208685ce0b939bb68f - - default default] No more DHCP agents
2026-06-10 10:58:05.435 7 WARNING neutron.api.rpc.agentnotifiers.dhcp_rpc_agent_api [None req-bcc5e438-1065-40d4-aa9b-5895904f9c59 806eb53289a3455dacbb41934f521d90 69fd40acf54b45208685ce0b939bb68f - - default default] Unable to schedule network 046f8b2b-099d-46fc-af33-178fb86bacf8: no agents available; will retry on subsequent port and subnet creation events. [pid: 8|app: 0|req: 1021/2015] 10.0.0.159 () {32 vars in 666 bytes} [Wed Jun 10 10:58:05 2026] GET /v2.0/networks?tags=red => generated 1986 bytes in 84 msecs (HTTP/1.1 200) 4 headers in 158 bytes (1 switches on core 0)
2026-06-10 10:58:05.564 7 INFO neutron.db.ovn_revision_numbers_db [None req-bcc5e438-1065-40d4-aa9b-5895904f9c59 806eb53289a3455dacbb41934f521d90 69fd40acf54b45208685ce0b939bb68f - - default default] Successfully bumped revision number for resource 12e72dc6-c018-409c-82cf-0ec28e1902a7 (type: subnets) to 0 [pid: 8|app: 0|req: 1022/2016] 10.0.0.159 () {32 vars in 680 bytes} [Wed Jun 10 10:58:05 2026] GET /v2.0/networks?tags=red%2Cblue => generated 1336 bytes in 100 msecs (HTTP/1.1 200) 4 headers in 158 bytes (1 switches on core 0) [pid: 7|app: 0|req: 995/2017] 10.0.0.159 () {34 vars in 669 bytes} [Wed Jun 10 10:58:05 2026] POST /v2.0/subnets => generated 646 bytes in 563 msecs (HTTP/1.1 201) 4 headers in 162 bytes (1 switches on core 0) [pid: 8|app: 0|req: 1023/2018] 10.0.0.159 () {32 vars in 676 bytes} [Wed Jun 10 10:58:05 2026] GET /v2.0/networks?tags-any=blue => generated 1336 bytes in 247 msecs (HTTP/1.1 200) 4 headers in 158 bytes (1 switches on core 0) [pid: 8|app: 0|req: 1024/2019] 10.0.0.159 () {32 vars in 688 bytes} [Wed Jun 10 10:58:05 2026] GET /v2.0/networks?tags-any=red%2Cblue => generated 1986 bytes in 46 msecs (HTTP/1.1 200) 4 headers in 158 bytes (1 switches on core 0) [pid: 8|app: 0|req: 1025/2020] 10.0.0.159 () {32 vars in 674 bytes} [Wed Jun 10 10:58:05 2026] GET /v2.0/networks?not-tags=red => generated 1988 bytes in 70 msecs (HTTP/1.1 200) 4 headers in 158 bytes (1 switches on core 0)
2026-06-10 10:58:05.955 8 WARNING keystonemiddleware.audit [None req-231776a5-face-40d6-aead-394d1c96cc6a 737507d9e5b442ee81177f6a37487d67 1c6786a3b6c34537bcfdaa646cecec2b - - default default] Skipping service tempest-service-431253231 as it have no endpoints. [pid: 8|app: 0|req: 1026/2021] 10.0.0.187 () {34 vars in 990 bytes} [Wed Jun 10 10:58:05 2026] GET /v2.0/ports?device_id=c8a7037d-a0f9-476c-9d75-5de44247f4b0 => generated 1008 bytes in 42 msecs (HTTP/1.1 200) 4 headers in 158 bytes (1 switches on core 0) [pid: 8|app: 0|req: 1027/2022] 10.0.0.159 () {32 vars in 688 bytes} [Wed Jun 10 10:58:05 2026] GET /v2.0/networks?not-tags=red%2Cblue => generated 2638 bytes in 78 msecs (HTTP/1.1 200) 4 headers in 158 bytes (1 switches on core 0)
2026-06-10 10:58:06.076 8 WARNING keystonemiddleware.audit [None req-e8a43670-26b4-4887-b33a-ea8af81124d3 737507d9e5b442ee81177f6a37487d67 1c6786a3b6c34537bcfdaa646cecec2b - - default default] Skipping service tempest-service-431253231 as it have no endpoints.
2026-06-10 10:58:06.080 8 INFO neutron.db.ovn_revision_numbers_db [None req-67109535-b41f-4225-9c7e-2b408a67dec1 - - - - - -] Successfully bumped revision number for resource c93a04b0-8fa0-4d86-a5a8-28d8d0eb84a4 (type: ports) to 6 [pid: 8|app: 0|req: 1028/2023] 10.0.0.187 () {34 vars in 1120 bytes} [Wed Jun 10 10:58:06 2026] GET /v2.0/security-groups?id=87f9a5e9-adc4-4209-935b-6c813147f389&id=cd7946a7-4dbb-443a-8985-6948447527c9&fields=id&fields=name => generated 207 bytes in 61 msecs (HTTP/1.1 200) 4 headers in 157 bytes (1 switches on core 0) [pid: 8|app: 0|req: 1029/2024] 10.0.0.159 () {32 vars in 684 bytes} [Wed Jun 10 10:58:06 2026] GET /v2.0/networks?not-tags-any=blue => generated 2638 bytes in 94 msecs (HTTP/1.1 200) 4 headers in 158 bytes (1 switches on core 0) /var/lib/openstack/lib/python3.12/site-packages/pycadf/identifier.py:70: UserWarning: Invalid uuid: neutron. To ensure interoperability, identifiers should be a valid uuid. warnings.warn(('Invalid uuid: %s. To ensure interoperability, '
2026-06-10 10:58:06.292 7 WARNING neutron.scheduler.dhcp_agent_scheduler [None req-233a622d-f6b2-452f-b744-5504d310e327 806eb53289a3455dacbb41934f521d90 69fd40acf54b45208685ce0b939bb68f - - default default] No more DHCP agents
2026-06-10 10:58:06.293 7 WARNING neutron.api.rpc.agentnotifiers.dhcp_rpc_agent_api [None req-233a622d-f6b2-452f-b744-5504d310e327 806eb53289a3455dacbb41934f521d90 69fd40acf54b45208685ce0b939bb68f - - default default] Unable to schedule network 091566ad-2e2f-4820-a222-884f0f0b6f8b: no agents available; will retry on subsequent port and subnet creation events. [pid: 8|app: 0|req: 1030/2025] 10.0.0.159 () {32 vars in 696 bytes} [Wed Jun 10 10:58:06 2026] GET /v2.0/networks?not-tags-any=red%2Cblue => generated 1988 bytes in 59 msecs (HTTP/1.1 200) 4 headers in 158 bytes (1 switches on core 0)
2026-06-10 10:58:06.548 7 INFO neutron.db.ovn_revision_numbers_db [None req-233a622d-f6b2-452f-b744-5504d310e327 806eb53289a3455dacbb41934f521d90 69fd40acf54b45208685ce0b939bb68f - - default default] Successfully bumped revision number for resource ae027369-f81a-4c95-bd48-70659f19a56a (type: subnets) to 0
2026-06-10 10:58:06.576 8 INFO neutron_taas.services.taas.taas_plugin [None req-249ba6c8-8a5d-4641-9fd4-4c8826d5bdea 24d725c3ea2948e89b7f6eca942affa1 ea2790ce51144f2cad0c528e05fdb3e3 - - default default] TaaS: Handle Delete Port: 7f5cc44e-83bf-4bd5-a232-7e00c562d314
2026-06-10 10:58:06.579 8 INFO neutron_taas.services.taas.tap_mirror_plugin [None req-249ba6c8-8a5d-4641-9fd4-4c8826d5bdea 24d725c3ea2948e89b7f6eca942affa1 ea2790ce51144f2cad0c528e05fdb3e3 - - default default] Tap Mirror: Handle Delete Port: 7f5cc44e-83bf-4bd5-a232-7e00c562d314 [pid: 7|app: 0|req: 996/2026] 10.0.0.159 () {34 vars in 669 bytes} [Wed Jun 10 10:58:05 2026] POST /v2.0/subnets => generated 655 bytes in 892 msecs (HTTP/1.1 201) 4 headers in 162 bytes (1 switches on core 0)
2026-06-10 10:58:06.790 7 INFO neutron_taas.services.taas.taas_plugin [None req-88102bdd-ec26-4410-9bc4-35f9ab35598f 737507d9e5b442ee81177f6a37487d67 1c6786a3b6c34537bcfdaa646cecec2b - - default default] TaaS: Handle Delete Port: 8cf8decf-348a-49c6-9240-99c330a36e80
2026-06-10 10:58:06.792 7 INFO neutron_taas.services.taas.tap_mirror_plugin [None req-88102bdd-ec26-4410-9bc4-35f9ab35598f 737507d9e5b442ee81177f6a37487d67 1c6786a3b6c34537bcfdaa646cecec2b - - default default] Tap Mirror: Handle Delete Port: 8cf8decf-348a-49c6-9240-99c330a36e80
2026-06-10 10:58:07.369 7 INFO neutron.services.segments.plugin [-] Segment 230b4da7-9a57-4add-96ac-9b1ca3d957a5 resource provider aggregate not found
2026-06-10 10:58:07.376 7 INFO neutron.services.segments.plugin [-] Segment 230b4da7-9a57-4add-96ac-9b1ca3d957a5 resource provider aggregate not found
2026-06-10 10:58:07.396 7 INFO neutron.services.segments.plugin [-] Segment 230b4da7-9a57-4add-96ac-9b1ca3d957a5 resource provider not found; error: Placement Client Error (4xx): {"errors": [{"status": 404, "title": "Not Found", "detail": "The resource could not be found.\n\n No resource provider with uuid 230b4da7-9a57-4add-96ac-9b1ca3d957a5 found for delete ", "request_id": "req-43131785-23e1-450e-ad4a-1d695416a5d7"}]}
2026-06-10 10:58:07.398 7 INFO neutron.services.segments.plugin [-] Segment 230b4da7-9a57-4add-96ac-9b1ca3d957a5 resource provider not found; error: Placement Client Error (4xx): {"errors": [{"status": 404, "title": "Not Found", "detail": "The resource could not be found.\n\n No resource provider with uuid 230b4da7-9a57-4add-96ac-9b1ca3d957a5 found for delete ", "request_id": "req-be1fe880-772b-423d-b652-eee5672d8743"}]}
2026-06-10 10:58:07.422 8 INFO neutron.notifiers.nova [-] Nova event matching ['req-ae7d4131-b9ae-4760-90bd-dad0ecd64ea7'] response: {'server_uuid': 'c8a7037d-a0f9-476c-9d75-5de44247f4b0', 'name': 'network-vif-unplugged', 'status': 'completed', 'tag': 'c93a04b0-8fa0-4d86-a5a8-28d8d0eb84a4', 'code': 200} [pid: 7|app: 0|req: 997/2027] 10.0.0.159 () {32 vars in 726 bytes} [Wed Jun 10 10:58:06 2026] DELETE /v2.0/networks/789f1343-84bc-4ae1-b7fb-bee725563a21 => generated 0 bytes in 854 msecs (HTTP/1.1 204) 3 headers in 131 bytes (1 switches on core 0)
2026-06-10 10:58:07.530 7 WARNING keystonemiddleware.audit [None req-88102bdd-ec26-4410-9bc4-35f9ab35598f 737507d9e5b442ee81177f6a37487d67 1c6786a3b6c34537bcfdaa646cecec2b - - default default] Skipping service tempest-service-431253231 as it have no endpoints. [pid: 7|app: 0|req: 998/2028] 199.204.45.35 () {34 vars in 993 bytes} [Wed Jun 10 10:58:07 2026] GET /v2.0/ports?device_id=c8a7037d-a0f9-476c-9d75-5de44247f4b0 => generated 1008 bytes in 114 msecs (HTTP/1.1 200) 4 headers in 158 bytes (1 switches on core 0) [pid: 8|app: 0|req: 1031/2029] 10.0.0.159 () {34 vars in 789 bytes} [Wed Jun 10 10:58:06 2026] PUT /v2.0/routers/84359577-7914-4b07-8f72-7d259f420ee8/remove_router_interface => generated 309 bytes in 1649 msecs (HTTP/1.1 200) 4 headers in 157 bytes (1 switches on core 0)
2026-06-10 10:58:07.953 8 WARNING keystonemiddleware.audit [None req-249ba6c8-8a5d-4641-9fd4-4c8826d5bdea 24d725c3ea2948e89b7f6eca942affa1 ea2790ce51144f2cad0c528e05fdb3e3 - - default default] Skipping service tempest-service-431253231 as it have no endpoints. /var/lib/openstack/lib/python3.12/site-packages/pycadf/identifier.py:70: UserWarning: Invalid uuid: neutron. To ensure interoperability, identifiers should be a valid uuid. warnings.warn(('Invalid uuid: %s. To ensure interoperability, ' [pid: 8|app: 0|req: 1032/2030] 10.0.0.187 () {34 vars in 990 bytes} [Wed Jun 10 10:58:07 2026] GET /v2.0/ports?device_id=c8a7037d-a0f9-476c-9d75-5de44247f4b0 => generated 1008 bytes in 62 msecs (HTTP/1.1 200) 4 headers in 158 bytes (1 switches on core 0)
2026-06-10 10:58:08.083 7 INFO neutron.db.ovn_revision_numbers_db [None req-db0ee58b-d876-4b5d-a9d6-1acd73570bf6 806eb53289a3455dacbb41934f521d90 69fd40acf54b45208685ce0b939bb68f - - default default] Successfully bumped revision number for resource 16a82ac6-996c-4ba3-a044-e68547ede7ea (type: routers) to 1 [pid: 7|app: 0|req: 999/2031] 10.0.0.159 () {34 vars in 669 bytes} [Wed Jun 10 10:58:07 2026] POST /v2.0/routers => generated 607 bytes in 469 msecs (HTTP/1.1 201) 4 headers in 162 bytes (1 switches on core 0)
2026-06-10 10:58:08.115 7 WARNING keystonemiddleware.audit [None req-db0ee58b-d876-4b5d-a9d6-1acd73570bf6 806eb53289a3455dacbb41934f521d90 69fd40acf54b45208685ce0b939bb68f - - default default] Skipping service tempest-service-431253231 as it have no endpoints.
2026-06-10 10:58:08.125 8 INFO neutron_taas.services.taas.taas_plugin [None req-1058e08b-b91c-4451-83b3-147478b23b5d 737507d9e5b442ee81177f6a37487d67 1c6786a3b6c34537bcfdaa646cecec2b - - default default] TaaS: Handle Delete Port: a160690e-2706-43a5-98f1-16e393295b80
2026-06-10 10:58:08.128 8 INFO neutron_taas.services.taas.tap_mirror_plugin [None req-1058e08b-b91c-4451-83b3-147478b23b5d 737507d9e5b442ee81177f6a37487d67 1c6786a3b6c34537bcfdaa646cecec2b - - default default] Tap Mirror: Handle Delete Port: a160690e-2706-43a5-98f1-16e393295b80
2026-06-10 10:58:08.236 7 INFO neutron_taas.services.taas.taas_plugin [req-63e971e9-16d0-48fa-84a4-d4ed030512fb req-3af083f2-931c-4fd4-b574-95563d543c69 3797a564d4bb437db3e7f0752bb7e04b 6ac89753199f466a9e901c154a33b882 - - default default] TaaS: Handle Delete Port: c93a04b0-8fa0-4d86-a5a8-28d8d0eb84a4
2026-06-10 10:58:08.239 7 INFO neutron_taas.services.taas.tap_mirror_plugin [req-63e971e9-16d0-48fa-84a4-d4ed030512fb req-3af083f2-931c-4fd4-b574-95563d543c69 3797a564d4bb437db3e7f0752bb7e04b 6ac89753199f466a9e901c154a33b882 - - default default] Tap Mirror: Handle Delete Port: c93a04b0-8fa0-4d86-a5a8-28d8d0eb84a4
2026-06-10 10:58:08.526 7 INFO neutron.db.l3_db [req-63e971e9-16d0-48fa-84a4-d4ed030512fb req-3af083f2-931c-4fd4-b574-95563d543c69 3797a564d4bb437db3e7f0752bb7e04b 6ac89753199f466a9e901c154a33b882 - - default default] Floating IP 1ab7e326-e61e-4905-a009-a9957b02d27d disassociated. External IP: 10.96.250.204, port: c93a04b0-8fa0-4d86-a5a8-28d8d0eb84a4.
2026-06-10 10:58:08.528 8 INFO neutron.services.segments.plugin [-] Segment 0793b450-65f8-4c06-bf34-c669c29e5ec8 resource provider aggregate not found
2026-06-10 10:58:08.534 8 INFO neutron.services.segments.plugin [-] Segment 0793b450-65f8-4c06-bf34-c669c29e5ec8 resource provider aggregate not found
2026-06-10 10:58:08.548 8 INFO neutron.services.segments.plugin [-] Segment 0793b450-65f8-4c06-bf34-c669c29e5ec8 resource provider not found; error: Placement Client Error (4xx): {"errors": [{"status": 404, "title": "Not Found", "detail": "The resource could not be found.\n\n No resource provider with uuid 0793b450-65f8-4c06-bf34-c669c29e5ec8 found for delete ", "request_id": "req-014310aa-595d-45f7-9c77-62fdb6121344"}]}
2026-06-10 10:58:08.553 8 INFO neutron.services.segments.plugin [-] Segment 0793b450-65f8-4c06-bf34-c669c29e5ec8 resource provider not found; error: Placement Client Error (4xx): {"errors": [{"status": 404, "title": "Not Found", "detail": "The resource could not be found.\n\n No resource provider with uuid 0793b450-65f8-4c06-bf34-c669c29e5ec8 found for delete ", "request_id": "req-d33ee759-c361-445f-8636-22a00910f86e"}]} [pid: 8|app: 0|req: 1033/2032] 10.0.0.159 () {32 vars in 726 bytes} [Wed Jun 10 10:58:08 2026] DELETE /v2.0/networks/fa4a8dbd-0e11-4518-b51e-f08d917b25fd => generated 0 bytes in 894 msecs (HTTP/1.1 204) 3 headers in 131 bytes (1 switches on core 0) [pid: 7|app: 0|req: 1000/2033] 199.204.45.35 () {36 vars in 996 bytes} [Wed Jun 10 10:58:08 2026] DELETE /v2.0/ports/c93a04b0-8fa0-4d86-a5a8-28d8d0eb84a4 => generated 0 bytes in 895 msecs (HTTP/1.1 204) 3 headers in 131 bytes (1 switches on core 0)
2026-06-10 10:58:09.011 7 WARNING keystonemiddleware.audit [req-63e971e9-16d0-48fa-84a4-d4ed030512fb req-3af083f2-931c-4fd4-b574-95563d543c69 3797a564d4bb437db3e7f0752bb7e04b 6ac89753199f466a9e901c154a33b882 - - default default] Skipping service tempest-service-431253231 as it have no endpoints. /var/lib/openstack/lib/python3.12/site-packages/pycadf/identifier.py:70: UserWarning: Invalid uuid: neutron. To ensure interoperability, identifiers should be a valid uuid. warnings.warn(('Invalid uuid: %s. To ensure interoperability, '
2026-06-10 10:58:09.042 7 INFO neutron.notifiers.nova [-] Nova event matching ['req-79ddbf8b-022e-4edb-ad42-d3f841918e8e'] response: {'server_uuid': 'c8a7037d-a0f9-476c-9d75-5de44247f4b0', 'name': 'network-vif-deleted', 'tag': 'c93a04b0-8fa0-4d86-a5a8-28d8d0eb84a4', 'status': 'completed', 'code': 200} [pid: 7|app: 0|req: 1001/2034] 10.0.0.187 () {34 vars in 1120 bytes} [Wed Jun 10 10:58:09 2026] GET /v2.0/security-groups?id=87f9a5e9-adc4-4209-935b-6c813147f389&id=cd7946a7-4dbb-443a-8985-6948447527c9&fields=id&fields=name => generated 207 bytes in 41 msecs (HTTP/1.1 200) 4 headers in 157 bytes (1 switches on core 0)
2026-06-10 10:58:09.387 8 INFO neutron_taas.services.taas.taas_plugin [None req-9cf5397f-d24f-4e3d-8436-72bf1ba73e11 24d725c3ea2948e89b7f6eca942affa1 ea2790ce51144f2cad0c528e05fdb3e3 - - default default] TaaS: Handle Delete Port: 7741d2a9-6593-4403-9bc3-84e6b59ab619
2026-06-10 10:58:09.390 8 INFO neutron_taas.services.taas.tap_mirror_plugin [None req-9cf5397f-d24f-4e3d-8436-72bf1ba73e11 24d725c3ea2948e89b7f6eca942affa1 ea2790ce51144f2cad0c528e05fdb3e3 - - default default] Tap Mirror: Handle Delete Port: 7741d2a9-6593-4403-9bc3-84e6b59ab619
2026-06-10 10:58:09.457 7 WARNING neutron.scheduler.dhcp_agent_scheduler [None req-813a60a7-914c-44f5-bcb7-e32a3d11cb0c 806eb53289a3455dacbb41934f521d90 69fd40acf54b45208685ce0b939bb68f - - default default] No more DHCP agents
2026-06-10 10:58:09.459 7 WARNING neutron.api.rpc.agentnotifiers.dhcp_rpc_agent_api [None req-813a60a7-914c-44f5-bcb7-e32a3d11cb0c 806eb53289a3455dacbb41934f521d90 69fd40acf54b45208685ce0b939bb68f - - default default] Unable to schedule network 046f8b2b-099d-46fc-af33-178fb86bacf8: no agents available; will retry on subsequent port and subnet creation events.
2026-06-10 10:58:09.547 7 INFO neutron.plugins.ml2.drivers.ovn.mech_driver.mech_driver [None req-ca4aed13-c491-405f-8ba6-c197e59302d8 - - - - - -] OVN reports status down for port: 1962f9c0-7845-459f-a471-a9af1ab09e24
2026-06-10 10:58:09.716 7 INFO neutron.db.ovn_revision_numbers_db [None req-813a60a7-914c-44f5-bcb7-e32a3d11cb0c 806eb53289a3455dacbb41934f521d90 69fd40acf54b45208685ce0b939bb68f - - default default] Successfully bumped revision number for resource 1962f9c0-7845-459f-a471-a9af1ab09e24 (type: ports) to 1 [pid: 8|app: 0|req: 1034/2035] 10.0.0.159 () {32 vars in 724 bytes} [Wed Jun 10 10:58:08 2026] DELETE /v2.0/routers/84359577-7914-4b07-8f72-7d259f420ee8 => generated 0 bytes in 1224 msecs (HTTP/1.1 204) 2 headers in 112 bytes (1 switches on core 0)
2026-06-10 10:58:10.253 8 INFO neutron_taas.services.taas.taas_plugin [None req-3a28f37d-8488-4ef5-926b-d689221eda6d 737507d9e5b442ee81177f6a37487d67 1c6786a3b6c34537bcfdaa646cecec2b - - default default] TaaS: Handle Delete Port: a2c658a5-9369-4428-bd38-4ef2704d2296
2026-06-10 10:58:10.256 8 INFO neutron_taas.services.taas.tap_mirror_plugin [None req-3a28f37d-8488-4ef5-926b-d689221eda6d 737507d9e5b442ee81177f6a37487d67 1c6786a3b6c34537bcfdaa646cecec2b - - default default] Tap Mirror: Handle Delete Port: a2c658a5-9369-4428-bd38-4ef2704d2296
2026-06-10 10:58:10.768 8 INFO neutron.services.segments.plugin [-] Segment 4593ec7e-1c8b-448e-8396-e7e16d48cf07 resource provider aggregate not found
2026-06-10 10:58:10.778 8 INFO neutron.services.segments.plugin [-] Segment 4593ec7e-1c8b-448e-8396-e7e16d48cf07 resource provider aggregate not found
2026-06-10 10:58:10.790 8 INFO neutron.services.segments.plugin [-] Segment 4593ec7e-1c8b-448e-8396-e7e16d48cf07 resource provider not found; error: Placement Client Error (4xx): {"errors": [{"status": 404, "title": "Not Found", "detail": "The resource could not be found.\n\n No resource provider with uuid 4593ec7e-1c8b-448e-8396-e7e16d48cf07 found for delete ", "request_id": "req-1e67175c-43dc-4f4a-8c69-0225f023737c"}]}
2026-06-10 10:58:10.794 8 INFO neutron.services.segments.plugin [-] Segment 4593ec7e-1c8b-448e-8396-e7e16d48cf07 resource provider not found; error: Placement Client Error (4xx): {"errors": [{"status": 404, "title": "Not Found", "detail": "The resource could not be found.\n\n No resource provider with uuid 4593ec7e-1c8b-448e-8396-e7e16d48cf07 found for delete ", "request_id": "req-bc64444e-4ef8-4fd5-b0a7-3cedbd51e390"}]} [pid: 8|app: 0|req: 1035/2036] 10.0.0.159 () {32 vars in 726 bytes} [Wed Jun 10 10:58:10 2026] DELETE /v2.0/networks/43ba4c8a-8e5e-4f8d-b36c-b066eb2f314c => generated 0 bytes in 756 msecs (HTTP/1.1 204) 3 headers in 131 bytes (1 switches on core 0)
2026-06-10 10:58:10.886 8 WARNING keystonemiddleware.audit [None req-3a28f37d-8488-4ef5-926b-d689221eda6d 737507d9e5b442ee81177f6a37487d67 1c6786a3b6c34537bcfdaa646cecec2b - - default default] Skipping service tempest-service-431253231 as it have no endpoints. [pid: 8|app: 0|req: 1036/2037] 10.0.0.187 () {34 vars in 990 bytes} [Wed Jun 10 10:58:10 2026] GET /v2.0/ports?device_id=c8a7037d-a0f9-476c-9d75-5de44247f4b0 => generated 12 bytes in 19 msecs (HTTP/1.1 200) 4 headers in 156 bytes (1 switches on core 0)
2026-06-10 10:58:11.004 7 INFO neutron.plugins.ml2.drivers.ovn.mech_driver.mech_driver [None req-ca4aed13-c491-405f-8ba6-c197e59302d8 - - - - - -] OVN reports status up for port: 1962f9c0-7845-459f-a471-a9af1ab09e24
2026-06-10 10:58:11.037 7 INFO neutron.plugins.ml2.plugin [None req-ca4aed13-c491-405f-8ba6-c197e59302d8 - - - - - -] Attempt 1 to provision port 1962f9c0-7845-459f-a471-a9af1ab09e24
2026-06-10 10:58:11.145 7 WARNING neutron.scheduler.dhcp_agent_scheduler [None req-813a60a7-914c-44f5-bcb7-e32a3d11cb0c 806eb53289a3455dacbb41934f521d90 69fd40acf54b45208685ce0b939bb68f - - default default] No more DHCP agents
2026-06-10 10:58:11.147 7 WARNING neutron.api.rpc.agentnotifiers.dhcp_rpc_agent_api [None req-813a60a7-914c-44f5-bcb7-e32a3d11cb0c 806eb53289a3455dacbb41934f521d90 69fd40acf54b45208685ce0b939bb68f - - default default] Unable to schedule network 046f8b2b-099d-46fc-af33-178fb86bacf8: no agents available; will retry on subsequent port and subnet creation events. [pid: 8|app: 0|req: 1037/2038] 10.0.0.159 () {32 vars in 724 bytes} [Wed Jun 10 10:58:10 2026] DELETE /v2.0/subnets/b2935301-791f-4973-aab1-39792de95dc7 => generated 0 bytes in 366 msecs (HTTP/1.1 204) 3 headers in 131 bytes (1 switches on core 0)
2026-06-10 10:58:11.408 8 INFO neutron_taas.services.taas.taas_plugin [None req-891cb55a-010a-4c6a-8b71-8d15f72833fd 737507d9e5b442ee81177f6a37487d67 1c6786a3b6c34537bcfdaa646cecec2b - - default default] TaaS: Handle Delete Port: bb48c99b-ce0a-496e-a945-fc91c2d7ae78
2026-06-10 10:58:11.411 8 INFO neutron_taas.services.taas.tap_mirror_plugin [None req-891cb55a-010a-4c6a-8b71-8d15f72833fd 737507d9e5b442ee81177f6a37487d67 1c6786a3b6c34537bcfdaa646cecec2b - - default default] Tap Mirror: Handle Delete Port: bb48c99b-ce0a-496e-a945-fc91c2d7ae78
2026-06-10 10:58:11.463 7 INFO neutron.db.ovn_revision_numbers_db [None req-813a60a7-914c-44f5-bcb7-e32a3d11cb0c 806eb53289a3455dacbb41934f521d90 69fd40acf54b45208685ce0b939bb68f - - default default] Successfully bumped revision number for resource 1962f9c0-7845-459f-a471-a9af1ab09e24 (type: router_ports) to 1 [pid: 7|app: 0|req: 1002/2039] 10.0.0.159 () {34 vars in 783 bytes} [Wed Jun 10 10:58:09 2026] PUT /v2.0/routers/16a82ac6-996c-4ba3-a044-e68547ede7ea/add_router_interface => generated 309 bytes in 2424 msecs (HTTP/1.1 200) 4 headers in 157 bytes (1 switches on core 0)
2026-06-10 10:58:11.703 7 INFO neutron_taas.services.taas.taas_plugin [None req-2b098916-ed53-4ffc-a55b-7966d217db15 24d725c3ea2948e89b7f6eca942affa1 ea2790ce51144f2cad0c528e05fdb3e3 - - default default] TaaS: Handle Delete Port: bf99f88e-29ba-43e1-81cc-adf3c971a3e6
2026-06-10 10:58:11.710 7 INFO neutron_taas.services.taas.tap_mirror_plugin [None req-2b098916-ed53-4ffc-a55b-7966d217db15 24d725c3ea2948e89b7f6eca942affa1 ea2790ce51144f2cad0c528e05fdb3e3 - - default default] Tap Mirror: Handle Delete Port: bf99f88e-29ba-43e1-81cc-adf3c971a3e6 [pid: 8|app: 0|req: 1038/2040] 10.0.0.159 () {32 vars in 726 bytes} [Wed Jun 10 10:58:11 2026] DELETE /v2.0/networks/470b8c58-681b-4758-b2ab-b5df3e328c54 => generated 0 bytes in 484 msecs (HTTP/1.1 204) 3 headers in 131 bytes (1 switches on core 0) [pid: 8|app: 0|req: 1039/2041] 10.0.0.159 () {32 vars in 717 bytes} [Wed Jun 10 10:58:11 2026] GET /v2.0/ports/1962f9c0-7845-459f-a471-a9af1ab09e24 => generated 947 bytes in 73 msecs (HTTP/1.1 200) 4 headers in 157 bytes (1 switches on core 0)
2026-06-10 10:58:11.940 7 INFO neutron.db.ovn_revision_numbers_db [None req-ca4aed13-c491-405f-8ba6-c197e59302d8 - - - - - -] Successfully bumped revision number for resource 1962f9c0-7845-459f-a471-a9af1ab09e24 (type: ports) to 2
2026-06-10 10:58:11.972 8 INFO neutron_taas.services.taas.taas_plugin [None req-36bcc8aa-4aa5-4bbe-bef6-1742e4bd57d6 737507d9e5b442ee81177f6a37487d67 1c6786a3b6c34537bcfdaa646cecec2b - - default default] TaaS: Handle Delete Port: 50ee795c-3819-4a8a-99d7-14c2bbcd4a9b
2026-06-10 10:58:11.976 8 INFO neutron_taas.services.taas.tap_mirror_plugin [None req-36bcc8aa-4aa5-4bbe-bef6-1742e4bd57d6 737507d9e5b442ee81177f6a37487d67 1c6786a3b6c34537bcfdaa646cecec2b - - default default] Tap Mirror: Handle Delete Port: 50ee795c-3819-4a8a-99d7-14c2bbcd4a9b
2026-06-10 10:58:12.079 7 INFO neutron.services.segments.plugin [-] Segment a7f9236c-d96a-4f02-bea1-e4eaac798a57 resource provider aggregate not found
2026-06-10 10:58:12.081 7 INFO neutron.services.segments.plugin [-] Segment a7f9236c-d96a-4f02-bea1-e4eaac798a57 resource provider aggregate not found
2026-06-10 10:58:12.107 7 INFO neutron.services.segments.plugin [-] Segment a7f9236c-d96a-4f02-bea1-e4eaac798a57 resource provider not found; error: Placement Client Error (4xx): {"errors": [{"status": 404, "title": "Not Found", "detail": "The resource could not be found.\n\n No resource provider with uuid a7f9236c-d96a-4f02-bea1-e4eaac798a57 found for delete ", "request_id": "req-35a804cd-8f20-4668-8902-93de61abbef6"}]}
2026-06-10 10:58:12.108 7 INFO neutron.services.segments.plugin [-] Segment a7f9236c-d96a-4f02-bea1-e4eaac798a57 resource provider not found; error: Placement Client Error (4xx): {"errors": [{"status": 404, "title": "Not Found", "detail": "The resource could not be found.\n\n No resource provider with uuid a7f9236c-d96a-4f02-bea1-e4eaac798a57 found for delete ", "request_id": "req-c778544b-036f-4189-9422-b870c1864d5c"}]} [pid: 7|app: 0|req: 1003/2042] 10.0.0.159 () {32 vars in 726 bytes} [Wed Jun 10 10:58:11 2026] DELETE /v2.0/networks/79826170-3818-4294-999f-e943d1e469e8 => generated 0 bytes in 710 msecs (HTTP/1.1 204) 3 headers in 131 bytes (1 switches on core 0) [pid: 8|app: 0|req: 1040/2043] 10.0.0.159 () {32 vars in 726 bytes} [Wed Jun 10 10:58:11 2026] DELETE /v2.0/networks/5812b7b3-6bc5-46ee-8f08-b4080c87e126 => generated 0 bytes in 471 msecs (HTTP/1.1 204) 3 headers in 131 bytes (1 switches on core 0)
2026-06-10 10:58:12.301 8 WARNING keystonemiddleware.audit [None req-36bcc8aa-4aa5-4bbe-bef6-1742e4bd57d6 737507d9e5b442ee81177f6a37487d67 1c6786a3b6c34537bcfdaa646cecec2b - - default default] Skipping service tempest-service-431253231 as it have no endpoints. [pid: 8|app: 0|req: 1041/2044] 10.0.0.187 () {34 vars in 990 bytes} [Wed Jun 10 10:58:12 2026] GET /v2.0/ports?device_id=c8a7037d-a0f9-476c-9d75-5de44247f4b0 => generated 12 bytes in 16 msecs (HTTP/1.1 200) 4 headers in 156 bytes (1 switches on core 0) [pid: 8|app: 0|req: 1042/2045] 10.0.0.159 () {32 vars in 774 bytes} [Wed Jun 10 10:58:12 2026] GET /v2.0/security-groups?tenant_id=14a1c68f8bdd4123afc5a4daa868785e&name=default => generated 2925 bytes in 37 msecs (HTTP/1.1 200) 4 headers in 158 bytes (1 switches on core 0)
2026-06-10 10:58:12.679 7 WARNING neutron.scheduler.dhcp_agent_scheduler [None req-93b3525e-824e-478b-93a9-e893b7f9afae 806eb53289a3455dacbb41934f521d90 69fd40acf54b45208685ce0b939bb68f - - default default] No more DHCP agents
2026-06-10 10:58:12.680 7 WARNING neutron.api.rpc.agentnotifiers.dhcp_rpc_agent_api [None req-93b3525e-824e-478b-93a9-e893b7f9afae 806eb53289a3455dacbb41934f521d90 69fd40acf54b45208685ce0b939bb68f - - default default] Unable to schedule network 091566ad-2e2f-4820-a222-884f0f0b6f8b: no agents available; will retry on subsequent port and subnet creation events.
2026-06-10 10:58:12.819 8 INFO neutron.services.segments.plugin [-] Segment 27193619-81bb-4b41-a377-b7d88b2be161 resource provider aggregate not found
2026-06-10 10:58:12.831 8 INFO neutron.services.segments.plugin [-] Segment 27193619-81bb-4b41-a377-b7d88b2be161 resource provider aggregate not found
2026-06-10 10:58:12.843 8 INFO neutron.services.segments.plugin [-] Segment 27193619-81bb-4b41-a377-b7d88b2be161 resource provider not found; error: Placement Client Error (4xx): {"errors": [{"status": 404, "title": "Not Found", "detail": "The resource could not be found.\n\n No resource provider with uuid 27193619-81bb-4b41-a377-b7d88b2be161 found for delete ", "request_id": "req-4ec1f16e-0f33-4ddc-834f-30c147588dcc"}]}
2026-06-10 10:58:12.848 8 INFO neutron.services.segments.plugin [-] Segment 27193619-81bb-4b41-a377-b7d88b2be161 resource provider not found; error: Placement Client Error (4xx): {"errors": [{"status": 404, "title": "Not Found", "detail": "The resource could not be found.\n\n No resource provider with uuid 27193619-81bb-4b41-a377-b7d88b2be161 found for delete ", "request_id": "req-15e7db96-fddc-4972-9789-26a06d62d1a5"}]}
2026-06-10 10:58:12.860 8 INFO neutron.services.segments.plugin [-] Segment 8e808a2f-7adb-41df-8d46-39c435f358b2 resource provider aggregate not found
2026-06-10 10:58:12.863 8 INFO neutron.services.segments.plugin [-] Segment 8e808a2f-7adb-41df-8d46-39c435f358b2 resource provider aggregate not found
2026-06-10 10:58:12.881 8 INFO neutron.services.segments.plugin [-] Segment 8e808a2f-7adb-41df-8d46-39c435f358b2 resource provider not found; error: Placement Client Error (4xx): {"errors": [{"status": 404, "title": "Not Found", "detail": "The resource could not be found.\n\n No resource provider with uuid 8e808a2f-7adb-41df-8d46-39c435f358b2 found for delete ", "request_id": "req-cf7fb760-a38b-41b7-b686-596a816c9868"}]}
2026-06-10 10:58:12.883 8 INFO neutron.services.segments.plugin [-] Segment 8e808a2f-7adb-41df-8d46-39c435f358b2 resource provider not found; error: Placement Client Error (4xx): {"errors": [{"status": 404, "title": "Not Found", "detail": "The resource could not be found.\n\n No resource provider with uuid 8e808a2f-7adb-41df-8d46-39c435f358b2 found for delete ", "request_id": "req-eb06dd70-f646-4121-853b-6f765bc583e1"}]}
2026-06-10 10:58:12.903 7 INFO neutron.db.ovn_revision_numbers_db [None req-93b3525e-824e-478b-93a9-e893b7f9afae 806eb53289a3455dacbb41934f521d90 69fd40acf54b45208685ce0b939bb68f - - default default] Successfully bumped revision number for resource 50f19ea8-c15b-438b-b36b-0aeacaa5fabb (type: ports) to 1 [pid: 8|app: 0|req: 1043/2046] 10.0.0.159 () {32 vars in 740 bytes} [Wed Jun 10 10:58:12 2026] DELETE /v2.0/security-groups/57ccc21e-fc02-4c28-8183-36dc5b5516dd => generated 0 bytes in 446 msecs (HTTP/1.1 204) 2 headers in 112 bytes (1 switches on core 0)
2026-06-10 10:58:13.715 7 WARNING neutron.scheduler.dhcp_agent_scheduler [None req-93b3525e-824e-478b-93a9-e893b7f9afae 806eb53289a3455dacbb41934f521d90 69fd40acf54b45208685ce0b939bb68f - - default default] No more DHCP agents
2026-06-10 10:58:13.716 7 WARNING neutron.api.rpc.agentnotifiers.dhcp_rpc_agent_api [None req-93b3525e-824e-478b-93a9-e893b7f9afae 806eb53289a3455dacbb41934f521d90 69fd40acf54b45208685ce0b939bb68f - - default default] Unable to schedule network 091566ad-2e2f-4820-a222-884f0f0b6f8b: no agents available; will retry on subsequent port and subnet creation events.
2026-06-10 10:58:13.951 8 INFO neutron.db.ovn_revision_numbers_db [None req-8540dc97-aaf5-4617-8614-b3c78423e917 24d725c3ea2948e89b7f6eca942affa1 ea2790ce51144f2cad0c528e05fdb3e3 - - default default] Successfully bumped revision number for resource 4b5aa7f7-3b91-417b-92ac-9fdec2661552 (type: security_groups) to 1
2026-06-10 10:58:13.971 8 INFO neutron.db.ovn_revision_numbers_db [None req-8540dc97-aaf5-4617-8614-b3c78423e917 24d725c3ea2948e89b7f6eca942affa1 ea2790ce51144f2cad0c528e05fdb3e3 - - default default] Successfully bumped revision number for resource 0b4a819d-7cfe-4a9c-b810-760488d14d9b (type: security_group_rules) to 0
2026-06-10 10:58:13.994 8 INFO neutron.db.ovn_revision_numbers_db [None req-8540dc97-aaf5-4617-8614-b3c78423e917 24d725c3ea2948e89b7f6eca942affa1 ea2790ce51144f2cad0c528e05fdb3e3 - - default default] Successfully bumped revision number for resource 0bc4d058-ee6c-42a9-8388-c79ded154459 (type: security_group_rules) to 0
2026-06-10 10:58:14.013 8 INFO neutron.db.ovn_revision_numbers_db [None req-8540dc97-aaf5-4617-8614-b3c78423e917 24d725c3ea2948e89b7f6eca942affa1 ea2790ce51144f2cad0c528e05fdb3e3 - - default default] Successfully bumped revision number for resource 2a86e248-4f85-4ba7-bc8b-7995e77ed1d3 (type: security_group_rules) to 0
2026-06-10 10:58:14.028 7 INFO neutron.db.ovn_revision_numbers_db [None req-93b3525e-824e-478b-93a9-e893b7f9afae 806eb53289a3455dacbb41934f521d90 69fd40acf54b45208685ce0b939bb68f - - default default] Successfully bumped revision number for resource 50f19ea8-c15b-438b-b36b-0aeacaa5fabb (type: router_ports) to 1 [pid: 7|app: 0|req: 1004/2047] 10.0.0.159 () {34 vars in 783 bytes} [Wed Jun 10 10:58:12 2026] PUT /v2.0/routers/16a82ac6-996c-4ba3-a044-e68547ede7ea/add_router_interface => generated 309 bytes in 1850 msecs (HTTP/1.1 200) 4 headers in 157 bytes (1 switches on core 0)
2026-06-10 10:58:14.042 7 WARNING keystonemiddleware.audit [None req-93b3525e-824e-478b-93a9-e893b7f9afae 806eb53289a3455dacbb41934f521d90 69fd40acf54b45208685ce0b939bb68f - - default default] Skipping service tempest-service-431253231 as it have no endpoints.
2026-06-10 10:58:14.045 8 INFO neutron.db.ovn_revision_numbers_db [None req-8540dc97-aaf5-4617-8614-b3c78423e917 24d725c3ea2948e89b7f6eca942affa1 ea2790ce51144f2cad0c528e05fdb3e3 - - default default] Successfully bumped revision number for resource ca49e2f7-c12e-4f13-a2d0-fb66d323cd9e (type: security_group_rules) to 0 [pid: 8|app: 0|req: 1044/2050] 10.0.0.159 () {32 vars in 774 bytes} [Wed Jun 10 10:58:13 2026] GET /v2.0/security-groups?tenant_id=7b39a28eb6894a3c938d197bd52bbc1f&name=default => generated 2925 bytes in 713 msecs (HTTP/1.1 200) 4 headers in 158 bytes (1 switches on core 0) [pid: 8|app: 0|req: 1045/2051] 10.0.0.159 () {32 vars in 717 bytes} [Wed Jun 10 10:58:14 2026] GET /v2.0/ports/50f19ea8-c15b-438b-b36b-0aeacaa5fabb => generated 953 bytes in 78 msecs (HTTP/1.1 200) 4 headers in 157 bytes (1 switches on core 0) [pid: 7|app: 0|req: 1007/2052] 10.0.0.159 () {32 vars in 740 bytes} [Wed Jun 10 10:58:14 2026] DELETE /v2.0/security-groups/cd7946a7-4dbb-443a-8985-6948447527c9 => generated 0 bytes in 245 msecs (HTTP/1.1 204) 2 headers in 112 bytes (1 switches on core 0) [pid: 7|app: 0|req: 1008/2053] 10.0.0.159 () {32 vars in 717 bytes} [Wed Jun 10 10:58:14 2026] GET /v2.0/ports/50f19ea8-c15b-438b-b36b-0aeacaa5fabb => generated 953 bytes in 80 msecs (HTTP/1.1 200) 4 headers in 157 bytes (1 switches on core 0)
2026-06-10 10:58:14.368 7 WARNING keystonemiddleware.audit [None req-b3d1df23-7f6e-4c43-9393-5c8e3638ddd7 806eb53289a3455dacbb41934f521d90 69fd40acf54b45208685ce0b939bb68f - - default default] Skipping service tempest-service-431253231 as it have no endpoints.
