2026-06-10 10:55:26.777 8 INFO neutron.db.ovn_revision_numbers_db [None req-be99525e-03d1-4c55-b152-62b15c19dcd8 e99bab421d8b4423b812ee256281529d 57f5b32833f143528c62f76792cf80bc - - default default] Successfully bumped revision number for resource 5b7ffbcd-fc5a-4573-a9d9-1c1c330ced2a (type: ports) to 1 [pid: 7|app: 0|req: 600/1204] 10.0.0.159 () {32 vars in 724 bytes} [Wed Jun 10 10:55:26 2026] DELETE /v2.0/subnets/4656e41d-97d6-45b6-97d5-6da1e456fa53 => generated 0 bytes in 214 msecs (HTTP/1.1 204) 3 headers in 131 bytes (1 switches on core 0) [pid: 8|app: 0|req: 605/1205] 10.0.0.159 () {34 vars in 665 bytes} [Wed Jun 10 10:55:26 2026] POST /v2.0/ports => generated 778 bytes in 537 msecs (HTTP/1.1 201) 4 headers in 162 bytes (1 switches on core 0) /var/lib/openstack/lib/python3.12/site-packages/pycadf/identifier.py:70: UserWarning: Invalid uuid: neutron. To ensure interoperability, identifiers should be a valid uuid. warnings.warn(('Invalid uuid: %s. To ensure interoperability, '
2026-06-10 10:55:27.021 8 INFO neutron_taas.services.taas.taas_plugin [None req-965e6fb1-e34e-490b-b1c5-43a6a990ca6e 24d725c3ea2948e89b7f6eca942affa1 ea2790ce51144f2cad0c528e05fdb3e3 - - default default] TaaS: Handle Delete Port: b043abc0-2fdf-4ec2-ae87-5a7c5be3b1cb
2026-06-10 10:55:27.024 8 INFO neutron_taas.services.taas.tap_mirror_plugin [None req-965e6fb1-e34e-490b-b1c5-43a6a990ca6e 24d725c3ea2948e89b7f6eca942affa1 ea2790ce51144f2cad0c528e05fdb3e3 - - default default] Tap Mirror: Handle Delete Port: b043abc0-2fdf-4ec2-ae87-5a7c5be3b1cb [pid: 7|app: 0|req: 601/1206] 10.0.0.159 () {32 vars in 740 bytes} [Wed Jun 10 10:55:26 2026] DELETE /v2.0/security-groups/671f3a88-4ffc-4f2a-9873-3b70a438462f => generated 0 bytes in 312 msecs (HTTP/1.1 204) 2 headers in 112 bytes (1 switches on core 0)
2026-06-10 10:55:27.231 8 INFO neutron.services.segments.plugin [-] Segment 48dc0b45-23c2-46d5-9280-f2beca76fbbc resource provider aggregate not found
2026-06-10 10:55:27.238 8 INFO neutron.services.segments.plugin [-] Segment 48dc0b45-23c2-46d5-9280-f2beca76fbbc resource provider aggregate not found
2026-06-10 10:55:27.262 8 INFO neutron.services.segments.plugin [-] Segment 48dc0b45-23c2-46d5-9280-f2beca76fbbc resource provider not found; error: Placement Client Error (4xx): {"errors": [{"status": 404, "title": "Not Found", "detail": "The resource could not be found.\n\n No resource provider with uuid 48dc0b45-23c2-46d5-9280-f2beca76fbbc found for delete ", "request_id": "req-74e50462-c6d4-473d-bd86-a53e87b9c282"}]}
2026-06-10 10:55:27.264 8 INFO neutron.services.segments.plugin [-] Segment 48dc0b45-23c2-46d5-9280-f2beca76fbbc resource provider not found; error: Placement Client Error (4xx): {"errors": [{"status": 404, "title": "Not Found", "detail": "The resource could not be found.\n\n No resource provider with uuid 48dc0b45-23c2-46d5-9280-f2beca76fbbc found for delete ", "request_id": "req-010ce088-9108-4456-8e4f-e0ca4dbf57b3"}]} [pid: 8|app: 0|req: 606/1207] 10.0.0.159 () {32 vars in 726 bytes} [Wed Jun 10 10:55:26 2026] DELETE /v2.0/networks/954c5fc4-ed07-44e0-b06b-7256e99fdc21 => generated 0 bytes in 445 msecs (HTTP/1.1 204) 3 headers in 131 bytes (1 switches on core 0)
2026-06-10 10:55:27.404 8 INFO neutron.plugins.ml2.drivers.ovn.mech_driver.mech_driver [None req-ae60fa8a-362f-4b10-9423-319d2a01630a - - - - - -] OVN reports status down for port: 5b7ffbcd-fc5a-4573-a9d9-1c1c330ced2a
2026-06-10 10:55:27.468 7 INFO neutron.db.ovn_revision_numbers_db [None req-20877b4e-d383-4f60-a848-1e6df2cb039b e99bab421d8b4423b812ee256281529d 57f5b32833f143528c62f76792cf80bc - - default default] Successfully bumped revision number for resource 5b7ffbcd-fc5a-4573-a9d9-1c1c330ced2a (type: ports) to 2 [pid: 7|app: 0|req: 602/1208] 10.0.0.159 () {34 vars in 737 bytes} [Wed Jun 10 10:55:27 2026] PUT /v2.0/ports/5b7ffbcd-fc5a-4573-a9d9-1c1c330ced2a => generated 752 bytes in 418 msecs (HTTP/1.1 200) 4 headers in 157 bytes (1 switches on core 0) /var/lib/openstack/lib/python3.12/site-packages/pycadf/identifier.py:70: UserWarning: Invalid uuid: neutron. To ensure interoperability, identifiers should be a valid uuid. warnings.warn(('Invalid uuid: %s. To ensure interoperability, ' [pid: 7|app: 0|req: 603/1209] 10.0.0.159 () {32 vars in 774 bytes} [Wed Jun 10 10:55:27 2026] GET /v2.0/security-groups?tenant_id=fc2ff1cb25ea4c6fb1494a3f927f7475&name=default => generated 2925 bytes in 35 msecs (HTTP/1.1 200) 4 headers in 158 bytes (1 switches on core 0)
2026-06-10 10:55:27.651 8 INFO neutron_taas.services.taas.taas_plugin [None req-72df24c0-fb2a-4e86-a390-829496bd69f1 e99bab421d8b4423b812ee256281529d 57f5b32833f143528c62f76792cf80bc - - default default] TaaS: Handle Delete Port: 5b7ffbcd-fc5a-4573-a9d9-1c1c330ced2a
2026-06-10 10:55:27.656 8 INFO neutron_taas.services.taas.tap_mirror_plugin [None req-72df24c0-fb2a-4e86-a390-829496bd69f1 e99bab421d8b4423b812ee256281529d 57f5b32833f143528c62f76792cf80bc - - default default] Tap Mirror: Handle Delete Port: 5b7ffbcd-fc5a-4573-a9d9-1c1c330ced2a [pid: 8|app: 0|req: 607/1210] 10.0.0.159 () {32 vars in 720 bytes} [Wed Jun 10 10:55:27 2026] DELETE /v2.0/ports/5b7ffbcd-fc5a-4573-a9d9-1c1c330ced2a => generated 0 bytes in 345 msecs (HTTP/1.1 204) 3 headers in 131 bytes (1 switches on core 0) [pid: 8|app: 0|req: 608/1211] 10.0.0.159 () {32 vars in 643 bytes} [Wed Jun 10 10:55:27 2026] GET /v2.0/ports => generated 1537 bytes in 75 msecs (HTTP/1.1 200) 4 headers in 158 bytes (1 switches on core 0)
2026-06-10 10:55:27.972 8 INFO neutron.pecan_wsgi.hooks.translation [None req-da4ecf7e-1e07-4beb-960b-826d11928db1 e99bab421d8b4423b812ee256281529d 57f5b32833f143528c62f76792cf80bc - - default default] GET failed (client error): The resource could not be found. [pid: 8|app: 0|req: 609/1212] 10.0.0.159 () {32 vars in 717 bytes} [Wed Jun 10 10:55:27 2026] GET /v2.0/ports/5b7ffbcd-fc5a-4573-a9d9-1c1c330ced2a => generated 132 bytes in 17 msecs (HTTP/1.1 404) 4 headers in 164 bytes (1 switches on core 0) [pid: 8|app: 0|req: 610/1213] 10.0.0.159 () {32 vars in 643 bytes} [Wed Jun 10 10:55:27 2026] GET /v2.0/ports => generated 1537 bytes in 64 msecs (HTTP/1.1 200) 4 headers in 158 bytes (1 switches on core 0) [pid: 8|app: 0|req: 611/1214] 10.0.0.159 () {32 vars in 717 bytes} [Wed Jun 10 10:55:28 2026] GET /v2.0/ports/e05007fe-9213-448e-80ce-3d8ff844a51b => generated 778 bytes in 34 msecs (HTTP/1.1 200) 4 headers in 157 bytes (1 switches on core 0)
2026-06-10 10:55:28.104 8 INFO neutron.pecan_wsgi.hooks.translation [None req-93215a8a-0912-421a-89ca-e5792cdf49f8 e99bab421d8b4423b812ee256281529d 57f5b32833f143528c62f76792cf80bc - - default default] DELETE failed (client error): The resource could not be found. [pid: 8|app: 0|req: 612/1215] 10.0.0.159 () {32 vars in 720 bytes} [Wed Jun 10 10:55:28 2026] DELETE /v2.0/ports/6386628c-a465-4c44-87e5-81e5e72e5c05 => generated 132 bytes in 12 msecs (HTTP/1.1 404) 4 headers in 164 bytes (1 switches on core 0)
2026-06-10 10:55:28.120 8 INFO neutron.pecan_wsgi.hooks.translation [None req-15c929b4-2a31-4244-a7b3-a1cec09978c0 e99bab421d8b4423b812ee256281529d 57f5b32833f143528c62f76792cf80bc - - default default] DELETE failed (client error): The resource could not be found. [pid: 8|app: 0|req: 613/1216] 10.0.0.159 () {32 vars in 724 bytes} [Wed Jun 10 10:55:28 2026] DELETE /v2.0/subnets/396468bb-7550-46c7-978b-e17c2e7d9d16 => generated 136 bytes in 11 msecs (HTTP/1.1 404) 4 headers in 164 bytes (1 switches on core 0)
2026-06-10 10:55:28.135 8 INFO neutron.pecan_wsgi.hooks.translation [None req-3f206467-84cb-4008-935e-e03d3f4ed2b4 e99bab421d8b4423b812ee256281529d 57f5b32833f143528c62f76792cf80bc - - default default] DELETE failed (client error): The resource could not be found. [pid: 8|app: 0|req: 614/1217] 10.0.0.159 () {32 vars in 724 bytes} [Wed Jun 10 10:55:28 2026] DELETE /v2.0/subnets/dd18705a-fb99-4b51-82bb-620f900549bd => generated 136 bytes in 11 msecs (HTTP/1.1 404) 4 headers in 164 bytes (1 switches on core 0) [pid: 7|app: 0|req: 604/1218] 10.0.0.159 () {32 vars in 740 bytes} [Wed Jun 10 10:55:27 2026] DELETE /v2.0/security-groups/ec6f499f-1109-482e-8e32-b5e860b6ad6a => generated 0 bytes in 615 msecs (HTTP/1.1 204) 2 headers in 112 bytes (1 switches on core 0)
2026-06-10 10:55:28.258 8 INFO neutron_taas.services.taas.taas_plugin [None req-25eae34a-983e-479e-8723-af56b5ff67f2 e99bab421d8b4423b812ee256281529d 57f5b32833f143528c62f76792cf80bc - - default default] TaaS: Handle Delete Port: e05007fe-9213-448e-80ce-3d8ff844a51b
2026-06-10 10:55:28.261 8 INFO neutron_taas.services.taas.tap_mirror_plugin [None req-25eae34a-983e-479e-8723-af56b5ff67f2 e99bab421d8b4423b812ee256281529d 57f5b32833f143528c62f76792cf80bc - - default default] Tap Mirror: Handle Delete Port: e05007fe-9213-448e-80ce-3d8ff844a51b [pid: 8|app: 0|req: 615/1221] 10.0.0.159 () {32 vars in 720 bytes} [Wed Jun 10 10:55:28 2026] DELETE /v2.0/ports/e05007fe-9213-448e-80ce-3d8ff844a51b => generated 0 bytes in 625 msecs (HTTP/1.1 204) 3 headers in 131 bytes (1 switches on core 0)
2026-06-10 10:55:28.905 7 INFO neutron_taas.services.taas.taas_plugin [None req-b8526bdd-807c-4874-83c6-f592c5244884 e99bab421d8b4423b812ee256281529d 57f5b32833f143528c62f76792cf80bc - - default default] TaaS: Handle Delete Port: 4fdb234a-7bf8-4776-bb72-b500cd1309d7
2026-06-10 10:55:28.908 7 INFO neutron_taas.services.taas.tap_mirror_plugin [None req-b8526bdd-807c-4874-83c6-f592c5244884 e99bab421d8b4423b812ee256281529d 57f5b32833f143528c62f76792cf80bc - - default default] Tap Mirror: Handle Delete Port: 4fdb234a-7bf8-4776-bb72-b500cd1309d7
2026-06-10 10:55:29.239 7 INFO neutron.services.segments.plugin [-] Segment 9ab01aaa-72fe-4415-bc59-34ba4cc2d546 resource provider aggregate not found
2026-06-10 10:55:29.243 7 INFO neutron.services.segments.plugin [-] Segment 9ab01aaa-72fe-4415-bc59-34ba4cc2d546 resource provider aggregate not found
2026-06-10 10:55:29.261 7 INFO neutron.services.segments.plugin [-] Segment 9ab01aaa-72fe-4415-bc59-34ba4cc2d546 resource provider not found; error: Placement Client Error (4xx): {"errors": [{"status": 404, "title": "Not Found", "detail": "The resource could not be found.\n\n No resource provider with uuid 9ab01aaa-72fe-4415-bc59-34ba4cc2d546 found for delete ", "request_id": "req-be5b989e-6a4f-4a22-91e7-ce16a12b2881"}]}
2026-06-10 10:55:29.264 7 INFO neutron.services.segments.plugin [-] Segment 9ab01aaa-72fe-4415-bc59-34ba4cc2d546 resource provider not found; error: Placement Client Error (4xx): {"errors": [{"status": 404, "title": "Not Found", "detail": "The resource could not be found.\n\n No resource provider with uuid 9ab01aaa-72fe-4415-bc59-34ba4cc2d546 found for delete ", "request_id": "req-9b978d78-fad2-4fe9-bc1b-c0e17860d0b7"}]} [pid: 7|app: 0|req: 607/1222] 10.0.0.159 () {32 vars in 726 bytes} [Wed Jun 10 10:55:28 2026] DELETE /v2.0/networks/ce676d39-3679-4f38-948d-6f0a59ffcf3e => generated 0 bytes in 601 msecs (HTTP/1.1 204) 3 headers in 131 bytes (1 switches on core 0) [pid: 8|app: 0|req: 616/1223] 10.0.0.159 () {32 vars in 774 bytes} [Wed Jun 10 10:55:29 2026] GET /v2.0/security-groups?tenant_id=57f5b32833f143528c62f76792cf80bc&name=default => generated 2925 bytes in 338 msecs (HTTP/1.1 200) 4 headers in 158 bytes (1 switches on core 0) [pid: 7|app: 0|req: 608/1224] 10.0.0.159 () {32 vars in 740 bytes} [Wed Jun 10 10:55:30 2026] DELETE /v2.0/security-groups/ad9dcfd5-ee6f-42ae-8c4f-ae38e5901c0c => generated 0 bytes in 452 msecs (HTTP/1.1 204) 2 headers in 112 bytes (1 switches on core 0)
2026-06-10 10:55:30.965 8 INFO neutron.db.ovn_revision_numbers_db [None req-c123cf2c-cf81-46e9-a737-a4f2c26e1fc2 24d725c3ea2948e89b7f6eca942affa1 ea2790ce51144f2cad0c528e05fdb3e3 - - default default] Successfully bumped revision number for resource ec08558b-d0c6-40f0-8c21-d3e9483dea50 (type: security_groups) to 1
2026-06-10 10:55:30.992 8 INFO neutron.db.ovn_revision_numbers_db [None req-c123cf2c-cf81-46e9-a737-a4f2c26e1fc2 24d725c3ea2948e89b7f6eca942affa1 ea2790ce51144f2cad0c528e05fdb3e3 - - default default] Successfully bumped revision number for resource 477f12bd-953a-45aa-ab69-a13833089dd6 (type: security_group_rules) to 0
2026-06-10 10:55:31.060 8 INFO neutron.db.ovn_revision_numbers_db [None req-c123cf2c-cf81-46e9-a737-a4f2c26e1fc2 24d725c3ea2948e89b7f6eca942affa1 ea2790ce51144f2cad0c528e05fdb3e3 - - default default] Successfully bumped revision number for resource 4a80d9ea-a814-4b3d-a168-fde0466f0617 (type: security_group_rules) to 0
2026-06-10 10:55:31.104 8 INFO neutron.db.ovn_revision_numbers_db [None req-c123cf2c-cf81-46e9-a737-a4f2c26e1fc2 24d725c3ea2948e89b7f6eca942affa1 ea2790ce51144f2cad0c528e05fdb3e3 - - default default] Successfully bumped revision number for resource 60f572f1-13f9-4ef6-83e8-4aea4f84e530 (type: security_group_rules) to 0 [pid: 7|app: 0|req: 609/1225] 10.0.0.107 () {28 vars in 599 bytes} [Wed Jun 10 10:55:30 2026] GET /v2.0/security-groups => generated 20301 bytes in 463 msecs (HTTP/1.1 200) 4 headers in 159 bytes (1 switches on core 0)
2026-06-10 10:55:31.147 8 INFO neutron.db.ovn_revision_numbers_db [None req-c123cf2c-cf81-46e9-a737-a4f2c26e1fc2 24d725c3ea2948e89b7f6eca942affa1 ea2790ce51144f2cad0c528e05fdb3e3 - - default default] Successfully bumped revision number for resource ff16ebe4-ed7f-4549-8bb7-0a849b8202ca (type: security_group_rules) to 0 [pid: 7|app: 0|req: 610/1226] 10.0.0.107 () {28 vars in 579 bytes} [Wed Jun 10 10:55:31 2026] GET /v2.0/ports => generated 5171 bytes in 50 msecs (HTTP/1.1 200) 4 headers in 158 bytes (1 switches on core 0)
2026-06-10 10:55:31.223 8 INFO neutron.db.segments_db [None req-c123cf2c-cf81-46e9-a737-a4f2c26e1fc2 24d725c3ea2948e89b7f6eca942affa1 ea2790ce51144f2cad0c528e05fdb3e3 - - default default] Added segment 9660f943-5cd1-4e6e-bc4e-50600966f67f of type geneve for network bf63abe0-d555-4c2e-8941-5d7b7afc3b7d [pid: 7|app: 0|req: 611/1227] 10.0.0.107 () {28 vars in 581 bytes} [Wed Jun 10 10:55:31 2026] GET /v2.0/agents => generated 1214 bytes in 41 msecs (HTTP/1.1 200) 4 headers in 158 bytes (1 switches on core 0) [pid: 7|app: 0|req: 612/1228] 10.0.0.107 () {28 vars in 591 bytes} [Wed Jun 10 10:55:31 2026] GET /v2.0/floatingips => generated 19 bytes in 23 msecs (HTTP/1.1 200) 4 headers in 156 bytes (1 switches on core 0) [pid: 7|app: 0|req: 613/1229] 10.0.0.107 () {28 vars in 583 bytes} [Wed Jun 10 10:55:31 2026] GET /v2.0/subnets => generated 1308 bytes in 39 msecs (HTTP/1.1 200) 4 headers in 158 bytes (1 switches on core 0) [pid: 7|app: 0|req: 614/1230] 10.0.0.107 () {28 vars in 583 bytes} [Wed Jun 10 10:55:31 2026] GET /v2.0/routers => generated 15 bytes in 21 msecs (HTTP/1.1 200) 4 headers in 156 bytes (1 switches on core 0)
2026-06-10 10:55:31.355 8 INFO neutron.db.ovn_revision_numbers_db [None req-c123cf2c-cf81-46e9-a737-a4f2c26e1fc2 24d725c3ea2948e89b7f6eca942affa1 ea2790ce51144f2cad0c528e05fdb3e3 - - default default] Successfully bumped revision number for resource bf63abe0-d555-4c2e-8941-5d7b7afc3b7d (type: networks) to 1 [pid: 7|app: 0|req: 615/1231] 10.0.0.107 () {28 vars in 624 bytes} [Wed Jun 10 10:55:31 2026] GET /v2.0/agents?binary=ovn-controller => generated 416 bytes in 13 msecs (HTTP/1.1 200) 4 headers in 157 bytes (1 switches on core 0) [pid: 7|app: 0|req: 616/1232] 10.0.0.107 () {28 vars in 619 bytes} [Wed Jun 10 10:55:31 2026] GET /v2.0/network-ip-availabilities => generated 1388 bytes in 15 msecs (HTTP/1.1 200) 4 headers in 158 bytes (1 switches on core 0) [pid: 7|app: 0|req: 617/1233] 10.0.0.107 () {28 vars in 585 bytes} [Wed Jun 10 10:55:31 2026] GET /v2.0/networks => generated 3049 bytes in 64 msecs (HTTP/1.1 200) 4 headers in 158 bytes (1 switches on core 0) [pid: 7|app: 0|req: 618/1234] 10.0.0.107 () {28 vars in 583 bytes} [Wed Jun 10 10:55:31 2026] GET /v2.0/subnets => generated 1308 bytes in 33 msecs (HTTP/1.1 200) 4 headers in 158 bytes (1 switches on core 0) [pid: 7|app: 0|req: 619/1235] 10.0.0.107 () {28 vars in 591 bytes} [Wed Jun 10 10:55:31 2026] GET /v2.0/subnetpools => generated 19 bytes in 11 msecs (HTTP/1.1 200) 4 headers in 156 bytes (1 switches on core 0)
2026-06-10 10:55:31.524 8 WARNING neutron.scheduler.dhcp_agent_scheduler [None req-c123cf2c-cf81-46e9-a737-a4f2c26e1fc2 24d725c3ea2948e89b7f6eca942affa1 ea2790ce51144f2cad0c528e05fdb3e3 - - default default] No more DHCP agents
2026-06-10 10:55:31.525 8 WARNING neutron.api.rpc.agentnotifiers.dhcp_rpc_agent_api [None req-c123cf2c-cf81-46e9-a737-a4f2c26e1fc2 24d725c3ea2948e89b7f6eca942affa1 ea2790ce51144f2cad0c528e05fdb3e3 - - default default] Unable to schedule network bf63abe0-d555-4c2e-8941-5d7b7afc3b7d: no agents available; will retry on subsequent port and subnet creation events.
2026-06-10 10:55:31.571 7 INFO neutron.plugins.ml2.drivers.ovn.mech_driver.mech_driver [None req-f1f9a329-a833-4686-a6a8-886bd32d642f - - - - - -] OVN reports status down for port: b3fee6a1-1c63-40d4-a60a-a1ca6e508516
2026-06-10 10:55:31.775 8 INFO neutron.db.ovn_revision_numbers_db [None req-c123cf2c-cf81-46e9-a737-a4f2c26e1fc2 24d725c3ea2948e89b7f6eca942affa1 ea2790ce51144f2cad0c528e05fdb3e3 - - default default] Successfully bumped revision number for resource b3fee6a1-1c63-40d4-a60a-a1ca6e508516 (type: ports) to 1 [pid: 8|app: 0|req: 617/1236] 10.0.0.159 () {34 vars in 671 bytes} [Wed Jun 10 10:55:30 2026] POST /v2.0/networks => generated 766 bytes in 1550 msecs (HTTP/1.1 201) 4 headers in 162 bytes (1 switches on core 0)
2026-06-10 10:55:32.083 7 WARNING neutron.scheduler.dhcp_agent_scheduler [None req-f9c23689-0e7d-40c3-ac53-5fa52529489a 24d725c3ea2948e89b7f6eca942affa1 ea2790ce51144f2cad0c528e05fdb3e3 - - default default] No more DHCP agents
2026-06-10 10:55:32.085 7 WARNING neutron.api.rpc.agentnotifiers.dhcp_rpc_agent_api [None req-f9c23689-0e7d-40c3-ac53-5fa52529489a 24d725c3ea2948e89b7f6eca942affa1 ea2790ce51144f2cad0c528e05fdb3e3 - - default default] Unable to schedule network bf63abe0-d555-4c2e-8941-5d7b7afc3b7d: no agents available; will retry on subsequent port and subnet creation events.
2026-06-10 10:55:32.596 7 INFO neutron.db.ovn_revision_numbers_db [None req-ffb3b8c9-b5a8-447e-b559-ab9e015e0490 - - - - - -] Successfully bumped revision number for resource b3fee6a1-1c63-40d4-a60a-a1ca6e508516 (type: ports) to 2
2026-06-10 10:55:32.679 7 INFO neutron.db.ovn_revision_numbers_db [None req-ffb3b8c9-b5a8-447e-b559-ab9e015e0490 - - - - - -] Successfully bumped revision number for resource cd512776-aa0a-421d-af04-eb78bccd6285 (type: subnets) to 0 [pid: 7|app: 0|req: 620/1237] 10.0.0.159 () {34 vars in 669 bytes} [Wed Jun 10 10:55:31 2026] POST /v2.0/subnets => generated 691 bytes in 865 msecs (HTTP/1.1 201) 4 headers in 162 bytes (1 switches on core 0)
2026-06-10 10:55:33.322 7 INFO neutron.db.ovn_revision_numbers_db [None req-a5925616-c416-499c-a1ba-ed6a51004788 342fee33f5374b6698890fb0accc762d 2b8dbf6b20114a00a25d2beff63607fb - - default default] Successfully bumped revision number for resource 95b6e060-8958-4c5d-95d0-9663906f0a8a (type: security_groups) to 1
2026-06-10 10:55:33.344 8 WARNING neutron.scheduler.dhcp_agent_scheduler [None req-8cf3059f-7a41-4038-a080-03155a47365f 24d725c3ea2948e89b7f6eca942affa1 ea2790ce51144f2cad0c528e05fdb3e3 - - default default] No more DHCP agents
2026-06-10 10:55:33.347 8 WARNING neutron.api.rpc.agentnotifiers.dhcp_rpc_agent_api [None req-8cf3059f-7a41-4038-a080-03155a47365f 24d725c3ea2948e89b7f6eca942affa1 ea2790ce51144f2cad0c528e05fdb3e3 - - default default] Unable to schedule network 62487625-6bce-405d-aeb9-972138074f89: no agents available; will retry on subsequent port and subnet creation events.
2026-06-10 10:55:33.354 7 INFO neutron.db.ovn_revision_numbers_db [None req-a5925616-c416-499c-a1ba-ed6a51004788 342fee33f5374b6698890fb0accc762d 2b8dbf6b20114a00a25d2beff63607fb - - default default] Successfully bumped revision number for resource 1048d053-7d4c-471d-97a2-a65baf060e92 (type: security_group_rules) to 0
2026-06-10 10:55:33.379 7 INFO neutron.db.ovn_revision_numbers_db [None req-a5925616-c416-499c-a1ba-ed6a51004788 342fee33f5374b6698890fb0accc762d 2b8dbf6b20114a00a25d2beff63607fb - - default default] Successfully bumped revision number for resource 26c72fec-de92-4616-9d39-a3d75888f0c4 (type: security_group_rules) to 0
2026-06-10 10:55:33.449 8 INFO neutron.plugins.ml2.drivers.ovn.mech_driver.mech_driver [None req-ae60fa8a-362f-4b10-9423-319d2a01630a - - - - - -] OVN reports status down for port: 8adf8e20-35c8-4164-9df4-82378aea7e87
2026-06-10 10:55:33.451 7 INFO neutron.db.ovn_revision_numbers_db [None req-a5925616-c416-499c-a1ba-ed6a51004788 342fee33f5374b6698890fb0accc762d 2b8dbf6b20114a00a25d2beff63607fb - - default default] Successfully bumped revision number for resource 3a08e46c-79ef-4762-aa5e-125f94ce1401 (type: security_group_rules) to 0
2026-06-10 10:55:33.509 7 INFO neutron.db.ovn_revision_numbers_db [None req-a5925616-c416-499c-a1ba-ed6a51004788 342fee33f5374b6698890fb0accc762d 2b8dbf6b20114a00a25d2beff63607fb - - default default] Successfully bumped revision number for resource 79f2470b-6956-4e79-8e61-702364b31d2c (type: security_group_rules) to 0
2026-06-10 10:55:33.624 7 INFO neutron.db.segments_db [None req-a5925616-c416-499c-a1ba-ed6a51004788 342fee33f5374b6698890fb0accc762d 2b8dbf6b20114a00a25d2beff63607fb - - default default] Added segment 5080f314-f570-4dbf-90d5-a81f1ad289d1 of type geneve for network 58025cb9-bc66-49d2-8c83-adea3d17c3a3
2026-06-10 10:55:33.624 8 INFO neutron.db.ovn_revision_numbers_db [None req-8cf3059f-7a41-4038-a080-03155a47365f 24d725c3ea2948e89b7f6eca942affa1 ea2790ce51144f2cad0c528e05fdb3e3 - - default default] Successfully bumped revision number for resource 8adf8e20-35c8-4164-9df4-82378aea7e87 (type: ports) to 1
2026-06-10 10:55:33.903 7 INFO neutron.db.ovn_revision_numbers_db [None req-a5925616-c416-499c-a1ba-ed6a51004788 342fee33f5374b6698890fb0accc762d 2b8dbf6b20114a00a25d2beff63607fb - - default default] Successfully bumped revision number for resource 58025cb9-bc66-49d2-8c83-adea3d17c3a3 (type: networks) to 1
2026-06-10 10:55:34.236 7 WARNING neutron.scheduler.dhcp_agent_scheduler [None req-a5925616-c416-499c-a1ba-ed6a51004788 342fee33f5374b6698890fb0accc762d 2b8dbf6b20114a00a25d2beff63607fb - - default default] No more DHCP agents
2026-06-10 10:55:34.237 7 WARNING neutron.api.rpc.agentnotifiers.dhcp_rpc_agent_api [None req-a5925616-c416-499c-a1ba-ed6a51004788 342fee33f5374b6698890fb0accc762d 2b8dbf6b20114a00a25d2beff63607fb - - default default] Unable to schedule network 58025cb9-bc66-49d2-8c83-adea3d17c3a3: no agents available; will retry on subsequent port and subnet creation events.
2026-06-10 10:55:34.284 7 INFO neutron.plugins.ml2.drivers.ovn.mech_driver.mech_driver [None req-f1f9a329-a833-4686-a6a8-886bd32d642f - - - - - -] OVN reports status down for port: 27865085-4058-4dba-9dd4-17c0b8b7ff83
2026-06-10 10:55:34.367 7 INFO neutron.db.ovn_revision_numbers_db [None req-a5925616-c416-499c-a1ba-ed6a51004788 342fee33f5374b6698890fb0accc762d 2b8dbf6b20114a00a25d2beff63607fb - - default default] Successfully bumped revision number for resource 27865085-4058-4dba-9dd4-17c0b8b7ff83 (type: ports) to 1
2026-06-10 10:55:34.404 8 INFO neutron.plugins.ml2.drivers.ovn.mech_driver.ovsdb.commands [None req-bfa80cbf-5340-463b-b93d-0dbbfbfb0eca - - - - - -] Schedule LRP lrp-8adf8e20-35c8-4164-9df4-82378aea7e87 on gateway d3b5f634-80b3-4de0-8c15-3fda8232c264 with priority 1
2026-06-10 10:55:34.425 8 INFO neutron.plugins.ml2.drivers.ovn.mech_driver.mech_driver [None req-ae60fa8a-362f-4b10-9423-319d2a01630a - - - - - -] OVN reports status up for port: 8adf8e20-35c8-4164-9df4-82378aea7e87
2026-06-10 10:55:34.429 7 INFO neutron.plugins.ml2.drivers.ovn.mech_driver.ovsdb.ovsdb_monitor [None req-001767f1-4ae2-4b8f-9bc3-d490dc104a4d - - - - - -] Router 6e7977ea-bac7-49db-b561-d022563a9e36 is bound to host instance
2026-06-10 10:55:34.476 8 INFO neutron.plugins.ml2.plugin [None req-ae60fa8a-362f-4b10-9423-319d2a01630a - - - - - -] Attempt 1 to provision port 8adf8e20-35c8-4164-9df4-82378aea7e87 [pid: 7|app: 0|req: 621/1238] 10.0.0.159 () {34 vars in 670 bytes} [Wed Jun 10 10:55:32 2026] POST /v2.0/networks => generated 648 bytes in 1566 msecs (HTTP/1.1 201) 4 headers in 162 bytes (1 switches on core 0)
2026-06-10 10:55:34.488 8 INFO neutron.db.ovn_revision_numbers_db [None req-8cf3059f-7a41-4038-a080-03155a47365f 24d725c3ea2948e89b7f6eca942affa1 ea2790ce51144f2cad0c528e05fdb3e3 - - default default] Successfully bumped revision number for resource 8adf8e20-35c8-4164-9df4-82378aea7e87 (type: router_ports) to 1
2026-06-10 10:55:34.674 8 INFO neutron.db.ovn_revision_numbers_db [None req-8cf3059f-7a41-4038-a080-03155a47365f 24d725c3ea2948e89b7f6eca942affa1 ea2790ce51144f2cad0c528e05fdb3e3 - - default default] Successfully bumped revision number for resource 6e7977ea-bac7-49db-b561-d022563a9e36 (type: routers) to 2 [pid: 8|app: 0|req: 618/1239] 10.0.0.159 () {34 vars in 669 bytes} [Wed Jun 10 10:55:32 2026] POST /v2.0/routers => generated 969 bytes in 1967 msecs (HTTP/1.1 201) 4 headers in 162 bytes (1 switches on core 0)
2026-06-10 10:55:34.793 8 INFO neutron.db.segments_db [None req-043f360e-3f92-4f5d-89c6-169f6ddfdb25 342fee33f5374b6698890fb0accc762d 2b8dbf6b20114a00a25d2beff63607fb - - default default] Added segment 223cc36a-d8de-495a-b9a0-1382fdf4458d of type geneve for network 69c7ac8e-c489-48ee-875e-b982a3a016e6
2026-06-10 10:55:35.004 8 INFO neutron.db.ovn_revision_numbers_db [None req-043f360e-3f92-4f5d-89c6-169f6ddfdb25 342fee33f5374b6698890fb0accc762d 2b8dbf6b20114a00a25d2beff63607fb - - default default] Successfully bumped revision number for resource 69c7ac8e-c489-48ee-875e-b982a3a016e6 (type: networks) to 1
2026-06-10 10:55:35.023 7 INFO neutron.db.ovn_revision_numbers_db [None req-81fa5a2f-47a4-4e2d-940f-66d6566b618a 24d725c3ea2948e89b7f6eca942affa1 ea2790ce51144f2cad0c528e05fdb3e3 - - default default] Successfully bumped revision number for resource 1a7d53f6-a7ee-4127-aa37-6cb782cd1c28 (type: security_groups) to 1
2026-06-10 10:55:35.067 7 INFO neutron.db.ovn_revision_numbers_db [None req-81fa5a2f-47a4-4e2d-940f-66d6566b618a 24d725c3ea2948e89b7f6eca942affa1 ea2790ce51144f2cad0c528e05fdb3e3 - - default default] Successfully bumped revision number for resource 435929d4-e087-472e-be04-5ff79d30e402 (type: security_group_rules) to 0
2026-06-10 10:55:35.111 7 INFO neutron.db.ovn_revision_numbers_db [None req-81fa5a2f-47a4-4e2d-940f-66d6566b618a 24d725c3ea2948e89b7f6eca942affa1 ea2790ce51144f2cad0c528e05fdb3e3 - - default default] Successfully bumped revision number for resource 696d18b2-15d1-40cb-87d6-25a8ade326fb (type: security_group_rules) to 0
2026-06-10 10:55:35.151 7 INFO neutron.db.ovn_revision_numbers_db [None req-81fa5a2f-47a4-4e2d-940f-66d6566b618a 24d725c3ea2948e89b7f6eca942affa1 ea2790ce51144f2cad0c528e05fdb3e3 - - default default] Successfully bumped revision number for resource 8eb8b5ab-c642-4fdd-ab77-38fe43d76874 (type: security_group_rules) to 0
2026-06-10 10:55:35.212 8 WARNING neutron.scheduler.dhcp_agent_scheduler [None req-043f360e-3f92-4f5d-89c6-169f6ddfdb25 342fee33f5374b6698890fb0accc762d 2b8dbf6b20114a00a25d2beff63607fb - - default default] No more DHCP agents
2026-06-10 10:55:35.213 8 WARNING neutron.api.rpc.agentnotifiers.dhcp_rpc_agent_api [None req-043f360e-3f92-4f5d-89c6-169f6ddfdb25 342fee33f5374b6698890fb0accc762d 2b8dbf6b20114a00a25d2beff63607fb - - default default] Unable to schedule network 69c7ac8e-c489-48ee-875e-b982a3a016e6: no agents available; will retry on subsequent port and subnet creation events.
2026-06-10 10:55:35.213 7 INFO neutron.db.ovn_revision_numbers_db [None req-81fa5a2f-47a4-4e2d-940f-66d6566b618a 24d725c3ea2948e89b7f6eca942affa1 ea2790ce51144f2cad0c528e05fdb3e3 - - default default] Successfully bumped revision number for resource f39c9164-2c72-4682-a315-ae6240ccc1e9 (type: security_group_rules) to 0 [pid: 7|app: 0|req: 622/1240] 10.0.0.159 () {32 vars in 774 bytes} [Wed Jun 10 10:55:34 2026] GET /v2.0/security-groups?tenant_id=183d160a0ef4421ca7ffb1965b6a5dfa&name=default => generated 2925 bytes in 813 msecs (HTTP/1.1 200) 4 headers in 158 bytes (1 switches on core 0)
2026-06-10 10:55:35.339 8 INFO neutron.db.ovn_revision_numbers_db [None req-043f360e-3f92-4f5d-89c6-169f6ddfdb25 342fee33f5374b6698890fb0accc762d 2b8dbf6b20114a00a25d2beff63607fb - - default default] Successfully bumped revision number for resource c51ca2e4-dd36-441b-8077-6f479de3450d (type: ports) to 1 [pid: 8|app: 0|req: 619/1241] 10.0.0.159 () {34 vars in 670 bytes} [Wed Jun 10 10:55:34 2026] POST /v2.0/networks => generated 648 bytes in 674 msecs (HTTP/1.1 201) 4 headers in 162 bytes (1 switches on core 0) [pid: 8|app: 0|req: 620/1242] 10.0.0.159 () {32 vars in 740 bytes} [Wed Jun 10 10:55:35 2026] DELETE /v2.0/security-groups/1a7d53f6-a7ee-4127-aa37-6cb782cd1c28 => generated 0 bytes in 302 msecs (HTTP/1.1 204) 2 headers in 112 bytes (1 switches on core 0)
2026-06-10 10:55:35.784 7 INFO neutron.db.ovn_revision_numbers_db [None req-231f843f-9e04-424b-b91a-831fa37d7400 - - - - - -] Successfully bumped revision number for resource 8adf8e20-35c8-4164-9df4-82378aea7e87 (type: ports) to 4
2026-06-10 10:55:35.930 8 WARNING neutron.scheduler.dhcp_agent_scheduler [None req-d550b018-fa55-401e-ae89-5646b88c384c 342fee33f5374b6698890fb0accc762d 2b8dbf6b20114a00a25d2beff63607fb - - default default] No more DHCP agents
2026-06-10 10:55:35.932 8 WARNING neutron.api.rpc.agentnotifiers.dhcp_rpc_agent_api [None req-d550b018-fa55-401e-ae89-5646b88c384c 342fee33f5374b6698890fb0accc762d 2b8dbf6b20114a00a25d2beff63607fb - - default default] Unable to schedule network 58025cb9-bc66-49d2-8c83-adea3d17c3a3: no agents available; will retry on subsequent port and subnet creation events.
2026-06-10 10:55:36.040 7 WARNING neutron.scheduler.dhcp_agent_scheduler [None req-1b462042-e613-448e-b6a1-525d02ae1261 24d725c3ea2948e89b7f6eca942affa1 ea2790ce51144f2cad0c528e05fdb3e3 - - default default] No more DHCP agents
2026-06-10 10:55:36.041 7 WARNING neutron.api.rpc.agentnotifiers.dhcp_rpc_agent_api [None req-1b462042-e613-448e-b6a1-525d02ae1261 24d725c3ea2948e89b7f6eca942affa1 ea2790ce51144f2cad0c528e05fdb3e3 - - default default] Unable to schedule network bf63abe0-d555-4c2e-8941-5d7b7afc3b7d: no agents available; will retry on subsequent port and subnet creation events.
2026-06-10 10:55:36.224 7 INFO neutron.plugins.ml2.drivers.ovn.mech_driver.mech_driver [None req-f1f9a329-a833-4686-a6a8-886bd32d642f - - - - - -] OVN reports status down for port: 6c599bdc-b59c-4111-83c8-6b87e526e110
2026-06-10 10:55:36.349 7 INFO neutron.db.ovn_revision_numbers_db [None req-1b462042-e613-448e-b6a1-525d02ae1261 24d725c3ea2948e89b7f6eca942affa1 ea2790ce51144f2cad0c528e05fdb3e3 - - default default] Successfully bumped revision number for resource 6c599bdc-b59c-4111-83c8-6b87e526e110 (type: ports) to 1
2026-06-10 10:55:36.451 8 INFO neutron.db.ovn_revision_numbers_db [None req-5c81fecd-56bb-47d9-853c-59e8a0548b49 - - - - - -] Successfully bumped revision number for resource 27865085-4058-4dba-9dd4-17c0b8b7ff83 (type: ports) to 2
2026-06-10 10:55:36.499 8 INFO neutron.db.ovn_revision_numbers_db [None req-5c81fecd-56bb-47d9-853c-59e8a0548b49 - - - - - -] Successfully bumped revision number for resource c418930d-9443-4ea6-a358-85ae3499aa17 (type: subnets) to 0
2026-06-10 10:55:36.509 7 INFO neutron.db.ovn_revision_numbers_db [None req-231f843f-9e04-424b-b91a-831fa37d7400 - - - - - -] Successfully bumped revision number for resource 8adf8e20-35c8-4164-9df4-82378aea7e87 (type: ports) to 5 [pid: 8|app: 0|req: 621/1243] 10.0.0.159 () {34 vars in 669 bytes} [Wed Jun 10 10:55:35 2026] POST /v2.0/subnets => generated 626 bytes in 856 msecs (HTTP/1.1 201) 4 headers in 162 bytes (1 switches on core 0)
2026-06-10 10:55:36.708 8 INFO neutron.plugins.ml2.drivers.ovn.mech_driver.mech_driver [None req-ae60fa8a-362f-4b10-9423-319d2a01630a - - - - - -] OVN reports status down for port: c51ca2e4-dd36-441b-8077-6f479de3450d
2026-06-10 10:55:36.950 8 INFO neutron.db.ovn_revision_numbers_db [None req-0529d7a5-05e7-437d-89cb-f10c164b44a1 24d725c3ea2948e89b7f6eca942affa1 ea2790ce51144f2cad0c528e05fdb3e3 - - default default] Successfully bumped revision number for resource 40df20b4-5b24-40e3-b02a-c498bae05fad (type: security_groups) to 1
2026-06-10 10:55:36.976 8 INFO neutron.db.ovn_revision_numbers_db [None req-0529d7a5-05e7-437d-89cb-f10c164b44a1 24d725c3ea2948e89b7f6eca942affa1 ea2790ce51144f2cad0c528e05fdb3e3 - - default default] Successfully bumped revision number for resource 1724ddb6-f9bb-441e-a5a1-8fc0af9ff897 (type: security_group_rules) to 0
2026-06-10 10:55:37.002 8 INFO neutron.db.ovn_revision_numbers_db [None req-0529d7a5-05e7-437d-89cb-f10c164b44a1 24d725c3ea2948e89b7f6eca942affa1 ea2790ce51144f2cad0c528e05fdb3e3 - - default default] Successfully bumped revision number for resource 3ab52246-03b6-4d5b-b492-05078e2d58ff (type: security_group_rules) to 0
2026-06-10 10:55:37.063 8 INFO neutron.db.ovn_revision_numbers_db [None req-0529d7a5-05e7-437d-89cb-f10c164b44a1 24d725c3ea2948e89b7f6eca942affa1 ea2790ce51144f2cad0c528e05fdb3e3 - - default default] Successfully bumped revision number for resource b58daefb-1672-4b3a-a6c0-fa13f013a729 (type: security_group_rules) to 0
2026-06-10 10:55:37.090 8 INFO neutron.db.ovn_revision_numbers_db [None req-0529d7a5-05e7-437d-89cb-f10c164b44a1 24d725c3ea2948e89b7f6eca942affa1 ea2790ce51144f2cad0c528e05fdb3e3 - - default default] Successfully bumped revision number for resource c3b760dc-5663-4be7-8989-942432bf6f7e (type: security_group_rules) to 0 [pid: 8|app: 0|req: 622/1244] 10.0.0.159 () {32 vars in 774 bytes} [Wed Jun 10 10:55:36 2026] GET /v2.0/security-groups?tenant_id=66932538f8c0479db32e53b059044ff0&name=default => generated 2925 bytes in 606 msecs (HTTP/1.1 200) 4 headers in 158 bytes (1 switches on core 0)
2026-06-10 10:55:37.158 7 INFO neutron.plugins.ml2.drivers.ovn.mech_driver.mech_driver [None req-f1f9a329-a833-4686-a6a8-886bd32d642f - - - - - -] OVN reports status up for port: 6c599bdc-b59c-4111-83c8-6b87e526e110
2026-06-10 10:55:37.198 7 INFO neutron.plugins.ml2.plugin [None req-f1f9a329-a833-4686-a6a8-886bd32d642f - - - - - -] Attempt 1 to provision port 6c599bdc-b59c-4111-83c8-6b87e526e110
2026-06-10 10:55:37.216 7 INFO neutron.plugins.ml2.plugin [None req-1b462042-e613-448e-b6a1-525d02ae1261 24d725c3ea2948e89b7f6eca942affa1 ea2790ce51144f2cad0c528e05fdb3e3 - - default default] Attempt 1 to provision port 6c599bdc-b59c-4111-83c8-6b87e526e110
2026-06-10 10:55:37.290 8 INFO neutron.db.ovn_revision_numbers_db [None req-20b38768-cb90-4c99-a11b-40c74a0673d2 24d725c3ea2948e89b7f6eca942affa1 ea2790ce51144f2cad0c528e05fdb3e3 - - default default] Successfully bumped revision number for resource d03d2086-b931-4baf-9961-10dca71a9c12 (type: security_groups) to 1
2026-06-10 10:55:37.318 8 INFO neutron.db.ovn_revision_numbers_db [None req-20b38768-cb90-4c99-a11b-40c74a0673d2 24d725c3ea2948e89b7f6eca942affa1 ea2790ce51144f2cad0c528e05fdb3e3 - - default default] Successfully bumped revision number for resource 44e0c207-df90-4ff4-8c8f-9d38679310a8 (type: security_group_rules) to 0
2026-06-10 10:55:37.320 7 WARNING neutron.scheduler.dhcp_agent_scheduler [None req-1b462042-e613-448e-b6a1-525d02ae1261 24d725c3ea2948e89b7f6eca942affa1 ea2790ce51144f2cad0c528e05fdb3e3 - - default default] No more DHCP agents
2026-06-10 10:55:37.322 7 WARNING neutron.api.rpc.agentnotifiers.dhcp_rpc_agent_api [None req-1b462042-e613-448e-b6a1-525d02ae1261 24d725c3ea2948e89b7f6eca942affa1 ea2790ce51144f2cad0c528e05fdb3e3 - - default default] Unable to schedule network bf63abe0-d555-4c2e-8941-5d7b7afc3b7d: no agents available; will retry on subsequent port and subnet creation events.
2026-06-10 10:55:37.337 8 INFO neutron.db.ovn_revision_numbers_db [None req-20b38768-cb90-4c99-a11b-40c74a0673d2 24d725c3ea2948e89b7f6eca942affa1 ea2790ce51144f2cad0c528e05fdb3e3 - - default default] Successfully bumped revision number for resource 60da69f6-35d9-4833-af61-ea9f5333f2c0 (type: security_group_rules) to 0
2026-06-10 10:55:37.352 8 INFO neutron.db.ovn_revision_numbers_db [None req-20b38768-cb90-4c99-a11b-40c74a0673d2 24d725c3ea2948e89b7f6eca942affa1 ea2790ce51144f2cad0c528e05fdb3e3 - - default default] Successfully bumped revision number for resource 79af3a92-e900-43b3-888a-a73f8b640ee9 (type: security_group_rules) to 0
2026-06-10 10:55:37.366 8 INFO neutron.db.ovn_revision_numbers_db [None req-20b38768-cb90-4c99-a11b-40c74a0673d2 24d725c3ea2948e89b7f6eca942affa1 ea2790ce51144f2cad0c528e05fdb3e3 - - default default] Successfully bumped revision number for resource ec665b9b-43cf-4d90-9c40-5677a2dcec6c (type: security_group_rules) to 0 [pid: 8|app: 0|req: 623/1245] 10.0.0.159 () {32 vars in 774 bytes} [Wed Jun 10 10:55:37 2026] GET /v2.0/security-groups?tenant_id=8537ef542a394317bb486fd65703529b&name=default => generated 2925 bytes in 262 msecs (HTTP/1.1 200) 4 headers in 158 bytes (1 switches on core 0)
2026-06-10 10:55:37.642 8 WARNING neutron.scheduler.dhcp_agent_scheduler [None req-252b214f-9176-4d81-a42e-0a4f4c56aef1 342fee33f5374b6698890fb0accc762d 2b8dbf6b20114a00a25d2beff63607fb - - default default] No more DHCP agents
2026-06-10 10:55:37.644 8 WARNING neutron.api.rpc.agentnotifiers.dhcp_rpc_agent_api [None req-252b214f-9176-4d81-a42e-0a4f4c56aef1 342fee33f5374b6698890fb0accc762d 2b8dbf6b20114a00a25d2beff63607fb - - default default] Unable to schedule network 69c7ac8e-c489-48ee-875e-b982a3a016e6: no agents available; will retry on subsequent port and subnet creation events.
2026-06-10 10:55:37.935 7 INFO neutron.db.ovn_revision_numbers_db [None req-f1f9a329-a833-4686-a6a8-886bd32d642f - - - - - -] Successfully bumped revision number for resource 6c599bdc-b59c-4111-83c8-6b87e526e110 (type: ports) to 2
2026-06-10 10:55:38.180 8 INFO neutron.db.ovn_revision_numbers_db [None req-20188d70-7431-4209-927a-61715b16d9bc - - - - - -] Successfully bumped revision number for resource c51ca2e4-dd36-441b-8077-6f479de3450d (type: ports) to 2
2026-06-10 10:55:38.216 7 INFO neutron.db.ovn_revision_numbers_db [None req-1b462042-e613-448e-b6a1-525d02ae1261 24d725c3ea2948e89b7f6eca942affa1 ea2790ce51144f2cad0c528e05fdb3e3 - - default default] Successfully bumped revision number for resource 6c599bdc-b59c-4111-83c8-6b87e526e110 (type: router_ports) to 1 [pid: 7|app: 0|req: 623/1246] 10.0.0.159 () {34 vars in 783 bytes} [Wed Jun 10 10:55:35 2026] PUT /v2.0/routers/6e7977ea-bac7-49db-b561-d022563a9e36/add_router_interface => generated 309 bytes in 2921 msecs (HTTP/1.1 200) 4 headers in 157 bytes (1 switches on core 0)
2026-06-10 10:55:38.255 8 INFO neutron.db.ovn_revision_numbers_db [None req-20188d70-7431-4209-927a-61715b16d9bc - - - - - -] Successfully bumped revision number for resource c0b2d5e4-b122-43c5-9b1a-6531ed0e3331 (type: subnets) to 0 [pid: 8|app: 0|req: 624/1247] 10.0.0.159 () {34 vars in 669 bytes} [Wed Jun 10 10:55:37 2026] POST /v2.0/subnets => generated 626 bytes in 878 msecs (HTTP/1.1 201) 4 headers in 162 bytes (1 switches on core 0) [pid: 7|app: 0|req: 624/1248] 10.0.0.159 () {32 vars in 740 bytes} [Wed Jun 10 10:55:38 2026] DELETE /v2.0/security-groups/40df20b4-5b24-40e3-b02a-c498bae05fad => generated 0 bytes in 267 msecs (HTTP/1.1 204) 2 headers in 112 bytes (1 switches on core 0) [pid: 8|app: 0|req: 625/1249] 10.0.0.159 () {32 vars in 740 bytes} [Wed Jun 10 10:55:38 2026] DELETE /v2.0/security-groups/d03d2086-b931-4baf-9961-10dca71a9c12 => generated 0 bytes in 245 msecs (HTTP/1.1 204) 2 headers in 112 bytes (1 switches on core 0)
2026-06-10 10:55:38.629 7 INFO neutron.db.ovn_revision_numbers_db [None req-ee928619-1f18-4767-bb3f-62f365defb13 342fee33f5374b6698890fb0accc762d 2b8dbf6b20114a00a25d2beff63607fb - - default default] Successfully bumped revision number for resource 2627fcba-4189-4836-9b7a-b5992d4d7fc0 (type: routers) to 1 [pid: 7|app: 0|req: 625/1250] 10.0.0.159 () {34 vars in 669 bytes} [Wed Jun 10 10:55:38 2026] POST /v2.0/routers => generated 602 bytes in 197 msecs (HTTP/1.1 201) 4 headers in 162 bytes (1 switches on core 0)
2026-06-10 10:55:38.803 8 INFO neutron.db.ovn_revision_numbers_db [None req-922ae863-b4b4-4cb3-afd0-8cfa756197d1 24d725c3ea2948e89b7f6eca942affa1 ea2790ce51144f2cad0c528e05fdb3e3 - - default default] Successfully bumped revision number for resource e115f080-c22f-4d0c-9293-2f8d02d7bff0 (type: security_groups) to 1
2026-06-10 10:55:38.861 8 INFO neutron.db.ovn_revision_numbers_db [None req-922ae863-b4b4-4cb3-afd0-8cfa756197d1 24d725c3ea2948e89b7f6eca942affa1 ea2790ce51144f2cad0c528e05fdb3e3 - - default default] Successfully bumped revision number for resource 5d0af555-dcb0-45bc-8fe6-6c16ebb00516 (type: security_group_rules) to 0
2026-06-10 10:55:38.895 8 INFO neutron.db.ovn_revision_numbers_db [None req-922ae863-b4b4-4cb3-afd0-8cfa756197d1 24d725c3ea2948e89b7f6eca942affa1 ea2790ce51144f2cad0c528e05fdb3e3 - - default default] Successfully bumped revision number for resource 67c9ef19-8f1b-47aa-8aad-1401f5fe75ca (type: security_group_rules) to 0
2026-06-10 10:55:38.940 8 INFO neutron.db.ovn_revision_numbers_db [None req-922ae863-b4b4-4cb3-afd0-8cfa756197d1 24d725c3ea2948e89b7f6eca942affa1 ea2790ce51144f2cad0c528e05fdb3e3 - - default default] Successfully bumped revision number for resource 725234f3-1d7a-4ad6-9141-6626230f0841 (type: security_group_rules) to 0
2026-06-10 10:55:38.998 8 INFO neutron.db.ovn_revision_numbers_db [None req-922ae863-b4b4-4cb3-afd0-8cfa756197d1 24d725c3ea2948e89b7f6eca942affa1 ea2790ce51144f2cad0c528e05fdb3e3 - - default default] Successfully bumped revision number for resource c019e1e8-7efd-42f0-b9fc-d7e9bd66a06d (type: security_group_rules) to 0 [pid: 8|app: 0|req: 626/1251] 10.0.0.159 () {32 vars in 774 bytes} [Wed Jun 10 10:55:38 2026] GET /v2.0/security-groups?tenant_id=35c091ac51eb47f2bb1c5e0949d7d210&name=default => generated 2925 bytes in 424 msecs (HTTP/1.1 200) 4 headers in 158 bytes (1 switches on core 0)
2026-06-10 10:55:39.194 7 WARNING neutron.scheduler.dhcp_agent_scheduler [None req-211b2e09-bae5-44ef-8363-3e1ca2a363cd 342fee33f5374b6698890fb0accc762d 2b8dbf6b20114a00a25d2beff63607fb - - default default] No more DHCP agents
2026-06-10 10:55:39.195 7 WARNING neutron.api.rpc.agentnotifiers.dhcp_rpc_agent_api [None req-211b2e09-bae5-44ef-8363-3e1ca2a363cd 342fee33f5374b6698890fb0accc762d 2b8dbf6b20114a00a25d2beff63607fb - - default default] Unable to schedule network 58025cb9-bc66-49d2-8c83-adea3d17c3a3: no agents available; will retry on subsequent port and subnet creation events.
2026-06-10 10:55:39.319 8 INFO neutron.plugins.ml2.drivers.ovn.mech_driver.mech_driver [None req-ae60fa8a-362f-4b10-9423-319d2a01630a - - - - - -] OVN reports status down for port: 9d6a7b66-00ab-4f25-a925-ff418e33b8bb [pid: 8|app: 0|req: 627/1252] 10.0.0.159 () {32 vars in 740 bytes} [Wed Jun 10 10:55:39 2026] DELETE /v2.0/security-groups/e115f080-c22f-4d0c-9293-2f8d02d7bff0 => generated 0 bytes in 324 msecs (HTTP/1.1 204) 2 headers in 112 bytes (1 switches on core 0)
2026-06-10 10:55:39.381 7 INFO neutron.db.ovn_revision_numbers_db [None req-211b2e09-bae5-44ef-8363-3e1ca2a363cd 342fee33f5374b6698890fb0accc762d 2b8dbf6b20114a00a25d2beff63607fb - - default default] Successfully bumped revision number for resource 9d6a7b66-00ab-4f25-a925-ff418e33b8bb (type: ports) to 1
2026-06-10 10:55:40.035 7 WARNING neutron.scheduler.dhcp_agent_scheduler [None req-211b2e09-bae5-44ef-8363-3e1ca2a363cd 342fee33f5374b6698890fb0accc762d 2b8dbf6b20114a00a25d2beff63607fb - - default default] No more DHCP agents
2026-06-10 10:55:40.037 7 WARNING neutron.api.rpc.agentnotifiers.dhcp_rpc_agent_api [None req-211b2e09-bae5-44ef-8363-3e1ca2a363cd 342fee33f5374b6698890fb0accc762d 2b8dbf6b20114a00a25d2beff63607fb - - default default] Unable to schedule network 58025cb9-bc66-49d2-8c83-adea3d17c3a3: no agents available; will retry on subsequent port and subnet creation events.
2026-06-10 10:55:40.238 7 INFO neutron.db.ovn_revision_numbers_db [None req-211b2e09-bae5-44ef-8363-3e1ca2a363cd 342fee33f5374b6698890fb0accc762d 2b8dbf6b20114a00a25d2beff63607fb - - default default] Successfully bumped revision number for resource 9d6a7b66-00ab-4f25-a925-ff418e33b8bb (type: router_ports) to 1 [pid: 7|app: 0|req: 626/1253] 10.0.0.159 () {34 vars in 783 bytes} [Wed Jun 10 10:55:38 2026] PUT /v2.0/routers/2627fcba-4189-4836-9b7a-b5992d4d7fc0/add_router_interface => generated 309 bytes in 1555 msecs (HTTP/1.1 200) 4 headers in 157 bytes (1 switches on core 0)
2026-06-10 10:55:40.257 8 INFO neutron.plugins.ml2.drivers.ovn.mech_driver.mech_driver [None req-ae60fa8a-362f-4b10-9423-319d2a01630a - - - - - -] OVN reports status up for port: 9d6a7b66-00ab-4f25-a925-ff418e33b8bb
2026-06-10 10:55:40.291 8 INFO neutron.db.ovn_revision_numbers_db [None req-f78812dd-08b9-4a0d-a9a7-604378497f6e 2b59ade447014c57ba343582a18aa0a0 486d606f6e704ecdab87709e6a1d82ea - - default default] Successfully bumped revision number for resource 4c0d984d-8264-488e-8453-819d8ba68f0c (type: security_groups) to 1 [pid: 7|app: 0|req: 627/1254] 10.0.0.159 () {32 vars in 717 bytes} [Wed Jun 10 10:55:40 2026] GET /v2.0/ports/9d6a7b66-00ab-4f25-a925-ff418e33b8bb => generated 941 bytes in 91 msecs (HTTP/1.1 200) 4 headers in 157 bytes (1 switches on core 0)
2026-06-10 10:55:40.367 8 INFO neutron.db.ovn_revision_numbers_db [None req-f78812dd-08b9-4a0d-a9a7-604378497f6e 2b59ade447014c57ba343582a18aa0a0 486d606f6e704ecdab87709e6a1d82ea - - default default] Successfully bumped revision number for resource 49523ad5-7f3c-4603-a7ad-8b95364673b1 (type: security_group_rules) to 0
2026-06-10 10:55:40.383 8 INFO neutron.plugins.ml2.plugin [None req-ae60fa8a-362f-4b10-9423-319d2a01630a - - - - - -] Attempt 1 to provision port 9d6a7b66-00ab-4f25-a925-ff418e33b8bb
2026-06-10 10:55:40.401 8 INFO neutron.db.ovn_revision_numbers_db [None req-f78812dd-08b9-4a0d-a9a7-604378497f6e 2b59ade447014c57ba343582a18aa0a0 486d606f6e704ecdab87709e6a1d82ea - - default default] Successfully bumped revision number for resource 64e6740c-7e55-489d-8eeb-e6d6e17594f4 (type: security_group_rules) to 0 [pid: 8|app: 0|req: 628/1255] 10.0.0.159 () {34 vars in 685 bytes} [Wed Jun 10 10:55:39 2026] POST /v2.0/security-groups => generated 1659 bytes in 1149 msecs (HTTP/1.1 201) 4 headers in 163 bytes (1 switches on core 0)
2026-06-10 10:55:40.790 8 INFO neutron.db.ovn_revision_numbers_db [None req-61a826e5-66d3-4839-8dc4-4439e7aef0e6 2b59ade447014c57ba343582a18aa0a0 486d606f6e704ecdab87709e6a1d82ea - - default default] Successfully bumped revision number for resource 3517c8e9-6e76-4c8d-98d7-f2bcf6a07698 (type: security_group_rules) to 0
2026-06-10 10:55:40.811 7 WARNING neutron.scheduler.dhcp_agent_scheduler [None req-7fe5614d-5502-444a-9a98-f3ed69defd44 342fee33f5374b6698890fb0accc762d 2b8dbf6b20114a00a25d2beff63607fb - - default default] No more DHCP agents
2026-06-10 10:55:40.812 7 WARNING neutron.api.rpc.agentnotifiers.dhcp_rpc_agent_api [None req-7fe5614d-5502-444a-9a98-f3ed69defd44 342fee33f5374b6698890fb0accc762d 2b8dbf6b20114a00a25d2beff63607fb - - default default] Unable to schedule network 69c7ac8e-c489-48ee-875e-b982a3a016e6: no agents available; will retry on subsequent port and subnet creation events. [pid: 8|app: 0|req: 629/1256] 10.0.0.159 () {34 vars in 695 bytes} [Wed Jun 10 10:55:40 2026] POST /v2.0/security-group-rules => generated 597 bytes in 350 msecs (HTTP/1.1 201) 4 headers in 162 bytes (1 switches on core 0)
2026-06-10 10:55:40.982 7 INFO neutron.db.ovn_revision_numbers_db [None req-7fe5614d-5502-444a-9a98-f3ed69defd44 342fee33f5374b6698890fb0accc762d 2b8dbf6b20114a00a25d2beff63607fb - - default default] Successfully bumped revision number for resource 84313259-7d1a-40e3-bb76-40268e14d1ef (type: ports) to 1
2026-06-10 10:55:41.062 8 INFO neutron.db.ovn_revision_numbers_db [None req-ae60fa8a-362f-4b10-9423-319d2a01630a - - - - - -] Successfully bumped revision number for resource 9d6a7b66-00ab-4f25-a925-ff418e33b8bb (type: ports) to 2
2026-06-10 10:55:41.163 8 INFO neutron.db.ovn_revision_numbers_db [None req-f818e4ef-a3be-464d-a28c-55ec59cb0790 2b59ade447014c57ba343582a18aa0a0 486d606f6e704ecdab87709e6a1d82ea - - default default] Successfully bumped revision number for resource 18093788-c8d7-4c71-bf52-b825b0283bde (type: security_group_rules) to 0 [pid: 8|app: 0|req: 630/1257] 10.0.0.159 () {34 vars in 695 bytes} [Wed Jun 10 10:55:40 2026] POST /v2.0/security-group-rules => generated 602 bytes in 381 msecs (HTTP/1.1 201) 4 headers in 162 bytes (1 switches on core 0)
2026-06-10 10:55:41.710 7 WARNING neutron.scheduler.dhcp_agent_scheduler [None req-7fe5614d-5502-444a-9a98-f3ed69defd44 342fee33f5374b6698890fb0accc762d 2b8dbf6b20114a00a25d2beff63607fb - - default default] No more DHCP agents
2026-06-10 10:55:41.711 7 WARNING neutron.api.rpc.agentnotifiers.dhcp_rpc_agent_api [None req-7fe5614d-5502-444a-9a98-f3ed69defd44 342fee33f5374b6698890fb0accc762d 2b8dbf6b20114a00a25d2beff63607fb - - default default] Unable to schedule network 69c7ac8e-c489-48ee-875e-b982a3a016e6: no agents available; will retry on subsequent port and subnet creation events.
2026-06-10 10:55:41.716 8 INFO neutron.db.ovn_revision_numbers_db [None req-afa5884c-a83e-4852-99fb-7f4e50b22306 24d725c3ea2948e89b7f6eca942affa1 ea2790ce51144f2cad0c528e05fdb3e3 - - default default] Successfully bumped revision number for resource 674811f1-df6f-4394-b4bf-89610f087c54 (type: security_groups) to 1
2026-06-10 10:55:41.748 8 INFO neutron.db.ovn_revision_numbers_db [None req-afa5884c-a83e-4852-99fb-7f4e50b22306 24d725c3ea2948e89b7f6eca942affa1 ea2790ce51144f2cad0c528e05fdb3e3 - - default default] Successfully bumped revision number for resource 287092f9-f2f1-475a-8950-013b2bfd82ae (type: security_group_rules) to 0
2026-06-10 10:55:41.768 8 INFO neutron.db.ovn_revision_numbers_db [None req-afa5884c-a83e-4852-99fb-7f4e50b22306 24d725c3ea2948e89b7f6eca942affa1 ea2790ce51144f2cad0c528e05fdb3e3 - - default default] Successfully bumped revision number for resource 751c07a0-d188-480a-b714-91759d04c38b (type: security_group_rules) to 0
