Jun 18 05:31:56.318024 np0000181865 devstack@neutron-api.service[107829]: INFO neutron.plugins.ml2.drivers.ovn.mech_driver.mech_driver [None req-d6637104-9341-4908-abf7-77e5bd7e4b61 None None] WorkerService process has finished the post initialization
Jun 18 05:31:56.318348 np0000181865 devstack@neutron-api.service[107829]: DEBUG oslo_concurrency.processutils [None req-d6637104-9341-4908-abf7-77e5bd7e4b61 None None] Running cmd (subprocess): ovsdb-client transact ssl:199.204.45.65:6641 --timeout 180 -p /opt/stack/data/CA/int-ca/private/devstack-cert.key -c /opt/stack/data/CA/int-ca/devstack-cert.crt -C /opt/stack/data/CA/int-ca/ca-chain.pem ["OVN_Northbound", {"op": "wait", "timeout": 0, "table": "Port_Group", "where": [["name", "==", "pvlan_pg_drop"]], "until": "==", "rows": []}, {"op": "insert", "table": "ACL", "row": {"action": "drop", "direction": "to-lport", "match": "outport == @pvlan_pg_drop && ip", "priority": 1010}, "uuid-name": "pvlandroptoport"}, {"op": "insert", "table": "ACL", "row": {"action": "drop", "direction": "from-lport", "match": "inport == @pvlan_pg_drop && ip", "priority": 1010}, "uuid-name": "pvlandropfromport"}, {"op": "insert", "table": "Port_Group", "row": {"name": "pvlan_pg_drop", "acls": ["set", [["named-uuid", "pvlandroptoport"], ["named-uuid", "pvlandropfromport"]]]}}] {{(pid=107829) execute /opt/stack/data/venv/lib/python3.12/site-packages/oslo_concurrency/processutils.py:440}}
Jun 18 05:31:56.356792 np0000181865 devstack@neutron-api.service[107827]: DEBUG neutron.common.ovn.hash_ring_manager [-] Allow caching, nodes 4>=4 {{(pid=107827) _wait_startup_before_caching /opt/stack/neutron/neutron/common/ovn/hash_ring_manager.py:71}}
Jun 18 05:31:56.357035 np0000181865 devstack@neutron-api.service[107827]: DEBUG neutron.plugins.ml2.drivers.ovn.mech_driver.ovsdb.ovsdb_monitor [-] Hash Ring: Node 71d148a78da95ed680fded6874875848 (host: np0000181865) handling event "update" for row 43af2592-af9a-45fc-837b-589d46e53af8 (table: Connection) {{(pid=107827) notify /opt/stack/neutron/neutron/plugins/ml2/drivers/ovn/mech_driver/ovsdb/ovsdb_monitor.py:1015}}
Jun 18 05:31:56.357776 np0000181865 devstack@neutron-api.service[107826]: DEBUG neutron.common.ovn.hash_ring_manager [-] Allow caching, nodes 4>=4 {{(pid=107826) _wait_startup_before_caching /opt/stack/neutron/neutron/common/ovn/hash_ring_manager.py:71}}
Jun 18 05:31:56.358367 np0000181865 devstack@neutron-api.service[107829]: DEBUG oslo_concurrency.processutils [None req-d6637104-9341-4908-abf7-77e5bd7e4b61 None None] CMD "ovsdb-client transact ssl:199.204.45.65:6641 --timeout 180 -p /opt/stack/data/CA/int-ca/private/devstack-cert.key -c /opt/stack/data/CA/int-ca/devstack-cert.crt -C /opt/stack/data/CA/int-ca/ca-chain.pem ["OVN_Northbound", {"op": "wait", "timeout": 0, "table": "Port_Group", "where": [["name", "==", "pvlan_pg_drop"]], "until": "==", "rows": []}, {"op": "insert", "table": "ACL", "row": {"action": "drop", "direction": "to-lport", "match": "outport == @pvlan_pg_drop && ip", "priority": 1010}, "uuid-name": "pvlandroptoport"}, {"op": "insert", "table": "ACL", "row": {"action": "drop", "direction": "from-lport", "match": "inport == @pvlan_pg_drop && ip", "priority": 1010}, "uuid-name": "pvlandropfromport"}, {"op": "insert", "table": "Port_Group", "row": {"name": "pvlan_pg_drop", "acls": ["set", [["named-uuid", "pvlandroptoport"], ["named-uuid", "pvlandropfromport"]]]}}]" returned: 0 in 0.040s {{(pid=107829) execute /opt/stack/data/venv/lib/python3.12/site-packages/oslo_concurrency/processutils.py:468}}
Jun 18 05:31:56.359893 np0000181865 devstack@neutron-api.service[107828]: DEBUG neutron.common.ovn.hash_ring_manager [-] Allow caching, nodes 4>=4 {{(pid=107828) _wait_startup_before_caching /opt/stack/neutron/neutron/common/ovn/hash_ring_manager.py:71}}
Jun 18 05:31:56.359893 np0000181865 devstack@neutron-api.service[107828]: DEBUG neutron.plugins.ml2.drivers.ovn.mech_driver.ovsdb.ovsdb_monitor [-] Hash Ring: Node 607ec39fd0c357dcbb7bbc3554277ecc (host: np0000181865) handling event "update" for row 43af2592-af9a-45fc-837b-589d46e53af8 (table: Connection) {{(pid=107828) notify /opt/stack/neutron/neutron/plugins/ml2/drivers/ovn/mech_driver/ovsdb/ovsdb_monitor.py:1015}}
Jun 18 05:31:56.361248 np0000181865 devstack@neutron-api.service[107829]: WSGI app 0 (mountpoint='') ready in 9 seconds on interpreter 0x71a7d2ea3668 pid: 107829 (default app)
Jun 18 05:32:02.302119 np0000181865 devstack@neutron-api.service[107828]: DEBUG neutron.api.wsgi [None req-f2c795da-b92c-4bc8-bdff-f029f9bc34ac admin admin] Missing Content-Type {{(pid=107828) get_content_type /opt/stack/neutron/neutron/api/wsgi.py:80}}
Jun 18 05:32:02.302867 np0000181865 devstack@neutron-api.service[107828]: DEBUG neutron.api.wsgi [None req-f2c795da-b92c-4bc8-bdff-f029f9bc34ac admin admin] https://199.204.45.65/networking/v2.0/extensions returned with HTTP 200 {{(pid=107828) __call__ /opt/stack/neutron/neutron/api/wsgi.py:540}}
Jun 18 05:32:02.303045 np0000181865 devstack@neutron-api.service[107828]: [pid: 107828|app: 0|req: 2/2] 199.204.45.65 () {64 vars in 1316 bytes} [Thu Jun 18 05:32:01 2026] GET /networking/v2.0/extensions => generated 15873 bytes in 588 msecs (HTTP/1.1 200) 4 headers in 159 bytes (1 switches on core 0)
Jun 18 05:32:02.773808 np0000181865 devstack@neutron-api.service[107826]: DEBUG neutron.api.v2.base [None req-ecd3507c-1c6b-47c5-8894-a0539d09befa admin admin] Request body: {'subnetpool': {'default_prefixlen': 26, 'is_default': True, 'name': 'shared-default-subnetpool-v4', 'shared': True, 'prefixes': ['10.1.0.0/20']}} {{(pid=107826) prepare_request_body /opt/stack/neutron/neutron/api/v2/base.py:727}}
Jun 18 05:32:03.013441 np0000181865 devstack@neutron-api.service[107826]: DEBUG neutron.policy [None req-ecd3507c-1c6b-47c5-8894-a0539d09befa admin admin] Loaded default policies from ['neutron'] under neutron.policies entry points {{(pid=107826) register_rules /opt/stack/neutron/neutron/policy.py:65}}
Jun 18 05:32:03.206615 np0000181865 devstack@neutron-api.service[107826]: DEBUG neutron_lib.callbacks.manager [None req-ecd3507c-1c6b-47c5-8894-a0539d09befa admin admin] Publish callbacks ['neutron.objects.securitygroup.RbacNeutronDbObjectMixin.validate_rbac_policy_change-1456883539525', 'neutron.objects.address_group.RbacNeutronDbObjectMixin.validate_rbac_policy_change-1456883558058', 'neutron.objects.network.RbacNeutronDbObjectMixin.validate_rbac_policy_change-1456883511222', 'neutron.objects.qos.policy.RbacNeutronDbObjectMixin.validate_rbac_policy_change-1456883513533', 'neutron.objects.subnetpool.RbacNeutronDbObjectMixin.validate_rbac_policy_change-1456883531046', 'neutron.objects.address_scope.RbacNeutronDbObjectMixin.validate_rbac_policy_change-1456883528403', 'neutron.plugins.ml2.plugin.External_net_db_mixin._process_ext_policy_create-912386', 'neutron.plugins.ml2.plugin.NeutronDbPluginV2.validate_network_rbac_policy_change-898156'] for rbac-policy (None), before_create {{(pid=107826) _notify_loop /opt/stack/data/venv/lib/python3.12/site-packages/neutron_lib/callbacks/manager.py:184}}
Jun 18 05:32:03.285618 np0000181865 devstack@neutron-api.service[107826]: DEBUG neutron_lib.callbacks.manager [None req-ecd3507c-1c6b-47c5-8894-a0539d09befa admin admin] Publish callbacks [] for subnetpool (None), before_response {{(pid=107826) _notify_loop /opt/stack/data/venv/lib/python3.12/site-packages/neutron_lib/callbacks/manager.py:184}}
Jun 18 05:32:03.286878 np0000181865 devstack@neutron-api.service[107826]: [pid: 107826|app: 0|req: 1/3] 199.204.45.65 () {68 vars in 1360 bytes} [Thu Jun 18 05:32:02 2026] POST /networking/v2.0/subnetpools => generated 533 bytes in 651 msecs (HTTP/1.1 201) 4 headers in 162 bytes (1 switches on core 0)
Jun 18 05:32:03.651454 np0000181865 devstack@neutron-api.service[107827]: DEBUG neutron.api.v2.base [None req-8b785b7a-3c9b-46d3-9357-8155f264f6c5 admin admin] Request body: {'subnetpool': {'default_prefixlen': 64, 'is_default': True, 'name': 'shared-default-subnetpool-v6', 'shared': True, 'prefixes': ['fd37:d08e:67b3::/56']}} {{(pid=107827) prepare_request_body /opt/stack/neutron/neutron/api/v2/base.py:727}}
Jun 18 05:32:03.839329 np0000181865 devstack@neutron-api.service[107827]: DEBUG neutron.policy [None req-8b785b7a-3c9b-46d3-9357-8155f264f6c5 admin admin] Loaded default policies from ['neutron'] under neutron.policies entry points {{(pid=107827) register_rules /opt/stack/neutron/neutron/policy.py:65}}
Jun 18 05:32:04.020953 np0000181865 devstack@neutron-api.service[107827]: DEBUG neutron_lib.callbacks.manager [None req-8b785b7a-3c9b-46d3-9357-8155f264f6c5 admin admin] Publish callbacks ['neutron.objects.securitygroup.RbacNeutronDbObjectMixin.validate_rbac_policy_change-1456883539525', 'neutron.objects.address_group.RbacNeutronDbObjectMixin.validate_rbac_policy_change-1456883558058', 'neutron.objects.network.RbacNeutronDbObjectMixin.validate_rbac_policy_change-1456883511222', 'neutron.objects.qos.policy.RbacNeutronDbObjectMixin.validate_rbac_policy_change-1456883513533', 'neutron.objects.subnetpool.RbacNeutronDbObjectMixin.validate_rbac_policy_change-1456883531046', 'neutron.objects.address_scope.RbacNeutronDbObjectMixin.validate_rbac_policy_change-1456883528403', 'neutron.plugins.ml2.plugin.External_net_db_mixin._process_ext_policy_create-912386', 'neutron.plugins.ml2.plugin.NeutronDbPluginV2.validate_network_rbac_policy_change-898156'] for rbac-policy (None), before_create {{(pid=107827) _notify_loop /opt/stack/data/venv/lib/python3.12/site-packages/neutron_lib/callbacks/manager.py:184}}
Jun 18 05:32:04.134412 np0000181865 devstack@neutron-api.service[107827]: DEBUG neutron_lib.callbacks.manager [None req-8b785b7a-3c9b-46d3-9357-8155f264f6c5 admin admin] Publish callbacks [] for subnetpool (None), before_response {{(pid=107827) _notify_loop /opt/stack/data/venv/lib/python3.12/site-packages/neutron_lib/callbacks/manager.py:184}}
Jun 18 05:32:04.135636 np0000181865 devstack@neutron-api.service[107827]: [pid: 107827|app: 0|req: 1/4] 199.204.45.65 () {68 vars in 1360 bytes} [Thu Jun 18 05:32:03 2026] POST /networking/v2.0/subnetpools => generated 543 bytes in 616 msecs (HTTP/1.1 201) 4 headers in 162 bytes (1 switches on core 0)
Jun 18 05:32:04.654198 np0000181865 devstack@neutron-api.service[107829]: DEBUG neutron.api.v2.base [None req-11bb207a-b526-4356-947e-84a464856577 admin admin] Request body: {'network': {'name': 'private', 'admin_state_up': True}} {{(pid=107829) prepare_request_body /opt/stack/neutron/neutron/api/v2/base.py:727}}
Jun 18 05:32:04.779700 np0000181865 devstack@neutron-api.service[107829]: DEBUG neutron.pecan_wsgi.hooks.quota_enforcement [None req-11bb207a-b526-4356-947e-84a464856577 admin admin] Made reservation on behalf of 041a556b4b664dd9850c195e03341a92 for: {'network': 1} {{(pid=107829) before /opt/stack/neutron/neutron/pecan_wsgi/hooks/quota_enforcement.py:66}}
Jun 18 05:32:04.968666 np0000181865 devstack@neutron-api.service[107829]: DEBUG neutron.policy [None req-11bb207a-b526-4356-947e-84a464856577 admin admin] Loaded default policies from ['neutron'] under neutron.policies entry points {{(pid=107829) register_rules /opt/stack/neutron/neutron/policy.py:65}}
Jun 18 05:32:05.084344 np0000181865 devstack@neutron-api.service[107829]: DEBUG neutron_lib.callbacks.manager [None req-11bb207a-b526-4356-947e-84a464856577 admin admin] Publish callbacks ['neutron.plugins.ml2.plugin.SecurityGroupDbMixin._ensure_default_security_group_handler-78439'] for network (None), before_create {{(pid=107829) _notify_loop /opt/stack/data/venv/lib/python3.12/site-packages/neutron_lib/callbacks/manager.py:184}}
Jun 18 05:32:05.379951 np0000181865 devstack@neutron-api.service[107829]: DEBUG neutron_lib.callbacks.manager [None req-11bb207a-b526-4356-947e-84a464856577 admin admin] Publish callbacks [] for security_group (None), before_create {{(pid=107829) _notify_loop /opt/stack/data/venv/lib/python3.12/site-packages/neutron_lib/callbacks/manager.py:184}}
Jun 18 05:32:05.379951 np0000181865 devstack@neutron-api.service[107829]: DEBUG neutron_lib.callbacks.manager [None req-11bb207a-b526-4356-947e-84a464856577 admin admin] Publish callbacks ['neutron.plugins.ml2.drivers.ovn.mech_driver.mech_driver.OVNMechanismDriver._create_security_group_precommit-332973'] for security_group (69d28095-e01f-4198-ae22-7362e57da3d3), precommit_create {{(pid=107829) _notify_loop /opt/stack/data/venv/lib/python3.12/site-packages/neutron_lib/callbacks/manager.py:184}}
Jun 18 05:32:05.379951 np0000181865 devstack@neutron-api.service[107829]: DEBUG neutron.db.ovn_revision_numbers_db [None req-11bb207a-b526-4356-947e-84a464856577 admin admin] create_initial_revision uuid=69d28095-e01f-4198-ae22-7362e57da3d3, type=security_groups, rev=-1 {{(pid=107829) create_initial_revision /opt/stack/neutron/neutron/db/ovn_revision_numbers_db.py:98}}
Jun 18 05:32:05.379951 np0000181865 devstack@neutron-api.service[107829]: DEBUG neutron.db.ovn_revision_numbers_db [None req-11bb207a-b526-4356-947e-84a464856577 admin admin] create_initial_revision uuid=6342f19b-fd90-4e84-8dd1-d0a4a761e5c6, type=security_group_rules, rev=-1 {{(pid=107829) create_initial_revision /opt/stack/neutron/neutron/db/ovn_revision_numbers_db.py:98}}
Jun 18 05:32:05.379951 np0000181865 devstack@neutron-api.service[107829]: DEBUG neutron.db.ovn_revision_numbers_db [None req-11bb207a-b526-4356-947e-84a464856577 admin admin] create_initial_revision uuid=c11678f4-4084-49e1-831c-f44a3620a0f3, type=security_group_rules, rev=-1 {{(pid=107829) create_initial_revision /opt/stack/neutron/neutron/db/ovn_revision_numbers_db.py:98}}
Jun 18 05:32:05.380263 np0000181865 devstack@neutron-api.service[107829]: DEBUG neutron.db.ovn_revision_numbers_db [None req-11bb207a-b526-4356-947e-84a464856577 admin admin] create_initial_revision uuid=cb496b8b-2eff-4340-a292-ab886188d48e, type=security_group_rules, rev=-1 {{(pid=107829) create_initial_revision /opt/stack/neutron/neutron/db/ovn_revision_numbers_db.py:98}}
Jun 18 05:32:05.380263 np0000181865 devstack@neutron-api.service[107829]: DEBUG neutron.db.ovn_revision_numbers_db [None req-11bb207a-b526-4356-947e-84a464856577 admin admin] create_initial_revision uuid=d8bce433-49e6-43dd-a0fb-8b6e1fc5e804, type=security_group_rules, rev=-1 {{(pid=107829) create_initial_revision /opt/stack/neutron/neutron/db/ovn_revision_numbers_db.py:98}}
Jun 18 05:32:05.450381 np0000181865 devstack@neutron-api.service[107829]: DEBUG neutron_lib.callbacks.manager [None req-11bb207a-b526-4356-947e-84a464856577 admin admin] Publish callbacks ['neutron.plugins.ml2.drivers.ovn.mech_driver.mech_driver.OVNMechanismDriver._create_security_group-332967', 'neutron.plugins.ml2.ovo_rpc._ObjectChangeHandler.handle_event-7245601'] for security_group (69d28095-e01f-4198-ae22-7362e57da3d3), after_create {{(pid=107829) _notify_loop /opt/stack/data/venv/lib/python3.12/site-packages/neutron_lib/callbacks/manager.py:184}}
Jun 18 05:32:05.450683 np0000181865 devstack@neutron-api.service[107829]: INFO neutron.plugins.ml2.drivers.ovn.mech_driver.ovsdb.extensions.qos [None req-11bb207a-b526-4356-947e-84a464856577 admin admin] Starting OVNClientQosExtension
Jun 18 05:32:05.451048 np0000181865 devstack@neutron-api.service[107829]: INFO neutron.plugins.ml2.drivers.ovn.mech_driver.ovsdb.extensions.placement [None req-11bb207a-b526-4356-947e-84a464856577 admin admin] Starting OVNClientPlacementExtension
Jun 18 05:32:05.452580 np0000181865 devstack@neutron-api.service[107829]: DEBUG ovsdbapp.backend.ovs_idl.transaction [-] Running txn n=1 command(idx=0): PgAddCommand(_result=None, name=pg_69d28095_e01f_4198_ae22_7362e57da3d3, may_exist=False, columns={'acls': [], 'external_ids': {'neutron:security_group_id': '69d28095-e01f-4198-ae22-7362e57da3d3'}}) {{(pid=107829) do_commit /opt/stack/data/venv/lib/python3.12/site-packages/ovsdbapp/backend/ovs_idl/transaction.py:89}}
Jun 18 05:32:05.454274 np0000181865 devstack@neutron-api.service[107829]: DEBUG ovsdbapp.backend.ovs_idl.transaction [-] Running txn n=1 command(idx=1): PgAclAddCommand(_result=None, entity=pg_69d28095_e01f_4198_ae22_7362e57da3d3, direction=to-lport, priority=1002, match=outport == @pg_69d28095_e01f_4198_ae22_7362e57da3d3 && ip4 && ip4.src == $pg_69d28095_e01f_4198_ae22_7362e57da3d3_ip4, action=allow-related, log=False, may_exist=True, severity=[], name=[], meter=[], external_ids={'neutron:security_group_rule_id': '6342f19b-fd90-4e84-8dd1-d0a4a761e5c6'}) {{(pid=107829) do_commit /opt/stack/data/venv/lib/python3.12/site-packages/ovsdbapp/backend/ovs_idl/transaction.py:89}}
Jun 18 05:32:05.454749 np0000181865 devstack@neutron-api.service[107829]: DEBUG ovsdbapp.backend.ovs_idl.transaction [-] Running txn n=1 command(idx=2): PgAclAddCommand(_result=None, entity=pg_69d28095_e01f_4198_ae22_7362e57da3d3, direction=from-lport, priority=1002, match=inport == @pg_69d28095_e01f_4198_ae22_7362e57da3d3 && ip4, action=allow-related, log=False, may_exist=True, severity=[], name=[], meter=[], external_ids={'neutron:security_group_rule_id': 'c11678f4-4084-49e1-831c-f44a3620a0f3'}) {{(pid=107829) do_commit /opt/stack/data/venv/lib/python3.12/site-packages/ovsdbapp/backend/ovs_idl/transaction.py:89}}
Jun 18 05:32:05.455136 np0000181865 devstack@neutron-api.service[107829]: DEBUG ovsdbapp.backend.ovs_idl.transaction [-] Running txn n=1 command(idx=3): PgAclAddCommand(_result=None, entity=pg_69d28095_e01f_4198_ae22_7362e57da3d3, direction=from-lport, priority=1002, match=inport == @pg_69d28095_e01f_4198_ae22_7362e57da3d3 && ip6, action=allow-related, log=False, may_exist=True, severity=[], name=[], meter=[], external_ids={'neutron:security_group_rule_id': 'cb496b8b-2eff-4340-a292-ab886188d48e'}) {{(pid=107829) do_commit /opt/stack/data/venv/lib/python3.12/site-packages/ovsdbapp/backend/ovs_idl/transaction.py:89}}
Jun 18 05:32:05.455413 np0000181865 devstack@neutron-api.service[107829]: DEBUG ovsdbapp.backend.ovs_idl.transaction [-] Running txn n=1 command(idx=4): PgAclAddCommand(_result=None, entity=pg_69d28095_e01f_4198_ae22_7362e57da3d3, direction=to-lport, priority=1002, match=outport == @pg_69d28095_e01f_4198_ae22_7362e57da3d3 && ip6 && ip6.src == $pg_69d28095_e01f_4198_ae22_7362e57da3d3_ip6, action=allow-related, log=False, may_exist=True, severity=[], name=[], meter=[], external_ids={'neutron:security_group_rule_id': 'd8bce433-49e6-43dd-a0fb-8b6e1fc5e804'}) {{(pid=107829) do_commit /opt/stack/data/venv/lib/python3.12/site-packages/ovsdbapp/backend/ovs_idl/transaction.py:89}}
Jun 18 05:32:05.468613 np0000181865 devstack@neutron-api.service[107828]: DEBUG neutron.plugins.ml2.drivers.ovn.mech_driver.ovsdb.ovsdb_monitor [-] Hash Ring: Node 607ec39fd0c357dcbb7bbc3554277ecc (host: np0000181865) handling event "create" for row 0b6b9128-7984-425a-8b9e-bb8bb4ca74c7 (table: ACL) {{(pid=107828) notify /opt/stack/neutron/neutron/plugins/ml2/drivers/ovn/mech_driver/ovsdb/ovsdb_monitor.py:1015}}
Jun 18 05:32:05.468613 np0000181865 devstack@neutron-api.service[107828]: DEBUG neutron.plugins.ml2.drivers.ovn.mech_driver.ovsdb.ovsdb_monitor [-] Hash Ring: Node 607ec39fd0c357dcbb7bbc3554277ecc (host: np0000181865) handling event "create" for row 1f7c8ffb-1e0e-4852-bb13-6690f2c0932c (table: ACL) {{(pid=107828) notify /opt/stack/neutron/neutron/plugins/ml2/drivers/ovn/mech_driver/ovsdb/ovsdb_monitor.py:1015}}
Jun 18 05:32:05.468613 np0000181865 devstack@neutron-api.service[107828]: DEBUG neutron.plugins.ml2.drivers.ovn.mech_driver.ovsdb.ovsdb_monitor [-] Hash Ring: Node 607ec39fd0c357dcbb7bbc3554277ecc (host: np0000181865) handling event "create" for row 6f9a5de4-9095-40f0-b2a5-eb98370fff93 (table: ACL) {{(pid=107828) notify /opt/stack/neutron/neutron/plugins/ml2/drivers/ovn/mech_driver/ovsdb/ovsdb_monitor.py:1015}}
Jun 18 05:32:05.468613 np0000181865 devstack@neutron-api.service[107828]: DEBUG neutron.plugins.ml2.drivers.ovn.mech_driver.ovsdb.ovsdb_monitor [-] Hash Ring: Node 607ec39fd0c357dcbb7bbc3554277ecc (host: np0000181865) handling event "create" for row cd5ca038-e19d-4581-a5a6-09c626111865 (table: ACL) {{(pid=107828) notify /opt/stack/neutron/neutron/plugins/ml2/drivers/ovn/mech_driver/ovsdb/ovsdb_monitor.py:1015}}
Jun 18 05:32:05.468613 np0000181865 devstack@neutron-api.service[107828]: DEBUG neutron.plugins.ml2.drivers.ovn.mech_driver.ovsdb.ovsdb_monitor [-] Hash Ring: Node 607ec39fd0c357dcbb7bbc3554277ecc (host: np0000181865) handling event "create" for row 36db2740-d655-4102-ac5e-dc0eaa70e864 (table: Port_Group) {{(pid=107828) notify /opt/stack/neutron/neutron/plugins/ml2/drivers/ovn/mech_driver/ovsdb/ovsdb_monitor.py:1015}}
Jun 18 05:32:05.471049 np0000181865 devstack@neutron-api.service[107826]: DEBUG neutron.plugins.ml2.drivers.ovn.mech_driver.ovsdb.ovsdb_monitor [-] Hash Ring: Node 3c239d5b2612566fbaf2223901946041 (host: np0000181865) handling event "create" for row 0b6b9128-7984-425a-8b9e-bb8bb4ca74c7 (table: ACL) {{(pid=107826) notify /opt/stack/neutron/neutron/plugins/ml2/drivers/ovn/mech_driver/ovsdb/ovsdb_monitor.py:1015}}
Jun 18 05:32:05.473212 np0000181865 devstack@neutron-api.service[107826]: DEBUG neutron.plugins.ml2.drivers.ovn.mech_driver.ovsdb.ovsdb_monitor [-] Hash Ring: Node 3c239d5b2612566fbaf2223901946041 (host: np0000181865) handling event "create" for row cd5ca038-e19d-4581-a5a6-09c626111865 (table: ACL) {{(pid=107826) notify /opt/stack/neutron/neutron/plugins/ml2/drivers/ovn/mech_driver/ovsdb/ovsdb_monitor.py:1015}}
Jun 18 05:32:05.473810 np0000181865 devstack@neutron-api.service[107827]: DEBUG neutron.plugins.ml2.drivers.ovn.mech_driver.ovsdb.ovsdb_monitor [-] Hash Ring: Node 71d148a78da95ed680fded6874875848 (host: np0000181865) handling event "create" for row 1f7c8ffb-1e0e-4852-bb13-6690f2c0932c (table: ACL) {{(pid=107827) notify /opt/stack/neutron/neutron/plugins/ml2/drivers/ovn/mech_driver/ovsdb/ovsdb_monitor.py:1015}}
Jun 18 05:32:05.473810 np0000181865 devstack@neutron-api.service[107827]: DEBUG neutron.plugins.ml2.drivers.ovn.mech_driver.ovsdb.ovsdb_monitor [-] Hash Ring: Node 71d148a78da95ed680fded6874875848 (host: np0000181865) handling event "create" for row 6f9a5de4-9095-40f0-b2a5-eb98370fff93 (table: ACL) {{(pid=107827) notify /opt/stack/neutron/neutron/plugins/ml2/drivers/ovn/mech_driver/ovsdb/ovsdb_monitor.py:1015}}
Jun 18 05:32:05.473810 np0000181865 devstack@neutron-api.service[107827]: DEBUG neutron.plugins.ml2.drivers.ovn.mech_driver.ovsdb.ovsdb_monitor [-] Hash Ring: Node 71d148a78da95ed680fded6874875848 (host: np0000181865) handling event "create" for row 36db2740-d655-4102-ac5e-dc0eaa70e864 (table: Port_Group) {{(pid=107827) notify /opt/stack/neutron/neutron/plugins/ml2/drivers/ovn/mech_driver/ovsdb/ovsdb_monitor.py:1015}}
Jun 18 05:32:05.596287 np0000181865 devstack@neutron-api.service[107829]: INFO neutron.db.ovn_revision_numbers_db [None req-11bb207a-b526-4356-947e-84a464856577 admin admin] Successfully bumped revision number for resource 69d28095-e01f-4198-ae22-7362e57da3d3 (type: security_groups) to 1
Jun 18 05:32:05.779481 np0000181865 devstack@neutron-api.service[107829]: INFO neutron.db.ovn_revision_numbers_db [None req-11bb207a-b526-4356-947e-84a464856577 admin admin] Successfully bumped revision number for resource 6342f19b-fd90-4e84-8dd1-d0a4a761e5c6 (type: security_group_rules) to 0
Jun 18 05:32:06.205993 np0000181865 devstack@neutron-api.service[107829]: INFO neutron.db.ovn_revision_numbers_db [None req-11bb207a-b526-4356-947e-84a464856577 admin admin] Successfully bumped revision number for resource c11678f4-4084-49e1-831c-f44a3620a0f3 (type: security_group_rules) to 0
Jun 18 05:32:06.359485 np0000181865 devstack@neutron-api.service[107828]: DEBUG dbcounter [-] [107828] Writing DB stats neutron:SELECT=43,neutron:INSERT=658,neutron:DELETE=1 {{(pid=107828) stat_writer /opt/stack/data/venv/lib/python3.12/site-packages/dbcounter.py:115}}
Jun 18 05:32:06.847557 np0000181865 devstack@neutron-api.service[107829]: INFO neutron.db.ovn_revision_numbers_db [None req-11bb207a-b526-4356-947e-84a464856577 admin admin] Successfully bumped revision number for resource cb496b8b-2eff-4340-a292-ab886188d48e (type: security_group_rules) to 0
Jun 18 05:32:07.250793 np0000181865 devstack@neutron-api.service[107829]: INFO neutron.db.ovn_revision_numbers_db [None req-11bb207a-b526-4356-947e-84a464856577 admin admin] Successfully bumped revision number for resource d8bce433-49e6-43dd-a0fb-8b6e1fc5e804 (type: security_group_rules) to 0
Jun 18 05:32:07.282901 np0000181865 devstack@neutron-api.service[107829]: DEBUG neutron.api.rpc.handlers.resources_rpc [None req-11bb207a-b526-4356-947e-84a464856577 admin admin] Pushing event updated for resources: {'SecurityGroup': ['ID=69d28095-e01f-4198-ae22-7362e57da3d3,revision_number=1']} {{(pid=107829) push /opt/stack/neutron/neutron/api/rpc/handlers/resources_rpc.py:237}}
Jun 18 05:32:07.291064 np0000181865 devstack@neutron-api.service[107829]: DEBUG ovsdbapp.backend.ovs_idl.transaction [-] Running txn n=1 command(idx=0): CheckLivenessCommand(_result=None) {{(pid=107829) do_commit /opt/stack/data/venv/lib/python3.12/site-packages/ovsdbapp/backend/ovs_idl/transaction.py:89}}
Jun 18 05:32:07.300776 np0000181865 devstack@neutron-api.service[107828]: DEBUG neutron.plugins.ml2.drivers.ovn.mech_driver.ovsdb.ovsdb_monitor [-] Hash Ring: Node 607ec39fd0c357dcbb7bbc3554277ecc (host: np0000181865) handling event "update" for row 7d0c2c2a-33e6-4f91-b40d-4f028d1b27f6 (table: NB_Global) {{(pid=107828) notify /opt/stack/neutron/neutron/plugins/ml2/drivers/ovn/mech_driver/ovsdb/ovsdb_monitor.py:1015}}
Jun 18 05:32:07.301929 np0000181865 devstack@neutron-api.service[107827]: DEBUG neutron.plugins.ml2.drivers.ovn.mech_driver.ovsdb.ovsdb_monitor [-] Hash Ring: Node 71d148a78da95ed680fded6874875848 (host: np0000181865) handling event "update" for row 7d0c2c2a-33e6-4f91-b40d-4f028d1b27f6 (table: NB_Global) {{(pid=107827) notify /opt/stack/neutron/neutron/plugins/ml2/drivers/ovn/mech_driver/ovsdb/ovsdb_monitor.py:1015}}
Jun 18 05:32:07.303018 np0000181865 devstack@neutron-api.service[107829]: DEBUG neutron.api.rpc.callbacks.version_manager [None req-11bb207a-b526-4356-947e-84a464856577 admin admin] Tracked resource versions report:
Jun 18 05:32:07.303018 np0000181865 devstack@neutron-api.service[107829]: pushed versions:
Jun 18 05:32:07.303018 np0000181865 devstack@neutron-api.service[107829]: { 'AddressGroup': {'1.2'},
Jun 18 05:32:07.303018 np0000181865 devstack@neutron-api.service[107829]: 'Agent': {'1.1'},
Jun 18 05:32:07.303018 np0000181865 devstack@neutron-api.service[107829]: 'ConntrackHelper': {'1.0'},
Jun 18 05:32:07.303018 np0000181865 devstack@neutron-api.service[107829]: 'LocalIPAssociation': {'1.0'},
Jun 18 05:32:07.303018 np0000181865 devstack@neutron-api.service[107829]: 'Log': {'1.0'},
Jun 18 05:32:07.303018 np0000181865 devstack@neutron-api.service[107829]: 'NDPProxy': {'1.0'},
Jun 18 05:32:07.303018 np0000181865 devstack@neutron-api.service[107829]: 'Network': {'1.3'},
Jun 18 05:32:07.303018 np0000181865 devstack@neutron-api.service[107829]: 'Port': {'1.11'},
Jun 18 05:32:07.303018 np0000181865 devstack@neutron-api.service[107829]: 'PortForwarding': {'1.3'},
Jun 18 05:32:07.303018 np0000181865 devstack@neutron-api.service[107829]: 'QosPolicy': {'1.10'},
Jun 18 05:32:07.303018 np0000181865 devstack@neutron-api.service[107829]: 'SecurityGroup': {'1.6'},
Jun 18 05:32:07.303018 np0000181865 devstack@neutron-api.service[107829]: 'SecurityGroupRule': {'1.3'},
Jun 18 05:32:07.303018 np0000181865 devstack@neutron-api.service[107829]: 'SubPort': {'1.0'},
Jun 18 05:32:07.303018 np0000181865 devstack@neutron-api.service[107829]: 'Subnet': {'1.2'},
Jun 18 05:32:07.303018 np0000181865 devstack@neutron-api.service[107829]: 'Trunk': {'1.1'}}
Jun 18 05:32:07.303018 np0000181865 devstack@neutron-api.service[107829]: consumer versions:
Jun 18 05:32:07.303018 np0000181865 devstack@neutron-api.service[107829]: {}
Jun 18 05:32:07.303018 np0000181865 devstack@neutron-api.service[107829]: {{(pid=107829) report /opt/stack/neutron/neutron/api/rpc/callbacks/version_manager.py:183}}
Jun 18 05:32:07.305270 np0000181865 devstack@neutron-api.service[107827]: DEBUG neutron.plugins.ml2.drivers.ovn.mech_driver.ovsdb.ovsdb_monitor [-] Hash Ring: Node 71d148a78da95ed680fded6874875848 (host: np0000181865) handling event "update" for row 7d0c2c2a-33e6-4f91-b40d-4f028d1b27f6 (table: NB_Global) {{(pid=107827) notify /opt/stack/neutron/neutron/plugins/ml2/drivers/ovn/mech_driver/ovsdb/ovsdb_monitor.py:1015}}
Jun 18 05:32:07.305935 np0000181865 devstack@neutron-api.service[107828]: DEBUG neutron.plugins.ml2.drivers.ovn.mech_driver.ovsdb.ovsdb_monitor [-] Hash Ring: Node 607ec39fd0c357dcbb7bbc3554277ecc (host: np0000181865) handling event "update" for row 7d0c2c2a-33e6-4f91-b40d-4f028d1b27f6 (table: NB_Global) {{(pid=107828) notify /opt/stack/neutron/neutron/plugins/ml2/drivers/ovn/mech_driver/ovsdb/ovsdb_monitor.py:1015}}
Jun 18 05:32:07.307140 np0000181865 devstack@neutron-api.service[107827]: DEBUG neutron.plugins.ml2.drivers.ovn.mech_driver.ovsdb.ovsdb_monitor [-] Hash Ring: Node 71d148a78da95ed680fded6874875848 (host: np0000181865) handling event "update" for row 7d0c2c2a-33e6-4f91-b40d-4f028d1b27f6 (table: NB_Global) {{(pid=107827) notify /opt/stack/neutron/neutron/plugins/ml2/drivers/ovn/mech_driver/ovsdb/ovsdb_monitor.py:1015}}
Jun 18 05:32:07.307906 np0000181865 devstack@neutron-api.service[107828]: DEBUG neutron.plugins.ml2.drivers.ovn.mech_driver.ovsdb.ovsdb_monitor [-] Hash Ring: Node 607ec39fd0c357dcbb7bbc3554277ecc (host: np0000181865) handling event "update" for row 7d0c2c2a-33e6-4f91-b40d-4f028d1b27f6 (table: NB_Global) {{(pid=107828) notify /opt/stack/neutron/neutron/plugins/ml2/drivers/ovn/mech_driver/ovsdb/ovsdb_monitor.py:1015}}
Jun 18 05:32:07.308011 np0000181865 devstack@neutron-api.service[107827]: DEBUG neutron.plugins.ml2.drivers.ovn.mech_driver.ovsdb.ovsdb_monitor [-] ChassisAgentWriteEvent : Matched Chassis_Private, update, None None {{(pid=107827) matches /opt/stack/neutron/neutron/plugins/ml2/drivers/ovn/mech_driver/ovsdb/ovsdb_monitor.py:64}}
Jun 18 05:32:07.308109 np0000181865 devstack@neutron-api.service[107828]: DEBUG neutron.plugins.ml2.drivers.ovn.mech_driver.ovsdb.ovsdb_monitor [-] Hash Ring: Node 607ec39fd0c357dcbb7bbc3554277ecc (host: np0000181865) handling event "update" for row 7d0c2c2a-33e6-4f91-b40d-4f028d1b27f6 (table: NB_Global) {{(pid=107828) notify /opt/stack/neutron/neutron/plugins/ml2/drivers/ovn/mech_driver/ovsdb/ovsdb_monitor.py:1015}}
Jun 18 05:32:07.308250 np0000181865 devstack@neutron-api.service[107826]: DEBUG neutron.plugins.ml2.drivers.ovn.mech_driver.ovsdb.ovsdb_monitor [-] ChassisAgentWriteEvent : Matched Chassis_Private, update, None None {{(pid=107826) matches /opt/stack/neutron/neutron/plugins/ml2/drivers/ovn/mech_driver/ovsdb/ovsdb_monitor.py:64}}
Jun 18 05:32:07.309025 np0000181865 devstack@neutron-api.service[107827]: DEBUG neutron.plugins.ml2.drivers.ovn.mech_driver.ovsdb.ovsdb_monitor [-] Hash Ring: Node 71d148a78da95ed680fded6874875848 (host: np0000181865) handling event "update" for row 593b5da4-caa4-409c-9c9a-d8df23a7ec53 (table: Chassis_Private) {{(pid=107827) notify /opt/stack/neutron/neutron/plugins/ml2/drivers/ovn/mech_driver/ovsdb/ovsdb_monitor.py:1015}}
Jun 18 05:32:07.310253 np0000181865 devstack@neutron-api.service[107828]: DEBUG neutron.plugins.ml2.drivers.ovn.mech_driver.ovsdb.ovsdb_monitor [-] ChassisAgentWriteEvent : Matched Chassis_Private, update, None None {{(pid=107828) matches /opt/stack/neutron/neutron/plugins/ml2/drivers/ovn/mech_driver/ovsdb/ovsdb_monitor.py:64}}
Jun 18 05:32:07.311008 np0000181865 devstack@neutron-api.service[107827]: DEBUG neutron.plugins.ml2.drivers.ovn.mech_driver.ovsdb.ovsdb_monitor [-] Hash Ring: Node 71d148a78da95ed680fded6874875848 (host: np0000181865) handling event "update" for row 7d0c2c2a-33e6-4f91-b40d-4f028d1b27f6 (table: NB_Global) {{(pid=107827) notify /opt/stack/neutron/neutron/plugins/ml2/drivers/ovn/mech_driver/ovsdb/ovsdb_monitor.py:1015}}
Jun 18 05:32:07.313817 np0000181865 devstack@neutron-api.service[107827]: DEBUG neutron.plugins.ml2.drivers.ovn.mech_driver.ovsdb.ovsdb_monitor [-] ChassisOVNAgentWriteEvent : Matched Chassis_Private, update, None None {{(pid=107827) matches /opt/stack/neutron/neutron/plugins/ml2/drivers/ovn/mech_driver/ovsdb/ovsdb_monitor.py:64}}
Jun 18 05:32:07.314316 np0000181865 devstack@neutron-api.service[107829]: DEBUG neutron.plugins.ml2.drivers.ovn.mech_driver.ovsdb.ovsdb_monitor [-] ChassisAgentWriteEvent : Matched Chassis_Private, update, None None {{(pid=107829) matches /opt/stack/neutron/neutron/plugins/ml2/drivers/ovn/mech_driver/ovsdb/ovsdb_monitor.py:64}}
Jun 18 05:32:07.314964 np0000181865 devstack@neutron-api.service[107827]: DEBUG neutron.plugins.ml2.drivers.ovn.mech_driver.ovsdb.ovsdb_monitor [-] Hash Ring: Node 71d148a78da95ed680fded6874875848 (host: np0000181865) handling event "update" for row 593b5da4-caa4-409c-9c9a-d8df23a7ec53 (table: Chassis_Private) {{(pid=107827) notify /opt/stack/neutron/neutron/plugins/ml2/drivers/ovn/mech_driver/ovsdb/ovsdb_monitor.py:1015}}
Jun 18 05:32:07.315483 np0000181865 devstack@neutron-api.service[107829]: DEBUG neutron.plugins.ml2.drivers.ovn.mech_driver.ovsdb.ovsdb_monitor [-] Hash Ring: Node f50f20c5dffa578e9802f564bb387b07 (host: np0000181865) handling event "update" for row 593b5da4-caa4-409c-9c9a-d8df23a7ec53 (table: Chassis_Private) {{(pid=107829) notify /opt/stack/neutron/neutron/plugins/ml2/drivers/ovn/mech_driver/ovsdb/ovsdb_monitor.py:1015}}
Jun 18 05:32:07.316452 np0000181865 devstack@neutron-api.service[107826]: DEBUG neutron.common.ovn.hash_ring_manager [-] Allow caching, nodes 4>=4 {{(pid=107826) _wait_startup_before_caching /opt/stack/neutron/neutron/common/ovn/hash_ring_manager.py:71}}
Jun 18 05:32:07.317367 np0000181865 devstack@neutron-api.service[107826]: DEBUG neutron.plugins.ml2.drivers.ovn.mech_driver.ovsdb.ovsdb_monitor [-] ChassisOVNAgentWriteEvent : Matched Chassis_Private, update, None None {{(pid=107826) matches /opt/stack/neutron/neutron/plugins/ml2/drivers/ovn/mech_driver/ovsdb/ovsdb_monitor.py:64}}
Jun 18 05:32:07.318629 np0000181865 devstack@neutron-api.service[107829]: DEBUG neutron.plugins.ml2.drivers.ovn.mech_driver.ovsdb.ovsdb_monitor [-] ChassisOVNAgentWriteEvent : Matched Chassis_Private, update, None None {{(pid=107829) matches /opt/stack/neutron/neutron/plugins/ml2/drivers/ovn/mech_driver/ovsdb/ovsdb_monitor.py:64}}
Jun 18 05:32:07.319005 np0000181865 devstack@neutron-api.service[107829]: DEBUG neutron.plugins.ml2.drivers.ovn.mech_driver.ovsdb.ovsdb_monitor [-] Hash Ring: Node f50f20c5dffa578e9802f564bb387b07 (host: np0000181865) handling event "update" for row 593b5da4-caa4-409c-9c9a-d8df23a7ec53 (table: Chassis_Private) {{(pid=107829) notify /opt/stack/neutron/neutron/plugins/ml2/drivers/ovn/mech_driver/ovsdb/ovsdb_monitor.py:1015}}
Jun 18 05:32:07.320606 np0000181865 devstack@neutron-api.service[107828]: DEBUG neutron.common.ovn.hash_ring_manager [-] Allow caching, nodes 4>=4 {{(pid=107828) _wait_startup_before_caching /opt/stack/neutron/neutron/common/ovn/hash_ring_manager.py:71}}
Jun 18 05:32:07.321092 np0000181865 devstack@neutron-api.service[107828]: DEBUG neutron.plugins.ml2.drivers.ovn.mech_driver.ovsdb.ovsdb_monitor [-] Hash Ring: Node 607ec39fd0c357dcbb7bbc3554277ecc (host: np0000181865) handling event "update" for row 593b5da4-caa4-409c-9c9a-d8df23a7ec53 (table: Chassis_Private) {{(pid=107828) notify /opt/stack/neutron/neutron/plugins/ml2/drivers/ovn/mech_driver/ovsdb/ovsdb_monitor.py:1015}}
Jun 18 05:32:07.322230 np0000181865 devstack@neutron-api.service[107828]: DEBUG neutron.plugins.ml2.drivers.ovn.mech_driver.ovsdb.ovsdb_monitor [-] ChassisOVNAgentWriteEvent : Matched Chassis_Private, update, None None {{(pid=107828) matches /opt/stack/neutron/neutron/plugins/ml2/drivers/ovn/mech_driver/ovsdb/ovsdb_monitor.py:64}}
Jun 18 05:32:07.322691 np0000181865 devstack@neutron-api.service[107828]: DEBUG neutron.plugins.ml2.drivers.ovn.mech_driver.ovsdb.ovsdb_monitor [-] Hash Ring: Node 607ec39fd0c357dcbb7bbc3554277ecc (host: np0000181865) handling event "update" for row 593b5da4-caa4-409c-9c9a-d8df23a7ec53 (table: Chassis_Private) {{(pid=107828) notify /opt/stack/neutron/neutron/plugins/ml2/drivers/ovn/mech_driver/ovsdb/ovsdb_monitor.py:1015}}
Jun 18 05:32:07.384160 np0000181865 devstack@neutron-api.service[107829]: DEBUG neutron.plugins.ml2.drivers.helpers [None req-11bb207a-b526-4356-947e-84a464856577 admin admin] geneve segment allocate from pool success with {'geneve_vni': 51936} {{(pid=107829) allocate_partially_specified_segment /opt/stack/neutron/neutron/plugins/ml2/drivers/helpers.py:142}}
Jun 18 05:32:07.396868 np0000181865 devstack@neutron-api.service[107829]: DEBUG neutron_lib.callbacks.manager [None req-11bb207a-b526-4356-947e-84a464856577 admin admin] Publish callbacks ['neutron.services.segments.db._add_segment_host_mapping_for_segment-7810343577784', 'neutron.plugins.ml2.plugin.Ml2Plugin._handle_segment_change-8255617'] for segment (e0b4d0fe-80e8-4e31-8dd1-e09200628b14), precommit_create {{(pid=107829) _notify_loop /opt/stack/data/venv/lib/python3.12/site-packages/neutron_lib/callbacks/manager.py:184}}
Jun 18 05:32:07.397109 np0000181865 devstack@neutron-api.service[107829]: INFO neutron.db.segments_db [None req-11bb207a-b526-4356-947e-84a464856577 admin admin] Added segment e0b4d0fe-80e8-4e31-8dd1-e09200628b14 of type geneve for network 6f1b3d66-e932-463e-910a-1a77d0fbde06
Jun 18 05:32:07.446858 np0000181865 devstack@neutron-api.service[107829]: DEBUG neutron_lib.callbacks.manager [None req-11bb207a-b526-4356-947e-84a464856577 admin admin] Publish callbacks ['neutron.services.auto_allocate.db._ensure_external_network_default_value_callback-7810340988818'] for network (6f1b3d66-e932-463e-910a-1a77d0fbde06), precommit_create {{(pid=107829) _notify_loop /opt/stack/data/venv/lib/python3.12/site-packages/neutron_lib/callbacks/manager.py:184}}
Jun 18 05:32:07.465145 np0000181865 devstack@neutron-api.service[107829]: DEBUG neutron.plugins.ml2.drivers.ovn.mech_driver.mech_driver [None req-11bb207a-b526-4356-947e-84a464856577 admin admin] Validating network segment with type geneve, segmentation ID 51936, physical network None {{(pid=107829) _validate_network_segments /opt/stack/neutron/neutron/plugins/ml2/drivers/ovn/mech_driver/mech_driver.py:643}}
Jun 18 05:32:07.465282 np0000181865 devstack@neutron-api.service[107829]: DEBUG neutron.db.ovn_revision_numbers_db [None req-11bb207a-b526-4356-947e-84a464856577 admin admin] create_initial_revision uuid=6f1b3d66-e932-463e-910a-1a77d0fbde06, type=networks, rev=-1 {{(pid=107829) create_initial_revision /opt/stack/neutron/neutron/db/ovn_revision_numbers_db.py:98}}
Jun 18 05:32:07.884207 np0000181865 devstack@neutron-api.service[107829]: DEBUG neutron_lib.callbacks.manager [None req-11bb207a-b526-4356-947e-84a464856577 admin admin] Publish callbacks ['neutron.plugins.ml2.ovo_rpc._ObjectChangeHandler.handle_event-7245602'] for network (6f1b3d66-e932-463e-910a-1a77d0fbde06), after_create {{(pid=107829) _notify_loop /opt/stack/data/venv/lib/python3.12/site-packages/neutron_lib/callbacks/manager.py:184}}
Jun 18 05:32:07.940999 np0000181865 devstack@neutron-api.service[107829]: DEBUG neutron.api.rpc.handlers.resources_rpc [None req-11bb207a-b526-4356-947e-84a464856577 admin admin] Pushing event updated for resources: {'Network': ['ID=6f1b3d66-e932-463e-910a-1a77d0fbde06,revision_number=1']} {{(pid=107829) push /opt/stack/neutron/neutron/api/rpc/handlers/resources_rpc.py:237}}
Jun 18 05:32:07.950959 np0000181865 devstack@neutron-api.service[107829]: DEBUG ovsdbapp.backend.ovs_idl.transaction [-] Running txn n=1 command(idx=0): AddNetworkCommand(_result=None, network_uuid=6f1b3d66-e932-463e-910a-1a77d0fbde06, may_exist=True, columns={'external_ids': {'neutron:network_name': 'private', 'neutron:mtu': '1372', 'neutron:revision_number': '1', 'neutron:availability_zone_hints': '', 'neutron:provnet-network-type': 'geneve'}, 'other_config': {'mcast_snoop': 'false', 'mcast_flood_unregistered': 'false', 'vlan-passthru': 'false'}}) {{(pid=107829) do_commit /opt/stack/data/venv/lib/python3.12/site-packages/ovsdbapp/backend/ovs_idl/transaction.py:89}}
Jun 18 05:32:07.952111 np0000181865 devstack@neutron-api.service[107829]: DEBUG neutron.common.ovn.utils [-] OVS persist_uuid supported=True {{(pid=107829) ovs_persist_uuid_supported /opt/stack/neutron/neutron/common/ovn/utils.py:1544}}
Jun 18 05:32:07.959095 np0000181865 devstack@neutron-api.service[107828]: DEBUG neutron.plugins.ml2.drivers.ovn.mech_driver.ovsdb.ovsdb_monitor [-] Hash Ring: Node 607ec39fd0c357dcbb7bbc3554277ecc (host: np0000181865) handling event "create" for row 6f1b3d66-e932-463e-910a-1a77d0fbde06 (table: Logical_Switch) {{(pid=107828) notify /opt/stack/neutron/neutron/plugins/ml2/drivers/ovn/mech_driver/ovsdb/ovsdb_monitor.py:1015}}
Jun 18 05:32:07.965060 np0000181865 devstack@neutron-api.service[107827]: DEBUG neutron.plugins.ml2.drivers.ovn.mech_driver.ovsdb.ovsdb_monitor [-] Hash Ring: Node 71d148a78da95ed680fded6874875848 (host: np0000181865) handling event "create" for row c8a831c4-930e-4450-85ef-d0ad52f69210 (table: Datapath_Binding) {{(pid=107827) notify /opt/stack/neutron/neutron/plugins/ml2/drivers/ovn/mech_driver/ovsdb/ovsdb_monitor.py:1015}}
Jun 18 05:32:07.965585 np0000181865 devstack@neutron-api.service[107828]: DEBUG neutron.plugins.ml2.drivers.ovn.mech_driver.ovsdb.ovsdb_monitor [-] Hash Ring: Node 607ec39fd0c357dcbb7bbc3554277ecc (host: np0000181865) handling event "create" for row c8a831c4-930e-4450-85ef-d0ad52f69210 (table: Datapath_Binding) {{(pid=107828) notify /opt/stack/neutron/neutron/plugins/ml2/drivers/ovn/mech_driver/ovsdb/ovsdb_monitor.py:1015}}
Jun 18 05:32:08.247374 np0000181865 devstack@neutron-api.service[107829]: INFO neutron.db.ovn_revision_numbers_db [None req-11bb207a-b526-4356-947e-84a464856577 admin admin] Successfully bumped revision number for resource 6f1b3d66-e932-463e-910a-1a77d0fbde06 (type: networks) to 1
Jun 18 05:32:08.642215 np0000181865 devstack@neutron-api.service[107829]: DEBUG neutron_lib.callbacks.manager [None req-11bb207a-b526-4356-947e-84a464856577 admin admin] Publish callbacks ['neutron.plugins.ml2.plugin.SecurityGroupDbMixin._ensure_default_security_group_handler-78439'] for port (None), before_create {{(pid=107829) _notify_loop /opt/stack/data/venv/lib/python3.12/site-packages/neutron_lib/callbacks/manager.py:184}}
Jun 18 05:32:08.766046 np0000181865 devstack@neutron-api.service[107829]: DEBUG neutron_lib.callbacks.manager [None req-11bb207a-b526-4356-947e-84a464856577 admin admin] Publish callbacks ['neutron.plugins.ml2.drivers.ovn.mech_driver.mech_driver.OVNMechanismDriver._validate_allowed_address_pairs-332593'] for allowed_address_pair (983ad0c3-91b9-4999-8e82-9b752858370e), before_create {{(pid=107829) _notify_loop /opt/stack/data/venv/lib/python3.12/site-packages/neutron_lib/callbacks/manager.py:184}}
Jun 18 05:32:08.782932 np0000181865 devstack@neutron-api.service[107829]: DEBUG neutron_lib.callbacks.manager [None req-11bb207a-b526-4356-947e-84a464856577 admin admin] Publish callbacks [] for port (983ad0c3-91b9-4999-8e82-9b752858370e), precommit_create {{(pid=107829) _notify_loop /opt/stack/data/venv/lib/python3.12/site-packages/neutron_lib/callbacks/manager.py:184}}
Jun 18 05:32:08.782932 np0000181865 devstack@neutron-api.service[107829]: DEBUG neutron.plugins.ml2.drivers.ovn.mech_driver.mech_driver [None req-11bb207a-b526-4356-947e-84a464856577 admin admin] No provisioning block for port 983ad0c3-91b9-4999-8e82-9b752858370e since it does not have a host {{(pid=107829) _is_port_provisioning_required /opt/stack/neutron/neutron/plugins/ml2/drivers/ovn/mech_driver/mech_driver.py:896}}
Jun 18 05:32:08.782932 np0000181865 devstack@neutron-api.service[107829]: DEBUG neutron.db.ovn_revision_numbers_db [None req-11bb207a-b526-4356-947e-84a464856577 admin admin] create_initial_revision uuid=983ad0c3-91b9-4999-8e82-9b752858370e, type=ports, rev=-1 {{(pid=107829) create_initial_revision /opt/stack/neutron/neutron/db/ovn_revision_numbers_db.py:98}}
Jun 18 05:32:08.988510 np0000181865 devstack@neutron-api.service[107829]: DEBUG neutron_lib.callbacks.manager [None req-11bb207a-b526-4356-947e-84a464856577 admin admin] Publish callbacks ['neutron.plugins.ml2.ovo_rpc._ObjectChangeHandler.handle_event-7245589'] for port (983ad0c3-91b9-4999-8e82-9b752858370e), after_create {{(pid=107829) _notify_loop /opt/stack/data/venv/lib/python3.12/site-packages/neutron_lib/callbacks/manager.py:184}}
Jun 18 05:32:09.054855 np0000181865 devstack@neutron-api.service[107829]: DEBUG neutron.api.rpc.handlers.resources_rpc [None req-11bb207a-b526-4356-947e-84a464856577 admin admin] Pushing event updated for resources: {'Port': ['ID=983ad0c3-91b9-4999-8e82-9b752858370e,revision_number=1']} {{(pid=107829) push /opt/stack/neutron/neutron/api/rpc/handlers/resources_rpc.py:237}}
Jun 18 05:32:09.095544 np0000181865 devstack@neutron-api.service[107829]: DEBUG neutron.plugins.ml2.drivers.ovn.mech_driver.ovsdb.commands [None req-11bb207a-b526-4356-947e-84a464856577 admin admin] Converting tag [] to a tag_request {{(pid=107829) _tag_column_to_tag_request /opt/stack/neutron/neutron/plugins/ml2/drivers/ovn/mech_driver/ovsdb/commands.py:205}}
Jun 18 05:32:09.096418 np0000181865 devstack@neutron-api.service[107829]: DEBUG ovsdbapp.backend.ovs_idl.transaction [-] Running txn n=1 command(idx=0): AddLSwitchPortCommand(_result=None, lport=983ad0c3-91b9-4999-8e82-9b752858370e, lswitch=neutron-6f1b3d66-e932-463e-910a-1a77d0fbde06, may_exist=True, network_uuid=6f1b3d66-e932-463e-910a-1a77d0fbde06, columns={'addresses': ['fa:16:3e:76:3d:50'], 'external_ids': {'neutron:port_name': '', 'neutron:device_id': 'ovnmeta-6f1b3d66-e932-463e-910a-1a77d0fbde06', 'neutron:project_id': '041a556b4b664dd9850c195e03341a92', 'neutron:cidrs': '', 'neutron:device_owner': 'network:distributed', 'neutron:subnet_pool_addr_scope4': '', 'neutron:subnet_pool_addr_scope6': '', 'neutron:network_name': 'neutron-6f1b3d66-e932-463e-910a-1a77d0fbde06', 'neutron:security_group_ids': '', 'neutron:revision_number': '1', 'neutron:vnic_type': 'normal', 'neutron:port_capabilities': '', 'neutron:mtu': '1372'}, 'parent_name': [], 'enabled': True, 'options': {}, 'type': 'localport', 'port_security': [], 'dhcpv4_options': [], 'dhcpv6_options': [], 'tag_request': []}) {{(pid=107829) do_commit /opt/stack/data/venv/lib/python3.12/site-packages/ovsdbapp/backend/ovs_idl/transaction.py:89}}
Jun 18 05:32:09.097291 np0000181865 devstack@neutron-api.service[107829]: DEBUG ovsdbapp.backend.ovs_idl.transaction [-] Running txn n=1 command(idx=1): QoSDelCommand(_result=None, switch=neutron-6f1b3d66-e932-463e-910a-1a77d0fbde06, conditions=[('direction', '=', 'to-lport'), ('priority', '=', 2002), ('match', '=', 'outport == "983ad0c3-91b9-4999-8e82-9b752858370e"')], if_exists=True) {{(pid=107829) do_commit /opt/stack/data/venv/lib/python3.12/site-packages/ovsdbapp/backend/ovs_idl/transaction.py:89}}
Jun 18 05:32:09.097620 np0000181865 devstack@neutron-api.service[107829]: DEBUG ovsdbapp.backend.ovs_idl.transaction [-] Running txn n=1 command(idx=2): QoSDelCommand(_result=None, switch=neutron-6f1b3d66-e932-463e-910a-1a77d0fbde06, conditions=[('direction', '=', 'from-lport'), ('priority', '=', 2002), ('match', '=', 'inport == "983ad0c3-91b9-4999-8e82-9b752858370e"')], if_exists=True) {{(pid=107829) do_commit /opt/stack/data/venv/lib/python3.12/site-packages/ovsdbapp/backend/ovs_idl/transaction.py:89}}
Jun 18 05:32:09.110630 np0000181865 devstack@neutron-api.service[107828]: DEBUG neutron.plugins.ml2.drivers.ovn.mech_driver.ovsdb.ovsdb_monitor [-] Hash Ring: Node 607ec39fd0c357dcbb7bbc3554277ecc (host: np0000181865) handling event "update" for row 6f1b3d66-e932-463e-910a-1a77d0fbde06 (table: Logical_Switch) {{(pid=107828) notify /opt/stack/neutron/neutron/plugins/ml2/drivers/ovn/mech_driver/ovsdb/ovsdb_monitor.py:1015}}
Jun 18 05:32:09.110630 np0000181865 devstack@neutron-api.service[107828]: DEBUG neutron.plugins.ml2.drivers.ovn.mech_driver.ovsdb.ovsdb_monitor [-] Hash Ring: Node 607ec39fd0c357dcbb7bbc3554277ecc (host: np0000181865) handling event "create" for row 32b5db35-bcc2-46bb-834b-1fba2050de48 (table: Logical_Switch_Port) {{(pid=107828) notify /opt/stack/neutron/neutron/plugins/ml2/drivers/ovn/mech_driver/ovsdb/ovsdb_monitor.py:1015}}
Jun 18 05:32:09.110630 np0000181865 devstack@neutron-api.service[107828]: DEBUG ovsdbapp.backend.ovs_idl.event [-] Matched CREATE: LogicalSwitchPortCreateEvent(events=('create',), table='Logical_Switch_Port', conditions=[], old_conditions=None), priority=20 to row=Logical_Switch_Port(uuid=32b5db35-bcc2-46bb-834b-1fba2050de48, addresses=['fa:16:3e:76:3d:50'], dhcpv4_options=[], dhcpv6_options=[], dynamic_addresses=[], enabled=True, external_ids={'neutron:cidrs': '', 'neutron:device_id': 'ovnmeta-6f1b3d66-e932-463e-910a-1a77d0fbde06', 'neutron:device_owner': 'network:distributed', 'neutron:mtu': '1372', 'neutron:network_name': 'neutron-6f1b3d66-e932-463e-910a-1a77d0fbde06', 'neutron:port_capabilities': '', 'neutron:port_name': '', 'neutron:project_id': '041a556b4b664dd9850c195e03341a92', 'neutron:revision_number': '1', 'neutron:security_group_ids': '', 'neutron:subnet_pool_addr_scope4': '', 'neutron:subnet_pool_addr_scope6': '', 'neutron:vnic_type': 'normal'}, ha_chassis_group=[], mirror_rules=[], name='983ad0c3-91b9-4999-8e82-9b752858370e', options={}, parent_name=[], port_security=[], tag=[], tag_request=[], type='localport', up=[]) old= {{(pid=107828) matches /opt/stack/data/venv/lib/python3.12/site-packages/ovsdbapp/backend/ovs_idl/event.py:55}}
