2026-04-29 03:03:43.172 7 INFO placement.requestlog [None req-1a5f0501-17f5-4cdd-9503-933920e8d565 12fffdedbb1647be8e3aa7315a4eb847 e771c9caa2f9493cbfaba4d0ad4608ac - - c893072840914529953fbcb8af47df1e c893072840914529953fbcb8af47df1e] 10.0.0.127 "DELETE /resource_providers/58af5cef-c15e-409b-bddb-7af41be7dc5d" status: 404 len: 246 microversion: 1.1 [pid: 7|app: 0|req: 418/828] 10.0.0.127 () {34 vars in 824 bytes} [Wed Apr 29 03:03:43 2026] DELETE /resource_providers/58af5cef-c15e-409b-bddb-7af41be7dc5d => generated 246 bytes in 22 msecs (HTTP/1.1 404) 6 headers in 231 bytes (1 switches on core 0)
2026-04-29 03:03:43.912 8 INFO placement.requestlog [None req-95c863c1-2e98-4871-bcff-ad74c8090f46 12fffdedbb1647be8e3aa7315a4eb847 e771c9caa2f9493cbfaba4d0ad4608ac - - c893072840914529953fbcb8af47df1e c893072840914529953fbcb8af47df1e] 10.0.0.127 "GET /resource_providers/e836eea6-7c06-43fd-abca-8a470e1cfd3d/aggregates" status: 404 len: 235 microversion: 1.1 [pid: 8|app: 0|req: 411/829] 10.0.0.127 () {32 vars in 824 bytes} [Wed Apr 29 03:03:43 2026] GET /resource_providers/e836eea6-7c06-43fd-abca-8a470e1cfd3d/aggregates => generated 235 bytes in 9 msecs (HTTP/1.1 404) 5 headers in 202 bytes (1 switches on core 0)
2026-04-29 03:03:43.925 7 INFO placement.requestlog [None req-789a86a1-76be-42ff-8c9f-599e2198bff3 12fffdedbb1647be8e3aa7315a4eb847 e771c9caa2f9493cbfaba4d0ad4608ac - - c893072840914529953fbcb8af47df1e c893072840914529953fbcb8af47df1e] 10.0.0.127 "GET /resource_providers/e836eea6-7c06-43fd-abca-8a470e1cfd3d/aggregates" status: 404 len: 235 microversion: 1.1
2026-04-29 03:03:43.925 8 INFO placement.requestlog [None req-03ba87e7-a2c6-4d7c-8ff4-b553a6b7c166 12fffdedbb1647be8e3aa7315a4eb847 e771c9caa2f9493cbfaba4d0ad4608ac - - c893072840914529953fbcb8af47df1e c893072840914529953fbcb8af47df1e] 10.0.0.127 "DELETE /resource_providers/e836eea6-7c06-43fd-abca-8a470e1cfd3d" status: 404 len: 246 microversion: 1.1 [pid: 7|app: 0|req: 419/831] 10.0.0.127 () {32 vars in 824 bytes} [Wed Apr 29 03:03:43 2026] GET /resource_providers/e836eea6-7c06-43fd-abca-8a470e1cfd3d/aggregates => generated 235 bytes in 17 msecs (HTTP/1.1 404) 5 headers in 202 bytes (1 switches on core 0) [pid: 8|app: 0|req: 412/831] 10.0.0.127 () {34 vars in 824 bytes} [Wed Apr 29 03:03:43 2026] DELETE /resource_providers/e836eea6-7c06-43fd-abca-8a470e1cfd3d => generated 246 bytes in 7 msecs (HTTP/1.1 404) 6 headers in 231 bytes (1 switches on core 0)
2026-04-29 03:03:43.944 7 INFO placement.requestlog [None req-1cc301f2-e7aa-41f5-accc-56a02d7c18d3 12fffdedbb1647be8e3aa7315a4eb847 e771c9caa2f9493cbfaba4d0ad4608ac - - c893072840914529953fbcb8af47df1e c893072840914529953fbcb8af47df1e] 10.0.0.127 "DELETE /resource_providers/e836eea6-7c06-43fd-abca-8a470e1cfd3d" status: 404 len: 246 microversion: 1.1 [pid: 7|app: 0|req: 420/832] 10.0.0.127 () {34 vars in 824 bytes} [Wed Apr 29 03:03:43 2026] DELETE /resource_providers/e836eea6-7c06-43fd-abca-8a470e1cfd3d => generated 246 bytes in 10 msecs (HTTP/1.1 404) 6 headers in 231 bytes (1 switches on core 0)
2026-04-29 03:03:43.946 8 INFO placement.requestlog [None req-64feebd1-2ca2-47b4-8e70-bb452b4bd3c1 12fffdedbb1647be8e3aa7315a4eb847 e771c9caa2f9493cbfaba4d0ad4608ac - - c893072840914529953fbcb8af47df1e c893072840914529953fbcb8af47df1e] 10.0.0.127 "GET /resource_providers/8540c7a3-7296-4b27-9bce-b464e34d5fdc/aggregates" status: 404 len: 235 microversion: 1.1 [pid: 8|app: 0|req: 413/833] 10.0.0.127 () {32 vars in 824 bytes} [Wed Apr 29 03:03:43 2026] GET /resource_providers/8540c7a3-7296-4b27-9bce-b464e34d5fdc/aggregates => generated 235 bytes in 11 msecs (HTTP/1.1 404) 5 headers in 202 bytes (1 switches on core 0)
2026-04-29 03:03:43.958 7 INFO placement.requestlog [None req-fbf1f656-18c9-4e7d-b3c2-4e71a9f1d2b1 12fffdedbb1647be8e3aa7315a4eb847 e771c9caa2f9493cbfaba4d0ad4608ac - - c893072840914529953fbcb8af47df1e c893072840914529953fbcb8af47df1e] 10.0.0.127 "GET /resource_providers/8540c7a3-7296-4b27-9bce-b464e34d5fdc/aggregates" status: 404 len: 235 microversion: 1.1 [pid: 7|app: 0|req: 421/834] 10.0.0.127 () {32 vars in 824 bytes} [Wed Apr 29 03:03:43 2026] GET /resource_providers/8540c7a3-7296-4b27-9bce-b464e34d5fdc/aggregates => generated 235 bytes in 8 msecs (HTTP/1.1 404) 5 headers in 202 bytes (1 switches on core 0)
2026-04-29 03:03:43.966 8 INFO placement.requestlog [None req-7263de52-0b8f-42ad-8517-03e0c6dd9ab5 12fffdedbb1647be8e3aa7315a4eb847 e771c9caa2f9493cbfaba4d0ad4608ac - - c893072840914529953fbcb8af47df1e c893072840914529953fbcb8af47df1e] 10.0.0.127 "DELETE /resource_providers/8540c7a3-7296-4b27-9bce-b464e34d5fdc" status: 404 len: 246 microversion: 1.1 [pid: 8|app: 0|req: 414/835] 10.0.0.127 () {34 vars in 824 bytes} [Wed Apr 29 03:03:43 2026] DELETE /resource_providers/8540c7a3-7296-4b27-9bce-b464e34d5fdc => generated 246 bytes in 10 msecs (HTTP/1.1 404) 6 headers in 231 bytes (1 switches on core 0)
2026-04-29 03:03:43.972 7 INFO placement.requestlog [None req-2f197586-f085-4d22-81dd-c90106d559f1 12fffdedbb1647be8e3aa7315a4eb847 e771c9caa2f9493cbfaba4d0ad4608ac - - c893072840914529953fbcb8af47df1e c893072840914529953fbcb8af47df1e] 10.0.0.127 "DELETE /resource_providers/8540c7a3-7296-4b27-9bce-b464e34d5fdc" status: 404 len: 246 microversion: 1.1 [pid: 7|app: 0|req: 422/836] 10.0.0.127 () {34 vars in 824 bytes} [Wed Apr 29 03:03:43 2026] DELETE /resource_providers/8540c7a3-7296-4b27-9bce-b464e34d5fdc => generated 246 bytes in 9 msecs (HTTP/1.1 404) 6 headers in 231 bytes (1 switches on core 0)
2026-04-29 03:03:45.994 7 INFO placement.requestlog [None req-753a6713-6dd2-484f-b761-714411f9a032 12fffdedbb1647be8e3aa7315a4eb847 e771c9caa2f9493cbfaba4d0ad4608ac - - c893072840914529953fbcb8af47df1e c893072840914529953fbcb8af47df1e] 10.0.0.127 "GET /resource_providers/f8316d3e-c7aa-4789-80cb-4748b68587ba/aggregates" status: 404 len: 235 microversion: 1.1 [pid: 7|app: 0|req: 423/837] 10.0.0.127 () {32 vars in 824 bytes} [Wed Apr 29 03:03:45 2026] GET /resource_providers/f8316d3e-c7aa-4789-80cb-4748b68587ba/aggregates => generated 235 bytes in 9 msecs (HTTP/1.1 404) 5 headers in 202 bytes (1 switches on core 0)
2026-04-29 03:03:45.995 8 INFO placement.requestlog [None req-48ffb582-b2d0-4bb5-8bd8-10371ef7ed4d 12fffdedbb1647be8e3aa7315a4eb847 e771c9caa2f9493cbfaba4d0ad4608ac - - c893072840914529953fbcb8af47df1e c893072840914529953fbcb8af47df1e] 10.0.0.127 "GET /resource_providers/f8316d3e-c7aa-4789-80cb-4748b68587ba/aggregates" status: 404 len: 235 microversion: 1.1 [pid: 8|app: 0|req: 415/838] 10.0.0.127 () {32 vars in 824 bytes} [Wed Apr 29 03:03:45 2026] GET /resource_providers/f8316d3e-c7aa-4789-80cb-4748b68587ba/aggregates => generated 235 bytes in 11 msecs (HTTP/1.1 404) 5 headers in 202 bytes (1 switches on core 0)
2026-04-29 03:03:46.005 7 INFO placement.requestlog [None req-c2ab5606-e93d-4656-b6f4-0bfeec685549 12fffdedbb1647be8e3aa7315a4eb847 e771c9caa2f9493cbfaba4d0ad4608ac - - c893072840914529953fbcb8af47df1e c893072840914529953fbcb8af47df1e] 10.0.0.127 "DELETE /resource_providers/f8316d3e-c7aa-4789-80cb-4748b68587ba" status: 404 len: 246 microversion: 1.1 [pid: 7|app: 0|req: 424/839] 10.0.0.127 () {34 vars in 824 bytes} [Wed Apr 29 03:03:45 2026] DELETE /resource_providers/f8316d3e-c7aa-4789-80cb-4748b68587ba => generated 246 bytes in 6 msecs (HTTP/1.1 404) 6 headers in 231 bytes (1 switches on core 0)
2026-04-29 03:03:46.008 8 INFO placement.requestlog [None req-1694603a-40c6-4956-8ef4-f1e0b3a750c7 12fffdedbb1647be8e3aa7315a4eb847 e771c9caa2f9493cbfaba4d0ad4608ac - - c893072840914529953fbcb8af47df1e c893072840914529953fbcb8af47df1e] 10.0.0.127 "DELETE /resource_providers/f8316d3e-c7aa-4789-80cb-4748b68587ba" status: 404 len: 246 microversion: 1.1 [pid: 8|app: 0|req: 416/840] 10.0.0.127 () {34 vars in 824 bytes} [Wed Apr 29 03:03:46 2026] DELETE /resource_providers/f8316d3e-c7aa-4789-80cb-4748b68587ba => generated 246 bytes in 6 msecs (HTTP/1.1 404) 6 headers in 231 bytes (1 switches on core 0)
2026-04-29 03:03:49.817 7 INFO placement.requestlog [None req-2bd1ce1e-3a0a-47a7-b8ec-2c86e1d71c34 12fffdedbb1647be8e3aa7315a4eb847 e771c9caa2f9493cbfaba4d0ad4608ac - - c893072840914529953fbcb8af47df1e c893072840914529953fbcb8af47df1e] 10.0.0.127 "GET /resource_providers/567f116a-1843-44da-b2cf-d7ce89990d53/aggregates" status: 404 len: 235 microversion: 1.1 [pid: 7|app: 0|req: 425/841] 10.0.0.127 () {32 vars in 824 bytes} [Wed Apr 29 03:03:49 2026] GET /resource_providers/567f116a-1843-44da-b2cf-d7ce89990d53/aggregates => generated 235 bytes in 11 msecs (HTTP/1.1 404) 5 headers in 202 bytes (1 switches on core 0)
2026-04-29 03:03:49.818 8 INFO placement.requestlog [None req-d80d2bc4-d948-4919-adf4-fa029fe2ad87 12fffdedbb1647be8e3aa7315a4eb847 e771c9caa2f9493cbfaba4d0ad4608ac - - c893072840914529953fbcb8af47df1e c893072840914529953fbcb8af47df1e] 10.0.0.127 "GET /resource_providers/567f116a-1843-44da-b2cf-d7ce89990d53/aggregates" status: 404 len: 235 microversion: 1.1 [pid: 8|app: 0|req: 417/842] 10.0.0.127 () {32 vars in 824 bytes} [Wed Apr 29 03:03:49 2026] GET /resource_providers/567f116a-1843-44da-b2cf-d7ce89990d53/aggregates => generated 235 bytes in 10 msecs (HTTP/1.1 404) 5 headers in 202 bytes (1 switches on core 0)
2026-04-29 03:03:49.833 8 INFO placement.requestlog [None req-17b044d5-dcf8-4971-a3e5-115c349fb313 12fffdedbb1647be8e3aa7315a4eb847 e771c9caa2f9493cbfaba4d0ad4608ac - - c893072840914529953fbcb8af47df1e c893072840914529953fbcb8af47df1e] 10.0.0.127 "DELETE /resource_providers/567f116a-1843-44da-b2cf-d7ce89990d53" status: 404 len: 246 microversion: 1.1 [pid: 8|app: 0|req: 418/843] 10.0.0.127 () {34 vars in 824 bytes} [Wed Apr 29 03:03:49 2026] DELETE /resource_providers/567f116a-1843-44da-b2cf-d7ce89990d53 => generated 246 bytes in 6 msecs (HTTP/1.1 404) 6 headers in 231 bytes (1 switches on core 0)
2026-04-29 03:03:49.839 7 INFO placement.requestlog [None req-611cd75c-7f63-4e5d-ba1d-2e408f7c7b67 12fffdedbb1647be8e3aa7315a4eb847 e771c9caa2f9493cbfaba4d0ad4608ac - - c893072840914529953fbcb8af47df1e c893072840914529953fbcb8af47df1e] 10.0.0.127 "DELETE /resource_providers/567f116a-1843-44da-b2cf-d7ce89990d53" status: 404 len: 246 microversion: 1.1 [pid: 7|app: 0|req: 426/844] 10.0.0.127 () {34 vars in 824 bytes} [Wed Apr 29 03:03:49 2026] DELETE /resource_providers/567f116a-1843-44da-b2cf-d7ce89990d53 => generated 246 bytes in 13 msecs (HTTP/1.1 404) 6 headers in 231 bytes (1 switches on core 0)
2026-04-29 03:03:50.265 8 INFO placement.requestlog [None req-655b140f-2b20-4bf9-80bc-d9eb07db635f 12fffdedbb1647be8e3aa7315a4eb847 e771c9caa2f9493cbfaba4d0ad4608ac - - c893072840914529953fbcb8af47df1e c893072840914529953fbcb8af47df1e] 10.0.0.127 "GET /resource_providers/38940067-c8b1-4b7e-8985-ddd480e8a2a6/aggregates" status: 404 len: 235 microversion: 1.1 [pid: 8|app: 0|req: 419/845] 10.0.0.127 () {32 vars in 824 bytes} [Wed Apr 29 03:03:50 2026] GET /resource_providers/38940067-c8b1-4b7e-8985-ddd480e8a2a6/aggregates => generated 235 bytes in 10 msecs (HTTP/1.1 404) 5 headers in 202 bytes (1 switches on core 0)
2026-04-29 03:03:50.274 7 INFO placement.requestlog [None req-c2894321-280b-4dd1-9fe0-92f9379ef913 12fffdedbb1647be8e3aa7315a4eb847 e771c9caa2f9493cbfaba4d0ad4608ac - - c893072840914529953fbcb8af47df1e c893072840914529953fbcb8af47df1e] 10.0.0.127 "GET /resource_providers/38940067-c8b1-4b7e-8985-ddd480e8a2a6/aggregates" status: 404 len: 235 microversion: 1.1 [pid: 7|app: 0|req: 427/846] 10.0.0.127 () {32 vars in 824 bytes} [Wed Apr 29 03:03:50 2026] GET /resource_providers/38940067-c8b1-4b7e-8985-ddd480e8a2a6/aggregates => generated 235 bytes in 18 msecs (HTTP/1.1 404) 5 headers in 202 bytes (1 switches on core 0)
2026-04-29 03:03:50.287 8 INFO placement.requestlog [None req-68e2c4d1-2d89-4c34-adfa-a2e33f71e5d8 12fffdedbb1647be8e3aa7315a4eb847 e771c9caa2f9493cbfaba4d0ad4608ac - - c893072840914529953fbcb8af47df1e c893072840914529953fbcb8af47df1e] 10.0.0.127 "DELETE /resource_providers/38940067-c8b1-4b7e-8985-ddd480e8a2a6" status: 404 len: 246 microversion: 1.1 [pid: 8|app: 0|req: 420/847] 10.0.0.127 () {34 vars in 824 bytes} [Wed Apr 29 03:03:50 2026] DELETE /resource_providers/38940067-c8b1-4b7e-8985-ddd480e8a2a6 => generated 246 bytes in 16 msecs (HTTP/1.1 404) 6 headers in 231 bytes (1 switches on core 0)
2026-04-29 03:03:50.292 7 INFO placement.requestlog [None req-74b7add1-8e71-4a36-82ea-99b5b9f95b89 12fffdedbb1647be8e3aa7315a4eb847 e771c9caa2f9493cbfaba4d0ad4608ac - - c893072840914529953fbcb8af47df1e c893072840914529953fbcb8af47df1e] 10.0.0.127 "DELETE /resource_providers/38940067-c8b1-4b7e-8985-ddd480e8a2a6" status: 404 len: 246 microversion: 1.1 [pid: 7|app: 0|req: 428/848] 10.0.0.127 () {34 vars in 824 bytes} [Wed Apr 29 03:03:50 2026] DELETE /resource_providers/38940067-c8b1-4b7e-8985-ddd480e8a2a6 => generated 246 bytes in 15 msecs (HTTP/1.1 404) 6 headers in 231 bytes (1 switches on core 0)
2026-04-29 03:03:51.866 8 INFO placement.requestlog [None req-194396f6-1016-4da9-bf66-93d0849e3870 12fffdedbb1647be8e3aa7315a4eb847 e771c9caa2f9493cbfaba4d0ad4608ac - - c893072840914529953fbcb8af47df1e c893072840914529953fbcb8af47df1e] 10.0.0.127 "GET /resource_providers/b212d9e6-653d-4329-8446-a6cf798cc281/aggregates" status: 404 len: 235 microversion: 1.1 [pid: 8|app: 0|req: 421/849] 10.0.0.127 () {32 vars in 824 bytes} [Wed Apr 29 03:03:51 2026] GET /resource_providers/b212d9e6-653d-4329-8446-a6cf798cc281/aggregates => generated 235 bytes in 13 msecs (HTTP/1.1 404) 5 headers in 202 bytes (1 switches on core 0)
2026-04-29 03:03:51.878 7 INFO placement.requestlog [None req-8a2fd90e-aeb1-43b3-89a9-e0f9f1db2077 12fffdedbb1647be8e3aa7315a4eb847 e771c9caa2f9493cbfaba4d0ad4608ac - - c893072840914529953fbcb8af47df1e c893072840914529953fbcb8af47df1e] 10.0.0.127 "GET /resource_providers/b212d9e6-653d-4329-8446-a6cf798cc281/aggregates" status: 404 len: 235 microversion: 1.1 [pid: 7|app: 0|req: 429/850] 10.0.0.127 () {32 vars in 824 bytes} [Wed Apr 29 03:03:51 2026] GET /resource_providers/b212d9e6-653d-4329-8446-a6cf798cc281/aggregates => generated 235 bytes in 22 msecs (HTTP/1.1 404) 5 headers in 202 bytes (1 switches on core 0)
2026-04-29 03:03:51.880 8 INFO placement.requestlog [None req-10d19e98-58f6-48d2-bb38-feac2ee6a88d 12fffdedbb1647be8e3aa7315a4eb847 e771c9caa2f9493cbfaba4d0ad4608ac - - c893072840914529953fbcb8af47df1e c893072840914529953fbcb8af47df1e] 10.0.0.127 "DELETE /resource_providers/b212d9e6-653d-4329-8446-a6cf798cc281" status: 404 len: 246 microversion: 1.1 [pid: 8|app: 0|req: 422/851] 10.0.0.127 () {34 vars in 824 bytes} [Wed Apr 29 03:03:51 2026] DELETE /resource_providers/b212d9e6-653d-4329-8446-a6cf798cc281 => generated 246 bytes in 9 msecs (HTTP/1.1 404) 6 headers in 231 bytes (1 switches on core 0)
2026-04-29 03:03:51.898 7 INFO placement.requestlog [None req-dd26acae-480a-4b00-a22c-46e5db408fa8 12fffdedbb1647be8e3aa7315a4eb847 e771c9caa2f9493cbfaba4d0ad4608ac - - c893072840914529953fbcb8af47df1e c893072840914529953fbcb8af47df1e] 10.0.0.127 "DELETE /resource_providers/b212d9e6-653d-4329-8446-a6cf798cc281" status: 404 len: 246 microversion: 1.1 [pid: 7|app: 0|req: 430/852] 10.0.0.127 () {34 vars in 824 bytes} [Wed Apr 29 03:03:51 2026] DELETE /resource_providers/b212d9e6-653d-4329-8446-a6cf798cc281 => generated 246 bytes in 8 msecs (HTTP/1.1 404) 6 headers in 231 bytes (1 switches on core 0)
2026-04-29 03:03:52.116 7 INFO placement.requestlog [None req-10c86736-b589-4981-8e06-90735cf9e458 - - - - - -] 10.0.0.48 "GET /" status: 200 len: 136 microversion: 1.0
2026-04-29 03:03:52.117 8 INFO placement.requestlog [None req-b3839fc8-3f98-4119-85f3-dfeb1437d23b - - - - - -] 10.0.0.48 "GET /" status: 200 len: 136 microversion: 1.0
2026-04-29 03:03:53.910 8 INFO placement.requestlog [None req-d837deb7-5c43-468e-bd77-f2d898e68065 12fffdedbb1647be8e3aa7315a4eb847 e771c9caa2f9493cbfaba4d0ad4608ac - - c893072840914529953fbcb8af47df1e c893072840914529953fbcb8af47df1e] 10.0.0.127 "GET /resource_providers/487e96ad-3421-4558-a899-a7c445957312/aggregates" status: 404 len: 235 microversion: 1.1 [pid: 8|app: 0|req: 424/855] 10.0.0.127 () {32 vars in 824 bytes} [Wed Apr 29 03:03:53 2026] GET /resource_providers/487e96ad-3421-4558-a899-a7c445957312/aggregates => generated 235 bytes in 7 msecs (HTTP/1.1 404) 5 headers in 202 bytes (1 switches on core 0)
2026-04-29 03:03:53.911 7 INFO placement.requestlog [None req-7b6eb4ad-2f10-42b5-b07c-5b744add2c5e 12fffdedbb1647be8e3aa7315a4eb847 e771c9caa2f9493cbfaba4d0ad4608ac - - c893072840914529953fbcb8af47df1e c893072840914529953fbcb8af47df1e] 10.0.0.127 "GET /resource_providers/487e96ad-3421-4558-a899-a7c445957312/aggregates" status: 404 len: 235 microversion: 1.1 [pid: 7|app: 0|req: 432/856] 10.0.0.127 () {32 vars in 824 bytes} [Wed Apr 29 03:03:53 2026] GET /resource_providers/487e96ad-3421-4558-a899-a7c445957312/aggregates => generated 235 bytes in 17 msecs (HTTP/1.1 404) 5 headers in 202 bytes (1 switches on core 0)
2026-04-29 03:03:53.930 8 INFO placement.requestlog [None req-bbbb905d-efbf-48e1-8596-a1bf7540c34f 12fffdedbb1647be8e3aa7315a4eb847 e771c9caa2f9493cbfaba4d0ad4608ac - - c893072840914529953fbcb8af47df1e c893072840914529953fbcb8af47df1e] 10.0.0.127 "DELETE /resource_providers/487e96ad-3421-4558-a899-a7c445957312" status: 404 len: 246 microversion: 1.1 [pid: 8|app: 0|req: 425/857] 10.0.0.127 () {34 vars in 824 bytes} [Wed Apr 29 03:03:53 2026] DELETE /resource_providers/487e96ad-3421-4558-a899-a7c445957312 => generated 246 bytes in 10 msecs (HTTP/1.1 404) 6 headers in 231 bytes (1 switches on core 0)
2026-04-29 03:03:53.933 7 INFO placement.requestlog [None req-7be4f908-8380-4adc-93bd-b021fe42551e 12fffdedbb1647be8e3aa7315a4eb847 e771c9caa2f9493cbfaba4d0ad4608ac - - c893072840914529953fbcb8af47df1e c893072840914529953fbcb8af47df1e] 10.0.0.127 "DELETE /resource_providers/487e96ad-3421-4558-a899-a7c445957312" status: 404 len: 246 microversion: 1.1 [pid: 7|app: 0|req: 433/858] 10.0.0.127 () {34 vars in 824 bytes} [Wed Apr 29 03:03:53 2026] DELETE /resource_providers/487e96ad-3421-4558-a899-a7c445957312 => generated 246 bytes in 12 msecs (HTTP/1.1 404) 6 headers in 231 bytes (1 switches on core 0)
2026-04-29 03:03:54.785 8 INFO placement.requestlog [req-c123a905-164f-40f9-b4ff-d522ea4399df req-44dbc10d-d4bf-4340-9e49-ce1abd546e72 446d52f277be4e6689a7fecab7032e84 e771c9caa2f9493cbfaba4d0ad4608ac - - c893072840914529953fbcb8af47df1e c893072840914529953fbcb8af47df1e] 10.0.0.117 "GET /allocation_candidates?limit=1000&resources=DISK_GB%3A1%2CMEMORY_MB%3A512%2CVCPU%3A1&root_required=%21COMPUTE_STATUS_DISABLED" status: 200 len: 2384 microversion: 1.36 [pid: 8|app: 0|req: 426/859] 10.0.0.117 () {34 vars in 1011 bytes} [Wed Apr 29 03:03:54 2026] GET /allocation_candidates?limit=1000&resources=DISK_GB%3A1%2CMEMORY_MB%3A512%2CVCPU%3A1&root_required=%21COMPUTE_STATUS_DISABLED => generated 2384 bytes in 46 msecs (HTTP/1.1 200) 8 headers in 297 bytes (1 switches on core 0)
2026-04-29 03:03:54.814 7 INFO placement.requestlog [req-c123a905-164f-40f9-b4ff-d522ea4399df req-133cde9d-9c0c-4155-8d92-87d84a501a2c 446d52f277be4e6689a7fecab7032e84 e771c9caa2f9493cbfaba4d0ad4608ac - - c893072840914529953fbcb8af47df1e c893072840914529953fbcb8af47df1e] 10.0.0.117 "GET /allocations/2cb8b7d6-56e9-45e2-861f-b674177dc109" status: 200 len: 19 microversion: 1.28 [pid: 7|app: 0|req: 434/860] 10.0.0.117 () {34 vars in 860 bytes} [Wed Apr 29 03:03:54 2026] GET /allocations/2cb8b7d6-56e9-45e2-861f-b674177dc109 => generated 19 bytes in 11 msecs (HTTP/1.1 200) 8 headers in 295 bytes (1 switches on core 0)
2026-04-29 03:03:54.894 8 INFO placement.requestlog [req-c123a905-164f-40f9-b4ff-d522ea4399df req-370e953c-e6ad-4a15-9e24-12a30473c5a8 446d52f277be4e6689a7fecab7032e84 e771c9caa2f9493cbfaba4d0ad4608ac - - c893072840914529953fbcb8af47df1e c893072840914529953fbcb8af47df1e] 10.0.0.117 "PUT /allocations/2cb8b7d6-56e9-45e2-861f-b674177dc109" status: 204 len: 0 microversion: 1.36 [pid: 8|app: 0|req: 427/861] 10.0.0.117 () {38 vars in 913 bytes} [Wed Apr 29 03:03:54 2026] PUT /allocations/2cb8b7d6-56e9-45e2-861f-b674177dc109 => generated 0 bytes in 73 msecs (HTTP/1.1 204) 5 headers in 199 bytes (1 switches on core 0)
2026-04-29 03:03:56.285 7 INFO placement.requestlog [None req-f7e03ee3-850c-4cd4-87ff-8e23a8899058 12fffdedbb1647be8e3aa7315a4eb847 e771c9caa2f9493cbfaba4d0ad4608ac - - c893072840914529953fbcb8af47df1e c893072840914529953fbcb8af47df1e] 10.0.0.127 "GET /resource_providers/da741e0d-ff66-478a-adf7-476f31ee903a/aggregates" status: 404 len: 235 microversion: 1.1 [pid: 7|app: 0|req: 435/862] 10.0.0.127 () {32 vars in 824 bytes} [Wed Apr 29 03:03:56 2026] GET /resource_providers/da741e0d-ff66-478a-adf7-476f31ee903a/aggregates => generated 235 bytes in 12 msecs (HTTP/1.1 404) 5 headers in 202 bytes (1 switches on core 0)
2026-04-29 03:03:56.298 7 INFO placement.requestlog [None req-d2a78205-59fa-45c4-9a46-d2af39832b7d 12fffdedbb1647be8e3aa7315a4eb847 e771c9caa2f9493cbfaba4d0ad4608ac - - c893072840914529953fbcb8af47df1e c893072840914529953fbcb8af47df1e] 10.0.0.127 "DELETE /resource_providers/da741e0d-ff66-478a-adf7-476f31ee903a" status: 404 len: 246 microversion: 1.1 [pid: 7|app: 0|req: 436/863] 10.0.0.127 () {34 vars in 824 bytes} [Wed Apr 29 03:03:56 2026] DELETE /resource_providers/da741e0d-ff66-478a-adf7-476f31ee903a => generated 246 bytes in 10 msecs (HTTP/1.1 404) 6 headers in 231 bytes (1 switches on core 0)
2026-04-29 03:03:56.300 8 INFO placement.requestlog [None req-71b98487-aa2a-42be-877e-0bd6d990bf55 12fffdedbb1647be8e3aa7315a4eb847 e771c9caa2f9493cbfaba4d0ad4608ac - - c893072840914529953fbcb8af47df1e c893072840914529953fbcb8af47df1e] 10.0.0.127 "GET /resource_providers/da741e0d-ff66-478a-adf7-476f31ee903a/aggregates" status: 404 len: 235 microversion: 1.1 [pid: 8|app: 0|req: 428/864] 10.0.0.127 () {32 vars in 824 bytes} [Wed Apr 29 03:03:56 2026] GET /resource_providers/da741e0d-ff66-478a-adf7-476f31ee903a/aggregates => generated 235 bytes in 25 msecs (HTTP/1.1 404) 5 headers in 202 bytes (1 switches on core 0)
2026-04-29 03:03:56.313 7 INFO placement.requestlog [None req-21e1d0f1-eead-4814-9a6e-260fa5f08f1b 12fffdedbb1647be8e3aa7315a4eb847 e771c9caa2f9493cbfaba4d0ad4608ac - - c893072840914529953fbcb8af47df1e c893072840914529953fbcb8af47df1e] 10.0.0.127 "DELETE /resource_providers/da741e0d-ff66-478a-adf7-476f31ee903a" status: 404 len: 246 microversion: 1.1 [pid: 7|app: 0|req: 437/865] 10.0.0.127 () {34 vars in 824 bytes} [Wed Apr 29 03:03:56 2026] DELETE /resource_providers/da741e0d-ff66-478a-adf7-476f31ee903a => generated 246 bytes in 9 msecs (HTTP/1.1 404) 6 headers in 231 bytes (1 switches on core 0)
2026-04-29 03:03:56.444 8 INFO placement.requestlog [req-c123a905-164f-40f9-b4ff-d522ea4399df req-bfb7c9e5-323f-4d6c-ba06-c5b1ece4e51d 446d52f277be4e6689a7fecab7032e84 e771c9caa2f9493cbfaba4d0ad4608ac - - c893072840914529953fbcb8af47df1e c893072840914529953fbcb8af47df1e] 199.204.45.25 "GET /allocations/2cb8b7d6-56e9-45e2-861f-b674177dc109" status: 200 len: 258 microversion: 1.28 [pid: 8|app: 0|req: 429/866] 199.204.45.25 () {34 vars in 861 bytes} [Wed Apr 29 03:03:56 2026] GET /allocations/2cb8b7d6-56e9-45e2-861f-b674177dc109 => generated 258 bytes in 13 msecs (HTTP/1.1 200) 8 headers in 296 bytes (1 switches on core 0)
2026-04-29 03:03:57.486 7 INFO placement.requestlog [req-c123a905-164f-40f9-b4ff-d522ea4399df req-ab563fd3-a862-49d2-b94a-07aad30af0df 446d52f277be4e6689a7fecab7032e84 e771c9caa2f9493cbfaba4d0ad4608ac - - c893072840914529953fbcb8af47df1e c893072840914529953fbcb8af47df1e] 199.204.45.25 "GET /resource_providers/e8c661f0-d5f5-49fd-9b87-17cbf4386752/allocations" status: 200 len: 153 microversion: 1.0 [pid: 7|app: 0|req: 438/867] 199.204.45.25 () {32 vars in 855 bytes} [Wed Apr 29 03:03:57 2026] GET /resource_providers/e8c661f0-d5f5-49fd-9b87-17cbf4386752/allocations => generated 153 bytes in 14 msecs (HTTP/1.1 200) 6 headers in 224 bytes (1 switches on core 0)
2026-04-29 03:03:57.505 8 INFO placement.requestlog [req-c123a905-164f-40f9-b4ff-d522ea4399df req-2efbb385-5964-4a5b-aae4-c1248777f620 446d52f277be4e6689a7fecab7032e84 e771c9caa2f9493cbfaba4d0ad4608ac - - c893072840914529953fbcb8af47df1e c893072840914529953fbcb8af47df1e] 199.204.45.25 "GET /allocations/2cb8b7d6-56e9-45e2-861f-b674177dc109" status: 200 len: 258 microversion: 1.28 [pid: 8|app: 0|req: 430/868] 199.204.45.25 () {34 vars in 861 bytes} [Wed Apr 29 03:03:57 2026] GET /allocations/2cb8b7d6-56e9-45e2-861f-b674177dc109 => generated 258 bytes in 12 msecs (HTTP/1.1 200) 8 headers in 296 bytes (1 switches on core 0)
2026-04-29 03:03:58.317 7 INFO placement.requestlog [None req-95941c03-15ee-40a2-b1f3-a3443ce35c76 12fffdedbb1647be8e3aa7315a4eb847 e771c9caa2f9493cbfaba4d0ad4608ac - - c893072840914529953fbcb8af47df1e c893072840914529953fbcb8af47df1e] 10.0.0.127 "GET /resource_providers/2f3e5849-7c59-435c-a70a-145ffdf3d995/aggregates" status: 404 len: 235 microversion: 1.1 [pid: 7|app: 0|req: 439/869] 10.0.0.127 () {32 vars in 824 bytes} [Wed Apr 29 03:03:58 2026] GET /resource_providers/2f3e5849-7c59-435c-a70a-145ffdf3d995/aggregates => generated 235 bytes in 10 msecs (HTTP/1.1 404) 5 headers in 202 bytes (1 switches on core 0)
2026-04-29 03:03:58.339 7 INFO placement.requestlog [None req-00af5e4d-e038-4875-8595-a15028fefe4d 12fffdedbb1647be8e3aa7315a4eb847 e771c9caa2f9493cbfaba4d0ad4608ac - - c893072840914529953fbcb8af47df1e c893072840914529953fbcb8af47df1e] 10.0.0.127 "GET /resource_providers/2f3e5849-7c59-435c-a70a-145ffdf3d995/aggregates" status: 404 len: 235 microversion: 1.1 [pid: 7|app: 0|req: 440/870] 10.0.0.127 () {32 vars in 824 bytes} [Wed Apr 29 03:03:58 2026] GET /resource_providers/2f3e5849-7c59-435c-a70a-145ffdf3d995/aggregates => generated 235 bytes in 9 msecs (HTTP/1.1 404) 5 headers in 202 bytes (1 switches on core 0)
2026-04-29 03:03:58.339 8 INFO placement.requestlog [None req-b6fb40a7-2cd7-4325-a82a-a2e5bd05a58c 12fffdedbb1647be8e3aa7315a4eb847 e771c9caa2f9493cbfaba4d0ad4608ac - - c893072840914529953fbcb8af47df1e c893072840914529953fbcb8af47df1e] 10.0.0.127 "DELETE /resource_providers/2f3e5849-7c59-435c-a70a-145ffdf3d995" status: 404 len: 246 microversion: 1.1 [pid: 8|app: 0|req: 431/871] 10.0.0.127 () {34 vars in 824 bytes} [Wed Apr 29 03:03:58 2026] DELETE /resource_providers/2f3e5849-7c59-435c-a70a-145ffdf3d995 => generated 246 bytes in 10 msecs (HTTP/1.1 404) 6 headers in 231 bytes (1 switches on core 0)
2026-04-29 03:03:58.353 7 INFO placement.requestlog [None req-d7dc033b-21a5-46de-91be-0d0024f47443 12fffdedbb1647be8e3aa7315a4eb847 e771c9caa2f9493cbfaba4d0ad4608ac - - c893072840914529953fbcb8af47df1e c893072840914529953fbcb8af47df1e] 10.0.0.127 "DELETE /resource_providers/2f3e5849-7c59-435c-a70a-145ffdf3d995" status: 404 len: 246 microversion: 1.1 [pid: 7|app: 0|req: 441/872] 10.0.0.127 () {34 vars in 824 bytes} [Wed Apr 29 03:03:58 2026] DELETE /resource_providers/2f3e5849-7c59-435c-a70a-145ffdf3d995 => generated 246 bytes in 8 msecs (HTTP/1.1 404) 6 headers in 231 bytes (1 switches on core 0)
2026-04-29 03:03:58.355 8 INFO placement.requestlog [None req-23203964-165e-42f0-8189-64fddf39dfbc 12fffdedbb1647be8e3aa7315a4eb847 e771c9caa2f9493cbfaba4d0ad4608ac - - c893072840914529953fbcb8af47df1e c893072840914529953fbcb8af47df1e] 10.0.0.127 "GET /resource_providers/7ad387c8-e1df-4e7c-94f3-fb3b24551c36/aggregates" status: 404 len: 235 microversion: 1.1 [pid: 8|app: 0|req: 432/873] 10.0.0.127 () {32 vars in 824 bytes} [Wed Apr 29 03:03:58 2026] GET /resource_providers/7ad387c8-e1df-4e7c-94f3-fb3b24551c36/aggregates => generated 235 bytes in 10 msecs (HTTP/1.1 404) 5 headers in 202 bytes (1 switches on core 0)
2026-04-29 03:03:58.366 7 INFO placement.requestlog [None req-480b0d29-211e-4c27-bfad-803043286c17 12fffdedbb1647be8e3aa7315a4eb847 e771c9caa2f9493cbfaba4d0ad4608ac - - c893072840914529953fbcb8af47df1e c893072840914529953fbcb8af47df1e] 10.0.0.127 "GET /resource_providers/7ad387c8-e1df-4e7c-94f3-fb3b24551c36/aggregates" status: 404 len: 235 microversion: 1.1 [pid: 7|app: 0|req: 442/874] 10.0.0.127 () {32 vars in 824 bytes} [Wed Apr 29 03:03:58 2026] GET /resource_providers/7ad387c8-e1df-4e7c-94f3-fb3b24551c36/aggregates => generated 235 bytes in 10 msecs (HTTP/1.1 404) 5 headers in 202 bytes (1 switches on core 0)
2026-04-29 03:03:58.370 8 INFO placement.requestlog [None req-d32a6339-208d-496a-9b6b-99586d2d3905 12fffdedbb1647be8e3aa7315a4eb847 e771c9caa2f9493cbfaba4d0ad4608ac - - c893072840914529953fbcb8af47df1e c893072840914529953fbcb8af47df1e] 10.0.0.127 "DELETE /resource_providers/7ad387c8-e1df-4e7c-94f3-fb3b24551c36" status: 404 len: 246 microversion: 1.1 [pid: 8|app: 0|req: 433/875] 10.0.0.127 () {34 vars in 824 bytes} [Wed Apr 29 03:03:58 2026] DELETE /resource_providers/7ad387c8-e1df-4e7c-94f3-fb3b24551c36 => generated 246 bytes in 10 msecs (HTTP/1.1 404) 6 headers in 231 bytes (1 switches on core 0)
2026-04-29 03:03:58.380 7 INFO placement.requestlog [None req-e8a49bfa-04c5-4d5f-91b9-654f37a21ae4 12fffdedbb1647be8e3aa7315a4eb847 e771c9caa2f9493cbfaba4d0ad4608ac - - c893072840914529953fbcb8af47df1e c893072840914529953fbcb8af47df1e] 10.0.0.127 "DELETE /resource_providers/7ad387c8-e1df-4e7c-94f3-fb3b24551c36" status: 404 len: 246 microversion: 1.1 [pid: 7|app: 0|req: 443/876] 10.0.0.127 () {34 vars in 824 bytes} [Wed Apr 29 03:03:58 2026] DELETE /resource_providers/7ad387c8-e1df-4e7c-94f3-fb3b24551c36 => generated 246 bytes in 10 msecs (HTTP/1.1 404) 6 headers in 231 bytes (1 switches on core 0)
2026-04-29 03:03:58.382 8 INFO placement.requestlog [None req-ee5fe029-6c1c-411e-a134-131f0b420a0e 12fffdedbb1647be8e3aa7315a4eb847 e771c9caa2f9493cbfaba4d0ad4608ac - - c893072840914529953fbcb8af47df1e c893072840914529953fbcb8af47df1e] 10.0.0.127 "GET /resource_providers/bbe0365c-d2fe-4759-a388-d1d49149ad3b/aggregates" status: 404 len: 235 microversion: 1.1 [pid: 8|app: 0|req: 434/877] 10.0.0.127 () {32 vars in 824 bytes} [Wed Apr 29 03:03:58 2026] GET /resource_providers/bbe0365c-d2fe-4759-a388-d1d49149ad3b/aggregates => generated 235 bytes in 9 msecs (HTTP/1.1 404) 5 headers in 202 bytes (1 switches on core 0)
2026-04-29 03:03:58.398 7 INFO placement.requestlog [None req-733380cf-c521-4626-aa4a-a9f353cdbc1b 12fffdedbb1647be8e3aa7315a4eb847 e771c9caa2f9493cbfaba4d0ad4608ac - - c893072840914529953fbcb8af47df1e c893072840914529953fbcb8af47df1e] 10.0.0.127 "GET /resource_providers/bbe0365c-d2fe-4759-a388-d1d49149ad3b/aggregates" status: 404 len: 235 microversion: 1.1 [pid: 7|app: 0|req: 444/878] 10.0.0.127 () {32 vars in 824 bytes} [Wed Apr 29 03:03:58 2026] GET /resource_providers/bbe0365c-d2fe-4759-a388-d1d49149ad3b/aggregates => generated 235 bytes in 12 msecs (HTTP/1.1 404) 5 headers in 202 bytes (1 switches on core 0)
2026-04-29 03:03:58.401 8 INFO placement.requestlog [None req-a95a059a-4e4c-4e04-b63a-586580dfe586 12fffdedbb1647be8e3aa7315a4eb847 e771c9caa2f9493cbfaba4d0ad4608ac - - c893072840914529953fbcb8af47df1e c893072840914529953fbcb8af47df1e] 10.0.0.127 "DELETE /resource_providers/bbe0365c-d2fe-4759-a388-d1d49149ad3b" status: 404 len: 246 microversion: 1.1 [pid: 8|app: 0|req: 435/879] 10.0.0.127 () {34 vars in 824 bytes} [Wed Apr 29 03:03:58 2026] DELETE /resource_providers/bbe0365c-d2fe-4759-a388-d1d49149ad3b => generated 246 bytes in 10 msecs (HTTP/1.1 404) 6 headers in 231 bytes (1 switches on core 0)
2026-04-29 03:03:58.407 7 INFO placement.requestlog [None req-988eb90c-ff1b-412e-8812-21acb0c9702c 12fffdedbb1647be8e3aa7315a4eb847 e771c9caa2f9493cbfaba4d0ad4608ac - - c893072840914529953fbcb8af47df1e c893072840914529953fbcb8af47df1e] 10.0.0.127 "DELETE /resource_providers/bbe0365c-d2fe-4759-a388-d1d49149ad3b" status: 404 len: 246 microversion: 1.1 [pid: 7|app: 0|req: 445/880] 10.0.0.127 () {34 vars in 824 bytes} [Wed Apr 29 03:03:58 2026] DELETE /resource_providers/bbe0365c-d2fe-4759-a388-d1d49149ad3b => generated 246 bytes in 6 msecs (HTTP/1.1 404) 6 headers in 231 bytes (1 switches on core 0)
2026-04-29 03:04:00.175 8 INFO placement.requestlog [None req-3fdb1191-23fa-43ed-bd85-9f35bbc872ee 12fffdedbb1647be8e3aa7315a4eb847 e771c9caa2f9493cbfaba4d0ad4608ac - - c893072840914529953fbcb8af47df1e c893072840914529953fbcb8af47df1e] 10.0.0.127 "GET /resource_providers/82e67322-c9f8-4e45-9d54-86312143ebff/aggregates" status: 404 len: 235 microversion: 1.1 [pid: 8|app: 0|req: 436/881] 10.0.0.127 () {32 vars in 824 bytes} [Wed Apr 29 03:04:00 2026] GET /resource_providers/82e67322-c9f8-4e45-9d54-86312143ebff/aggregates => generated 235 bytes in 8 msecs (HTTP/1.1 404) 5 headers in 202 bytes (1 switches on core 0)
2026-04-29 03:04:00.176 7 INFO placement.requestlog [None req-34f0f36f-e4da-4753-a111-9dbda3b6facb 12fffdedbb1647be8e3aa7315a4eb847 e771c9caa2f9493cbfaba4d0ad4608ac - - c893072840914529953fbcb8af47df1e c893072840914529953fbcb8af47df1e] 10.0.0.127 "GET /resource_providers/82e67322-c9f8-4e45-9d54-86312143ebff/aggregates" status: 404 len: 235 microversion: 1.1 [pid: 7|app: 0|req: 446/882] 10.0.0.127 () {32 vars in 824 bytes} [Wed Apr 29 03:04:00 2026] GET /resource_providers/82e67322-c9f8-4e45-9d54-86312143ebff/aggregates => generated 235 bytes in 9 msecs (HTTP/1.1 404) 5 headers in 202 bytes (1 switches on core 0)
2026-04-29 03:04:00.192 7 INFO placement.requestlog [None req-a09e2528-d3c9-4748-b66f-931f05d21674 12fffdedbb1647be8e3aa7315a4eb847 e771c9caa2f9493cbfaba4d0ad4608ac - - c893072840914529953fbcb8af47df1e c893072840914529953fbcb8af47df1e] 10.0.0.127 "DELETE /resource_providers/82e67322-c9f8-4e45-9d54-86312143ebff" status: 404 len: 246 microversion: 1.1 [pid: 7|app: 0|req: 447/883] 10.0.0.127 () {34 vars in 824 bytes} [Wed Apr 29 03:04:00 2026] DELETE /resource_providers/82e67322-c9f8-4e45-9d54-86312143ebff => generated 246 bytes in 8 msecs (HTTP/1.1 404) 6 headers in 231 bytes (1 switches on core 0)
2026-04-29 03:04:00.193 8 INFO placement.requestlog [None req-f45cdc4d-080f-40c0-ad03-000bf7f509d1 12fffdedbb1647be8e3aa7315a4eb847 e771c9caa2f9493cbfaba4d0ad4608ac - - c893072840914529953fbcb8af47df1e c893072840914529953fbcb8af47df1e] 10.0.0.127 "DELETE /resource_providers/82e67322-c9f8-4e45-9d54-86312143ebff" status: 404 len: 246 microversion: 1.1 [pid: 8|app: 0|req: 437/884] 10.0.0.127 () {34 vars in 824 bytes} [Wed Apr 29 03:04:00 2026] DELETE /resource_providers/82e67322-c9f8-4e45-9d54-86312143ebff => generated 246 bytes in 10 msecs (HTTP/1.1 404) 6 headers in 231 bytes (1 switches on core 0)
2026-04-29 03:04:02.116 8 INFO placement.requestlog [None req-b7dccc18-72de-4a25-a7bf-2f5ae0f81e0f - - - - - -] 10.0.0.48 "GET /" status: 200 len: 136 microversion: 1.0
2026-04-29 03:04:02.117 7 INFO placement.requestlog [None req-6bd90999-7e6f-4819-81a7-ade19b13e426 - - - - - -] 10.0.0.48 "GET /" status: 200 len: 136 microversion: 1.0
2026-04-29 03:04:03.195 8 INFO placement.requestlog [None req-0dcdc845-2b45-45a3-9ed2-2b0937bfcbf0 12fffdedbb1647be8e3aa7315a4eb847 e771c9caa2f9493cbfaba4d0ad4608ac - - c893072840914529953fbcb8af47df1e c893072840914529953fbcb8af47df1e] 10.0.0.127 "GET /resource_providers/f9b9be1e-b258-4ee1-b9c3-a95adad4e6de/aggregates" status: 404 len: 235 microversion: 1.1 [pid: 8|app: 0|req: 439/887] 10.0.0.127 () {32 vars in 824 bytes} [Wed Apr 29 03:04:03 2026] GET /resource_providers/f9b9be1e-b258-4ee1-b9c3-a95adad4e6de/aggregates => generated 235 bytes in 11 msecs (HTTP/1.1 404) 5 headers in 202 bytes (1 switches on core 0)
2026-04-29 03:04:03.197 7 INFO placement.requestlog [None req-72c6a260-1626-4fb2-882a-9747f01489df 12fffdedbb1647be8e3aa7315a4eb847 e771c9caa2f9493cbfaba4d0ad4608ac - - c893072840914529953fbcb8af47df1e c893072840914529953fbcb8af47df1e] 10.0.0.127 "GET /resource_providers/f9b9be1e-b258-4ee1-b9c3-a95adad4e6de/aggregates" status: 404 len: 235 microversion: 1.1 [pid: 7|app: 0|req: 449/888] 10.0.0.127 () {32 vars in 824 bytes} [Wed Apr 29 03:04:03 2026] GET /resource_providers/f9b9be1e-b258-4ee1-b9c3-a95adad4e6de/aggregates => generated 235 bytes in 11 msecs (HTTP/1.1 404) 5 headers in 202 bytes (1 switches on core 0)
2026-04-29 03:04:03.207 8 INFO placement.requestlog [None req-da2ad6c4-fe7e-4e30-9266-3eacdc11a43b 12fffdedbb1647be8e3aa7315a4eb847 e771c9caa2f9493cbfaba4d0ad4608ac - - c893072840914529953fbcb8af47df1e c893072840914529953fbcb8af47df1e] 10.0.0.127 "DELETE /resource_providers/f9b9be1e-b258-4ee1-b9c3-a95adad4e6de" status: 404 len: 246 microversion: 1.1 [pid: 8|app: 0|req: 440/889] 10.0.0.127 () {34 vars in 824 bytes} [Wed Apr 29 03:04:03 2026] DELETE /resource_providers/f9b9be1e-b258-4ee1-b9c3-a95adad4e6de => generated 246 bytes in 9 msecs (HTTP/1.1 404) 6 headers in 231 bytes (1 switches on core 0)
2026-04-29 03:04:03.221 7 INFO placement.requestlog [None req-b1486070-ef88-426e-a337-2054cc5766a6 12fffdedbb1647be8e3aa7315a4eb847 e771c9caa2f9493cbfaba4d0ad4608ac - - c893072840914529953fbcb8af47df1e c893072840914529953fbcb8af47df1e] 10.0.0.127 "DELETE /resource_providers/f9b9be1e-b258-4ee1-b9c3-a95adad4e6de" status: 404 len: 246 microversion: 1.1 [pid: 7|app: 0|req: 450/890] 10.0.0.127 () {34 vars in 824 bytes} [Wed Apr 29 03:04:03 2026] DELETE /resource_providers/f9b9be1e-b258-4ee1-b9c3-a95adad4e6de => generated 246 bytes in 21 msecs (HTTP/1.1 404) 6 headers in 231 bytes (1 switches on core 0)
2026-04-29 03:04:03.974 8 INFO placement.requestlog [None req-6e2f10d7-41f9-42cc-a6a0-383f6e9addbe 12fffdedbb1647be8e3aa7315a4eb847 e771c9caa2f9493cbfaba4d0ad4608ac - - c893072840914529953fbcb8af47df1e c893072840914529953fbcb8af47df1e] 10.0.0.127 "GET /resource_providers/6ff8d814-5019-4227-a568-aaa00619d754/aggregates" status: 404 len: 235 microversion: 1.1 [pid: 8|app: 0|req: 441/891] 10.0.0.127 () {32 vars in 824 bytes} [Wed Apr 29 03:04:03 2026] GET /resource_providers/6ff8d814-5019-4227-a568-aaa00619d754/aggregates => generated 235 bytes in 8 msecs (HTTP/1.1 404) 5 headers in 202 bytes (1 switches on core 0)
2026-04-29 03:04:03.975 7 INFO placement.requestlog [None req-bcfa4f2e-971d-42ec-aaa6-5592239ff3ea 12fffdedbb1647be8e3aa7315a4eb847 e771c9caa2f9493cbfaba4d0ad4608ac - - c893072840914529953fbcb8af47df1e c893072840914529953fbcb8af47df1e] 10.0.0.127 "GET /resource_providers/6ff8d814-5019-4227-a568-aaa00619d754/aggregates" status: 404 len: 235 microversion: 1.1 [pid: 7|app: 0|req: 451/892] 10.0.0.127 () {32 vars in 824 bytes} [Wed Apr 29 03:04:03 2026] GET /resource_providers/6ff8d814-5019-4227-a568-aaa00619d754/aggregates => generated 235 bytes in 7 msecs (HTTP/1.1 404) 5 headers in 202 bytes (1 switches on core 0)
2026-04-29 03:04:03.987 7 INFO placement.requestlog [None req-e314b52d-8297-4755-bc1f-0c54cdb206b1 12fffdedbb1647be8e3aa7315a4eb847 e771c9caa2f9493cbfaba4d0ad4608ac - - c893072840914529953fbcb8af47df1e c893072840914529953fbcb8af47df1e] 10.0.0.127 "DELETE /resource_providers/6ff8d814-5019-4227-a568-aaa00619d754" status: 404 len: 246 microversion: 1.1 [pid: 7|app: 0|req: 452/893] 10.0.0.127 () {34 vars in 824 bytes} [Wed Apr 29 03:04:03 2026] DELETE /resource_providers/6ff8d814-5019-4227-a568-aaa00619d754 => generated 246 bytes in 5 msecs (HTTP/1.1 404) 6 headers in 231 bytes (1 switches on core 0)
2026-04-29 03:04:03.992 8 INFO placement.requestlog [None req-64679e3c-7e47-47fd-a666-8bb47073d285 12fffdedbb1647be8e3aa7315a4eb847 e771c9caa2f9493cbfaba4d0ad4608ac - - c893072840914529953fbcb8af47df1e c893072840914529953fbcb8af47df1e] 10.0.0.127 "DELETE /resource_providers/6ff8d814-5019-4227-a568-aaa00619d754" status: 404 len: 246 microversion: 1.1 [pid: 8|app: 0|req: 442/894] 10.0.0.127 () {34 vars in 824 bytes} [Wed Apr 29 03:04:03 2026] DELETE /resource_providers/6ff8d814-5019-4227-a568-aaa00619d754 => generated 246 bytes in 12 msecs (HTTP/1.1 404) 6 headers in 231 bytes (1 switches on core 0)
2026-04-29 03:04:12.117 7 INFO placement.requestlog [None req-4bb2409b-bedf-4259-9316-753d42dc9920 - - - - - -] 10.0.0.48 "GET /" status: 200 len: 136 microversion: 1.0
2026-04-29 03:04:12.118 8 INFO placement.requestlog [None req-293b6520-fca7-41e8-b254-af19e4b38d2d - - - - - -] 10.0.0.48 "GET /" status: 200 len: 136 microversion: 1.0
2026-04-29 03:04:17.545 7 INFO placement.requestlog [req-20652afb-eaf3-410a-ba04-2e81aa0d5e3a req-5d6ea0b4-11e2-4328-aab8-a232829edb23 446d52f277be4e6689a7fecab7032e84 e771c9caa2f9493cbfaba4d0ad4608ac - - c893072840914529953fbcb8af47df1e c893072840914529953fbcb8af47df1e] 199.204.45.25 "GET /resource_providers/e8c661f0-d5f5-49fd-9b87-17cbf4386752/allocations" status: 200 len: 153 microversion: 1.0 [pid: 7|app: 0|req: 454/897] 199.204.45.25 () {32 vars in 855 bytes} [Wed Apr 29 03:04:17 2026] GET /resource_providers/e8c661f0-d5f5-49fd-9b87-17cbf4386752/allocations => generated 153 bytes in 18 msecs (HTTP/1.1 200) 6 headers in 224 bytes (1 switches on core 0)
2026-04-29 03:04:17.571 8 INFO placement.requestlog [req-20652afb-eaf3-410a-ba04-2e81aa0d5e3a req-3c856e0e-a519-49cc-88e7-89dc72fb497e 446d52f277be4e6689a7fecab7032e84 e771c9caa2f9493cbfaba4d0ad4608ac - - c893072840914529953fbcb8af47df1e c893072840914529953fbcb8af47df1e] 199.204.45.25 "GET /resource_providers/e8c661f0-d5f5-49fd-9b87-17cbf4386752/allocations" status: 200 len: 153 microversion: 1.0 [pid: 8|app: 0|req: 444/898] 199.204.45.25 () {32 vars in 855 bytes} [Wed Apr 29 03:04:17 2026] GET /resource_providers/e8c661f0-d5f5-49fd-9b87-17cbf4386752/allocations => generated 153 bytes in 17 msecs (HTTP/1.1 200) 6 headers in 224 bytes (1 switches on core 0)
2026-04-29 03:04:17.588 7 INFO placement.requestlog [req-20652afb-eaf3-410a-ba04-2e81aa0d5e3a req-45b42447-42b7-4114-bd48-13bb5b9812dd 446d52f277be4e6689a7fecab7032e84 e771c9caa2f9493cbfaba4d0ad4608ac - - c893072840914529953fbcb8af47df1e c893072840914529953fbcb8af47df1e] 199.204.45.25 "GET /allocations/2cb8b7d6-56e9-45e2-861f-b674177dc109" status: 200 len: 258 microversion: 1.28 [pid: 7|app: 0|req: 455/899] 199.204.45.25 () {34 vars in 861 bytes} [Wed Apr 29 03:04:17 2026] GET /allocations/2cb8b7d6-56e9-45e2-861f-b674177dc109 => generated 258 bytes in 11 msecs (HTTP/1.1 200) 8 headers in 296 bytes (1 switches on core 0)
2026-04-29 03:04:18.247 8 INFO placement.requestlog [req-4bc5a5be-d703-484a-b157-ed8afda556af req-8fbf3f08-d6de-4eee-a9d1-13879dc9051b 446d52f277be4e6689a7fecab7032e84 e771c9caa2f9493cbfaba4d0ad4608ac - - c893072840914529953fbcb8af47df1e c893072840914529953fbcb8af47df1e] 10.0.0.117 "GET /allocation_candidates?limit=1000&resources=DISK_GB%3A1%2CMEMORY_MB%3A512%2CVCPU%3A1&root_required=%21COMPUTE_STATUS_DISABLED" status: 200 len: 2386 microversion: 1.36 [pid: 8|app: 0|req: 445/900] 10.0.0.117 () {34 vars in 1011 bytes} [Wed Apr 29 03:04:18 2026] GET /allocation_candidates?limit=1000&resources=DISK_GB%3A1%2CMEMORY_MB%3A512%2CVCPU%3A1&root_required=%21COMPUTE_STATUS_DISABLED => generated 2386 bytes in 42 msecs (HTTP/1.1 200) 8 headers in 297 bytes (1 switches on core 0)
2026-04-29 03:04:18.282 7 INFO placement.requestlog [req-4bc5a5be-d703-484a-b157-ed8afda556af req-7b2b1250-a9bf-470a-be90-07e9b2d74a3a 446d52f277be4e6689a7fecab7032e84 e771c9caa2f9493cbfaba4d0ad4608ac - - c893072840914529953fbcb8af47df1e c893072840914529953fbcb8af47df1e] 10.0.0.117 "GET /allocations/b330c8e4-0aab-4925-9952-d89e55b8c77a" status: 200 len: 19 microversion: 1.28 [pid: 7|app: 0|req: 456/901] 10.0.0.117 () {34 vars in 860 bytes} [Wed Apr 29 03:04:18 2026] GET /allocations/b330c8e4-0aab-4925-9952-d89e55b8c77a => generated 19 bytes in 12 msecs (HTTP/1.1 200) 8 headers in 295 bytes (1 switches on core 0)
2026-04-29 03:04:18.363 8 INFO placement.requestlog [req-4bc5a5be-d703-484a-b157-ed8afda556af req-1b4891ce-147e-4ccb-92ae-83340b34499a 446d52f277be4e6689a7fecab7032e84 e771c9caa2f9493cbfaba4d0ad4608ac - - c893072840914529953fbcb8af47df1e c893072840914529953fbcb8af47df1e] 10.0.0.117 "PUT /allocations/b330c8e4-0aab-4925-9952-d89e55b8c77a" status: 204 len: 0 microversion: 1.36 [pid: 8|app: 0|req: 446/902] 10.0.0.117 () {38 vars in 913 bytes} [Wed Apr 29 03:04:18 2026] PUT /allocations/b330c8e4-0aab-4925-9952-d89e55b8c77a => generated 0 bytes in 74 msecs (HTTP/1.1 204) 5 headers in 199 bytes (1 switches on core 0)
2026-04-29 03:04:19.836 7 INFO placement.requestlog [req-4bc5a5be-d703-484a-b157-ed8afda556af req-e45dae17-e121-4817-8db0-6bbf70589b71 446d52f277be4e6689a7fecab7032e84 e771c9caa2f9493cbfaba4d0ad4608ac - - c893072840914529953fbcb8af47df1e c893072840914529953fbcb8af47df1e] 199.204.45.25 "GET /allocations/b330c8e4-0aab-4925-9952-d89e55b8c77a" status: 200 len: 258 microversion: 1.28 [pid: 7|app: 0|req: 457/903] 199.204.45.25 () {34 vars in 861 bytes} [Wed Apr 29 03:04:19 2026] GET /allocations/b330c8e4-0aab-4925-9952-d89e55b8c77a => generated 258 bytes in 11 msecs (HTTP/1.1 200) 8 headers in 296 bytes (1 switches on core 0)
2026-04-29 03:04:20.873 8 INFO placement.requestlog [req-4bc5a5be-d703-484a-b157-ed8afda556af req-b789acc5-efc0-4115-ba10-0bb8694ecef0 446d52f277be4e6689a7fecab7032e84 e771c9caa2f9493cbfaba4d0ad4608ac - - c893072840914529953fbcb8af47df1e c893072840914529953fbcb8af47df1e] 199.204.45.25 "GET /resource_providers/e8c661f0-d5f5-49fd-9b87-17cbf4386752/allocations" status: 200 len: 253 microversion: 1.0 [pid: 8|app: 0|req: 447/904] 199.204.45.25 () {32 vars in 855 bytes} [Wed Apr 29 03:04:20 2026] GET /resource_providers/e8c661f0-d5f5-49fd-9b87-17cbf4386752/allocations => generated 253 bytes in 21 msecs (HTTP/1.1 200) 6 headers in 224 bytes (1 switches on core 0)
2026-04-29 03:04:20.893 7 INFO placement.requestlog [req-4bc5a5be-d703-484a-b157-ed8afda556af req-3083120c-be93-4079-a0fd-d2fadc5a7816 446d52f277be4e6689a7fecab7032e84 e771c9caa2f9493cbfaba4d0ad4608ac - - c893072840914529953fbcb8af47df1e c893072840914529953fbcb8af47df1e] 199.204.45.25 "GET /allocations/2cb8b7d6-56e9-45e2-861f-b674177dc109" status: 200 len: 258 microversion: 1.28 [pid: 7|app: 0|req: 458/905] 199.204.45.25 () {34 vars in 861 bytes} [Wed Apr 29 03:04:20 2026] GET /allocations/2cb8b7d6-56e9-45e2-861f-b674177dc109 => generated 258 bytes in 13 msecs (HTTP/1.1 200) 8 headers in 296 bytes (1 switches on core 0)
2026-04-29 03:04:20.917 8 INFO placement.requestlog [req-4bc5a5be-d703-484a-b157-ed8afda556af req-fd9277c2-ca8b-42dc-8c5d-6a65e8848dbc 446d52f277be4e6689a7fecab7032e84 e771c9caa2f9493cbfaba4d0ad4608ac - - c893072840914529953fbcb8af47df1e c893072840914529953fbcb8af47df1e] 199.204.45.25 "GET /allocations/b330c8e4-0aab-4925-9952-d89e55b8c77a" status: 200 len: 258 microversion: 1.28 [pid: 8|app: 0|req: 448/906] 199.204.45.25 () {34 vars in 861 bytes} [Wed Apr 29 03:04:20 2026] GET /allocations/b330c8e4-0aab-4925-9952-d89e55b8c77a => generated 258 bytes in 18 msecs (HTTP/1.1 200) 8 headers in 296 bytes (1 switches on core 0)
2026-04-29 03:04:22.117 7 INFO placement.requestlog [None req-f95931b8-3be7-4535-87fb-081645b2755c - - - - - -] 10.0.0.48 "GET /" status: 200 len: 136 microversion: 1.0
2026-04-29 03:04:22.117 8 INFO placement.requestlog [None req-ca0c8513-1382-4584-88c6-fcd1e8c99ce6 - - - - - -] 10.0.0.48 "GET /" status: 200 len: 136 microversion: 1.0
2026-04-29 03:04:22.521 7 INFO placement.requestlog [req-41742cd0-4972-41c5-9b8b-783b13bcd8ff req-f018711d-514e-45b7-b129-db775fa23a12 446d52f277be4e6689a7fecab7032e84 e771c9caa2f9493cbfaba4d0ad4608ac - - c893072840914529953fbcb8af47df1e c893072840914529953fbcb8af47df1e] 10.0.0.117 "GET /allocation_candidates?limit=1000&resources=DISK_GB%3A1%2CMEMORY_MB%3A512%2CVCPU%3A1&root_required=%21COMPUTE_STATUS_DISABLED" status: 200 len: 2387 microversion: 1.36 [pid: 7|app: 0|req: 460/909] 10.0.0.117 () {34 vars in 1011 bytes} [Wed Apr 29 03:04:22 2026] GET /allocation_candidates?limit=1000&resources=DISK_GB%3A1%2CMEMORY_MB%3A512%2CVCPU%3A1&root_required=%21COMPUTE_STATUS_DISABLED => generated 2387 bytes in 61 msecs (HTTP/1.1 200) 8 headers in 297 bytes (1 switches on core 0)
2026-04-29 03:04:22.557 8 INFO placement.requestlog [req-41742cd0-4972-41c5-9b8b-783b13bcd8ff req-adefbabb-0f22-44aa-bf7e-88d85ddfc46a 446d52f277be4e6689a7fecab7032e84 e771c9caa2f9493cbfaba4d0ad4608ac - - c893072840914529953fbcb8af47df1e c893072840914529953fbcb8af47df1e] 10.0.0.117 "GET /allocations/cc4ac96e-b2cb-487d-bc6c-c10fc0502f7c" status: 200 len: 19 microversion: 1.28 [pid: 8|app: 0|req: 450/910] 10.0.0.117 () {34 vars in 860 bytes} [Wed Apr 29 03:04:22 2026] GET /allocations/cc4ac96e-b2cb-487d-bc6c-c10fc0502f7c => generated 19 bytes in 13 msecs (HTTP/1.1 200) 8 headers in 295 bytes (1 switches on core 0)
2026-04-29 03:04:22.610 7 INFO placement.requestlog [req-41742cd0-4972-41c5-9b8b-783b13bcd8ff req-258f10a8-e97e-41cb-a3ee-b577c02d6b7c 446d52f277be4e6689a7fecab7032e84 e771c9caa2f9493cbfaba4d0ad4608ac - - c893072840914529953fbcb8af47df1e c893072840914529953fbcb8af47df1e] 10.0.0.117 "PUT /allocations/cc4ac96e-b2cb-487d-bc6c-c10fc0502f7c" status: 204 len: 0 microversion: 1.36 [pid: 7|app: 0|req: 461/911] 10.0.0.117 () {38 vars in 913 bytes} [Wed Apr 29 03:04:22 2026] PUT /allocations/cc4ac96e-b2cb-487d-bc6c-c10fc0502f7c => generated 0 bytes in 49 msecs (HTTP/1.1 204) 5 headers in 199 bytes (1 switches on core 0)
2026-04-29 03:04:24.115 8 INFO placement.requestlog [req-41742cd0-4972-41c5-9b8b-783b13bcd8ff req-7a13bd7f-18a5-4d14-89ae-7a0e731c2d3c 446d52f277be4e6689a7fecab7032e84 e771c9caa2f9493cbfaba4d0ad4608ac - - c893072840914529953fbcb8af47df1e c893072840914529953fbcb8af47df1e] 199.204.45.25 "GET /allocations/cc4ac96e-b2cb-487d-bc6c-c10fc0502f7c" status: 200 len: 258 microversion: 1.28 [pid: 8|app: 0|req: 451/912] 199.204.45.25 () {34 vars in 861 bytes} [Wed Apr 29 03:04:24 2026] GET /allocations/cc4ac96e-b2cb-487d-bc6c-c10fc0502f7c => generated 258 bytes in 12 msecs (HTTP/1.1 200) 8 headers in 296 bytes (1 switches on core 0)
