2026-04-29 03:01:15.141 9 INFO neutron.db.ovn_revision_numbers_db [None req-5f353c74-27d3-45fe-b1f8-58e1206697b2 0d17a3b6a9b5451492e66aefd4f235dc 3308dde9f672402eae73c63366cc0f4e - - default default] Successfully bumped revision number for resource e8f183d6-f13d-47cb-845a-6f99e70e4bd6 (type: ports) to 1
2026-04-29 03:01:15.161 9 INFO neutron.api.wsgi [None req-5f353c74-27d3-45fe-b1f8-58e1206697b2 0d17a3b6a9b5451492e66aefd4f235dc 3308dde9f672402eae73c63366cc0f4e - - default default] 10.0.0.12 "POST /v2.0/networks HTTP/1.1" status: 201 len: 954 time: 0.7866240
2026-04-29 03:01:15.283 9 WARNING neutron.scheduler.dhcp_agent_scheduler [None req-4a566341-f827-4029-a419-0bb06b7970e4 0d17a3b6a9b5451492e66aefd4f235dc 3308dde9f672402eae73c63366cc0f4e - - default default] No more DHCP agents
2026-04-29 03:01:15.284 9 WARNING neutron.api.rpc.agentnotifiers.dhcp_rpc_agent_api [None req-4a566341-f827-4029-a419-0bb06b7970e4 0d17a3b6a9b5451492e66aefd4f235dc 3308dde9f672402eae73c63366cc0f4e - - default default] Unable to schedule network e283b3f8-7b7f-4653-a20d-bf9e8df5c93a: no agents available; will retry on subsequent port and subnet creation events.
2026-04-29 03:01:15.403 9 INFO neutron.api.wsgi [req-612cf6bc-2ed0-447b-98bd-ee28948d135b req-bec65a1a-4659-4d60-887a-da5ad7710adc 34c04d15a97344a6908f65fe314836ff b1b35eec618f45a3b5d294fd66432146 - - default default] 10.0.0.46 "GET /v2.0/ports?device_id=9542eec0-1a55-4e4d-ad3e-2f84e04915f3 HTTP/1.1" status: 200 len: 210 time: 0.0181489
2026-04-29 03:01:15.693 10 WARNING neutron.plugins.ml2.drivers.ovn.mech_driver.ovsdb.ovn_client [None req-660be28a-cf79-4fa0-9138-90b958806bbc - - - - - -] No hosting information found for port bd778bdf-3817-4090-ab45-75f60f486586: RuntimeError: No hosting information found for port bd778bdf-3817-4090-ab45-75f60f486586
2026-04-29 03:01:15.703 9 INFO neutron.db.ovn_revision_numbers_db [None req-6dfb8851-e2aa-4ac8-9563-9eca46ae2160 - - - - - -] Successfully bumped revision number for resource e8f183d6-f13d-47cb-845a-6f99e70e4bd6 (type: ports) to 2
2026-04-29 03:01:15.735 9 INFO neutron.db.ovn_revision_numbers_db [None req-6dfb8851-e2aa-4ac8-9563-9eca46ae2160 - - - - - -] Successfully bumped revision number for resource 7b699b8a-f5fa-4c08-b375-0a894542dd86 (type: subnets) to 0
2026-04-29 03:01:15.751 9 INFO neutron.api.wsgi [None req-4a566341-f827-4029-a419-0bb06b7970e4 0d17a3b6a9b5451492e66aefd4f235dc 3308dde9f672402eae73c63366cc0f4e - - default default] 10.0.0.12 "POST /v2.0/subnets HTTP/1.1" status: 201 len: 898 time: 0.5850897
2026-04-29 03:01:15.788 10 INFO neutron.db.ovn_revision_numbers_db [None req-660be28a-cf79-4fa0-9138-90b958806bbc - - - - - -] Successfully bumped revision number for resource bd778bdf-3817-4090-ab45-75f60f486586 (type: router_ports) to 2
2026-04-29 03:01:15.789 10 INFO neutron.plugins.ml2.drivers.ovn.mech_driver.mech_driver [None req-660be28a-cf79-4fa0-9138-90b958806bbc - - - - - -] OVN reports status up for port: e1554ad1-b421-451b-934c-173589bdf1e0
2026-04-29 03:01:15.800 10 INFO neutron.plugins.ml2.plugin [None req-660be28a-cf79-4fa0-9138-90b958806bbc - - - - - -] Attempt 1 to provision port e1554ad1-b421-451b-934c-173589bdf1e0
2026-04-29 03:01:15.884 10 INFO neutron.plugins.ml2.drivers.ovn.mech_driver.mech_driver [None req-660be28a-cf79-4fa0-9138-90b958806bbc - - - - - -] OVN reports status up for port: d89cf5d0-1d96-4793-a280-0b9e1b007199
2026-04-29 03:01:15.891 10 INFO neutron.plugins.ml2.plugin [None req-660be28a-cf79-4fa0-9138-90b958806bbc - - - - - -] Attempt 1 to provision port d89cf5d0-1d96-4793-a280-0b9e1b007199
2026-04-29 03:01:16.162 9 WARNING neutron.scheduler.dhcp_agent_scheduler [None req-6fde6321-872b-4a18-b860-58703580c822 0d17a3b6a9b5451492e66aefd4f235dc 3308dde9f672402eae73c63366cc0f4e - - default default] No more DHCP agents
2026-04-29 03:01:16.164 9 WARNING neutron.api.rpc.agentnotifiers.dhcp_rpc_agent_api [None req-6fde6321-872b-4a18-b860-58703580c822 0d17a3b6a9b5451492e66aefd4f235dc 3308dde9f672402eae73c63366cc0f4e - - default default] Unable to schedule network 94738971-21a3-414a-ba70-2dd4ce24c361: no agents available; will retry on subsequent port and subnet creation events.
2026-04-29 03:01:16.275 10 INFO neutron.db.ovn_revision_numbers_db [None req-660be28a-cf79-4fa0-9138-90b958806bbc - - - - - -] Successfully bumped revision number for resource d89cf5d0-1d96-4793-a280-0b9e1b007199 (type: ports) to 2
2026-04-29 03:01:16.277 9 INFO neutron.db.ovn_revision_numbers_db [None req-6fde6321-872b-4a18-b860-58703580c822 0d17a3b6a9b5451492e66aefd4f235dc 3308dde9f672402eae73c63366cc0f4e - - default default] Successfully bumped revision number for resource d7deab6a-bd9b-4dd1-ab23-c542647e1612 (type: ports) to 1
2026-04-29 03:01:16.493 9 INFO neutron.api.wsgi [req-b7aa3c5e-7a26-4c52-af7f-26649766aa63 req-156d4934-96ef-49a1-ad07-766b5ccc5dd3 34c04d15a97344a6908f65fe314836ff b1b35eec618f45a3b5d294fd66432146 - - default default] 10.0.0.46 "GET /v2.0/ports?device_id=9542eec0-1a55-4e4d-ad3e-2f84e04915f3 HTTP/1.1" status: 200 len: 210 time: 0.0247545
2026-04-29 03:01:16.511 9 INFO neutron.api.wsgi [req-cb21c876-abea-4fb6-b8a0-9d87d1548819 req-69e9198c-65ef-4c33-8ebc-238fa3822da1 34c04d15a97344a6908f65fe314836ff b1b35eec618f45a3b5d294fd66432146 - - default default] 199.204.45.25 "GET /v2.0/networks?id=79fa142c-ab5a-42bf-8479-24a0f1af214e HTTP/1.1" status: 200 len: 869 time: 0.4192433
2026-04-29 03:01:16.567 9 INFO neutron.api.wsgi [req-cb21c876-abea-4fb6-b8a0-9d87d1548819 req-d9cc4b37-78bb-4104-8eb1-4805f2672888 34c04d15a97344a6908f65fe314836ff b1b35eec618f45a3b5d294fd66432146 - - default default] 199.204.45.25 "GET /v2.0/security-groups?fields=id&fields=name&tenant_id=b1b35eec618f45a3b5d294fd66432146 HTTP/1.1" status: 200 len: 380 time: 0.0418499
2026-04-29 03:01:16.582 9 WARNING neutron_lib.context [req-cb21c876-abea-4fb6-b8a0-9d87d1548819 req-bc73c804-4f3e-41a8-adbc-5a4edd3e170f 34c04d15a97344a6908f65fe314836ff b1b35eec618f45a3b5d294fd66432146 - - default default] Method 'is_advsvc' is deprecated since 2023.2 release (neutron-lib 3.8.0) and will be removed once support for the old RBAC API policies will be removed from Neutron. Please use method 'is_service_role' instead.
2026-04-29 03:01:17.001 9 WARNING neutron.scheduler.dhcp_agent_scheduler [req-cb21c876-abea-4fb6-b8a0-9d87d1548819 req-bc73c804-4f3e-41a8-adbc-5a4edd3e170f 34c04d15a97344a6908f65fe314836ff b1b35eec618f45a3b5d294fd66432146 - - default default] No more DHCP agents
2026-04-29 03:01:17.002 9 WARNING neutron.api.rpc.agentnotifiers.dhcp_rpc_agent_api [req-cb21c876-abea-4fb6-b8a0-9d87d1548819 req-bc73c804-4f3e-41a8-adbc-5a4edd3e170f 34c04d15a97344a6908f65fe314836ff b1b35eec618f45a3b5d294fd66432146 - - default default] Unable to schedule network 79fa142c-ab5a-42bf-8479-24a0f1af214e: no agents available; will retry on subsequent port and subnet creation events.
2026-04-29 03:01:17.155 9 INFO neutron.db.ovn_revision_numbers_db [req-cb21c876-abea-4fb6-b8a0-9d87d1548819 req-bc73c804-4f3e-41a8-adbc-5a4edd3e170f 34c04d15a97344a6908f65fe314836ff b1b35eec618f45a3b5d294fd66432146 - - default default] Successfully bumped revision number for resource 37507e8b-cc5c-4d9b-802d-9358ee1a4e4a (type: ports) to 1
2026-04-29 03:01:17.175 9 INFO neutron.plugins.ml2.drivers.ovn.mech_driver.ovsdb.commands [None req-e89d2fad-060a-45fd-8eb1-3c3fd670de74 - - - - - -] Schedule LRP lrp-d7deab6a-bd9b-4dd1-ab23-c542647e1612 on gateway 93a177b5-79a8-4dd7-9ffa-9a3d49f1cc5b with priority 1
2026-04-29 03:01:17.183 9 INFO neutron.api.wsgi [req-cb21c876-abea-4fb6-b8a0-9d87d1548819 req-bc73c804-4f3e-41a8-adbc-5a4edd3e170f 34c04d15a97344a6908f65fe314836ff b1b35eec618f45a3b5d294fd66432146 - - default default] 199.204.45.25 "POST /v2.0/ports HTTP/1.1" status: 201 len: 1162 time: 0.6115158 /var/lib/openstack/lib/python3.12/site-packages/pycadf/identifier.py:71: UserWarning: Invalid uuid: neutron. To ensure interoperability, identifiers should be a valid uuid. warnings.warn(('Invalid uuid: %s. To ensure interoperability, '
2026-04-29 03:01:17.202 9 INFO neutron.api.wsgi [req-cb21c876-abea-4fb6-b8a0-9d87d1548819 req-2d39c4d2-3578-4e47-b422-e54c13ad5688 34c04d15a97344a6908f65fe314836ff b1b35eec618f45a3b5d294fd66432146 - - default default] 199.204.45.25 "GET /v2.0/extensions HTTP/1.1" status: 200 len: 19298 time: 0.0060706
2026-04-29 03:01:17.206 9 INFO neutron.plugins.ml2.drivers.ovn.mech_driver.ovsdb.ovsdb_monitor [None req-16b4149a-d14a-4e53-b435-4cd61931e5f1 - - - - - -] Router 603c49bc-c7f3-40ea-83b9-aeae9e8fe775 is bound to host instance
2026-04-29 03:01:17.229 9 INFO neutron.db.ovn_revision_numbers_db [None req-6fde6321-872b-4a18-b860-58703580c822 0d17a3b6a9b5451492e66aefd4f235dc 3308dde9f672402eae73c63366cc0f4e - - default default] Successfully bumped revision number for resource d7deab6a-bd9b-4dd1-ab23-c542647e1612 (type: router_ports) to 1
2026-04-29 03:01:17.301 9 INFO neutron.db.ovn_revision_numbers_db [None req-6fde6321-872b-4a18-b860-58703580c822 0d17a3b6a9b5451492e66aefd4f235dc 3308dde9f672402eae73c63366cc0f4e - - default default] Successfully bumped revision number for resource 603c49bc-c7f3-40ea-83b9-aeae9e8fe775 (type: routers) to 2
2026-04-29 03:01:17.317 9 INFO neutron.api.wsgi [None req-6fde6321-872b-4a18-b860-58703580c822 0d17a3b6a9b5451492e66aefd4f235dc 3308dde9f672402eae73c63366cc0f4e - - default default] 10.0.0.12 "POST /v2.0/routers HTTP/1.1" status: 201 len: 1176 time: 1.5603158
2026-04-29 03:01:17.626 9 INFO neutron.api.wsgi [req-96ab910a-938c-49eb-90c0-90dfddb78b10 req-7888632a-d38b-4f74-9bc2-669f255cf3a3 105c448d629841419f8bfb8679ac2081 b29b2a64abc34fa19efa36d04cb31992 - - default default] 10.0.0.46 "GET /v2.0/security-groups?name=tempest-securitygroup--879526959&fields=id&tenant_id=b29b2a64abc34fa19efa36d04cb31992 HTTP/1.1" status: 200 len: 267 time: 0.0879390
2026-04-29 03:01:17.716 9 INFO neutron.api.wsgi [req-b8b8eb95-0a7e-4149-8064-070c7b1d3038 req-c0f8cfa0-b478-47a7-bc37-67544d6d1cf8 34c04d15a97344a6908f65fe314836ff b1b35eec618f45a3b5d294fd66432146 - - default default] 10.0.0.46 "GET /v2.0/ports?device_id=9542eec0-1a55-4e4d-ad3e-2f84e04915f3 HTTP/1.1" status: 200 len: 1160 time: 0.1594193
2026-04-29 03:01:17.755 9 INFO neutron.api.wsgi [req-96ab910a-938c-49eb-90c0-90dfddb78b10 req-43650a46-fd2b-4577-9187-2ca32c709399 105c448d629841419f8bfb8679ac2081 b29b2a64abc34fa19efa36d04cb31992 - - default default] 10.0.0.46 "GET /v2.0/networks?id=e3d3907d-0c24-4af9-932a-637e8f1fab2a HTTP/1.1" status: 200 len: 878 time: 0.1183703
2026-04-29 03:01:17.791 9 INFO neutron.api.wsgi [req-b8b8eb95-0a7e-4149-8064-070c7b1d3038 req-33a53b24-e8d6-4f66-8fab-252e849bad0a 34c04d15a97344a6908f65fe314836ff b1b35eec618f45a3b5d294fd66432146 - - default default] 10.0.0.46 "GET /v2.0/security-groups?id=bfd50cc0-03c9-40dc-b6a2-977da347a770&fields=id&fields=name HTTP/1.1" status: 200 len: 313 time: 0.0699935
2026-04-29 03:01:17.793 9 INFO neutron.api.wsgi [req-96ab910a-938c-49eb-90c0-90dfddb78b10 req-7c3b44eb-fdb5-49b8-b2f7-98e3a87a028c 105c448d629841419f8bfb8679ac2081 b29b2a64abc34fa19efa36d04cb31992 - - default default] 10.0.0.46 "GET /v2.0/quotas/b29b2a64abc34fa19efa36d04cb31992 HTTP/1.1" status: 200 len: 491 time: 0.0219193
2026-04-29 03:01:17.978 9 INFO neutron.api.wsgi [req-96ab910a-938c-49eb-90c0-90dfddb78b10 req-1a474ddb-1faa-4c5d-9fc8-77d364e520fd 105c448d629841419f8bfb8679ac2081 b29b2a64abc34fa19efa36d04cb31992 - - default default] 10.0.0.46 "GET /v2.0/ports?tenant_id=b29b2a64abc34fa19efa36d04cb31992&fields=id HTTP/1.1" status: 200 len: 302 time: 0.1688240
2026-04-29 03:01:18.041 9 INFO neutron.db.ovn_revision_numbers_db [None req-8e9b51a3-dee2-4262-b84d-c7b6967fb4fa - - - - - -] Successfully bumped revision number for resource d7deab6a-bd9b-4dd1-ab23-c542647e1612 (type: ports) to 1
2026-04-29 03:01:18.099 9 WARNING neutron.scheduler.dhcp_agent_scheduler [None req-62d232bf-ddb0-4f3f-a829-65d88489ecaa 0d17a3b6a9b5451492e66aefd4f235dc 3308dde9f672402eae73c63366cc0f4e - - default default] No more DHCP agents
2026-04-29 03:01:18.102 9 WARNING neutron.api.rpc.agentnotifiers.dhcp_rpc_agent_api [None req-62d232bf-ddb0-4f3f-a829-65d88489ecaa 0d17a3b6a9b5451492e66aefd4f235dc 3308dde9f672402eae73c63366cc0f4e - - default default] Unable to schedule network e283b3f8-7b7f-4653-a20d-bf9e8df5c93a: no agents available; will retry on subsequent port and subnet creation events. /var/lib/openstack/lib/python3.12/site-packages/pycadf/identifier.py:71: UserWarning: Invalid uuid: neutron. To ensure interoperability, identifiers should be a valid uuid. warnings.warn(('Invalid uuid: %s. To ensure interoperability, '
2026-04-29 03:01:18.476 9 INFO neutron.api.wsgi [req-96ab910a-938c-49eb-90c0-90dfddb78b10 req-66402fb5-fcd1-495a-ba8a-2878e87ddb11 12fffdedbb1647be8e3aa7315a4eb847 e771c9caa2f9493cbfaba4d0ad4608ac - - c893072840914529953fbcb8af47df1e c893072840914529953fbcb8af47df1e] 10.0.0.46 "GET /v2.0/extensions HTTP/1.1" status: 200 len: 19298 time: 0.0666134
2026-04-29 03:01:18.509 9 INFO neutron.db.ovn_revision_numbers_db [None req-62d232bf-ddb0-4f3f-a829-65d88489ecaa 0d17a3b6a9b5451492e66aefd4f235dc 3308dde9f672402eae73c63366cc0f4e - - default default] Successfully bumped revision number for resource 1cbaf31a-e190-4bc7-b703-6b516e606b80 (type: ports) to 1
2026-04-29 03:01:18.540 10 INFO neutron.db.ovn_revision_numbers_db [None req-bee30524-5b8d-4168-8c52-0bcff43b0c30 0d17a3b6a9b5451492e66aefd4f235dc 3308dde9f672402eae73c63366cc0f4e - - default default] Successfully bumped revision number for resource 8dacdd7a-0e54-47e8-94e5-898a66848f05 (type: security_groups) to 1
2026-04-29 03:01:18.551 10 INFO neutron.db.ovn_revision_numbers_db [None req-bee30524-5b8d-4168-8c52-0bcff43b0c30 0d17a3b6a9b5451492e66aefd4f235dc 3308dde9f672402eae73c63366cc0f4e - - default default] Successfully bumped revision number for resource 23f0782c-f5b4-4d57-a482-01dccaaa2a75 (type: security_group_rules) to 0
2026-04-29 03:01:18.573 10 INFO neutron.db.ovn_revision_numbers_db [None req-bee30524-5b8d-4168-8c52-0bcff43b0c30 0d17a3b6a9b5451492e66aefd4f235dc 3308dde9f672402eae73c63366cc0f4e - - default default] Successfully bumped revision number for resource 35df75c4-8a99-403c-805c-ff4b8c2979aa (type: security_group_rules) to 0
2026-04-29 03:01:18.583 9 INFO neutron.api.wsgi [req-96ab910a-938c-49eb-90c0-90dfddb78b10 req-22116158-8a69-4335-b526-38ddc7994fe1 12fffdedbb1647be8e3aa7315a4eb847 e771c9caa2f9493cbfaba4d0ad4608ac - - c893072840914529953fbcb8af47df1e c893072840914529953fbcb8af47df1e] 10.0.0.46 "GET /v2.0/networks/e3d3907d-0c24-4af9-932a-637e8f1fab2a?fields=segments HTTP/1.1" status: 200 len: 212 time: 0.0961294
2026-04-29 03:01:18.586 10 INFO neutron.db.ovn_revision_numbers_db [None req-bee30524-5b8d-4168-8c52-0bcff43b0c30 0d17a3b6a9b5451492e66aefd4f235dc 3308dde9f672402eae73c63366cc0f4e - - default default] Successfully bumped revision number for resource 753e6678-7c3f-40e8-9a83-830ede1e9bfb (type: security_group_rules) to 0
2026-04-29 03:01:18.602 10 INFO neutron.db.ovn_revision_numbers_db [None req-bee30524-5b8d-4168-8c52-0bcff43b0c30 0d17a3b6a9b5451492e66aefd4f235dc 3308dde9f672402eae73c63366cc0f4e - - default default] Successfully bumped revision number for resource 9bc0a549-bdcb-41f1-8296-4dfe5a05eb89 (type: security_group_rules) to 0
2026-04-29 03:01:18.635 10 INFO neutron.api.wsgi [None req-bee30524-5b8d-4168-8c52-0bcff43b0c30 0d17a3b6a9b5451492e66aefd4f235dc 3308dde9f672402eae73c63366cc0f4e - - default default] 10.0.0.12 "GET /v2.0/security-groups?tenant_id=979a091ce8e745bc8a23a3400b302089&name=default HTTP/1.1" status: 200 len: 3120 time: 0.3390810
2026-04-29 03:01:18.703 9 INFO neutron.api.wsgi [req-96ab910a-938c-49eb-90c0-90dfddb78b10 req-ae138e85-4c06-4499-ba4b-2ef1eebee607 12fffdedbb1647be8e3aa7315a4eb847 e771c9caa2f9493cbfaba4d0ad4608ac - - c893072840914529953fbcb8af47df1e c893072840914529953fbcb8af47df1e] 10.0.0.46 "GET /v2.0/networks/e3d3907d-0c24-4af9-932a-637e8f1fab2a?fields=provider%3Aphysical_network&fields=provider%3Anetwork_type HTTP/1.1" status: 200 len: 277 time: 0.1002452
2026-04-29 03:01:18.746 9 INFO neutron.db.ovn_revision_numbers_db [req-cb21c876-abea-4fb6-b8a0-9d87d1548819 req-4c29ddf6-33c4-4165-87b1-e8cf412fe08f 12fffdedbb1647be8e3aa7315a4eb847 e771c9caa2f9493cbfaba4d0ad4608ac - - c893072840914529953fbcb8af47df1e c893072840914529953fbcb8af47df1e] Successfully bumped revision number for resource 37507e8b-cc5c-4d9b-802d-9358ee1a4e4a (type: ports) to 2
2026-04-29 03:01:18.824 10 INFO neutron.api.wsgi [None req-faee305a-0784-4fba-aa85-71329e4c7663 0d17a3b6a9b5451492e66aefd4f235dc 3308dde9f672402eae73c63366cc0f4e - - default default] 10.0.0.12 "DELETE /v2.0/security-groups/8dacdd7a-0e54-47e8-94e5-898a66848f05 HTTP/1.1" status: 204 len: 168 time: 0.1841264
2026-04-29 03:01:18.827 9 INFO neutron.db.ovn_revision_numbers_db [None req-8e9b51a3-dee2-4262-b84d-c7b6967fb4fa - - - - - -] Successfully bumped revision number for resource d7deab6a-bd9b-4dd1-ab23-c542647e1612 (type: ports) to 4
2026-04-29 03:01:18.920 9 INFO neutron.api.wsgi [req-1badf76a-e38b-4442-a7a9-215ce6c480f4 req-88146406-c85b-48cb-8014-ab1441153acf 34c04d15a97344a6908f65fe314836ff b1b35eec618f45a3b5d294fd66432146 - - default default] 10.0.0.46 "GET /v2.0/ports?device_id=9542eec0-1a55-4e4d-ad3e-2f84e04915f3 HTTP/1.1" status: 200 len: 1172 time: 0.0584924 /var/lib/openstack/lib/python3.12/site-packages/pycadf/identifier.py:71: UserWarning: Invalid uuid: neutron. To ensure interoperability, identifiers should be a valid uuid. warnings.warn(('Invalid uuid: %s. To ensure interoperability, '
2026-04-29 03:01:19.024 9 INFO neutron.api.wsgi [req-1badf76a-e38b-4442-a7a9-215ce6c480f4 req-722ee0e9-9f37-469f-8730-8a44e08b97b6 34c04d15a97344a6908f65fe314836ff b1b35eec618f45a3b5d294fd66432146 - - default default] 10.0.0.46 "GET /v2.0/security-groups?id=bfd50cc0-03c9-40dc-b6a2-977da347a770&fields=id&fields=name HTTP/1.1" status: 200 len: 313 time: 0.0987735
2026-04-29 03:01:19.040 10 INFO neutron.db.ovn_revision_numbers_db [None req-e378bdcd-4cca-46cc-9f65-2460b9df83ff 0d17a3b6a9b5451492e66aefd4f235dc 3308dde9f672402eae73c63366cc0f4e - - default default] Successfully bumped revision number for resource 6a9aea89-b5c5-4394-a34d-8387d9325bd4 (type: security_groups) to 1
2026-04-29 03:01:19.052 10 INFO neutron.db.ovn_revision_numbers_db [None req-e378bdcd-4cca-46cc-9f65-2460b9df83ff 0d17a3b6a9b5451492e66aefd4f235dc 3308dde9f672402eae73c63366cc0f4e - - default default] Successfully bumped revision number for resource 42abe6c0-23b6-4d1c-a9bc-83d9b3e13910 (type: security_group_rules) to 0
2026-04-29 03:01:19.063 10 INFO neutron.db.ovn_revision_numbers_db [None req-e378bdcd-4cca-46cc-9f65-2460b9df83ff 0d17a3b6a9b5451492e66aefd4f235dc 3308dde9f672402eae73c63366cc0f4e - - default default] Successfully bumped revision number for resource 81a71335-9c12-408a-afab-5600a6258a0c (type: security_group_rules) to 0
2026-04-29 03:01:19.070 9 INFO neutron.api.wsgi [req-30ef23a2-659e-4785-ab74-f4dbfdd73192 req-872765d8-049d-4781-ba3a-78d4188bc88b 105c448d629841419f8bfb8679ac2081 b29b2a64abc34fa19efa36d04cb31992 - - default default] 10.0.0.46 "GET /v2.0/ports?device_id=272da203-b266-46c3-8a47-1a9037ac7a3d HTTP/1.1" status: 200 len: 210 time: 0.0730760
2026-04-29 03:01:19.086 10 INFO neutron.db.ovn_revision_numbers_db [None req-e378bdcd-4cca-46cc-9f65-2460b9df83ff 0d17a3b6a9b5451492e66aefd4f235dc 3308dde9f672402eae73c63366cc0f4e - - default default] Successfully bumped revision number for resource 8279e9ed-9a18-4cc0-a02e-c6a98fe29938 (type: security_group_rules) to 0
2026-04-29 03:01:19.098 10 INFO neutron.db.ovn_revision_numbers_db [None req-e378bdcd-4cca-46cc-9f65-2460b9df83ff 0d17a3b6a9b5451492e66aefd4f235dc 3308dde9f672402eae73c63366cc0f4e - - default default] Successfully bumped revision number for resource bc137e23-481f-4405-8191-f7e910242c84 (type: security_group_rules) to 0
2026-04-29 03:01:19.132 10 INFO neutron.api.wsgi [None req-e378bdcd-4cca-46cc-9f65-2460b9df83ff 0d17a3b6a9b5451492e66aefd4f235dc 3308dde9f672402eae73c63366cc0f4e - - default default] 10.0.0.12 "GET /v2.0/security-groups?tenant_id=9ce15b2dcc4049b2b2cd0d9159271dbf&name=default HTTP/1.1" status: 200 len: 3120 time: 0.2025142
2026-04-29 03:01:19.173 9 INFO neutron.db.ovn_revision_numbers_db [req-cb21c876-abea-4fb6-b8a0-9d87d1548819 req-4c29ddf6-33c4-4165-87b1-e8cf412fe08f 12fffdedbb1647be8e3aa7315a4eb847 e771c9caa2f9493cbfaba4d0ad4608ac - - c893072840914529953fbcb8af47df1e c893072840914529953fbcb8af47df1e] Successfully bumped revision number for resource 37507e8b-cc5c-4d9b-802d-9358ee1a4e4a (type: ports) to 4
2026-04-29 03:01:19.198 9 INFO neutron.api.wsgi [req-cb21c876-abea-4fb6-b8a0-9d87d1548819 req-4c29ddf6-33c4-4165-87b1-e8cf412fe08f 12fffdedbb1647be8e3aa7315a4eb847 e771c9caa2f9493cbfaba4d0ad4608ac - - c893072840914529953fbcb8af47df1e c893072840914529953fbcb8af47df1e] 199.204.45.25 "PUT /v2.0/ports/37507e8b-cc5c-4d9b-802d-9358ee1a4e4a HTTP/1.1" status: 200 len: 1408 time: 1.6022592
2026-04-29 03:01:19.369 9 INFO neutron.db.ovn_revision_numbers_db [None req-8e9b51a3-dee2-4262-b84d-c7b6967fb4fa - - - - - -] Successfully bumped revision number for resource d7deab6a-bd9b-4dd1-ab23-c542647e1612 (type: ports) to 5
2026-04-29 03:01:19.379 10 INFO neutron.api.wsgi [None req-e5846d5e-5852-414d-8433-70f4bf61e46d 0d17a3b6a9b5451492e66aefd4f235dc 3308dde9f672402eae73c63366cc0f4e - - default default] 10.0.0.12 "DELETE /v2.0/security-groups/6a9aea89-b5c5-4394-a34d-8387d9325bd4 HTTP/1.1" status: 204 len: 168 time: 0.2413292
2026-04-29 03:01:19.427 9 INFO neutron.plugins.ml2.drivers.ovn.mech_driver.mech_driver [None req-2a436180-fb67-46e1-9594-fcedd9f7c45e - - - - - -] OVN reports status up for port: 1cbaf31a-e190-4bc7-b703-6b516e606b80
2026-04-29 03:01:19.445 9 INFO neutron.plugins.ml2.plugin [None req-2a436180-fb67-46e1-9594-fcedd9f7c45e - - - - - -] Attempt 1 to provision port 1cbaf31a-e190-4bc7-b703-6b516e606b80
2026-04-29 03:01:19.464 9 INFO neutron.db.ovn_revision_numbers_db [None req-62d232bf-ddb0-4f3f-a829-65d88489ecaa 0d17a3b6a9b5451492e66aefd4f235dc 3308dde9f672402eae73c63366cc0f4e - - default default] Successfully bumped revision number for resource 1cbaf31a-e190-4bc7-b703-6b516e606b80 (type: ports) to 1
2026-04-29 03:01:19.519 9 WARNING neutron.scheduler.dhcp_agent_scheduler [None req-62d232bf-ddb0-4f3f-a829-65d88489ecaa 0d17a3b6a9b5451492e66aefd4f235dc 3308dde9f672402eae73c63366cc0f4e - - default default] No more DHCP agents
2026-04-29 03:01:19.521 9 WARNING neutron.api.rpc.agentnotifiers.dhcp_rpc_agent_api [None req-62d232bf-ddb0-4f3f-a829-65d88489ecaa 0d17a3b6a9b5451492e66aefd4f235dc 3308dde9f672402eae73c63366cc0f4e - - default default] Unable to schedule network e283b3f8-7b7f-4653-a20d-bf9e8df5c93a: no agents available; will retry on subsequent port and subnet creation events.
2026-04-29 03:01:19.692 9 INFO neutron.notifiers.nova [-] Nova event matching ['req-c0e87af2-ba82-4ec4-8345-0a48e6afc16b'] response: {'name': 'network-changed', 'server_uuid': '9542eec0-1a55-4e4d-ad3e-2f84e04915f3', 'tag': '37507e8b-cc5c-4d9b-802d-9358ee1a4e4a', 'status': 'completed', 'code': 200}
2026-04-29 03:01:19.895 9 INFO neutron.db.ovn_revision_numbers_db [None req-2a436180-fb67-46e1-9594-fcedd9f7c45e - - - - - -] Successfully bumped revision number for resource 1cbaf31a-e190-4bc7-b703-6b516e606b80 (type: ports) to 2
2026-04-29 03:01:20.138 9 INFO neutron.api.wsgi [req-54115362-3c64-4543-a779-24504a5b3702 req-b49063e5-b811-49a2-85a4-4e81efe8cc87 34c04d15a97344a6908f65fe314836ff b1b35eec618f45a3b5d294fd66432146 - - default default] 10.0.0.46 "GET /v2.0/ports?device_id=9542eec0-1a55-4e4d-ad3e-2f84e04915f3 HTTP/1.1" status: 200 len: 1172 time: 0.0561430
2026-04-29 03:01:20.169 9 INFO neutron.api.wsgi [req-134f49ef-021b-42ad-a486-07e93fed390e req-378c803d-47a9-4431-ba69-665aec76a416 105c448d629841419f8bfb8679ac2081 b29b2a64abc34fa19efa36d04cb31992 - - default default] 10.0.0.46 "GET /v2.0/ports?device_id=272da203-b266-46c3-8a47-1a9037ac7a3d HTTP/1.1" status: 200 len: 210 time: 0.0373085
2026-04-29 03:01:20.203 9 INFO neutron.api.wsgi [req-54115362-3c64-4543-a779-24504a5b3702 req-d3093f1c-bf34-4944-8e80-19ee8315be6e 34c04d15a97344a6908f65fe314836ff b1b35eec618f45a3b5d294fd66432146 - - default default] 10.0.0.46 "GET /v2.0/security-groups?id=bfd50cc0-03c9-40dc-b6a2-977da347a770&fields=id&fields=name HTTP/1.1" status: 200 len: 313 time: 0.0515244
2026-04-29 03:01:20.269 9 INFO neutron.api.wsgi [req-c4a5bb00-3aa5-4c06-963c-54389d2f0935 req-44b54d19-7aa8-4fb4-a119-a6de1e54dd99 12fffdedbb1647be8e3aa7315a4eb847 e771c9caa2f9493cbfaba4d0ad4608ac - - c893072840914529953fbcb8af47df1e c893072840914529953fbcb8af47df1e] 199.204.45.25 "GET /v2.0/ports?tenant_id=b1b35eec618f45a3b5d294fd66432146&device_id=9542eec0-1a55-4e4d-ad3e-2f84e04915f3 HTTP/1.1" status: 200 len: 1411 time: 0.0652797
2026-04-29 03:01:20.368 9 INFO neutron.api.wsgi [req-c4a5bb00-3aa5-4c06-963c-54389d2f0935 req-b1b5c271-13a2-4d7e-a004-4de6dbf28641 12fffdedbb1647be8e3aa7315a4eb847 e771c9caa2f9493cbfaba4d0ad4608ac - - c893072840914529953fbcb8af47df1e c893072840914529953fbcb8af47df1e] 199.204.45.25 "GET /v2.0/networks?tenant_id=b1b35eec618f45a3b5d294fd66432146&shared=False HTTP/1.1" status: 200 len: 967 time: 0.0952089
2026-04-29 03:01:20.402 9 INFO neutron.db.ovn_revision_numbers_db [None req-62d232bf-ddb0-4f3f-a829-65d88489ecaa 0d17a3b6a9b5451492e66aefd4f235dc 3308dde9f672402eae73c63366cc0f4e - - default default] Successfully bumped revision number for resource 1cbaf31a-e190-4bc7-b703-6b516e606b80 (type: router_ports) to 1
2026-04-29 03:01:20.409 9 INFO neutron.api.wsgi [None req-62d232bf-ddb0-4f3f-a829-65d88489ecaa 0d17a3b6a9b5451492e66aefd4f235dc 3308dde9f672402eae73c63366cc0f4e - - default default] 10.0.0.12 "PUT /v2.0/routers/603c49bc-c7f3-40ea-83b9-aeae9e8fe775/add_router_interface HTTP/1.1" status: 200 len: 503 time: 3.0844886
2026-04-29 03:01:20.436 9 INFO neutron.api.wsgi [req-c4a5bb00-3aa5-4c06-963c-54389d2f0935 req-67c5375b-8312-4336-9e59-00f32f102d1a 12fffdedbb1647be8e3aa7315a4eb847 e771c9caa2f9493cbfaba4d0ad4608ac - - c893072840914529953fbcb8af47df1e c893072840914529953fbcb8af47df1e] 199.204.45.25 "GET /v2.0/networks?shared=True HTTP/1.1" status: 200 len: 952 time: 0.0615168
2026-04-29 03:01:21.020 9 WARNING neutron_lib.context [None req-59f28e7b-4041-437a-81e8-c6de4744c3d8 4e6447db778146f49bfbeb7548b8e022 dbe0977cdcca4661b8cb39cdea1aecfb - - default default] Method 'is_advsvc' is deprecated since 2023.2 release (neutron-lib 3.8.0) and will be removed once support for the old RBAC API policies will be removed from Neutron. Please use method 'is_service_role' instead.
2026-04-29 03:01:21.136 9 INFO neutron.db.ovn_revision_numbers_db [None req-59f28e7b-4041-437a-81e8-c6de4744c3d8 4e6447db778146f49bfbeb7548b8e022 dbe0977cdcca4661b8cb39cdea1aecfb - - default default] Successfully bumped revision number for resource a4b465c7-1248-4adb-86f6-23c7febcf219 (type: security_groups) to 1
2026-04-29 03:01:21.149 9 INFO neutron.db.ovn_revision_numbers_db [None req-59f28e7b-4041-437a-81e8-c6de4744c3d8 4e6447db778146f49bfbeb7548b8e022 dbe0977cdcca4661b8cb39cdea1aecfb - - default default] Successfully bumped revision number for resource 13f5ef68-1a86-4496-952d-68102e5fe7e5 (type: security_group_rules) to 0
2026-04-29 03:01:21.163 9 INFO neutron.db.ovn_revision_numbers_db [None req-59f28e7b-4041-437a-81e8-c6de4744c3d8 4e6447db778146f49bfbeb7548b8e022 dbe0977cdcca4661b8cb39cdea1aecfb - - default default] Successfully bumped revision number for resource 58de181c-3221-42b2-b1d8-0af338403ed3 (type: security_group_rules) to 0
2026-04-29 03:01:21.199 9 INFO neutron.api.wsgi [None req-59f28e7b-4041-437a-81e8-c6de4744c3d8 4e6447db778146f49bfbeb7548b8e022 dbe0977cdcca4661b8cb39cdea1aecfb - - default default] 10.0.0.12 "POST /v2.0/security-groups HTTP/1.1" status: 201 len: 1861 time: 0.1843204
2026-04-29 03:01:21.211 9 INFO neutron.api.wsgi [None req-430c2d6c-f472-402e-80a5-f9c505749301 9eaf96ff57404a08bf733400211d3e3d 9a30bef6e8ee424bb497ec86d09f739b - - default default] 10.0.0.12 "GET /v2.0/extensions HTTP/1.1" status: 200 len: 19293 time: 0.0946283
2026-04-29 03:01:21.213 10 WARNING neutron_lib.context [None req-36a2f987-774c-4b9a-b497-aaddd696dc6f 4e6447db778146f49bfbeb7548b8e022 dbe0977cdcca4661b8cb39cdea1aecfb - - default default] Method 'is_advsvc' is deprecated since 2023.2 release (neutron-lib 3.8.0) and will be removed once support for the old RBAC API policies will be removed from Neutron. Please use method 'is_service_role' instead.
2026-04-29 03:01:21.220 10 INFO neutron.api.wsgi [None req-5a95d0dc-d4c9-40b4-9491-9cb847ed5eb0 9eaf96ff57404a08bf733400211d3e3d 9a30bef6e8ee424bb497ec86d09f739b - - default default] 10.0.0.12 "GET /v2.0/extensions/address-group HTTP/1.1" status: 200 len: 353 time: 0.0047500
2026-04-29 03:01:21.230 9 INFO neutron.api.wsgi [None req-f909ee80-37e7-4515-a886-bd4fc58bdc91 9eaf96ff57404a08bf733400211d3e3d 9a30bef6e8ee424bb497ec86d09f739b - - default default] 10.0.0.12 "GET /v2.0/extensions/address-scope HTTP/1.1" status: 200 len: 357 time: 0.0058494
2026-04-29 03:01:21.239 10 INFO neutron.api.wsgi [None req-1dd0fc81-87a6-4978-9b2f-c3379c4bff8f 9eaf96ff57404a08bf733400211d3e3d 9a30bef6e8ee424bb497ec86d09f739b - - default default] 10.0.0.12 "GET /v2.0/extensions/agent HTTP/1.1" status: 200 len: 347 time: 0.0040011
2026-04-29 03:01:21.247 10 INFO neutron.api.wsgi [None req-7f686ac3-aa95-4aed-8ced-b646002403bc 9eaf96ff57404a08bf733400211d3e3d 9a30bef6e8ee424bb497ec86d09f739b - - default default] 10.0.0.12 "GET /v2.0/extensions/allowed-address-pairs HTTP/1.1" status: 200 len: 378 time: 0.0040617
2026-04-29 03:01:21.247 9 INFO neutron.api.wsgi [req-60bf5e13-c677-4180-9242-e6bf9294b798 req-53928dd3-8445-49a4-8bbb-d36b08cbb568 105c448d629841419f8bfb8679ac2081 b29b2a64abc34fa19efa36d04cb31992 - - default default] 10.0.0.46 "GET /v2.0/ports?device_id=272da203-b266-46c3-8a47-1a9037ac7a3d HTTP/1.1" status: 200 len: 210 time: 0.0161288
2026-04-29 03:01:21.256 9 INFO neutron.api.wsgi [None req-a9b4f3e5-b219-4330-abf1-aa66af733928 9eaf96ff57404a08bf733400211d3e3d 9a30bef6e8ee424bb497ec86d09f739b - - default default] 10.0.0.12 "GET /v2.0/extensions/auto-allocated-topology HTTP/1.1" status: 200 len: 394 time: 0.0042470
2026-04-29 03:01:21.264 9 INFO neutron.api.wsgi [None req-33095589-1257-4796-aec8-1be96c20c6d4 9eaf96ff57404a08bf733400211d3e3d 9a30bef6e8ee424bb497ec86d09f739b - - default default] 10.0.0.12 "GET /v2.0/extensions/availability_zone HTTP/1.1" status: 200 len: 372 time: 0.0037904
2026-04-29 03:01:21.271 9 INFO neutron.api.wsgi [None req-fb1c4fbb-0905-4336-aad0-e89f9c1a6bc0 9eaf96ff57404a08bf733400211d3e3d 9a30bef6e8ee424bb497ec86d09f739b - - default default] 10.0.0.12 "GET /v2.0/extensions/default-subnetpools HTTP/1.1" status: 200 len: 405 time: 0.0037749
2026-04-29 03:01:21.278 9 INFO neutron.api.wsgi [None req-6f89caed-cb54-4766-8db7-ed3a03da62cc 9eaf96ff57404a08bf733400211d3e3d 9a30bef6e8ee424bb497ec86d09f739b - - default default] 10.0.0.12 "GET /v2.0/extensions/dhcp_agent_scheduler HTTP/1.1" status: 200 len: 381 time: 0.0041130
2026-04-29 03:01:21.285 10 INFO neutron.api.wsgi [None req-0c51f689-c6eb-4cd0-9394-f40a48889696 9eaf96ff57404a08bf733400211d3e3d 9a30bef6e8ee424bb497ec86d09f739b - - default default] 10.0.0.12 "GET /v2.0/extensions/dns-integration HTTP/1.1" status: 200 len: 366 time: 0.0036983
2026-04-29 03:01:21.291 10 INFO neutron.api.wsgi [None req-d9ae69ab-5ca8-4259-9c10-4bf581c5d3b3 9eaf96ff57404a08bf733400211d3e3d 9a30bef6e8ee424bb497ec86d09f739b - - default default] 10.0.0.12 "GET /v2.0/extensions/dns-domain-ports HTTP/1.1" status: 200 len: 399 time: 0.0026495
2026-04-29 03:01:21.299 9 INFO neutron.api.wsgi [None req-2fd63000-07bd-4d44-a4f2-3b3f7500b9be 9eaf96ff57404a08bf733400211d3e3d 9a30bef6e8ee424bb497ec86d09f739b - - default default] 10.0.0.12 "GET /v2.0/extensions/dns-integration-domain-keywords HTTP/1.1" status: 200 len: 477 time: 0.0043569
2026-04-29 03:01:21.307 9 INFO neutron.api.wsgi [None req-4a937009-7677-4d71-a2ea-e6ac8c7f4669 9eaf96ff57404a08bf733400211d3e3d 9a30bef6e8ee424bb497ec86d09f739b - - default default] 10.0.0.12 "GET /v2.0/extensions/empty-string-filtering HTTP/1.1" status: 200 len: 413 time: 0.0041230
2026-04-29 03:01:21.315 10 INFO neutron.api.wsgi [None req-d5db66ef-41c7-4a80-95ad-47e9fc3a1360 9eaf96ff57404a08bf733400211d3e3d 9a30bef6e8ee424bb497ec86d09f739b - - default default] 10.0.0.12 "GET /v2.0/extensions/external-net HTTP/1.1" status: 200 len: 394 time: 0.0040371
2026-04-29 03:01:21.316 9 INFO neutron.api.wsgi [req-d67fd308-d38e-47da-8d69-0629dae47968 req-593f3700-7ec6-4015-aa06-9df787893156 34c04d15a97344a6908f65fe314836ff b1b35eec618f45a3b5d294fd66432146 - - default default] 10.0.0.46 "GET /v2.0/ports?device_id=9542eec0-1a55-4e4d-ad3e-2f84e04915f3 HTTP/1.1" status: 200 len: 1172 time: 0.0371442
2026-04-29 03:01:21.323 10 INFO neutron.api.wsgi [None req-80393980-2f52-4f20-b61a-140090f9db92 9eaf96ff57404a08bf733400211d3e3d 9a30bef6e8ee424bb497ec86d09f739b - - default default] 10.0.0.12 "GET /v2.0/extensions/extra_dhcp_opt HTTP/1.1" status: 200 len: 498 time: 0.0035503
2026-04-29 03:01:21.330 10 INFO neutron.api.wsgi [None req-d2dab4d4-f1fe-4935-90e3-acf0252442ab 9eaf96ff57404a08bf733400211d3e3d 9a30bef6e8ee424bb497ec86d09f739b - - default default] 10.0.0.12 "GET /v2.0/extensions/extraroute HTTP/1.1" status: 200 len: 375 time: 0.0028229
2026-04-29 03:01:21.331 10 INFO neutron.db.ovn_revision_numbers_db [None req-36a2f987-774c-4b9a-b497-aaddd696dc6f 4e6447db778146f49bfbeb7548b8e022 dbe0977cdcca4661b8cb39cdea1aecfb - - default default] Successfully bumped revision number for resource bc5f92e2-3213-425a-b123-2816b95e35f9 (type: security_group_rules) to 0
2026-04-29 03:01:21.340 10 INFO neutron.api.wsgi [None req-68c419d7-b701-4b11-8ed3-db3dca6d360d 9eaf96ff57404a08bf733400211d3e3d 9a30bef6e8ee424bb497ec86d09f739b - - default default] 10.0.0.12 "GET /v2.0/extensions/floating-ip-port-forwarding-detail HTTP/1.1" status: 200 len: 465 time: 0.0055163
2026-04-29 03:01:21.350 9 INFO neutron.api.wsgi [None req-2ccdf0e3-1181-481b-aa94-0bb6a9a84fe1 9eaf96ff57404a08bf733400211d3e3d 9a30bef6e8ee424bb497ec86d09f739b - - default default] 10.0.0.12 "GET /v2.0/extensions/fip-port-details HTTP/1.1" status: 200 len: 406 time: 0.0049267
2026-04-29 03:01:21.356 9 INFO neutron.api.wsgi [None req-47d8953f-34dd-420c-927c-8650c9affd2a 9eaf96ff57404a08bf733400211d3e3d 9a30bef6e8ee424bb497ec86d09f739b - - default default] 10.0.0.12 "GET /v2.0/extensions/flavors HTTP/1.1" status: 200 len: 387 time: 0.0028071
2026-04-29 03:01:21.358 9 INFO neutron.api.wsgi [req-d67fd308-d38e-47da-8d69-0629dae47968 req-39ed8c4c-e0b5-4289-a005-00c97c5d483e 34c04d15a97344a6908f65fe314836ff b1b35eec618f45a3b5d294fd66432146 - - default default] 10.0.0.46 "GET /v2.0/security-groups?id=bfd50cc0-03c9-40dc-b6a2-977da347a770&fields=id&fields=name HTTP/1.1" status: 200 len: 313 time: 0.0392747
2026-04-29 03:01:21.362 9 INFO neutron.api.wsgi [None req-8de60ce2-0c94-4267-9851-90b3d5398193 9eaf96ff57404a08bf733400211d3e3d 9a30bef6e8ee424bb497ec86d09f739b - - default default] 10.0.0.12 "GET /v2.0/extensions/floatingip-pools HTTP/1.1" status: 200 len: 382 time: 0.0026598
2026-04-29 03:01:21.363 10 INFO neutron.api.wsgi [None req-36a2f987-774c-4b9a-b497-aaddd696dc6f 4e6447db778146f49bfbeb7548b8e022 dbe0977cdcca4661b8cb39cdea1aecfb - - default default] 10.0.0.12 "POST /v2.0/security-group-rules HTTP/1.1" status: 201 len: 796 time: 0.1571741
2026-04-29 03:01:21.370 9 INFO neutron.api.wsgi [None req-71ae294b-1c14-4956-a65f-09bd821966a1 9eaf96ff57404a08bf733400211d3e3d 9a30bef6e8ee424bb497ec86d09f739b - - default default] 10.0.0.12 "GET /v2.0/extensions/ip_allocation HTTP/1.1" status: 200 len: 356 time: 0.0028131
2026-04-29 03:01:21.371 10 WARNING neutron_lib.context [None req-8941d8e1-74fe-46af-b105-71bd61542364 4e6447db778146f49bfbeb7548b8e022 dbe0977cdcca4661b8cb39cdea1aecfb - - default default] Method 'is_advsvc' is deprecated since 2023.2 release (neutron-lib 3.8.0) and will be removed once support for the old RBAC API policies will be removed from Neutron. Please use method 'is_service_role' instead.
2026-04-29 03:01:21.377 9 INFO neutron.api.wsgi [None req-77dfe848-8a41-4786-a77b-a7b421955214 9eaf96ff57404a08bf733400211d3e3d 9a30bef6e8ee424bb497ec86d09f739b - - default default] 10.0.0.12 "GET /v2.0/extensions/l2_adjacency HTTP/1.1" status: 200 len: 372 time: 0.0039723
2026-04-29 03:01:21.384 10 INFO neutron.api.wsgi [None req-b7501c22-76c6-4064-b98c-bfe5fef6e095 9eaf96ff57404a08bf733400211d3e3d 9a30bef6e8ee424bb497ec86d09f739b - - default default] 10.0.0.12 "GET /v2.0/extensions/router HTTP/1.1" status: 200 len: 450 time: 0.0035200
2026-04-29 03:01:21.394 9 INFO neutron.api.wsgi [None req-73605685-943b-4ad1-a692-8a3e71699ae1 9eaf96ff57404a08bf733400211d3e3d 9a30bef6e8ee424bb497ec86d09f739b - - default default] 10.0.0.12 "GET /v2.0/extensions/enable-default-route-bfd HTTP/1.1" status: 200 len: 406 time: 0.0059736
2026-04-29 03:01:21.402 9 INFO neutron.api.wsgi [None req-1a8bcd29-e82d-42ff-826a-1e81e6de93e6 9eaf96ff57404a08bf733400211d3e3d 9a30bef6e8ee424bb497ec86d09f739b - - default default] 10.0.0.12 "GET /v2.0/extensions/enable-default-route-ecmp HTTP/1.1" status: 200 len: 409 time: 0.0029185
2026-04-29 03:01:21.410 9 INFO neutron.api.wsgi [None req-96771527-cbce-4aa6-a028-1d73b52539bf 9eaf96ff57404a08bf733400211d3e3d 9a30bef6e8ee424bb497ec86d09f739b - - default default] 10.0.0.12 "GET /v2.0/extensions/ext-gw-mode HTTP/1.1" status: 200 len: 462 time: 0.0038557
2026-04-29 03:01:21.417 9 INFO neutron.api.wsgi [None req-2558c4e2-ccb8-46fa-8a0a-56da6067e1b4 9eaf96ff57404a08bf733400211d3e3d 9a30bef6e8ee424bb497ec86d09f739b - - default default] 10.0.0.12 "GET /v2.0/extensions/l3-ha HTTP/1.1" status: 200 len: 360 time: 0.0041327
2026-04-29 03:01:21.426 9 INFO neutron.api.wsgi [None req-dce57da2-cef8-474a-8d32-40e2301a5118 9eaf96ff57404a08bf733400211d3e3d 9a30bef6e8ee424bb497ec86d09f739b - - default default] 10.0.0.12 "GET /v2.0/extensions/external-gateway-multihoming HTTP/1.1" status: 200 len: 421 time: 0.0043671
2026-04-29 03:01:21.436 10 INFO neutron.api.wsgi [None req-4b29d699-f808-429a-974d-e7ab5670751b 9eaf96ff57404a08bf733400211d3e3d 9a30bef6e8ee424bb497ec86d09f739b - - default default] 10.0.0.12 "GET /v2.0/extensions/l3-flavors HTTP/1.1" status: 200 len: 366 time: 0.0053198
2026-04-29 03:01:21.443 10 INFO neutron.api.wsgi [None req-6e950136-4550-4062-a6b8-d88497b3e189 9eaf96ff57404a08bf733400211d3e3d 9a30bef6e8ee424bb497ec86d09f739b - - default default] 10.0.0.12 "GET /v2.0/extensions/logging HTTP/1.1" status: 200 len: 407 time: 0.0037129
2026-04-29 03:01:21.452 9 INFO neutron.api.wsgi [None req-d199fbc4-d93b-470f-9917-bbed8fe0dbe6 9eaf96ff57404a08bf733400211d3e3d 9a30bef6e8ee424bb497ec86d09f739b - - default default] 10.0.0.12 "GET /v2.0/extensions/multi-provider HTTP/1.1" status: 200 len: 406 time: 0.0060532
2026-04-29 03:01:21.461 10 INFO neutron.api.wsgi [None req-dbe21988-1c16-4836-aa83-b4a2567e412a 9eaf96ff57404a08bf733400211d3e3d 9a30bef6e8ee424bb497ec86d09f739b - - default default] 10.0.0.12 "GET /v2.0/extensions/net-mtu HTTP/1.1" status: 200 len: 370 time: 0.0054042
2026-04-29 03:01:21.468 10 INFO neutron.api.wsgi [None req-6ca78f44-80bc-4d38-896a-3defab3afdc4 9eaf96ff57404a08bf733400211d3e3d 9a30bef6e8ee424bb497ec86d09f739b - - default default] 10.0.0.12 "GET /v2.0/extensions/net-mtu-writable HTTP/1.1" status: 200 len: 401 time: 0.0037546
2026-04-29 03:01:21.476 9 INFO neutron.api.wsgi [None req-9c845ba5-be0a-4ad7-840f-9057338d8d2d 9eaf96ff57404a08bf733400211d3e3d 9a30bef6e8ee424bb497ec86d09f739b - - default default] 10.0.0.12 "GET /v2.0/extensions/network_availability_zone HTTP/1.1" status: 200 len: 394 time: 0.0043120
2026-04-29 03:01:21.484 9 INFO neutron.api.wsgi [req-cb21c876-abea-4fb6-b8a0-9d87d1548819 req-56f746ca-3ed2-4b19-980e-05a5688f56a0 12fffdedbb1647be8e3aa7315a4eb847 e771c9caa2f9493cbfaba4d0ad4608ac - - c893072840914529953fbcb8af47df1e c893072840914529953fbcb8af47df1e] 199.204.45.25 "GET /v2.0/ports?tenant_id=b1b35eec618f45a3b5d294fd66432146&device_id=9542eec0-1a55-4e4d-ad3e-2f84e04915f3 HTTP/1.1" status: 200 len: 1411 time: 0.0310125
2026-04-29 03:01:21.489 10 INFO neutron.api.wsgi [None req-72fdc05b-9e08-497f-a905-5679e563aad7 9eaf96ff57404a08bf733400211d3e3d 9a30bef6e8ee424bb497ec86d09f739b - - default default] 10.0.0.12 "GET /v2.0/extensions/network-ip-availability HTTP/1.1" status: 200 len: 410 time: 0.0066979
2026-04-29 03:01:21.497 10 INFO neutron.api.wsgi [None req-c8a21b58-68c6-4eb3-8f7e-76bc11437ad1 9eaf96ff57404a08bf733400211d3e3d 9a30bef6e8ee424bb497ec86d09f739b - - default default] 10.0.0.12 "GET /v2.0/extensions/pagination HTTP/1.1" status: 200 len: 386 time: 0.0044866
2026-04-29 03:01:21.507 10 INFO neutron.api.wsgi [None req-879d5aae-8b5a-4246-8b7a-1ccc3d6c08b5 9eaf96ff57404a08bf733400211d3e3d 9a30bef6e8ee424bb497ec86d09f739b - - default default] 10.0.0.12 "GET /v2.0/extensions/port-device-profile HTTP/1.1" status: 200 len: 383 time: 0.0043325
2026-04-29 03:01:21.508 10 INFO neutron.db.ovn_revision_numbers_db [None req-8941d8e1-74fe-46af-b105-71bd61542364 4e6447db778146f49bfbeb7548b8e022 dbe0977cdcca4661b8cb39cdea1aecfb - - default default] Successfully bumped revision number for resource c42c40a4-8372-4e6e-9630-7bc24e5670d9 (type: security_group_rules) to 0
2026-04-29 03:01:21.514 10 INFO neutron.api.wsgi [None req-12a679ce-6c00-4d23-894d-f7e92838412c 9eaf96ff57404a08bf733400211d3e3d 9a30bef6e8ee424bb497ec86d09f739b - - default default] 10.0.0.12 "GET /v2.0/extensions/port-mac-address-regenerate HTTP/1.1" status: 200 len: 403 time: 0.0038967
2026-04-29 03:01:21.521 10 INFO neutron.api.wsgi [None req-e5ebaac8-882d-4d59-b6ff-e0c779ea6b86 9eaf96ff57404a08bf733400211d3e3d 9a30bef6e8ee424bb497ec86d09f739b - - default default] 10.0.0.12 "GET /v2.0/extensions/port-numa-affinity-policy HTTP/1.1" status: 200 len: 392 time: 0.0031896
2026-04-29 03:01:21.523 9 INFO neutron.api.wsgi [req-cb21c876-abea-4fb6-b8a0-9d87d1548819 req-34db10a5-449c-4e3c-be4a-0fa3d12acafa 12fffdedbb1647be8e3aa7315a4eb847 e771c9caa2f9493cbfaba4d0ad4608ac - - c893072840914529953fbcb8af47df1e c893072840914529953fbcb8af47df1e] 199.204.45.25 "GET /v2.0/floatingips?fixed_ip_address=10.100.0.12&port_id=37507e8b-cc5c-4d9b-802d-9358ee1a4e4a HTTP/1.1" status: 200 len: 217 time: 0.0332127
2026-04-29 03:01:21.528 9 INFO neutron.api.wsgi [None req-6305594b-2504-4a31-be70-889e80d70186 9eaf96ff57404a08bf733400211d3e3d 9a30bef6e8ee424bb497ec86d09f739b - - default default] 10.0.0.12 "GET /v2.0/extensions/port-numa-affinity-policy-socket HTTP/1.1" status: 200 len: 434 time: 0.0030537
2026-04-29 03:01:21.536 10 INFO neutron.api.wsgi [None req-59ac6b7a-f7b0-4a77-8087-899e3de1a104 9eaf96ff57404a08bf733400211d3e3d 9a30bef6e8ee424bb497ec86d09f739b - - default default] 10.0.0.12 "GET /v2.0/extensions/port-resource-request HTTP/1.1" status: 200 len: 379 time: 0.0051184
2026-04-29 03:01:21.544 10 INFO neutron.api.wsgi [None req-8aa2835b-32db-424a-a598-adf4269a78d0 9eaf96ff57404a08bf733400211d3e3d 9a30bef6e8ee424bb497ec86d09f739b - - default default] 10.0.0.12 "GET /v2.0/extensions/port-resource-request-groups HTTP/1.1" status: 200 len: 465 time: 0.0040944
2026-04-29 03:01:21.550 10 INFO neutron.api.wsgi [None req-c257a7ee-501b-4847-aa35-99e5881aad67 9eaf96ff57404a08bf733400211d3e3d 9a30bef6e8ee424bb497ec86d09f739b - - default default] 10.0.0.12 "GET /v2.0/extensions/binding HTTP/1.1" status: 200 len: 387 time: 0.0027239
2026-04-29 03:01:21.550 9 INFO neutron.api.wsgi [req-cb21c876-abea-4fb6-b8a0-9d87d1548819 req-e6c19b42-9716-44a0-a63c-d7da3aa07063 12fffdedbb1647be8e3aa7315a4eb847 e771c9caa2f9493cbfaba4d0ad4608ac - - c893072840914529953fbcb8af47df1e c893072840914529953fbcb8af47df1e] 199.204.45.25 "GET /v2.0/subnets?id=ba933d9f-1f61-4769-8dc2-d7ab79052523 HTTP/1.1" status: 200 len: 887 time: 0.0223544
2026-04-29 03:01:21.554 10 INFO neutron.api.wsgi [None req-8941d8e1-74fe-46af-b105-71bd61542364 4e6447db778146f49bfbeb7548b8e022 dbe0977cdcca4661b8cb39cdea1aecfb - - default default] 10.0.0.12 "POST /v2.0/security-group-rules HTTP/1.1" status: 201 len: 801 time: 0.1863716
2026-04-29 03:01:21.557 9 INFO neutron.api.wsgi [None req-6baf0e79-af34-403d-b696-5a56851465f8 9eaf96ff57404a08bf733400211d3e3d 9a30bef6e8ee424bb497ec86d09f739b - - default default] 10.0.0.12 "GET /v2.0/extensions/binding-extended HTTP/1.1" status: 200 len: 406 time: 0.0040073
2026-04-29 03:01:21.561 10 WARNING neutron_lib.context [None req-01e9eb24-944e-40f6-b5b6-f40d8a7387d6 4e6447db778146f49bfbeb7548b8e022 dbe0977cdcca4661b8cb39cdea1aecfb - - default default] Method 'is_advsvc' is deprecated since 2023.2 release (neutron-lib 3.8.0) and will be removed once support for the old RBAC API policies will be removed from Neutron. Please use method 'is_service_role' instead.
2026-04-29 03:01:21.569 10 INFO neutron.api.wsgi [None req-695abeaa-e67a-404e-aefa-98706b9090e4 9eaf96ff57404a08bf733400211d3e3d 9a30bef6e8ee424bb497ec86d09f739b - - default default] 10.0.0.12 "GET /v2.0/extensions/port-security HTTP/1.1" status: 200 len: 354 time: 0.0045719
2026-04-29 03:01:21.576 10 INFO neutron.api.wsgi [None req-ec8f9f72-2d05-4325-a6e2-fc15d5b72203 9eaf96ff57404a08bf733400211d3e3d 9a30bef6e8ee424bb497ec86d09f739b - - default default] 10.0.0.12 "GET /v2.0/extensions/project-id HTTP/1.1" status: 200 len: 398 time: 0.0036154
2026-04-29 03:01:21.587 9 INFO neutron.api.wsgi [req-cb21c876-abea-4fb6-b8a0-9d87d1548819 req-779ef6b0-4271-497c-a04a-f6d437e344eb 12fffdedbb1647be8e3aa7315a4eb847 e771c9caa2f9493cbfaba4d0ad4608ac - - c893072840914529953fbcb8af47df1e c893072840914529953fbcb8af47df1e] 199.204.45.25 "GET /v2.0/ports?network_id=79fa142c-ab5a-42bf-8479-24a0f1af214e&device_owner=network%3Adhcp HTTP/1.1" status: 200 len: 210 time: 0.0287285
2026-04-29 03:01:21.587 10 INFO neutron.api.wsgi [None req-985e3396-a7b3-4f5d-a3b1-074218c3f531 9eaf96ff57404a08bf733400211d3e3d 9a30bef6e8ee424bb497ec86d09f739b - - default default] 10.0.0.12 "GET /v2.0/extensions/provider HTTP/1.1" status: 200 len: 385 time: 0.0074286
2026-04-29 03:01:21.595 10 INFO neutron.api.wsgi [None req-bf229ac7-cd66-4a18-b24e-ecc8c75ca61d 9eaf96ff57404a08bf733400211d3e3d 9a30bef6e8ee424bb497ec86d09f739b - - default default] 10.0.0.12 "GET /v2.0/extensions/qos HTTP/1.1" status: 200 len: 360 time: 0.0031216
2026-04-29 03:01:21.604 10 INFO neutron.api.wsgi [None req-b117bad1-3118-4508-872b-8a93168e32df 9eaf96ff57404a08bf733400211d3e3d 9a30bef6e8ee424bb497ec86d09f739b - - default default] 10.0.0.12 "GET /v2.0/extensions/qos-bw-limit-direction HTTP/1.1" status: 200 len: 452 time: 0.0059233
2026-04-29 03:01:21.618 10 INFO neutron.api.wsgi [None req-86d1ad4a-7788-4d9d-8d15-9cbc97204eee 9eaf96ff57404a08bf733400211d3e3d 9a30bef6e8ee424bb497ec86d09f739b - - default default] 10.0.0.12 "GET /v2.0/extensions/qos-bw-minimum-ingress HTTP/1.1" status: 200 len: 445 time: 0.0090563
2026-04-29 03:01:21.625 10 INFO neutron.api.wsgi [None req-9a9bdc1d-bf8e-4049-bb50-a42dcc1962db 9eaf96ff57404a08bf733400211d3e3d 9a30bef6e8ee424bb497ec86d09f739b - - default default] 10.0.0.12 "GET /v2.0/extensions/qos-default HTTP/1.1" status: 200 len: 377 time: 0.0034614
2026-04-29 03:01:21.633 10 INFO neutron.api.wsgi [None req-6bafe207-8e09-4f60-b5bb-e49493ba516b 9eaf96ff57404a08bf733400211d3e3d 9a30bef6e8ee424bb497ec86d09f739b - - default default] 10.0.0.12 "GET /v2.0/extensions/qos-fip HTTP/1.1" status: 200 len: 372 time: 0.0033860
2026-04-29 03:01:21.641 10 INFO neutron.api.wsgi [None req-dd927305-e5a7-43e5-ae28-bf3aeb2fa28c 9eaf96ff57404a08bf733400211d3e3d 9a30bef6e8ee424bb497ec86d09f739b - - default default] 10.0.0.12 "GET /v2.0/extensions/qos-gateway-ip HTTP/1.1" status: 200 len: 391 time: 0.0036929
2026-04-29 03:01:21.650 10 INFO neutron.api.wsgi [None req-cfe5ba46-6fb2-4a67-bda6-442555560871 9eaf96ff57404a08bf733400211d3e3d 9a30bef6e8ee424bb497ec86d09f739b - - default default] 10.0.0.12 "GET /v2.0/extensions/qos-port-network-policy HTTP/1.1" status: 200 len: 403 time: 0.0051117
2026-04-29 03:01:21.663 10 INFO neutron.api.wsgi [None req-5b77178e-a348-4884-8c18-367e4d76227c 9eaf96ff57404a08bf733400211d3e3d 9a30bef6e8ee424bb497ec86d09f739b - - default default] 10.0.0.12 "GET /v2.0/extensions/qos-pps-minimum HTTP/1.1" status: 200 len: 397 time: 0.0045133
2026-04-29 03:01:21.675 10 INFO neutron.api.wsgi [None req-0b339521-b1ee-4922-b022-9517e1071648 9eaf96ff57404a08bf733400211d3e3d 9a30bef6e8ee424bb497ec86d09f739b - - default default] 10.0.0.12 "GET /v2.0/extensions/qos-pps-minimum-rule-alias HTTP/1.1" status: 200 len: 471 time: 0.0054283
2026-04-29 03:01:21.684 10 INFO neutron.api.wsgi [None req-9205a7e7-9d42-4149-bc14-64504996e47e 9eaf96ff57404a08bf733400211d3e3d 9a30bef6e8ee424bb497ec86d09f739b - - default default] 10.0.0.12 "GET /v2.0/extensions/qos-pps HTTP/1.1" status: 200 len: 389 time: 0.0048113
2026-04-29 03:01:21.695 10 INFO neutron.api.wsgi [None req-17bb2271-a6c7-44a3-a04f-8472ea85c439 9eaf96ff57404a08bf733400211d3e3d 9a30bef6e8ee424bb497ec86d09f739b - - default default] 10.0.0.12 "GET /v2.0/extensions/qos-rule-type-details HTTP/1.1" status: 200 len: 423 time: 0.0056486
2026-04-29 03:01:21.704 10 INFO neutron.api.wsgi [None req-a186bf08-ced0-4e28-9675-029fe801cd2e 9eaf96ff57404a08bf733400211d3e3d 9a30bef6e8ee424bb497ec86d09f739b - - default default] 10.0.0.12 "GET /v2.0/extensions/qos-rule-type-filter HTTP/1.1" status: 200 len: 567 time: 0.0043290
2026-04-29 03:01:21.713 10 INFO neutron.api.wsgi [None req-fd294ef0-b977-46e4-b6ae-e1cfc9340f64 9eaf96ff57404a08bf733400211d3e3d 9a30bef6e8ee424bb497ec86d09f739b - - default default] 10.0.0.12 "GET /v2.0/extensions/qos-rules-alias HTTP/1.1" status: 200 len: 448 time: 0.0047641
2026-04-29 03:01:21.723 10 INFO neutron.api.wsgi [None req-c9c958c2-03e9-493b-ae7b-3457a20c2346 9eaf96ff57404a08bf733400211d3e3d 9a30bef6e8ee424bb497ec86d09f739b - - default default] 10.0.0.12 "GET /v2.0/extensions/quota-check-limit HTTP/1.1" status: 200 len: 420 time: 0.0049891
