2026-04-29 03:05:28.346 9 INFO neutron.api.wsgi [None req-c5a32211-dc4a-443a-b5e7-02bf83849a5d 9a208589dccd4b9a8462013042588c4a cd9c39299b8249788ea2f05e48329d0e - - default default] 10.0.0.12 "GET /v2.0/ports?device_id=b2b8587b-e20b-4b9c-bd1d-f75ea5ee3ca7 HTTP/1.1" status: 200 len: 205 time: 0.0181067
2026-04-29 03:05:28.524 10 INFO neutron.api.wsgi [None req-efa5c50a-429b-4560-8690-36019a704abe 9a208589dccd4b9a8462013042588c4a cd9c39299b8249788ea2f05e48329d0e - - default default] 10.0.0.12 "DELETE /v2.0/routers/b2b8587b-e20b-4b9c-bd1d-f75ea5ee3ca7 HTTP/1.1" status: 204 len: 168 time: 0.1737611
2026-04-29 03:05:28.706 10 INFO neutron.services.segments.plugin [-] Segment 0999c441-5f96-4f62-833e-0928c0780b2b resource provider aggregate not found
2026-04-29 03:05:28.710 10 INFO neutron.services.segments.plugin [-] Segment 0999c441-5f96-4f62-833e-0928c0780b2b resource provider aggregate not found
2026-04-29 03:05:28.718 10 INFO neutron.services.segments.plugin [-] Segment 0999c441-5f96-4f62-833e-0928c0780b2b resource provider not found; error: Placement Client Error (4xx): {"errors": [{"status": 404, "title": "Not Found", "detail": "The resource could not be found.\n\n No resource provider with uuid 0999c441-5f96-4f62-833e-0928c0780b2b found for delete ", "request_id": "req-50a1a2bd-89e8-4b65-8720-6909d9e06210"}]}
2026-04-29 03:05:28.721 10 INFO neutron.services.segments.plugin [-] Segment 0999c441-5f96-4f62-833e-0928c0780b2b resource provider not found; error: Placement Client Error (4xx): {"errors": [{"status": 404, "title": "Not Found", "detail": "The resource could not be found.\n\n No resource provider with uuid 0999c441-5f96-4f62-833e-0928c0780b2b found for delete ", "request_id": "req-ed77ebfc-d8c3-487f-a36c-a859d5a653e5"}]}
2026-04-29 03:05:28.733 10 INFO neutron.api.wsgi [None req-7b6eb5eb-8d48-482d-b6f7-9f51c2366c00 51caa7535a554a66bc6199030d44d227 b6921c7f48964186bf9a1d3625bdccfc - - default default] 10.0.0.12 "DELETE /v2.0/networks/fb1728c7-321f-4646-970c-f4536fac790e HTTP/1.1" status: 204 len: 168 time: 0.3989513
2026-04-29 03:05:29.028 10 INFO neutron.api.wsgi [None req-f58e7806-51cd-4f90-9dc0-cf375063d238 51caa7535a554a66bc6199030d44d227 b6921c7f48964186bf9a1d3625bdccfc - - default default] 10.0.0.12 "DELETE /v2.0/networks/2abe2ac6-d951-4efd-b959-bfd8b292f45a HTTP/1.1" status: 204 len: 168 time: 0.2904685
2026-04-29 03:05:29.331 10 INFO neutron.api.wsgi [None req-eafeb50e-482f-49f2-87eb-1abc06e1e331 51caa7535a554a66bc6199030d44d227 b6921c7f48964186bf9a1d3625bdccfc - - default default] 10.0.0.12 "DELETE /v2.0/networks/403a99d2-d860-4584-8091-3ca63f3d32af HTTP/1.1" status: 204 len: 168 time: 0.2973642
2026-04-29 03:05:29.386 9 INFO neutron.db.ovn_revision_numbers_db [None req-0b020613-0da3-453b-8e4f-7aad0d123ada 0d17a3b6a9b5451492e66aefd4f235dc 3308dde9f672402eae73c63366cc0f4e - - default default] Successfully bumped revision number for resource 1399f71f-20c8-416c-b3fd-6f0a81b990e7 (type: security_groups) to 1
2026-04-29 03:05:29.408 9 INFO neutron.db.ovn_revision_numbers_db [None req-0b020613-0da3-453b-8e4f-7aad0d123ada 0d17a3b6a9b5451492e66aefd4f235dc 3308dde9f672402eae73c63366cc0f4e - - default default] Successfully bumped revision number for resource 12dd2bfd-f320-428d-bdbb-068416b8db47 (type: security_group_rules) to 0
2026-04-29 03:05:29.422 9 INFO neutron.db.ovn_revision_numbers_db [None req-0b020613-0da3-453b-8e4f-7aad0d123ada 0d17a3b6a9b5451492e66aefd4f235dc 3308dde9f672402eae73c63366cc0f4e - - default default] Successfully bumped revision number for resource 8d5700a1-3f07-46d5-a1a9-972a6faddd3a (type: security_group_rules) to 0
2026-04-29 03:05:29.440 9 INFO neutron.db.ovn_revision_numbers_db [None req-0b020613-0da3-453b-8e4f-7aad0d123ada 0d17a3b6a9b5451492e66aefd4f235dc 3308dde9f672402eae73c63366cc0f4e - - default default] Successfully bumped revision number for resource e6b27b0e-e5a7-4432-8d01-c7fe954dcb67 (type: security_group_rules) to 0
2026-04-29 03:05:29.464 9 INFO neutron.db.ovn_revision_numbers_db [None req-0b020613-0da3-453b-8e4f-7aad0d123ada 0d17a3b6a9b5451492e66aefd4f235dc 3308dde9f672402eae73c63366cc0f4e - - default default] Successfully bumped revision number for resource f7fb731c-eb29-4e1b-9682-ee07d6e54679 (type: security_group_rules) to 0
2026-04-29 03:05:29.507 9 INFO neutron.api.wsgi [None req-0b020613-0da3-453b-8e4f-7aad0d123ada 0d17a3b6a9b5451492e66aefd4f235dc 3308dde9f672402eae73c63366cc0f4e - - default default] 10.0.0.12 "GET /v2.0/security-groups?tenant_id=cd9c39299b8249788ea2f05e48329d0e&name=default HTTP/1.1" status: 200 len: 3124 time: 0.3486726
2026-04-29 03:05:29.681 9 INFO neutron.services.segments.plugin [-] Segment ad828e10-75b3-4c47-8634-c1e115950caa resource provider aggregate not found
2026-04-29 03:05:29.685 9 INFO neutron.services.segments.plugin [-] Segment ad828e10-75b3-4c47-8634-c1e115950caa resource provider aggregate not found
2026-04-29 03:05:29.697 9 INFO neutron.services.segments.plugin [-] Segment ad828e10-75b3-4c47-8634-c1e115950caa resource provider not found; error: Placement Client Error (4xx): {"errors": [{"status": 404, "title": "Not Found", "detail": "The resource could not be found.\n\n No resource provider with uuid ad828e10-75b3-4c47-8634-c1e115950caa found for delete ", "request_id": "req-8147a9e1-f2af-4995-97fb-abde8048c403"}]}
2026-04-29 03:05:29.700 9 INFO neutron.api.wsgi [None req-399f77b4-6074-4ab2-822a-e8a26e8b8435 51caa7535a554a66bc6199030d44d227 b6921c7f48964186bf9a1d3625bdccfc - - default default] 10.0.0.12 "DELETE /v2.0/networks/279123e1-2838-4cfb-98cb-bb8f47b98019 HTTP/1.1" status: 204 len: 168 time: 0.3585494
2026-04-29 03:05:29.701 9 INFO neutron.services.segments.plugin [-] Segment ad828e10-75b3-4c47-8634-c1e115950caa resource provider not found; error: Placement Client Error (4xx): {"errors": [{"status": 404, "title": "Not Found", "detail": "The resource could not be found.\n\n No resource provider with uuid ad828e10-75b3-4c47-8634-c1e115950caa found for delete ", "request_id": "req-4f5675e1-b7de-461c-9170-1dd20f96da6f"}]}
2026-04-29 03:05:29.736 9 INFO neutron.api.wsgi [None req-14f44336-9aa2-4e27-be51-82c3dcd1ae10 0d17a3b6a9b5451492e66aefd4f235dc 3308dde9f672402eae73c63366cc0f4e - - default default] 10.0.0.12 "DELETE /v2.0/security-groups/1399f71f-20c8-416c-b3fd-6f0a81b990e7 HTTP/1.1" status: 204 len: 168 time: 0.2248251
2026-04-29 03:05:29.939 10 INFO neutron.db.ovn_revision_numbers_db [None req-a2defa0c-6b91-46c7-8da3-d594ed46b4fc 0d17a3b6a9b5451492e66aefd4f235dc 3308dde9f672402eae73c63366cc0f4e - - default default] Successfully bumped revision number for resource 521d2301-addb-4e1e-adb4-0843d512b187 (type: security_groups) to 1
2026-04-29 03:05:29.952 10 INFO neutron.db.ovn_revision_numbers_db [None req-a2defa0c-6b91-46c7-8da3-d594ed46b4fc 0d17a3b6a9b5451492e66aefd4f235dc 3308dde9f672402eae73c63366cc0f4e - - default default] Successfully bumped revision number for resource 25485565-2936-4261-ae32-9060ba149d5d (type: security_group_rules) to 0
2026-04-29 03:05:29.956 9 INFO neutron.api.wsgi [None req-ea89be21-d6df-4a82-bb47-83c01c058ab5 51caa7535a554a66bc6199030d44d227 b6921c7f48964186bf9a1d3625bdccfc - - default default] 10.0.0.12 "DELETE /v2.0/networks/249ed8d5-3277-42dd-b4c1-753fc362972a HTTP/1.1" status: 204 len: 168 time: 0.2503181
2026-04-29 03:05:29.964 10 INFO neutron.db.ovn_revision_numbers_db [None req-a2defa0c-6b91-46c7-8da3-d594ed46b4fc 0d17a3b6a9b5451492e66aefd4f235dc 3308dde9f672402eae73c63366cc0f4e - - default default] Successfully bumped revision number for resource 47caa4d3-a8d2-4438-8e82-fa82c6dc6dc4 (type: security_group_rules) to 0
2026-04-29 03:05:29.977 10 INFO neutron.db.ovn_revision_numbers_db [None req-a2defa0c-6b91-46c7-8da3-d594ed46b4fc 0d17a3b6a9b5451492e66aefd4f235dc 3308dde9f672402eae73c63366cc0f4e - - default default] Successfully bumped revision number for resource 71c928a8-e299-4c91-9e12-16bbd6578d7d (type: security_group_rules) to 0
2026-04-29 03:05:29.991 10 INFO neutron.db.ovn_revision_numbers_db [None req-a2defa0c-6b91-46c7-8da3-d594ed46b4fc 0d17a3b6a9b5451492e66aefd4f235dc 3308dde9f672402eae73c63366cc0f4e - - default default] Successfully bumped revision number for resource cf61015a-24b0-480a-9a2b-a4de9b60b225 (type: security_group_rules) to 0
2026-04-29 03:05:30.036 10 INFO neutron.api.wsgi [None req-a2defa0c-6b91-46c7-8da3-d594ed46b4fc 0d17a3b6a9b5451492e66aefd4f235dc 3308dde9f672402eae73c63366cc0f4e - - default default] 10.0.0.12 "GET /v2.0/security-groups?tenant_id=f7fb4ff8f6244a62b855b6df2463101e&name=default HTTP/1.1" status: 200 len: 3124 time: 0.2153738
2026-04-29 03:05:30.242 10 INFO neutron.api.wsgi [None req-098f97af-07c7-42e0-ab96-04dfc315607c 0d17a3b6a9b5451492e66aefd4f235dc 3308dde9f672402eae73c63366cc0f4e - - default default] 10.0.0.12 "DELETE /v2.0/security-groups/521d2301-addb-4e1e-adb4-0843d512b187 HTTP/1.1" status: 204 len: 168 time: 0.2011399
2026-04-29 03:05:30.743 10 INFO neutron.services.segments.plugin [-] Segment 8c1f7da4-b3c4-475b-ac49-76bcc7cc621d resource provider aggregate not found
2026-04-29 03:05:30.747 10 INFO neutron.services.segments.plugin [-] Segment 8c1f7da4-b3c4-475b-ac49-76bcc7cc621d resource provider aggregate not found
2026-04-29 03:05:30.756 10 INFO neutron.services.segments.plugin [-] Segment 8c1f7da4-b3c4-475b-ac49-76bcc7cc621d resource provider not found; error: Placement Client Error (4xx): {"errors": [{"status": 404, "title": "Not Found", "detail": "The resource could not be found.\n\n No resource provider with uuid 8c1f7da4-b3c4-475b-ac49-76bcc7cc621d found for delete ", "request_id": "req-cafe3c4d-0c3c-4a75-b5ef-4a3716d26991"}]}
2026-04-29 03:05:30.762 10 INFO neutron.services.segments.plugin [-] Segment 8c1f7da4-b3c4-475b-ac49-76bcc7cc621d resource provider not found; error: Placement Client Error (4xx): {"errors": [{"status": 404, "title": "Not Found", "detail": "The resource could not be found.\n\n No resource provider with uuid 8c1f7da4-b3c4-475b-ac49-76bcc7cc621d found for delete ", "request_id": "req-c2b59cde-cab9-426e-a3e7-e253a5b51f88"}]}
2026-04-29 03:05:30.770 10 INFO neutron.services.segments.plugin [-] Segment 351ff041-e78a-46e0-a1ed-a74e1aeccc49 resource provider aggregate not found
2026-04-29 03:05:30.774 10 INFO neutron.services.segments.plugin [-] Segment 351ff041-e78a-46e0-a1ed-a74e1aeccc49 resource provider aggregate not found
2026-04-29 03:05:30.785 10 INFO neutron.services.segments.plugin [-] Segment 351ff041-e78a-46e0-a1ed-a74e1aeccc49 resource provider not found; error: Placement Client Error (4xx): {"errors": [{"status": 404, "title": "Not Found", "detail": "The resource could not be found.\n\n No resource provider with uuid 351ff041-e78a-46e0-a1ed-a74e1aeccc49 found for delete ", "request_id": "req-9883181c-4585-4f00-af9f-882b646e9c5b"}]}
2026-04-29 03:05:30.786 10 INFO neutron.services.segments.plugin [-] Segment 351ff041-e78a-46e0-a1ed-a74e1aeccc49 resource provider not found; error: Placement Client Error (4xx): {"errors": [{"status": 404, "title": "Not Found", "detail": "The resource could not be found.\n\n No resource provider with uuid 351ff041-e78a-46e0-a1ed-a74e1aeccc49 found for delete ", "request_id": "req-f6cb29f4-0440-4c43-b2f2-a03bf5bea054"}]}
2026-04-29 03:05:30.928 9 INFO neutron.api.wsgi [None req-4e3e35c9-cef9-4b92-a820-bb24bebad81a 0d17a3b6a9b5451492e66aefd4f235dc 3308dde9f672402eae73c63366cc0f4e - - default default] 10.0.0.12 "GET /v2.0/security-groups?tenant_id=b6921c7f48964186bf9a1d3625bdccfc&name=default HTTP/1.1" status: 200 len: 3124 time: 0.2031090
2026-04-29 03:05:31.096 9 INFO neutron.api.wsgi [req-fcf78770-5a33-412c-ab04-9648c3ddedad req-f8add74e-0094-4cc3-b736-fce8374cd691 9e02c057613e49549ade2a4f034c6f51 01219d8ee521419ea9d25b9a609afeb0 - - default default] 199.204.45.25 "GET /v2.0/networks?id=376e0181-6655-44ec-9f73-2c469680b5d4 HTTP/1.1" status: 200 len: 904 time: 0.0449989
2026-04-29 03:05:31.149 9 INFO neutron.api.wsgi [req-fcf78770-5a33-412c-ab04-9648c3ddedad req-6c6b8b49-7d1c-42f1-a130-6c7dca4a1b68 9e02c057613e49549ade2a4f034c6f51 01219d8ee521419ea9d25b9a609afeb0 - - default default] 199.204.45.25 "GET /v2.0/security-groups?fields=id&fields=name&tenant_id=01219d8ee521419ea9d25b9a609afeb0 HTTP/1.1" status: 200 len: 378 time: 0.0447626
2026-04-29 03:05:31.155 9 WARNING neutron_lib.context [req-fcf78770-5a33-412c-ab04-9648c3ddedad req-fbff3ab1-5548-49b8-9417-8125c3ea56e0 9e02c057613e49549ade2a4f034c6f51 01219d8ee521419ea9d25b9a609afeb0 - - default default] Method 'is_advsvc' is deprecated since 2023.2 release (neutron-lib 3.8.0) and will be removed once support for the old RBAC API policies will be removed from Neutron. Please use method 'is_service_role' instead.
2026-04-29 03:05:31.180 9 INFO neutron.api.wsgi [None req-0010dfe4-c507-44f9-9ec3-80c14092c9aa 0d17a3b6a9b5451492e66aefd4f235dc 3308dde9f672402eae73c63366cc0f4e - - default default] 10.0.0.12 "DELETE /v2.0/security-groups/73abc002-a6ac-44cd-a3cc-a119fec94db7 HTTP/1.1" status: 204 len: 168 time: 0.2450287
2026-04-29 03:05:31.374 10 INFO neutron.db.ovn_revision_numbers_db [None req-1e4c375a-f5b7-48d8-9a4d-0313b198d6f4 0d17a3b6a9b5451492e66aefd4f235dc 3308dde9f672402eae73c63366cc0f4e - - default default] Successfully bumped revision number for resource 4602bd80-c48b-48ed-9d36-6a364ee6de7c (type: security_groups) to 1
2026-04-29 03:05:31.385 10 INFO neutron.db.ovn_revision_numbers_db [None req-1e4c375a-f5b7-48d8-9a4d-0313b198d6f4 0d17a3b6a9b5451492e66aefd4f235dc 3308dde9f672402eae73c63366cc0f4e - - default default] Successfully bumped revision number for resource 1613aebc-8d26-4ca2-911d-adce732573bd (type: security_group_rules) to 0
2026-04-29 03:05:31.397 10 INFO neutron.db.ovn_revision_numbers_db [None req-1e4c375a-f5b7-48d8-9a4d-0313b198d6f4 0d17a3b6a9b5451492e66aefd4f235dc 3308dde9f672402eae73c63366cc0f4e - - default default] Successfully bumped revision number for resource 71c0939f-32bc-4ffc-87f2-d741ce604232 (type: security_group_rules) to 0
2026-04-29 03:05:31.409 10 INFO neutron.db.ovn_revision_numbers_db [None req-1e4c375a-f5b7-48d8-9a4d-0313b198d6f4 0d17a3b6a9b5451492e66aefd4f235dc 3308dde9f672402eae73c63366cc0f4e - - default default] Successfully bumped revision number for resource b3a9569c-4ddb-4934-bf80-0fe163d46d21 (type: security_group_rules) to 0
2026-04-29 03:05:31.421 10 INFO neutron.db.ovn_revision_numbers_db [None req-1e4c375a-f5b7-48d8-9a4d-0313b198d6f4 0d17a3b6a9b5451492e66aefd4f235dc 3308dde9f672402eae73c63366cc0f4e - - default default] Successfully bumped revision number for resource f3f89fee-12b4-4f73-9558-82582f8ce384 (type: security_group_rules) to 0
2026-04-29 03:05:31.457 10 INFO neutron.api.wsgi [None req-1e4c375a-f5b7-48d8-9a4d-0313b198d6f4 0d17a3b6a9b5451492e66aefd4f235dc 3308dde9f672402eae73c63366cc0f4e - - default default] 10.0.0.12 "GET /v2.0/security-groups?tenant_id=b543359de9e1419dafe0234e74f9701e&name=default HTTP/1.1" status: 200 len: 3124 time: 0.1931405
2026-04-29 03:05:31.471 9 WARNING neutron.scheduler.dhcp_agent_scheduler [req-fcf78770-5a33-412c-ab04-9648c3ddedad req-fbff3ab1-5548-49b8-9417-8125c3ea56e0 9e02c057613e49549ade2a4f034c6f51 01219d8ee521419ea9d25b9a609afeb0 - - default default] No more DHCP agents
2026-04-29 03:05:31.472 9 WARNING neutron.api.rpc.agentnotifiers.dhcp_rpc_agent_api [req-fcf78770-5a33-412c-ab04-9648c3ddedad req-fbff3ab1-5548-49b8-9417-8125c3ea56e0 9e02c057613e49549ade2a4f034c6f51 01219d8ee521419ea9d25b9a609afeb0 - - default default] Unable to schedule network 376e0181-6655-44ec-9f73-2c469680b5d4: no agents available; will retry on subsequent port and subnet creation events.
2026-04-29 03:05:31.611 9 INFO neutron.db.ovn_revision_numbers_db [req-fcf78770-5a33-412c-ab04-9648c3ddedad req-fbff3ab1-5548-49b8-9417-8125c3ea56e0 9e02c057613e49549ade2a4f034c6f51 01219d8ee521419ea9d25b9a609afeb0 - - default default] Successfully bumped revision number for resource 2ad06e12-1797-42fb-bf14-ec75d319c478 (type: ports) to 1
2026-04-29 03:05:31.640 9 INFO neutron.api.wsgi [req-fcf78770-5a33-412c-ab04-9648c3ddedad req-fbff3ab1-5548-49b8-9417-8125c3ea56e0 9e02c057613e49549ade2a4f034c6f51 01219d8ee521419ea9d25b9a609afeb0 - - default default] 199.204.45.25 "POST /v2.0/ports HTTP/1.1" status: 201 len: 1384 time: 0.4883423 /var/lib/openstack/lib/python3.12/site-packages/pycadf/identifier.py:71: UserWarning: Invalid uuid: neutron. To ensure interoperability, identifiers should be a valid uuid. warnings.warn(('Invalid uuid: %s. To ensure interoperability, '
2026-04-29 03:05:31.681 10 INFO neutron.api.wsgi [None req-9439e058-27d7-4592-9389-6fec1a80d701 0d17a3b6a9b5451492e66aefd4f235dc 3308dde9f672402eae73c63366cc0f4e - - default default] 10.0.0.12 "DELETE /v2.0/security-groups/4602bd80-c48b-48ed-9d36-6a364ee6de7c HTTP/1.1" status: 204 len: 168 time: 0.2195055
2026-04-29 03:05:31.722 9 INFO neutron.services.segments.plugin [-] Segment 18fe24ef-995e-4c96-b948-0d45f7702f21 resource provider aggregate not found
2026-04-29 03:05:31.726 9 INFO neutron.services.segments.plugin [-] Segment 18fe24ef-995e-4c96-b948-0d45f7702f21 resource provider aggregate not found
2026-04-29 03:05:31.739 9 INFO neutron.services.segments.plugin [-] Segment 18fe24ef-995e-4c96-b948-0d45f7702f21 resource provider not found; error: Placement Client Error (4xx): {"errors": [{"status": 404, "title": "Not Found", "detail": "The resource could not be found.\n\n No resource provider with uuid 18fe24ef-995e-4c96-b948-0d45f7702f21 found for delete ", "request_id": "req-99a41e33-f869-44de-ae2f-f209801946e5"}]}
2026-04-29 03:05:31.744 9 INFO neutron.services.segments.plugin [-] Segment 18fe24ef-995e-4c96-b948-0d45f7702f21 resource provider not found; error: Placement Client Error (4xx): {"errors": [{"status": 404, "title": "Not Found", "detail": "The resource could not be found.\n\n No resource provider with uuid 18fe24ef-995e-4c96-b948-0d45f7702f21 found for delete ", "request_id": "req-4604c6da-d945-467f-a360-0c95cf751fe8"}]}
2026-04-29 03:05:31.938 10 INFO neutron.db.ovn_revision_numbers_db [None req-8e99d031-5461-4e16-9da2-ddcaa79d7273 0d17a3b6a9b5451492e66aefd4f235dc 3308dde9f672402eae73c63366cc0f4e - - default default] Successfully bumped revision number for resource 210872ad-3dee-4f7a-8c48-b64cfa2672dc (type: security_groups) to 1
2026-04-29 03:05:31.951 10 INFO neutron.db.ovn_revision_numbers_db [None req-8e99d031-5461-4e16-9da2-ddcaa79d7273 0d17a3b6a9b5451492e66aefd4f235dc 3308dde9f672402eae73c63366cc0f4e - - default default] Successfully bumped revision number for resource 20b1fe0c-b967-423d-9973-a4b13b4d40ac (type: security_group_rules) to 0
2026-04-29 03:05:31.963 10 INFO neutron.db.ovn_revision_numbers_db [None req-8e99d031-5461-4e16-9da2-ddcaa79d7273 0d17a3b6a9b5451492e66aefd4f235dc 3308dde9f672402eae73c63366cc0f4e - - default default] Successfully bumped revision number for resource 4ac8ccac-814c-4e46-8684-08ab7b2eb912 (type: security_group_rules) to 0
2026-04-29 03:05:31.976 10 INFO neutron.db.ovn_revision_numbers_db [None req-8e99d031-5461-4e16-9da2-ddcaa79d7273 0d17a3b6a9b5451492e66aefd4f235dc 3308dde9f672402eae73c63366cc0f4e - - default default] Successfully bumped revision number for resource 5b9cde30-88cc-45e7-b2dd-e90a2919ccbc (type: security_group_rules) to 0
2026-04-29 03:05:31.996 10 INFO neutron.db.ovn_revision_numbers_db [None req-8e99d031-5461-4e16-9da2-ddcaa79d7273 0d17a3b6a9b5451492e66aefd4f235dc 3308dde9f672402eae73c63366cc0f4e - - default default] Successfully bumped revision number for resource ba4dfd73-a38e-4341-9ba0-cfb163c61969 (type: security_group_rules) to 0
2026-04-29 03:05:32.006 9 INFO neutron.db.ovn_revision_numbers_db [req-fcf78770-5a33-412c-ab04-9648c3ddedad req-ef801e86-5f26-4227-b4fc-aa9ab0567f5b 12fffdedbb1647be8e3aa7315a4eb847 e771c9caa2f9493cbfaba4d0ad4608ac - - c893072840914529953fbcb8af47df1e c893072840914529953fbcb8af47df1e] Successfully bumped revision number for resource 2ad06e12-1797-42fb-bf14-ec75d319c478 (type: ports) to 2
2026-04-29 03:05:32.010 10 WARNING neutron.plugins.ml2.drivers.ovn.mech_driver.ovsdb.ovn_client [None req-c5f53e66-dc8a-4fa6-8823-9e214cf3a7c9 - - - - - -] No hosting information found for port 78cab67d-16d5-440d-8a1a-24cee8d231d3: RuntimeError: No hosting information found for port 78cab67d-16d5-440d-8a1a-24cee8d231d3
2026-04-29 03:05:32.038 10 INFO neutron.api.wsgi [None req-8e99d031-5461-4e16-9da2-ddcaa79d7273 0d17a3b6a9b5451492e66aefd4f235dc 3308dde9f672402eae73c63366cc0f4e - - default default] 10.0.0.12 "GET /v2.0/security-groups?tenant_id=3bd933403ac24141979e180b45bc4d3e&name=default HTTP/1.1" status: 200 len: 3124 time: 0.2078702 /var/lib/openstack/lib/python3.12/site-packages/pycadf/identifier.py:71: UserWarning: Invalid uuid: neutron. To ensure interoperability, identifiers should be a valid uuid. warnings.warn(('Invalid uuid: %s. To ensure interoperability, '
2026-04-29 03:05:32.079 10 INFO neutron.db.ovn_revision_numbers_db [None req-c5f53e66-dc8a-4fa6-8823-9e214cf3a7c9 - - - - - -] Successfully bumped revision number for resource 78cab67d-16d5-440d-8a1a-24cee8d231d3 (type: router_ports) to 2
2026-04-29 03:05:32.267 9 INFO neutron.db.ovn_revision_numbers_db [req-fcf78770-5a33-412c-ab04-9648c3ddedad req-ef801e86-5f26-4227-b4fc-aa9ab0567f5b 12fffdedbb1647be8e3aa7315a4eb847 e771c9caa2f9493cbfaba4d0ad4608ac - - c893072840914529953fbcb8af47df1e c893072840914529953fbcb8af47df1e] Successfully bumped revision number for resource 2ad06e12-1797-42fb-bf14-ec75d319c478 (type: ports) to 4
2026-04-29 03:05:32.278 9 INFO neutron.api.wsgi [None req-aaedc693-d2fa-4022-ad0c-e0154128ef0b 0d17a3b6a9b5451492e66aefd4f235dc 3308dde9f672402eae73c63366cc0f4e - - default default] 10.0.0.12 "DELETE /v2.0/security-groups/210872ad-3dee-4f7a-8c48-b64cfa2672dc HTTP/1.1" status: 204 len: 168 time: 0.2326901
2026-04-29 03:05:32.283 9 INFO neutron.api.wsgi [req-fcf78770-5a33-412c-ab04-9648c3ddedad req-ef801e86-5f26-4227-b4fc-aa9ab0567f5b 12fffdedbb1647be8e3aa7315a4eb847 e771c9caa2f9493cbfaba4d0ad4608ac - - c893072840914529953fbcb8af47df1e c893072840914529953fbcb8af47df1e] 199.204.45.25 "PUT /v2.0/ports/2ad06e12-1797-42fb-bf14-ec75d319c478 HTTP/1.1" status: 200 len: 1629 time: 0.6381915
2026-04-29 03:05:32.317 9 INFO neutron.notifiers.nova [-] Nova event matching ['req-8ef9e78a-b49a-4701-83f1-f2478bdeee2c'] response: {'name': 'network-changed', 'server_uuid': '3c48e2b0-31f2-411e-b7cd-4dd9512489e6', 'tag': '2ad06e12-1797-42fb-bf14-ec75d319c478', 'status': 'completed', 'code': 200} /var/lib/openstack/lib/python3.12/site-packages/pycadf/identifier.py:71: UserWarning: Invalid uuid: neutron. To ensure interoperability, identifiers should be a valid uuid. warnings.warn(('Invalid uuid: %s. To ensure interoperability, '
2026-04-29 03:05:32.428 9 INFO neutron.api.wsgi [req-aaf28446-579b-49af-960a-7c612bb00708 req-a920baf0-bf0d-41dc-ad28-60ca964deeba 9e02c057613e49549ade2a4f034c6f51 01219d8ee521419ea9d25b9a609afeb0 - - default default] 10.0.0.46 "GET /v2.0/ports?device_id=3c48e2b0-31f2-411e-b7cd-4dd9512489e6 HTTP/1.1" status: 200 len: 1394 time: 0.0670252
2026-04-29 03:05:32.469 9 INFO neutron.api.wsgi [req-aaf28446-579b-49af-960a-7c612bb00708 req-17bcf299-1d37-437d-8e94-38ca5b860480 9e02c057613e49549ade2a4f034c6f51 01219d8ee521419ea9d25b9a609afeb0 - - default default] 10.0.0.46 "GET /v2.0/security-groups?id=d3683798-926f-4ecf-9d6b-aa173aaebfd3&fields=id&fields=name HTTP/1.1" status: 200 len: 311 time: 0.0345333
2026-04-29 03:05:32.859 9 INFO neutron.api.wsgi [req-a9ce63e5-2597-4189-a212-3ddf0443973f req-58cac493-9f99-4dde-b1cc-d9a5d31f6730 12fffdedbb1647be8e3aa7315a4eb847 e771c9caa2f9493cbfaba4d0ad4608ac - - c893072840914529953fbcb8af47df1e c893072840914529953fbcb8af47df1e] 199.204.45.25 "GET /v2.0/ports?tenant_id=01219d8ee521419ea9d25b9a609afeb0&device_id=3c48e2b0-31f2-411e-b7cd-4dd9512489e6 HTTP/1.1" status: 200 len: 1632 time: 0.0311689
2026-04-29 03:05:32.908 9 INFO neutron.api.wsgi [req-a9ce63e5-2597-4189-a212-3ddf0443973f req-7697800b-2016-4b5e-b91d-c179a7e86627 12fffdedbb1647be8e3aa7315a4eb847 e771c9caa2f9493cbfaba4d0ad4608ac - - c893072840914529953fbcb8af47df1e c893072840914529953fbcb8af47df1e] 199.204.45.25 "GET /v2.0/networks?tenant_id=01219d8ee521419ea9d25b9a609afeb0&shared=False HTTP/1.1" status: 200 len: 2586 time: 0.0439293
2026-04-29 03:05:32.952 9 INFO neutron.api.wsgi [req-a9ce63e5-2597-4189-a212-3ddf0443973f req-ed94aef4-3c7d-4527-8e9b-d61eecd8ec8f 12fffdedbb1647be8e3aa7315a4eb847 e771c9caa2f9493cbfaba4d0ad4608ac - - c893072840914529953fbcb8af47df1e c893072840914529953fbcb8af47df1e] 199.204.45.25 "GET /v2.0/networks?shared=True HTTP/1.1" status: 200 len: 952 time: 0.0381756
2026-04-29 03:05:33.619 10 WARNING neutron_lib.context [None req-e15f1178-996c-495a-949f-0de2c54bc53c 451f5cde0fa143d4ab01bf67e130371e ce5b8fc8075f44aaadc46193ea67af15 - - default default] Method 'is_advsvc' is deprecated since 2023.2 release (neutron-lib 3.8.0) and will be removed once support for the old RBAC API policies will be removed from Neutron. Please use method 'is_service_role' instead.
2026-04-29 03:05:33.753 10 INFO neutron.db.ovn_revision_numbers_db [None req-e15f1178-996c-495a-949f-0de2c54bc53c 451f5cde0fa143d4ab01bf67e130371e ce5b8fc8075f44aaadc46193ea67af15 - - default default] Successfully bumped revision number for resource 10d24e45-3773-4db0-8693-c1aa2b7f9bf4 (type: security_groups) to 1
2026-04-29 03:05:33.765 10 INFO neutron.db.ovn_revision_numbers_db [None req-e15f1178-996c-495a-949f-0de2c54bc53c 451f5cde0fa143d4ab01bf67e130371e ce5b8fc8075f44aaadc46193ea67af15 - - default default] Successfully bumped revision number for resource 392a60ff-9304-46f6-8c0a-8b16365e7ecc (type: security_group_rules) to 0
2026-04-29 03:05:33.781 10 INFO neutron.db.ovn_revision_numbers_db [None req-e15f1178-996c-495a-949f-0de2c54bc53c 451f5cde0fa143d4ab01bf67e130371e ce5b8fc8075f44aaadc46193ea67af15 - - default default] Successfully bumped revision number for resource 3d7b6488-000f-4086-9bd0-25dd5c75bfcd (type: security_group_rules) to 0
2026-04-29 03:05:33.795 10 INFO neutron.db.ovn_revision_numbers_db [None req-e15f1178-996c-495a-949f-0de2c54bc53c 451f5cde0fa143d4ab01bf67e130371e ce5b8fc8075f44aaadc46193ea67af15 - - default default] Successfully bumped revision number for resource 54ba83c1-f1c4-472d-95c1-ce9b9631199a (type: security_group_rules) to 0
2026-04-29 03:05:33.806 10 INFO neutron.db.ovn_revision_numbers_db [None req-e15f1178-996c-495a-949f-0de2c54bc53c 451f5cde0fa143d4ab01bf67e130371e ce5b8fc8075f44aaadc46193ea67af15 - - default default] Successfully bumped revision number for resource dbee4150-1f71-44d1-86d4-70e405ee4661 (type: security_group_rules) to 0
2026-04-29 03:05:33.899 10 INFO neutron.db.ovn_revision_numbers_db [None req-e15f1178-996c-495a-949f-0de2c54bc53c 451f5cde0fa143d4ab01bf67e130371e ce5b8fc8075f44aaadc46193ea67af15 - - default default] Successfully bumped revision number for resource cb278ea0-fa5a-43d4-9dc5-175933ac31d6 (type: security_groups) to 1
2026-04-29 03:05:33.910 10 INFO neutron.db.ovn_revision_numbers_db [None req-e15f1178-996c-495a-949f-0de2c54bc53c 451f5cde0fa143d4ab01bf67e130371e ce5b8fc8075f44aaadc46193ea67af15 - - default default] Successfully bumped revision number for resource 68eb0058-7a46-40a6-9f43-6394072da65a (type: security_group_rules) to 0
2026-04-29 03:05:33.922 10 INFO neutron.db.ovn_revision_numbers_db [None req-e15f1178-996c-495a-949f-0de2c54bc53c 451f5cde0fa143d4ab01bf67e130371e ce5b8fc8075f44aaadc46193ea67af15 - - default default] Successfully bumped revision number for resource 7530cf57-2118-493a-8752-feab5de37f34 (type: security_group_rules) to 0
2026-04-29 03:05:33.955 10 INFO neutron.api.wsgi [None req-e15f1178-996c-495a-949f-0de2c54bc53c 451f5cde0fa143d4ab01bf67e130371e ce5b8fc8075f44aaadc46193ea67af15 - - default default] 10.0.0.12 "POST /v2.0/security-groups HTTP/1.1" status: 201 len: 1803 time: 0.4712725
2026-04-29 03:05:34.001 9 INFO neutron.api.wsgi [req-fcf78770-5a33-412c-ab04-9648c3ddedad req-f3b1638e-c613-48ff-b658-26c66e2597bc 12fffdedbb1647be8e3aa7315a4eb847 e771c9caa2f9493cbfaba4d0ad4608ac - - c893072840914529953fbcb8af47df1e c893072840914529953fbcb8af47df1e] 199.204.45.25 "GET /v2.0/ports?tenant_id=01219d8ee521419ea9d25b9a609afeb0&device_id=3c48e2b0-31f2-411e-b7cd-4dd9512489e6 HTTP/1.1" status: 200 len: 1632 time: 0.0341861
2026-04-29 03:05:34.006 10 INFO neutron.api.wsgi [None req-7d6a4500-ad11-48a6-9878-0ad98927f111 451f5cde0fa143d4ab01bf67e130371e ce5b8fc8075f44aaadc46193ea67af15 - - default default] 10.0.0.12 "PUT /v2.0/security-groups/cb278ea0-fa5a-43d4-9dc5-175933ac31d6/tags HTTP/1.1" status: 200 len: 218 time: 0.0405726
2026-04-29 03:05:34.023 9 INFO neutron.api.wsgi [req-fcf78770-5a33-412c-ab04-9648c3ddedad req-99cfb921-bb66-4924-a867-2b5c0af31980 12fffdedbb1647be8e3aa7315a4eb847 e771c9caa2f9493cbfaba4d0ad4608ac - - c893072840914529953fbcb8af47df1e c893072840914529953fbcb8af47df1e] 199.204.45.25 "GET /v2.0/floatingips?fixed_ip_address=10.2.1.32&port_id=2ad06e12-1797-42fb-bf14-ec75d319c478 HTTP/1.1" status: 200 len: 217 time: 0.0164096
2026-04-29 03:05:34.028 10 INFO neutron.api.wsgi [None req-33ff928e-434b-4e8e-bed9-9307582870eb 451f5cde0fa143d4ab01bf67e130371e ce5b8fc8075f44aaadc46193ea67af15 - - default default] 10.0.0.12 "GET /v2.0/security-groups/cb278ea0-fa5a-43d4-9dc5-175933ac31d6/tags HTTP/1.1" status: 200 len: 218 time: 0.0181959
2026-04-29 03:05:34.042 9 INFO neutron.api.wsgi [req-fcf78770-5a33-412c-ab04-9648c3ddedad req-216530e3-fdfe-474b-a3b5-3747828fb4ad 12fffdedbb1647be8e3aa7315a4eb847 e771c9caa2f9493cbfaba4d0ad4608ac - - c893072840914529953fbcb8af47df1e c893072840914529953fbcb8af47df1e] 199.204.45.25 "GET /v2.0/floatingips?fixed_ip_address=fd7b%3Af9f7%3Afff%3A4eca%3A%3A256&port_id=2ad06e12-1797-42fb-bf14-ec75d319c478 HTTP/1.1" status: 200 len: 217 time: 0.0147145
2026-04-29 03:05:34.063 10 INFO neutron.api.wsgi [None req-fede8b3a-1598-4d5b-b61c-cf649849d154 451f5cde0fa143d4ab01bf67e130371e ce5b8fc8075f44aaadc46193ea67af15 - - default default] 10.0.0.12 "PUT /v2.0/security-groups/cb278ea0-fa5a-43d4-9dc5-175933ac31d6/tags/green HTTP/1.1" status: 201 len: 201 time: 0.0307853
2026-04-29 03:05:34.073 9 INFO neutron.api.wsgi [req-fcf78770-5a33-412c-ab04-9648c3ddedad req-12cc71c9-add6-4dc9-ae28-5ecbf5fef5f1 12fffdedbb1647be8e3aa7315a4eb847 e771c9caa2f9493cbfaba4d0ad4608ac - - c893072840914529953fbcb8af47df1e c893072840914529953fbcb8af47df1e] 199.204.45.25 "GET /v2.0/subnets?id=eb77d6cf-4f5b-4fd0-9e07-d8e50941ee88&id=7dc30201-53e4-413e-906d-4877a8305192 HTTP/1.1" status: 200 len: 1609 time: 0.0261502
2026-04-29 03:05:34.090 10 INFO neutron.api.wsgi [None req-0884c617-b152-4f57-a5eb-2fc06f579ae6 451f5cde0fa143d4ab01bf67e130371e ce5b8fc8075f44aaadc46193ea67af15 - - default default] 10.0.0.12 "GET /v2.0/security-groups/cb278ea0-fa5a-43d4-9dc5-175933ac31d6/tags HTTP/1.1" status: 200 len: 227 time: 0.0223835
2026-04-29 03:05:34.093 9 INFO neutron.api.wsgi [req-fcf78770-5a33-412c-ab04-9648c3ddedad req-8e2f5329-b7d2-4449-b1a9-578894f6fe15 12fffdedbb1647be8e3aa7315a4eb847 e771c9caa2f9493cbfaba4d0ad4608ac - - c893072840914529953fbcb8af47df1e c893072840914529953fbcb8af47df1e] 199.204.45.25 "GET /v2.0/ports?network_id=376e0181-6655-44ec-9f73-2c469680b5d4&device_owner=network%3Adhcp HTTP/1.1" status: 200 len: 210 time: 0.0139010
2026-04-29 03:05:34.112 9 INFO neutron.api.wsgi [req-fcf78770-5a33-412c-ab04-9648c3ddedad req-3318f558-5c03-4761-8ecb-cfdb88847207 12fffdedbb1647be8e3aa7315a4eb847 e771c9caa2f9493cbfaba4d0ad4608ac - - c893072840914529953fbcb8af47df1e c893072840914529953fbcb8af47df1e] 199.204.45.25 "GET /v2.0/ports?network_id=376e0181-6655-44ec-9f73-2c469680b5d4&device_owner=network%3Adhcp HTTP/1.1" status: 200 len: 210 time: 0.0140471
2026-04-29 03:05:34.113 10 INFO neutron.api.wsgi [None req-bffe847b-3cef-4cbe-a8de-81170be8a67a 451f5cde0fa143d4ab01bf67e130371e ce5b8fc8075f44aaadc46193ea67af15 - - default default] 10.0.0.12 "PUT /v2.0/security-groups/cb278ea0-fa5a-43d4-9dc5-175933ac31d6/tags/red HTTP/1.1" status: 201 len: 201 time: 0.0168428
2026-04-29 03:05:34.133 10 INFO neutron.api.wsgi [None req-085834b0-851a-4794-8951-6589523270af 451f5cde0fa143d4ab01bf67e130371e ce5b8fc8075f44aaadc46193ea67af15 - - default default] 10.0.0.12 "GET /v2.0/security-groups/cb278ea0-fa5a-43d4-9dc5-175933ac31d6/tags HTTP/1.1" status: 200 len: 227 time: 0.0158157
2026-04-29 03:05:34.159 9 INFO neutron.api.wsgi [req-fcf78770-5a33-412c-ab04-9648c3ddedad req-ff196b57-8f99-4f90-a70f-23d1118ec7f3 12fffdedbb1647be8e3aa7315a4eb847 e771c9caa2f9493cbfaba4d0ad4608ac - - c893072840914529953fbcb8af47df1e c893072840914529953fbcb8af47df1e] 199.204.45.25 "GET /v2.0/networks/376e0181-6655-44ec-9f73-2c469680b5d4?fields=segments HTTP/1.1" status: 200 len: 212 time: 0.0417154
2026-04-29 03:05:34.174 9 INFO neutron.api.wsgi [None req-724deccd-47cf-4d84-beeb-4b362ceefef4 451f5cde0fa143d4ab01bf67e130371e ce5b8fc8075f44aaadc46193ea67af15 - - default default] 10.0.0.12 "PUT /v2.0/security-groups/cb278ea0-fa5a-43d4-9dc5-175933ac31d6/tags/black.or.white HTTP/1.1" status: 201 len: 201 time: 0.0380011
2026-04-29 03:05:34.196 9 INFO neutron.api.wsgi [None req-f27381ab-69a9-41b2-97a7-0c31de471f4c 451f5cde0fa143d4ab01bf67e130371e ce5b8fc8075f44aaadc46193ea67af15 - - default default] 10.0.0.12 "GET /v2.0/security-groups/cb278ea0-fa5a-43d4-9dc5-175933ac31d6/tags HTTP/1.1" status: 200 len: 245 time: 0.0170991
2026-04-29 03:05:34.208 9 INFO neutron.api.wsgi [req-fcf78770-5a33-412c-ab04-9648c3ddedad req-2155e21e-716f-48dc-974d-50fe006857c8 12fffdedbb1647be8e3aa7315a4eb847 e771c9caa2f9493cbfaba4d0ad4608ac - - c893072840914529953fbcb8af47df1e c893072840914529953fbcb8af47df1e] 199.204.45.25 "GET /v2.0/networks/376e0181-6655-44ec-9f73-2c469680b5d4?fields=provider%3Aphysical_network&fields=provider%3Anetwork_type HTTP/1.1" status: 200 len: 277 time: 0.0449247
2026-04-29 03:05:34.233 9 INFO neutron.api.wsgi [None req-084b7e11-62c3-4e7e-bae9-fd24303b82c2 451f5cde0fa143d4ab01bf67e130371e ce5b8fc8075f44aaadc46193ea67af15 - - default default] 10.0.0.12 "PUT /v2.0/security-groups/cb278ea0-fa5a-43d4-9dc5-175933ac31d6/tags HTTP/1.1" status: 200 len: 230 time: 0.0330422
2026-04-29 03:05:34.256 9 INFO neutron.api.wsgi [None req-3d58fa82-9d58-4b1b-bd77-a81418cd90c8 451f5cde0fa143d4ab01bf67e130371e ce5b8fc8075f44aaadc46193ea67af15 - - default default] 10.0.0.12 "GET /v2.0/security-groups/cb278ea0-fa5a-43d4-9dc5-175933ac31d6/tags HTTP/1.1" status: 200 len: 230 time: 0.0176275
2026-04-29 03:05:34.278 9 INFO neutron.api.wsgi [None req-96088dcb-e0d6-4556-8d01-6f2ff03568ba 451f5cde0fa143d4ab01bf67e130371e ce5b8fc8075f44aaadc46193ea67af15 - - default default] 10.0.0.12 "GET /v2.0/security-groups/cb278ea0-fa5a-43d4-9dc5-175933ac31d6/tags/red HTTP/1.1" status: 204 len: 168 time: 0.0171318
2026-04-29 03:05:34.298 9 INFO neutron.api.v2.resource [None req-d6462ea2-864e-454f-a6e0-9173dfde1f35 451f5cde0fa143d4ab01bf67e130371e ce5b8fc8075f44aaadc46193ea67af15 - - default default] show failed (client error): The resource could not be found.
2026-04-29 03:05:34.299 9 INFO neutron.api.wsgi [None req-d6462ea2-864e-454f-a6e0-9173dfde1f35 451f5cde0fa143d4ab01bf67e130371e ce5b8fc8075f44aaadc46193ea67af15 - - default default] 10.0.0.12 "GET /v2.0/security-groups/cb278ea0-fa5a-43d4-9dc5-175933ac31d6/tags/green HTTP/1.1" status: 404 len: 299 time: 0.0168993
2026-04-29 03:05:34.361 9 INFO neutron.api.wsgi [None req-4115375b-14c6-49d5-8042-e70c992f9ea9 451f5cde0fa143d4ab01bf67e130371e ce5b8fc8075f44aaadc46193ea67af15 - - default default] 10.0.0.12 "DELETE /v2.0/security-groups/cb278ea0-fa5a-43d4-9dc5-175933ac31d6/tags/red HTTP/1.1" status: 204 len: 168 time: 0.0565858
2026-04-29 03:05:34.391 9 INFO neutron.api.wsgi [None req-54189151-7492-4d70-bf30-3d32315aa43e 451f5cde0fa143d4ab01bf67e130371e ce5b8fc8075f44aaadc46193ea67af15 - - default default] 10.0.0.12 "GET /v2.0/security-groups/cb278ea0-fa5a-43d4-9dc5-175933ac31d6/tags HTTP/1.1" status: 200 len: 223 time: 0.0222154
2026-04-29 03:05:34.428 9 INFO neutron.api.v2.resource [None req-54db198a-4dae-4bcd-b822-37225a6b8b1c 451f5cde0fa143d4ab01bf67e130371e ce5b8fc8075f44aaadc46193ea67af15 - - default default] delete failed (client error): The resource could not be found.
2026-04-29 03:05:34.431 9 INFO neutron.api.wsgi [None req-54db198a-4dae-4bcd-b822-37225a6b8b1c 451f5cde0fa143d4ab01bf67e130371e ce5b8fc8075f44aaadc46193ea67af15 - - default default] 10.0.0.12 "DELETE /v2.0/security-groups/cb278ea0-fa5a-43d4-9dc5-175933ac31d6/tags/green HTTP/1.1" status: 404 len: 299 time: 0.0320747
2026-04-29 03:05:34.490 9 INFO neutron.api.wsgi [None req-8ba7e7a1-c139-4a1e-95d2-515f14923561 451f5cde0fa143d4ab01bf67e130371e ce5b8fc8075f44aaadc46193ea67af15 - - default default] 10.0.0.12 "DELETE /v2.0/security-groups/cb278ea0-fa5a-43d4-9dc5-175933ac31d6/tags HTTP/1.1" status: 204 len: 168 time: 0.0510552
2026-04-29 03:05:34.525 9 INFO neutron.api.wsgi [None req-5421626b-4e29-456f-b6da-9beffa7825b8 451f5cde0fa143d4ab01bf67e130371e ce5b8fc8075f44aaadc46193ea67af15 - - default default] 10.0.0.12 "GET /v2.0/security-groups/cb278ea0-fa5a-43d4-9dc5-175933ac31d6/tags HTTP/1.1" status: 200 len: 205 time: 0.0282729
2026-04-29 03:05:34.624 9 INFO neutron.api.wsgi [None req-df8530e1-039a-4e39-849c-19fa81e2a1bb 451f5cde0fa143d4ab01bf67e130371e ce5b8fc8075f44aaadc46193ea67af15 - - default default] 10.0.0.12 "DELETE /v2.0/security-groups/cb278ea0-fa5a-43d4-9dc5-175933ac31d6 HTTP/1.1" status: 204 len: 168 time: 0.0932784
2026-04-29 03:05:35.490 10 INFO neutron.db.ovn_revision_numbers_db [None req-c558bcac-09ba-465a-80d3-706da39c9e9c 0d17a3b6a9b5451492e66aefd4f235dc 3308dde9f672402eae73c63366cc0f4e - - default default] Successfully bumped revision number for resource dcca5111-4609-4dee-a4f9-3edc457e6c54 (type: security_groups) to 1
2026-04-29 03:05:35.500 10 INFO neutron.db.ovn_revision_numbers_db [None req-c558bcac-09ba-465a-80d3-706da39c9e9c 0d17a3b6a9b5451492e66aefd4f235dc 3308dde9f672402eae73c63366cc0f4e - - default default] Successfully bumped revision number for resource 11233748-6a66-4da8-b733-2e274e5006e2 (type: security_group_rules) to 0
2026-04-29 03:05:35.513 10 INFO neutron.db.ovn_revision_numbers_db [None req-c558bcac-09ba-465a-80d3-706da39c9e9c 0d17a3b6a9b5451492e66aefd4f235dc 3308dde9f672402eae73c63366cc0f4e - - default default] Successfully bumped revision number for resource 183718b0-c8d0-43be-87a4-d88b8ee13243 (type: security_group_rules) to 0
2026-04-29 03:05:35.530 10 INFO neutron.db.ovn_revision_numbers_db [None req-c558bcac-09ba-465a-80d3-706da39c9e9c 0d17a3b6a9b5451492e66aefd4f235dc 3308dde9f672402eae73c63366cc0f4e - - default default] Successfully bumped revision number for resource 34aa0542-880c-4005-a4ea-0d19b36bac21 (type: security_group_rules) to 0
2026-04-29 03:05:35.543 10 INFO neutron.db.ovn_revision_numbers_db [None req-c558bcac-09ba-465a-80d3-706da39c9e9c 0d17a3b6a9b5451492e66aefd4f235dc 3308dde9f672402eae73c63366cc0f4e - - default default] Successfully bumped revision number for resource 3ce72dc6-3892-4387-9858-e9fbb1479e5b (type: security_group_rules) to 0
2026-04-29 03:05:35.582 10 INFO neutron.api.wsgi [None req-c558bcac-09ba-465a-80d3-706da39c9e9c 0d17a3b6a9b5451492e66aefd4f235dc 3308dde9f672402eae73c63366cc0f4e - - default default] 10.0.0.12 "GET /v2.0/security-groups?tenant_id=ecd4736796bf449eacf0459f58d9a6a6&name=default HTTP/1.1" status: 200 len: 3124 time: 0.3550012
2026-04-29 03:05:35.785 10 INFO neutron.api.wsgi [None req-04822433-bd8a-4b48-b1ab-a3b03ccb4711 0d17a3b6a9b5451492e66aefd4f235dc 3308dde9f672402eae73c63366cc0f4e - - default default] 10.0.0.12 "DELETE /v2.0/security-groups/dcca5111-4609-4dee-a4f9-3edc457e6c54 HTTP/1.1" status: 204 len: 168 time: 0.1996338
2026-04-29 03:05:35.919 10 INFO neutron.api.wsgi [None req-00196893-e815-49cc-94b0-4e22cb2b341f 0d17a3b6a9b5451492e66aefd4f235dc 3308dde9f672402eae73c63366cc0f4e - - default default] 10.0.0.12 "GET /v2.0/security-groups?tenant_id=ce5b8fc8075f44aaadc46193ea67af15&name=default HTTP/1.1" status: 200 len: 3124 time: 0.0323179
2026-04-29 03:05:36.111 10 INFO neutron.api.wsgi [None req-5dee0c57-840d-4d23-bbb6-49b1c3b4fc61 0d17a3b6a9b5451492e66aefd4f235dc 3308dde9f672402eae73c63366cc0f4e - - default default] 10.0.0.12 "DELETE /v2.0/security-groups/10d24e45-3773-4db0-8693-c1aa2b7f9bf4 HTTP/1.1" status: 204 len: 168 time: 0.1860211
2026-04-29 03:05:36.356 9 INFO neutron.plugins.ml2.drivers.ovn.mech_driver.mech_driver [None req-2cecf609-1e17-453e-8be1-7a25d5f998e2 - - - - - -] OVN reports status up for port: 2ad06e12-1797-42fb-bf14-ec75d319c478
2026-04-29 03:05:36.375 9 INFO neutron.plugins.ml2.plugin [None req-2cecf609-1e17-453e-8be1-7a25d5f998e2 - - - - - -] Attempt 1 to provision port 2ad06e12-1797-42fb-bf14-ec75d319c478
2026-04-29 03:05:36.511 9 INFO neutron.notifiers.nova [-] Nova event matching ['req-983e5521-ae83-456d-93a9-613e0be9ed5d'] response: {'server_uuid': '3c48e2b0-31f2-411e-b7cd-4dd9512489e6', 'name': 'network-vif-plugged', 'status': 'completed', 'tag': '2ad06e12-1797-42fb-bf14-ec75d319c478', 'code': 200}
2026-04-29 03:05:36.552 10 WARNING neutron_lib.context [None req-78748144-3a7f-4ea6-9ab5-ff84af4fd52f 1a44d46207e643dd908384018fda7706 aa0711b2d1b94d829a9589be4edc4b4f - - default default] Method 'is_advsvc' is deprecated since 2023.2 release (neutron-lib 3.8.0) and will be removed once support for the old RBAC API policies will be removed from Neutron. Please use method 'is_service_role' instead.
2026-04-29 03:05:36.619 9 INFO neutron.db.ovn_revision_numbers_db [None req-2cecf609-1e17-453e-8be1-7a25d5f998e2 - - - - - -] Successfully bumped revision number for resource 2ad06e12-1797-42fb-bf14-ec75d319c478 (type: ports) to 5
2026-04-29 03:05:36.717 10 INFO neutron.db.ovn_revision_numbers_db [None req-78748144-3a7f-4ea6-9ab5-ff84af4fd52f 1a44d46207e643dd908384018fda7706 aa0711b2d1b94d829a9589be4edc4b4f - - default default] Successfully bumped revision number for resource 31f5db13-d290-4981-8495-9b4f8641197e (type: security_groups) to 1
2026-04-29 03:05:36.730 10 INFO neutron.db.ovn_revision_numbers_db [None req-78748144-3a7f-4ea6-9ab5-ff84af4fd52f 1a44d46207e643dd908384018fda7706 aa0711b2d1b94d829a9589be4edc4b4f - - default default] Successfully bumped revision number for resource 24be1b6c-2dea-4146-b87a-d7af64390711 (type: security_group_rules) to 0
2026-04-29 03:05:36.742 10 INFO neutron.db.ovn_revision_numbers_db [None req-78748144-3a7f-4ea6-9ab5-ff84af4fd52f 1a44d46207e643dd908384018fda7706 aa0711b2d1b94d829a9589be4edc4b4f - - default default] Successfully bumped revision number for resource 3f170d8e-7dbe-46b1-a0ad-a9705d395ed7 (type: security_group_rules) to 0
2026-04-29 03:05:36.763 10 INFO neutron.db.ovn_revision_numbers_db [None req-78748144-3a7f-4ea6-9ab5-ff84af4fd52f 1a44d46207e643dd908384018fda7706 aa0711b2d1b94d829a9589be4edc4b4f - - default default] Successfully bumped revision number for resource 5756d13e-8680-475b-9d3c-4998252aded7 (type: security_group_rules) to 0
2026-04-29 03:05:36.780 10 INFO neutron.db.ovn_revision_numbers_db [None req-78748144-3a7f-4ea6-9ab5-ff84af4fd52f 1a44d46207e643dd908384018fda7706 aa0711b2d1b94d829a9589be4edc4b4f - - default default] Successfully bumped revision number for resource b828d3e5-f26d-44bc-945c-47eb286717f8 (type: security_group_rules) to 0
2026-04-29 03:05:36.850 10 INFO neutron.db.segments_db [None req-78748144-3a7f-4ea6-9ab5-ff84af4fd52f 1a44d46207e643dd908384018fda7706 aa0711b2d1b94d829a9589be4edc4b4f - - default default] Added segment 9d09947c-0ad2-4ac6-a63a-411c9ef29222 of type geneve for network fe8d7196-f310-4dc2-8933-61eb6d2065ab
2026-04-29 03:05:36.957 10 INFO neutron.db.ovn_revision_numbers_db [None req-78748144-3a7f-4ea6-9ab5-ff84af4fd52f 1a44d46207e643dd908384018fda7706 aa0711b2d1b94d829a9589be4edc4b4f - - default default] Successfully bumped revision number for resource fe8d7196-f310-4dc2-8933-61eb6d2065ab (type: networks) to 1
2026-04-29 03:05:37.141 10 WARNING neutron.scheduler.dhcp_agent_scheduler [None req-78748144-3a7f-4ea6-9ab5-ff84af4fd52f 1a44d46207e643dd908384018fda7706 aa0711b2d1b94d829a9589be4edc4b4f - - default default] No more DHCP agents
2026-04-29 03:05:37.143 10 WARNING neutron.api.rpc.agentnotifiers.dhcp_rpc_agent_api [None req-78748144-3a7f-4ea6-9ab5-ff84af4fd52f 1a44d46207e643dd908384018fda7706 aa0711b2d1b94d829a9589be4edc4b4f - - default default] Unable to schedule network fe8d7196-f310-4dc2-8933-61eb6d2065ab: no agents available; will retry on subsequent port and subnet creation events.
2026-04-29 03:05:37.205 10 INFO neutron.db.ovn_revision_numbers_db [None req-78748144-3a7f-4ea6-9ab5-ff84af4fd52f 1a44d46207e643dd908384018fda7706 aa0711b2d1b94d829a9589be4edc4b4f - - default default] Successfully bumped revision number for resource 9372396b-aafe-4f09-bbe4-22d0669ef7b4 (type: ports) to 1
2026-04-29 03:05:37.230 10 INFO neutron.api.wsgi [None req-78748144-3a7f-4ea6-9ab5-ff84af4fd52f 1a44d46207e643dd908384018fda7706 aa0711b2d1b94d829a9589be4edc4b4f - - default default] 10.0.0.12 "POST /v2.0/networks HTTP/1.1" status: 201 len: 831 time: 0.8663130
2026-04-29 03:05:37.241 10 WARNING neutron_lib.context [None req-be01ea7c-995d-4303-8381-82ca048d9e64 1a44d46207e643dd908384018fda7706 aa0711b2d1b94d829a9589be4edc4b4f - - default default] Method 'is_advsvc' is deprecated since 2023.2 release (neutron-lib 3.8.0) and will be removed once support for the old RBAC API policies will be removed from Neutron. Please use method 'is_service_role' instead.
2026-04-29 03:05:37.434 10 WARNING neutron.scheduler.dhcp_agent_scheduler [None req-be01ea7c-995d-4303-8381-82ca048d9e64 1a44d46207e643dd908384018fda7706 aa0711b2d1b94d829a9589be4edc4b4f - - default default] No more DHCP agents
2026-04-29 03:05:37.436 10 WARNING neutron.api.rpc.agentnotifiers.dhcp_rpc_agent_api [None req-be01ea7c-995d-4303-8381-82ca048d9e64 1a44d46207e643dd908384018fda7706 aa0711b2d1b94d829a9589be4edc4b4f - - default default] Unable to schedule network fe8d7196-f310-4dc2-8933-61eb6d2065ab: no agents available; will retry on subsequent port and subnet creation events. /var/lib/openstack/lib/python3.12/site-packages/pycadf/identifier.py:71: UserWarning: Invalid uuid: neutron. To ensure interoperability, identifiers should be a valid uuid. warnings.warn(('Invalid uuid: %s. To ensure interoperability, '
2026-04-29 03:05:37.599 9 INFO neutron.api.wsgi [req-abd2aa1f-2387-4fcf-b520-37f8eec5f645 req-e70477e6-7945-428c-a28c-a1f36833f29a 9e02c057613e49549ade2a4f034c6f51 01219d8ee521419ea9d25b9a609afeb0 - - default default] 10.0.0.46 "GET /v2.0/ports?device_id=3c48e2b0-31f2-411e-b7cd-4dd9512489e6 HTTP/1.1" status: 200 len: 1396 time: 0.0791724
2026-04-29 03:05:37.654 9 INFO neutron.api.wsgi [req-abd2aa1f-2387-4fcf-b520-37f8eec5f645 req-4a199424-4f8d-4c1b-9b28-b0697283469b 9e02c057613e49549ade2a4f034c6f51 01219d8ee521419ea9d25b9a609afeb0 - - default default] 10.0.0.46 "GET /v2.0/security-groups?id=d3683798-926f-4ecf-9d6b-aa173aaebfd3&fields=id&fields=name HTTP/1.1" status: 200 len: 311 time: 0.0489855
2026-04-29 03:05:37.881 10 INFO neutron.db.ovn_revision_numbers_db [None req-92811b31-63fb-4165-bf28-c036d22553a4 - - - - - -] Successfully bumped revision number for resource 9372396b-aafe-4f09-bbe4-22d0669ef7b4 (type: ports) to 2
2026-04-29 03:05:37.909 10 INFO neutron.db.ovn_revision_numbers_db [None req-92811b31-63fb-4165-bf28-c036d22553a4 - - - - - -] Successfully bumped revision number for resource 6f50d33a-30e7-41fa-8c69-e217703ff2eb (type: subnets) to 0
2026-04-29 03:05:37.924 10 INFO neutron.api.wsgi [None req-be01ea7c-995d-4303-8381-82ca048d9e64 1a44d46207e643dd908384018fda7706 aa0711b2d1b94d829a9589be4edc4b4f - - default default] 10.0.0.12 "POST /v2.0/subnets HTTP/1.1" status: 201 len: 825 time: 0.6894033
2026-04-29 03:05:37.933 10 WARNING neutron_lib.context [None req-b82da37f-b819-450c-9992-5a74a682676d 1a44d46207e643dd908384018fda7706 aa0711b2d1b94d829a9589be4edc4b4f - - default default] Method 'is_advsvc' is deprecated since 2023.2 release (neutron-lib 3.8.0) and will be removed once support for the old RBAC API policies will be removed from Neutron. Please use method 'is_service_role' instead.
2026-04-29 03:05:38.032 10 INFO neutron.db.segments_db [None req-b82da37f-b819-450c-9992-5a74a682676d 1a44d46207e643dd908384018fda7706 aa0711b2d1b94d829a9589be4edc4b4f - - default default] Added segment 39e38803-0406-4f88-97be-96a74c2349f4 of type geneve for network 853562c8-bf25-4204-99d1-743eeaa7a4dd
2026-04-29 03:05:38.172 10 INFO neutron.db.ovn_revision_numbers_db [None req-b82da37f-b819-450c-9992-5a74a682676d 1a44d46207e643dd908384018fda7706 aa0711b2d1b94d829a9589be4edc4b4f - - default default] Successfully bumped revision number for resource 853562c8-bf25-4204-99d1-743eeaa7a4dd (type: networks) to 1
2026-04-29 03:05:38.368 10 WARNING neutron.scheduler.dhcp_agent_scheduler [None req-b82da37f-b819-450c-9992-5a74a682676d 1a44d46207e643dd908384018fda7706 aa0711b2d1b94d829a9589be4edc4b4f - - default default] No more DHCP agents
2026-04-29 03:05:38.370 10 WARNING neutron.api.rpc.agentnotifiers.dhcp_rpc_agent_api [None req-b82da37f-b819-450c-9992-5a74a682676d 1a44d46207e643dd908384018fda7706 aa0711b2d1b94d829a9589be4edc4b4f - - default default] Unable to schedule network 853562c8-bf25-4204-99d1-743eeaa7a4dd: no agents available; will retry on subsequent port and subnet creation events.
2026-04-29 03:05:38.436 10 INFO neutron.db.ovn_revision_numbers_db [None req-b82da37f-b819-450c-9992-5a74a682676d 1a44d46207e643dd908384018fda7706 aa0711b2d1b94d829a9589be4edc4b4f - - default default] Successfully bumped revision number for resource 422aca74-8743-4ecb-897c-102c2e5a8a4a (type: ports) to 1
2026-04-29 03:05:38.466 10 INFO neutron.api.wsgi [None req-b82da37f-b819-450c-9992-5a74a682676d 1a44d46207e643dd908384018fda7706 aa0711b2d1b94d829a9589be4edc4b4f - - default default] 10.0.0.12 "POST /v2.0/networks HTTP/1.1" status: 201 len: 830 time: 0.5377035
