2026-04-29 03:04:25.961 9 INFO neutron.api.wsgi [req-4bc5a5be-d703-484a-b157-ed8afda556af req-6993d389-b7b8-4d61-a1ae-810e7af517d7 12fffdedbb1647be8e3aa7315a4eb847 e771c9caa2f9493cbfaba4d0ad4608ac - - c893072840914529953fbcb8af47df1e c893072840914529953fbcb8af47df1e] 199.204.45.25 "GET /v2.0/networks/53fa2067-d9be-4259-930b-0519da150137?fields=segments HTTP/1.1" status: 200 len: 212 time: 0.0492675
2026-04-29 03:04:26.266 9 INFO neutron.api.wsgi [-] 10.0.0.48 "GET / HTTP/1.1" status: 200 len: 247 time: 0.0014422
2026-04-29 03:04:26.268 9 INFO neutron.api.wsgi [-] 10.0.0.48 "GET / HTTP/1.1" status: 200 len: 247 time: 0.0009005
2026-04-29 03:04:26.305 9 INFO neutron.api.wsgi [req-4bc5a5be-d703-484a-b157-ed8afda556af req-f7851616-6ae2-4f0d-9747-6014a210f4ca 12fffdedbb1647be8e3aa7315a4eb847 e771c9caa2f9493cbfaba4d0ad4608ac - - c893072840914529953fbcb8af47df1e c893072840914529953fbcb8af47df1e] 199.204.45.25 "GET /v2.0/networks/53fa2067-d9be-4259-930b-0519da150137?fields=provider%3Aphysical_network&fields=provider%3Anetwork_type HTTP/1.1" status: 200 len: 277 time: 0.3380036
2026-04-29 03:04:26.311 9 INFO neutron.api.wsgi [req-c79d5eb5-9602-4370-b63d-adfd7f78696b req-e7b14017-1d74-4e7c-baf4-d4dbb375ae33 18ca057066aa4118823b996f325a9839 27f2eb8f63bf4b5cbcee868ae861c9ac - - default default] 10.0.0.46 "GET /v2.0/ports?device_id=b330c8e4-0aab-4925-9952-d89e55b8c77a HTTP/1.1" status: 200 len: 1172 time: 0.0471666
2026-04-29 03:04:26.348 9 INFO neutron.api.wsgi [req-c79d5eb5-9602-4370-b63d-adfd7f78696b req-74683f13-251f-4c03-be43-be55436a6f58 18ca057066aa4118823b996f325a9839 27f2eb8f63bf4b5cbcee868ae861c9ac - - default default] 10.0.0.46 "GET /v2.0/security-groups?id=6d878c92-759c-4d42-b45f-7a33f4eb0637&fields=id&fields=name HTTP/1.1" status: 200 len: 286 time: 0.0286908
2026-04-29 03:04:26.851 9 INFO neutron.api.wsgi [req-41742cd0-4972-41c5-9b8b-783b13bcd8ff req-274bdbe2-8e67-4f0c-8eab-bae0aba91b23 19f9a64dee374bfd8eb875b4d831f5ba 8b5ed0604cd14225abc78ce3321662c1 - - default default] 199.204.45.25 "GET /v2.0/networks?id=df2dc419-a400-4d43-824b-6b1baa6e1760 HTTP/1.1" status: 200 len: 860 time: 0.0882421
2026-04-29 03:04:26.853 9 INFO neutron.api.wsgi [req-5c631111-a4ee-4a47-9368-1c662dbbd253 req-b60b1c7b-5a10-4770-8c58-1285b0092c1e 19f9a64dee374bfd8eb875b4d831f5ba 8b5ed0604cd14225abc78ce3321662c1 - - default default] 10.0.0.46 "GET /v2.0/ports?device_id=cc4ac96e-b2cb-487d-bc6c-c10fc0502f7c HTTP/1.1" status: 200 len: 210 time: 0.0325153
2026-04-29 03:04:26.896 9 INFO neutron.api.wsgi [req-41742cd0-4972-41c5-9b8b-783b13bcd8ff req-ba51ceab-7f3a-479c-a24f-a2225bb6aea8 19f9a64dee374bfd8eb875b4d831f5ba 8b5ed0604cd14225abc78ce3321662c1 - - default default] 199.204.45.25 "GET /v2.0/security-groups?fields=id&fields=name&tenant_id=8b5ed0604cd14225abc78ce3321662c1 HTTP/1.1" status: 200 len: 472 time: 0.0379539
2026-04-29 03:04:26.903 9 WARNING neutron_lib.context [req-41742cd0-4972-41c5-9b8b-783b13bcd8ff req-73249417-2684-4aa5-9857-19827eb37155 19f9a64dee374bfd8eb875b4d831f5ba 8b5ed0604cd14225abc78ce3321662c1 - - default default] Method 'is_advsvc' is deprecated since 2023.2 release (neutron-lib 3.8.0) and will be removed once support for the old RBAC API policies will be removed from Neutron. Please use method 'is_service_role' instead.
2026-04-29 03:04:27.263 9 WARNING neutron.scheduler.dhcp_agent_scheduler [req-41742cd0-4972-41c5-9b8b-783b13bcd8ff req-73249417-2684-4aa5-9857-19827eb37155 19f9a64dee374bfd8eb875b4d831f5ba 8b5ed0604cd14225abc78ce3321662c1 - - default default] No more DHCP agents
2026-04-29 03:04:27.264 9 WARNING neutron.api.rpc.agentnotifiers.dhcp_rpc_agent_api [req-41742cd0-4972-41c5-9b8b-783b13bcd8ff req-73249417-2684-4aa5-9857-19827eb37155 19f9a64dee374bfd8eb875b4d831f5ba 8b5ed0604cd14225abc78ce3321662c1 - - default default] Unable to schedule network df2dc419-a400-4d43-824b-6b1baa6e1760: no agents available; will retry on subsequent port and subnet creation events.
2026-04-29 03:04:27.398 9 INFO neutron.db.ovn_revision_numbers_db [req-41742cd0-4972-41c5-9b8b-783b13bcd8ff req-73249417-2684-4aa5-9857-19827eb37155 19f9a64dee374bfd8eb875b4d831f5ba 8b5ed0604cd14225abc78ce3321662c1 - - default default] Successfully bumped revision number for resource a0b60961-7cf0-4448-be8d-67d3b8c5fdd8 (type: ports) to 1 /var/lib/openstack/lib/python3.12/site-packages/pycadf/identifier.py:71: UserWarning: Invalid uuid: neutron. To ensure interoperability, identifiers should be a valid uuid. warnings.warn(('Invalid uuid: %s. To ensure interoperability, '
2026-04-29 03:04:27.423 9 INFO neutron.api.wsgi [req-41742cd0-4972-41c5-9b8b-783b13bcd8ff req-73249417-2684-4aa5-9857-19827eb37155 19f9a64dee374bfd8eb875b4d831f5ba 8b5ed0604cd14225abc78ce3321662c1 - - default default] 199.204.45.25 "POST /v2.0/ports HTTP/1.1" status: 201 len: 1158 time: 0.5240486
2026-04-29 03:04:27.455 9 INFO neutron.api.wsgi [req-586b1a26-aa6b-49bf-9322-1586005940eb req-bac4bd03-efec-4a58-a731-0db7b03299f1 18ca057066aa4118823b996f325a9839 27f2eb8f63bf4b5cbcee868ae861c9ac - - default default] 10.0.0.46 "GET /v2.0/ports?device_id=b330c8e4-0aab-4925-9952-d89e55b8c77a HTTP/1.1" status: 200 len: 1172 time: 0.0422747
2026-04-29 03:04:27.503 9 INFO neutron.api.wsgi [req-586b1a26-aa6b-49bf-9322-1586005940eb req-9f4440d3-6f80-4c5d-9b7a-f0c7c72197e2 18ca057066aa4118823b996f325a9839 27f2eb8f63bf4b5cbcee868ae861c9ac - - default default] 10.0.0.46 "GET /v2.0/security-groups?id=6d878c92-759c-4d42-b45f-7a33f4eb0637&fields=id&fields=name HTTP/1.1" status: 200 len: 286 time: 0.0418813
2026-04-29 03:04:27.812 9 INFO neutron.db.ovn_revision_numbers_db [req-41742cd0-4972-41c5-9b8b-783b13bcd8ff req-c0463e48-87e2-43fb-b45a-88881b7c74cf 12fffdedbb1647be8e3aa7315a4eb847 e771c9caa2f9493cbfaba4d0ad4608ac - - c893072840914529953fbcb8af47df1e c893072840914529953fbcb8af47df1e] Successfully bumped revision number for resource a0b60961-7cf0-4448-be8d-67d3b8c5fdd8 (type: ports) to 2
2026-04-29 03:04:27.858 10 INFO neutron.services.segments.plugin [-] Segment 204e2b56-e9de-4cb6-8e90-78fdb0335be4 resource provider aggregate not found
2026-04-29 03:04:27.863 10 INFO neutron.services.segments.plugin [-] Segment 204e2b56-e9de-4cb6-8e90-78fdb0335be4 resource provider aggregate not found
2026-04-29 03:04:27.877 10 INFO neutron.services.segments.plugin [-] Segment 204e2b56-e9de-4cb6-8e90-78fdb0335be4 resource provider not found; error: Placement Client Error (4xx): {"errors": [{"status": 404, "title": "Not Found", "detail": "The resource could not be found.\n\n No resource provider with uuid 204e2b56-e9de-4cb6-8e90-78fdb0335be4 found for delete ", "request_id": "req-a18a2c32-a7be-43ad-8055-51a17e76ad2e"}]}
2026-04-29 03:04:27.881 10 INFO neutron.services.segments.plugin [-] Segment 204e2b56-e9de-4cb6-8e90-78fdb0335be4 resource provider not found; error: Placement Client Error (4xx): {"errors": [{"status": 404, "title": "Not Found", "detail": "The resource could not be found.\n\n No resource provider with uuid 204e2b56-e9de-4cb6-8e90-78fdb0335be4 found for delete ", "request_id": "req-77b5751a-d496-44ed-93bc-7e897d90be61"}]}
2026-04-29 03:04:27.893 10 INFO neutron.api.wsgi [None req-acdf66fe-6d6b-45b4-a0e5-d5bd7382992d 8760f0c7464d4334ab6a9e4251da9785 191eeb3791104f6fa1f4904798d8a3d4 - - default default] 10.0.0.12 "DELETE /v2.0/vpn/vpnservices/26b95d05-61ed-421d-bee8-9a97f6107eeb HTTP/1.1" status: 204 len: 168 time: 2.8563938 /var/lib/openstack/lib/python3.12/site-packages/pycadf/identifier.py:71: UserWarning: Invalid uuid: neutron. To ensure interoperability, identifiers should be a valid uuid. warnings.warn(('Invalid uuid: %s. To ensure interoperability, '
2026-04-29 03:04:27.904 10 WARNING neutron_lib.context [None req-9d13b35e-cb6b-4c13-b064-a61c2959c26d 1f4d135b0db34f38a0d9c7bc0101de78 669fb4251ecc4713ac6b1270ca994bd6 - - default default] Method 'is_advsvc' is deprecated since 2023.2 release (neutron-lib 3.8.0) and will be removed once support for the old RBAC API policies will be removed from Neutron. Please use method 'is_service_role' instead. /var/lib/openstack/lib/python3.12/site-packages/pycadf/identifier.py:71: UserWarning: Invalid uuid: neutron. To ensure interoperability, identifiers should be a valid uuid. warnings.warn(('Invalid uuid: %s. To ensure interoperability, '
2026-04-29 03:04:27.961 10 INFO neutron.api.wsgi [None req-9d13b35e-cb6b-4c13-b064-a61c2959c26d 1f4d135b0db34f38a0d9c7bc0101de78 669fb4251ecc4713ac6b1270ca994bd6 - - default default] 10.0.0.12 "POST /v2.0/vpn/endpoint-groups HTTP/1.1" status: 201 len: 501 time: 0.0632129 /var/lib/openstack/lib/python3.12/site-packages/pycadf/identifier.py:71: UserWarning: Invalid uuid: neutron. To ensure interoperability, identifiers should be a valid uuid. warnings.warn(('Invalid uuid: %s. To ensure interoperability, '
2026-04-29 03:04:27.970 9 WARNING neutron_lib.context [None req-bc0dc502-3bb0-4313-8e1b-b437557e05cf 1f4d135b0db34f38a0d9c7bc0101de78 669fb4251ecc4713ac6b1270ca994bd6 - - default default] Method 'is_advsvc' is deprecated since 2023.2 release (neutron-lib 3.8.0) and will be removed once support for the old RBAC API policies will be removed from Neutron. Please use method 'is_service_role' instead.
2026-04-29 03:04:28.026 9 INFO neutron.api.wsgi [req-ef413352-d0c7-4e61-a1e3-c5cb1b569500 req-d549d906-33f5-47ce-b2fa-36a1ea39a8f7 19f9a64dee374bfd8eb875b4d831f5ba 8b5ed0604cd14225abc78ce3321662c1 - - default default] 10.0.0.46 "GET /v2.0/ports?device_id=cc4ac96e-b2cb-487d-bc6c-c10fc0502f7c HTTP/1.1" status: 200 len: 1168 time: 0.1033800
2026-04-29 03:04:28.064 9 INFO neutron.api.wsgi [None req-bc0dc502-3bb0-4313-8e1b-b437557e05cf 1f4d135b0db34f38a0d9c7bc0101de78 669fb4251ecc4713ac6b1270ca994bd6 - - default default] 10.0.0.12 "POST /v2.0/vpn/endpoint-groups HTTP/1.1" status: 201 len: 492 time: 0.0973995
2026-04-29 03:04:28.077 10 WARNING neutron.api.v2.base [None req-77389cb5-0c60-4b70-9256-75aeacb48578 1f4d135b0db34f38a0d9c7bc0101de78 669fb4251ecc4713ac6b1270ca994bd6 - - default default] An exception happened while processing the request body. The exception message is [Unrecognized attribute(s) 'peer_cidr'].: webob.exc.HTTPBadRequest: Unrecognized attribute(s) 'peer_cidr'
2026-04-29 03:04:28.077 10 INFO neutron.api.v2.resource [None req-77389cb5-0c60-4b70-9256-75aeacb48578 1f4d135b0db34f38a0d9c7bc0101de78 669fb4251ecc4713ac6b1270ca994bd6 - - default default] create failed (client error): Unrecognized attribute(s) 'peer_cidr'
2026-04-29 03:04:28.078 10 INFO neutron.api.wsgi [None req-77389cb5-0c60-4b70-9256-75aeacb48578 1f4d135b0db34f38a0d9c7bc0101de78 669fb4251ecc4713ac6b1270ca994bd6 - - default default] 10.0.0.12 "POST /v2.0/vpn/ipsec-site-connections HTTP/1.1" status: 400 len: 313 time: 0.0066118
2026-04-29 03:04:28.089 9 INFO neutron.api.wsgi [req-ef413352-d0c7-4e61-a1e3-c5cb1b569500 req-819ee195-4d64-48a8-8c84-71f56280589a 19f9a64dee374bfd8eb875b4d831f5ba 8b5ed0604cd14225abc78ce3321662c1 - - default default] 10.0.0.46 "GET /v2.0/security-groups?id=fa321acd-ae73-4c29-ac4d-53fd77e5f57a&fields=id&fields=name HTTP/1.1" status: 200 len: 312 time: 0.0551808
2026-04-29 03:04:28.095 10 INFO neutron.api.wsgi [None req-54bca954-e4fa-4f53-b0ac-e33256f214f4 1f4d135b0db34f38a0d9c7bc0101de78 669fb4251ecc4713ac6b1270ca994bd6 - - default default] 10.0.0.12 "GET /v2.0/vpn/endpoint-groups HTTP/1.1" status: 200 len: 1387 time: 0.0120032
2026-04-29 03:04:28.122 9 INFO neutron.db.ovn_revision_numbers_db [req-41742cd0-4972-41c5-9b8b-783b13bcd8ff req-c0463e48-87e2-43fb-b45a-88881b7c74cf 12fffdedbb1647be8e3aa7315a4eb847 e771c9caa2f9493cbfaba4d0ad4608ac - - c893072840914529953fbcb8af47df1e c893072840914529953fbcb8af47df1e] Successfully bumped revision number for resource a0b60961-7cf0-4448-be8d-67d3b8c5fdd8 (type: ports) to 4
2026-04-29 03:04:28.130 10 INFO neutron.api.wsgi [None req-a243cc41-3bd7-4b02-8721-cece19eb331b 1f4d135b0db34f38a0d9c7bc0101de78 669fb4251ecc4713ac6b1270ca994bd6 - - default default] 10.0.0.12 "DELETE /v2.0/vpn/endpoint-groups/4a03ec44-4326-4bb6-a7e1-eedbcbbec164 HTTP/1.1" status: 204 len: 168 time: 0.0293181
2026-04-29 03:04:28.142 9 INFO neutron.api.wsgi [req-41742cd0-4972-41c5-9b8b-783b13bcd8ff req-c0463e48-87e2-43fb-b45a-88881b7c74cf 12fffdedbb1647be8e3aa7315a4eb847 e771c9caa2f9493cbfaba4d0ad4608ac - - c893072840914529953fbcb8af47df1e c893072840914529953fbcb8af47df1e] 199.204.45.25 "PUT /v2.0/ports/a0b60961-7cf0-4448-be8d-67d3b8c5fdd8 HTTP/1.1" status: 200 len: 1404 time: 0.7116616
2026-04-29 03:04:28.144 10 INFO neutron.api.wsgi [None req-22b07b72-83a7-4215-a0e2-9f3ca4e5d3f5 1f4d135b0db34f38a0d9c7bc0101de78 669fb4251ecc4713ac6b1270ca994bd6 - - default default] 10.0.0.12 "GET /v2.0/vpn/endpoint-groups HTTP/1.1" status: 200 len: 1111 time: 0.0087085
2026-04-29 03:04:28.156 10 INFO neutron.api.wsgi [None req-e85d63ed-82ee-4122-a32f-4ce3b6d3c3ed 1f4d135b0db34f38a0d9c7bc0101de78 669fb4251ecc4713ac6b1270ca994bd6 - - default default] 10.0.0.12 "GET /v2.0/vpn/endpoint-groups HTTP/1.1" status: 200 len: 1111 time: 0.0082896
2026-04-29 03:04:28.188 10 INFO neutron.api.wsgi [None req-08661289-e678-425a-9552-ad3049ea27a5 1f4d135b0db34f38a0d9c7bc0101de78 669fb4251ecc4713ac6b1270ca994bd6 - - default default] 10.0.0.12 "DELETE /v2.0/vpn/endpoint-groups/b8259901-f398-48da-887c-4bf80285617e HTTP/1.1" status: 204 len: 168 time: 0.0279100
2026-04-29 03:04:28.189 9 INFO neutron.notifiers.nova [-] Nova event matching ['req-0596af80-5a2e-49c4-a67e-4f9bb132dc8e'] response: {'name': 'network-changed', 'server_uuid': 'cc4ac96e-b2cb-487d-bc6c-c10fc0502f7c', 'tag': 'a0b60961-7cf0-4448-be8d-67d3b8c5fdd8', 'status': 'completed', 'code': 200}
2026-04-29 03:04:28.204 10 INFO neutron.api.wsgi [None req-1a15b097-66f0-4a6c-ab1a-182ebbbb7e7a 1f4d135b0db34f38a0d9c7bc0101de78 669fb4251ecc4713ac6b1270ca994bd6 - - default default] 10.0.0.12 "GET /v2.0/vpn/endpoint-groups HTTP/1.1" status: 200 len: 827 time: 0.0095661
2026-04-29 03:04:28.214 9 WARNING neutron_lib.context [None req-eb0ba543-e4d5-4370-8b1a-002355bd416b 1f4d135b0db34f38a0d9c7bc0101de78 669fb4251ecc4713ac6b1270ca994bd6 - - default default] Method 'is_advsvc' is deprecated since 2023.2 release (neutron-lib 3.8.0) and will be removed once support for the old RBAC API policies will be removed from Neutron. Please use method 'is_service_role' instead.
2026-04-29 03:04:28.262 9 INFO neutron.api.wsgi [None req-eb0ba543-e4d5-4370-8b1a-002355bd416b 1f4d135b0db34f38a0d9c7bc0101de78 669fb4251ecc4713ac6b1270ca994bd6 - - default default] 10.0.0.12 "POST /v2.0/vpn/endpoint-groups HTTP/1.1" status: 201 len: 500 time: 0.0528784
2026-04-29 03:04:28.272 9 WARNING neutron_lib.context [None req-a1059ab8-8dbc-4e7b-a78e-39748a203105 1f4d135b0db34f38a0d9c7bc0101de78 669fb4251ecc4713ac6b1270ca994bd6 - - default default] Method 'is_advsvc' is deprecated since 2023.2 release (neutron-lib 3.8.0) and will be removed once support for the old RBAC API policies will be removed from Neutron. Please use method 'is_service_role' instead.
2026-04-29 03:04:28.311 9 INFO neutron.api.wsgi [None req-a1059ab8-8dbc-4e7b-a78e-39748a203105 1f4d135b0db34f38a0d9c7bc0101de78 669fb4251ecc4713ac6b1270ca994bd6 - - default default] 10.0.0.12 "POST /v2.0/vpn/endpoint-groups HTTP/1.1" status: 201 len: 493 time: 0.0439827
2026-04-29 03:04:28.321 9 WARNING neutron_lib.context [None req-4a074007-c6d8-424f-947d-5f950bbe2eb8 1f4d135b0db34f38a0d9c7bc0101de78 669fb4251ecc4713ac6b1270ca994bd6 - - default default] Method 'is_advsvc' is deprecated since 2023.2 release (neutron-lib 3.8.0) and will be removed once support for the old RBAC API policies will be removed from Neutron. Please use method 'is_service_role' instead.
2026-04-29 03:04:28.368 9 INFO neutron.api.v2.resource [None req-4a074007-c6d8-424f-947d-5f950bbe2eb8 1f4d135b0db34f38a0d9c7bc0101de78 669fb4251ecc4713ac6b1270ca994bd6 - - default default] create failed (client error): The server could not comply with the request since it is either malformed or otherwise incorrect.
2026-04-29 03:04:28.369 9 INFO neutron.api.wsgi [None req-4a074007-c6d8-424f-947d-5f950bbe2eb8 1f4d135b0db34f38a0d9c7bc0101de78 669fb4251ecc4713ac6b1270ca994bd6 - - default default] 10.0.0.12 "POST /v2.0/vpn/ipsec-site-connections HTTP/1.1" status: 400 len: 373 time: 0.0525272
2026-04-29 03:04:28.392 9 INFO neutron.api.wsgi [None req-a9e8a86a-0610-466d-9c51-4e0777a30cda 1f4d135b0db34f38a0d9c7bc0101de78 669fb4251ecc4713ac6b1270ca994bd6 - - default default] 10.0.0.12 "GET /v2.0/vpn/endpoint-groups HTTP/1.1" status: 200 len: 1387 time: 0.0159571
2026-04-29 03:04:28.459 9 INFO neutron.api.wsgi [None req-b0a6a2ab-c4e5-4ce3-96cb-31c0b45680e1 1f4d135b0db34f38a0d9c7bc0101de78 669fb4251ecc4713ac6b1270ca994bd6 - - default default] 10.0.0.12 "DELETE /v2.0/vpn/endpoint-groups/67523f3b-aa78-43c8-8c9b-a8ee2bacfec1 HTTP/1.1" status: 204 len: 168 time: 0.0614259
2026-04-29 03:04:28.475 9 INFO neutron.api.wsgi [None req-925015be-799d-420c-8a07-47e4021d5f7a 1f4d135b0db34f38a0d9c7bc0101de78 669fb4251ecc4713ac6b1270ca994bd6 - - default default] 10.0.0.12 "GET /v2.0/vpn/endpoint-groups HTTP/1.1" status: 200 len: 1110 time: 0.0095592
2026-04-29 03:04:28.493 9 INFO neutron.api.wsgi [None req-d577134e-a035-4fed-bead-5dfd06a0fa52 1f4d135b0db34f38a0d9c7bc0101de78 669fb4251ecc4713ac6b1270ca994bd6 - - default default] 10.0.0.12 "GET /v2.0/vpn/endpoint-groups HTTP/1.1" status: 200 len: 1110 time: 0.0121207
2026-04-29 03:04:28.542 10 INFO neutron.api.wsgi [None req-aa2f58c9-3b5d-465d-8d06-fa1fe55b3996 1f4d135b0db34f38a0d9c7bc0101de78 669fb4251ecc4713ac6b1270ca994bd6 - - default default] 10.0.0.12 "DELETE /v2.0/vpn/endpoint-groups/e7bd5877-d1eb-4183-b395-cf6c6ff3efe9 HTTP/1.1" status: 204 len: 168 time: 0.0444660
2026-04-29 03:04:28.556 10 INFO neutron.api.wsgi [None req-bad6a4b4-c487-46fb-8e4f-d1602312caac 1f4d135b0db34f38a0d9c7bc0101de78 669fb4251ecc4713ac6b1270ca994bd6 - - default default] 10.0.0.12 "GET /v2.0/vpn/endpoint-groups HTTP/1.1" status: 200 len: 827 time: 0.0103211
2026-04-29 03:04:28.567 10 WARNING neutron_lib.context [None req-44a9331f-02eb-43dc-94c8-d16f1329ef66 1f4d135b0db34f38a0d9c7bc0101de78 669fb4251ecc4713ac6b1270ca994bd6 - - default default] Method 'is_advsvc' is deprecated since 2023.2 release (neutron-lib 3.8.0) and will be removed once support for the old RBAC API policies will be removed from Neutron. Please use method 'is_service_role' instead.
2026-04-29 03:04:28.606 9 INFO neutron.api.wsgi [req-5fd3e103-758e-42be-aaf5-8e4169702649 req-2d5ae06f-ebc3-4070-bc23-bbc34751929b 18ca057066aa4118823b996f325a9839 27f2eb8f63bf4b5cbcee868ae861c9ac - - default default] 10.0.0.46 "GET /v2.0/ports?device_id=b330c8e4-0aab-4925-9952-d89e55b8c77a HTTP/1.1" status: 200 len: 1172 time: 0.0423102
2026-04-29 03:04:28.629 10 INFO neutron.api.wsgi [None req-44a9331f-02eb-43dc-94c8-d16f1329ef66 1f4d135b0db34f38a0d9c7bc0101de78 669fb4251ecc4713ac6b1270ca994bd6 - - default default] 10.0.0.12 "POST /v2.0/vpn/endpoint-groups HTTP/1.1" status: 201 len: 500 time: 0.0653751
2026-04-29 03:04:28.638 10 WARNING neutron.api.v2.base [None req-85e2855b-ddb9-42ee-a622-d06448c72689 1f4d135b0db34f38a0d9c7bc0101de78 669fb4251ecc4713ac6b1270ca994bd6 - - default default] An exception happened while processing the request body. The exception message is [Failed to parse request. Required attribute 'peer_id' not specified].: webob.exc.HTTPBadRequest: Failed to parse request. Required attribute 'peer_id' not specified
2026-04-29 03:04:28.639 10 INFO neutron.api.v2.resource [None req-85e2855b-ddb9-42ee-a622-d06448c72689 1f4d135b0db34f38a0d9c7bc0101de78 669fb4251ecc4713ac6b1270ca994bd6 - - default default] create failed (client error): Failed to parse request. Required attribute 'peer_id' not specified
2026-04-29 03:04:28.641 10 INFO neutron.api.wsgi [None req-85e2855b-ddb9-42ee-a622-d06448c72689 1f4d135b0db34f38a0d9c7bc0101de78 669fb4251ecc4713ac6b1270ca994bd6 - - default default] 10.0.0.12 "POST /v2.0/vpn/ipsec-site-connections HTTP/1.1" status: 400 len: 343 time: 0.0065193
2026-04-29 03:04:28.658 10 INFO neutron.api.wsgi [None req-e3216ed3-2b64-4524-aa6f-253ce71c4255 1f4d135b0db34f38a0d9c7bc0101de78 669fb4251ecc4713ac6b1270ca994bd6 - - default default] 10.0.0.12 "GET /v2.0/vpn/endpoint-groups HTTP/1.1" status: 200 len: 1110 time: 0.0129035
2026-04-29 03:04:28.661 9 INFO neutron.api.wsgi [req-5fd3e103-758e-42be-aaf5-8e4169702649 req-d7ef5e77-2fbe-484a-a6d2-d1834f3bec07 18ca057066aa4118823b996f325a9839 27f2eb8f63bf4b5cbcee868ae861c9ac - - default default] 10.0.0.46 "GET /v2.0/security-groups?id=6d878c92-759c-4d42-b45f-7a33f4eb0637&fields=id&fields=name HTTP/1.1" status: 200 len: 286 time: 0.0486858
2026-04-29 03:04:28.688 10 INFO neutron.api.wsgi [None req-6b4c1cf1-a1d2-4aa8-9709-8fda85a13b3a 1f4d135b0db34f38a0d9c7bc0101de78 669fb4251ecc4713ac6b1270ca994bd6 - - default default] 10.0.0.12 "DELETE /v2.0/vpn/endpoint-groups/67a8f051-e84f-4672-affd-9acd99b7ef30 HTTP/1.1" status: 204 len: 168 time: 0.0234041
2026-04-29 03:04:28.709 10 INFO neutron.api.wsgi [None req-48dbf7fb-6b19-4460-9ba3-8bac3677be2d 1f4d135b0db34f38a0d9c7bc0101de78 669fb4251ecc4713ac6b1270ca994bd6 - - default default] 10.0.0.12 "GET /v2.0/vpn/endpoint-groups HTTP/1.1" status: 200 len: 827 time: 0.0118387
2026-04-29 03:04:28.724 10 WARNING neutron_lib.context [None req-6708d6d2-d920-45c5-9eac-72da126e08d4 1f4d135b0db34f38a0d9c7bc0101de78 669fb4251ecc4713ac6b1270ca994bd6 - - default default] Method 'is_advsvc' is deprecated since 2023.2 release (neutron-lib 3.8.0) and will be removed once support for the old RBAC API policies will be removed from Neutron. Please use method 'is_service_role' instead.
2026-04-29 03:04:28.738 9 INFO neutron.api.wsgi [req-da948c8e-8c36-4e87-b8c4-4f2b3ee10485 req-4cd34bfd-5c16-4019-b6e6-506c2fdfde5a 12fffdedbb1647be8e3aa7315a4eb847 e771c9caa2f9493cbfaba4d0ad4608ac - - c893072840914529953fbcb8af47df1e c893072840914529953fbcb8af47df1e] 199.204.45.25 "GET /v2.0/ports?tenant_id=8b5ed0604cd14225abc78ce3321662c1&device_id=cc4ac96e-b2cb-487d-bc6c-c10fc0502f7c HTTP/1.1" status: 200 len: 1407 time: 0.0384967
2026-04-29 03:04:28.761 10 INFO neutron.api.wsgi [None req-6708d6d2-d920-45c5-9eac-72da126e08d4 1f4d135b0db34f38a0d9c7bc0101de78 669fb4251ecc4713ac6b1270ca994bd6 - - default default] 10.0.0.12 "POST /v2.0/vpn/endpoint-groups HTTP/1.1" status: 201 len: 492 time: 0.0438111
2026-04-29 03:04:28.772 10 WARNING neutron.api.v2.base [None req-156ebac0-9dfa-4b86-baa8-6d26e6c17a4e 1f4d135b0db34f38a0d9c7bc0101de78 669fb4251ecc4713ac6b1270ca994bd6 - - default default] An exception happened while processing the request body. The exception message is [Failed to parse request. Required attribute 'peer_id' not specified].: webob.exc.HTTPBadRequest: Failed to parse request. Required attribute 'peer_id' not specified
2026-04-29 03:04:28.772 10 INFO neutron.api.v2.resource [None req-156ebac0-9dfa-4b86-baa8-6d26e6c17a4e 1f4d135b0db34f38a0d9c7bc0101de78 669fb4251ecc4713ac6b1270ca994bd6 - - default default] create failed (client error): Failed to parse request. Required attribute 'peer_id' not specified
2026-04-29 03:04:28.773 10 INFO neutron.api.wsgi [None req-156ebac0-9dfa-4b86-baa8-6d26e6c17a4e 1f4d135b0db34f38a0d9c7bc0101de78 669fb4251ecc4713ac6b1270ca994bd6 - - default default] 10.0.0.12 "POST /v2.0/vpn/ipsec-site-connections HTTP/1.1" status: 400 len: 343 time: 0.0055006
2026-04-29 03:04:28.795 10 INFO neutron.api.wsgi [None req-225ac947-ef34-4c99-99f3-e7661d427a97 1f4d135b0db34f38a0d9c7bc0101de78 669fb4251ecc4713ac6b1270ca994bd6 - - default default] 10.0.0.12 "GET /v2.0/vpn/endpoint-groups HTTP/1.1" status: 200 len: 1102 time: 0.0147307
2026-04-29 03:04:28.802 9 INFO neutron.api.wsgi [req-da948c8e-8c36-4e87-b8c4-4f2b3ee10485 req-54ca51ff-021b-4c86-8325-cf0d74c0756c 12fffdedbb1647be8e3aa7315a4eb847 e771c9caa2f9493cbfaba4d0ad4608ac - - c893072840914529953fbcb8af47df1e c893072840914529953fbcb8af47df1e] 199.204.45.25 "GET /v2.0/networks?tenant_id=8b5ed0604cd14225abc78ce3321662c1&shared=False HTTP/1.1" status: 200 len: 959 time: 0.0567889
2026-04-29 03:04:28.820 10 INFO neutron.api.wsgi [None req-f65a957e-fc90-4e49-ac16-a25894d0c84f 1f4d135b0db34f38a0d9c7bc0101de78 669fb4251ecc4713ac6b1270ca994bd6 - - default default] 10.0.0.12 "DELETE /v2.0/vpn/endpoint-groups/e3dcb439-bda7-4b54-a43a-64055aa1469a HTTP/1.1" status: 204 len: 168 time: 0.0210233
2026-04-29 03:04:28.837 10 INFO neutron.api.wsgi [None req-9794749e-af01-4c2f-8dc0-93a9bed6cd25 1f4d135b0db34f38a0d9c7bc0101de78 669fb4251ecc4713ac6b1270ca994bd6 - - default default] 10.0.0.12 "GET /v2.0/vpn/endpoint-groups HTTP/1.1" status: 200 len: 827 time: 0.0112405
2026-04-29 03:04:28.848 10 WARNING neutron_lib.context [None req-c9911d0f-1ebf-40b5-a636-9388e008c772 1f4d135b0db34f38a0d9c7bc0101de78 669fb4251ecc4713ac6b1270ca994bd6 - - default default] Method 'is_advsvc' is deprecated since 2023.2 release (neutron-lib 3.8.0) and will be removed once support for the old RBAC API policies will be removed from Neutron. Please use method 'is_service_role' instead.
2026-04-29 03:04:28.861 9 INFO neutron.api.wsgi [req-da948c8e-8c36-4e87-b8c4-4f2b3ee10485 req-2a03ecf0-7441-4454-905e-37dbfb7356f6 12fffdedbb1647be8e3aa7315a4eb847 e771c9caa2f9493cbfaba4d0ad4608ac - - c893072840914529953fbcb8af47df1e c893072840914529953fbcb8af47df1e] 199.204.45.25 "GET /v2.0/networks?shared=True HTTP/1.1" status: 200 len: 952 time: 0.0437355
2026-04-29 03:04:28.882 10 INFO neutron.api.wsgi [None req-c9911d0f-1ebf-40b5-a636-9388e008c772 1f4d135b0db34f38a0d9c7bc0101de78 669fb4251ecc4713ac6b1270ca994bd6 - - default default] 10.0.0.12 "POST /v2.0/vpn/endpoint-groups HTTP/1.1" status: 201 len: 489 time: 0.0387843
2026-04-29 03:04:28.891 10 WARNING neutron_lib.context [None req-04a77c34-92f5-41ab-ae35-4f6e0191a724 1f4d135b0db34f38a0d9c7bc0101de78 669fb4251ecc4713ac6b1270ca994bd6 - - default default] Method 'is_advsvc' is deprecated since 2023.2 release (neutron-lib 3.8.0) and will be removed once support for the old RBAC API policies will be removed from Neutron. Please use method 'is_service_role' instead.
2026-04-29 03:04:28.947 10 INFO neutron.api.wsgi [None req-04a77c34-92f5-41ab-ae35-4f6e0191a724 1f4d135b0db34f38a0d9c7bc0101de78 669fb4251ecc4713ac6b1270ca994bd6 - - default default] 10.0.0.12 "POST /v2.0/vpn/endpoint-groups HTTP/1.1" status: 201 len: 501 time: 0.0602937
2026-04-29 03:04:28.959 9 WARNING neutron_lib.context [None req-94840ecd-7264-4062-8586-5e0a831cb224 1f4d135b0db34f38a0d9c7bc0101de78 669fb4251ecc4713ac6b1270ca994bd6 - - default default] Method 'is_advsvc' is deprecated since 2023.2 release (neutron-lib 3.8.0) and will be removed once support for the old RBAC API policies will be removed from Neutron. Please use method 'is_service_role' instead.
2026-04-29 03:04:29.213 9 INFO neutron.api.wsgi [req-85ea94e8-97e4-4a79-8180-e6bc0eb74fe3 req-8c27b70b-08e3-4f54-bf24-41a9153717f4 19f9a64dee374bfd8eb875b4d831f5ba 8b5ed0604cd14225abc78ce3321662c1 - - default default] 10.0.0.46 "GET /v2.0/ports?device_id=cc4ac96e-b2cb-487d-bc6c-c10fc0502f7c HTTP/1.1" status: 200 len: 1168 time: 0.0528958
2026-04-29 03:04:29.219 9 WARNING neutron.plugins.ml2.drivers.ovn.mech_driver.ovsdb.ovn_client [None req-1f5f7616-a832-4670-844a-3c506f7b289e - - - - - -] No port found with ID 2eaedd36-ab2e-4d9b-b630-5894d5759145: RuntimeError: No port found with ID 2eaedd36-ab2e-4d9b-b630-5894d5759145
2026-04-29 03:04:29.239 9 INFO neutron.plugins.ml2.drivers.ovn.mech_driver.mech_driver [None req-1f5f7616-a832-4670-844a-3c506f7b289e - - - - - -] OVN reports status up for port: 5d4b9847-31f4-425a-aec8-1d2a885c752a
2026-04-29 03:04:29.254 9 INFO neutron.plugins.ml2.plugin [None req-1f5f7616-a832-4670-844a-3c506f7b289e - - - - - -] Attempt 1 to provision port 5d4b9847-31f4-425a-aec8-1d2a885c752a
2026-04-29 03:04:29.268 9 INFO neutron.api.wsgi [req-85ea94e8-97e4-4a79-8180-e6bc0eb74fe3 req-27c10d6c-d4db-481e-b37c-2e92964f2777 19f9a64dee374bfd8eb875b4d831f5ba 8b5ed0604cd14225abc78ce3321662c1 - - default default] 10.0.0.46 "GET /v2.0/security-groups?id=fa321acd-ae73-4c29-ac4d-53fd77e5f57a&fields=id&fields=name HTTP/1.1" status: 200 len: 312 time: 0.0509753
2026-04-29 03:04:29.527 9 INFO neutron.db.ovn_revision_numbers_db [None req-1f5f7616-a832-4670-844a-3c506f7b289e - - - - - -] Successfully bumped revision number for resource 5d4b9847-31f4-425a-aec8-1d2a885c752a (type: ports) to 5
2026-04-29 03:04:29.693 9 INFO neutron.db.ovn_revision_numbers_db [None req-94840ecd-7264-4062-8586-5e0a831cb224 1f4d135b0db34f38a0d9c7bc0101de78 669fb4251ecc4713ac6b1270ca994bd6 - - default default] Successfully bumped revision number for resource 4f113300-5190-4594-a27e-b971a635a22f (type: routers) to 6 /var/lib/openstack/lib/python3.12/site-packages/pycadf/identifier.py:71: UserWarning: Invalid uuid: neutron. To ensure interoperability, identifiers should be a valid uuid. warnings.warn(('Invalid uuid: %s. To ensure interoperability, '
2026-04-29 03:04:29.732 9 INFO neutron.api.wsgi [None req-94840ecd-7264-4062-8586-5e0a831cb224 1f4d135b0db34f38a0d9c7bc0101de78 669fb4251ecc4713ac6b1270ca994bd6 - - default default] 10.0.0.12 "POST /v2.0/vpn/ipsec-site-connections HTTP/1.1" status: 201 len: 1043 time: 0.7796872
2026-04-29 03:04:29.796 9 INFO neutron.api.wsgi [req-1ea8ae97-3013-4cf7-ad67-fa789dacd881 req-23832bb1-4467-42f7-ba18-1021471d418d 18ca057066aa4118823b996f325a9839 27f2eb8f63bf4b5cbcee868ae861c9ac - - default default] 10.0.0.46 "GET /v2.0/ports?device_id=b330c8e4-0aab-4925-9952-d89e55b8c77a HTTP/1.1" status: 200 len: 1174 time: 0.0828912
2026-04-29 03:04:29.802 10 WARNING neutron.plugins.ml2.drivers.ovn.mech_driver.ovsdb.ovn_client [None req-1b193ada-3c5d-4d69-8153-adb44fb09aa1 - - - - - -] No hosting information found for port 8e7525f8-bd7d-4d13-8aa0-e776b51742f4: RuntimeError: No hosting information found for port 8e7525f8-bd7d-4d13-8aa0-e776b51742f4
2026-04-29 03:04:29.838 9 INFO neutron.api.wsgi [req-1ea8ae97-3013-4cf7-ad67-fa789dacd881 req-9619dd86-048b-4eac-8003-ee1cf65fe76f 18ca057066aa4118823b996f325a9839 27f2eb8f63bf4b5cbcee868ae861c9ac - - default default] 10.0.0.46 "GET /v2.0/security-groups?id=6d878c92-759c-4d42-b45f-7a33f4eb0637&fields=id&fields=name HTTP/1.1" status: 200 len: 286 time: 0.0345790
2026-04-29 03:04:29.840 10 INFO neutron.plugins.ml2.drivers.ovn.mech_driver.mech_driver [None req-1b193ada-3c5d-4d69-8153-adb44fb09aa1 - - - - - -] OVN reports status up for port: 39936f01-dea0-4544-95a9-d463184e538b
2026-04-29 03:04:29.846 10 INFO neutron.plugins.ml2.plugin [None req-1b193ada-3c5d-4d69-8153-adb44fb09aa1 - - - - - -] Attempt 1 to provision port 39936f01-dea0-4544-95a9-d463184e538b
2026-04-29 03:04:29.939 9 INFO neutron.api.wsgi [req-41742cd0-4972-41c5-9b8b-783b13bcd8ff req-13ec1fe5-deb8-43d0-a038-ce34cc6bc495 12fffdedbb1647be8e3aa7315a4eb847 e771c9caa2f9493cbfaba4d0ad4608ac - - c893072840914529953fbcb8af47df1e c893072840914529953fbcb8af47df1e] 199.204.45.25 "GET /v2.0/ports?tenant_id=8b5ed0604cd14225abc78ce3321662c1&device_id=cc4ac96e-b2cb-487d-bc6c-c10fc0502f7c HTTP/1.1" status: 200 len: 1407 time: 0.0451505
2026-04-29 03:04:29.966 9 INFO neutron.api.wsgi [req-41742cd0-4972-41c5-9b8b-783b13bcd8ff req-d180ee30-62c4-4b39-a5ca-3cce06b4719d 12fffdedbb1647be8e3aa7315a4eb847 e771c9caa2f9493cbfaba4d0ad4608ac - - c893072840914529953fbcb8af47df1e c893072840914529953fbcb8af47df1e] 199.204.45.25 "GET /v2.0/floatingips?fixed_ip_address=10.100.0.9&port_id=a0b60961-7cf0-4448-be8d-67d3b8c5fdd8 HTTP/1.1" status: 200 len: 217 time: 0.0209508
2026-04-29 03:04:30.004 9 INFO neutron.api.wsgi [req-41742cd0-4972-41c5-9b8b-783b13bcd8ff req-c87d600d-737b-4afe-8eec-bebf127e994c 12fffdedbb1647be8e3aa7315a4eb847 e771c9caa2f9493cbfaba4d0ad4608ac - - c893072840914529953fbcb8af47df1e c893072840914529953fbcb8af47df1e] 199.204.45.25 "GET /v2.0/subnets?id=47ad47fd-5515-4b27-b459-832678f00cfb HTTP/1.1" status: 200 len: 876 time: 0.0298121
2026-04-29 03:04:30.027 9 INFO neutron.api.wsgi [req-41742cd0-4972-41c5-9b8b-783b13bcd8ff req-ad4740ba-3c82-4b64-95be-2be3c63a41ee 12fffdedbb1647be8e3aa7315a4eb847 e771c9caa2f9493cbfaba4d0ad4608ac - - c893072840914529953fbcb8af47df1e c893072840914529953fbcb8af47df1e] 199.204.45.25 "GET /v2.0/ports?network_id=df2dc419-a400-4d43-824b-6b1baa6e1760&device_owner=network%3Adhcp HTTP/1.1" status: 200 len: 210 time: 0.0195627
2026-04-29 03:04:30.100 9 INFO neutron.api.wsgi [req-41742cd0-4972-41c5-9b8b-783b13bcd8ff req-8facc86d-450c-4af0-8825-d70e7fde0cc8 12fffdedbb1647be8e3aa7315a4eb847 e771c9caa2f9493cbfaba4d0ad4608ac - - c893072840914529953fbcb8af47df1e c893072840914529953fbcb8af47df1e] 199.204.45.25 "GET /v2.0/networks/df2dc419-a400-4d43-824b-6b1baa6e1760?fields=segments HTTP/1.1" status: 200 len: 212 time: 0.0688615
2026-04-29 03:04:30.177 9 INFO neutron.api.wsgi [req-41742cd0-4972-41c5-9b8b-783b13bcd8ff req-07870ea2-6f3e-47a8-b830-968413c5671c 12fffdedbb1647be8e3aa7315a4eb847 e771c9caa2f9493cbfaba4d0ad4608ac - - c893072840914529953fbcb8af47df1e c893072840914529953fbcb8af47df1e] 199.204.45.25 "GET /v2.0/networks/df2dc419-a400-4d43-824b-6b1baa6e1760?fields=provider%3Aphysical_network&fields=provider%3Anetwork_type HTTP/1.1" status: 200 len: 277 time: 0.0670390
2026-04-29 03:04:30.218 9 INFO neutron.notifiers.nova [-] Nova event matching ['req-5d65dc15-0d65-49bb-8683-f6462138f0dd'] response: {'server_uuid': 'b330c8e4-0aab-4925-9952-d89e55b8c77a', 'name': 'network-vif-plugged', 'status': 'completed', 'tag': '5d4b9847-31f4-425a-aec8-1d2a885c752a', 'code': 200}
2026-04-29 03:04:30.219 9 INFO neutron.notifiers.nova [-] Nova event matching ['req-5d65dc15-0d65-49bb-8683-f6462138f0dd'] response: {'server_uuid': 'b330c8e4-0aab-4925-9952-d89e55b8c77a', 'name': 'network-vif-plugged', 'status': 'completed', 'tag': '5d4b9847-31f4-425a-aec8-1d2a885c752a', 'code': 200}
2026-04-29 03:04:30.254 10 INFO neutron.db.ovn_revision_numbers_db [None req-1b193ada-3c5d-4d69-8153-adb44fb09aa1 - - - - - -] Successfully bumped revision number for resource 39936f01-dea0-4544-95a9-d463184e538b (type: ports) to 2
2026-04-29 03:04:30.361 9 INFO neutron.db.ovn_revision_numbers_db [None req-3df356b9-cf49-4e0d-a2d0-2935f1466ec9 1f4d135b0db34f38a0d9c7bc0101de78 669fb4251ecc4713ac6b1270ca994bd6 - - default default] Successfully bumped revision number for resource 4f113300-5190-4594-a27e-b971a635a22f (type: routers) to 7
2026-04-29 03:04:30.377 9 INFO neutron.api.wsgi [req-7e455a22-628f-4095-9199-a3149d79c75a req-ade6b9cb-752e-4eaa-86b6-8ed69f07fef5 19f9a64dee374bfd8eb875b4d831f5ba 8b5ed0604cd14225abc78ce3321662c1 - - default default] 10.0.0.46 "GET /v2.0/ports?device_id=cc4ac96e-b2cb-487d-bc6c-c10fc0502f7c HTTP/1.1" status: 200 len: 1168 time: 0.0355058
2026-04-29 03:04:30.383 9 INFO neutron.api.wsgi [None req-3df356b9-cf49-4e0d-a2d0-2935f1466ec9 1f4d135b0db34f38a0d9c7bc0101de78 669fb4251ecc4713ac6b1270ca994bd6 - - default default] 10.0.0.12 "DELETE /v2.0/vpn/ipsec-site-connections/d93f9842-cf52-4a32-84d3-c7d51280366a HTTP/1.1" status: 204 len: 168 time: 0.6455235
2026-04-29 03:04:30.406 10 INFO neutron.api.wsgi [None req-61de8768-d519-402d-9ec2-f891f2faca40 1f4d135b0db34f38a0d9c7bc0101de78 669fb4251ecc4713ac6b1270ca994bd6 - - default default] 10.0.0.12 "GET /v2.0/vpn/ipsec-site-connections HTTP/1.1" status: 200 len: 990 time: 0.0172882
2026-04-29 03:04:30.412 9 INFO neutron.api.wsgi [req-7e455a22-628f-4095-9199-a3149d79c75a req-de3184dd-3e29-4b28-8f93-2ad54db38d2a 19f9a64dee374bfd8eb875b4d831f5ba 8b5ed0604cd14225abc78ce3321662c1 - - default default] 10.0.0.46 "GET /v2.0/security-groups?id=fa321acd-ae73-4c29-ac4d-53fd77e5f57a&fields=id&fields=name HTTP/1.1" status: 200 len: 312 time: 0.0284536
2026-04-29 03:04:30.420 10 INFO neutron.api.v2.resource [None req-c5aeceeb-617d-4f9c-a407-6e21ed748c6e 1f4d135b0db34f38a0d9c7bc0101de78 669fb4251ecc4713ac6b1270ca994bd6 - - default default] delete failed (client error): The resource could not be found.
2026-04-29 03:04:30.422 10 INFO neutron.api.wsgi [None req-c5aeceeb-617d-4f9c-a407-6e21ed748c6e 1f4d135b0db34f38a0d9c7bc0101de78 669fb4251ecc4713ac6b1270ca994bd6 - - default default] 10.0.0.12 "DELETE /v2.0/vpn/ipsec-site-connections/d93f9842-cf52-4a32-84d3-c7d51280366a HTTP/1.1" status: 404 len: 355 time: 0.0111454
2026-04-29 03:04:30.442 10 INFO neutron.api.wsgi [None req-e60438e3-eecd-4dbc-ae5d-eadbfb93b6a9 1f4d135b0db34f38a0d9c7bc0101de78 669fb4251ecc4713ac6b1270ca994bd6 - - default default] 10.0.0.12 "GET /v2.0/vpn/endpoint-groups HTTP/1.1" status: 200 len: 1384 time: 0.0148568
2026-04-29 03:04:30.467 10 INFO neutron.api.wsgi [None req-3236e493-3ba2-449f-aae1-a8efa13b1c8e 1f4d135b0db34f38a0d9c7bc0101de78 669fb4251ecc4713ac6b1270ca994bd6 - - default default] 10.0.0.12 "DELETE /v2.0/vpn/endpoint-groups/6903b448-aedb-4276-a254-92be48839c7f HTTP/1.1" status: 204 len: 168 time: 0.0210676
2026-04-29 03:04:30.490 10 INFO neutron.api.wsgi [None req-984c3e1b-e681-44fe-b6d7-29abec30e499 1f4d135b0db34f38a0d9c7bc0101de78 669fb4251ecc4713ac6b1270ca994bd6 - - default default] 10.0.0.12 "GET /v2.0/vpn/endpoint-groups HTTP/1.1" status: 200 len: 1099 time: 0.0084193
2026-04-29 03:04:30.504 10 INFO neutron.api.wsgi [None req-4367b15a-6ef4-473d-b51b-9ba08ed050cf 1f4d135b0db34f38a0d9c7bc0101de78 669fb4251ecc4713ac6b1270ca994bd6 - - default default] 10.0.0.12 "GET /v2.0/vpn/endpoint-groups HTTP/1.1" status: 200 len: 1099 time: 0.0095785
2026-04-29 03:04:30.533 10 INFO neutron.api.wsgi [None req-916dde9d-b287-4728-ae53-f0b3613c1866 1f4d135b0db34f38a0d9c7bc0101de78 669fb4251ecc4713ac6b1270ca994bd6 - - default default] 10.0.0.12 "DELETE /v2.0/vpn/endpoint-groups/d07def46-6142-4876-965b-fab38aa5d352 HTTP/1.1" status: 204 len: 168 time: 0.0248544
2026-04-29 03:04:30.547 10 INFO neutron.api.wsgi [None req-8bca0c51-2b29-4dbf-adbe-84faca23cc6e 1f4d135b0db34f38a0d9c7bc0101de78 669fb4251ecc4713ac6b1270ca994bd6 - - default default] 10.0.0.12 "GET /v2.0/vpn/endpoint-groups HTTP/1.1" status: 200 len: 827 time: 0.0105131
2026-04-29 03:04:30.558 10 WARNING neutron_lib.context [None req-6ee514f8-507a-4649-8595-e1b58b8520e5 1f4d135b0db34f38a0d9c7bc0101de78 669fb4251ecc4713ac6b1270ca994bd6 - - default default] Method 'is_advsvc' is deprecated since 2023.2 release (neutron-lib 3.8.0) and will be removed once support for the old RBAC API policies will be removed from Neutron. Please use method 'is_service_role' instead.
2026-04-29 03:04:30.949 9 INFO neutron.api.wsgi [req-44556d4b-2f35-4243-9b21-370409346df8 req-4b76c009-5c35-4be3-8e21-8737b19b8e3b 18ca057066aa4118823b996f325a9839 27f2eb8f63bf4b5cbcee868ae861c9ac - - default default] 10.0.0.46 "GET /v2.0/ports?device_id=b330c8e4-0aab-4925-9952-d89e55b8c77a HTTP/1.1" status: 200 len: 1174 time: 0.0419781
2026-04-29 03:04:30.997 9 INFO neutron.api.wsgi [req-44556d4b-2f35-4243-9b21-370409346df8 req-ec47e4b1-afa5-4d02-807d-a714f277b9c6 18ca057066aa4118823b996f325a9839 27f2eb8f63bf4b5cbcee868ae861c9ac - - default default] 10.0.0.46 "GET /v2.0/security-groups?id=6d878c92-759c-4d42-b45f-7a33f4eb0637&fields=id&fields=name HTTP/1.1" status: 200 len: 286 time: 0.0427389
2026-04-29 03:04:31.178 10 INFO neutron.db.ovn_revision_numbers_db [None req-6ee514f8-507a-4649-8595-e1b58b8520e5 1f4d135b0db34f38a0d9c7bc0101de78 669fb4251ecc4713ac6b1270ca994bd6 - - default default] Successfully bumped revision number for resource 4f113300-5190-4594-a27e-b971a635a22f (type: routers) to 8
2026-04-29 03:04:31.209 10 INFO neutron.api.wsgi [None req-6ee514f8-507a-4649-8595-e1b58b8520e5 1f4d135b0db34f38a0d9c7bc0101de78 669fb4251ecc4713ac6b1270ca994bd6 - - default default] 10.0.0.12 "POST /v2.0/vpn/ipsec-site-connections HTTP/1.1" status: 201 len: 1004 time: 0.6563680
2026-04-29 03:04:31.507 9 INFO neutron.api.wsgi [req-ffa92ed4-89e8-4012-997a-f07b647e68bd req-57eedc93-98aa-4a83-a236-5d420e50e5bc 19f9a64dee374bfd8eb875b4d831f5ba 8b5ed0604cd14225abc78ce3321662c1 - - default default] 10.0.0.46 "GET /v2.0/ports?device_id=cc4ac96e-b2cb-487d-bc6c-c10fc0502f7c HTTP/1.1" status: 200 len: 1168 time: 0.0405109
2026-04-29 03:04:31.551 9 INFO neutron.api.wsgi [req-ffa92ed4-89e8-4012-997a-f07b647e68bd req-8dfe68c4-5436-421d-9ee1-0c8c6cd4ed7a 19f9a64dee374bfd8eb875b4d831f5ba 8b5ed0604cd14225abc78ce3321662c1 - - default default] 10.0.0.46 "GET /v2.0/security-groups?id=fa321acd-ae73-4c29-ac4d-53fd77e5f57a&fields=id&fields=name HTTP/1.1" status: 200 len: 312 time: 0.0366387
2026-04-29 03:04:31.745 10 INFO neutron.db.ovn_revision_numbers_db [None req-8118874f-6f9f-46bf-a7ae-de8b8b2ff371 1f4d135b0db34f38a0d9c7bc0101de78 669fb4251ecc4713ac6b1270ca994bd6 - - default default] Successfully bumped revision number for resource 4f113300-5190-4594-a27e-b971a635a22f (type: routers) to 9
2026-04-29 03:04:31.784 10 INFO neutron.api.wsgi [None req-8118874f-6f9f-46bf-a7ae-de8b8b2ff371 1f4d135b0db34f38a0d9c7bc0101de78 669fb4251ecc4713ac6b1270ca994bd6 - - default default] 10.0.0.12 "DELETE /v2.0/vpn/ipsec-site-connections/171ae480-2e61-4457-a518-739ea59c3528 HTTP/1.1" status: 204 len: 168 time: 0.5684338
2026-04-29 03:04:31.799 10 INFO neutron.api.wsgi [None req-019f8a24-2b41-4a7b-a13e-9af2d35602d0 1f4d135b0db34f38a0d9c7bc0101de78 669fb4251ecc4713ac6b1270ca994bd6 - - default default] 10.0.0.12 "GET /v2.0/vpn/ipsec-site-connections HTTP/1.1" status: 200 len: 990 time: 0.0099931
2026-04-29 03:04:31.818 9 INFO neutron.api.v2.resource [None req-447ce9f6-3b9c-46de-b676-07a5a0e5c1b2 1f4d135b0db34f38a0d9c7bc0101de78 669fb4251ecc4713ac6b1270ca994bd6 - - default default] delete failed (client error): The resource could not be found.
2026-04-29 03:04:31.820 9 INFO neutron.api.wsgi [None req-447ce9f6-3b9c-46de-b676-07a5a0e5c1b2 1f4d135b0db34f38a0d9c7bc0101de78 669fb4251ecc4713ac6b1270ca994bd6 - - default default] 10.0.0.12 "DELETE /v2.0/vpn/ipsec-site-connections/171ae480-2e61-4457-a518-739ea59c3528 HTTP/1.1" status: 404 len: 355 time: 0.0141013
2026-04-29 03:04:31.832 9 WARNING neutron_lib.context [None req-45e5e15d-430c-4be0-b495-c5afc1618e82 1f4d135b0db34f38a0d9c7bc0101de78 669fb4251ecc4713ac6b1270ca994bd6 - - default default] Method 'is_advsvc' is deprecated since 2023.2 release (neutron-lib 3.8.0) and will be removed once support for the old RBAC API policies will be removed from Neutron. Please use method 'is_service_role' instead.
2026-04-29 03:04:31.877 9 INFO neutron.api.wsgi [None req-45e5e15d-430c-4be0-b495-c5afc1618e82 1f4d135b0db34f38a0d9c7bc0101de78 669fb4251ecc4713ac6b1270ca994bd6 - - default default] 10.0.0.12 "POST /v2.0/vpn/endpoint-groups HTTP/1.1" status: 201 len: 488 time: 0.0508051
2026-04-29 03:04:31.901 9 INFO neutron.api.wsgi [None req-517fe118-db31-4fd2-81b0-571249179019 1f4d135b0db34f38a0d9c7bc0101de78 669fb4251ecc4713ac6b1270ca994bd6 - - default default] 10.0.0.12 "PUT /v2.0/vpn/endpoint-groups/c5e1c1db-996b-4210-bc62-eae695b78289 HTTP/1.1" status: 200 len: 483 time: 0.0182405
2026-04-29 03:04:31.915 9 INFO neutron.api.wsgi [None req-55052ae0-93f8-43ee-bf9d-61eeaa0d6b25 1f4d135b0db34f38a0d9c7bc0101de78 669fb4251ecc4713ac6b1270ca994bd6 - - default default] 10.0.0.12 "GET /v2.0/vpn/endpoint-groups/c5e1c1db-996b-4210-bc62-eae695b78289 HTTP/1.1" status: 200 len: 483 time: 0.0090280
2026-04-29 03:04:31.945 9 INFO neutron.api.wsgi [None req-d1e16e49-8c90-4e03-9d99-f21fff9b5dff 1f4d135b0db34f38a0d9c7bc0101de78 669fb4251ecc4713ac6b1270ca994bd6 - - default default] 10.0.0.12 "DELETE /v2.0/vpn/endpoint-groups/c5e1c1db-996b-4210-bc62-eae695b78289 HTTP/1.1" status: 204 len: 168 time: 0.0252180
2026-04-29 03:04:31.963 10 INFO neutron.api.wsgi [None req-8883699a-4650-4f1f-8737-4cd8f50b6de7 1f4d135b0db34f38a0d9c7bc0101de78 669fb4251ecc4713ac6b1270ca994bd6 - - default default] 10.0.0.12 "GET /v2.0/vpn/endpoint-groups HTTP/1.1" status: 200 len: 827 time: 0.0117011
2026-04-29 03:04:31.980 10 INFO neutron.api.wsgi [None req-d0a6d5c2-44b7-42d6-9d3b-e6d9484cb80f 1f4d135b0db34f38a0d9c7bc0101de78 669fb4251ecc4713ac6b1270ca994bd6 - - default default] 10.0.0.12 "GET /v2.0/vpn/endpoint-groups HTTP/1.1" status: 200 len: 827 time: 0.0121913
2026-04-29 03:04:31.991 10 WARNING neutron_lib.context [None req-28fa667a-246c-4797-9189-0da1b9aab9fd 1f4d135b0db34f38a0d9c7bc0101de78 669fb4251ecc4713ac6b1270ca994bd6 - - default default] Method 'is_advsvc' is deprecated since 2023.2 release (neutron-lib 3.8.0) and will be removed once support for the old RBAC API policies will be removed from Neutron. Please use method 'is_service_role' instead.
2026-04-29 03:04:32.028 10 INFO neutron.api.wsgi [None req-28fa667a-246c-4797-9189-0da1b9aab9fd 1f4d135b0db34f38a0d9c7bc0101de78 669fb4251ecc4713ac6b1270ca994bd6 - - default default] 10.0.0.12 "POST /v2.0/vpn/ikepolicies HTTP/1.1" status: 201 len: 602 time: 0.0415516
2026-04-29 03:04:32.067 10 INFO neutron.api.wsgi [None req-8643bc95-72b3-43cd-94e1-75651d2c6743 1f4d135b0db34f38a0d9c7bc0101de78 669fb4251ecc4713ac6b1270ca994bd6 - - default default] 10.0.0.12 "PUT /v2.0/vpn/ikepolicies/3a98c5a2-d3fd-4b04-a775-d0cbb8d4b2d0 HTTP/1.1" status: 200 len: 612 time: 0.0341103
2026-04-29 03:04:32.088 9 INFO neutron.api.wsgi [None req-c3225361-a1cf-4c78-a91b-4738e85408e8 1f4d135b0db34f38a0d9c7bc0101de78 669fb4251ecc4713ac6b1270ca994bd6 - - default default] 10.0.0.12 "GET /v2.0/vpn/ikepolicies/3a98c5a2-d3fd-4b04-a775-d0cbb8d4b2d0 HTTP/1.1" status: 200 len: 612 time: 0.0157712
2026-04-29 03:04:32.107 9 INFO neutron.api.wsgi [req-642aae45-7c21-4d7a-b54c-893a88d09d32 req-e5066f92-f6f3-4cb3-a435-40bddc73c9e8 18ca057066aa4118823b996f325a9839 27f2eb8f63bf4b5cbcee868ae861c9ac - - default default] 10.0.0.46 "GET /v2.0/ports?device_id=b330c8e4-0aab-4925-9952-d89e55b8c77a HTTP/1.1" status: 200 len: 1174 time: 0.0464685
2026-04-29 03:04:32.124 9 INFO neutron.api.wsgi [None req-7389b8ab-efe3-4486-915f-c50ab1c69406 1f4d135b0db34f38a0d9c7bc0101de78 669fb4251ecc4713ac6b1270ca994bd6 - - default default] 10.0.0.12 "DELETE /v2.0/vpn/ikepolicies/3a98c5a2-d3fd-4b04-a775-d0cbb8d4b2d0 HTTP/1.1" status: 204 len: 168 time: 0.0307465
2026-04-29 03:04:32.142 10 INFO neutron.api.wsgi [None req-aaf308d5-ebb3-49bf-a7c3-68ae4a2a068b 1f4d135b0db34f38a0d9c7bc0101de78 669fb4251ecc4713ac6b1270ca994bd6 - - default default] 10.0.0.12 "GET /v2.0/vpn/ikepolicies HTTP/1.1" status: 200 len: 602 time: 0.0122840
2026-04-29 03:04:32.150 9 INFO neutron.api.wsgi [req-642aae45-7c21-4d7a-b54c-893a88d09d32 req-c16a55d6-8f0d-4695-8b83-65cb4c1c387e 18ca057066aa4118823b996f325a9839 27f2eb8f63bf4b5cbcee868ae861c9ac - - default default] 10.0.0.46 "GET /v2.0/security-groups?id=6d878c92-759c-4d42-b45f-7a33f4eb0637&fields=id&fields=name HTTP/1.1" status: 200 len: 286 time: 0.0359876
2026-04-29 03:04:32.157 10 INFO neutron.api.wsgi [None req-85d6ab1f-6862-4519-ac2b-3fb7c1040fcd 1f4d135b0db34f38a0d9c7bc0101de78 669fb4251ecc4713ac6b1270ca994bd6 - - default default] 10.0.0.12 "GET /v2.0/vpn/ikepolicies HTTP/1.1" status: 200 len: 602 time: 0.0093861
2026-04-29 03:04:32.178 9 WARNING neutron_lib.context [None req-197e3fad-9e3f-42a4-9bb8-36d538ca29dc 1f4d135b0db34f38a0d9c7bc0101de78 669fb4251ecc4713ac6b1270ca994bd6 - - default default] Method 'is_advsvc' is deprecated since 2023.2 release (neutron-lib 3.8.0) and will be removed once support for the old RBAC API policies will be removed from Neutron. Please use method 'is_service_role' instead.
2026-04-29 03:04:32.229 9 INFO neutron.api.wsgi [None req-197e3fad-9e3f-42a4-9bb8-36d538ca29dc 1f4d135b0db34f38a0d9c7bc0101de78 669fb4251ecc4713ac6b1270ca994bd6 - - default default] 10.0.0.12 "POST /v2.0/vpn/ipsecpolicies HTTP/1.1" status: 201 len: 611 time: 0.0551176
2026-04-29 03:04:32.283 9 INFO neutron.api.wsgi [None req-ad21abd9-6f5d-42a1-b331-4110bcc67ba7 1f4d135b0db34f38a0d9c7bc0101de78 669fb4251ecc4713ac6b1270ca994bd6 - - default default] 10.0.0.12 "PUT /v2.0/vpn/ipsecpolicies/476e1331-fccd-4095-befd-897527d2c383 HTTP/1.1" status: 200 len: 625 time: 0.0486946
2026-04-29 03:04:32.332 9 INFO neutron.plugins.ml2.drivers.ovn.mech_driver.mech_driver [None req-4c7411a6-6324-4f8c-82ed-ddaa915f04de - - - - - -] OVN reports status up for port: a0b60961-7cf0-4448-be8d-67d3b8c5fdd8
2026-04-29 03:04:32.342 9 INFO neutron.api.wsgi [None req-2c67f342-d5e7-4d87-9c3d-7a59719d18b4 1f4d135b0db34f38a0d9c7bc0101de78 669fb4251ecc4713ac6b1270ca994bd6 - - default default] 10.0.0.12 "DELETE /v2.0/vpn/ipsecpolicies/476e1331-fccd-4095-befd-897527d2c383 HTTP/1.1" status: 204 len: 168 time: 0.0487835
2026-04-29 03:04:32.344 9 INFO neutron.plugins.ml2.plugin [None req-4c7411a6-6324-4f8c-82ed-ddaa915f04de - - - - - -] Attempt 1 to provision port a0b60961-7cf0-4448-be8d-67d3b8c5fdd8
2026-04-29 03:04:32.357 10 INFO neutron.api.v2.resource [None req-9b13c9ac-0e3f-426f-a221-632bc9ac3764 1f4d135b0db34f38a0d9c7bc0101de78 669fb4251ecc4713ac6b1270ca994bd6 - - default default] delete failed (client error): The resource could not be found.
2026-04-29 03:04:32.359 10 INFO neutron.api.wsgi [None req-9b13c9ac-0e3f-426f-a221-632bc9ac3764 1f4d135b0db34f38a0d9c7bc0101de78 669fb4251ecc4713ac6b1270ca994bd6 - - default default] 10.0.0.12 "DELETE /v2.0/vpn/ipsecpolicies/476e1331-fccd-4095-befd-897527d2c383 HTTP/1.1" status: 404 len: 346 time: 0.0097022
2026-04-29 03:04:32.371 9 INFO neutron.api.v2.resource [None req-86dae802-0ba7-45e7-a1b6-c678e8625d06 1f4d135b0db34f38a0d9c7bc0101de78 669fb4251ecc4713ac6b1270ca994bd6 - - default default] delete failed (client error): The resource could not be found.
2026-04-29 03:04:32.372 9 INFO neutron.api.wsgi [None req-86dae802-0ba7-45e7-a1b6-c678e8625d06 1f4d135b0db34f38a0d9c7bc0101de78 669fb4251ecc4713ac6b1270ca994bd6 - - default default] 10.0.0.12 "DELETE /v2.0/vpn/ipsecpolicies/476e1331-fccd-4095-befd-897527d2c383 HTTP/1.1" status: 404 len: 346 time: 0.0104489
2026-04-29 03:04:32.383 9 WARNING neutron_lib.context [None req-68cdc358-eeec-46e0-9371-1aa54075b0cd 1f4d135b0db34f38a0d9c7bc0101de78 669fb4251ecc4713ac6b1270ca994bd6 - - default default] Method 'is_advsvc' is deprecated since 2023.2 release (neutron-lib 3.8.0) and will be removed once support for the old RBAC API policies will be removed from Neutron. Please use method 'is_service_role' instead.
