2026-04-29 03:03:51.450 9 INFO neutron.db.ovn_revision_numbers_db [None req-40f33f9d-d93a-4fa8-b858-e81e39acf3c4 45838914cf094bb98e632533d17f3bec e09d896d361b458f9eb19563cbea9b34 - - default default] Successfully bumped revision number for resource 0cd3842d-dc18-471b-bea1-d7596de9f42e (type: ports) to 1
2026-04-29 03:03:51.492 9 INFO neutron.api.wsgi [None req-40f33f9d-d93a-4fa8-b858-e81e39acf3c4 45838914cf094bb98e632533d17f3bec e09d896d361b458f9eb19563cbea9b34 - - default default] 10.0.0.12 "POST /v2.0/networks HTTP/1.1" status: 201 len: 831 time: 1.0032322
2026-04-29 03:03:51.496 9 WARNING neutron.scheduler.dhcp_agent_scheduler [None req-cd77bb9a-462e-44b0-9ce1-e86434aa9565 19f9a64dee374bfd8eb875b4d831f5ba 8b5ed0604cd14225abc78ce3321662c1 - - default default] No more DHCP agents
2026-04-29 03:03:51.498 9 WARNING neutron.api.rpc.agentnotifiers.dhcp_rpc_agent_api [None req-cd77bb9a-462e-44b0-9ce1-e86434aa9565 19f9a64dee374bfd8eb875b4d831f5ba 8b5ed0604cd14225abc78ce3321662c1 - - default default] Unable to schedule network df2dc419-a400-4d43-824b-6b1baa6e1760: no agents available; will retry on subsequent port and subnet creation events.
2026-04-29 03:03:51.544 10 INFO neutron.api.wsgi [None req-bc2279b1-84a9-4688-b035-f83e7d9f9c95 45838914cf094bb98e632533d17f3bec e09d896d361b458f9eb19563cbea9b34 - - default default] 10.0.0.12 "PUT /v2.0/networks/c674c420-96f6-4f1e-9d55-5d3d3cb621cc/tags HTTP/1.1" status: 200 len: 218 time: 0.0449908
2026-04-29 03:03:51.576 10 INFO neutron.api.wsgi [None req-17baf6c3-1c8b-4a28-b849-8031a535c5c8 45838914cf094bb98e632533d17f3bec e09d896d361b458f9eb19563cbea9b34 - - default default] 10.0.0.12 "GET /v2.0/networks/c674c420-96f6-4f1e-9d55-5d3d3cb621cc/tags HTTP/1.1" status: 200 len: 218 time: 0.0246675
2026-04-29 03:03:51.577 10 WARNING neutron.scheduler.dhcp_agent_scheduler [None req-9cde7aaf-6c95-4218-abeb-fd987ed68d30 bbd314a95daa4962a9e8a595453e8aeb f723f22b4ddf49e094b46249d3018a71 - - default default] No more DHCP agents
2026-04-29 03:03:51.578 10 WARNING neutron.api.rpc.agentnotifiers.dhcp_rpc_agent_api [None req-9cde7aaf-6c95-4218-abeb-fd987ed68d30 bbd314a95daa4962a9e8a595453e8aeb f723f22b4ddf49e094b46249d3018a71 - - default default] Unable to schedule network 6f286340-5e96-43ad-a43c-1e9ed3a2a797: no agents available; will retry on subsequent port and subnet creation events.
2026-04-29 03:03:51.634 10 INFO neutron.api.wsgi [None req-250f08c5-64d8-450a-bd8f-65dcbafc99da 45838914cf094bb98e632533d17f3bec e09d896d361b458f9eb19563cbea9b34 - - default default] 10.0.0.12 "PUT /v2.0/networks/c674c420-96f6-4f1e-9d55-5d3d3cb621cc/tags/green HTTP/1.1" status: 201 len: 201 time: 0.0537877
2026-04-29 03:03:51.655 10 INFO neutron.db.ovn_revision_numbers_db [None req-9cde7aaf-6c95-4218-abeb-fd987ed68d30 bbd314a95daa4962a9e8a595453e8aeb f723f22b4ddf49e094b46249d3018a71 - - default default] Successfully bumped revision number for resource fd85ec67-c92f-4e96-bd12-d9eca56e9ea7 (type: ports) to 1
2026-04-29 03:03:51.671 10 INFO neutron.api.wsgi [None req-3c3f195d-01a7-40ad-8ce0-a5ae00546a46 45838914cf094bb98e632533d17f3bec e09d896d361b458f9eb19563cbea9b34 - - default default] 10.0.0.12 "GET /v2.0/networks/c674c420-96f6-4f1e-9d55-5d3d3cb621cc/tags HTTP/1.1" status: 200 len: 227 time: 0.0318027
2026-04-29 03:03:51.676 10 INFO neutron.api.wsgi [None req-9cde7aaf-6c95-4218-abeb-fd987ed68d30 bbd314a95daa4962a9e8a595453e8aeb f723f22b4ddf49e094b46249d3018a71 - - default default] 10.0.0.12 "POST /v2.0/networks HTTP/1.1" status: 201 len: 848 time: 0.4931302
2026-04-29 03:03:51.686 10 WARNING neutron_lib.context [None req-fbac1c45-7b24-439d-bd9f-8f6398f07826 bbd314a95daa4962a9e8a595453e8aeb f723f22b4ddf49e094b46249d3018a71 - - default default] Method 'is_advsvc' is deprecated since 2023.2 release (neutron-lib 3.8.0) and will be removed once support for the old RBAC API policies will be removed from Neutron. Please use method 'is_service_role' instead.
2026-04-29 03:03:51.707 10 INFO neutron.api.wsgi [None req-b57a3300-1ef6-46a1-8377-b405b347418e 45838914cf094bb98e632533d17f3bec e09d896d361b458f9eb19563cbea9b34 - - default default] 10.0.0.12 "PUT /v2.0/networks/c674c420-96f6-4f1e-9d55-5d3d3cb621cc/tags/red HTTP/1.1" status: 201 len: 201 time: 0.0303729
2026-04-29 03:03:51.710 10 WARNING neutron_lib.context [None req-fbac1c45-7b24-439d-bd9f-8f6398f07826 bbd314a95daa4962a9e8a595453e8aeb f723f22b4ddf49e094b46249d3018a71 - - default default] Method 'is_advsvc' is deprecated since 2023.2 release (neutron-lib 3.8.0) and will be removed once support for the old RBAC API policies will be removed from Neutron. Please use method 'is_service_role' instead.
2026-04-29 03:03:51.738 10 INFO neutron.api.wsgi [None req-86a9a526-74dc-49ad-a622-5a4f09a68210 45838914cf094bb98e632533d17f3bec e09d896d361b458f9eb19563cbea9b34 - - default default] 10.0.0.12 "GET /v2.0/networks/c674c420-96f6-4f1e-9d55-5d3d3cb621cc/tags HTTP/1.1" status: 200 len: 227 time: 0.0267615
2026-04-29 03:03:51.749 9 INFO neutron.api.wsgi [None req-efb6c178-207f-4cc5-b015-b023334fb29e 7eee3c98257e4334bda7dd0de7948430 94bf5ec8ebf840068a1953b5a168c7e0 - - default default] 10.0.0.12 "DELETE /v2.0/networks/f73cad48-7781-498b-b699-2127d15c1f48 HTTP/1.1" status: 204 len: 168 time: 0.5214183
2026-04-29 03:03:51.790 10 INFO neutron.api.wsgi [None req-c8f4f264-b0c6-466d-a9b3-e3fbfe866553 45838914cf094bb98e632533d17f3bec e09d896d361b458f9eb19563cbea9b34 - - default default] 10.0.0.12 "PUT /v2.0/networks/c674c420-96f6-4f1e-9d55-5d3d3cb621cc/tags/black.or.white HTTP/1.1" status: 201 len: 201 time: 0.0457339
2026-04-29 03:03:51.854 9 INFO neutron.api.wsgi [None req-04e412ad-3772-4ba6-862d-d2fce9c85e52 45838914cf094bb98e632533d17f3bec e09d896d361b458f9eb19563cbea9b34 - - default default] 10.0.0.12 "GET /v2.0/networks/c674c420-96f6-4f1e-9d55-5d3d3cb621cc/tags HTTP/1.1" status: 200 len: 245 time: 0.0599713
2026-04-29 03:03:51.867 9 INFO neutron.services.segments.plugin [-] Segment b212d9e6-653d-4329-8446-a6cf798cc281 resource provider aggregate not found
2026-04-29 03:03:51.882 9 INFO neutron.services.segments.plugin [-] Segment b212d9e6-653d-4329-8446-a6cf798cc281 resource provider aggregate not found
2026-04-29 03:03:51.888 9 INFO neutron.services.segments.plugin [-] Segment b212d9e6-653d-4329-8446-a6cf798cc281 resource provider not found; error: Placement Client Error (4xx): {"errors": [{"status": 404, "title": "Not Found", "detail": "The resource could not be found.\n\n No resource provider with uuid b212d9e6-653d-4329-8446-a6cf798cc281 found for delete ", "request_id": "req-10d19e98-58f6-48d2-bb38-feac2ee6a88d"}]}
2026-04-29 03:03:51.899 9 INFO neutron.services.segments.plugin [-] Segment b212d9e6-653d-4329-8446-a6cf798cc281 resource provider not found; error: Placement Client Error (4xx): {"errors": [{"status": 404, "title": "Not Found", "detail": "The resource could not be found.\n\n No resource provider with uuid b212d9e6-653d-4329-8446-a6cf798cc281 found for delete ", "request_id": "req-dd26acae-480a-4b00-a22c-46e5db408fa8"}]}
2026-04-29 03:03:51.913 9 INFO neutron.db.ovn_revision_numbers_db [None req-e4604c5a-4ed5-45bf-a613-e88d0d8d3213 - - - - - -] Successfully bumped revision number for resource ee5ecfa3-ac11-4c08-8adf-ce8fac547a9e (type: ports) to 2
2026-04-29 03:03:51.919 10 INFO neutron.api.wsgi [None req-a2019cc2-c273-4155-bdd0-2d082f97e8f6 45838914cf094bb98e632533d17f3bec e09d896d361b458f9eb19563cbea9b34 - - default default] 10.0.0.12 "PUT /v2.0/networks/c674c420-96f6-4f1e-9d55-5d3d3cb621cc/tags HTTP/1.1" status: 200 len: 230 time: 0.0600524
2026-04-29 03:03:51.959 10 INFO neutron.api.wsgi [None req-703ed52e-8785-4011-ab77-91f17a21a475 45838914cf094bb98e632533d17f3bec e09d896d361b458f9eb19563cbea9b34 - - default default] 10.0.0.12 "GET /v2.0/networks/c674c420-96f6-4f1e-9d55-5d3d3cb621cc/tags HTTP/1.1" status: 200 len: 230 time: 0.0336287
2026-04-29 03:03:51.991 9 INFO neutron.db.ovn_revision_numbers_db [None req-cd77bb9a-462e-44b0-9ce1-e86434aa9565 19f9a64dee374bfd8eb875b4d831f5ba 8b5ed0604cd14225abc78ce3321662c1 - - default default] Successfully bumped revision number for resource ee5ecfa3-ac11-4c08-8adf-ce8fac547a9e (type: router_ports) to 1
2026-04-29 03:03:51.997 9 INFO neutron.api.wsgi [None req-cd77bb9a-462e-44b0-9ce1-e86434aa9565 19f9a64dee374bfd8eb875b4d831f5ba 8b5ed0604cd14225abc78ce3321662c1 - - default default] 10.0.0.12 "PUT /v2.0/routers/f8052720-8673-4aa7-80d1-3e503cd7867f/add_router_interface HTTP/1.1" status: 200 len: 503 time: 2.6234753
2026-04-29 03:03:51.997 10 INFO neutron.api.wsgi [None req-b8246811-6614-4b6e-a978-0a4455e56860 45838914cf094bb98e632533d17f3bec e09d896d361b458f9eb19563cbea9b34 - - default default] 10.0.0.12 "GET /v2.0/networks/c674c420-96f6-4f1e-9d55-5d3d3cb621cc/tags/red HTTP/1.1" status: 204 len: 168 time: 0.0306938 /var/lib/openstack/lib/python3.12/site-packages/pycadf/identifier.py:71: UserWarning: Invalid uuid: neutron. To ensure interoperability, identifiers should be a valid uuid. warnings.warn(('Invalid uuid: %s. To ensure interoperability, '
2026-04-29 03:03:52.045 9 INFO neutron.api.v2.resource [None req-e9d67f19-2a24-4366-98a2-38570450cccb 45838914cf094bb98e632533d17f3bec e09d896d361b458f9eb19563cbea9b34 - - default default] show failed (client error): The resource could not be found.
2026-04-29 03:03:52.047 9 INFO neutron.api.wsgi [None req-e9d67f19-2a24-4366-98a2-38570450cccb 45838914cf094bb98e632533d17f3bec e09d896d361b458f9eb19563cbea9b34 - - default default] 10.0.0.12 "GET /v2.0/networks/c674c420-96f6-4f1e-9d55-5d3d3cb621cc/tags/green HTTP/1.1" status: 404 len: 299 time: 0.0310669
2026-04-29 03:03:52.067 10 INFO neutron.api.wsgi [None req-d061d750-810d-4ac0-a4c7-1c916d96a1da c5631b752552413ca6e030056890f32c 0621079a417747ab9a0acf772c550497 - - default default] 10.0.0.12 "GET /v2.0/networks HTTP/1.1" status: 200 len: 5292 time: 0.0654194
2026-04-29 03:03:52.101 9 INFO neutron.api.wsgi [None req-8847ddba-6262-4cec-897a-a2684aa39ee8 45838914cf094bb98e632533d17f3bec e09d896d361b458f9eb19563cbea9b34 - - default default] 10.0.0.12 "DELETE /v2.0/networks/c674c420-96f6-4f1e-9d55-5d3d3cb621cc/tags/red HTTP/1.1" status: 204 len: 168 time: 0.0502753
2026-04-29 03:03:52.106 9 INFO neutron.api.wsgi [None req-0dc05d4f-4dda-4729-95ce-106c287e59d9 c5631b752552413ca6e030056890f32c 0621079a417747ab9a0acf772c550497 - - default default] 10.0.0.12 "GET /v2.0/subnets HTTP/1.1" status: 200 len: 2167 time: 0.0344281 /var/lib/openstack/lib/python3.12/site-packages/pycadf/identifier.py:71: UserWarning: Invalid uuid: neutron. To ensure interoperability, identifiers should be a valid uuid. warnings.warn(('Invalid uuid: %s. To ensure interoperability, '
2026-04-29 03:03:52.137 10 INFO neutron.api.wsgi [None req-b5722a78-cc43-4490-88e6-f5b0e9d1a44d 45838914cf094bb98e632533d17f3bec e09d896d361b458f9eb19563cbea9b34 - - default default] 10.0.0.12 "GET /v2.0/networks/c674c420-96f6-4f1e-9d55-5d3d3cb621cc/tags HTTP/1.1" status: 200 len: 223 time: 0.0301332 /var/lib/openstack/lib/python3.12/site-packages/pycadf/identifier.py:71: UserWarning: Invalid uuid: neutron. To ensure interoperability, identifiers should be a valid uuid. warnings.warn(('Invalid uuid: %s. To ensure interoperability, '
2026-04-29 03:03:52.158 10 WARNING neutron.scheduler.dhcp_agent_scheduler [None req-fbac1c45-7b24-439d-bd9f-8f6398f07826 bbd314a95daa4962a9e8a595453e8aeb f723f22b4ddf49e094b46249d3018a71 - - default default] No more DHCP agents
2026-04-29 03:03:52.163 10 WARNING neutron.api.rpc.agentnotifiers.dhcp_rpc_agent_api [None req-fbac1c45-7b24-439d-bd9f-8f6398f07826 bbd314a95daa4962a9e8a595453e8aeb f723f22b4ddf49e094b46249d3018a71 - - default default] Unable to schedule network 9761dd17-2030-44e2-96e2-ffa770791f9c: no agents available; will retry on subsequent port and subnet creation events.
2026-04-29 03:03:52.181 10 INFO neutron.api.v2.resource [None req-9fc8ffeb-70f3-44ef-89b4-1e92c976430a 45838914cf094bb98e632533d17f3bec e09d896d361b458f9eb19563cbea9b34 - - default default] delete failed (client error): The resource could not be found.
2026-04-29 03:03:52.183 10 INFO neutron.api.wsgi [None req-9fc8ffeb-70f3-44ef-89b4-1e92c976430a 45838914cf094bb98e632533d17f3bec e09d896d361b458f9eb19563cbea9b34 - - default default] 10.0.0.12 "DELETE /v2.0/networks/c674c420-96f6-4f1e-9d55-5d3d3cb621cc/tags/green HTTP/1.1" status: 404 len: 299 time: 0.0397353
2026-04-29 03:03:52.200 9 INFO neutron.api.wsgi [None req-aaec12b7-bd1d-4a55-97b6-ef4225f3b49c c5631b752552413ca6e030056890f32c 0621079a417747ab9a0acf772c550497 - - default default] 10.0.0.12 "GET /v2.0/routers HTTP/1.1" status: 200 len: 1170 time: 0.0883355
2026-04-29 03:03:52.233 10 INFO neutron.db.ovn_revision_numbers_db [None req-fbac1c45-7b24-439d-bd9f-8f6398f07826 bbd314a95daa4962a9e8a595453e8aeb f723f22b4ddf49e094b46249d3018a71 - - default default] Successfully bumped revision number for resource cbb3d69b-73ad-49bc-bc64-d97d4717dcee (type: ports) to 1
2026-04-29 03:03:52.239 10 INFO neutron.api.wsgi [None req-280ecb39-cd56-40db-855a-3c8190f9161d 45838914cf094bb98e632533d17f3bec e09d896d361b458f9eb19563cbea9b34 - - default default] 10.0.0.12 "DELETE /v2.0/networks/c674c420-96f6-4f1e-9d55-5d3d3cb621cc/tags HTTP/1.1" status: 204 len: 168 time: 0.0522096
2026-04-29 03:03:52.261 10 WARNING neutron_lib.context [None req-bacc5522-b08d-492f-8c51-d7ade26aa7da 19f9a64dee374bfd8eb875b4d831f5ba 8b5ed0604cd14225abc78ce3321662c1 - - default default] Method 'is_advsvc' is deprecated since 2023.2 release (neutron-lib 3.8.0) and will be removed once support for the old RBAC API policies will be removed from Neutron. Please use method 'is_service_role' instead.
2026-04-29 03:03:52.269 9 INFO neutron.api.wsgi [None req-fbead0cf-907c-4b71-ad57-54cb7a529671 45838914cf094bb98e632533d17f3bec e09d896d361b458f9eb19563cbea9b34 - - default default] 10.0.0.12 "GET /v2.0/networks/c674c420-96f6-4f1e-9d55-5d3d3cb621cc/tags HTTP/1.1" status: 200 len: 205 time: 0.0227211
2026-04-29 03:03:52.286 10 WARNING neutron.scheduler.dhcp_agent_scheduler [None req-fbac1c45-7b24-439d-bd9f-8f6398f07826 bbd314a95daa4962a9e8a595453e8aeb f723f22b4ddf49e094b46249d3018a71 - - default default] No more DHCP agents
2026-04-29 03:03:52.288 10 WARNING neutron.api.rpc.agentnotifiers.dhcp_rpc_agent_api [None req-fbac1c45-7b24-439d-bd9f-8f6398f07826 bbd314a95daa4962a9e8a595453e8aeb f723f22b4ddf49e094b46249d3018a71 - - default default] Unable to schedule network 6f286340-5e96-43ad-a43c-1e9ed3a2a797: no agents available; will retry on subsequent port and subnet creation events.
2026-04-29 03:03:52.355 10 INFO neutron.db.ovn_revision_numbers_db [None req-fbac1c45-7b24-439d-bd9f-8f6398f07826 bbd314a95daa4962a9e8a595453e8aeb f723f22b4ddf49e094b46249d3018a71 - - default default] Successfully bumped revision number for resource c0a2537d-43d7-4fd6-8522-4d4bf4da8c00 (type: ports) to 1
2026-04-29 03:03:52.385 10 INFO neutron.api.wsgi [None req-fbac1c45-7b24-439d-bd9f-8f6398f07826 bbd314a95daa4962a9e8a595453e8aeb f723f22b4ddf49e094b46249d3018a71 - - default default] 10.0.0.12 "POST /v2.0/ports HTTP/1.1" status: 201 len: 1705 time: 0.7032270
2026-04-29 03:03:52.386 10 INFO neutron.db.ovn_revision_numbers_db [None req-bacc5522-b08d-492f-8c51-d7ade26aa7da 19f9a64dee374bfd8eb875b4d831f5ba 8b5ed0604cd14225abc78ce3321662c1 - - default default] Successfully bumped revision number for resource e010a3e9-79b6-4da5-9359-f6ac3b32b145 (type: security_groups) to 1
2026-04-29 03:03:52.395 10 INFO neutron.db.ovn_revision_numbers_db [None req-bacc5522-b08d-492f-8c51-d7ade26aa7da 19f9a64dee374bfd8eb875b4d831f5ba 8b5ed0604cd14225abc78ce3321662c1 - - default default] Successfully bumped revision number for resource 41ad1d56-b52d-44ba-8b32-cddf6f191df2 (type: security_group_rules) to 0
2026-04-29 03:03:52.410 10 INFO neutron.db.ovn_revision_numbers_db [None req-bacc5522-b08d-492f-8c51-d7ade26aa7da 19f9a64dee374bfd8eb875b4d831f5ba 8b5ed0604cd14225abc78ce3321662c1 - - default default] Successfully bumped revision number for resource 61c2ae76-9117-4210-9f68-45468f366109 (type: security_group_rules) to 0
2026-04-29 03:03:52.444 10 INFO neutron.api.wsgi [None req-bacc5522-b08d-492f-8c51-d7ade26aa7da 19f9a64dee374bfd8eb875b4d831f5ba 8b5ed0604cd14225abc78ce3321662c1 - - default default] 10.0.0.12 "POST /v2.0/security-groups HTTP/1.1" status: 201 len: 1875 time: 0.1881828 /var/lib/openstack/lib/python3.12/site-packages/pycadf/identifier.py:71: UserWarning: Invalid uuid: neutron. To ensure interoperability, identifiers should be a valid uuid. warnings.warn(('Invalid uuid: %s. To ensure interoperability, '
2026-04-29 03:03:52.451 10 WARNING neutron_lib.context [None req-85c79127-fbab-4a8b-9186-0ef7dd655893 19f9a64dee374bfd8eb875b4d831f5ba 8b5ed0604cd14225abc78ce3321662c1 - - default default] Method 'is_advsvc' is deprecated since 2023.2 release (neutron-lib 3.8.0) and will be removed once support for the old RBAC API policies will be removed from Neutron. Please use method 'is_service_role' instead.
2026-04-29 03:03:52.488 9 INFO neutron.api.wsgi [None req-682d01d0-3c41-4752-96e7-fd8640e7325f bbd314a95daa4962a9e8a595453e8aeb f723f22b4ddf49e094b46249d3018a71 - - default default] 10.0.0.12 "GET /v2.0/ports HTTP/1.1" status: 200 len: 3212 time: 0.0977256
2026-04-29 03:03:52.490 10 INFO neutron.api.wsgi [None req-f242744c-3b6a-4b6a-bb15-4f54b3353c83 0d17a3b6a9b5451492e66aefd4f235dc 3308dde9f672402eae73c63366cc0f4e - - default default] 10.0.0.12 "GET /v2.0/security-groups?tenant_id=94bf5ec8ebf840068a1953b5a168c7e0&name=default HTTP/1.1" status: 200 len: 3120 time: 0.1096692
2026-04-29 03:03:52.576 10 INFO neutron.db.ovn_revision_numbers_db [None req-85c79127-fbab-4a8b-9186-0ef7dd655893 19f9a64dee374bfd8eb875b4d831f5ba 8b5ed0604cd14225abc78ce3321662c1 - - default default] Successfully bumped revision number for resource a6dd189d-7dd0-4ac6-b214-a6de8fca6f23 (type: security_group_rules) to 0
2026-04-29 03:03:52.610 10 INFO neutron.api.wsgi [None req-85c79127-fbab-4a8b-9186-0ef7dd655893 19f9a64dee374bfd8eb875b4d831f5ba 8b5ed0604cd14225abc78ce3321662c1 - - default default] 10.0.0.12 "POST /v2.0/security-group-rules HTTP/1.1" status: 201 len: 796 time: 0.1628273
2026-04-29 03:03:52.620 10 WARNING neutron_lib.context [None req-963a9e4a-04e0-4088-87ab-30b612f84159 19f9a64dee374bfd8eb875b4d831f5ba 8b5ed0604cd14225abc78ce3321662c1 - - default default] Method 'is_advsvc' is deprecated since 2023.2 release (neutron-lib 3.8.0) and will be removed once support for the old RBAC API policies will be removed from Neutron. Please use method 'is_service_role' instead.
2026-04-29 03:03:52.706 9 INFO neutron.api.wsgi [None req-5a96e9ec-593d-4ccb-9529-21779e99adb5 45838914cf094bb98e632533d17f3bec e09d896d361b458f9eb19563cbea9b34 - - default default] 10.0.0.12 "DELETE /v2.0/networks/c674c420-96f6-4f1e-9d55-5d3d3cb621cc HTTP/1.1" status: 204 len: 168 time: 0.4295864
2026-04-29 03:03:52.744 10 INFO neutron.db.ovn_revision_numbers_db [None req-963a9e4a-04e0-4088-87ab-30b612f84159 19f9a64dee374bfd8eb875b4d831f5ba 8b5ed0604cd14225abc78ce3321662c1 - - default default] Successfully bumped revision number for resource a36392e9-a989-4ac5-bd5e-5efb708c88d0 (type: security_group_rules) to 0
2026-04-29 03:03:52.787 10 INFO neutron.api.wsgi [None req-963a9e4a-04e0-4088-87ab-30b612f84159 19f9a64dee374bfd8eb875b4d831f5ba 8b5ed0604cd14225abc78ce3321662c1 - - default default] 10.0.0.12 "POST /v2.0/security-group-rules HTTP/1.1" status: 201 len: 795 time: 0.1713655
2026-04-29 03:03:52.790 9 INFO neutron.api.wsgi [None req-f531cb82-3f78-4b0e-acd4-7a519099baf9 0d17a3b6a9b5451492e66aefd4f235dc 3308dde9f672402eae73c63366cc0f4e - - default default] 10.0.0.12 "DELETE /v2.0/security-groups/e78325ed-a03e-4016-acbe-9f11760be1d6 HTTP/1.1" status: 204 len: 168 time: 0.2932250
2026-04-29 03:03:52.796 9 WARNING neutron_lib.context [None req-57859871-5d42-4c2c-8723-6b069de4b2cb 19f9a64dee374bfd8eb875b4d831f5ba 8b5ed0604cd14225abc78ce3321662c1 - - default default] Method 'is_advsvc' is deprecated since 2023.2 release (neutron-lib 3.8.0) and will be removed once support for the old RBAC API policies will be removed from Neutron. Please use method 'is_service_role' instead.
2026-04-29 03:03:52.819 9 INFO neutron.api.wsgi [None req-7f1bcbad-f2a8-4c91-9429-29fbc9dfbfe8 bbd314a95daa4962a9e8a595453e8aeb f723f22b4ddf49e094b46249d3018a71 - - default default] 10.0.0.12 "DELETE /v2.0/ports/cbb3d69b-73ad-49bc-bc64-d97d4717dcee HTTP/1.1" status: 204 len: 168 time: 0.3234692
2026-04-29 03:03:52.952 9 INFO neutron.db.ovn_revision_numbers_db [None req-57859871-5d42-4c2c-8723-6b069de4b2cb 19f9a64dee374bfd8eb875b4d831f5ba 8b5ed0604cd14225abc78ce3321662c1 - - default default] Successfully bumped revision number for resource bb70a2b4-abc9-4603-9deb-74e20f6784f3 (type: security_group_rules) to 0
2026-04-29 03:03:52.991 9 INFO neutron.api.wsgi [None req-57859871-5d42-4c2c-8723-6b069de4b2cb 19f9a64dee374bfd8eb875b4d831f5ba 8b5ed0604cd14225abc78ce3321662c1 - - default default] 10.0.0.12 "POST /v2.0/security-group-rules HTTP/1.1" status: 201 len: 801 time: 0.1981733
2026-04-29 03:03:52.999 10 WARNING neutron_lib.context [None req-f4492198-4922-48bb-8976-624973d8a6ca 19f9a64dee374bfd8eb875b4d831f5ba 8b5ed0604cd14225abc78ce3321662c1 - - default default] Method 'is_advsvc' is deprecated since 2023.2 release (neutron-lib 3.8.0) and will be removed once support for the old RBAC API policies will be removed from Neutron. Please use method 'is_service_role' instead.
2026-04-29 03:03:53.067 9 INFO neutron.api.wsgi [None req-1ec0d35a-74d5-48d2-85ce-ae0295324e40 bbd314a95daa4962a9e8a595453e8aeb f723f22b4ddf49e094b46249d3018a71 - - default default] 10.0.0.12 "DELETE /v2.0/ports/c0a2537d-43d7-4fd6-8522-4d4bf4da8c00 HTTP/1.1" status: 204 len: 168 time: 0.2443447
2026-04-29 03:03:53.075 10 INFO neutron.db.ovn_revision_numbers_db [None req-a0141593-e272-41e1-a498-315ad024e0f9 0d17a3b6a9b5451492e66aefd4f235dc 3308dde9f672402eae73c63366cc0f4e - - default default] Successfully bumped revision number for resource f5d301d0-219e-4b31-ab7c-034383bc9eb4 (type: security_groups) to 1
2026-04-29 03:03:53.088 10 INFO neutron.db.ovn_revision_numbers_db [None req-a0141593-e272-41e1-a498-315ad024e0f9 0d17a3b6a9b5451492e66aefd4f235dc 3308dde9f672402eae73c63366cc0f4e - - default default] Successfully bumped revision number for resource 2194656b-39e7-4a07-bb9b-8ff300677118 (type: security_group_rules) to 0
2026-04-29 03:03:53.103 9 INFO neutron.api.wsgi [None req-4f84ecaa-daf4-4208-817e-9897730ce776 bbd314a95daa4962a9e8a595453e8aeb f723f22b4ddf49e094b46249d3018a71 - - default default] 10.0.0.12 "GET /v2.0/ports HTTP/1.1" status: 200 len: 1718 time: 0.0312917
2026-04-29 03:03:53.106 10 INFO neutron.db.ovn_revision_numbers_db [None req-a0141593-e272-41e1-a498-315ad024e0f9 0d17a3b6a9b5451492e66aefd4f235dc 3308dde9f672402eae73c63366cc0f4e - - default default] Successfully bumped revision number for resource 8babb7e9-c83f-40c8-9671-c73ec4585fe6 (type: security_group_rules) to 0
2026-04-29 03:03:53.113 9 WARNING neutron_lib.context [None req-4b8ab061-9d1d-4bed-bf71-a55f59c39e52 bbd314a95daa4962a9e8a595453e8aeb f723f22b4ddf49e094b46249d3018a71 - - default default] Method 'is_advsvc' is deprecated since 2023.2 release (neutron-lib 3.8.0) and will be removed once support for the old RBAC API policies will be removed from Neutron. Please use method 'is_service_role' instead.
2026-04-29 03:03:53.122 10 INFO neutron.db.ovn_revision_numbers_db [None req-a0141593-e272-41e1-a498-315ad024e0f9 0d17a3b6a9b5451492e66aefd4f235dc 3308dde9f672402eae73c63366cc0f4e - - default default] Successfully bumped revision number for resource a001430e-8226-41c2-ac3f-d5c5316ed482 (type: security_group_rules) to 0
2026-04-29 03:03:53.128 10 INFO neutron.db.ovn_revision_numbers_db [None req-f4492198-4922-48bb-8976-624973d8a6ca 19f9a64dee374bfd8eb875b4d831f5ba 8b5ed0604cd14225abc78ce3321662c1 - - default default] Successfully bumped revision number for resource 342718a5-df4a-4887-9e1e-5f652ab197a5 (type: security_group_rules) to 0
2026-04-29 03:03:53.134 10 INFO neutron.db.ovn_revision_numbers_db [None req-a0141593-e272-41e1-a498-315ad024e0f9 0d17a3b6a9b5451492e66aefd4f235dc 3308dde9f672402eae73c63366cc0f4e - - default default] Successfully bumped revision number for resource cd9a0978-c862-4034-b170-a777fef295e8 (type: security_group_rules) to 0
2026-04-29 03:03:53.160 10 INFO neutron.api.wsgi [None req-f4492198-4922-48bb-8976-624973d8a6ca 19f9a64dee374bfd8eb875b4d831f5ba 8b5ed0604cd14225abc78ce3321662c1 - - default default] 10.0.0.12 "POST /v2.0/security-group-rules HTTP/1.1" status: 201 len: 800 time: 0.1646972
2026-04-29 03:03:53.174 9 WARNING neutron_lib.context [None req-eb36a3f9-5a10-442e-ba5a-a7d50ea6824b 19f9a64dee374bfd8eb875b4d831f5ba 8b5ed0604cd14225abc78ce3321662c1 - - default default] Method 'is_advsvc' is deprecated since 2023.2 release (neutron-lib 3.8.0) and will be removed once support for the old RBAC API policies will be removed from Neutron. Please use method 'is_service_role' instead.
2026-04-29 03:03:53.189 10 INFO neutron.api.wsgi [None req-a0141593-e272-41e1-a498-315ad024e0f9 0d17a3b6a9b5451492e66aefd4f235dc 3308dde9f672402eae73c63366cc0f4e - - default default] 10.0.0.12 "GET /v2.0/security-groups?tenant_id=39a0932b69e443ecac202550df78719c&name=default HTTP/1.1" status: 200 len: 3120 time: 0.2386146
2026-04-29 03:03:53.200 9 INFO neutron.db.segments_db [None req-4b8ab061-9d1d-4bed-bf71-a55f59c39e52 bbd314a95daa4962a9e8a595453e8aeb f723f22b4ddf49e094b46249d3018a71 - - default default] Added segment 2f3e5849-7c59-435c-a70a-145ffdf3d995 of type geneve for network c4c1aa83-1f09-4d9b-9a3f-fb2a18d9bb53
2026-04-29 03:03:53.219 9 INFO neutron.db.securitygroups_db [None req-eb36a3f9-5a10-442e-ba5a-a7d50ea6824b 19f9a64dee374bfd8eb875b4d831f5ba 8b5ed0604cd14225abc78ce3321662c1 - - default default] Project 8b5ed0604cd14225abc78ce3321662c1 added a security group rule with legacy IPv6 ICMP protocol name icmp, ipv6-icmp should be used instead. It was automatically converted.
2026-04-29 03:03:53.342 9 INFO neutron.db.ovn_revision_numbers_db [None req-eb36a3f9-5a10-442e-ba5a-a7d50ea6824b 19f9a64dee374bfd8eb875b4d831f5ba 8b5ed0604cd14225abc78ce3321662c1 - - default default] Successfully bumped revision number for resource 078e2e5e-197a-4c80-bcd8-ab02e26e99df (type: security_group_rules) to 0
2026-04-29 03:03:53.348 9 INFO neutron.db.ovn_revision_numbers_db [None req-4b8ab061-9d1d-4bed-bf71-a55f59c39e52 bbd314a95daa4962a9e8a595453e8aeb f723f22b4ddf49e094b46249d3018a71 - - default default] Successfully bumped revision number for resource c4c1aa83-1f09-4d9b-9a3f-fb2a18d9bb53 (type: networks) to 1
2026-04-29 03:03:53.383 9 INFO neutron.api.wsgi [None req-eb36a3f9-5a10-442e-ba5a-a7d50ea6824b 19f9a64dee374bfd8eb875b4d831f5ba 8b5ed0604cd14225abc78ce3321662c1 - - default default] 10.0.0.12 "POST /v2.0/security-group-rules HTTP/1.1" status: 201 len: 806 time: 0.2148662
2026-04-29 03:03:53.390 9 WARNING neutron_lib.context [None req-86d7d4b0-77ce-4235-b519-0d2afb47408c 19f9a64dee374bfd8eb875b4d831f5ba 8b5ed0604cd14225abc78ce3321662c1 - - default default] Method 'is_advsvc' is deprecated since 2023.2 release (neutron-lib 3.8.0) and will be removed once support for the old RBAC API policies will be removed from Neutron. Please use method 'is_service_role' instead.
2026-04-29 03:03:53.400 10 INFO neutron.api.wsgi [None req-1da715f6-9ee3-473d-ba3a-7c2a16c03e31 0d17a3b6a9b5451492e66aefd4f235dc 3308dde9f672402eae73c63366cc0f4e - - default default] 10.0.0.12 "DELETE /v2.0/security-groups/f5d301d0-219e-4b31-ab7c-034383bc9eb4 HTTP/1.1" status: 204 len: 168 time: 0.2064071
2026-04-29 03:03:53.428 9 INFO neutron.db.securitygroups_db [None req-86d7d4b0-77ce-4235-b519-0d2afb47408c 19f9a64dee374bfd8eb875b4d831f5ba 8b5ed0604cd14225abc78ce3321662c1 - - default default] Project 8b5ed0604cd14225abc78ce3321662c1 added a security group rule with legacy IPv6 ICMP protocol name icmp, ipv6-icmp should be used instead. It was automatically converted.
2026-04-29 03:03:53.513 9 INFO neutron.api.wsgi [None req-c3321fff-d006-4ccf-8939-7cf9e0152f85 0d17a3b6a9b5451492e66aefd4f235dc 3308dde9f672402eae73c63366cc0f4e - - default default] 10.0.0.12 "GET /v2.0/security-groups?tenant_id=e09d896d361b458f9eb19563cbea9b34&name=default HTTP/1.1" status: 200 len: 3120 time: 0.1753585
2026-04-29 03:03:53.531 9 WARNING neutron.scheduler.dhcp_agent_scheduler [None req-4b8ab061-9d1d-4bed-bf71-a55f59c39e52 bbd314a95daa4962a9e8a595453e8aeb f723f22b4ddf49e094b46249d3018a71 - - default default] No more DHCP agents
2026-04-29 03:03:53.535 9 WARNING neutron.api.rpc.agentnotifiers.dhcp_rpc_agent_api [None req-4b8ab061-9d1d-4bed-bf71-a55f59c39e52 bbd314a95daa4962a9e8a595453e8aeb f723f22b4ddf49e094b46249d3018a71 - - default default] Unable to schedule network c4c1aa83-1f09-4d9b-9a3f-fb2a18d9bb53: no agents available; will retry on subsequent port and subnet creation events.
2026-04-29 03:03:53.560 9 INFO neutron.db.ovn_revision_numbers_db [None req-86d7d4b0-77ce-4235-b519-0d2afb47408c 19f9a64dee374bfd8eb875b4d831f5ba 8b5ed0604cd14225abc78ce3321662c1 - - default default] Successfully bumped revision number for resource a90f0952-a317-4dea-be81-5b3103ef9d83 (type: security_group_rules) to 0
2026-04-29 03:03:53.610 9 INFO neutron.api.wsgi [None req-86d7d4b0-77ce-4235-b519-0d2afb47408c 19f9a64dee374bfd8eb875b4d831f5ba 8b5ed0604cd14225abc78ce3321662c1 - - default default] 10.0.0.12 "POST /v2.0/security-group-rules HTTP/1.1" status: 201 len: 805 time: 0.2235284
2026-04-29 03:03:53.625 9 INFO neutron.db.ovn_revision_numbers_db [None req-4b8ab061-9d1d-4bed-bf71-a55f59c39e52 bbd314a95daa4962a9e8a595453e8aeb f723f22b4ddf49e094b46249d3018a71 - - default default] Successfully bumped revision number for resource fe722a24-0926-44a7-84cd-1fac2a75447b (type: ports) to 1
2026-04-29 03:03:53.649 9 INFO neutron.api.wsgi [None req-4b8ab061-9d1d-4bed-bf71-a55f59c39e52 bbd314a95daa4962a9e8a595453e8aeb f723f22b4ddf49e094b46249d3018a71 - - default default] 10.0.0.12 "POST /v2.0/networks HTTP/1.1" status: 201 len: 849 time: 0.5401278
2026-04-29 03:03:53.660 10 WARNING neutron_lib.context [None req-c2760aa6-22d4-44f9-ae29-ce08fd15ff9e bbd314a95daa4962a9e8a595453e8aeb f723f22b4ddf49e094b46249d3018a71 - - default default] Method 'is_advsvc' is deprecated since 2023.2 release (neutron-lib 3.8.0) and will be removed once support for the old RBAC API policies will be removed from Neutron. Please use method 'is_service_role' instead.
2026-04-29 03:03:53.727 9 INFO neutron.api.wsgi [None req-d5584056-601e-44ee-8dca-7e4b7b92b850 0d17a3b6a9b5451492e66aefd4f235dc 3308dde9f672402eae73c63366cc0f4e - - default default] 10.0.0.12 "DELETE /v2.0/security-groups/961189a7-184e-4110-93f2-d5fc4e207ec2 HTTP/1.1" status: 204 len: 168 time: 0.2078333
2026-04-29 03:03:53.735 10 INFO neutron.db.segments_db [None req-c2760aa6-22d4-44f9-ae29-ce08fd15ff9e bbd314a95daa4962a9e8a595453e8aeb f723f22b4ddf49e094b46249d3018a71 - - default default] Added segment da741e0d-ff66-478a-adf7-476f31ee903a of type geneve for network 676fc5b2-92e8-4f5f-8387-2e88ea96dc41
2026-04-29 03:03:53.841 10 INFO neutron.db.ovn_revision_numbers_db [None req-c2760aa6-22d4-44f9-ae29-ce08fd15ff9e bbd314a95daa4962a9e8a595453e8aeb f723f22b4ddf49e094b46249d3018a71 - - default default] Successfully bumped revision number for resource 676fc5b2-92e8-4f5f-8387-2e88ea96dc41 (type: networks) to 1
2026-04-29 03:03:53.912 9 INFO neutron.services.segments.plugin [-] Segment 487e96ad-3421-4558-a899-a7c445957312 resource provider aggregate not found
2026-04-29 03:03:53.917 9 INFO neutron.services.segments.plugin [-] Segment 487e96ad-3421-4558-a899-a7c445957312 resource provider aggregate not found
2026-04-29 03:03:53.932 9 INFO neutron.services.segments.plugin [-] Segment 487e96ad-3421-4558-a899-a7c445957312 resource provider not found; error: Placement Client Error (4xx): {"errors": [{"status": 404, "title": "Not Found", "detail": "The resource could not be found.\n\n No resource provider with uuid 487e96ad-3421-4558-a899-a7c445957312 found for delete ", "request_id": "req-bbbb905d-efbf-48e1-8596-a1bf7540c34f"}]}
2026-04-29 03:03:53.934 9 INFO neutron.services.segments.plugin [-] Segment 487e96ad-3421-4558-a899-a7c445957312 resource provider not found; error: Placement Client Error (4xx): {"errors": [{"status": 404, "title": "Not Found", "detail": "The resource could not be found.\n\n No resource provider with uuid 487e96ad-3421-4558-a899-a7c445957312 found for delete ", "request_id": "req-7be4f908-8380-4adc-93bd-b021fe42551e"}]}
2026-04-29 03:03:54.018 10 INFO neutron.db.ovn_revision_numbers_db [None req-04c4b4f1-f0a6-4b87-882d-5854d4c2eb35 0d17a3b6a9b5451492e66aefd4f235dc 3308dde9f672402eae73c63366cc0f4e - - default default] Successfully bumped revision number for resource 20430315-defd-4db6-a2cd-34305bf3df1f (type: security_groups) to 1
2026-04-29 03:03:54.035 10 INFO neutron.db.ovn_revision_numbers_db [None req-04c4b4f1-f0a6-4b87-882d-5854d4c2eb35 0d17a3b6a9b5451492e66aefd4f235dc 3308dde9f672402eae73c63366cc0f4e - - default default] Successfully bumped revision number for resource 3189085c-56af-466c-9a19-7a0efb8c0439 (type: security_group_rules) to 0
2026-04-29 03:03:54.037 10 WARNING neutron.scheduler.dhcp_agent_scheduler [None req-c2760aa6-22d4-44f9-ae29-ce08fd15ff9e bbd314a95daa4962a9e8a595453e8aeb f723f22b4ddf49e094b46249d3018a71 - - default default] No more DHCP agents
2026-04-29 03:03:54.040 10 WARNING neutron.api.rpc.agentnotifiers.dhcp_rpc_agent_api [None req-c2760aa6-22d4-44f9-ae29-ce08fd15ff9e bbd314a95daa4962a9e8a595453e8aeb f723f22b4ddf49e094b46249d3018a71 - - default default] Unable to schedule network 676fc5b2-92e8-4f5f-8387-2e88ea96dc41: no agents available; will retry on subsequent port and subnet creation events.
2026-04-29 03:03:54.050 10 INFO neutron.db.ovn_revision_numbers_db [None req-04c4b4f1-f0a6-4b87-882d-5854d4c2eb35 0d17a3b6a9b5451492e66aefd4f235dc 3308dde9f672402eae73c63366cc0f4e - - default default] Successfully bumped revision number for resource 641c6d21-86c4-4b1e-80b7-c61219bff6a9 (type: security_group_rules) to 0
2026-04-29 03:03:54.065 10 INFO neutron.db.ovn_revision_numbers_db [None req-04c4b4f1-f0a6-4b87-882d-5854d4c2eb35 0d17a3b6a9b5451492e66aefd4f235dc 3308dde9f672402eae73c63366cc0f4e - - default default] Successfully bumped revision number for resource 70d5ba4f-9b59-4760-9b3e-8a8dd257364f (type: security_group_rules) to 0
2026-04-29 03:03:54.086 10 INFO neutron.db.ovn_revision_numbers_db [None req-04c4b4f1-f0a6-4b87-882d-5854d4c2eb35 0d17a3b6a9b5451492e66aefd4f235dc 3308dde9f672402eae73c63366cc0f4e - - default default] Successfully bumped revision number for resource fcb5982a-47eb-413b-ab25-20679e995c96 (type: security_group_rules) to 0
2026-04-29 03:03:54.100 10 INFO neutron.db.ovn_revision_numbers_db [None req-c2760aa6-22d4-44f9-ae29-ce08fd15ff9e bbd314a95daa4962a9e8a595453e8aeb f723f22b4ddf49e094b46249d3018a71 - - default default] Successfully bumped revision number for resource 73fcef85-4f20-42fd-bac9-1935e597f6c5 (type: ports) to 1
2026-04-29 03:03:54.132 10 INFO neutron.api.wsgi [None req-c2760aa6-22d4-44f9-ae29-ce08fd15ff9e bbd314a95daa4962a9e8a595453e8aeb f723f22b4ddf49e094b46249d3018a71 - - default default] 10.0.0.12 "POST /v2.0/networks HTTP/1.1" status: 201 len: 849 time: 0.4789038
2026-04-29 03:03:54.135 10 INFO neutron.api.wsgi [None req-04c4b4f1-f0a6-4b87-882d-5854d4c2eb35 0d17a3b6a9b5451492e66aefd4f235dc 3308dde9f672402eae73c63366cc0f4e - - default default] 10.0.0.12 "GET /v2.0/security-groups?tenant_id=ada7d928157f4912a2dec541ab3bb50f&name=default HTTP/1.1" status: 200 len: 3120 time: 0.2826428
2026-04-29 03:03:54.160 10 INFO neutron.api.wsgi [None req-4a6e73c4-d7cb-4c3c-b7a4-f70ab6d4439b 19f9a64dee374bfd8eb875b4d831f5ba 8b5ed0604cd14225abc78ce3321662c1 - - default default] 10.0.0.12 "GET /v2.0/networks HTTP/1.1" status: 200 len: 1493 time: 0.1683793
2026-04-29 03:03:54.171 9 WARNING neutron_lib.context [None req-4edc72a4-1647-4974-a9da-5844abd2a002 bbd314a95daa4962a9e8a595453e8aeb f723f22b4ddf49e094b46249d3018a71 - - default default] Method 'is_advsvc' is deprecated since 2023.2 release (neutron-lib 3.8.0) and will be removed once support for the old RBAC API policies will be removed from Neutron. Please use method 'is_service_role' instead.
2026-04-29 03:03:54.192 9 WARNING neutron_lib.context [None req-4edc72a4-1647-4974-a9da-5844abd2a002 bbd314a95daa4962a9e8a595453e8aeb f723f22b4ddf49e094b46249d3018a71 - - default default] Method 'is_advsvc' is deprecated since 2023.2 release (neutron-lib 3.8.0) and will be removed once support for the old RBAC API policies will be removed from Neutron. Please use method 'is_service_role' instead.
2026-04-29 03:03:54.294 9 INFO neutron.api.wsgi [req-c123a905-164f-40f9-b4ff-d522ea4399df req-12dc0a41-09f4-4d41-8557-c00fd559f2e4 19f9a64dee374bfd8eb875b4d831f5ba 8b5ed0604cd14225abc78ce3321662c1 - - default default] 10.0.0.46 "GET /v2.0/security-groups?name=tempest-secgroup-smoke-1817707261&fields=id&tenant_id=8b5ed0604cd14225abc78ce3321662c1 HTTP/1.1" status: 200 len: 267 time: 0.0453172
2026-04-29 03:03:54.355 10 INFO neutron.api.wsgi [None req-fa44c679-7adf-4eec-a526-26e01a36ec60 0d17a3b6a9b5451492e66aefd4f235dc 3308dde9f672402eae73c63366cc0f4e - - default default] 10.0.0.12 "DELETE /v2.0/security-groups/20430315-defd-4db6-a2cd-34305bf3df1f HTTP/1.1" status: 204 len: 168 time: 0.2144635
2026-04-29 03:03:54.358 9 INFO neutron.api.wsgi [req-c123a905-164f-40f9-b4ff-d522ea4399df req-58a7d468-2a99-4ac0-8738-c473846790cc 19f9a64dee374bfd8eb875b4d831f5ba 8b5ed0604cd14225abc78ce3321662c1 - - default default] 10.0.0.46 "GET /v2.0/networks?id=df2dc419-a400-4d43-824b-6b1baa6e1760 HTTP/1.1" status: 200 len: 860 time: 0.0554800
2026-04-29 03:03:54.381 9 INFO neutron.api.wsgi [req-c123a905-164f-40f9-b4ff-d522ea4399df req-2c00ca6b-5b44-44ec-a27c-9b3e2dae7218 19f9a64dee374bfd8eb875b4d831f5ba 8b5ed0604cd14225abc78ce3321662c1 - - default default] 10.0.0.46 "GET /v2.0/quotas/8b5ed0604cd14225abc78ce3321662c1 HTTP/1.1" status: 200 len: 491 time: 0.0138283
2026-04-29 03:03:54.473 9 INFO neutron.api.wsgi [req-c123a905-164f-40f9-b4ff-d522ea4399df req-d8e30bef-bf20-43c1-8ae3-21c54f172f26 19f9a64dee374bfd8eb875b4d831f5ba 8b5ed0604cd14225abc78ce3321662c1 - - default default] 10.0.0.46 "GET /v2.0/ports?tenant_id=8b5ed0604cd14225abc78ce3321662c1&fields=id HTTP/1.1" status: 200 len: 302 time: 0.0845115
2026-04-29 03:03:54.538 9 INFO neutron.api.wsgi [req-c123a905-164f-40f9-b4ff-d522ea4399df req-c17b9aca-790b-48ef-92c2-5966dbed480d 12fffdedbb1647be8e3aa7315a4eb847 e771c9caa2f9493cbfaba4d0ad4608ac - - c893072840914529953fbcb8af47df1e c893072840914529953fbcb8af47df1e] 10.0.0.46 "GET /v2.0/networks/df2dc419-a400-4d43-824b-6b1baa6e1760?fields=segments HTTP/1.1" status: 200 len: 212 time: 0.0455503
2026-04-29 03:03:54.593 9 WARNING neutron.scheduler.dhcp_agent_scheduler [None req-4edc72a4-1647-4974-a9da-5844abd2a002 bbd314a95daa4962a9e8a595453e8aeb f723f22b4ddf49e094b46249d3018a71 - - default default] No more DHCP agents
2026-04-29 03:03:54.596 9 INFO neutron.api.wsgi [req-c123a905-164f-40f9-b4ff-d522ea4399df req-d9b26e11-0150-4f59-9562-d3e9e0998f15 12fffdedbb1647be8e3aa7315a4eb847 e771c9caa2f9493cbfaba4d0ad4608ac - - c893072840914529953fbcb8af47df1e c893072840914529953fbcb8af47df1e] 10.0.0.46 "GET /v2.0/networks/df2dc419-a400-4d43-824b-6b1baa6e1760?fields=provider%3Aphysical_network&fields=provider%3Anetwork_type HTTP/1.1" status: 200 len: 277 time: 0.0506485
2026-04-29 03:03:54.597 9 WARNING neutron.api.rpc.agentnotifiers.dhcp_rpc_agent_api [None req-4edc72a4-1647-4974-a9da-5844abd2a002 bbd314a95daa4962a9e8a595453e8aeb f723f22b4ddf49e094b46249d3018a71 - - default default] Unable to schedule network c4c1aa83-1f09-4d9b-9a3f-fb2a18d9bb53: no agents available; will retry on subsequent port and subnet creation events.
2026-04-29 03:03:54.763 9 INFO neutron.api.wsgi [req-7d1ac395-890c-4ed6-9c44-c1ecd86023fe req-d5c1d159-6df8-42a3-9e0f-05ed39b498ed 19f9a64dee374bfd8eb875b4d831f5ba 8b5ed0604cd14225abc78ce3321662c1 - - default default] 10.0.0.46 "GET /v2.0/ports?device_id=2cb8b7d6-56e9-45e2-861f-b674177dc109 HTTP/1.1" status: 200 len: 210 time: 0.0229232
2026-04-29 03:03:55.035 9 INFO neutron.db.ovn_revision_numbers_db [None req-f94d36f6-f62a-4214-a01d-c1d0c3aa25f3 - - - - - -] Successfully bumped revision number for resource fe722a24-0926-44a7-84cd-1fac2a75447b (type: ports) to 2
2026-04-29 03:03:55.067 9 INFO neutron.db.ovn_revision_numbers_db [None req-f94d36f6-f62a-4214-a01d-c1d0c3aa25f3 - - - - - -] Successfully bumped revision number for resource 0f417aa7-aa9b-4c8a-9e30-6dd27909061f (type: subnets) to 0
2026-04-29 03:03:55.097 9 WARNING neutron.scheduler.dhcp_agent_scheduler [None req-4edc72a4-1647-4974-a9da-5844abd2a002 bbd314a95daa4962a9e8a595453e8aeb f723f22b4ddf49e094b46249d3018a71 - - default default] No more DHCP agents
2026-04-29 03:03:55.099 9 WARNING neutron.api.rpc.agentnotifiers.dhcp_rpc_agent_api [None req-4edc72a4-1647-4974-a9da-5844abd2a002 bbd314a95daa4962a9e8a595453e8aeb f723f22b4ddf49e094b46249d3018a71 - - default default] Unable to schedule network 676fc5b2-92e8-4f5f-8387-2e88ea96dc41: no agents available; will retry on subsequent port and subnet creation events.
2026-04-29 03:03:55.545 9 INFO neutron.db.ovn_revision_numbers_db [None req-c120e39d-a128-4143-b6f4-07c5dacd3f44 - - - - - -] Successfully bumped revision number for resource 73fcef85-4f20-42fd-bac9-1935e597f6c5 (type: ports) to 2
2026-04-29 03:03:55.573 9 INFO neutron.db.ovn_revision_numbers_db [None req-c120e39d-a128-4143-b6f4-07c5dacd3f44 - - - - - -] Successfully bumped revision number for resource 3deb7b44-db43-48aa-9ec7-5af55700d82d (type: subnets) to 0
2026-04-29 03:03:55.584 9 INFO neutron.api.wsgi [None req-4edc72a4-1647-4974-a9da-5844abd2a002 bbd314a95daa4962a9e8a595453e8aeb f723f22b4ddf49e094b46249d3018a71 - - default default] 10.0.0.12 "POST /v2.0/subnets HTTP/1.1" status: 201 len: 1474 time: 1.4183197
2026-04-29 03:03:55.618 9 INFO neutron.api.wsgi [None req-d6a11da1-29e3-4239-841a-ce20a4e2b061 bbd314a95daa4962a9e8a595453e8aeb f723f22b4ddf49e094b46249d3018a71 - - default default] 10.0.0.12 "GET /v2.0/subnets HTTP/1.1" status: 200 len: 2105 time: 0.0289304
2026-04-29 03:03:55.779 9 INFO neutron.api.wsgi [None req-c03863f1-d22d-4eed-8c16-914bb6617c07 bbd314a95daa4962a9e8a595453e8aeb f723f22b4ddf49e094b46249d3018a71 - - default default] 10.0.0.12 "DELETE /v2.0/subnets/0f417aa7-aa9b-4c8a-9e30-6dd27909061f HTTP/1.1" status: 204 len: 168 time: 0.1553595
2026-04-29 03:03:55.864 9 INFO neutron.api.wsgi [req-ff683a97-7f0e-45af-b17d-f23c800a1bc8 req-8b20f118-fed8-436b-ad95-059411c44ca8 19f9a64dee374bfd8eb875b4d831f5ba 8b5ed0604cd14225abc78ce3321662c1 - - default default] 10.0.0.46 "GET /v2.0/ports?device_id=2cb8b7d6-56e9-45e2-861f-b674177dc109 HTTP/1.1" status: 200 len: 210 time: 0.0186038
2026-04-29 03:03:55.976 9 INFO neutron.api.wsgi [None req-b46dc6c8-9fc6-43ab-843c-0736e4f24ece bbd314a95daa4962a9e8a595453e8aeb f723f22b4ddf49e094b46249d3018a71 - - default default] 10.0.0.12 "DELETE /v2.0/subnets/3deb7b44-db43-48aa-9ec7-5af55700d82d HTTP/1.1" status: 204 len: 168 time: 0.1916459
2026-04-29 03:03:56.007 9 INFO neutron.api.wsgi [None req-c0d8ad15-1fba-486a-9e2f-82b89a9a2e6a bbd314a95daa4962a9e8a595453e8aeb f723f22b4ddf49e094b46249d3018a71 - - default default] 10.0.0.12 "GET /v2.0/subnets HTTP/1.1" status: 200 len: 843 time: 0.0249455
2026-04-29 03:03:56.231 10 INFO neutron.api.wsgi [-] 10.0.0.48 "GET / HTTP/1.1" status: 200 len: 247 time: 0.0029018
2026-04-29 03:03:56.233 10 INFO neutron.api.wsgi [-] 10.0.0.48 "GET / HTTP/1.1" status: 200 len: 247 time: 0.0015748
2026-04-29 03:03:56.286 9 INFO neutron.services.segments.plugin [-] Segment da741e0d-ff66-478a-adf7-476f31ee903a resource provider aggregate not found
2026-04-29 03:03:56.299 9 INFO neutron.services.segments.plugin [-] Segment da741e0d-ff66-478a-adf7-476f31ee903a resource provider not found; error: Placement Client Error (4xx): {"errors": [{"status": 404, "title": "Not Found", "detail": "The resource could not be found.\n\n No resource provider with uuid da741e0d-ff66-478a-adf7-476f31ee903a found for delete ", "request_id": "req-d2a78205-59fa-45c4-9a46-d2af39832b7d"}]}
2026-04-29 03:03:56.301 9 INFO neutron.services.segments.plugin [-] Segment da741e0d-ff66-478a-adf7-476f31ee903a resource provider aggregate not found
2026-04-29 03:03:56.316 9 INFO neutron.api.wsgi [None req-685b3603-72dc-421e-9e0a-d07289451884 bbd314a95daa4962a9e8a595453e8aeb f723f22b4ddf49e094b46249d3018a71 - - default default] 10.0.0.12 "DELETE /v2.0/networks/676fc5b2-92e8-4f5f-8387-2e88ea96dc41 HTTP/1.1" status: 204 len: 168 time: 0.3034513
2026-04-29 03:03:56.317 9 INFO neutron.services.segments.plugin [-] Segment da741e0d-ff66-478a-adf7-476f31ee903a resource provider not found; error: Placement Client Error (4xx): {"errors": [{"status": 404, "title": "Not Found", "detail": "The resource could not be found.\n\n No resource provider with uuid da741e0d-ff66-478a-adf7-476f31ee903a found for delete ", "request_id": "req-21e1d0f1-eead-4814-9a6e-260fa5f08f1b"}]}
2026-04-29 03:03:56.682 9 INFO neutron.api.wsgi [None req-df8e2a27-7c98-437d-ba38-afb52929c0fa bbd314a95daa4962a9e8a595453e8aeb f723f22b4ddf49e094b46249d3018a71 - - default default] 10.0.0.12 "DELETE /v2.0/networks/c4c1aa83-1f09-4d9b-9a3f-fb2a18d9bb53 HTTP/1.1" status: 204 len: 168 time: 0.3597186
2026-04-29 03:03:56.934 9 INFO neutron.api.wsgi [req-d50a69ec-0b8d-4cb2-925d-00d377d72cb3 req-0b4e1b7d-8e9e-48a8-b049-ee1684bc241d 19f9a64dee374bfd8eb875b4d831f5ba 8b5ed0604cd14225abc78ce3321662c1 - - default default] 10.0.0.46 "GET /v2.0/ports?device_id=2cb8b7d6-56e9-45e2-861f-b674177dc109 HTTP/1.1" status: 200 len: 210 time: 0.0146255
2026-04-29 03:03:56.942 9 INFO neutron.api.wsgi [None req-f6dab54f-2034-4729-a78b-e84cde76d216 bbd314a95daa4962a9e8a595453e8aeb f723f22b4ddf49e094b46249d3018a71 - - default default] 10.0.0.12 "DELETE /v2.0/networks/6f286340-5e96-43ad-a43c-1e9ed3a2a797 HTTP/1.1" status: 204 len: 168 time: 0.2549314
2026-04-29 03:03:57.248 9 INFO neutron.api.wsgi [None req-095a3278-ddd9-4da3-ae29-d9ab0bf74a7d bbd314a95daa4962a9e8a595453e8aeb f723f22b4ddf49e094b46249d3018a71 - - default default] 10.0.0.12 "DELETE /v2.0/networks/9761dd17-2030-44e2-96e2-ffa770791f9c HTTP/1.1" status: 204 len: 168 time: 0.3011053
2026-04-29 03:03:57.285 9 WARNING neutron.plugins.ml2.drivers.ovn.mech_driver.ovsdb.ovn_client [None req-0bacfd2e-0d49-4aca-8283-7231fdba0f8d - - - - - -] No hosting information found for port ee5ecfa3-ac11-4c08-8adf-ce8fac547a9e: RuntimeError: No hosting information found for port ee5ecfa3-ac11-4c08-8adf-ce8fac547a9e
2026-04-29 03:03:57.351 9 INFO neutron.db.ovn_revision_numbers_db [None req-0bacfd2e-0d49-4aca-8283-7231fdba0f8d - - - - - -] Successfully bumped revision number for resource ee5ecfa3-ac11-4c08-8adf-ce8fac547a9e (type: router_ports) to 2
2026-04-29 03:03:57.668 10 WARNING neutron_lib.context [None req-22378207-40fc-4d19-97b7-13a294360143 3b2caef033684100a8056abcbce7e6c1 54408915c54649048164e188be5b8f19 - - default default] Method 'is_advsvc' is deprecated since 2023.2 release (neutron-lib 3.8.0) and will be removed once support for the old RBAC API policies will be removed from Neutron. Please use method 'is_service_role' instead.
2026-04-29 03:03:57.795 10 INFO neutron.db.ovn_revision_numbers_db [None req-22378207-40fc-4d19-97b7-13a294360143 3b2caef033684100a8056abcbce7e6c1 54408915c54649048164e188be5b8f19 - - default default] Successfully bumped revision number for resource 97bc788c-7137-477c-beaa-af82ff150bf6 (type: security_groups) to 1
2026-04-29 03:03:57.808 10 INFO neutron.db.ovn_revision_numbers_db [None req-22378207-40fc-4d19-97b7-13a294360143 3b2caef033684100a8056abcbce7e6c1 54408915c54649048164e188be5b8f19 - - default default] Successfully bumped revision number for resource 1710b350-45d1-47ee-be59-043c15c293a3 (type: security_group_rules) to 0
2026-04-29 03:03:57.824 10 INFO neutron.db.ovn_revision_numbers_db [None req-22378207-40fc-4d19-97b7-13a294360143 3b2caef033684100a8056abcbce7e6c1 54408915c54649048164e188be5b8f19 - - default default] Successfully bumped revision number for resource 7a1e997a-492e-49f9-bfd4-2d1b7c82749b (type: security_group_rules) to 0
2026-04-29 03:03:57.839 10 INFO neutron.db.ovn_revision_numbers_db [None req-22378207-40fc-4d19-97b7-13a294360143 3b2caef033684100a8056abcbce7e6c1 54408915c54649048164e188be5b8f19 - - default default] Successfully bumped revision number for resource b02030cc-6486-4222-b4ce-d936f66a01fb (type: security_group_rules) to 0
2026-04-29 03:03:57.852 10 INFO neutron.db.ovn_revision_numbers_db [None req-22378207-40fc-4d19-97b7-13a294360143 3b2caef033684100a8056abcbce7e6c1 54408915c54649048164e188be5b8f19 - - default default] Successfully bumped revision number for resource c0fbf734-8fa4-436d-9ca0-fa2efd320ab9 (type: security_group_rules) to 0
2026-04-29 03:03:57.853 9 INFO neutron.api.wsgi [None req-486990a3-2812-49f9-ad18-ed8d0795582f 0d17a3b6a9b5451492e66aefd4f235dc 3308dde9f672402eae73c63366cc0f4e - - default default] 10.0.0.12 "GET /v2.0/security-groups?tenant_id=f723f22b4ddf49e094b46249d3018a71&name=default HTTP/1.1" status: 200 len: 3120 time: 0.0726807
2026-04-29 03:03:57.922 10 INFO neutron.db.segments_db [None req-22378207-40fc-4d19-97b7-13a294360143 3b2caef033684100a8056abcbce7e6c1 54408915c54649048164e188be5b8f19 - - default default] Added segment 82e67322-c9f8-4e45-9d54-86312143ebff of type geneve for network cc1841c3-1727-4116-bf26-f26e45ba2bdb
2026-04-29 03:03:58.028 10 INFO neutron.db.ovn_revision_numbers_db [None req-22378207-40fc-4d19-97b7-13a294360143 3b2caef033684100a8056abcbce7e6c1 54408915c54649048164e188be5b8f19 - - default default] Successfully bumped revision number for resource cc1841c3-1727-4116-bf26-f26e45ba2bdb (type: networks) to 1
