2026-04-29 03:05:14.209 9 WARNING neutron_lib.context [None req-488cd329-e9e1-4c37-a059-fef59d10d062 9e02c057613e49549ade2a4f034c6f51 01219d8ee521419ea9d25b9a609afeb0 - - default default] Method 'is_advsvc' is deprecated since 2023.2 release (neutron-lib 3.8.0) and will be removed once support for the old RBAC API policies will be removed from Neutron. Please use method 'is_service_role' instead.
2026-04-29 03:05:14.388 9 WARNING neutron.scheduler.dhcp_agent_scheduler [None req-488cd329-e9e1-4c37-a059-fef59d10d062 9e02c057613e49549ade2a4f034c6f51 01219d8ee521419ea9d25b9a609afeb0 - - default default] No more DHCP agents
2026-04-29 03:05:14.389 9 WARNING neutron.api.rpc.agentnotifiers.dhcp_rpc_agent_api [None req-488cd329-e9e1-4c37-a059-fef59d10d062 9e02c057613e49549ade2a4f034c6f51 01219d8ee521419ea9d25b9a609afeb0 - - default default] Unable to schedule network 7583ae47-a9aa-480a-b2e1-4c1f6c1c97bf: no agents available; will retry on subsequent port and subnet creation events.
2026-04-29 03:05:14.413 9 INFO neutron.db.ovn_revision_numbers_db [None req-488cd329-e9e1-4c37-a059-fef59d10d062 9e02c057613e49549ade2a4f034c6f51 01219d8ee521419ea9d25b9a609afeb0 - - default default] Successfully bumped revision number for resource 5f92208e-12e4-4bd9-8c4e-27ce054d338c (type: subnets) to 0
2026-04-29 03:05:14.427 9 INFO neutron.api.wsgi [None req-488cd329-e9e1-4c37-a059-fef59d10d062 9e02c057613e49549ade2a4f034c6f51 01219d8ee521419ea9d25b9a609afeb0 - - default default] 10.0.0.12 "POST /v2.0/subnets HTTP/1.1" status: 201 len: 930 time: 0.2218165
2026-04-29 03:05:14.436 10 WARNING neutron_lib.context [None req-eac88742-e116-4228-9d06-e874b2dd006e 9e02c057613e49549ade2a4f034c6f51 01219d8ee521419ea9d25b9a609afeb0 - - default default] Method 'is_advsvc' is deprecated since 2023.2 release (neutron-lib 3.8.0) and will be removed once support for the old RBAC API policies will be removed from Neutron. Please use method 'is_service_role' instead.
2026-04-29 03:05:14.501 10 INFO neutron.api.wsgi [None req-6641404c-f3f9-4c43-8a34-24ba4c267519 401207aa7d76448382104b2e452b2ff3 2afb5d784e3045449e261cf98344d10d - - default default] 10.0.0.12 "POST /v2.0/floatingips HTTP/1.1" status: 201 len: 751 time: 0.6105740
2026-04-29 03:05:14.540 10 INFO neutron.db.segments_db [None req-eac88742-e116-4228-9d06-e874b2dd006e 9e02c057613e49549ade2a4f034c6f51 01219d8ee521419ea9d25b9a609afeb0 - - default default] Added segment e8cce7dd-f177-4324-89fa-0048fa2c0744 of type geneve for network 376e0181-6655-44ec-9f73-2c469680b5d4
2026-04-29 03:05:14.556 10 INFO neutron.api.wsgi [None req-d81a496c-89eb-42d6-aa39-84bc7dde89c1 401207aa7d76448382104b2e452b2ff3 2afb5d784e3045449e261cf98344d10d - - default default] 10.0.0.12 "PUT /v2.0/floatingips/25dcb347-80e1-4cef-98bc-83d7199c0670/tags HTTP/1.1" status: 200 len: 218 time: 0.0487354
2026-04-29 03:05:14.615 9 INFO neutron.api.wsgi [None req-c662afa9-93ac-4d54-84f4-e4f97b127f86 401207aa7d76448382104b2e452b2ff3 2afb5d784e3045449e261cf98344d10d - - default default] 10.0.0.12 "GET /v2.0/floatingips/25dcb347-80e1-4cef-98bc-83d7199c0670/tags HTTP/1.1" status: 200 len: 218 time: 0.0473459
2026-04-29 03:05:14.681 10 INFO neutron.api.wsgi [None req-3236219e-2181-4e8f-b5b6-a4e2f80e34a8 401207aa7d76448382104b2e452b2ff3 2afb5d784e3045449e261cf98344d10d - - default default] 10.0.0.12 "PUT /v2.0/floatingips/25dcb347-80e1-4cef-98bc-83d7199c0670/tags/green HTTP/1.1" status: 201 len: 201 time: 0.0608251
2026-04-29 03:05:14.692 9 INFO neutron.api.wsgi [None req-945d3b07-8236-4f3e-814b-705b5886c2cd b73238b6837349859fa2c26c71a2a561 b9aed8580c4342a7bf73698ecf2e53bc - - default default] 10.0.0.158 "GET /v2.0/extensions HTTP/1.1" status: 200 len: 19298 time: 0.0095580
2026-04-29 03:05:14.714 10 INFO neutron.api.wsgi [None req-ce6631fd-7235-4c30-939b-ec479a8140fc 401207aa7d76448382104b2e452b2ff3 2afb5d784e3045449e261cf98344d10d - - default default] 10.0.0.12 "GET /v2.0/floatingips/25dcb347-80e1-4cef-98bc-83d7199c0670/tags HTTP/1.1" status: 200 len: 227 time: 0.0279675
2026-04-29 03:05:14.729 10 INFO neutron.db.ovn_revision_numbers_db [None req-eac88742-e116-4228-9d06-e874b2dd006e 9e02c057613e49549ade2a4f034c6f51 01219d8ee521419ea9d25b9a609afeb0 - - default default] Successfully bumped revision number for resource 376e0181-6655-44ec-9f73-2c469680b5d4 (type: networks) to 1
2026-04-29 03:05:14.758 9 INFO neutron.api.wsgi [None req-ef2a7c8d-34be-4e49-957c-9b944caa226b 401207aa7d76448382104b2e452b2ff3 2afb5d784e3045449e261cf98344d10d - - default default] 10.0.0.12 "PUT /v2.0/floatingips/25dcb347-80e1-4cef-98bc-83d7199c0670/tags/red HTTP/1.1" status: 201 len: 201 time: 0.0372291
2026-04-29 03:05:14.785 9 INFO neutron.api.wsgi [None req-7b493b1c-10b8-4921-9790-f8c768a46aec 401207aa7d76448382104b2e452b2ff3 2afb5d784e3045449e261cf98344d10d - - default default] 10.0.0.12 "GET /v2.0/floatingips/25dcb347-80e1-4cef-98bc-83d7199c0670/tags HTTP/1.1" status: 200 len: 227 time: 0.0216300
2026-04-29 03:05:14.824 9 INFO neutron.api.wsgi [None req-89747197-2dfc-4296-b8bd-f6f4588fe649 401207aa7d76448382104b2e452b2ff3 2afb5d784e3045449e261cf98344d10d - - default default] 10.0.0.12 "PUT /v2.0/floatingips/25dcb347-80e1-4cef-98bc-83d7199c0670/tags/black.or.white HTTP/1.1" status: 201 len: 201 time: 0.0338986
2026-04-29 03:05:14.853 9 INFO neutron.api.wsgi [None req-0300f41f-4f76-455f-b53d-c7b05c5465bc 401207aa7d76448382104b2e452b2ff3 2afb5d784e3045449e261cf98344d10d - - default default] 10.0.0.12 "GET /v2.0/floatingips/25dcb347-80e1-4cef-98bc-83d7199c0670/tags HTTP/1.1" status: 200 len: 245 time: 0.0236747
2026-04-29 03:05:14.856 9 INFO neutron.api.wsgi [None req-e69faf1b-db34-4164-9f8a-c6b90bff9806 b73238b6837349859fa2c26c71a2a561 b9aed8580c4342a7bf73698ecf2e53bc - - default default] 10.0.0.158 "GET /v2.0/quotas/b9aed8580c4342a7bf73698ecf2e53bc/details HTTP/1.1" status: 200 len: 1046 time: 0.1517644
2026-04-29 03:05:14.892 9 INFO neutron.api.wsgi [None req-5fdb9a26-fd7e-47f9-9212-06126e498dab 401207aa7d76448382104b2e452b2ff3 2afb5d784e3045449e261cf98344d10d - - default default] 10.0.0.12 "PUT /v2.0/floatingips/25dcb347-80e1-4cef-98bc-83d7199c0670/tags HTTP/1.1" status: 200 len: 230 time: 0.0333025
2026-04-29 03:05:14.909 10 WARNING neutron.scheduler.dhcp_agent_scheduler [None req-eac88742-e116-4228-9d06-e874b2dd006e 9e02c057613e49549ade2a4f034c6f51 01219d8ee521419ea9d25b9a609afeb0 - - default default] No more DHCP agents
2026-04-29 03:05:14.911 10 WARNING neutron.api.rpc.agentnotifiers.dhcp_rpc_agent_api [None req-eac88742-e116-4228-9d06-e874b2dd006e 9e02c057613e49549ade2a4f034c6f51 01219d8ee521419ea9d25b9a609afeb0 - - default default] Unable to schedule network 376e0181-6655-44ec-9f73-2c469680b5d4: no agents available; will retry on subsequent port and subnet creation events.
2026-04-29 03:05:14.933 10 INFO neutron.api.wsgi [None req-8d25017d-a0f6-4470-acbd-782cb12684ce 401207aa7d76448382104b2e452b2ff3 2afb5d784e3045449e261cf98344d10d - - default default] 10.0.0.12 "GET /v2.0/floatingips/25dcb347-80e1-4cef-98bc-83d7199c0670/tags HTTP/1.1" status: 200 len: 230 time: 0.0328770
2026-04-29 03:05:14.972 9 INFO neutron.api.wsgi [None req-c8f7956c-3dc6-4846-9c67-e8033f5d4615 401207aa7d76448382104b2e452b2ff3 2afb5d784e3045449e261cf98344d10d - - default default] 10.0.0.12 "GET /v2.0/floatingips/25dcb347-80e1-4cef-98bc-83d7199c0670/tags/red HTTP/1.1" status: 204 len: 168 time: 0.0334125
2026-04-29 03:05:15.010 10 INFO neutron.db.ovn_revision_numbers_db [None req-eac88742-e116-4228-9d06-e874b2dd006e 9e02c057613e49549ade2a4f034c6f51 01219d8ee521419ea9d25b9a609afeb0 - - default default] Successfully bumped revision number for resource 99c4940a-683f-4fe7-a992-98a987f6eba1 (type: ports) to 1
2026-04-29 03:05:15.046 10 INFO neutron.api.wsgi [None req-eac88742-e116-4228-9d06-e874b2dd006e 9e02c057613e49549ade2a4f034c6f51 01219d8ee521419ea9d25b9a609afeb0 - - default default] 10.0.0.12 "POST /v2.0/networks HTTP/1.1" status: 201 len: 837 time: 0.6136951
2026-04-29 03:05:15.055 10 WARNING neutron_lib.context [None req-61ca06a0-0916-4d47-b2b9-844919253a6c 9e02c057613e49549ade2a4f034c6f51 01219d8ee521419ea9d25b9a609afeb0 - - default default] Method 'is_advsvc' is deprecated since 2023.2 release (neutron-lib 3.8.0) and will be removed once support for the old RBAC API policies will be removed from Neutron. Please use method 'is_service_role' instead.
2026-04-29 03:05:15.249 9 INFO neutron.api.v2.resource [None req-415b90b8-3ff9-4331-8849-9f9a0d5d2d9d 401207aa7d76448382104b2e452b2ff3 2afb5d784e3045449e261cf98344d10d - - default default] show failed (client error): The resource could not be found.
2026-04-29 03:05:15.250 10 WARNING neutron.scheduler.dhcp_agent_scheduler [None req-61ca06a0-0916-4d47-b2b9-844919253a6c 9e02c057613e49549ade2a4f034c6f51 01219d8ee521419ea9d25b9a609afeb0 - - default default] No more DHCP agents
2026-04-29 03:05:15.250 9 INFO neutron.api.wsgi [None req-415b90b8-3ff9-4331-8849-9f9a0d5d2d9d 401207aa7d76448382104b2e452b2ff3 2afb5d784e3045449e261cf98344d10d - - default default] 10.0.0.12 "GET /v2.0/floatingips/25dcb347-80e1-4cef-98bc-83d7199c0670/tags/green HTTP/1.1" status: 404 len: 299 time: 0.2720699
2026-04-29 03:05:15.251 10 WARNING neutron.api.rpc.agentnotifiers.dhcp_rpc_agent_api [None req-61ca06a0-0916-4d47-b2b9-844919253a6c 9e02c057613e49549ade2a4f034c6f51 01219d8ee521419ea9d25b9a609afeb0 - - default default] Unable to schedule network 376e0181-6655-44ec-9f73-2c469680b5d4: no agents available; will retry on subsequent port and subnet creation events.
2026-04-29 03:05:15.289 9 INFO neutron.api.wsgi [None req-db074003-980a-4bd7-8f29-b35e8206207d 401207aa7d76448382104b2e452b2ff3 2afb5d784e3045449e261cf98344d10d - - default default] 10.0.0.12 "DELETE /v2.0/floatingips/25dcb347-80e1-4cef-98bc-83d7199c0670/tags/red HTTP/1.1" status: 204 len: 168 time: 0.0327854
2026-04-29 03:05:15.310 9 INFO neutron.api.wsgi [None req-56521529-328f-471a-bbcc-f45ce2e9e6ac 401207aa7d76448382104b2e452b2ff3 2afb5d784e3045449e261cf98344d10d - - default default] 10.0.0.12 "GET /v2.0/floatingips/25dcb347-80e1-4cef-98bc-83d7199c0670/tags HTTP/1.1" status: 200 len: 223 time: 0.0174079
2026-04-29 03:05:15.340 9 INFO neutron.api.v2.resource [None req-98ad8ee9-1e1e-4a70-874c-62fb9c13dd74 401207aa7d76448382104b2e452b2ff3 2afb5d784e3045449e261cf98344d10d - - default default] delete failed (client error): The resource could not be found.
2026-04-29 03:05:15.341 9 INFO neutron.api.wsgi [None req-98ad8ee9-1e1e-4a70-874c-62fb9c13dd74 401207aa7d76448382104b2e452b2ff3 2afb5d784e3045449e261cf98344d10d - - default default] 10.0.0.12 "DELETE /v2.0/floatingips/25dcb347-80e1-4cef-98bc-83d7199c0670/tags/green HTTP/1.1" status: 404 len: 299 time: 0.0274217
2026-04-29 03:05:15.386 9 INFO neutron.api.wsgi [None req-246549fd-239d-47cc-8aac-77c5fadad092 401207aa7d76448382104b2e452b2ff3 2afb5d784e3045449e261cf98344d10d - - default default] 10.0.0.12 "DELETE /v2.0/floatingips/25dcb347-80e1-4cef-98bc-83d7199c0670/tags HTTP/1.1" status: 204 len: 168 time: 0.0399568
2026-04-29 03:05:15.420 9 INFO neutron.api.wsgi [None req-ad1348c1-36a0-4254-80e9-d6bc275675b6 401207aa7d76448382104b2e452b2ff3 2afb5d784e3045449e261cf98344d10d - - default default] 10.0.0.12 "GET /v2.0/floatingips/25dcb347-80e1-4cef-98bc-83d7199c0670/tags HTTP/1.1" status: 200 len: 205 time: 0.0279150
2026-04-29 03:05:15.670 10 INFO neutron.db.ovn_revision_numbers_db [None req-80e51923-178d-47ac-bc81-d053a6b9401a - - - - - -] Successfully bumped revision number for resource 99c4940a-683f-4fe7-a992-98a987f6eba1 (type: ports) to 2
2026-04-29 03:05:15.701 10 INFO neutron.db.ovn_revision_numbers_db [None req-80e51923-178d-47ac-bc81-d053a6b9401a - - - - - -] Successfully bumped revision number for resource 7dc30201-53e4-413e-906d-4877a8305192 (type: subnets) to 0
2026-04-29 03:05:15.704 9 INFO neutron.api.wsgi [None req-21f19b90-e114-46f0-8b0d-710ef136bd59 401207aa7d76448382104b2e452b2ff3 2afb5d784e3045449e261cf98344d10d - - default default] 10.0.0.12 "DELETE /v2.0/floatingips/25dcb347-80e1-4cef-98bc-83d7199c0670 HTTP/1.1" status: 204 len: 168 time: 0.2764938
2026-04-29 03:05:15.730 10 INFO neutron.api.wsgi [None req-61ca06a0-0916-4d47-b2b9-844919253a6c 9e02c057613e49549ade2a4f034c6f51 01219d8ee521419ea9d25b9a609afeb0 - - default default] 10.0.0.12 "POST /v2.0/subnets HTTP/1.1" status: 201 len: 854 time: 0.6785746
2026-04-29 03:05:15.740 10 WARNING neutron_lib.context [None req-e260ecf1-40ed-4318-8a3f-e72c1e9b9492 9e02c057613e49549ade2a4f034c6f51 01219d8ee521419ea9d25b9a609afeb0 - - default default] Method 'is_advsvc' is deprecated since 2023.2 release (neutron-lib 3.8.0) and will be removed once support for the old RBAC API policies will be removed from Neutron. Please use method 'is_service_role' instead.
2026-04-29 03:05:15.940 10 WARNING neutron.scheduler.dhcp_agent_scheduler [None req-e260ecf1-40ed-4318-8a3f-e72c1e9b9492 9e02c057613e49549ade2a4f034c6f51 01219d8ee521419ea9d25b9a609afeb0 - - default default] No more DHCP agents
2026-04-29 03:05:15.941 10 WARNING neutron.api.rpc.agentnotifiers.dhcp_rpc_agent_api [None req-e260ecf1-40ed-4318-8a3f-e72c1e9b9492 9e02c057613e49549ade2a4f034c6f51 01219d8ee521419ea9d25b9a609afeb0 - - default default] Unable to schedule network 376e0181-6655-44ec-9f73-2c469680b5d4: no agents available; will retry on subsequent port and subnet creation events.
2026-04-29 03:05:15.973 10 INFO neutron.db.ovn_revision_numbers_db [None req-e260ecf1-40ed-4318-8a3f-e72c1e9b9492 9e02c057613e49549ade2a4f034c6f51 01219d8ee521419ea9d25b9a609afeb0 - - default default] Successfully bumped revision number for resource eb77d6cf-4f5b-4fd0-9e07-d8e50941ee88 (type: subnets) to 0
2026-04-29 03:05:15.988 10 INFO neutron.api.wsgi [None req-e260ecf1-40ed-4318-8a3f-e72c1e9b9492 9e02c057613e49549ade2a4f034c6f51 01219d8ee521419ea9d25b9a609afeb0 - - default default] 10.0.0.12 "POST /v2.0/subnets HTTP/1.1" status: 201 len: 924 time: 0.2520685
2026-04-29 03:05:15.998 10 WARNING neutron_lib.context [None req-850c7938-782d-4f16-be80-bab4e83b68cb 9e02c057613e49549ade2a4f034c6f51 01219d8ee521419ea9d25b9a609afeb0 - - default default] Method 'is_advsvc' is deprecated since 2023.2 release (neutron-lib 3.8.0) and will be removed once support for the old RBAC API policies will be removed from Neutron. Please use method 'is_service_role' instead.
2026-04-29 03:05:16.082 10 INFO neutron.db.segments_db [None req-850c7938-782d-4f16-be80-bab4e83b68cb 9e02c057613e49549ade2a4f034c6f51 01219d8ee521419ea9d25b9a609afeb0 - - default default] Added segment b4c704bc-8a3c-4051-999d-7b264c3d677d of type geneve for network 540f4cf6-0311-4b90-be4e-0f69d5d02274
2026-04-29 03:05:16.209 10 INFO neutron.db.ovn_revision_numbers_db [None req-850c7938-782d-4f16-be80-bab4e83b68cb 9e02c057613e49549ade2a4f034c6f51 01219d8ee521419ea9d25b9a609afeb0 - - default default] Successfully bumped revision number for resource 540f4cf6-0311-4b90-be4e-0f69d5d02274 (type: networks) to 1
2026-04-29 03:05:16.381 10 WARNING neutron.scheduler.dhcp_agent_scheduler [None req-850c7938-782d-4f16-be80-bab4e83b68cb 9e02c057613e49549ade2a4f034c6f51 01219d8ee521419ea9d25b9a609afeb0 - - default default] No more DHCP agents
2026-04-29 03:05:16.382 10 WARNING neutron.api.rpc.agentnotifiers.dhcp_rpc_agent_api [None req-850c7938-782d-4f16-be80-bab4e83b68cb 9e02c057613e49549ade2a4f034c6f51 01219d8ee521419ea9d25b9a609afeb0 - - default default] Unable to schedule network 540f4cf6-0311-4b90-be4e-0f69d5d02274: no agents available; will retry on subsequent port and subnet creation events.
2026-04-29 03:05:16.438 10 INFO neutron.db.ovn_revision_numbers_db [None req-850c7938-782d-4f16-be80-bab4e83b68cb 9e02c057613e49549ade2a4f034c6f51 01219d8ee521419ea9d25b9a609afeb0 - - default default] Successfully bumped revision number for resource 168e98b5-1a96-47dd-813d-9290ead00379 (type: ports) to 1
2026-04-29 03:05:16.461 10 INFO neutron.api.wsgi [None req-850c7938-782d-4f16-be80-bab4e83b68cb 9e02c057613e49549ade2a4f034c6f51 01219d8ee521419ea9d25b9a609afeb0 - - default default] 10.0.0.12 "POST /v2.0/networks HTTP/1.1" status: 201 len: 837 time: 0.4670248
2026-04-29 03:05:16.470 10 WARNING neutron_lib.context [None req-7225af7a-163d-4e5d-9af7-f07842f8eb2c 9e02c057613e49549ade2a4f034c6f51 01219d8ee521419ea9d25b9a609afeb0 - - default default] Method 'is_advsvc' is deprecated since 2023.2 release (neutron-lib 3.8.0) and will be removed once support for the old RBAC API policies will be removed from Neutron. Please use method 'is_service_role' instead.
2026-04-29 03:05:16.664 10 WARNING neutron.scheduler.dhcp_agent_scheduler [None req-7225af7a-163d-4e5d-9af7-f07842f8eb2c 9e02c057613e49549ade2a4f034c6f51 01219d8ee521419ea9d25b9a609afeb0 - - default default] No more DHCP agents
2026-04-29 03:05:16.665 10 WARNING neutron.api.rpc.agentnotifiers.dhcp_rpc_agent_api [None req-7225af7a-163d-4e5d-9af7-f07842f8eb2c 9e02c057613e49549ade2a4f034c6f51 01219d8ee521419ea9d25b9a609afeb0 - - default default] Unable to schedule network 540f4cf6-0311-4b90-be4e-0f69d5d02274: no agents available; will retry on subsequent port and subnet creation events.
2026-04-29 03:05:16.670 9 INFO neutron.db.ovn_revision_numbers_db [None req-7286fd12-2593-4bd8-8f7f-2bb6dd7fcbef 0d17a3b6a9b5451492e66aefd4f235dc 3308dde9f672402eae73c63366cc0f4e - - default default] Successfully bumped revision number for resource 724b09af-a9fb-4eed-a8ba-292a2702d92a (type: security_groups) to 1
2026-04-29 03:05:16.683 9 INFO neutron.db.ovn_revision_numbers_db [None req-7286fd12-2593-4bd8-8f7f-2bb6dd7fcbef 0d17a3b6a9b5451492e66aefd4f235dc 3308dde9f672402eae73c63366cc0f4e - - default default] Successfully bumped revision number for resource 4708fcf3-0721-4691-a69e-4a564364fd19 (type: security_group_rules) to 0
2026-04-29 03:05:16.695 9 INFO neutron.db.ovn_revision_numbers_db [None req-7286fd12-2593-4bd8-8f7f-2bb6dd7fcbef 0d17a3b6a9b5451492e66aefd4f235dc 3308dde9f672402eae73c63366cc0f4e - - default default] Successfully bumped revision number for resource 4d5a864c-29fd-4407-aa1e-b681f7ec2053 (type: security_group_rules) to 0
2026-04-29 03:05:16.713 9 INFO neutron.db.ovn_revision_numbers_db [None req-7286fd12-2593-4bd8-8f7f-2bb6dd7fcbef 0d17a3b6a9b5451492e66aefd4f235dc 3308dde9f672402eae73c63366cc0f4e - - default default] Successfully bumped revision number for resource 64e4a25c-0cf0-4374-ba38-76ea4c2344ac (type: security_group_rules) to 0
2026-04-29 03:05:16.727 9 INFO neutron.db.ovn_revision_numbers_db [None req-7286fd12-2593-4bd8-8f7f-2bb6dd7fcbef 0d17a3b6a9b5451492e66aefd4f235dc 3308dde9f672402eae73c63366cc0f4e - - default default] Successfully bumped revision number for resource b61eab5c-4e02-4e5a-b6f6-b047d83b0645 (type: security_group_rules) to 0
2026-04-29 03:05:16.756 9 INFO neutron.api.wsgi [None req-7286fd12-2593-4bd8-8f7f-2bb6dd7fcbef 0d17a3b6a9b5451492e66aefd4f235dc 3308dde9f672402eae73c63366cc0f4e - - default default] 10.0.0.12 "GET /v2.0/security-groups?tenant_id=4c218498d18047d6879a10013c6e134e&name=default HTTP/1.1" status: 200 len: 3124 time: 0.3537869
2026-04-29 03:05:16.971 9 INFO neutron.api.wsgi [None req-c3e65cdc-4705-48d2-8cb5-9c66c2773ebc 0d17a3b6a9b5451492e66aefd4f235dc 3308dde9f672402eae73c63366cc0f4e - - default default] 10.0.0.12 "DELETE /v2.0/security-groups/724b09af-a9fb-4eed-a8ba-292a2702d92a HTTP/1.1" status: 204 len: 168 time: 0.2113829
2026-04-29 03:05:17.091 10 INFO neutron.db.ovn_revision_numbers_db [None req-b8a5dbc4-2f9b-45a3-8ade-3ec5d38db5b3 - - - - - -] Successfully bumped revision number for resource 168e98b5-1a96-47dd-813d-9290ead00379 (type: ports) to 2
2026-04-29 03:05:17.121 10 INFO neutron.db.ovn_revision_numbers_db [None req-b8a5dbc4-2f9b-45a3-8ade-3ec5d38db5b3 - - - - - -] Successfully bumped revision number for resource 01242fd7-59c4-4ebf-879e-7dd2ef316157 (type: subnets) to 0
2026-04-29 03:05:17.136 10 INFO neutron.api.wsgi [None req-7225af7a-163d-4e5d-9af7-f07842f8eb2c 9e02c057613e49549ade2a4f034c6f51 01219d8ee521419ea9d25b9a609afeb0 - - default default] 10.0.0.12 "POST /v2.0/subnets HTTP/1.1" status: 201 len: 855 time: 0.6708083
2026-04-29 03:05:17.137 9 INFO neutron.db.ovn_revision_numbers_db [None req-a7e4aa68-54f3-4cc2-862d-4d92e917e6aa 0d17a3b6a9b5451492e66aefd4f235dc 3308dde9f672402eae73c63366cc0f4e - - default default] Successfully bumped revision number for resource 95c9db90-b9b8-4dd1-9ed8-43e5a0e0a7a5 (type: security_groups) to 1
2026-04-29 03:05:17.148 10 WARNING neutron_lib.context [None req-5cfee4ac-b2ba-4da6-a6e8-2c64e04c4ea2 9e02c057613e49549ade2a4f034c6f51 01219d8ee521419ea9d25b9a609afeb0 - - default default] Method 'is_advsvc' is deprecated since 2023.2 release (neutron-lib 3.8.0) and will be removed once support for the old RBAC API policies will be removed from Neutron. Please use method 'is_service_role' instead.
2026-04-29 03:05:17.151 9 INFO neutron.db.ovn_revision_numbers_db [None req-a7e4aa68-54f3-4cc2-862d-4d92e917e6aa 0d17a3b6a9b5451492e66aefd4f235dc 3308dde9f672402eae73c63366cc0f4e - - default default] Successfully bumped revision number for resource 88d922eb-cfcb-4061-b3e1-80cdaf116b4c (type: security_group_rules) to 0
2026-04-29 03:05:17.170 9 INFO neutron.db.ovn_revision_numbers_db [None req-a7e4aa68-54f3-4cc2-862d-4d92e917e6aa 0d17a3b6a9b5451492e66aefd4f235dc 3308dde9f672402eae73c63366cc0f4e - - default default] Successfully bumped revision number for resource ce127979-9ee4-45cc-b0ac-c6c59da9272b (type: security_group_rules) to 0
2026-04-29 03:05:17.183 9 INFO neutron.db.ovn_revision_numbers_db [None req-1ed4cf21-8810-40ee-a101-223483085849 0d17a3b6a9b5451492e66aefd4f235dc 3308dde9f672402eae73c63366cc0f4e - - default default] Successfully bumped revision number for resource 4609b55e-df69-4e28-a2bb-22c7b710f58f (type: security_groups) to 1
2026-04-29 03:05:17.186 9 INFO neutron.db.ovn_revision_numbers_db [None req-a7e4aa68-54f3-4cc2-862d-4d92e917e6aa 0d17a3b6a9b5451492e66aefd4f235dc 3308dde9f672402eae73c63366cc0f4e - - default default] Successfully bumped revision number for resource e798f312-556d-4286-a316-82dbb6c36f69 (type: security_group_rules) to 0
2026-04-29 03:05:17.197 9 INFO neutron.db.ovn_revision_numbers_db [None req-1ed4cf21-8810-40ee-a101-223483085849 0d17a3b6a9b5451492e66aefd4f235dc 3308dde9f672402eae73c63366cc0f4e - - default default] Successfully bumped revision number for resource 020f721e-5acc-4898-8d3b-586eeece2963 (type: security_group_rules) to 0
2026-04-29 03:05:17.201 9 INFO neutron.db.ovn_revision_numbers_db [None req-a7e4aa68-54f3-4cc2-862d-4d92e917e6aa 0d17a3b6a9b5451492e66aefd4f235dc 3308dde9f672402eae73c63366cc0f4e - - default default] Successfully bumped revision number for resource f54efcd3-2158-4fef-b5e1-f189067cdb51 (type: security_group_rules) to 0
2026-04-29 03:05:17.211 9 INFO neutron.db.ovn_revision_numbers_db [None req-1ed4cf21-8810-40ee-a101-223483085849 0d17a3b6a9b5451492e66aefd4f235dc 3308dde9f672402eae73c63366cc0f4e - - default default] Successfully bumped revision number for resource 511f3896-6992-471e-927e-cf4b9014dc34 (type: security_group_rules) to 0
2026-04-29 03:05:17.224 9 INFO neutron.db.ovn_revision_numbers_db [None req-1ed4cf21-8810-40ee-a101-223483085849 0d17a3b6a9b5451492e66aefd4f235dc 3308dde9f672402eae73c63366cc0f4e - - default default] Successfully bumped revision number for resource 71bf4c7b-3e12-4505-ac7d-101db852b415 (type: security_group_rules) to 0
2026-04-29 03:05:17.239 9 INFO neutron.api.wsgi [None req-a7e4aa68-54f3-4cc2-862d-4d92e917e6aa 0d17a3b6a9b5451492e66aefd4f235dc 3308dde9f672402eae73c63366cc0f4e - - default default] 10.0.0.12 "GET /v2.0/security-groups?tenant_id=b9aed8580c4342a7bf73698ecf2e53bc&name=default HTTP/1.1" status: 200 len: 3124 time: 0.3085408
2026-04-29 03:05:17.240 9 INFO neutron.db.ovn_revision_numbers_db [None req-1ed4cf21-8810-40ee-a101-223483085849 0d17a3b6a9b5451492e66aefd4f235dc 3308dde9f672402eae73c63366cc0f4e - - default default] Successfully bumped revision number for resource ea766135-03b6-47b4-a207-556a891eb2cb (type: security_group_rules) to 0
2026-04-29 03:05:17.284 9 INFO neutron.api.wsgi [None req-1ed4cf21-8810-40ee-a101-223483085849 0d17a3b6a9b5451492e66aefd4f235dc 3308dde9f672402eae73c63366cc0f4e - - default default] 10.0.0.12 "GET /v2.0/security-groups?tenant_id=2afb5d784e3045449e261cf98344d10d&name=default HTTP/1.1" status: 200 len: 3124 time: 0.2233295
2026-04-29 03:05:17.334 10 WARNING neutron.scheduler.dhcp_agent_scheduler [None req-5cfee4ac-b2ba-4da6-a6e8-2c64e04c4ea2 9e02c057613e49549ade2a4f034c6f51 01219d8ee521419ea9d25b9a609afeb0 - - default default] No more DHCP agents
2026-04-29 03:05:17.336 10 WARNING neutron.api.rpc.agentnotifiers.dhcp_rpc_agent_api [None req-5cfee4ac-b2ba-4da6-a6e8-2c64e04c4ea2 9e02c057613e49549ade2a4f034c6f51 01219d8ee521419ea9d25b9a609afeb0 - - default default] Unable to schedule network 540f4cf6-0311-4b90-be4e-0f69d5d02274: no agents available; will retry on subsequent port and subnet creation events.
2026-04-29 03:05:17.364 10 INFO neutron.db.ovn_revision_numbers_db [None req-5cfee4ac-b2ba-4da6-a6e8-2c64e04c4ea2 9e02c057613e49549ade2a4f034c6f51 01219d8ee521419ea9d25b9a609afeb0 - - default default] Successfully bumped revision number for resource 9016b499-a8dd-4bcb-829b-0a2d3221a495 (type: subnets) to 0
2026-04-29 03:05:17.380 10 INFO neutron.api.wsgi [None req-5cfee4ac-b2ba-4da6-a6e8-2c64e04c4ea2 9e02c057613e49549ade2a4f034c6f51 01219d8ee521419ea9d25b9a609afeb0 - - default default] 10.0.0.12 "POST /v2.0/subnets HTTP/1.1" status: 201 len: 928 time: 0.2356529
2026-04-29 03:05:17.395 9 WARNING neutron_lib.context [None req-cb2e61cf-7db1-4c89-815d-9691caeadc69 9e02c057613e49549ade2a4f034c6f51 01219d8ee521419ea9d25b9a609afeb0 - - default default] Method 'is_advsvc' is deprecated since 2023.2 release (neutron-lib 3.8.0) and will be removed once support for the old RBAC API policies will be removed from Neutron. Please use method 'is_service_role' instead.
2026-04-29 03:05:17.561 9 INFO neutron.api.wsgi [None req-28610c94-f98f-4654-bd69-2e207b28c3d2 0d17a3b6a9b5451492e66aefd4f235dc 3308dde9f672402eae73c63366cc0f4e - - default default] 10.0.0.12 "DELETE /v2.0/security-groups/95c9db90-b9b8-4dd1-9ed8-43e5a0e0a7a5 HTTP/1.1" status: 204 len: 168 time: 0.3168745
2026-04-29 03:05:17.591 9 INFO neutron.api.wsgi [None req-e25ab8c5-4e94-4755-8a81-5b2e7d6ea477 0d17a3b6a9b5451492e66aefd4f235dc 3308dde9f672402eae73c63366cc0f4e - - default default] 10.0.0.12 "DELETE /v2.0/security-groups/4609b55e-df69-4e28-a2bb-22c7b710f58f HTTP/1.1" status: 204 len: 168 time: 0.3008318
2026-04-29 03:05:17.824 9 WARNING neutron.scheduler.dhcp_agent_scheduler [None req-cb2e61cf-7db1-4c89-815d-9691caeadc69 9e02c057613e49549ade2a4f034c6f51 01219d8ee521419ea9d25b9a609afeb0 - - default default] No more DHCP agents
2026-04-29 03:05:17.826 9 WARNING neutron.api.rpc.agentnotifiers.dhcp_rpc_agent_api [None req-cb2e61cf-7db1-4c89-815d-9691caeadc69 9e02c057613e49549ade2a4f034c6f51 01219d8ee521419ea9d25b9a609afeb0 - - default default] Unable to schedule network 94738971-21a3-414a-ba70-2dd4ce24c361: no agents available; will retry on subsequent port and subnet creation events.
2026-04-29 03:05:17.934 9 INFO neutron.db.ovn_revision_numbers_db [None req-cb2e61cf-7db1-4c89-815d-9691caeadc69 9e02c057613e49549ade2a4f034c6f51 01219d8ee521419ea9d25b9a609afeb0 - - default default] Successfully bumped revision number for resource d50e8e11-f421-4a1b-b064-7bfc673ec16a (type: ports) to 1
2026-04-29 03:05:18.481 9 INFO neutron.plugins.ml2.drivers.ovn.mech_driver.ovsdb.commands [None req-e89d2fad-060a-45fd-8eb1-3c3fd670de74 - - - - - -] Schedule LRP lrp-d50e8e11-f421-4a1b-b064-7bfc673ec16a on gateway 93a177b5-79a8-4dd7-9ffa-9a3d49f1cc5b with priority 1
2026-04-29 03:05:18.490 10 INFO neutron.plugins.ml2.drivers.ovn.mech_driver.mech_driver [None req-fedb812d-d7e8-44ed-b24a-520b9663a93e - - - - - -] OVN reports status up for port: d50e8e11-f421-4a1b-b064-7bfc673ec16a
2026-04-29 03:05:18.498 10 INFO neutron.plugins.ml2.plugin [None req-fedb812d-d7e8-44ed-b24a-520b9663a93e - - - - - -] Attempt 1 to provision port d50e8e11-f421-4a1b-b064-7bfc673ec16a
2026-04-29 03:05:18.504 9 INFO neutron.plugins.ml2.drivers.ovn.mech_driver.ovsdb.ovsdb_monitor [None req-3a4288ca-c88d-47c1-9a5b-6305e1232667 - - - - - -] Router 27a29f8c-f560-4a20-919c-1439d84bb022 is bound to host instance
2026-04-29 03:05:18.523 9 INFO neutron.db.ovn_revision_numbers_db [None req-cb2e61cf-7db1-4c89-815d-9691caeadc69 9e02c057613e49549ade2a4f034c6f51 01219d8ee521419ea9d25b9a609afeb0 - - default default] Successfully bumped revision number for resource d50e8e11-f421-4a1b-b064-7bfc673ec16a (type: router_ports) to 1
2026-04-29 03:05:18.596 9 INFO neutron.db.ovn_revision_numbers_db [None req-cb2e61cf-7db1-4c89-815d-9691caeadc69 9e02c057613e49549ade2a4f034c6f51 01219d8ee521419ea9d25b9a609afeb0 - - default default] Successfully bumped revision number for resource 27a29f8c-f560-4a20-919c-1439d84bb022 (type: routers) to 2
2026-04-29 03:05:18.621 9 INFO neutron.api.wsgi [None req-cb2e61cf-7db1-4c89-815d-9691caeadc69 9e02c057613e49549ade2a4f034c6f51 01219d8ee521419ea9d25b9a609afeb0 - - default default] 10.0.0.12 "POST /v2.0/routers HTTP/1.1" status: 201 len: 1143 time: 1.2364879
2026-04-29 03:05:18.851 9 INFO neutron.db.ovn_revision_numbers_db [None req-0fb962f8-6dfc-4993-836e-d59fcd9ca14a - - - - - -] Successfully bumped revision number for resource d50e8e11-f421-4a1b-b064-7bfc673ec16a (type: ports) to 1
2026-04-29 03:05:19.117 9 INFO neutron.db.ovn_revision_numbers_db [None req-0fb962f8-6dfc-4993-836e-d59fcd9ca14a - - - - - -] Successfully bumped revision number for resource d50e8e11-f421-4a1b-b064-7bfc673ec16a (type: ports) to 4
2026-04-29 03:05:19.121 10 WARNING neutron.scheduler.dhcp_agent_scheduler [None req-ce644b98-900c-4589-ab6e-ad6b5d04b496 9e02c057613e49549ade2a4f034c6f51 01219d8ee521419ea9d25b9a609afeb0 - - default default] No more DHCP agents
2026-04-29 03:05:19.122 10 WARNING neutron.api.rpc.agentnotifiers.dhcp_rpc_agent_api [None req-ce644b98-900c-4589-ab6e-ad6b5d04b496 9e02c057613e49549ade2a4f034c6f51 01219d8ee521419ea9d25b9a609afeb0 - - default default] Unable to schedule network 7583ae47-a9aa-480a-b2e1-4c1f6c1c97bf: no agents available; will retry on subsequent port and subnet creation events.
2026-04-29 03:05:19.227 10 INFO neutron.db.ovn_revision_numbers_db [None req-ce644b98-900c-4589-ab6e-ad6b5d04b496 9e02c057613e49549ade2a4f034c6f51 01219d8ee521419ea9d25b9a609afeb0 - - default default] Successfully bumped revision number for resource f8a718e0-ee08-4bd6-968f-0177bd026521 (type: ports) to 1
2026-04-29 03:05:19.431 9 INFO neutron.db.ovn_revision_numbers_db [None req-0fb962f8-6dfc-4993-836e-d59fcd9ca14a - - - - - -] Successfully bumped revision number for resource d50e8e11-f421-4a1b-b064-7bfc673ec16a (type: ports) to 5
2026-04-29 03:05:19.831 10 INFO neutron.db.ovn_revision_numbers_db [None req-ce644b98-900c-4589-ab6e-ad6b5d04b496 9e02c057613e49549ade2a4f034c6f51 01219d8ee521419ea9d25b9a609afeb0 - - default default] Successfully bumped revision number for resource f8a718e0-ee08-4bd6-968f-0177bd026521 (type: ports) to 1
2026-04-29 03:05:19.876 10 WARNING neutron.scheduler.dhcp_agent_scheduler [None req-ce644b98-900c-4589-ab6e-ad6b5d04b496 9e02c057613e49549ade2a4f034c6f51 01219d8ee521419ea9d25b9a609afeb0 - - default default] No more DHCP agents
2026-04-29 03:05:19.878 10 WARNING neutron.api.rpc.agentnotifiers.dhcp_rpc_agent_api [None req-ce644b98-900c-4589-ab6e-ad6b5d04b496 9e02c057613e49549ade2a4f034c6f51 01219d8ee521419ea9d25b9a609afeb0 - - default default] Unable to schedule network 7583ae47-a9aa-480a-b2e1-4c1f6c1c97bf: no agents available; will retry on subsequent port and subnet creation events.
2026-04-29 03:05:20.217 10 INFO neutron.db.ovn_revision_numbers_db [None req-ce644b98-900c-4589-ab6e-ad6b5d04b496 9e02c057613e49549ade2a4f034c6f51 01219d8ee521419ea9d25b9a609afeb0 - - default default] Successfully bumped revision number for resource f8a718e0-ee08-4bd6-968f-0177bd026521 (type: router_ports) to 1
2026-04-29 03:05:20.229 10 INFO neutron.api.wsgi [None req-ce644b98-900c-4589-ab6e-ad6b5d04b496 9e02c057613e49549ade2a4f034c6f51 01219d8ee521419ea9d25b9a609afeb0 - - default default] 10.0.0.12 "PUT /v2.0/routers/27a29f8c-f560-4a20-919c-1439d84bb022/add_router_interface HTTP/1.1" status: 200 len: 503 time: 1.5966485
2026-04-29 03:05:20.724 9 WARNING neutron.scheduler.dhcp_agent_scheduler [None req-5be5ba56-e71c-46ba-b392-de4eb646d54a 9e02c057613e49549ade2a4f034c6f51 01219d8ee521419ea9d25b9a609afeb0 - - default default] No more DHCP agents
2026-04-29 03:05:20.725 9 WARNING neutron.api.rpc.agentnotifiers.dhcp_rpc_agent_api [None req-5be5ba56-e71c-46ba-b392-de4eb646d54a 9e02c057613e49549ade2a4f034c6f51 01219d8ee521419ea9d25b9a609afeb0 - - default default] Unable to schedule network 376e0181-6655-44ec-9f73-2c469680b5d4: no agents available; will retry on subsequent port and subnet creation events.
2026-04-29 03:05:20.859 9 INFO neutron.db.ovn_revision_numbers_db [None req-5be5ba56-e71c-46ba-b392-de4eb646d54a 9e02c057613e49549ade2a4f034c6f51 01219d8ee521419ea9d25b9a609afeb0 - - default default] Successfully bumped revision number for resource ab5e909e-fa38-46e8-88f0-c61cdc871cbe (type: ports) to 1
2026-04-29 03:05:20.885 9 INFO neutron.api.wsgi [None req-5bbd9c74-549c-4534-bc96-b713150f10fe 4e50c77f1b0e40f098b52632be4dfa1b 357610405e8b4d07a5c69714bb72af6c - - default default] 10.0.0.12 "POST /v2.0/qos/policies HTTP/1.1" status: 201 len: 558 time: 0.2059097
2026-04-29 03:05:20.923 10 INFO neutron.api.wsgi [None req-f6c6a039-54d8-41ce-aa19-f907b295c512 4e50c77f1b0e40f098b52632be4dfa1b 357610405e8b4d07a5c69714bb72af6c - - default default] 10.0.0.12 "PUT /v2.0/policies/d4fb13d0-ea6c-428b-90a9-97538c49ce5e/tags HTTP/1.1" status: 200 len: 218 time: 0.0303559
2026-04-29 03:05:20.944 10 INFO neutron.api.wsgi [None req-f25c6f5a-eeef-4f53-bfae-5428edfbf872 4e50c77f1b0e40f098b52632be4dfa1b 357610405e8b4d07a5c69714bb72af6c - - default default] 10.0.0.12 "GET /v2.0/policies/d4fb13d0-ea6c-428b-90a9-97538c49ce5e/tags HTTP/1.1" status: 200 len: 218 time: 0.0176888
2026-04-29 03:05:20.977 10 INFO neutron.api.wsgi [None req-2ed8692b-985a-4a88-a3d8-7d1f062ac5cf 4e50c77f1b0e40f098b52632be4dfa1b 357610405e8b4d07a5c69714bb72af6c - - default default] 10.0.0.12 "PUT /v2.0/policies/d4fb13d0-ea6c-428b-90a9-97538c49ce5e/tags/green HTTP/1.1" status: 201 len: 201 time: 0.0262952
2026-04-29 03:05:20.995 10 INFO neutron.api.wsgi [None req-c361763f-f9e3-40d8-bec0-611e0b3982ab 4e50c77f1b0e40f098b52632be4dfa1b 357610405e8b4d07a5c69714bb72af6c - - default default] 10.0.0.12 "GET /v2.0/policies/d4fb13d0-ea6c-428b-90a9-97538c49ce5e/tags HTTP/1.1" status: 200 len: 227 time: 0.0136204
2026-04-29 03:05:21.014 10 INFO neutron.api.wsgi [None req-6bdd4f34-fed4-4e15-bb6c-dc1a99cd6507 4e50c77f1b0e40f098b52632be4dfa1b 357610405e8b4d07a5c69714bb72af6c - - default default] 10.0.0.12 "PUT /v2.0/policies/d4fb13d0-ea6c-428b-90a9-97538c49ce5e/tags/red HTTP/1.1" status: 201 len: 201 time: 0.0139589
2026-04-29 03:05:21.029 10 INFO neutron.plugins.ml2.drivers.ovn.mech_driver.mech_driver [None req-fedb812d-d7e8-44ed-b24a-520b9663a93e - - - - - -] OVN reports status up for port: f8a718e0-ee08-4bd6-968f-0177bd026521
2026-04-29 03:05:21.035 10 INFO neutron.plugins.ml2.plugin [None req-fedb812d-d7e8-44ed-b24a-520b9663a93e - - - - - -] Attempt 1 to provision port f8a718e0-ee08-4bd6-968f-0177bd026521
2026-04-29 03:05:21.039 9 INFO neutron.api.wsgi [None req-8d23d102-1e6b-4687-9f74-bf066eaa8064 4e50c77f1b0e40f098b52632be4dfa1b 357610405e8b4d07a5c69714bb72af6c - - default default] 10.0.0.12 "GET /v2.0/policies/d4fb13d0-ea6c-428b-90a9-97538c49ce5e/tags HTTP/1.1" status: 200 len: 227 time: 0.0204191
2026-04-29 03:05:21.082 9 INFO neutron.api.wsgi [None req-bd436401-3421-4ac4-a622-04ecda4f5623 4e50c77f1b0e40f098b52632be4dfa1b 357610405e8b4d07a5c69714bb72af6c - - default default] 10.0.0.12 "PUT /v2.0/policies/d4fb13d0-ea6c-428b-90a9-97538c49ce5e/tags/black.or.white HTTP/1.1" status: 201 len: 201 time: 0.0366719
2026-04-29 03:05:21.102 9 INFO neutron.api.wsgi [None req-f79ea205-5304-4f9a-90fe-3e73ea9a3b31 4e50c77f1b0e40f098b52632be4dfa1b 357610405e8b4d07a5c69714bb72af6c - - default default] 10.0.0.12 "GET /v2.0/policies/d4fb13d0-ea6c-428b-90a9-97538c49ce5e/tags HTTP/1.1" status: 200 len: 245 time: 0.0155077
2026-04-29 03:05:21.143 9 INFO neutron.api.wsgi [None req-e08cb35c-3369-4305-8892-a58d572d833f 4e50c77f1b0e40f098b52632be4dfa1b 357610405e8b4d07a5c69714bb72af6c - - default default] 10.0.0.12 "PUT /v2.0/policies/d4fb13d0-ea6c-428b-90a9-97538c49ce5e/tags HTTP/1.1" status: 200 len: 230 time: 0.0369010
2026-04-29 03:05:21.165 10 INFO neutron.api.wsgi [None req-a126894d-defb-480a-a84b-1d6d4c69dcdb 4e50c77f1b0e40f098b52632be4dfa1b 357610405e8b4d07a5c69714bb72af6c - - default default] 10.0.0.12 "GET /v2.0/policies/d4fb13d0-ea6c-428b-90a9-97538c49ce5e/tags HTTP/1.1" status: 200 len: 230 time: 0.0147388
2026-04-29 03:05:21.187 10 INFO neutron.api.wsgi [None req-30edf4cb-7b5c-46dc-b4a9-3795ede903ae 4e50c77f1b0e40f098b52632be4dfa1b 357610405e8b4d07a5c69714bb72af6c - - default default] 10.0.0.12 "GET /v2.0/policies/d4fb13d0-ea6c-428b-90a9-97538c49ce5e/tags/red HTTP/1.1" status: 204 len: 168 time: 0.0166831
2026-04-29 03:05:21.215 10 INFO neutron.api.v2.resource [None req-d784fa5d-d1b5-4c20-b0e4-0fd53f4ffcc3 4e50c77f1b0e40f098b52632be4dfa1b 357610405e8b4d07a5c69714bb72af6c - - default default] show failed (client error): The resource could not be found.
2026-04-29 03:05:21.216 10 INFO neutron.api.wsgi [None req-d784fa5d-d1b5-4c20-b0e4-0fd53f4ffcc3 4e50c77f1b0e40f098b52632be4dfa1b 357610405e8b4d07a5c69714bb72af6c - - default default] 10.0.0.12 "GET /v2.0/policies/d4fb13d0-ea6c-428b-90a9-97538c49ce5e/tags/green HTTP/1.1" status: 404 len: 299 time: 0.0240989
2026-04-29 03:05:21.265 9 INFO neutron.api.wsgi [None req-c0fcd85a-7282-4193-90a7-d68fa193d689 4e50c77f1b0e40f098b52632be4dfa1b 357610405e8b4d07a5c69714bb72af6c - - default default] 10.0.0.12 "DELETE /v2.0/policies/d4fb13d0-ea6c-428b-90a9-97538c49ce5e/tags/red HTTP/1.1" status: 204 len: 168 time: 0.0429263
2026-04-29 03:05:21.307 10 INFO neutron.api.wsgi [None req-228da50f-ae2d-4035-9e17-0cd95204495e 4e50c77f1b0e40f098b52632be4dfa1b 357610405e8b4d07a5c69714bb72af6c - - default default] 10.0.0.12 "GET /v2.0/policies/d4fb13d0-ea6c-428b-90a9-97538c49ce5e/tags HTTP/1.1" status: 200 len: 223 time: 0.0366318
2026-04-29 03:05:21.334 10 INFO neutron.api.v2.resource [None req-b3dcd361-32bf-4ab1-a00f-5c48a6c2393a 4e50c77f1b0e40f098b52632be4dfa1b 357610405e8b4d07a5c69714bb72af6c - - default default] delete failed (client error): The resource could not be found.
2026-04-29 03:05:21.335 10 INFO neutron.api.wsgi [None req-b3dcd361-32bf-4ab1-a00f-5c48a6c2393a 4e50c77f1b0e40f098b52632be4dfa1b 357610405e8b4d07a5c69714bb72af6c - - default default] 10.0.0.12 "DELETE /v2.0/policies/d4fb13d0-ea6c-428b-90a9-97538c49ce5e/tags/green HTTP/1.1" status: 404 len: 299 time: 0.0231640
2026-04-29 03:05:21.381 9 INFO neutron.api.wsgi [None req-8a420210-78fe-4a0b-bf91-8afd2b66d448 4e50c77f1b0e40f098b52632be4dfa1b 357610405e8b4d07a5c69714bb72af6c - - default default] 10.0.0.12 "DELETE /v2.0/policies/d4fb13d0-ea6c-428b-90a9-97538c49ce5e/tags HTTP/1.1" status: 204 len: 168 time: 0.0392714
2026-04-29 03:05:21.402 10 INFO neutron.api.wsgi [None req-72a732d8-e016-4a20-b2e7-c87a54efed8b 4e50c77f1b0e40f098b52632be4dfa1b 357610405e8b4d07a5c69714bb72af6c - - default default] 10.0.0.12 "GET /v2.0/policies/d4fb13d0-ea6c-428b-90a9-97538c49ce5e/tags HTTP/1.1" status: 200 len: 205 time: 0.0166173
2026-04-29 03:05:21.449 10 INFO neutron.db.ovn_revision_numbers_db [None req-fedb812d-d7e8-44ed-b24a-520b9663a93e - - - - - -] Successfully bumped revision number for resource f8a718e0-ee08-4bd6-968f-0177bd026521 (type: ports) to 2
2026-04-29 03:05:21.477 10 INFO neutron.api.wsgi [None req-2f77fe31-10b4-4784-b33e-0a350b612005 4e50c77f1b0e40f098b52632be4dfa1b 357610405e8b4d07a5c69714bb72af6c - - default default] 10.0.0.12 "DELETE /v2.0/qos/policies/d4fb13d0-ea6c-428b-90a9-97538c49ce5e HTTP/1.1" status: 204 len: 168 time: 0.0677121
2026-04-29 03:05:21.535 9 INFO neutron.plugins.ml2.drivers.ovn.mech_driver.mech_driver [None req-7d21504b-3071-4be2-9aca-4b1d3ba50b42 - - - - - -] OVN reports status up for port: ab5e909e-fa38-46e8-88f0-c61cdc871cbe
2026-04-29 03:05:21.546 9 INFO neutron.plugins.ml2.plugin [None req-7d21504b-3071-4be2-9aca-4b1d3ba50b42 - - - - - -] Attempt 1 to provision port ab5e909e-fa38-46e8-88f0-c61cdc871cbe
2026-04-29 03:05:21.561 9 INFO neutron.db.ovn_revision_numbers_db [None req-5be5ba56-e71c-46ba-b392-de4eb646d54a 9e02c057613e49549ade2a4f034c6f51 01219d8ee521419ea9d25b9a609afeb0 - - default default] Successfully bumped revision number for resource ab5e909e-fa38-46e8-88f0-c61cdc871cbe (type: ports) to 1
2026-04-29 03:05:21.616 9 WARNING neutron.scheduler.dhcp_agent_scheduler [None req-5be5ba56-e71c-46ba-b392-de4eb646d54a 9e02c057613e49549ade2a4f034c6f51 01219d8ee521419ea9d25b9a609afeb0 - - default default] No more DHCP agents
2026-04-29 03:05:21.617 9 WARNING neutron.api.rpc.agentnotifiers.dhcp_rpc_agent_api [None req-5be5ba56-e71c-46ba-b392-de4eb646d54a 9e02c057613e49549ade2a4f034c6f51 01219d8ee521419ea9d25b9a609afeb0 - - default default] Unable to schedule network 376e0181-6655-44ec-9f73-2c469680b5d4: no agents available; will retry on subsequent port and subnet creation events.
2026-04-29 03:05:21.664 10 WARNING neutron_lib.context [None req-11396e4b-e47f-42e0-a1cc-19f9242e8b35 51caa7535a554a66bc6199030d44d227 b6921c7f48964186bf9a1d3625bdccfc - - default default] Method 'is_advsvc' is deprecated since 2023.2 release (neutron-lib 3.8.0) and will be removed once support for the old RBAC API policies will be removed from Neutron. Please use method 'is_service_role' instead.
2026-04-29 03:05:21.767 10 INFO neutron.db.ovn_revision_numbers_db [None req-11396e4b-e47f-42e0-a1cc-19f9242e8b35 51caa7535a554a66bc6199030d44d227 b6921c7f48964186bf9a1d3625bdccfc - - default default] Successfully bumped revision number for resource 73abc002-a6ac-44cd-a3cc-a119fec94db7 (type: security_groups) to 1
2026-04-29 03:05:21.781 10 INFO neutron.db.ovn_revision_numbers_db [None req-11396e4b-e47f-42e0-a1cc-19f9242e8b35 51caa7535a554a66bc6199030d44d227 b6921c7f48964186bf9a1d3625bdccfc - - default default] Successfully bumped revision number for resource 46945c8a-656f-47c0-82dc-155a3cfaa37b (type: security_group_rules) to 0
2026-04-29 03:05:21.792 10 INFO neutron.db.ovn_revision_numbers_db [None req-11396e4b-e47f-42e0-a1cc-19f9242e8b35 51caa7535a554a66bc6199030d44d227 b6921c7f48964186bf9a1d3625bdccfc - - default default] Successfully bumped revision number for resource 9dff05bb-1524-412e-9320-2ed9f3ad0906 (type: security_group_rules) to 0
2026-04-29 03:05:21.803 10 INFO neutron.db.ovn_revision_numbers_db [None req-11396e4b-e47f-42e0-a1cc-19f9242e8b35 51caa7535a554a66bc6199030d44d227 b6921c7f48964186bf9a1d3625bdccfc - - default default] Successfully bumped revision number for resource b87800c8-c16e-467a-b054-68668694020c (type: security_group_rules) to 0
2026-04-29 03:05:21.814 10 INFO neutron.db.ovn_revision_numbers_db [None req-11396e4b-e47f-42e0-a1cc-19f9242e8b35 51caa7535a554a66bc6199030d44d227 b6921c7f48964186bf9a1d3625bdccfc - - default default] Successfully bumped revision number for resource b915012c-56e7-4199-86eb-42328e4b9cb0 (type: security_group_rules) to 0
2026-04-29 03:05:21.885 10 INFO neutron.db.segments_db [None req-11396e4b-e47f-42e0-a1cc-19f9242e8b35 51caa7535a554a66bc6199030d44d227 b6921c7f48964186bf9a1d3625bdccfc - - default default] Added segment 0999c441-5f96-4f62-833e-0928c0780b2b of type geneve for network fb1728c7-321f-4646-970c-f4536fac790e
2026-04-29 03:05:21.928 9 INFO neutron.db.ovn_revision_numbers_db [None req-7d21504b-3071-4be2-9aca-4b1d3ba50b42 - - - - - -] Successfully bumped revision number for resource ab5e909e-fa38-46e8-88f0-c61cdc871cbe (type: ports) to 2
2026-04-29 03:05:22.002 10 INFO neutron.db.ovn_revision_numbers_db [None req-11396e4b-e47f-42e0-a1cc-19f9242e8b35 51caa7535a554a66bc6199030d44d227 b6921c7f48964186bf9a1d3625bdccfc - - default default] Successfully bumped revision number for resource fb1728c7-321f-4646-970c-f4536fac790e (type: networks) to 1
2026-04-29 03:05:22.031 9 INFO neutron.db.ovn_revision_numbers_db [None req-5be5ba56-e71c-46ba-b392-de4eb646d54a 9e02c057613e49549ade2a4f034c6f51 01219d8ee521419ea9d25b9a609afeb0 - - default default] Successfully bumped revision number for resource ab5e909e-fa38-46e8-88f0-c61cdc871cbe (type: router_ports) to 1
2026-04-29 03:05:22.036 9 INFO neutron.api.wsgi [None req-5be5ba56-e71c-46ba-b392-de4eb646d54a 9e02c057613e49549ade2a4f034c6f51 01219d8ee521419ea9d25b9a609afeb0 - - default default] 10.0.0.12 "PUT /v2.0/routers/27a29f8c-f560-4a20-919c-1439d84bb022/add_router_interface HTTP/1.1" status: 200 len: 503 time: 1.8009369
2026-04-29 03:05:22.182 10 WARNING neutron.scheduler.dhcp_agent_scheduler [None req-11396e4b-e47f-42e0-a1cc-19f9242e8b35 51caa7535a554a66bc6199030d44d227 b6921c7f48964186bf9a1d3625bdccfc - - default default] No more DHCP agents
2026-04-29 03:05:22.183 10 WARNING neutron.api.rpc.agentnotifiers.dhcp_rpc_agent_api [None req-11396e4b-e47f-42e0-a1cc-19f9242e8b35 51caa7535a554a66bc6199030d44d227 b6921c7f48964186bf9a1d3625bdccfc - - default default] Unable to schedule network fb1728c7-321f-4646-970c-f4536fac790e: no agents available; will retry on subsequent port and subnet creation events.
2026-04-29 03:05:22.238 10 INFO neutron.db.ovn_revision_numbers_db [None req-11396e4b-e47f-42e0-a1cc-19f9242e8b35 51caa7535a554a66bc6199030d44d227 b6921c7f48964186bf9a1d3625bdccfc - - default default] Successfully bumped revision number for resource 6e5993d1-f5fe-4284-af3b-e3db6448a481 (type: ports) to 1
2026-04-29 03:05:22.255 10 INFO neutron.api.wsgi [None req-11396e4b-e47f-42e0-a1cc-19f9242e8b35 51caa7535a554a66bc6199030d44d227 b6921c7f48964186bf9a1d3625bdccfc - - default default] 10.0.0.12 "POST /v2.0/networks HTTP/1.1" status: 201 len: 831 time: 0.6952500
2026-04-29 03:05:22.263 10 WARNING neutron_lib.context [None req-51a065d5-382d-437b-a34a-58ad4a8608b7 51caa7535a554a66bc6199030d44d227 b6921c7f48964186bf9a1d3625bdccfc - - default default] Method 'is_advsvc' is deprecated since 2023.2 release (neutron-lib 3.8.0) and will be removed once support for the old RBAC API policies will be removed from Neutron. Please use method 'is_service_role' instead.
2026-04-29 03:05:22.396 9 INFO neutron.db.ovn_revision_numbers_db [None req-d1783c9b-8d11-4ec1-a9c3-48bbebf7ca9c 0d17a3b6a9b5451492e66aefd4f235dc 3308dde9f672402eae73c63366cc0f4e - - default default] Successfully bumped revision number for resource 923f8a83-a4ea-4438-ac31-56aaa4835c21 (type: security_groups) to 1
2026-04-29 03:05:22.412 9 INFO neutron.db.ovn_revision_numbers_db [None req-d1783c9b-8d11-4ec1-a9c3-48bbebf7ca9c 0d17a3b6a9b5451492e66aefd4f235dc 3308dde9f672402eae73c63366cc0f4e - - default default] Successfully bumped revision number for resource 87aeab6f-b3ec-4360-ba0a-7cf2f53419f9 (type: security_group_rules) to 0
2026-04-29 03:05:22.429 9 INFO neutron.db.ovn_revision_numbers_db [None req-d1783c9b-8d11-4ec1-a9c3-48bbebf7ca9c 0d17a3b6a9b5451492e66aefd4f235dc 3308dde9f672402eae73c63366cc0f4e - - default default] Successfully bumped revision number for resource a3c923ff-39de-4115-bb59-ae5c7a23e6e5 (type: security_group_rules) to 0
2026-04-29 03:05:22.444 9 INFO neutron.db.ovn_revision_numbers_db [None req-d1783c9b-8d11-4ec1-a9c3-48bbebf7ca9c 0d17a3b6a9b5451492e66aefd4f235dc 3308dde9f672402eae73c63366cc0f4e - - default default] Successfully bumped revision number for resource b819a9d9-2e62-4c39-b50d-34f23644797f (type: security_group_rules) to 0
2026-04-29 03:05:22.463 9 INFO neutron.db.ovn_revision_numbers_db [None req-d1783c9b-8d11-4ec1-a9c3-48bbebf7ca9c 0d17a3b6a9b5451492e66aefd4f235dc 3308dde9f672402eae73c63366cc0f4e - - default default] Successfully bumped revision number for resource edb1d446-b9dd-42d1-8a5b-0f8254f5d337 (type: security_group_rules) to 0
2026-04-29 03:05:22.474 10 WARNING neutron.scheduler.dhcp_agent_scheduler [None req-51a065d5-382d-437b-a34a-58ad4a8608b7 51caa7535a554a66bc6199030d44d227 b6921c7f48964186bf9a1d3625bdccfc - - default default] No more DHCP agents
2026-04-29 03:05:22.475 10 WARNING neutron.api.rpc.agentnotifiers.dhcp_rpc_agent_api [None req-51a065d5-382d-437b-a34a-58ad4a8608b7 51caa7535a554a66bc6199030d44d227 b6921c7f48964186bf9a1d3625bdccfc - - default default] Unable to schedule network fb1728c7-321f-4646-970c-f4536fac790e: no agents available; will retry on subsequent port and subnet creation events.
2026-04-29 03:05:22.521 9 INFO neutron.api.wsgi [None req-d1783c9b-8d11-4ec1-a9c3-48bbebf7ca9c 0d17a3b6a9b5451492e66aefd4f235dc 3308dde9f672402eae73c63366cc0f4e - - default default] 10.0.0.12 "GET /v2.0/security-groups?tenant_id=357610405e8b4d07a5c69714bb72af6c&name=default HTTP/1.1" status: 200 len: 3124 time: 0.4336526 /var/lib/openstack/lib/python3.12/site-packages/pycadf/identifier.py:71: UserWarning: Invalid uuid: neutron. To ensure interoperability, identifiers should be a valid uuid. warnings.warn(('Invalid uuid: %s. To ensure interoperability, '
2026-04-29 03:05:22.563 10 INFO neutron.db.ovn_revision_numbers_db [None req-51a065d5-382d-437b-a34a-58ad4a8608b7 51caa7535a554a66bc6199030d44d227 b6921c7f48964186bf9a1d3625bdccfc - - default default] Successfully bumped revision number for resource 7b857939-3cc7-42dd-9487-ee40a5dd8eb7 (type: ports) to 1
2026-04-29 03:05:22.590 10 INFO neutron.api.wsgi [None req-51a065d5-382d-437b-a34a-58ad4a8608b7 51caa7535a554a66bc6199030d44d227 b6921c7f48964186bf9a1d3625bdccfc - - default default] 10.0.0.12 "POST /v2.0/ports HTTP/1.1" status: 201 len: 942 time: 0.3296924
2026-04-29 03:05:22.600 10 WARNING neutron_lib.context [None req-a9237f3b-e3a6-43a0-8581-cd56735dbbec 51caa7535a554a66bc6199030d44d227 b6921c7f48964186bf9a1d3625bdccfc - - default default] Method 'is_advsvc' is deprecated since 2023.2 release (neutron-lib 3.8.0) and will be removed once support for the old RBAC API policies will be removed from Neutron. Please use method 'is_service_role' instead.
