2026-04-29 03:02:42.192 9 INFO neutron.api.wsgi [req-4180535f-d4ae-44a4-a340-da9d3285d96a req-d1398d47-fa9b-4090-b77e-9abf7616370d f8d0ec0e128d48628a5571dd38cde1fd 6dd32dd71c484f9f9a1332ff881a48f7 - - default default] 199.204.45.25 "DELETE /v2.0/ports/3fee9986-f75c-4f72-bf92-230d6dcf9cc2 HTTP/1.1" status: 204 len: 173 time: 0.5728016
2026-04-29 03:02:42.205 9 INFO neutron.api.wsgi [req-78edd205-bd0a-4dba-b768-58b181c2e0c6 req-180f0130-2412-4d9d-9edd-f2ae5a7241e4 f8d0ec0e128d48628a5571dd38cde1fd 6dd32dd71c484f9f9a1332ff881a48f7 - - default default] 10.0.0.46 "GET /v2.0/security-groups?id=b9f623f7-1d25-4b53-ba18-48501d079ea2&id=2b1f5d1d-30ab-4e27-a30b-b383e669ee36&fields=id&fields=name HTTP/1.1" status: 200 len: 405 time: 0.0554287
2026-04-29 03:02:42.217 10 INFO neutron.api.wsgi [None req-e6d21b6e-89e4-47b5-a886-f38b529b630f 0d17a3b6a9b5451492e66aefd4f235dc 3308dde9f672402eae73c63366cc0f4e - - default default] 10.0.0.12 "DELETE /v2.0/security-groups/f7c5de64-378a-4ca7-b1d1-4ac154bdb2d3 HTTP/1.1" status: 204 len: 168 time: 0.2092240
2026-04-29 03:02:42.398 10 INFO neutron.api.wsgi [None req-fa00c3b2-dca4-4a07-b736-2ef462153054 673365243d184c1f8d3e54b829f0375c e08c4b9bca87475b90d7fc822642b4b0 - - default default] 10.0.0.12 "DELETE /v2.0/ports/49b8185a-9cc6-49c4-89d0-d0cddea8ffd6 HTTP/1.1" status: 204 len: 168 time: 0.2312903
2026-04-29 03:02:42.426 9 INFO neutron.db.ovn_revision_numbers_db [None req-e09d6c4c-d969-428e-aac8-f51ea67d94c0 0d17a3b6a9b5451492e66aefd4f235dc 3308dde9f672402eae73c63366cc0f4e - - default default] Successfully bumped revision number for resource 900c0ba4-6f67-46db-afd1-bf2b757ac136 (type: security_groups) to 1
2026-04-29 03:02:42.436 10 INFO neutron.api.wsgi [None req-d3f9cde2-5bf5-4ceb-8d27-933a32cd98c2 673365243d184c1f8d3e54b829f0375c e08c4b9bca87475b90d7fc822642b4b0 - - default default] 10.0.0.12 "GET /v2.0/ports HTTP/1.1" status: 200 len: 1733 time: 0.0322709
2026-04-29 03:02:42.442 9 INFO neutron.db.ovn_revision_numbers_db [None req-e09d6c4c-d969-428e-aac8-f51ea67d94c0 0d17a3b6a9b5451492e66aefd4f235dc 3308dde9f672402eae73c63366cc0f4e - - default default] Successfully bumped revision number for resource 2799ddd8-7e95-48ad-95d6-949c3ddfc435 (type: security_group_rules) to 0
2026-04-29 03:02:42.454 10 INFO neutron.pecan_wsgi.hooks.translation [None req-04a58cef-0436-4d8a-bf0e-788aa9018105 673365243d184c1f8d3e54b829f0375c e08c4b9bca87475b90d7fc822642b4b0 - - default default] GET failed (client error): The resource could not be found.
2026-04-29 03:02:42.455 9 INFO neutron.db.ovn_revision_numbers_db [None req-e09d6c4c-d969-428e-aac8-f51ea67d94c0 0d17a3b6a9b5451492e66aefd4f235dc 3308dde9f672402eae73c63366cc0f4e - - default default] Successfully bumped revision number for resource 669af542-46fb-4441-8f9b-86dce33d7f62 (type: security_group_rules) to 0
2026-04-29 03:02:42.456 10 INFO neutron.api.wsgi [None req-04a58cef-0436-4d8a-bf0e-788aa9018105 673365243d184c1f8d3e54b829f0375c e08c4b9bca87475b90d7fc822642b4b0 - - default default] 10.0.0.12 "GET /v2.0/ports/49b8185a-9cc6-49c4-89d0-d0cddea8ffd6 HTTP/1.1" status: 404 len: 333 time: 0.0150421
2026-04-29 03:02:42.488 9 INFO neutron.db.ovn_revision_numbers_db [None req-e09d6c4c-d969-428e-aac8-f51ea67d94c0 0d17a3b6a9b5451492e66aefd4f235dc 3308dde9f672402eae73c63366cc0f4e - - default default] Successfully bumped revision number for resource 752b6ef9-56f1-4303-a2de-5a9d4f1f2a61 (type: security_group_rules) to 0
2026-04-29 03:02:42.515 9 INFO neutron.db.ovn_revision_numbers_db [None req-e09d6c4c-d969-428e-aac8-f51ea67d94c0 0d17a3b6a9b5451492e66aefd4f235dc 3308dde9f672402eae73c63366cc0f4e - - default default] Successfully bumped revision number for resource d9459028-d2f3-41da-b695-6adb6d1a4c82 (type: security_group_rules) to 0
2026-04-29 03:02:42.552 9 INFO neutron.notifiers.nova [-] Nova event matching ['req-1f2ecab0-dc16-4bd4-910e-131c6275f4d8'] response: {'server_uuid': '3722a49a-6fcc-433c-95c3-91894ebf2b24', 'name': 'network-vif-unplugged', 'status': 'completed', 'tag': '3fee9986-f75c-4f72-bf92-230d6dcf9cc2', 'code': 200}
2026-04-29 03:02:42.552 9 INFO neutron.notifiers.nova [-] Nova event matching ['req-1f2ecab0-dc16-4bd4-910e-131c6275f4d8'] response: {'server_uuid': '3722a49a-6fcc-433c-95c3-91894ebf2b24', 'name': 'network-vif-deleted', 'tag': '3fee9986-f75c-4f72-bf92-230d6dcf9cc2', 'status': 'completed', 'code': 200}
2026-04-29 03:02:42.562 9 INFO neutron.api.wsgi [None req-6c12d650-2d12-4f0f-9255-51326c6dba9a 673365243d184c1f8d3e54b829f0375c e08c4b9bca87475b90d7fc822642b4b0 - - default default] 10.0.0.12 "GET /v2.0/ports HTTP/1.1" status: 200 len: 1733 time: 0.0985153
2026-04-29 03:02:42.564 9 INFO neutron.api.wsgi [None req-e09d6c4c-d969-428e-aac8-f51ea67d94c0 0d17a3b6a9b5451492e66aefd4f235dc 3308dde9f672402eae73c63366cc0f4e - - default default] 10.0.0.12 "GET /v2.0/security-groups?tenant_id=411f478dc5a44633806dd78a1c35849e&name=default HTTP/1.1" status: 200 len: 3120 time: 0.2686479
2026-04-29 03:02:42.599 9 INFO neutron.api.wsgi [None req-f83c7921-cf47-4ab9-805e-f3f0afb962b4 673365243d184c1f8d3e54b829f0375c e08c4b9bca87475b90d7fc822642b4b0 - - default default] 10.0.0.12 "GET /v2.0/ports/005e9a43-c63d-4ab2-9235-e0f00ea97aa4 HTTP/1.1" status: 200 len: 973 time: 0.0306258
2026-04-29 03:02:42.622 9 INFO neutron.pecan_wsgi.hooks.translation [None req-53df1e77-fe20-47be-b990-138b1eef6936 673365243d184c1f8d3e54b829f0375c e08c4b9bca87475b90d7fc822642b4b0 - - default default] DELETE failed (client error): The resource could not be found.
2026-04-29 03:02:42.624 9 INFO neutron.api.wsgi [None req-53df1e77-fe20-47be-b990-138b1eef6936 673365243d184c1f8d3e54b829f0375c e08c4b9bca87475b90d7fc822642b4b0 - - default default] 10.0.0.12 "DELETE /v2.0/ports/24c388bf-6dd7-4b83-9b45-61ee513e9e40 HTTP/1.1" status: 404 len: 333 time: 0.0164235
2026-04-29 03:02:42.636 9 INFO neutron.pecan_wsgi.hooks.translation [None req-7a635d94-3107-40a7-8e03-23dc35275303 673365243d184c1f8d3e54b829f0375c e08c4b9bca87475b90d7fc822642b4b0 - - default default] DELETE failed (client error): The resource could not be found.
2026-04-29 03:02:42.639 9 INFO neutron.api.wsgi [None req-7a635d94-3107-40a7-8e03-23dc35275303 673365243d184c1f8d3e54b829f0375c e08c4b9bca87475b90d7fc822642b4b0 - - default default] 10.0.0.12 "DELETE /v2.0/subnets/b3fea07f-a520-475d-a39a-b6714796ffa7 HTTP/1.1" status: 404 len: 337 time: 0.0104764
2026-04-29 03:02:42.653 9 INFO neutron.pecan_wsgi.hooks.translation [None req-b37c0b39-fc10-4d3c-8884-6b78215dc5a4 673365243d184c1f8d3e54b829f0375c e08c4b9bca87475b90d7fc822642b4b0 - - default default] DELETE failed (client error): The resource could not be found.
2026-04-29 03:02:42.656 9 INFO neutron.api.wsgi [None req-b37c0b39-fc10-4d3c-8884-6b78215dc5a4 673365243d184c1f8d3e54b829f0375c e08c4b9bca87475b90d7fc822642b4b0 - - default default] 10.0.0.12 "DELETE /v2.0/subnets/c489216a-b258-4c80-849e-3ceaa990a012 HTTP/1.1" status: 404 len: 337 time: 0.0127380
2026-04-29 03:02:42.775 10 INFO neutron.api.wsgi [None req-e6fa96a3-5721-4cdc-9f6a-ef170b3e748a 0d17a3b6a9b5451492e66aefd4f235dc 3308dde9f672402eae73c63366cc0f4e - - default default] 10.0.0.12 "DELETE /v2.0/security-groups/900c0ba4-6f67-46db-afd1-bf2b757ac136 HTTP/1.1" status: 204 len: 168 time: 0.2051706
2026-04-29 03:02:42.870 9 INFO neutron.api.wsgi [None req-e80adf35-4680-42ea-8815-e5918e1f69b7 673365243d184c1f8d3e54b829f0375c e08c4b9bca87475b90d7fc822642b4b0 - - default default] 10.0.0.12 "DELETE /v2.0/ports/005e9a43-c63d-4ab2-9235-e0f00ea97aa4 HTTP/1.1" status: 204 len: 168 time: 0.2092121
2026-04-29 03:02:43.202 9 INFO neutron.api.wsgi [None req-87427593-a335-4d2b-88bc-ceac54ba7177 673365243d184c1f8d3e54b829f0375c e08c4b9bca87475b90d7fc822642b4b0 - - default default] 10.0.0.12 "DELETE /v2.0/networks/fd6e4018-9f34-4baa-916c-f3f81bf5a9a0 HTTP/1.1" status: 204 len: 168 time: 0.3282795
2026-04-29 03:02:43.302 9 INFO neutron.api.wsgi [req-22f5f563-17ab-424b-bcd5-cf67610c5ca9 req-410c5dea-b023-4c83-8d22-1e6ce3c6dd08 f8d0ec0e128d48628a5571dd38cde1fd 6dd32dd71c484f9f9a1332ff881a48f7 - - default default] 10.0.0.46 "GET /v2.0/ports?device_id=3722a49a-6fcc-433c-95c3-91894ebf2b24 HTTP/1.1" status: 200 len: 210 time: 0.0165615
2026-04-29 03:02:43.458 9 INFO neutron.services.segments.plugin [-] Segment 3d76e567-4769-4d62-b4e0-e1e5c5208c5e resource provider aggregate not found
2026-04-29 03:02:43.465 9 INFO neutron.services.segments.plugin [-] Segment 3d76e567-4769-4d62-b4e0-e1e5c5208c5e resource provider aggregate not found
2026-04-29 03:02:43.474 9 INFO neutron.services.segments.plugin [-] Segment 3d76e567-4769-4d62-b4e0-e1e5c5208c5e resource provider not found; error: Placement Client Error (4xx): {"errors": [{"status": 404, "title": "Not Found", "detail": "The resource could not be found.\n\n No resource provider with uuid 3d76e567-4769-4d62-b4e0-e1e5c5208c5e found for delete ", "request_id": "req-cd719e28-5a27-4152-a20b-e090de4bbe65"}]}
2026-04-29 03:02:43.476 9 INFO neutron.services.segments.plugin [-] Segment 3d76e567-4769-4d62-b4e0-e1e5c5208c5e resource provider not found; error: Placement Client Error (4xx): {"errors": [{"status": 404, "title": "Not Found", "detail": "The resource could not be found.\n\n No resource provider with uuid 3d76e567-4769-4d62-b4e0-e1e5c5208c5e found for delete ", "request_id": "req-a1e4b143-5713-4702-845a-57afb31fb6a1"}]}
2026-04-29 03:02:43.951 10 INFO neutron.api.wsgi [None req-d11c4423-67da-49b3-a214-34784b2ae536 0d17a3b6a9b5451492e66aefd4f235dc 3308dde9f672402eae73c63366cc0f4e - - default default] 10.0.0.12 "GET /v2.0/security-groups?tenant_id=e08c4b9bca87475b90d7fc822642b4b0&name=default HTTP/1.1" status: 200 len: 3120 time: 0.1822851
2026-04-29 03:02:44.134 9 INFO neutron.api.wsgi [None req-d3eeec9a-0da5-47d3-bd97-80bb0bab2ca4 0d17a3b6a9b5451492e66aefd4f235dc 3308dde9f672402eae73c63366cc0f4e - - default default] 10.0.0.12 "DELETE /v2.0/security-groups/496f3b1d-f563-4459-92ca-2f70c6b00f9f HTTP/1.1" status: 204 len: 168 time: 0.1759405
2026-04-29 03:02:44.404 9 INFO neutron.api.wsgi [req-f6937e35-8987-47d9-abbd-83c1d94271df req-69adeb2d-2a42-4f94-8e2f-fe16cb3bbe4e f8d0ec0e128d48628a5571dd38cde1fd 6dd32dd71c484f9f9a1332ff881a48f7 - - default default] 10.0.0.46 "GET /v2.0/ports?device_id=3722a49a-6fcc-433c-95c3-91894ebf2b24 HTTP/1.1" status: 200 len: 210 time: 0.0183108
2026-04-29 03:02:45.678 10 INFO neutron.api.wsgi [None req-28260e4c-2a9f-4e97-b3ac-73eaf7d84a88 f8d0ec0e128d48628a5571dd38cde1fd 6dd32dd71c484f9f9a1332ff881a48f7 - - default default] 10.0.0.12 "DELETE /v2.0/security-groups/b9f623f7-1d25-4b53-ba18-48501d079ea2 HTTP/1.1" status: 204 len: 168 time: 0.1296170
2026-04-29 03:02:45.695 9 INFO neutron.api.v2.resource [None req-a29e3cc8-c054-4917-87c7-1bf8f49be1c8 f8d0ec0e128d48628a5571dd38cde1fd 6dd32dd71c484f9f9a1332ff881a48f7 - - default default] show failed (client error): The resource could not be found.
2026-04-29 03:02:45.696 9 INFO neutron.api.wsgi [None req-a29e3cc8-c054-4917-87c7-1bf8f49be1c8 f8d0ec0e128d48628a5571dd38cde1fd 6dd32dd71c484f9f9a1332ff881a48f7 - - default default] 10.0.0.12 "GET /v2.0/security-groups/b9f623f7-1d25-4b53-ba18-48501d079ea2 HTTP/1.1" status: 404 len: 347 time: 0.0130305
2026-04-29 03:02:45.840 9 INFO neutron.api.wsgi [req-59a72bfa-e4d5-40c7-8e2e-84a4de586987 req-af5db757-fe3e-4677-92d0-7c11d64a5e61 64cf1d05996c4142804f84a171a1509d 4b0f8c9310ae45c096c78d86757fbc19 - - default default] 10.0.0.46 "GET /v2.0/ports?device_id=99016e1a-6766-4d99-9e59-0f58555da7f9 HTTP/1.1" status: 200 len: 1174 time: 0.0777333
2026-04-29 03:02:45.899 9 INFO neutron.api.wsgi [req-59a72bfa-e4d5-40c7-8e2e-84a4de586987 req-009dbe9f-c2d2-429d-b2c9-8ebab21dcbb0 64cf1d05996c4142804f84a171a1509d 4b0f8c9310ae45c096c78d86757fbc19 - - default default] 10.0.0.46 "GET /v2.0/security-groups?id=e52cb87d-d329-41db-8853-c9f15beecc87&fields=id&fields=name HTTP/1.1" status: 200 len: 312 time: 0.0527484
2026-04-29 03:02:45.993 9 WARNING neutron_lib.context [None req-e114f241-32e0-4582-a9b1-79d944742933 f12ea39eb5e64ba48ed51a9368a79ef4 e60288b84f2d48e5aebbc4d7ed376d00 - - default default] Method 'is_advsvc' is deprecated since 2023.2 release (neutron-lib 3.8.0) and will be removed once support for the old RBAC API policies will be removed from Neutron. Please use method 'is_service_role' instead.
2026-04-29 03:02:46.010 9 INFO neutron.api.wsgi [req-34d8ec7e-71d9-4a14-9868-88f6151b7cf6 req-9e4f606c-3174-4c2b-b655-cec3cd547f8a 64cf1d05996c4142804f84a171a1509d 4b0f8c9310ae45c096c78d86757fbc19 - - default default] 10.0.0.46 "GET /v2.0/ports?device_id=99016e1a-6766-4d99-9e59-0f58555da7f9 HTTP/1.1" status: 200 len: 1174 time: 0.0422831
2026-04-29 03:02:46.064 9 INFO neutron.api.wsgi [req-34d8ec7e-71d9-4a14-9868-88f6151b7cf6 req-01db6058-94cb-4a36-9146-3d7342186298 64cf1d05996c4142804f84a171a1509d 4b0f8c9310ae45c096c78d86757fbc19 - - default default] 10.0.0.46 "GET /v2.0/security-groups?id=e52cb87d-d329-41db-8853-c9f15beecc87&fields=id&fields=name HTTP/1.1" status: 200 len: 312 time: 0.0462797
2026-04-29 03:02:46.069 9 INFO neutron.api.wsgi [None req-08dd4156-2332-4878-b583-09f57be0e424 f8d0ec0e128d48628a5571dd38cde1fd 6dd32dd71c484f9f9a1332ff881a48f7 - - default default] 10.0.0.12 "DELETE /v2.0/floatingips/d6b4bd49-ab08-48d5-8b4e-df1865b6e453 HTTP/1.1" status: 204 len: 168 time: 0.3677151
2026-04-29 03:02:46.151 9 INFO neutron.db.ovn_revision_numbers_db [None req-e114f241-32e0-4582-a9b1-79d944742933 f12ea39eb5e64ba48ed51a9368a79ef4 e60288b84f2d48e5aebbc4d7ed376d00 - - default default] Successfully bumped revision number for resource 0d5c6a74-ea0f-4d7d-bd4f-4a8399a4e947 (type: security_groups) to 1
2026-04-29 03:02:46.164 9 INFO neutron.db.ovn_revision_numbers_db [None req-e114f241-32e0-4582-a9b1-79d944742933 f12ea39eb5e64ba48ed51a9368a79ef4 e60288b84f2d48e5aebbc4d7ed376d00 - - default default] Successfully bumped revision number for resource ad56761e-ab76-4354-9d94-59afd2ef10ff (type: security_group_rules) to 0
2026-04-29 03:02:46.182 9 INFO neutron.db.ovn_revision_numbers_db [None req-e114f241-32e0-4582-a9b1-79d944742933 f12ea39eb5e64ba48ed51a9368a79ef4 e60288b84f2d48e5aebbc4d7ed376d00 - - default default] Successfully bumped revision number for resource cd7bac99-13d8-48b0-b080-b5de6846b424 (type: security_group_rules) to 0
2026-04-29 03:02:46.199 9 INFO neutron.db.ovn_revision_numbers_db [None req-e114f241-32e0-4582-a9b1-79d944742933 f12ea39eb5e64ba48ed51a9368a79ef4 e60288b84f2d48e5aebbc4d7ed376d00 - - default default] Successfully bumped revision number for resource e1075945-0f0b-457e-88b7-42e113ba4bff (type: security_group_rules) to 0
2026-04-29 03:02:46.214 9 INFO neutron.db.ovn_revision_numbers_db [None req-e114f241-32e0-4582-a9b1-79d944742933 f12ea39eb5e64ba48ed51a9368a79ef4 e60288b84f2d48e5aebbc4d7ed376d00 - - default default] Successfully bumped revision number for resource e652267b-7678-436a-94fd-f81460420e66 (type: security_group_rules) to 0
2026-04-29 03:02:46.224 10 INFO neutron.api.wsgi [None req-9153e322-7a2e-4519-a8a2-4cf8f4959c52 f8d0ec0e128d48628a5571dd38cde1fd 6dd32dd71c484f9f9a1332ff881a48f7 - - default default] 10.0.0.12 "DELETE /v2.0/security-groups/2b1f5d1d-30ab-4e27-a30b-b383e669ee36 HTTP/1.1" status: 204 len: 168 time: 0.1486700
2026-04-29 03:02:46.295 9 INFO neutron.db.segments_db [None req-e114f241-32e0-4582-a9b1-79d944742933 f12ea39eb5e64ba48ed51a9368a79ef4 e60288b84f2d48e5aebbc4d7ed376d00 - - default default] Added segment 39e3f1bf-c68c-4e28-8967-e8ce7ef2c9af of type geneve for network a213618c-7e9b-49b7-b1a3-21ae829a085e
2026-04-29 03:02:46.431 9 INFO neutron.db.ovn_revision_numbers_db [None req-e114f241-32e0-4582-a9b1-79d944742933 f12ea39eb5e64ba48ed51a9368a79ef4 e60288b84f2d48e5aebbc4d7ed376d00 - - default default] Successfully bumped revision number for resource a213618c-7e9b-49b7-b1a3-21ae829a085e (type: networks) to 1
2026-04-29 03:02:46.505 9 INFO neutron.api.wsgi [req-10cfe816-81b6-4f56-8edc-066f5cfe3013 req-3927b41a-53c0-4d33-9408-3d80a0ef9c91 64cf1d05996c4142804f84a171a1509d 4b0f8c9310ae45c096c78d86757fbc19 - - default default] 10.0.0.46 "GET /v2.0/ports?device_id=99016e1a-6766-4d99-9e59-0f58555da7f9 HTTP/1.1" status: 200 len: 1174 time: 0.0531299
2026-04-29 03:02:46.565 9 INFO neutron.api.wsgi [req-10cfe816-81b6-4f56-8edc-066f5cfe3013 req-3ca0054e-b4d4-4486-bc46-576b755fb8c6 64cf1d05996c4142804f84a171a1509d 4b0f8c9310ae45c096c78d86757fbc19 - - default default] 10.0.0.46 "GET /v2.0/security-groups?id=e52cb87d-d329-41db-8853-c9f15beecc87&fields=id&fields=name HTTP/1.1" status: 200 len: 312 time: 0.0497274
2026-04-29 03:02:46.646 9 WARNING neutron.scheduler.dhcp_agent_scheduler [None req-e114f241-32e0-4582-a9b1-79d944742933 f12ea39eb5e64ba48ed51a9368a79ef4 e60288b84f2d48e5aebbc4d7ed376d00 - - default default] No more DHCP agents
2026-04-29 03:02:46.654 9 WARNING neutron.api.rpc.agentnotifiers.dhcp_rpc_agent_api [None req-e114f241-32e0-4582-a9b1-79d944742933 f12ea39eb5e64ba48ed51a9368a79ef4 e60288b84f2d48e5aebbc4d7ed376d00 - - default default] Unable to schedule network a213618c-7e9b-49b7-b1a3-21ae829a085e: no agents available; will retry on subsequent port and subnet creation events.
2026-04-29 03:02:46.721 9 INFO neutron.db.ovn_revision_numbers_db [None req-e114f241-32e0-4582-a9b1-79d944742933 f12ea39eb5e64ba48ed51a9368a79ef4 e60288b84f2d48e5aebbc4d7ed376d00 - - default default] Successfully bumped revision number for resource d45bbad6-cc5f-413c-be2a-c3af4a9988fa (type: ports) to 1
2026-04-29 03:02:46.748 9 INFO neutron.api.wsgi [None req-e114f241-32e0-4582-a9b1-79d944742933 f12ea39eb5e64ba48ed51a9368a79ef4 e60288b84f2d48e5aebbc4d7ed376d00 - - default default] 10.0.0.12 "POST /v2.0/networks HTTP/1.1" status: 201 len: 833 time: 0.8948617
2026-04-29 03:02:46.760 10 WARNING neutron_lib.context [None req-defe9813-7513-40ca-b45c-9bd5836f19ee f12ea39eb5e64ba48ed51a9368a79ef4 e60288b84f2d48e5aebbc4d7ed376d00 - - default default] Method 'is_advsvc' is deprecated since 2023.2 release (neutron-lib 3.8.0) and will be removed once support for the old RBAC API policies will be removed from Neutron. Please use method 'is_service_role' instead.
2026-04-29 03:02:46.839 10 INFO neutron.db.segments_db [None req-defe9813-7513-40ca-b45c-9bd5836f19ee f12ea39eb5e64ba48ed51a9368a79ef4 e60288b84f2d48e5aebbc4d7ed376d00 - - default default] Added segment 38b6dbfd-f7ba-45b1-9b24-b21d7665e411 of type geneve for network 8484bee8-20a9-4b72-8305-f420a4e9d317
2026-04-29 03:02:46.908 10 INFO neutron.db.ovn_revision_numbers_db [None req-583b029b-597e-47cc-ac79-4642cb62285c 0d17a3b6a9b5451492e66aefd4f235dc 3308dde9f672402eae73c63366cc0f4e - - default default] Successfully bumped revision number for resource 597060c7-b4a0-431e-86d3-c3745e7174e0 (type: security_groups) to 1
2026-04-29 03:02:46.923 10 INFO neutron.db.ovn_revision_numbers_db [None req-583b029b-597e-47cc-ac79-4642cb62285c 0d17a3b6a9b5451492e66aefd4f235dc 3308dde9f672402eae73c63366cc0f4e - - default default] Successfully bumped revision number for resource 6dac79ac-29f3-4614-b94f-078b4e19eca8 (type: security_group_rules) to 0
2026-04-29 03:02:46.940 10 INFO neutron.db.ovn_revision_numbers_db [None req-583b029b-597e-47cc-ac79-4642cb62285c 0d17a3b6a9b5451492e66aefd4f235dc 3308dde9f672402eae73c63366cc0f4e - - default default] Successfully bumped revision number for resource a1422726-b061-47bf-b4ac-f16b7887337a (type: security_group_rules) to 0
2026-04-29 03:02:46.958 10 INFO neutron.db.ovn_revision_numbers_db [None req-583b029b-597e-47cc-ac79-4642cb62285c 0d17a3b6a9b5451492e66aefd4f235dc 3308dde9f672402eae73c63366cc0f4e - - default default] Successfully bumped revision number for resource c2a97c1a-9b29-41c8-90de-b63eb5e5969c (type: security_group_rules) to 0
2026-04-29 03:02:46.960 10 INFO neutron.db.ovn_revision_numbers_db [None req-defe9813-7513-40ca-b45c-9bd5836f19ee f12ea39eb5e64ba48ed51a9368a79ef4 e60288b84f2d48e5aebbc4d7ed376d00 - - default default] Successfully bumped revision number for resource 8484bee8-20a9-4b72-8305-f420a4e9d317 (type: networks) to 1
2026-04-29 03:02:46.978 10 INFO neutron.db.ovn_revision_numbers_db [None req-583b029b-597e-47cc-ac79-4642cb62285c 0d17a3b6a9b5451492e66aefd4f235dc 3308dde9f672402eae73c63366cc0f4e - - default default] Successfully bumped revision number for resource c5b4756e-3358-4e47-a51b-80e04f9dccb8 (type: security_group_rules) to 0
2026-04-29 03:02:47.021 10 INFO neutron.api.wsgi [None req-583b029b-597e-47cc-ac79-4642cb62285c 0d17a3b6a9b5451492e66aefd4f235dc 3308dde9f672402eae73c63366cc0f4e - - default default] 10.0.0.12 "GET /v2.0/security-groups?tenant_id=337e1841bc5f4c6cbb90cb6bc0f49146&name=default HTTP/1.1" status: 200 len: 3120 time: 0.3243015
2026-04-29 03:02:47.141 10 WARNING neutron.scheduler.dhcp_agent_scheduler [None req-defe9813-7513-40ca-b45c-9bd5836f19ee f12ea39eb5e64ba48ed51a9368a79ef4 e60288b84f2d48e5aebbc4d7ed376d00 - - default default] No more DHCP agents
2026-04-29 03:02:47.143 10 WARNING neutron.api.rpc.agentnotifiers.dhcp_rpc_agent_api [None req-defe9813-7513-40ca-b45c-9bd5836f19ee f12ea39eb5e64ba48ed51a9368a79ef4 e60288b84f2d48e5aebbc4d7ed376d00 - - default default] Unable to schedule network 8484bee8-20a9-4b72-8305-f420a4e9d317: no agents available; will retry on subsequent port and subnet creation events.
2026-04-29 03:02:47.215 10 INFO neutron.db.ovn_revision_numbers_db [None req-defe9813-7513-40ca-b45c-9bd5836f19ee f12ea39eb5e64ba48ed51a9368a79ef4 e60288b84f2d48e5aebbc4d7ed376d00 - - default default] Successfully bumped revision number for resource 4589a6d5-46ff-4fd5-a3a5-76d42bbfc496 (type: ports) to 1
2026-04-29 03:02:47.236 10 INFO neutron.api.wsgi [None req-defe9813-7513-40ca-b45c-9bd5836f19ee f12ea39eb5e64ba48ed51a9368a79ef4 e60288b84f2d48e5aebbc4d7ed376d00 - - default default] 10.0.0.12 "POST /v2.0/networks HTTP/1.1" status: 201 len: 832 time: 0.4829309
2026-04-29 03:02:47.239 10 INFO neutron.api.wsgi [None req-168c0819-964f-450a-854a-fae928f0808a 0d17a3b6a9b5451492e66aefd4f235dc 3308dde9f672402eae73c63366cc0f4e - - default default] 10.0.0.12 "DELETE /v2.0/security-groups/597060c7-b4a0-431e-86d3-c3745e7174e0 HTTP/1.1" status: 204 len: 168 time: 0.2130792
2026-04-29 03:02:47.245 10 WARNING neutron_lib.context [None req-1067c403-2702-4691-9044-0058e3b9216a f12ea39eb5e64ba48ed51a9368a79ef4 e60288b84f2d48e5aebbc4d7ed376d00 - - default default] Method 'is_advsvc' is deprecated since 2023.2 release (neutron-lib 3.8.0) and will be removed once support for the old RBAC API policies will be removed from Neutron. Please use method 'is_service_role' instead.
2026-04-29 03:02:47.441 9 INFO neutron.api.wsgi [None req-a2e7f51d-82df-48a7-82cb-7d83cb83e2dd 0d17a3b6a9b5451492e66aefd4f235dc 3308dde9f672402eae73c63366cc0f4e - - default default] 10.0.0.12 "PUT /v2.0/routers/aa5d487d-d180-439b-85e9-c167340e6727/remove_router_interface HTTP/1.1" status: 200 len: 503 time: 1.1822510 /var/lib/openstack/lib/python3.12/site-packages/pycadf/identifier.py:71: UserWarning: Invalid uuid: neutron. To ensure interoperability, identifiers should be a valid uuid. warnings.warn(('Invalid uuid: %s. To ensure interoperability, '
2026-04-29 03:02:47.461 10 INFO neutron.db.ovn_revision_numbers_db [None req-928e5b4e-67cf-4837-8edf-30fbcadede27 0d17a3b6a9b5451492e66aefd4f235dc 3308dde9f672402eae73c63366cc0f4e - - default default] Successfully bumped revision number for resource 915ab4c7-6e09-41a2-96bc-47867fa5cd89 (type: security_groups) to 1
2026-04-29 03:02:47.463 10 WARNING neutron.scheduler.dhcp_agent_scheduler [None req-1067c403-2702-4691-9044-0058e3b9216a f12ea39eb5e64ba48ed51a9368a79ef4 e60288b84f2d48e5aebbc4d7ed376d00 - - default default] No more DHCP agents
2026-04-29 03:02:47.465 10 WARNING neutron.api.rpc.agentnotifiers.dhcp_rpc_agent_api [None req-1067c403-2702-4691-9044-0058e3b9216a f12ea39eb5e64ba48ed51a9368a79ef4 e60288b84f2d48e5aebbc4d7ed376d00 - - default default] Unable to schedule network a213618c-7e9b-49b7-b1a3-21ae829a085e: no agents available; will retry on subsequent port and subnet creation events.
2026-04-29 03:02:47.475 10 INFO neutron.db.ovn_revision_numbers_db [None req-928e5b4e-67cf-4837-8edf-30fbcadede27 0d17a3b6a9b5451492e66aefd4f235dc 3308dde9f672402eae73c63366cc0f4e - - default default] Successfully bumped revision number for resource 1867f02c-06de-43d3-943b-bdd49e367d00 (type: security_group_rules) to 0
2026-04-29 03:02:47.488 10 INFO neutron.db.ovn_revision_numbers_db [None req-928e5b4e-67cf-4837-8edf-30fbcadede27 0d17a3b6a9b5451492e66aefd4f235dc 3308dde9f672402eae73c63366cc0f4e - - default default] Successfully bumped revision number for resource 471b70ab-d0dc-45d3-b69c-0a0899216c83 (type: security_group_rules) to 0
2026-04-29 03:02:47.492 10 INFO neutron.db.ovn_revision_numbers_db [None req-1067c403-2702-4691-9044-0058e3b9216a f12ea39eb5e64ba48ed51a9368a79ef4 e60288b84f2d48e5aebbc4d7ed376d00 - - default default] Successfully bumped revision number for resource 3d7a53aa-4300-412e-90d3-864bbf4788d6 (type: subnets) to 0
2026-04-29 03:02:47.502 10 INFO neutron.db.ovn_revision_numbers_db [None req-928e5b4e-67cf-4837-8edf-30fbcadede27 0d17a3b6a9b5451492e66aefd4f235dc 3308dde9f672402eae73c63366cc0f4e - - default default] Successfully bumped revision number for resource cc9aad7a-eab8-46fa-9f64-f76c2b7ec6aa (type: security_group_rules) to 0
2026-04-29 03:02:47.507 10 INFO neutron.api.wsgi [None req-1067c403-2702-4691-9044-0058e3b9216a f12ea39eb5e64ba48ed51a9368a79ef4 e60288b84f2d48e5aebbc4d7ed376d00 - - default default] 10.0.0.12 "POST /v2.0/subnets HTTP/1.1" status: 201 len: 845 time: 0.2661078
2026-04-29 03:02:47.516 9 WARNING neutron_lib.context [None req-ad7068a3-906e-4de9-8a4b-2dc35dbb8493 f12ea39eb5e64ba48ed51a9368a79ef4 e60288b84f2d48e5aebbc4d7ed376d00 - - default default] Method 'is_advsvc' is deprecated since 2023.2 release (neutron-lib 3.8.0) and will be removed once support for the old RBAC API policies will be removed from Neutron. Please use method 'is_service_role' instead.
2026-04-29 03:02:47.518 10 INFO neutron.db.ovn_revision_numbers_db [None req-928e5b4e-67cf-4837-8edf-30fbcadede27 0d17a3b6a9b5451492e66aefd4f235dc 3308dde9f672402eae73c63366cc0f4e - - default default] Successfully bumped revision number for resource fa8f12e6-8869-4c18-9c10-fb0b440a5c03 (type: security_group_rules) to 0
2026-04-29 03:02:47.554 10 INFO neutron.api.wsgi [None req-928e5b4e-67cf-4837-8edf-30fbcadede27 0d17a3b6a9b5451492e66aefd4f235dc 3308dde9f672402eae73c63366cc0f4e - - default default] 10.0.0.12 "GET /v2.0/security-groups?tenant_id=15e27301ed02437bbd756f7cf7dbeee9&name=default HTTP/1.1" status: 200 len: 3120 time: 0.2255085
2026-04-29 03:02:47.918 9 INFO neutron.api.wsgi [req-cda8a65c-1083-437f-aa97-ddf98181936e req-1e34b2b5-2260-45ed-91b9-3b2a2b2529fc 64cf1d05996c4142804f84a171a1509d 4b0f8c9310ae45c096c78d86757fbc19 - - default default] 10.0.0.46 "GET /v2.0/ports?device_id=99016e1a-6766-4d99-9e59-0f58555da7f9 HTTP/1.1" status: 200 len: 1174 time: 0.2845457
2026-04-29 03:02:48.004 9 INFO neutron.api.wsgi [req-cda8a65c-1083-437f-aa97-ddf98181936e req-07992430-ec3e-40b3-8d59-80a1ff44c5bb 64cf1d05996c4142804f84a171a1509d 4b0f8c9310ae45c096c78d86757fbc19 - - default default] 10.0.0.46 "GET /v2.0/security-groups?id=e52cb87d-d329-41db-8853-c9f15beecc87&fields=id&fields=name HTTP/1.1" status: 200 len: 312 time: 0.0786431
2026-04-29 03:02:48.021 9 INFO neutron.api.wsgi [req-b1eff281-1e7e-42dc-830b-272d76a60ff5 req-65e09461-e2f6-4b65-bb30-50992cf3c657 12fffdedbb1647be8e3aa7315a4eb847 e771c9caa2f9493cbfaba4d0ad4608ac - - c893072840914529953fbcb8af47df1e c893072840914529953fbcb8af47df1e] 199.204.45.25 "GET /v2.0/ports?tenant_id=4b0f8c9310ae45c096c78d86757fbc19&device_id=99016e1a-6766-4d99-9e59-0f58555da7f9 HTTP/1.1" status: 200 len: 1413 time: 0.0516789
2026-04-29 03:02:48.102 9 INFO neutron.api.wsgi [req-b1eff281-1e7e-42dc-830b-272d76a60ff5 req-900bd37a-aa79-4ba1-8c20-7eede236de71 12fffdedbb1647be8e3aa7315a4eb847 e771c9caa2f9493cbfaba4d0ad4608ac - - c893072840914529953fbcb8af47df1e c893072840914529953fbcb8af47df1e] 199.204.45.25 "GET /v2.0/networks?id=4ce8e0f3-7dd8-4728-85a2-5c4dffd540ae HTTP/1.1" status: 200 len: 974 time: 0.0741234
2026-04-29 03:02:48.109 9 WARNING neutron.scheduler.dhcp_agent_scheduler [None req-ad7068a3-906e-4de9-8a4b-2dc35dbb8493 f12ea39eb5e64ba48ed51a9368a79ef4 e60288b84f2d48e5aebbc4d7ed376d00 - - default default] No more DHCP agents
2026-04-29 03:02:48.115 9 WARNING neutron.api.rpc.agentnotifiers.dhcp_rpc_agent_api [None req-ad7068a3-906e-4de9-8a4b-2dc35dbb8493 f12ea39eb5e64ba48ed51a9368a79ef4 e60288b84f2d48e5aebbc4d7ed376d00 - - default default] Unable to schedule network 8484bee8-20a9-4b72-8305-f420a4e9d317: no agents available; will retry on subsequent port and subnet creation events.
2026-04-29 03:02:48.168 9 INFO neutron.api.wsgi [req-b1eff281-1e7e-42dc-830b-272d76a60ff5 req-270af76a-7168-4974-a079-9b7da04e5aa9 12fffdedbb1647be8e3aa7315a4eb847 e771c9caa2f9493cbfaba4d0ad4608ac - - c893072840914529953fbcb8af47df1e c893072840914529953fbcb8af47df1e] 199.204.45.25 "GET /v2.0/floatingips?fixed_ip_address=10.100.0.14&port_id=049c3390-b87b-4422-92f3-ccdf9adc77f8 HTTP/1.1" status: 200 len: 1060 time: 0.0597694
2026-04-29 03:02:48.174 9 INFO neutron.db.ovn_revision_numbers_db [None req-ad7068a3-906e-4de9-8a4b-2dc35dbb8493 f12ea39eb5e64ba48ed51a9368a79ef4 e60288b84f2d48e5aebbc4d7ed376d00 - - default default] Successfully bumped revision number for resource 8eb359eb-8d03-4e55-9b48-5f28bfd4ccd0 (type: subnets) to 0
2026-04-29 03:02:48.205 9 INFO neutron.api.wsgi [None req-ad7068a3-906e-4de9-8a4b-2dc35dbb8493 f12ea39eb5e64ba48ed51a9368a79ef4 e60288b84f2d48e5aebbc4d7ed376d00 - - default default] 10.0.0.12 "POST /v2.0/subnets HTTP/1.1" status: 201 len: 854 time: 0.6926737
2026-04-29 03:02:48.213 9 INFO neutron.api.wsgi [req-b1eff281-1e7e-42dc-830b-272d76a60ff5 req-dfcc9706-2029-4b9c-8446-5c0f14585b9f 12fffdedbb1647be8e3aa7315a4eb847 e771c9caa2f9493cbfaba4d0ad4608ac - - c893072840914529953fbcb8af47df1e c893072840914529953fbcb8af47df1e] 199.204.45.25 "GET /v2.0/subnets?id=456319d9-60b4-4d37-86d1-c2f7655567f9 HTTP/1.1" status: 200 len: 893 time: 0.0399096
2026-04-29 03:02:48.217 10 WARNING neutron_lib.context [None req-b144a7e7-d666-44f9-a8e2-2a26c2f06a35 f12ea39eb5e64ba48ed51a9368a79ef4 e60288b84f2d48e5aebbc4d7ed376d00 - - default default] Method 'is_advsvc' is deprecated since 2023.2 release (neutron-lib 3.8.0) and will be removed once support for the old RBAC API policies will be removed from Neutron. Please use method 'is_service_role' instead.
2026-04-29 03:02:48.234 9 INFO neutron.api.wsgi [None req-89ebc77b-bd29-4bd0-9cc0-b2b41df7cbe1 0d17a3b6a9b5451492e66aefd4f235dc 3308dde9f672402eae73c63366cc0f4e - - default default] 10.0.0.12 "DELETE /v2.0/security-groups/915ab4c7-6e09-41a2-96bc-47867fa5cd89 HTTP/1.1" status: 204 len: 168 time: 0.6746774
2026-04-29 03:02:48.240 9 INFO neutron.api.wsgi [req-b1eff281-1e7e-42dc-830b-272d76a60ff5 req-5df9da81-a8f1-4c3a-aa1f-e7ba1dcf33f2 12fffdedbb1647be8e3aa7315a4eb847 e771c9caa2f9493cbfaba4d0ad4608ac - - c893072840914529953fbcb8af47df1e c893072840914529953fbcb8af47df1e] 199.204.45.25 "GET /v2.0/ports?network_id=4ce8e0f3-7dd8-4728-85a2-5c4dffd540ae&device_owner=network%3Adhcp HTTP/1.1" status: 200 len: 210 time: 0.0191727
2026-04-29 03:02:48.313 9 INFO neutron.api.wsgi [req-b1eff281-1e7e-42dc-830b-272d76a60ff5 req-054d43f7-e14b-44cb-9460-b6d9ecc9baaa 12fffdedbb1647be8e3aa7315a4eb847 e771c9caa2f9493cbfaba4d0ad4608ac - - c893072840914529953fbcb8af47df1e c893072840914529953fbcb8af47df1e] 199.204.45.25 "GET /v2.0/networks/4ce8e0f3-7dd8-4728-85a2-5c4dffd540ae?fields=segments HTTP/1.1" status: 200 len: 212 time: 0.0661156
2026-04-29 03:02:48.326 10 INFO neutron.db.ovn_revision_numbers_db [None req-b144a7e7-d666-44f9-a8e2-2a26c2f06a35 f12ea39eb5e64ba48ed51a9368a79ef4 e60288b84f2d48e5aebbc4d7ed376d00 - - default default] Successfully bumped revision number for resource c2cc23cd-50ef-4e56-b715-f94c8da79a42 (type: routers) to 1
2026-04-29 03:02:48.345 10 INFO neutron.api.wsgi [None req-b144a7e7-d666-44f9-a8e2-2a26c2f06a35 f12ea39eb5e64ba48ed51a9368a79ef4 e60288b84f2d48e5aebbc4d7ed376d00 - - default default] 10.0.0.12 "POST /v2.0/routers HTTP/1.1" status: 201 len: 806 time: 0.1354523
2026-04-29 03:02:48.408 9 INFO neutron.api.wsgi [req-b1eff281-1e7e-42dc-830b-272d76a60ff5 req-21ffad74-e6c1-43df-908f-e5cac92aab67 12fffdedbb1647be8e3aa7315a4eb847 e771c9caa2f9493cbfaba4d0ad4608ac - - c893072840914529953fbcb8af47df1e c893072840914529953fbcb8af47df1e] 199.204.45.25 "GET /v2.0/networks/4ce8e0f3-7dd8-4728-85a2-5c4dffd540ae?fields=provider%3Aphysical_network&fields=provider%3Anetwork_type HTTP/1.1" status: 200 len: 277 time: 0.0895863
2026-04-29 03:02:48.653 9 INFO neutron.api.wsgi [None req-bfc76967-2bd8-4507-a5ef-9af4d3317533 0d17a3b6a9b5451492e66aefd4f235dc 3308dde9f672402eae73c63366cc0f4e - - default default] 10.0.0.12 "DELETE /v2.0/routers/aa5d487d-d180-439b-85e9-c167340e6727 HTTP/1.1" status: 204 len: 168 time: 1.2059827
2026-04-29 03:02:48.787 9 WARNING neutron.scheduler.dhcp_agent_scheduler [None req-f7c56ac6-e251-47d2-8099-313303f86825 f12ea39eb5e64ba48ed51a9368a79ef4 e60288b84f2d48e5aebbc4d7ed376d00 - - default default] No more DHCP agents
2026-04-29 03:02:48.789 9 WARNING neutron.api.rpc.agentnotifiers.dhcp_rpc_agent_api [None req-f7c56ac6-e251-47d2-8099-313303f86825 f12ea39eb5e64ba48ed51a9368a79ef4 e60288b84f2d48e5aebbc4d7ed376d00 - - default default] Unable to schedule network a213618c-7e9b-49b7-b1a3-21ae829a085e: no agents available; will retry on subsequent port and subnet creation events.
2026-04-29 03:02:48.808 10 INFO neutron.api.wsgi [None req-6dbf21fa-bf06-4bf0-9a57-a2cee13ac3a9 0d17a3b6a9b5451492e66aefd4f235dc 3308dde9f672402eae73c63366cc0f4e - - default default] 10.0.0.12 "DELETE /v2.0/subnets/4be4b62f-a997-4968-a1f4-583f3be04db9 HTTP/1.1" status: 204 len: 168 time: 0.1497116
2026-04-29 03:02:48.870 9 INFO neutron.db.ovn_revision_numbers_db [None req-f7c56ac6-e251-47d2-8099-313303f86825 f12ea39eb5e64ba48ed51a9368a79ef4 e60288b84f2d48e5aebbc4d7ed376d00 - - default default] Successfully bumped revision number for resource 2a3ff190-26e2-41d2-9f3c-1c7289ddf6dc (type: ports) to 1
2026-04-29 03:02:49.084 10 INFO neutron.services.segments.plugin [-] Segment 737859f9-8da2-4880-8674-ca26c567761c resource provider aggregate not found
2026-04-29 03:02:49.088 10 INFO neutron.services.segments.plugin [-] Segment 737859f9-8da2-4880-8674-ca26c567761c resource provider aggregate not found
2026-04-29 03:02:49.099 10 INFO neutron.services.segments.plugin [-] Segment 737859f9-8da2-4880-8674-ca26c567761c resource provider not found; error: Placement Client Error (4xx): {"errors": [{"status": 404, "title": "Not Found", "detail": "The resource could not be found.\n\n No resource provider with uuid 737859f9-8da2-4880-8674-ca26c567761c found for delete ", "request_id": "req-17784530-6442-413d-8d5f-930f9ee10380"}]}
2026-04-29 03:02:49.105 9 INFO neutron.api.wsgi [req-2c6b728f-bd3d-49a5-bc22-921dcc046542 req-93bfe966-8c62-4bcb-817b-5673e7a95cec 64cf1d05996c4142804f84a171a1509d 4b0f8c9310ae45c096c78d86757fbc19 - - default default] 10.0.0.46 "GET /v2.0/ports?device_id=99016e1a-6766-4d99-9e59-0f58555da7f9 HTTP/1.1" status: 200 len: 1174 time: 0.0433919
2026-04-29 03:02:49.106 10 INFO neutron.services.segments.plugin [-] Segment 737859f9-8da2-4880-8674-ca26c567761c resource provider not found; error: Placement Client Error (4xx): {"errors": [{"status": 404, "title": "Not Found", "detail": "The resource could not be found.\n\n No resource provider with uuid 737859f9-8da2-4880-8674-ca26c567761c found for delete ", "request_id": "req-5a1f90c4-614b-4913-89b4-ad3f3d54b50c"}]}
2026-04-29 03:02:49.114 10 INFO neutron.api.wsgi [None req-78aa02f8-b4a2-446b-9756-ae94417dddb3 0d17a3b6a9b5451492e66aefd4f235dc 3308dde9f672402eae73c63366cc0f4e - - default default] 10.0.0.12 "DELETE /v2.0/networks/aaa86047-3765-40c4-83e0-b6915e2b32a9 HTTP/1.1" status: 204 len: 168 time: 0.3003774
2026-04-29 03:02:49.165 9 INFO neutron.api.wsgi [req-2c6b728f-bd3d-49a5-bc22-921dcc046542 req-e43211a2-d4a7-4935-922f-df0b823e7698 64cf1d05996c4142804f84a171a1509d 4b0f8c9310ae45c096c78d86757fbc19 - - default default] 10.0.0.46 "GET /v2.0/security-groups?id=e52cb87d-d329-41db-8853-c9f15beecc87&fields=id&fields=name HTTP/1.1" status: 200 len: 312 time: 0.0556409
2026-04-29 03:02:49.288 10 INFO neutron.plugins.ml2.drivers.ovn.mech_driver.mech_driver [None req-dd90eba7-6367-4e99-9ef6-6806bc86442e - - - - - -] OVN reports status up for port: 2a3ff190-26e2-41d2-9f3c-1c7289ddf6dc
2026-04-29 03:02:49.298 10 INFO neutron.plugins.ml2.plugin [None req-dd90eba7-6367-4e99-9ef6-6806bc86442e - - - - - -] Attempt 1 to provision port 2a3ff190-26e2-41d2-9f3c-1c7289ddf6dc
2026-04-29 03:02:49.304 9 INFO neutron.db.ovn_revision_numbers_db [None req-f7c56ac6-e251-47d2-8099-313303f86825 f12ea39eb5e64ba48ed51a9368a79ef4 e60288b84f2d48e5aebbc4d7ed376d00 - - default default] Successfully bumped revision number for resource 2a3ff190-26e2-41d2-9f3c-1c7289ddf6dc (type: ports) to 1
2026-04-29 03:02:49.353 9 WARNING neutron.scheduler.dhcp_agent_scheduler [None req-f7c56ac6-e251-47d2-8099-313303f86825 f12ea39eb5e64ba48ed51a9368a79ef4 e60288b84f2d48e5aebbc4d7ed376d00 - - default default] No more DHCP agents
2026-04-29 03:02:49.354 9 WARNING neutron.api.rpc.agentnotifiers.dhcp_rpc_agent_api [None req-f7c56ac6-e251-47d2-8099-313303f86825 f12ea39eb5e64ba48ed51a9368a79ef4 e60288b84f2d48e5aebbc4d7ed376d00 - - default default] Unable to schedule network a213618c-7e9b-49b7-b1a3-21ae829a085e: no agents available; will retry on subsequent port and subnet creation events.
2026-04-29 03:02:49.534 9 INFO neutron.db.ovn_revision_numbers_db [None req-f7c56ac6-e251-47d2-8099-313303f86825 f12ea39eb5e64ba48ed51a9368a79ef4 e60288b84f2d48e5aebbc4d7ed376d00 - - default default] Successfully bumped revision number for resource 2a3ff190-26e2-41d2-9f3c-1c7289ddf6dc (type: router_ports) to 1
2026-04-29 03:02:49.539 9 INFO neutron.api.wsgi [None req-f7c56ac6-e251-47d2-8099-313303f86825 f12ea39eb5e64ba48ed51a9368a79ef4 e60288b84f2d48e5aebbc4d7ed376d00 - - default default] 10.0.0.12 "PUT /v2.0/routers/c2cc23cd-50ef-4e56-b715-f94c8da79a42/add_router_interface HTTP/1.1" status: 200 len: 503 time: 1.1888478
2026-04-29 03:02:49.629 9 INFO neutron.api.wsgi [None req-3e87fb71-63b4-46e6-86ce-c3afa571ac23 f12ea39eb5e64ba48ed51a9368a79ef4 e60288b84f2d48e5aebbc4d7ed376d00 - - default default] 10.0.0.12 "GET /v2.0/ports/2a3ff190-26e2-41d2-9f3c-1c7289ddf6dc HTTP/1.1" status: 200 len: 1139 time: 0.0621302
2026-04-29 03:02:49.870 10 INFO neutron.db.ovn_revision_numbers_db [None req-dd90eba7-6367-4e99-9ef6-6806bc86442e - - - - - -] Successfully bumped revision number for resource 2a3ff190-26e2-41d2-9f3c-1c7289ddf6dc (type: ports) to 2
2026-04-29 03:02:50.014 9 WARNING neutron.scheduler.dhcp_agent_scheduler [None req-ad0daf11-3aa9-479c-bf81-dd44db33f9bf f12ea39eb5e64ba48ed51a9368a79ef4 e60288b84f2d48e5aebbc4d7ed376d00 - - default default] No more DHCP agents
2026-04-29 03:02:50.016 9 WARNING neutron.api.rpc.agentnotifiers.dhcp_rpc_agent_api [None req-ad0daf11-3aa9-479c-bf81-dd44db33f9bf f12ea39eb5e64ba48ed51a9368a79ef4 e60288b84f2d48e5aebbc4d7ed376d00 - - default default] Unable to schedule network 8484bee8-20a9-4b72-8305-f420a4e9d317: no agents available; will retry on subsequent port and subnet creation events.
2026-04-29 03:02:50.052 9 INFO neutron.plugins.ml2.drivers.ovn.mech_driver.mech_driver [None req-a4341b21-c832-450f-bb12-2fa47dbd9350 - - - - - -] OVN reports status down for port: 049c3390-b87b-4422-92f3-ccdf9adc77f8
2026-04-29 03:02:50.128 9 INFO neutron.db.ovn_revision_numbers_db [None req-ad0daf11-3aa9-479c-bf81-dd44db33f9bf f12ea39eb5e64ba48ed51a9368a79ef4 e60288b84f2d48e5aebbc4d7ed376d00 - - default default] Successfully bumped revision number for resource 1c7f5eff-28bc-4201-8741-23b8e41b35db (type: ports) to 1
2026-04-29 03:02:50.233 9 INFO neutron.notifiers.nova [-] Nova event matching ['req-2eb5adba-e1bd-4762-883d-0783120ab473'] response: {'server_uuid': '99016e1a-6766-4d99-9e59-0f58555da7f9', 'name': 'network-vif-unplugged', 'status': 'completed', 'tag': '049c3390-b87b-4422-92f3-ccdf9adc77f8', 'code': 200}
2026-04-29 03:02:50.318 9 INFO neutron.api.wsgi [req-9a323bbf-c48d-4629-8227-580cca486555 req-0ebd50e4-538c-4ebc-bc82-201a4720b173 64cf1d05996c4142804f84a171a1509d 4b0f8c9310ae45c096c78d86757fbc19 - - default default] 10.0.0.46 "GET /v2.0/ports?device_id=99016e1a-6766-4d99-9e59-0f58555da7f9 HTTP/1.1" status: 200 len: 1172 time: 0.0547359
2026-04-29 03:02:50.383 9 INFO neutron.api.wsgi [req-9a323bbf-c48d-4629-8227-580cca486555 req-35d817bb-9a54-4564-ba5e-91621afb13e4 64cf1d05996c4142804f84a171a1509d 4b0f8c9310ae45c096c78d86757fbc19 - - default default] 10.0.0.46 "GET /v2.0/security-groups?id=e52cb87d-d329-41db-8853-c9f15beecc87&fields=id&fields=name HTTP/1.1" status: 200 len: 312 time: 0.0543959
2026-04-29 03:02:50.427 9 INFO neutron.db.ovn_revision_numbers_db [None req-a4341b21-c832-450f-bb12-2fa47dbd9350 - - - - - -] Successfully bumped revision number for resource 049c3390-b87b-4422-92f3-ccdf9adc77f8 (type: ports) to 6
2026-04-29 03:02:50.437 10 INFO neutron.api.wsgi [None req-5cb41f87-2441-46e3-80fc-48e7fc715b4c 0d17a3b6a9b5451492e66aefd4f235dc 3308dde9f672402eae73c63366cc0f4e - - default default] 10.0.0.235 "GET /v2.0/floatingips HTTP/1.1" status: 200 len: 1034 time: 0.2805896
2026-04-29 03:02:50.501 10 INFO neutron.api.wsgi [None req-8d8628f2-6ec2-4b83-a5fe-a52ea1abb549 0d17a3b6a9b5451492e66aefd4f235dc 3308dde9f672402eae73c63366cc0f4e - - default default] 10.0.0.12 "PUT /v2.0/routers/2b7da6cf-d519-41bb-916b-eb5db8bb93a8/remove_router_interface HTTP/1.1" status: 200 len: 503 time: 1.3837078 /var/lib/openstack/lib/python3.12/site-packages/pycadf/identifier.py:71: UserWarning: Invalid uuid: neutron. To ensure interoperability, identifiers should be a valid uuid. warnings.warn(('Invalid uuid: %s. To ensure interoperability, '
2026-04-29 03:02:50.555 10 INFO neutron.api.wsgi [None req-d8de35d9-f94d-45e7-ada4-ccb58bcca394 0d17a3b6a9b5451492e66aefd4f235dc 3308dde9f672402eae73c63366cc0f4e - - default default] 10.0.0.235 "GET /v2.0/routers HTTP/1.1" status: 200 len: 2730 time: 0.1156642
2026-04-29 03:02:50.578 10 INFO neutron.api.wsgi [None req-2dfc5e98-9417-4587-8623-e9f326087df8 0d17a3b6a9b5451492e66aefd4f235dc 3308dde9f672402eae73c63366cc0f4e - - default default] 10.0.0.235 "GET /v2.0/agents?binary=ovn-controller HTTP/1.1" status: 200 len: 591 time: 0.0182967
2026-04-29 03:02:50.645 10 INFO neutron.api.wsgi [None req-8c6a36c3-5f9a-4f0e-bbb8-58602116f5e5 0d17a3b6a9b5451492e66aefd4f235dc 3308dde9f672402eae73c63366cc0f4e - - default default] 10.0.0.235 "GET /v2.0/security-groups HTTP/1.1" status: 200 len: 32058 time: 0.0635805
2026-04-29 03:02:50.674 10 INFO neutron.api.wsgi [None req-8fba4aae-3a43-402f-b62e-2090736c6b5d 0d17a3b6a9b5451492e66aefd4f235dc 3308dde9f672402eae73c63366cc0f4e - - default default] 10.0.0.235 "GET /v2.0/network-ip-availabilities HTTP/1.1" status: 200 len: 3135 time: 0.0153546
2026-04-29 03:02:50.751 9 INFO neutron.db.ovn_revision_numbers_db [None req-ad0daf11-3aa9-479c-bf81-dd44db33f9bf f12ea39eb5e64ba48ed51a9368a79ef4 e60288b84f2d48e5aebbc4d7ed376d00 - - default default] Successfully bumped revision number for resource 1c7f5eff-28bc-4201-8741-23b8e41b35db (type: ports) to 1
2026-04-29 03:02:50.751 10 INFO neutron.api.wsgi [None req-9d6b024d-bd14-41a4-9ebe-46ea137f6d1a 0d17a3b6a9b5451492e66aefd4f235dc 3308dde9f672402eae73c63366cc0f4e - - default default] 10.0.0.235 "GET /v2.0/ports HTTP/1.1" status: 200 len: 16817 time: 0.0712056
2026-04-29 03:02:50.796 10 INFO neutron.api.wsgi [None req-f80241d7-b50e-450d-b632-78a7baf42511 0d17a3b6a9b5451492e66aefd4f235dc 3308dde9f672402eae73c63366cc0f4e - - default default] 10.0.0.235 "GET /v2.0/subnets HTTP/1.1" status: 200 len: 4159 time: 0.0347393
2026-04-29 03:02:50.808 9 WARNING neutron.scheduler.dhcp_agent_scheduler [None req-ad0daf11-3aa9-479c-bf81-dd44db33f9bf f12ea39eb5e64ba48ed51a9368a79ef4 e60288b84f2d48e5aebbc4d7ed376d00 - - default default] No more DHCP agents
2026-04-29 03:02:50.809 10 INFO neutron.api.wsgi [None req-518c2255-a568-41df-99e1-0b25ca90784c 0d17a3b6a9b5451492e66aefd4f235dc 3308dde9f672402eae73c63366cc0f4e - - default default] 10.0.0.235 "GET /v2.0/subnetpools HTTP/1.1" status: 200 len: 193 time: 0.0110071
2026-04-29 03:02:50.809 9 WARNING neutron.api.rpc.agentnotifiers.dhcp_rpc_agent_api [None req-ad0daf11-3aa9-479c-bf81-dd44db33f9bf f12ea39eb5e64ba48ed51a9368a79ef4 e60288b84f2d48e5aebbc4d7ed376d00 - - default default] Unable to schedule network 8484bee8-20a9-4b72-8305-f420a4e9d317: no agents available; will retry on subsequent port and subnet creation events.
2026-04-29 03:02:50.865 10 INFO neutron.api.wsgi [None req-7881f4fc-2e4b-4e55-8638-8f81069b98fc 0d17a3b6a9b5451492e66aefd4f235dc 3308dde9f672402eae73c63366cc0f4e - - default default] 10.0.0.235 "GET /v2.0/networks HTTP/1.1" status: 200 len: 5360 time: 0.0544784
2026-04-29 03:02:50.898 10 INFO neutron.api.wsgi [None req-9201a909-95b7-4228-a911-4317b2b41d9a 0d17a3b6a9b5451492e66aefd4f235dc 3308dde9f672402eae73c63366cc0f4e - - default default] 10.0.0.235 "GET /v2.0/subnets HTTP/1.1" status: 200 len: 4159 time: 0.0297635
2026-04-29 03:02:50.915 10 INFO neutron.api.wsgi [None req-c29545fa-d2d6-46bd-b491-13a3e820ce71 0d17a3b6a9b5451492e66aefd4f235dc 3308dde9f672402eae73c63366cc0f4e - - default default] 10.0.0.235 "GET /v2.0/agents HTTP/1.1" status: 200 len: 1390 time: 0.0144725
2026-04-29 03:02:50.984 9 INFO neutron.db.ovn_revision_numbers_db [None req-ad0daf11-3aa9-479c-bf81-dd44db33f9bf f12ea39eb5e64ba48ed51a9368a79ef4 e60288b84f2d48e5aebbc4d7ed376d00 - - default default] Successfully bumped revision number for resource 1c7f5eff-28bc-4201-8741-23b8e41b35db (type: router_ports) to 1
2026-04-29 03:02:50.988 9 INFO neutron.api.wsgi [None req-ad0daf11-3aa9-479c-bf81-dd44db33f9bf f12ea39eb5e64ba48ed51a9368a79ef4 e60288b84f2d48e5aebbc4d7ed376d00 - - default default] 10.0.0.12 "PUT /v2.0/routers/c2cc23cd-50ef-4e56-b715-f94c8da79a42/add_router_interface HTTP/1.1" status: 200 len: 503 time: 1.3527281 /var/lib/openstack/lib/python3.12/site-packages/pycadf/identifier.py:71: UserWarning: Invalid uuid: neutron. To ensure interoperability, identifiers should be a valid uuid. warnings.warn(('Invalid uuid: %s. To ensure interoperability, '
2026-04-29 03:02:51.025 9 INFO neutron.api.wsgi [None req-161ac5a2-1c2e-49dd-816f-dc7a710ad5b8 f12ea39eb5e64ba48ed51a9368a79ef4 e60288b84f2d48e5aebbc4d7ed376d00 - - default default] 10.0.0.12 "GET /v2.0/ports/1c7f5eff-28bc-4201-8741-23b8e41b35db HTTP/1.1" status: 200 len: 1147 time: 0.0313454
2026-04-29 03:02:51.064 9 INFO neutron.api.wsgi [None req-8a3566e7-cee1-44fc-8e78-d44f4b47c2cb f12ea39eb5e64ba48ed51a9368a79ef4 e60288b84f2d48e5aebbc4d7ed376d00 - - default default] 10.0.0.12 "GET /v2.0/ports/1c7f5eff-28bc-4201-8741-23b8e41b35db HTTP/1.1" status: 200 len: 1147 time: 0.0346701
2026-04-29 03:02:51.284 10 INFO neutron.api.wsgi [None req-29163abd-34a1-4e44-97f8-34c39ed7b342 0d17a3b6a9b5451492e66aefd4f235dc 3308dde9f672402eae73c63366cc0f4e - - default default] 10.0.0.12 "DELETE /v2.0/routers/2b7da6cf-d519-41bb-916b-eb5db8bb93a8 HTTP/1.1" status: 204 len: 168 time: 0.7766149
2026-04-29 03:02:51.477 9 INFO neutron.api.wsgi [None req-67e477f6-a17c-4415-9838-1992bc910827 0d17a3b6a9b5451492e66aefd4f235dc 3308dde9f672402eae73c63366cc0f4e - - default default] 10.0.0.12 "DELETE /v2.0/subnets/edc070d7-59c9-4fa4-be06-b4f9d4eb0793 HTTP/1.1" status: 204 len: 168 time: 0.1877804
2026-04-29 03:02:51.525 9 INFO neutron.api.wsgi [req-abf2c75f-6aa9-4a8c-a9d0-a8381fd20c41 req-3f4661f7-9c82-48b8-bebf-5ab7e432f2e7 64cf1d05996c4142804f84a171a1509d 4b0f8c9310ae45c096c78d86757fbc19 - - default default] 10.0.0.46 "GET /v2.0/ports?device_id=99016e1a-6766-4d99-9e59-0f58555da7f9 HTTP/1.1" status: 200 len: 1172 time: 0.0801673
2026-04-29 03:02:51.562 9 INFO neutron.api.wsgi [req-abf2c75f-6aa9-4a8c-a9d0-a8381fd20c41 req-ce1b9744-60df-4032-be0b-a62fa100298d 64cf1d05996c4142804f84a171a1509d 4b0f8c9310ae45c096c78d86757fbc19 - - default default] 10.0.0.46 "GET /v2.0/security-groups?id=e52cb87d-d329-41db-8853-c9f15beecc87&fields=id&fields=name HTTP/1.1" status: 200 len: 312 time: 0.0314300
2026-04-29 03:02:51.754 10 INFO neutron.services.segments.plugin [-] Segment b869c5b5-21cd-489f-b24a-de4b38b53228 resource provider aggregate not found
2026-04-29 03:02:51.758 10 INFO neutron.services.segments.plugin [-] Segment b869c5b5-21cd-489f-b24a-de4b38b53228 resource provider aggregate not found
2026-04-29 03:02:51.773 10 INFO neutron.services.segments.plugin [-] Segment b869c5b5-21cd-489f-b24a-de4b38b53228 resource provider not found; error: Placement Client Error (4xx): {"errors": [{"status": 404, "title": "Not Found", "detail": "The resource could not be found.\n\n No resource provider with uuid b869c5b5-21cd-489f-b24a-de4b38b53228 found for delete ", "request_id": "req-2e287a56-20c5-430b-870d-d72db564f5ac"}]}
2026-04-29 03:02:51.774 10 INFO neutron.services.segments.plugin [-] Segment b869c5b5-21cd-489f-b24a-de4b38b53228 resource provider not found; error: Placement Client Error (4xx): {"errors": [{"status": 404, "title": "Not Found", "detail": "The resource could not be found.\n\n No resource provider with uuid b869c5b5-21cd-489f-b24a-de4b38b53228 found for delete ", "request_id": "req-0ff6d0e4-3b5e-4194-99a4-bf4a99d77995"}]}
2026-04-29 03:02:51.798 10 INFO neutron.api.wsgi [None req-95ecd902-418f-4d06-a1c2-d795d29f697f 0d17a3b6a9b5451492e66aefd4f235dc 3308dde9f672402eae73c63366cc0f4e - - default default] 10.0.0.12 "DELETE /v2.0/networks/44a2a286-8ca5-4ce1-b5ca-407ab70f0e0f HTTP/1.1" status: 204 len: 168 time: 0.3162956
2026-04-29 03:02:52.050 9 INFO neutron.api.wsgi [None req-6f3e1d0f-bc29-4513-9fbe-ccf05fa0a15c 0d17a3b6a9b5451492e66aefd4f235dc 3308dde9f672402eae73c63366cc0f4e - - default default] 10.0.0.12 "GET /v2.0/security-groups?tenant_id=d08b62b70b014d988aadbc3aa39a1058&name=default HTTP/1.1" status: 200 len: 3120 time: 0.0328591
