2026-04-29 03:02:22.377 10 INFO neutron.db.ovn_revision_numbers_db [None req-1fe70bf8-c7d0-466d-ada3-49e6a6be44af 0d17a3b6a9b5451492e66aefd4f235dc 3308dde9f672402eae73c63366cc0f4e - - default default] Successfully bumped revision number for resource 5f6cf14b-a238-4deb-b78a-68ec9d93745f (type: security_group_rules) to 0
2026-04-29 03:02:22.391 10 INFO neutron.db.ovn_revision_numbers_db [None req-1fe70bf8-c7d0-466d-ada3-49e6a6be44af 0d17a3b6a9b5451492e66aefd4f235dc 3308dde9f672402eae73c63366cc0f4e - - default default] Successfully bumped revision number for resource 88acc397-96a2-426a-a537-bdf91a12f5b7 (type: security_group_rules) to 0
2026-04-29 03:02:22.430 10 INFO neutron.api.wsgi [None req-1fe70bf8-c7d0-466d-ada3-49e6a6be44af 0d17a3b6a9b5451492e66aefd4f235dc 3308dde9f672402eae73c63366cc0f4e - - default default] 10.0.0.12 "GET /v2.0/security-groups?tenant_id=762aa365feaf4990879a8c2cbe5969d5&name=default HTTP/1.1" status: 200 len: 3120 time: 0.3925843 /var/lib/openstack/lib/python3.12/site-packages/pycadf/identifier.py:71: UserWarning: Invalid uuid: neutron. To ensure interoperability, identifiers should be a valid uuid. warnings.warn(('Invalid uuid: %s. To ensure interoperability, '
2026-04-29 03:02:22.486 9 WARNING neutron.scheduler.dhcp_agent_scheduler [req-71359e22-54a6-4449-bb76-486387be8220 req-12c2ddcd-5a58-4d5c-aa34-6ff22d320306 64cf1d05996c4142804f84a171a1509d 4b0f8c9310ae45c096c78d86757fbc19 - - default default] No more DHCP agents
2026-04-29 03:02:22.491 9 WARNING neutron.api.rpc.agentnotifiers.dhcp_rpc_agent_api [req-71359e22-54a6-4449-bb76-486387be8220 req-12c2ddcd-5a58-4d5c-aa34-6ff22d320306 64cf1d05996c4142804f84a171a1509d 4b0f8c9310ae45c096c78d86757fbc19 - - default default] Unable to schedule network 4ce8e0f3-7dd8-4728-85a2-5c4dffd540ae: no agents available; will retry on subsequent port and subnet creation events.
2026-04-29 03:02:22.497 9 INFO neutron.api.wsgi [None req-99f88529-4a88-4f8c-b4ac-bfc3f940c009 0d17a3b6a9b5451492e66aefd4f235dc 3308dde9f672402eae73c63366cc0f4e - - default default] 10.0.0.12 "PUT /v2.0/routers/520fc621-4db8-4a49-9814-65a85b598f91/remove_router_interface HTTP/1.1" status: 200 len: 503 time: 1.2804444
2026-04-29 03:02:22.585 9 INFO neutron.api.wsgi [req-7880a8f7-2c7c-42f4-a2f9-cce158853137 req-5d86cab8-ab54-4289-bbe8-c48d235f5370 64cf1d05996c4142804f84a171a1509d 4b0f8c9310ae45c096c78d86757fbc19 - - default default] 10.0.0.46 "GET /v2.0/ports?device_id=99016e1a-6766-4d99-9e59-0f58555da7f9 HTTP/1.1" status: 200 len: 1160 time: 0.1231525
2026-04-29 03:02:22.660 9 INFO neutron.api.wsgi [req-7880a8f7-2c7c-42f4-a2f9-cce158853137 req-82c5e5c1-b0a7-4cce-81b3-8379ca935497 64cf1d05996c4142804f84a171a1509d 4b0f8c9310ae45c096c78d86757fbc19 - - default default] 10.0.0.46 "GET /v2.0/security-groups?id=e52cb87d-d329-41db-8853-c9f15beecc87&fields=id&fields=name HTTP/1.1" status: 200 len: 312 time: 0.0577791
2026-04-29 03:02:22.705 9 INFO neutron.db.ovn_revision_numbers_db [req-71359e22-54a6-4449-bb76-486387be8220 req-12c2ddcd-5a58-4d5c-aa34-6ff22d320306 64cf1d05996c4142804f84a171a1509d 4b0f8c9310ae45c096c78d86757fbc19 - - default default] Successfully bumped revision number for resource 049c3390-b87b-4422-92f3-ccdf9adc77f8 (type: ports) to 1
2026-04-29 03:02:22.725 9 INFO neutron.api.wsgi [req-71359e22-54a6-4449-bb76-486387be8220 req-12c2ddcd-5a58-4d5c-aa34-6ff22d320306 64cf1d05996c4142804f84a171a1509d 4b0f8c9310ae45c096c78d86757fbc19 - - default default] 199.204.45.25 "POST /v2.0/ports HTTP/1.1" status: 201 len: 1162 time: 0.6000400
2026-04-29 03:02:22.777 10 INFO neutron.api.wsgi [None req-5b3612b2-d3c0-4551-b702-3bd74f45be67 0d17a3b6a9b5451492e66aefd4f235dc 3308dde9f672402eae73c63366cc0f4e - - default default] 10.0.0.12 "DELETE /v2.0/security-groups/c877f371-7b30-4e28-b7ea-ed1828823198 HTTP/1.1" status: 204 len: 168 time: 0.3414867
2026-04-29 03:02:23.008 9 INFO neutron.api.wsgi [req-5128b20f-2293-4c9e-b63e-76accc6b4cc0 req-09bdf8fd-30bf-4bec-aaa3-639b2ca5d633 f8d0ec0e128d48628a5571dd38cde1fd 6dd32dd71c484f9f9a1332ff881a48f7 - - default default] 10.0.0.46 "GET /v2.0/ports?device_id=3722a49a-6fcc-433c-95c3-91894ebf2b24 HTTP/1.1" status: 200 len: 1212 time: 0.0419080
2026-04-29 03:02:23.022 10 INFO neutron.db.ovn_revision_numbers_db [None req-057ce33c-58b7-4f3b-a6de-08d2c6500023 0d17a3b6a9b5451492e66aefd4f235dc 3308dde9f672402eae73c63366cc0f4e - - default default] Successfully bumped revision number for resource 25629fef-867b-442c-bc24-df4bee9e6448 (type: security_groups) to 1 /var/lib/openstack/lib/python3.12/site-packages/pycadf/identifier.py:71: UserWarning: Invalid uuid: neutron. To ensure interoperability, identifiers should be a valid uuid. warnings.warn(('Invalid uuid: %s. To ensure interoperability, '
2026-04-29 03:02:23.040 10 INFO neutron.db.ovn_revision_numbers_db [None req-057ce33c-58b7-4f3b-a6de-08d2c6500023 0d17a3b6a9b5451492e66aefd4f235dc 3308dde9f672402eae73c63366cc0f4e - - default default] Successfully bumped revision number for resource 4e85349d-a1ad-4c98-8617-040ed9ebd4ad (type: security_group_rules) to 0
2026-04-29 03:02:23.056 9 INFO neutron.api.wsgi [req-5128b20f-2293-4c9e-b63e-76accc6b4cc0 req-60f8a3c6-2f74-4644-9460-121edecfdb2e f8d0ec0e128d48628a5571dd38cde1fd 6dd32dd71c484f9f9a1332ff881a48f7 - - default default] 10.0.0.46 "GET /v2.0/security-groups?id=b9f623f7-1d25-4b53-ba18-48501d079ea2&id=2b1f5d1d-30ab-4e27-a30b-b383e669ee36&fields=id&fields=name HTTP/1.1" status: 200 len: 405 time: 0.0380185
2026-04-29 03:02:23.067 10 INFO neutron.db.ovn_revision_numbers_db [None req-057ce33c-58b7-4f3b-a6de-08d2c6500023 0d17a3b6a9b5451492e66aefd4f235dc 3308dde9f672402eae73c63366cc0f4e - - default default] Successfully bumped revision number for resource 6b6bc2c5-e020-4cd1-b295-5d59ef2fba32 (type: security_group_rules) to 0
2026-04-29 03:02:23.100 10 INFO neutron.db.ovn_revision_numbers_db [None req-057ce33c-58b7-4f3b-a6de-08d2c6500023 0d17a3b6a9b5451492e66aefd4f235dc 3308dde9f672402eae73c63366cc0f4e - - default default] Successfully bumped revision number for resource 8bb40c81-2dc3-49c4-96a5-df68d9473e95 (type: security_group_rules) to 0
2026-04-29 03:02:23.129 10 INFO neutron.db.ovn_revision_numbers_db [None req-057ce33c-58b7-4f3b-a6de-08d2c6500023 0d17a3b6a9b5451492e66aefd4f235dc 3308dde9f672402eae73c63366cc0f4e - - default default] Successfully bumped revision number for resource cf2a4c84-b3a8-42ce-9db8-9c85c4ab8824 (type: security_group_rules) to 0
2026-04-29 03:02:23.140 9 INFO neutron.db.ovn_revision_numbers_db [req-71359e22-54a6-4449-bb76-486387be8220 req-24e00b41-2ff4-48a3-9ec4-41d893453734 12fffdedbb1647be8e3aa7315a4eb847 e771c9caa2f9493cbfaba4d0ad4608ac - - c893072840914529953fbcb8af47df1e c893072840914529953fbcb8af47df1e] Successfully bumped revision number for resource 049c3390-b87b-4422-92f3-ccdf9adc77f8 (type: ports) to 2
2026-04-29 03:02:23.179 10 INFO neutron.api.wsgi [None req-057ce33c-58b7-4f3b-a6de-08d2c6500023 0d17a3b6a9b5451492e66aefd4f235dc 3308dde9f672402eae73c63366cc0f4e - - default default] 10.0.0.12 "GET /v2.0/security-groups?tenant_id=5f813e81b80445df98735e4b81b1bc4a&name=default HTTP/1.1" status: 200 len: 3120 time: 0.3008254
2026-04-29 03:02:23.258 10 INFO neutron.api.wsgi [None req-b868a266-70b6-4a54-9aba-0aafa0350e46 0d17a3b6a9b5451492e66aefd4f235dc 3308dde9f672402eae73c63366cc0f4e - - default default] 10.0.0.12 "DELETE /v2.0/routers/520fc621-4db8-4a49-9814-65a85b598f91 HTTP/1.1" status: 204 len: 168 time: 0.7533236
2026-04-29 03:02:23.418 9 INFO neutron.db.ovn_revision_numbers_db [req-71359e22-54a6-4449-bb76-486387be8220 req-24e00b41-2ff4-48a3-9ec4-41d893453734 12fffdedbb1647be8e3aa7315a4eb847 e771c9caa2f9493cbfaba4d0ad4608ac - - c893072840914529953fbcb8af47df1e c893072840914529953fbcb8af47df1e] Successfully bumped revision number for resource 049c3390-b87b-4422-92f3-ccdf9adc77f8 (type: ports) to 4
2026-04-29 03:02:23.419 10 INFO neutron.api.wsgi [None req-84036eed-a93c-4a3e-97ca-d8d506465ecd 0d17a3b6a9b5451492e66aefd4f235dc 3308dde9f672402eae73c63366cc0f4e - - default default] 10.0.0.12 "DELETE /v2.0/subnets/c0ab256f-ea73-42c9-a96d-db5533cf8144 HTTP/1.1" status: 204 len: 168 time: 0.1557064
2026-04-29 03:02:23.434 9 INFO neutron.api.wsgi [req-71359e22-54a6-4449-bb76-486387be8220 req-24e00b41-2ff4-48a3-9ec4-41d893453734 12fffdedbb1647be8e3aa7315a4eb847 e771c9caa2f9493cbfaba4d0ad4608ac - - c893072840914529953fbcb8af47df1e c893072840914529953fbcb8af47df1e] 199.204.45.25 "PUT /v2.0/ports/049c3390-b87b-4422-92f3-ccdf9adc77f8 HTTP/1.1" status: 200 len: 1408 time: 0.7044895
2026-04-29 03:02:23.468 9 INFO neutron.notifiers.nova [-] Nova event matching ['req-48a54fbe-346d-4cdf-a49d-2af60adde456'] response: {'name': 'network-changed', 'server_uuid': '99016e1a-6766-4d99-9e59-0f58555da7f9', 'tag': '049c3390-b87b-4422-92f3-ccdf9adc77f8', 'status': 'completed', 'code': 200}
2026-04-29 03:02:23.474 9 INFO neutron.api.wsgi [None req-02369779-9af5-4f5c-b6ab-294372333172 0d17a3b6a9b5451492e66aefd4f235dc 3308dde9f672402eae73c63366cc0f4e - - default default] 10.0.0.12 "DELETE /v2.0/security-groups/25629fef-867b-442c-bc24-df4bee9e6448 HTTP/1.1" status: 204 len: 168 time: 0.2896390 /var/lib/openstack/lib/python3.12/site-packages/pycadf/identifier.py:71: UserWarning: Invalid uuid: neutron. To ensure interoperability, identifiers should be a valid uuid. warnings.warn(('Invalid uuid: %s. To ensure interoperability, '
2026-04-29 03:02:23.757 10 INFO neutron.services.segments.plugin [-] Segment ecb92f9d-9cba-4be6-a49e-e592c6e16517 resource provider aggregate not found
2026-04-29 03:02:23.765 9 INFO neutron.api.wsgi [req-a91d0c67-21e1-4d9e-b484-e41b87b5f8de req-6d73e05e-c0d7-41f8-a6fa-66d4d8e94974 64cf1d05996c4142804f84a171a1509d 4b0f8c9310ae45c096c78d86757fbc19 - - default default] 10.0.0.46 "GET /v2.0/ports?device_id=99016e1a-6766-4d99-9e59-0f58555da7f9 HTTP/1.1" status: 200 len: 1172 time: 0.0425072
2026-04-29 03:02:23.767 10 INFO neutron.services.segments.plugin [-] Segment ecb92f9d-9cba-4be6-a49e-e592c6e16517 resource provider aggregate not found
2026-04-29 03:02:23.771 10 INFO neutron.services.segments.plugin [-] Segment ecb92f9d-9cba-4be6-a49e-e592c6e16517 resource provider not found; error: Placement Client Error (4xx): {"errors": [{"status": 404, "title": "Not Found", "detail": "The resource could not be found.\n\n No resource provider with uuid ecb92f9d-9cba-4be6-a49e-e592c6e16517 found for delete ", "request_id": "req-4b48f952-ff76-4e26-a22f-898ca4535cf4"}]}
2026-04-29 03:02:23.782 10 INFO neutron.api.wsgi [None req-e1cb5a3a-fb4b-421e-b24a-11e7aae2ff83 0d17a3b6a9b5451492e66aefd4f235dc 3308dde9f672402eae73c63366cc0f4e - - default default] 10.0.0.12 "DELETE /v2.0/networks/475de5e1-50f9-41bd-b0dc-019ba28f99d6 HTTP/1.1" status: 204 len: 168 time: 0.3587346
2026-04-29 03:02:23.783 10 INFO neutron.services.segments.plugin [-] Segment ecb92f9d-9cba-4be6-a49e-e592c6e16517 resource provider not found; error: Placement Client Error (4xx): {"errors": [{"status": 404, "title": "Not Found", "detail": "The resource could not be found.\n\n No resource provider with uuid ecb92f9d-9cba-4be6-a49e-e592c6e16517 found for delete ", "request_id": "req-cbff6e61-b83e-4976-af14-4ca5385d485a"}]}
2026-04-29 03:02:23.804 9 INFO neutron.api.wsgi [req-a91d0c67-21e1-4d9e-b484-e41b87b5f8de req-65cb2736-1ab5-4311-890b-b26d82ac3812 64cf1d05996c4142804f84a171a1509d 4b0f8c9310ae45c096c78d86757fbc19 - - default default] 10.0.0.46 "GET /v2.0/security-groups?id=e52cb87d-d329-41db-8853-c9f15beecc87&fields=id&fields=name HTTP/1.1" status: 200 len: 312 time: 0.0321016
2026-04-29 03:02:23.972 9 INFO neutron.api.wsgi [None req-e665ef9f-73fc-4f67-85a2-04f92791dee2 0d17a3b6a9b5451492e66aefd4f235dc 3308dde9f672402eae73c63366cc0f4e - - default default] 10.0.0.12 "GET /v2.0/security-groups?tenant_id=977475054c794086af548a6010620800&name=default HTTP/1.1" status: 200 len: 3120 time: 0.0310507
2026-04-29 03:02:24.010 9 INFO neutron.api.wsgi [req-33d695de-c2f3-4295-a325-31c583523b9d req-f9503ff2-9922-4e27-9dea-902aedd5b775 12fffdedbb1647be8e3aa7315a4eb847 e771c9caa2f9493cbfaba4d0ad4608ac - - c893072840914529953fbcb8af47df1e c893072840914529953fbcb8af47df1e] 199.204.45.25 "GET /v2.0/ports?tenant_id=4b0f8c9310ae45c096c78d86757fbc19&device_id=99016e1a-6766-4d99-9e59-0f58555da7f9 HTTP/1.1" status: 200 len: 1411 time: 0.0356925
2026-04-29 03:02:24.054 9 INFO neutron.api.wsgi [req-33d695de-c2f3-4295-a325-31c583523b9d req-50bd8ae9-5eb1-4781-a3b7-4cb03418b673 12fffdedbb1647be8e3aa7315a4eb847 e771c9caa2f9493cbfaba4d0ad4608ac - - c893072840914529953fbcb8af47df1e c893072840914529953fbcb8af47df1e] 199.204.45.25 "GET /v2.0/networks?tenant_id=4b0f8c9310ae45c096c78d86757fbc19&shared=False HTTP/1.1" status: 200 len: 974 time: 0.0406535
2026-04-29 03:02:24.115 9 INFO neutron.api.wsgi [req-33d695de-c2f3-4295-a325-31c583523b9d req-d096ca12-f9f7-40fc-a411-f4ce9e1680fa 12fffdedbb1647be8e3aa7315a4eb847 e771c9caa2f9493cbfaba4d0ad4608ac - - c893072840914529953fbcb8af47df1e c893072840914529953fbcb8af47df1e] 199.204.45.25 "GET /v2.0/networks?shared=True HTTP/1.1" status: 200 len: 952 time: 0.0439451
2026-04-29 03:02:24.143 9 INFO neutron.api.wsgi [req-542df024-dcd8-4369-bf05-9e1caba691a0 req-45beda3c-5eaa-4b2b-b766-833ac9b51227 f8d0ec0e128d48628a5571dd38cde1fd 6dd32dd71c484f9f9a1332ff881a48f7 - - default default] 10.0.0.46 "GET /v2.0/ports?device_id=3722a49a-6fcc-433c-95c3-91894ebf2b24 HTTP/1.1" status: 200 len: 1212 time: 0.0275686
2026-04-29 03:02:24.179 10 INFO neutron.api.wsgi [None req-5261018e-9e97-46a5-a6c0-83011273651f 0d17a3b6a9b5451492e66aefd4f235dc 3308dde9f672402eae73c63366cc0f4e - - default default] 10.0.0.12 "DELETE /v2.0/security-groups/d0bb3017-dc01-4422-a442-dec4764dd2db HTTP/1.1" status: 204 len: 168 time: 0.2011263
2026-04-29 03:02:24.181 9 INFO neutron.api.wsgi [req-542df024-dcd8-4369-bf05-9e1caba691a0 req-6f7ab847-a16e-4def-96df-2a1617883d9f f8d0ec0e128d48628a5571dd38cde1fd 6dd32dd71c484f9f9a1332ff881a48f7 - - default default] 10.0.0.46 "GET /v2.0/security-groups?id=b9f623f7-1d25-4b53-ba18-48501d079ea2&id=2b1f5d1d-30ab-4e27-a30b-b383e669ee36&fields=id&fields=name HTTP/1.1" status: 200 len: 405 time: 0.0338490
2026-04-29 03:02:24.559 9 INFO neutron.api.wsgi [req-3e29cbb3-468e-418f-9712-bb022b8d4a02 req-e9c833d3-68ac-459c-8954-792859544b8c 12fffdedbb1647be8e3aa7315a4eb847 e771c9caa2f9493cbfaba4d0ad4608ac - - c893072840914529953fbcb8af47df1e c893072840914529953fbcb8af47df1e] 199.204.45.25 "GET /v2.0/ports?device_id=3722a49a-6fcc-433c-95c3-91894ebf2b24 HTTP/1.1" status: 200 len: 1450 time: 0.0564258
2026-04-29 03:02:24.613 9 INFO neutron.api.wsgi [req-3e29cbb3-468e-418f-9712-bb022b8d4a02 req-0601c2b6-f661-49ea-9adf-c2bd5ad6be91 12fffdedbb1647be8e3aa7315a4eb847 e771c9caa2f9493cbfaba4d0ad4608ac - - c893072840914529953fbcb8af47df1e c893072840914529953fbcb8af47df1e] 199.204.45.25 "GET /v2.0/security-groups?id=2b1f5d1d-30ab-4e27-a30b-b383e669ee36&id=b9f623f7-1d25-4b53-ba18-48501d079ea2&fields=id&fields=name HTTP/1.1" status: 200 len: 405 time: 0.0490341
2026-04-29 03:02:24.722 9 INFO neutron.plugins.ml2.drivers.ovn.mech_driver.mech_driver [None req-64ee42dc-dca3-4579-b57d-db8fdeef7aad - - - - - -] OVN reports status up for port: 3fee9986-f75c-4f72-bf92-230d6dcf9cc2
2026-04-29 03:02:24.733 9 INFO neutron.plugins.ml2.plugin [None req-64ee42dc-dca3-4579-b57d-db8fdeef7aad - - - - - -] Attempt 1 to provision port 3fee9986-f75c-4f72-bf92-230d6dcf9cc2
2026-04-29 03:02:24.909 9 INFO neutron.api.wsgi [req-9462b7c3-b0ef-4282-9ce4-a1dba923221d req-14d18a72-edf6-4ee3-84a8-ffb47c12d45e 64cf1d05996c4142804f84a171a1509d 4b0f8c9310ae45c096c78d86757fbc19 - - default default] 10.0.0.46 "GET /v2.0/ports?device_id=99016e1a-6766-4d99-9e59-0f58555da7f9 HTTP/1.1" status: 200 len: 1172 time: 0.0354166
2026-04-29 03:02:24.969 9 INFO neutron.api.wsgi [req-9462b7c3-b0ef-4282-9ce4-a1dba923221d req-f6505527-afa8-4b80-9614-0c0ad2482382 64cf1d05996c4142804f84a171a1509d 4b0f8c9310ae45c096c78d86757fbc19 - - default default] 10.0.0.46 "GET /v2.0/security-groups?id=e52cb87d-d329-41db-8853-c9f15beecc87&fields=id&fields=name HTTP/1.1" status: 200 len: 312 time: 0.0561657
2026-04-29 03:02:24.977 9 INFO neutron.db.ovn_revision_numbers_db [None req-64ee42dc-dca3-4579-b57d-db8fdeef7aad - - - - - -] Successfully bumped revision number for resource 3fee9986-f75c-4f72-bf92-230d6dcf9cc2 (type: ports) to 5 /var/lib/openstack/lib/python3.12/site-packages/pycadf/identifier.py:71: UserWarning: Invalid uuid: neutron. To ensure interoperability, identifiers should be a valid uuid. warnings.warn(('Invalid uuid: %s. To ensure interoperability, '
2026-04-29 03:02:25.182 9 INFO neutron.api.wsgi [req-71359e22-54a6-4449-bb76-486387be8220 req-0dab950c-ccc6-486d-9023-1d32b0018589 12fffdedbb1647be8e3aa7315a4eb847 e771c9caa2f9493cbfaba4d0ad4608ac - - c893072840914529953fbcb8af47df1e c893072840914529953fbcb8af47df1e] 199.204.45.25 "GET /v2.0/ports?tenant_id=4b0f8c9310ae45c096c78d86757fbc19&device_id=99016e1a-6766-4d99-9e59-0f58555da7f9 HTTP/1.1" status: 200 len: 1411 time: 0.0296462
2026-04-29 03:02:25.200 9 INFO neutron.api.wsgi [req-71359e22-54a6-4449-bb76-486387be8220 req-c1ef64a3-c3e6-4cd4-b00f-779eb9a85fcd 12fffdedbb1647be8e3aa7315a4eb847 e771c9caa2f9493cbfaba4d0ad4608ac - - c893072840914529953fbcb8af47df1e c893072840914529953fbcb8af47df1e] 199.204.45.25 "GET /v2.0/floatingips?fixed_ip_address=10.100.0.14&port_id=049c3390-b87b-4422-92f3-ccdf9adc77f8 HTTP/1.1" status: 200 len: 217 time: 0.0140576
2026-04-29 03:02:25.246 9 INFO neutron.api.wsgi [req-71359e22-54a6-4449-bb76-486387be8220 req-f4c5b5d7-2032-4bda-abe7-31d46cd95897 12fffdedbb1647be8e3aa7315a4eb847 e771c9caa2f9493cbfaba4d0ad4608ac - - c893072840914529953fbcb8af47df1e c893072840914529953fbcb8af47df1e] 199.204.45.25 "GET /v2.0/subnets?id=456319d9-60b4-4d37-86d1-c2f7655567f9 HTTP/1.1" status: 200 len: 893 time: 0.0413764
2026-04-29 03:02:25.265 9 INFO neutron.api.wsgi [req-71359e22-54a6-4449-bb76-486387be8220 req-ff8af761-ea72-4dc1-a80f-4a28aaaefc07 12fffdedbb1647be8e3aa7315a4eb847 e771c9caa2f9493cbfaba4d0ad4608ac - - c893072840914529953fbcb8af47df1e c893072840914529953fbcb8af47df1e] 199.204.45.25 "GET /v2.0/ports?network_id=4ce8e0f3-7dd8-4728-85a2-5c4dffd540ae&device_owner=network%3Adhcp HTTP/1.1" status: 200 len: 210 time: 0.0184088
2026-04-29 03:02:25.347 9 INFO neutron.api.wsgi [req-71359e22-54a6-4449-bb76-486387be8220 req-948d8e5f-66a7-422e-b4a2-59011375e5d2 12fffdedbb1647be8e3aa7315a4eb847 e771c9caa2f9493cbfaba4d0ad4608ac - - c893072840914529953fbcb8af47df1e c893072840914529953fbcb8af47df1e] 199.204.45.25 "GET /v2.0/networks/4ce8e0f3-7dd8-4728-85a2-5c4dffd540ae?fields=segments HTTP/1.1" status: 200 len: 212 time: 0.0689948
2026-04-29 03:02:25.367 9 INFO neutron.api.wsgi [req-cf8a92eb-666f-4c46-9082-44bbde364c45 req-75fe23ad-265b-40c3-a821-e0475adc1dbd f8d0ec0e128d48628a5571dd38cde1fd 6dd32dd71c484f9f9a1332ff881a48f7 - - default default] 10.0.0.46 "GET /v2.0/ports?device_id=3722a49a-6fcc-433c-95c3-91894ebf2b24 HTTP/1.1" status: 200 len: 1214 time: 0.0958855
2026-04-29 03:02:25.416 9 INFO neutron.api.wsgi [req-71359e22-54a6-4449-bb76-486387be8220 req-1faa3cda-fc80-4bb1-9e6b-024d44a8f9dd 12fffdedbb1647be8e3aa7315a4eb847 e771c9caa2f9493cbfaba4d0ad4608ac - - c893072840914529953fbcb8af47df1e c893072840914529953fbcb8af47df1e] 199.204.45.25 "GET /v2.0/networks/4ce8e0f3-7dd8-4728-85a2-5c4dffd540ae?fields=provider%3Aphysical_network&fields=provider%3Anetwork_type HTTP/1.1" status: 200 len: 277 time: 0.0612545
2026-04-29 03:02:25.426 9 INFO neutron.api.wsgi [req-cf8a92eb-666f-4c46-9082-44bbde364c45 req-2137ca15-5dfd-4b66-b3b5-f582dfd6c813 f8d0ec0e128d48628a5571dd38cde1fd 6dd32dd71c484f9f9a1332ff881a48f7 - - default default] 10.0.0.46 "GET /v2.0/security-groups?id=b9f623f7-1d25-4b53-ba18-48501d079ea2&id=2b1f5d1d-30ab-4e27-a30b-b383e669ee36&fields=id&fields=name HTTP/1.1" status: 200 len: 405 time: 0.0543447
2026-04-29 03:02:25.509 9 INFO neutron.notifiers.nova [-] Nova event matching ['req-30ca5289-5bcc-4b01-ab94-6cf48d590f51'] response: {'server_uuid': '3722a49a-6fcc-433c-95c3-91894ebf2b24', 'name': 'network-vif-plugged', 'status': 'completed', 'tag': '3fee9986-f75c-4f72-bf92-230d6dcf9cc2', 'code': 200}
2026-04-29 03:02:25.509 9 INFO neutron.notifiers.nova [-] Nova event matching ['req-30ca5289-5bcc-4b01-ab94-6cf48d590f51'] response: {'server_uuid': '3722a49a-6fcc-433c-95c3-91894ebf2b24', 'name': 'network-vif-plugged', 'status': 'completed', 'tag': '3fee9986-f75c-4f72-bf92-230d6dcf9cc2', 'code': 200}
2026-04-29 03:02:26.073 9 INFO neutron.api.wsgi [req-a882d0ca-fdf9-4b6d-a4ba-11413eb10599 req-a0125bdd-0f2c-4c2a-bccc-5c3f04be8d84 64cf1d05996c4142804f84a171a1509d 4b0f8c9310ae45c096c78d86757fbc19 - - default default] 10.0.0.46 "GET /v2.0/ports?device_id=99016e1a-6766-4d99-9e59-0f58555da7f9 HTTP/1.1" status: 200 len: 1172 time: 0.0397604
2026-04-29 03:02:26.134 9 INFO neutron.api.wsgi [req-a882d0ca-fdf9-4b6d-a4ba-11413eb10599 req-a1c964de-0a40-4ec1-8b07-41a5e4e4dc05 64cf1d05996c4142804f84a171a1509d 4b0f8c9310ae45c096c78d86757fbc19 - - default default] 10.0.0.46 "GET /v2.0/security-groups?id=e52cb87d-d329-41db-8853-c9f15beecc87&fields=id&fields=name HTTP/1.1" status: 200 len: 312 time: 0.0513124
2026-04-29 03:02:26.229 10 INFO neutron.api.wsgi [-] 10.0.0.48 "GET / HTTP/1.1" status: 200 len: 247 time: 0.0014224
2026-04-29 03:02:26.231 10 INFO neutron.api.wsgi [-] 10.0.0.48 "GET / HTTP/1.1" status: 200 len: 247 time: 0.0009699
2026-04-29 03:02:26.433 9 INFO neutron.db.ovn_revision_numbers_db [None req-3f77e285-f374-406b-a76d-a2d51ef23d9f 0d17a3b6a9b5451492e66aefd4f235dc 3308dde9f672402eae73c63366cc0f4e - - default default] Successfully bumped revision number for resource 08b01588-bed5-4c17-ab48-2a591bce2988 (type: security_groups) to 1
2026-04-29 03:02:26.446 9 INFO neutron.db.ovn_revision_numbers_db [None req-3f77e285-f374-406b-a76d-a2d51ef23d9f 0d17a3b6a9b5451492e66aefd4f235dc 3308dde9f672402eae73c63366cc0f4e - - default default] Successfully bumped revision number for resource 36b1f022-8389-400a-bd48-39881d1412ca (type: security_group_rules) to 0
2026-04-29 03:02:26.474 9 INFO neutron.db.ovn_revision_numbers_db [None req-3f77e285-f374-406b-a76d-a2d51ef23d9f 0d17a3b6a9b5451492e66aefd4f235dc 3308dde9f672402eae73c63366cc0f4e - - default default] Successfully bumped revision number for resource 408109fb-93c9-4103-8b77-389c924e9974 (type: security_group_rules) to 0
2026-04-29 03:02:26.501 9 INFO neutron.db.ovn_revision_numbers_db [None req-3f77e285-f374-406b-a76d-a2d51ef23d9f 0d17a3b6a9b5451492e66aefd4f235dc 3308dde9f672402eae73c63366cc0f4e - - default default] Successfully bumped revision number for resource b295b7bb-4380-4149-9ae1-97e10e7014d2 (type: security_group_rules) to 0
2026-04-29 03:02:26.528 9 INFO neutron.db.ovn_revision_numbers_db [None req-3f77e285-f374-406b-a76d-a2d51ef23d9f 0d17a3b6a9b5451492e66aefd4f235dc 3308dde9f672402eae73c63366cc0f4e - - default default] Successfully bumped revision number for resource f90c6865-0337-4896-b71a-dd27e68362fd (type: security_group_rules) to 0
2026-04-29 03:02:26.543 9 INFO neutron.api.wsgi [req-c89ff042-3b07-48f2-b26b-c924afce2e04 req-ebc0c243-4e2a-4c38-9b06-5e0f3b91c538 f8d0ec0e128d48628a5571dd38cde1fd 6dd32dd71c484f9f9a1332ff881a48f7 - - default default] 10.0.0.46 "GET /v2.0/ports?device_id=3722a49a-6fcc-433c-95c3-91894ebf2b24 HTTP/1.1" status: 200 len: 1214 time: 0.0403285
2026-04-29 03:02:26.596 9 INFO neutron.api.wsgi [None req-3f77e285-f374-406b-a76d-a2d51ef23d9f 0d17a3b6a9b5451492e66aefd4f235dc 3308dde9f672402eae73c63366cc0f4e - - default default] 10.0.0.12 "GET /v2.0/security-groups?tenant_id=76cc522009dc42b39fa83a885f631c2d&name=default HTTP/1.1" status: 200 len: 3120 time: 0.7191303
2026-04-29 03:02:26.600 9 INFO neutron.api.wsgi [req-c89ff042-3b07-48f2-b26b-c924afce2e04 req-b3265180-dec0-4184-aad0-13dbdaf424fc f8d0ec0e128d48628a5571dd38cde1fd 6dd32dd71c484f9f9a1332ff881a48f7 - - default default] 10.0.0.46 "GET /v2.0/security-groups?id=b9f623f7-1d25-4b53-ba18-48501d079ea2&id=2b1f5d1d-30ab-4e27-a30b-b383e669ee36&fields=id&fields=name HTTP/1.1" status: 200 len: 405 time: 0.0430884
2026-04-29 03:02:26.781 9 INFO neutron.api.wsgi [None req-ee0b211d-3ddf-4c55-9b24-a647dcc4311b 0d17a3b6a9b5451492e66aefd4f235dc 3308dde9f672402eae73c63366cc0f4e - - default default] 10.0.0.12 "DELETE /v2.0/security-groups/08b01588-bed5-4c17-ab48-2a591bce2988 HTTP/1.1" status: 204 len: 168 time: 0.1804810
2026-04-29 03:02:27.240 9 INFO neutron.api.wsgi [req-b1bf513b-5c90-419b-9713-d2e4308a71ac req-50fd3a1a-2c95-498f-9134-6afa96e9953d 64cf1d05996c4142804f84a171a1509d 4b0f8c9310ae45c096c78d86757fbc19 - - default default] 10.0.0.46 "GET /v2.0/ports?device_id=99016e1a-6766-4d99-9e59-0f58555da7f9 HTTP/1.1" status: 200 len: 1172 time: 0.0423582
2026-04-29 03:02:27.277 9 INFO neutron.api.wsgi [req-b1bf513b-5c90-419b-9713-d2e4308a71ac req-c8cc48ba-c533-4c5d-ade1-7a83b6c79e88 64cf1d05996c4142804f84a171a1509d 4b0f8c9310ae45c096c78d86757fbc19 - - default default] 10.0.0.46 "GET /v2.0/security-groups?id=e52cb87d-d329-41db-8853-c9f15beecc87&fields=id&fields=name HTTP/1.1" status: 200 len: 312 time: 0.0313482
2026-04-29 03:02:27.567 9 INFO neutron.plugins.ml2.drivers.ovn.mech_driver.mech_driver [None req-9e1564c6-bc55-452c-954b-7124088881df - - - - - -] OVN reports status up for port: 049c3390-b87b-4422-92f3-ccdf9adc77f8
2026-04-29 03:02:27.581 9 INFO neutron.plugins.ml2.plugin [None req-9e1564c6-bc55-452c-954b-7124088881df - - - - - -] Attempt 1 to provision port 049c3390-b87b-4422-92f3-ccdf9adc77f8
2026-04-29 03:02:27.727 9 INFO neutron.notifiers.nova [-] Nova event matching ['req-3cbbbed9-3a1d-4acb-a83f-8d400f7ce911'] response: {'server_uuid': '99016e1a-6766-4d99-9e59-0f58555da7f9', 'name': 'network-vif-plugged', 'status': 'completed', 'tag': '049c3390-b87b-4422-92f3-ccdf9adc77f8', 'code': 200}
2026-04-29 03:02:27.742 9 INFO neutron.api.wsgi [req-2e098455-7045-4191-9f41-62cd839da808 req-290c1c49-aaba-47a7-acfc-feb6ebd9cff4 f8d0ec0e128d48628a5571dd38cde1fd 6dd32dd71c484f9f9a1332ff881a48f7 - - default default] 10.0.0.46 "GET /v2.0/ports?device_id=3722a49a-6fcc-433c-95c3-91894ebf2b24 HTTP/1.1" status: 200 len: 1214 time: 0.0508649
2026-04-29 03:02:27.803 9 INFO neutron.api.wsgi [req-2e098455-7045-4191-9f41-62cd839da808 req-da32a6ae-ee82-49bf-b590-bc6cfe95151d f8d0ec0e128d48628a5571dd38cde1fd 6dd32dd71c484f9f9a1332ff881a48f7 - - default default] 10.0.0.46 "GET /v2.0/security-groups?id=b9f623f7-1d25-4b53-ba18-48501d079ea2&id=2b1f5d1d-30ab-4e27-a30b-b383e669ee36&fields=id&fields=name HTTP/1.1" status: 200 len: 405 time: 0.0545757
2026-04-29 03:02:27.896 9 INFO neutron.api.wsgi [req-3eac9c1c-5ed4-4d1c-9ef6-1e27099d96e9 req-8e0a056e-6163-4555-9f3b-971252f4501b f8d0ec0e128d48628a5571dd38cde1fd 6dd32dd71c484f9f9a1332ff881a48f7 - - default default] 10.0.0.46 "GET /v2.0/ports?device_id=3722a49a-6fcc-433c-95c3-91894ebf2b24 HTTP/1.1" status: 200 len: 1214 time: 0.0341983
2026-04-29 03:02:27.937 9 INFO neutron.db.ovn_revision_numbers_db [None req-9e1564c6-bc55-452c-954b-7124088881df - - - - - -] Successfully bumped revision number for resource 049c3390-b87b-4422-92f3-ccdf9adc77f8 (type: ports) to 5 /var/lib/openstack/lib/python3.12/site-packages/pycadf/identifier.py:71: UserWarning: Invalid uuid: neutron. To ensure interoperability, identifiers should be a valid uuid. warnings.warn(('Invalid uuid: %s. To ensure interoperability, '
2026-04-29 03:02:28.419 9 INFO neutron.api.wsgi [req-fffdfa4f-56c1-43e9-a333-57eefa1b10e6 req-217430d1-c6d5-47ab-8e7a-f9ef988710c2 64cf1d05996c4142804f84a171a1509d 4b0f8c9310ae45c096c78d86757fbc19 - - default default] 10.0.0.46 "GET /v2.0/ports?device_id=99016e1a-6766-4d99-9e59-0f58555da7f9 HTTP/1.1" status: 200 len: 1174 time: 0.0829985
2026-04-29 03:02:28.457 9 INFO neutron.api.wsgi [req-fffdfa4f-56c1-43e9-a333-57eefa1b10e6 req-f88f557b-502f-4a9d-8569-5ebc7b6ddcf0 64cf1d05996c4142804f84a171a1509d 4b0f8c9310ae45c096c78d86757fbc19 - - default default] 10.0.0.46 "GET /v2.0/security-groups?id=e52cb87d-d329-41db-8853-c9f15beecc87&fields=id&fields=name HTTP/1.1" status: 200 len: 312 time: 0.0339398
2026-04-29 03:02:28.708 10 INFO neutron.db.ovn_revision_numbers_db [None req-6daf748d-d495-4632-b19f-2292f74ab637 f8d0ec0e128d48628a5571dd38cde1fd 6dd32dd71c484f9f9a1332ff881a48f7 - - default default] Successfully bumped revision number for resource d6b4bd49-ab08-48d5-8b4e-df1865b6e453 (type: floatingips) to 1
2026-04-29 03:02:28.789 10 INFO neutron.db.ovn_revision_numbers_db [None req-4c606cb9-e3a8-4810-aee5-1e03382b0264 0d17a3b6a9b5451492e66aefd4f235dc 3308dde9f672402eae73c63366cc0f4e - - default default] Successfully bumped revision number for resource 264a9ac1-cbd2-4b01-8de3-4c9a7b134753 (type: security_groups) to 1
2026-04-29 03:02:28.802 10 INFO neutron.db.ovn_revision_numbers_db [None req-4c606cb9-e3a8-4810-aee5-1e03382b0264 0d17a3b6a9b5451492e66aefd4f235dc 3308dde9f672402eae73c63366cc0f4e - - default default] Successfully bumped revision number for resource 77b2e031-4ddc-4480-8068-c3218bbe8d68 (type: security_group_rules) to 0
2026-04-29 03:02:28.819 10 INFO neutron.db.ovn_revision_numbers_db [None req-6daf748d-d495-4632-b19f-2292f74ab637 f8d0ec0e128d48628a5571dd38cde1fd 6dd32dd71c484f9f9a1332ff881a48f7 - - default default] Successfully bumped revision number for resource d6b4bd49-ab08-48d5-8b4e-df1865b6e453 (type: floatingips) to 2
2026-04-29 03:02:28.819 10 INFO neutron.db.l3_db [None req-6daf748d-d495-4632-b19f-2292f74ab637 f8d0ec0e128d48628a5571dd38cde1fd 6dd32dd71c484f9f9a1332ff881a48f7 - - default default] Floating IP d6b4bd49-ab08-48d5-8b4e-df1865b6e453 associated. External IP: 10.96.250.214, port: 3fee9986-f75c-4f72-bf92-230d6dcf9cc2.
2026-04-29 03:02:28.824 10 INFO neutron.db.ovn_revision_numbers_db [None req-4c606cb9-e3a8-4810-aee5-1e03382b0264 0d17a3b6a9b5451492e66aefd4f235dc 3308dde9f672402eae73c63366cc0f4e - - default default] Successfully bumped revision number for resource 8d021db4-7cb4-4323-805b-f3c8bfdf48f3 (type: security_group_rules) to 0
2026-04-29 03:02:28.842 10 INFO neutron.db.ovn_revision_numbers_db [None req-4c606cb9-e3a8-4810-aee5-1e03382b0264 0d17a3b6a9b5451492e66aefd4f235dc 3308dde9f672402eae73c63366cc0f4e - - default default] Successfully bumped revision number for resource 966c3df7-dc8d-4c98-92bb-f04d10f728ea (type: security_group_rules) to 0
2026-04-29 03:02:28.844 10 INFO neutron.api.wsgi [None req-6daf748d-d495-4632-b19f-2292f74ab637 f8d0ec0e128d48628a5571dd38cde1fd 6dd32dd71c484f9f9a1332ff881a48f7 - - default default] 10.0.0.12 "PUT /v2.0/floatingips/d6b4bd49-ab08-48d5-8b4e-df1865b6e453 HTTP/1.1" status: 200 len: 1050 time: 0.9361937
2026-04-29 03:02:28.858 10 INFO neutron.db.ovn_revision_numbers_db [None req-4c606cb9-e3a8-4810-aee5-1e03382b0264 0d17a3b6a9b5451492e66aefd4f235dc 3308dde9f672402eae73c63366cc0f4e - - default default] Successfully bumped revision number for resource f1bb42e6-1143-4b09-92fa-de728f71efeb (type: security_group_rules) to 0
2026-04-29 03:02:28.885 10 INFO neutron.notifiers.nova [-] Nova event matching ['req-a0e5664b-1df6-4a51-8dbd-6db1261cf36b'] response: {'name': 'network-changed', 'server_uuid': '3722a49a-6fcc-433c-95c3-91894ebf2b24', 'tag': '3fee9986-f75c-4f72-bf92-230d6dcf9cc2', 'status': 'completed', 'code': 200}
2026-04-29 03:02:28.892 10 INFO neutron.api.wsgi [None req-4c606cb9-e3a8-4810-aee5-1e03382b0264 0d17a3b6a9b5451492e66aefd4f235dc 3308dde9f672402eae73c63366cc0f4e - - default default] 10.0.0.12 "GET /v2.0/security-groups?tenant_id=3999e9b3e3334ea184dd08eb683c01dd&name=default HTTP/1.1" status: 200 len: 3120 time: 0.5070007 /var/lib/openstack/lib/python3.12/site-packages/pycadf/identifier.py:71: UserWarning: Invalid uuid: neutron. To ensure interoperability, identifiers should be a valid uuid. warnings.warn(('Invalid uuid: %s. To ensure interoperability, '
2026-04-29 03:02:28.935 9 WARNING neutron_lib.context [None req-9ac894dc-7697-4b0e-bab0-3823a0ceea41 90c0e289396d4fd1aab786b3ce0e5d7e 18e5f33c654a44579e56d622079a27cf - - default default] Method 'is_advsvc' is deprecated since 2023.2 release (neutron-lib 3.8.0) and will be removed once support for the old RBAC API policies will be removed from Neutron. Please use method 'is_service_role' instead.
2026-04-29 03:02:29.080 9 INFO neutron.db.ovn_revision_numbers_db [None req-9ac894dc-7697-4b0e-bab0-3823a0ceea41 90c0e289396d4fd1aab786b3ce0e5d7e 18e5f33c654a44579e56d622079a27cf - - default default] Successfully bumped revision number for resource ec980fc7-6419-429e-b2fc-d19d59367d8e (type: security_groups) to 1
2026-04-29 03:02:29.094 9 INFO neutron.db.ovn_revision_numbers_db [None req-9ac894dc-7697-4b0e-bab0-3823a0ceea41 90c0e289396d4fd1aab786b3ce0e5d7e 18e5f33c654a44579e56d622079a27cf - - default default] Successfully bumped revision number for resource 31d26fdb-8e89-4123-a7c9-1d4de57d8708 (type: security_group_rules) to 0
2026-04-29 03:02:29.095 10 INFO neutron.api.wsgi [None req-be1a8486-244c-4b8f-93b7-fc56528c4371 0d17a3b6a9b5451492e66aefd4f235dc 3308dde9f672402eae73c63366cc0f4e - - default default] 10.0.0.12 "DELETE /v2.0/security-groups/264a9ac1-cbd2-4b01-8de3-4c9a7b134753 HTTP/1.1" status: 204 len: 168 time: 0.1977174
2026-04-29 03:02:29.111 9 INFO neutron.db.ovn_revision_numbers_db [None req-9ac894dc-7697-4b0e-bab0-3823a0ceea41 90c0e289396d4fd1aab786b3ce0e5d7e 18e5f33c654a44579e56d622079a27cf - - default default] Successfully bumped revision number for resource 6991da92-c4ea-4a14-baf4-23991135f10f (type: security_group_rules) to 0
2026-04-29 03:02:29.124 9 INFO neutron.db.ovn_revision_numbers_db [None req-9ac894dc-7697-4b0e-bab0-3823a0ceea41 90c0e289396d4fd1aab786b3ce0e5d7e 18e5f33c654a44579e56d622079a27cf - - default default] Successfully bumped revision number for resource 9d7461a6-7426-4a55-91c8-6ce28359b34c (type: security_group_rules) to 0
2026-04-29 03:02:29.139 9 INFO neutron.db.ovn_revision_numbers_db [None req-9ac894dc-7697-4b0e-bab0-3823a0ceea41 90c0e289396d4fd1aab786b3ce0e5d7e 18e5f33c654a44579e56d622079a27cf - - default default] Successfully bumped revision number for resource fb54177f-e610-4ecb-8571-49f9a884718f (type: security_group_rules) to 0
2026-04-29 03:02:29.215 9 INFO neutron.db.segments_db [None req-9ac894dc-7697-4b0e-bab0-3823a0ceea41 90c0e289396d4fd1aab786b3ce0e5d7e 18e5f33c654a44579e56d622079a27cf - - default default] Added segment 14395298-41ce-4600-8841-8902ed59ad4c of type geneve for network 6a095a11-ffac-4dc9-a39e-64cb8c94f7b0
2026-04-29 03:02:29.326 9 INFO neutron.db.ovn_revision_numbers_db [None req-c872874d-4fb0-44ae-854a-21645ad54137 0d17a3b6a9b5451492e66aefd4f235dc 3308dde9f672402eae73c63366cc0f4e - - default default] Successfully bumped revision number for resource 8d5a9cf8-6160-4d09-a035-bd2ebfaa720d (type: security_groups) to 1
2026-04-29 03:02:29.345 9 INFO neutron.db.ovn_revision_numbers_db [None req-c872874d-4fb0-44ae-854a-21645ad54137 0d17a3b6a9b5451492e66aefd4f235dc 3308dde9f672402eae73c63366cc0f4e - - default default] Successfully bumped revision number for resource 214f410b-b885-410d-b2c3-d45a4bfc98d6 (type: security_group_rules) to 0
2026-04-29 03:02:29.347 9 INFO neutron.db.ovn_revision_numbers_db [None req-9ac894dc-7697-4b0e-bab0-3823a0ceea41 90c0e289396d4fd1aab786b3ce0e5d7e 18e5f33c654a44579e56d622079a27cf - - default default] Successfully bumped revision number for resource 6a095a11-ffac-4dc9-a39e-64cb8c94f7b0 (type: networks) to 1
2026-04-29 03:02:29.377 9 INFO neutron.db.ovn_revision_numbers_db [None req-c872874d-4fb0-44ae-854a-21645ad54137 0d17a3b6a9b5451492e66aefd4f235dc 3308dde9f672402eae73c63366cc0f4e - - default default] Successfully bumped revision number for resource 56a5183b-7a03-4f37-8790-ea26524c963f (type: security_group_rules) to 0
2026-04-29 03:02:29.408 9 INFO neutron.db.ovn_revision_numbers_db [None req-c872874d-4fb0-44ae-854a-21645ad54137 0d17a3b6a9b5451492e66aefd4f235dc 3308dde9f672402eae73c63366cc0f4e - - default default] Successfully bumped revision number for resource 76b80620-6fca-4323-a8b0-368bd4f41a0f (type: security_group_rules) to 0
2026-04-29 03:02:29.443 9 INFO neutron.api.wsgi [req-5d8e673c-c35d-4d41-8572-7bb45abd2f00 req-195354b1-6126-4a49-98b8-370e9204fbc1 12fffdedbb1647be8e3aa7315a4eb847 e771c9caa2f9493cbfaba4d0ad4608ac - - c893072840914529953fbcb8af47df1e c893072840914529953fbcb8af47df1e] 199.204.45.25 "GET /v2.0/ports?tenant_id=6dd32dd71c484f9f9a1332ff881a48f7&device_id=3722a49a-6fcc-433c-95c3-91894ebf2b24 HTTP/1.1" status: 200 len: 1452 time: 0.0468812
2026-04-29 03:02:29.445 9 INFO neutron.db.ovn_revision_numbers_db [None req-c872874d-4fb0-44ae-854a-21645ad54137 0d17a3b6a9b5451492e66aefd4f235dc 3308dde9f672402eae73c63366cc0f4e - - default default] Successfully bumped revision number for resource a22bc5b3-b0f4-4be0-94c3-73b5fe04d3cd (type: security_group_rules) to 0
2026-04-29 03:02:29.504 9 INFO neutron.api.wsgi [None req-c872874d-4fb0-44ae-854a-21645ad54137 0d17a3b6a9b5451492e66aefd4f235dc 3308dde9f672402eae73c63366cc0f4e - - default default] 10.0.0.12 "GET /v2.0/security-groups?tenant_id=d9288680d1344d7780868bca5deb79b5&name=default HTTP/1.1" status: 200 len: 3120 time: 0.3223350
2026-04-29 03:02:29.525 9 INFO neutron.api.wsgi [req-5d8e673c-c35d-4d41-8572-7bb45abd2f00 req-e1a67f66-5697-4fc2-a41d-0b021de239d4 12fffdedbb1647be8e3aa7315a4eb847 e771c9caa2f9493cbfaba4d0ad4608ac - - c893072840914529953fbcb8af47df1e c893072840914529953fbcb8af47df1e] 199.204.45.25 "GET /v2.0/networks?id=aaa86047-3765-40c4-83e0-b6915e2b32a9 HTTP/1.1" status: 200 len: 971 time: 0.0737705
2026-04-29 03:02:29.574 9 INFO neutron.api.wsgi [req-ae4c3e47-de03-46d2-9d6b-f0ea42822bb9 req-a4c15fdf-1cf1-4938-a47f-3002d47f322c 64cf1d05996c4142804f84a171a1509d 4b0f8c9310ae45c096c78d86757fbc19 - - default default] 10.0.0.46 "GET /v2.0/ports?device_id=99016e1a-6766-4d99-9e59-0f58555da7f9 HTTP/1.1" status: 200 len: 1174 time: 0.0438511
2026-04-29 03:02:29.592 9 WARNING neutron.scheduler.dhcp_agent_scheduler [None req-9ac894dc-7697-4b0e-bab0-3823a0ceea41 90c0e289396d4fd1aab786b3ce0e5d7e 18e5f33c654a44579e56d622079a27cf - - default default] No more DHCP agents
2026-04-29 03:02:29.598 9 WARNING neutron.api.rpc.agentnotifiers.dhcp_rpc_agent_api [None req-9ac894dc-7697-4b0e-bab0-3823a0ceea41 90c0e289396d4fd1aab786b3ce0e5d7e 18e5f33c654a44579e56d622079a27cf - - default default] Unable to schedule network 6a095a11-ffac-4dc9-a39e-64cb8c94f7b0: no agents available; will retry on subsequent port and subnet creation events.
2026-04-29 03:02:29.605 9 INFO neutron.api.wsgi [req-5d8e673c-c35d-4d41-8572-7bb45abd2f00 req-6e670634-3b94-4f8b-ba49-89d0a554d3f5 12fffdedbb1647be8e3aa7315a4eb847 e771c9caa2f9493cbfaba4d0ad4608ac - - c893072840914529953fbcb8af47df1e c893072840914529953fbcb8af47df1e] 199.204.45.25 "GET /v2.0/floatingips?fixed_ip_address=10.100.0.14&port_id=3fee9986-f75c-4f72-bf92-230d6dcf9cc2 HTTP/1.1" status: 200 len: 1060 time: 0.0749192
2026-04-29 03:02:29.633 9 INFO neutron.api.wsgi [req-ae4c3e47-de03-46d2-9d6b-f0ea42822bb9 req-d655c8e4-e6fc-4e74-bec5-7c9ea1d6cf04 64cf1d05996c4142804f84a171a1509d 4b0f8c9310ae45c096c78d86757fbc19 - - default default] 10.0.0.46 "GET /v2.0/security-groups?id=e52cb87d-d329-41db-8853-c9f15beecc87&fields=id&fields=name HTTP/1.1" status: 200 len: 312 time: 0.0515959
2026-04-29 03:02:29.639 9 INFO neutron.api.wsgi [req-5d8e673c-c35d-4d41-8572-7bb45abd2f00 req-e9f9c1cc-0395-4392-802b-3083820dc666 12fffdedbb1647be8e3aa7315a4eb847 e771c9caa2f9493cbfaba4d0ad4608ac - - c893072840914529953fbcb8af47df1e c893072840914529953fbcb8af47df1e] 199.204.45.25 "GET /v2.0/subnets?id=4be4b62f-a997-4968-a1f4-583f3be04db9 HTTP/1.1" status: 200 len: 890 time: 0.0281358
2026-04-29 03:02:29.683 9 INFO neutron.api.wsgi [req-5d8e673c-c35d-4d41-8572-7bb45abd2f00 req-e3618bc4-17ec-415f-a2c8-8f9c12db98e2 12fffdedbb1647be8e3aa7315a4eb847 e771c9caa2f9493cbfaba4d0ad4608ac - - c893072840914529953fbcb8af47df1e c893072840914529953fbcb8af47df1e] 199.204.45.25 "GET /v2.0/ports?network_id=aaa86047-3765-40c4-83e0-b6915e2b32a9&device_owner=network%3Adhcp HTTP/1.1" status: 200 len: 210 time: 0.0385273
2026-04-29 03:02:29.744 9 INFO neutron.db.ovn_revision_numbers_db [None req-9ac894dc-7697-4b0e-bab0-3823a0ceea41 90c0e289396d4fd1aab786b3ce0e5d7e 18e5f33c654a44579e56d622079a27cf - - default default] Successfully bumped revision number for resource fb6f2892-b720-4bf0-9be5-5aa8227ef8a7 (type: ports) to 1
2026-04-29 03:02:29.760 10 INFO neutron.api.wsgi [None req-0aa6b8fe-3a0a-45d5-917b-2afe73382826 0d17a3b6a9b5451492e66aefd4f235dc 3308dde9f672402eae73c63366cc0f4e - - default default] 10.0.0.12 "DELETE /v2.0/security-groups/8d5a9cf8-6160-4d09-a035-bd2ebfaa720d HTTP/1.1" status: 204 len: 168 time: 0.2522209
2026-04-29 03:02:29.766 9 INFO neutron.api.wsgi [req-357c8530-7519-449f-b875-d35ad0b6626c req-311b37a6-f5ce-4ab5-9f48-90e677fdbcfd 64cf1d05996c4142804f84a171a1509d 4b0f8c9310ae45c096c78d86757fbc19 - - default default] 10.0.0.46 "GET /v2.0/ports?device_id=99016e1a-6766-4d99-9e59-0f58555da7f9 HTTP/1.1" status: 200 len: 1174 time: 0.0571525
2026-04-29 03:02:29.769 9 INFO neutron.notifiers.nova [-] Nova event matching ['req-31430660-1db7-4ecc-b385-fea2d33159af'] response: {'server_uuid': '99016e1a-6766-4d99-9e59-0f58555da7f9', 'name': 'network-vif-plugged', 'status': 'completed', 'tag': '049c3390-b87b-4422-92f3-ccdf9adc77f8', 'code': 200}
2026-04-29 03:02:29.774 9 INFO neutron.api.wsgi [req-5d8e673c-c35d-4d41-8572-7bb45abd2f00 req-8690fbda-f8d8-4781-ac5b-f4cfd8767202 12fffdedbb1647be8e3aa7315a4eb847 e771c9caa2f9493cbfaba4d0ad4608ac - - c893072840914529953fbcb8af47df1e c893072840914529953fbcb8af47df1e] 199.204.45.25 "GET /v2.0/networks/aaa86047-3765-40c4-83e0-b6915e2b32a9?fields=segments HTTP/1.1" status: 200 len: 212 time: 0.0851569
2026-04-29 03:02:29.788 9 INFO neutron.api.wsgi [None req-9ac894dc-7697-4b0e-bab0-3823a0ceea41 90c0e289396d4fd1aab786b3ce0e5d7e 18e5f33c654a44579e56d622079a27cf - - default default] 10.0.0.12 "POST /v2.0/networks HTTP/1.1" status: 201 len: 847 time: 0.9625700
2026-04-29 03:02:29.821 9 INFO neutron.api.wsgi [req-5d8e673c-c35d-4d41-8572-7bb45abd2f00 req-7d6f226f-d8b0-46be-abad-aebacee2ce0d 12fffdedbb1647be8e3aa7315a4eb847 e771c9caa2f9493cbfaba4d0ad4608ac - - c893072840914529953fbcb8af47df1e c893072840914529953fbcb8af47df1e] 199.204.45.25 "GET /v2.0/networks/aaa86047-3765-40c4-83e0-b6915e2b32a9?fields=provider%3Aphysical_network&fields=provider%3Anetwork_type HTTP/1.1" status: 200 len: 277 time: 0.0427432
2026-04-29 03:02:30.252 10 INFO neutron.db.ovn_revision_numbers_db [None req-b88b2b6d-8a38-4f4f-9842-241dfdf6fa97 64cf1d05996c4142804f84a171a1509d 4b0f8c9310ae45c096c78d86757fbc19 - - default default] Successfully bumped revision number for resource c6225d0f-17c2-4401-8518-4f06fd515962 (type: floatingips) to 1
2026-04-29 03:02:30.312 10 WARNING neutron_lib.context [None req-da7216b7-c81a-45e7-ad6a-aac05431bdb2 90c0e289396d4fd1aab786b3ce0e5d7e 18e5f33c654a44579e56d622079a27cf - - default default] Method 'is_advsvc' is deprecated since 2023.2 release (neutron-lib 3.8.0) and will be removed once support for the old RBAC API policies will be removed from Neutron. Please use method 'is_service_role' instead.
2026-04-29 03:02:30.372 10 INFO neutron.db.ovn_revision_numbers_db [None req-b88b2b6d-8a38-4f4f-9842-241dfdf6fa97 64cf1d05996c4142804f84a171a1509d 4b0f8c9310ae45c096c78d86757fbc19 - - default default] Successfully bumped revision number for resource c6225d0f-17c2-4401-8518-4f06fd515962 (type: floatingips) to 2
2026-04-29 03:02:30.372 10 INFO neutron.db.l3_db [None req-b88b2b6d-8a38-4f4f-9842-241dfdf6fa97 64cf1d05996c4142804f84a171a1509d 4b0f8c9310ae45c096c78d86757fbc19 - - default default] Floating IP c6225d0f-17c2-4401-8518-4f06fd515962 associated. External IP: 10.96.250.209, port: 049c3390-b87b-4422-92f3-ccdf9adc77f8.
2026-04-29 03:02:30.405 10 INFO neutron.api.wsgi [None req-b88b2b6d-8a38-4f4f-9842-241dfdf6fa97 64cf1d05996c4142804f84a171a1509d 4b0f8c9310ae45c096c78d86757fbc19 - - default default] 10.0.0.12 "PUT /v2.0/floatingips/c6225d0f-17c2-4401-8518-4f06fd515962 HTTP/1.1" status: 200 len: 1050 time: 0.6295919
2026-04-29 03:02:30.515 10 WARNING neutron.scheduler.dhcp_agent_scheduler [None req-da7216b7-c81a-45e7-ad6a-aac05431bdb2 90c0e289396d4fd1aab786b3ce0e5d7e 18e5f33c654a44579e56d622079a27cf - - default default] No more DHCP agents
2026-04-29 03:02:30.517 10 WARNING neutron.api.rpc.agentnotifiers.dhcp_rpc_agent_api [None req-da7216b7-c81a-45e7-ad6a-aac05431bdb2 90c0e289396d4fd1aab786b3ce0e5d7e 18e5f33c654a44579e56d622079a27cf - - default default] Unable to schedule network 6a095a11-ffac-4dc9-a39e-64cb8c94f7b0: no agents available; will retry on subsequent port and subnet creation events.
2026-04-29 03:02:30.542 10 INFO neutron.db.ovn_revision_numbers_db [None req-da7216b7-c81a-45e7-ad6a-aac05431bdb2 90c0e289396d4fd1aab786b3ce0e5d7e 18e5f33c654a44579e56d622079a27cf - - default default] Successfully bumped revision number for resource d81c2a33-45bf-4dbc-a9f8-64d91cf9afb3 (type: subnets) to 0
2026-04-29 03:02:30.558 10 INFO neutron.api.wsgi [None req-da7216b7-c81a-45e7-ad6a-aac05431bdb2 90c0e289396d4fd1aab786b3ce0e5d7e 18e5f33c654a44579e56d622079a27cf - - default default] 10.0.0.12 "POST /v2.0/subnets HTTP/1.1" status: 201 len: 872 time: 0.2508342
2026-04-29 03:02:30.567 10 WARNING neutron_lib.context [None req-4e71be4b-f1d8-4a9f-bb14-5466a9e4965d 90c0e289396d4fd1aab786b3ce0e5d7e 18e5f33c654a44579e56d622079a27cf - - default default] Method 'is_advsvc' is deprecated since 2023.2 release (neutron-lib 3.8.0) and will be removed once support for the old RBAC API policies will be removed from Neutron. Please use method 'is_service_role' instead.
2026-04-29 03:02:30.662 10 INFO neutron.db.segments_db [None req-4e71be4b-f1d8-4a9f-bb14-5466a9e4965d 90c0e289396d4fd1aab786b3ce0e5d7e 18e5f33c654a44579e56d622079a27cf - - default default] Added segment 8fd94a0d-cf0f-44c2-a9a7-83d5ec919678 of type geneve for network d9898052-0000-4691-a9aa-510e0fedcb64
2026-04-29 03:02:30.790 10 INFO neutron.db.ovn_revision_numbers_db [None req-4e71be4b-f1d8-4a9f-bb14-5466a9e4965d 90c0e289396d4fd1aab786b3ce0e5d7e 18e5f33c654a44579e56d622079a27cf - - default default] Successfully bumped revision number for resource d9898052-0000-4691-a9aa-510e0fedcb64 (type: networks) to 1
2026-04-29 03:02:30.929 10 INFO neutron.notifiers.nova [-] Nova event matching ['req-ccc82ed2-f6d2-420c-8c77-c0d316ffaeaf'] response: {'name': 'network-changed', 'server_uuid': '99016e1a-6766-4d99-9e59-0f58555da7f9', 'tag': '049c3390-b87b-4422-92f3-ccdf9adc77f8', 'status': 'completed', 'code': 200}
2026-04-29 03:02:31.025 10 WARNING neutron.scheduler.dhcp_agent_scheduler [None req-4e71be4b-f1d8-4a9f-bb14-5466a9e4965d 90c0e289396d4fd1aab786b3ce0e5d7e 18e5f33c654a44579e56d622079a27cf - - default default] No more DHCP agents
2026-04-29 03:02:31.026 10 WARNING neutron.api.rpc.agentnotifiers.dhcp_rpc_agent_api [None req-4e71be4b-f1d8-4a9f-bb14-5466a9e4965d 90c0e289396d4fd1aab786b3ce0e5d7e 18e5f33c654a44579e56d622079a27cf - - default default] Unable to schedule network d9898052-0000-4691-a9aa-510e0fedcb64: no agents available; will retry on subsequent port and subnet creation events.
2026-04-29 03:02:31.085 10 INFO neutron.db.ovn_revision_numbers_db [None req-4e71be4b-f1d8-4a9f-bb14-5466a9e4965d 90c0e289396d4fd1aab786b3ce0e5d7e 18e5f33c654a44579e56d622079a27cf - - default default] Successfully bumped revision number for resource 9bce497b-3bf8-432e-957e-656e2c94e5de (type: ports) to 1
2026-04-29 03:02:31.108 10 INFO neutron.api.wsgi [None req-4e71be4b-f1d8-4a9f-bb14-5466a9e4965d 90c0e289396d4fd1aab786b3ce0e5d7e 18e5f33c654a44579e56d622079a27cf - - default default] 10.0.0.12 "POST /v2.0/networks HTTP/1.1" status: 201 len: 846 time: 0.5450301
2026-04-29 03:02:31.273 10 INFO neutron.db.ovn_revision_numbers_db [None req-efaa71ad-8864-4eea-8822-975b8bb3ebc9 90c0e289396d4fd1aab786b3ce0e5d7e 18e5f33c654a44579e56d622079a27cf - - default default] Successfully bumped revision number for resource d9898052-0000-4691-a9aa-510e0fedcb64 (type: networks) to 2
2026-04-29 03:02:31.278 10 INFO neutron.api.wsgi [None req-efaa71ad-8864-4eea-8822-975b8bb3ebc9 90c0e289396d4fd1aab786b3ce0e5d7e 18e5f33c654a44579e56d622079a27cf - - default default] 10.0.0.12 "PUT /v2.0/networks/d9898052-0000-4691-a9aa-510e0fedcb64 HTTP/1.1" status: 200 len: 792 time: 0.1596525
2026-04-29 03:02:31.289 10 WARNING neutron_lib.context [None req-15db5c0f-4645-43ce-8382-c5f6021398b1 90c0e289396d4fd1aab786b3ce0e5d7e 18e5f33c654a44579e56d622079a27cf - - default default] Method 'is_advsvc' is deprecated since 2023.2 release (neutron-lib 3.8.0) and will be removed once support for the old RBAC API policies will be removed from Neutron. Please use method 'is_service_role' instead. /var/lib/openstack/lib/python3.12/site-packages/pycadf/identifier.py:71: UserWarning: Invalid uuid: neutron. To ensure interoperability, identifiers should be a valid uuid. warnings.warn(('Invalid uuid: %s. To ensure interoperability, '
2026-04-29 03:02:31.474 9 INFO neutron.api.wsgi [req-78164a14-8f46-4ff8-aceb-235b4ad73ad3 req-69df325c-9a53-4ca0-ae5d-8999b24539b4 12fffdedbb1647be8e3aa7315a4eb847 e771c9caa2f9493cbfaba4d0ad4608ac - - c893072840914529953fbcb8af47df1e c893072840914529953fbcb8af47df1e] 199.204.45.25 "GET /v2.0/ports?tenant_id=4b0f8c9310ae45c096c78d86757fbc19&device_id=99016e1a-6766-4d99-9e59-0f58555da7f9 HTTP/1.1" status: 200 len: 1413 time: 0.0388312
2026-04-29 03:02:31.515 10 WARNING neutron.scheduler.dhcp_agent_scheduler [None req-15db5c0f-4645-43ce-8382-c5f6021398b1 90c0e289396d4fd1aab786b3ce0e5d7e 18e5f33c654a44579e56d622079a27cf - - default default] No more DHCP agents
2026-04-29 03:02:31.516 10 WARNING neutron.api.rpc.agentnotifiers.dhcp_rpc_agent_api [None req-15db5c0f-4645-43ce-8382-c5f6021398b1 90c0e289396d4fd1aab786b3ce0e5d7e 18e5f33c654a44579e56d622079a27cf - - default default] Unable to schedule network d9898052-0000-4691-a9aa-510e0fedcb64: no agents available; will retry on subsequent port and subnet creation events.
