2026-04-29 03:00:26.231 10 INFO neutron.api.wsgi [-] 10.0.0.48 "GET / HTTP/1.1" status: 200 len: 247 time: 0.0031588
2026-04-29 03:00:41.229 10 INFO neutron.api.wsgi [-] 10.0.0.48 "GET / HTTP/1.1" status: 200 len: 247 time: 0.0017717
2026-04-29 03:00:41.230 9 INFO neutron.api.wsgi [-] 10.0.0.48 "GET / HTTP/1.1" status: 200 len: 247 time: 0.0027032
2026-04-29 03:00:47.227 10 INFO neutron.api.wsgi [None req-0903fd4f-c6c8-4986-baa4-865d141a8d34 0d17a3b6a9b5451492e66aefd4f235dc 3308dde9f672402eae73c63366cc0f4e - - default default] 10.0.0.12 "GET /v2.0/networks HTTP/1.1" status: 200 len: 2368 time: 0.1548843
2026-04-29 03:00:48.321 10 INFO neutron.api.wsgi [None req-5fb53c4c-6514-4d12-a0f9-94a80bbaf29c 0d17a3b6a9b5451492e66aefd4f235dc 3308dde9f672402eae73c63366cc0f4e - - default default] 10.0.0.12 "GET /v2.0/floatingips HTTP/1.1" status: 200 len: 212 time: 0.0160172
2026-04-29 03:00:48.343 10 INFO neutron.api.wsgi [None req-b0bec454-005f-446c-909d-1011f2a0d169 0d17a3b6a9b5451492e66aefd4f235dc 3308dde9f672402eae73c63366cc0f4e - - default default] 10.0.0.12 "GET /v2.0/routers HTTP/1.1" status: 200 len: 208 time: 0.0162823
2026-04-29 03:00:48.392 10 INFO neutron.api.wsgi [None req-0bfdefb6-fa3c-4bac-a947-c1c791a279f2 0d17a3b6a9b5451492e66aefd4f235dc 3308dde9f672402eae73c63366cc0f4e - - default default] 10.0.0.12 "GET /v2.0/ports HTTP/1.1" status: 200 len: 5370 time: 0.0414960
2026-04-29 03:00:48.424 10 INFO neutron.api.wsgi [None req-da4a9b8f-c26b-4665-9ad9-fae7e0c4b3c0 0d17a3b6a9b5451492e66aefd4f235dc 3308dde9f672402eae73c63366cc0f4e - - default default] 10.0.0.12 "GET /v2.0/subnets HTTP/1.1" status: 200 len: 1503 time: 0.0261421
2026-04-29 03:00:48.479 10 INFO neutron.api.wsgi [None req-e4facf79-420c-4049-ae22-26a519ea5f72 0d17a3b6a9b5451492e66aefd4f235dc 3308dde9f672402eae73c63366cc0f4e - - default default] 10.0.0.12 "GET /v2.0/networks HTTP/1.1" status: 200 len: 2368 time: 0.0503998
2026-04-29 03:00:48.528 10 INFO neutron.api.wsgi [None req-9f486074-d3fc-4a44-b6de-df17ea0e9d71 0d17a3b6a9b5451492e66aefd4f235dc 3308dde9f672402eae73c63366cc0f4e - - default default] 10.0.0.12 "GET /v2.0/security-groups HTTP/1.1" status: 200 len: 17597 time: 0.0419228
2026-04-29 03:00:48.540 10 INFO neutron.api.wsgi [None req-640f2d6f-daaf-40f7-bc33-26747bc8334a 0d17a3b6a9b5451492e66aefd4f235dc 3308dde9f672402eae73c63366cc0f4e - - default default] 10.0.0.12 "GET /v2.0/subnetpools HTTP/1.1" status: 200 len: 212 time: 0.0081260
2026-04-29 03:00:50.238 10 INFO neutron.api.wsgi [None req-c58c0f4d-85ff-40df-b74b-5e2cfca24feb 0d17a3b6a9b5451492e66aefd4f235dc 3308dde9f672402eae73c63366cc0f4e - - default default] 10.0.0.235 "GET /v2.0/security-groups HTTP/1.1" status: 200 len: 17578 time: 0.0966461
2026-04-29 03:00:50.261 10 INFO neutron.api.wsgi [None req-63d1d047-3e7b-4e28-87dc-e678520cd1a2 0d17a3b6a9b5451492e66aefd4f235dc 3308dde9f672402eae73c63366cc0f4e - - default default] 10.0.0.235 "GET /v2.0/network-ip-availabilities HTTP/1.1" status: 200 len: 1280 time: 0.0205843
2026-04-29 03:00:50.285 10 INFO neutron.api.wsgi [None req-77eca2c5-c78d-42c0-a447-0b9dc89ed4dc 0d17a3b6a9b5451492e66aefd4f235dc 3308dde9f672402eae73c63366cc0f4e - - default default] 10.0.0.235 "GET /v2.0/floatingips HTTP/1.1" status: 200 len: 193 time: 0.0221961
2026-04-29 03:00:50.309 10 INFO neutron.api.wsgi [None req-144efc85-a39d-44cd-998c-5d2e1c2216cb 0d17a3b6a9b5451492e66aefd4f235dc 3308dde9f672402eae73c63366cc0f4e - - default default] 10.0.0.235 "GET /v2.0/subnets HTTP/1.1" status: 200 len: 1484 time: 0.0230510
2026-04-29 03:00:50.346 10 INFO neutron.api.wsgi [None req-ad9105b6-2e33-4a4c-81e7-7c106379e80e 0d17a3b6a9b5451492e66aefd4f235dc 3308dde9f672402eae73c63366cc0f4e - - default default] 10.0.0.235 "GET /v2.0/subnetpools HTTP/1.1" status: 200 len: 193 time: 0.0358081
2026-04-29 03:00:50.362 10 INFO neutron.api.wsgi [None req-b1024eea-ed5a-4d08-9e14-5294b535fe8f 0d17a3b6a9b5451492e66aefd4f235dc 3308dde9f672402eae73c63366cc0f4e - - default default] 10.0.0.235 "GET /v2.0/routers HTTP/1.1" status: 200 len: 189 time: 0.0153694
2026-04-29 03:00:50.596 10 INFO neutron.api.wsgi [None req-7e4397d0-9156-467d-845e-e8cb5b55a8ca 0d17a3b6a9b5451492e66aefd4f235dc 3308dde9f672402eae73c63366cc0f4e - - default default] 10.0.0.235 "GET /v2.0/agents?binary=ovn-controller HTTP/1.1" status: 200 len: 591 time: 0.2327819
2026-04-29 03:00:50.654 10 INFO neutron.api.wsgi [None req-ac577045-1dac-4f2b-bc6d-5a1d85866c08 0d17a3b6a9b5451492e66aefd4f235dc 3308dde9f672402eae73c63366cc0f4e - - default default] 10.0.0.235 "GET /v2.0/networks HTTP/1.1" status: 200 len: 2349 time: 0.0574396
2026-04-29 03:00:50.689 10 INFO neutron.api.wsgi [None req-869373dd-721a-486f-b61a-923a10545de7 0d17a3b6a9b5451492e66aefd4f235dc 3308dde9f672402eae73c63366cc0f4e - - default default] 10.0.0.235 "GET /v2.0/subnets HTTP/1.1" status: 200 len: 1484 time: 0.0326023
2026-04-29 03:00:50.738 10 INFO neutron.api.wsgi [None req-c87dd77c-0f0f-42c2-8e5f-daab6bbb51de 0d17a3b6a9b5451492e66aefd4f235dc 3308dde9f672402eae73c63366cc0f4e - - default default] 10.0.0.235 "GET /v2.0/ports HTTP/1.1" status: 200 len: 5351 time: 0.0479589
2026-04-29 03:00:50.755 10 INFO neutron.api.wsgi [None req-e59b9a7e-3ba7-4916-9497-f4c45127a150 0d17a3b6a9b5451492e66aefd4f235dc 3308dde9f672402eae73c63366cc0f4e - - default default] 10.0.0.235 "GET /v2.0/agents HTTP/1.1" status: 200 len: 1390 time: 0.0124714
2026-04-29 03:00:56.230 10 INFO neutron.api.wsgi [-] 10.0.0.48 "GET / HTTP/1.1" status: 200 len: 247 time: 0.0027003
2026-04-29 03:00:56.233 10 INFO neutron.api.wsgi [-] 10.0.0.48 "GET / HTTP/1.1" status: 200 len: 247 time: 0.0019135
2026-04-29 03:00:59.898 9 INFO neutron.db.ovn_revision_numbers_db [None req-705cd403-0734-4355-bb68-42b55a9a8601 0d17a3b6a9b5451492e66aefd4f235dc 3308dde9f672402eae73c63366cc0f4e - - default default] Successfully bumped revision number for resource 2b363547-13c4-47b2-b2f1-bd973e1109de (type: security_groups) to 1
2026-04-29 03:00:59.912 9 INFO neutron.db.ovn_revision_numbers_db [None req-705cd403-0734-4355-bb68-42b55a9a8601 0d17a3b6a9b5451492e66aefd4f235dc 3308dde9f672402eae73c63366cc0f4e - - default default] Successfully bumped revision number for resource 7efe558a-7ef2-4f59-afc4-56e2aeb9588e (type: security_group_rules) to 0
2026-04-29 03:00:59.927 9 INFO neutron.db.ovn_revision_numbers_db [None req-705cd403-0734-4355-bb68-42b55a9a8601 0d17a3b6a9b5451492e66aefd4f235dc 3308dde9f672402eae73c63366cc0f4e - - default default] Successfully bumped revision number for resource 8edff899-da7b-4282-93e3-6b481d7f7c3d (type: security_group_rules) to 0
2026-04-29 03:00:59.942 9 INFO neutron.db.ovn_revision_numbers_db [None req-705cd403-0734-4355-bb68-42b55a9a8601 0d17a3b6a9b5451492e66aefd4f235dc 3308dde9f672402eae73c63366cc0f4e - - default default] Successfully bumped revision number for resource 97427af2-78f8-40eb-942c-075dd5865086 (type: security_group_rules) to 0
2026-04-29 03:00:59.960 9 INFO neutron.db.ovn_revision_numbers_db [None req-705cd403-0734-4355-bb68-42b55a9a8601 0d17a3b6a9b5451492e66aefd4f235dc 3308dde9f672402eae73c63366cc0f4e - - default default] Successfully bumped revision number for resource e21e8c22-7c0d-40a4-95fd-538717272409 (type: security_group_rules) to 0
2026-04-29 03:00:59.987 10 INFO neutron.db.ovn_revision_numbers_db [None req-5393ba00-db47-4acf-966a-cb0db0110fe5 0d17a3b6a9b5451492e66aefd4f235dc 3308dde9f672402eae73c63366cc0f4e - - default default] Successfully bumped revision number for resource 23291c3e-fab0-4726-895e-9931497255f6 (type: security_groups) to 1
2026-04-29 03:01:00.016 10 INFO neutron.db.ovn_revision_numbers_db [None req-5393ba00-db47-4acf-966a-cb0db0110fe5 0d17a3b6a9b5451492e66aefd4f235dc 3308dde9f672402eae73c63366cc0f4e - - default default] Successfully bumped revision number for resource 0df86e99-fd23-47bd-827e-d6c6b55562fd (type: security_group_rules) to 0
2026-04-29 03:01:00.032 10 INFO neutron.db.ovn_revision_numbers_db [None req-5393ba00-db47-4acf-966a-cb0db0110fe5 0d17a3b6a9b5451492e66aefd4f235dc 3308dde9f672402eae73c63366cc0f4e - - default default] Successfully bumped revision number for resource 108bc028-b795-492a-a536-c7387a483f75 (type: security_group_rules) to 0
2026-04-29 03:01:00.037 10 INFO neutron.db.ovn_revision_numbers_db [None req-2c116881-ffd5-41cb-8d98-a9633eb987a2 0d17a3b6a9b5451492e66aefd4f235dc 3308dde9f672402eae73c63366cc0f4e - - default default] Successfully bumped revision number for resource f5b1a822-8736-42a6-ad40-0428339ce368 (type: security_groups) to 1
2026-04-29 03:01:00.049 10 INFO neutron.db.ovn_revision_numbers_db [None req-5393ba00-db47-4acf-966a-cb0db0110fe5 0d17a3b6a9b5451492e66aefd4f235dc 3308dde9f672402eae73c63366cc0f4e - - default default] Successfully bumped revision number for resource 8805b94e-4f24-417b-af74-ef7d927db234 (type: security_group_rules) to 0
2026-04-29 03:01:00.052 10 INFO neutron.db.ovn_revision_numbers_db [None req-2c116881-ffd5-41cb-8d98-a9633eb987a2 0d17a3b6a9b5451492e66aefd4f235dc 3308dde9f672402eae73c63366cc0f4e - - default default] Successfully bumped revision number for resource 28cf25f9-7576-4926-8805-c2a9aca58707 (type: security_group_rules) to 0
2026-04-29 03:01:00.053 9 INFO neutron.db.segments_db [None req-705cd403-0734-4355-bb68-42b55a9a8601 0d17a3b6a9b5451492e66aefd4f235dc 3308dde9f672402eae73c63366cc0f4e - - default default] Added segment 85b6eb3e-434e-4289-85a3-989c59f398e0 of type geneve for network 3f061511-7186-4f9b-b1d3-300472b00138
2026-04-29 03:01:00.067 10 INFO neutron.db.ovn_revision_numbers_db [None req-2c116881-ffd5-41cb-8d98-a9633eb987a2 0d17a3b6a9b5451492e66aefd4f235dc 3308dde9f672402eae73c63366cc0f4e - - default default] Successfully bumped revision number for resource 57ba79fe-289f-41c7-924d-7ccaebf1941a (type: security_group_rules) to 0
2026-04-29 03:01:00.068 10 INFO neutron.db.ovn_revision_numbers_db [None req-5393ba00-db47-4acf-966a-cb0db0110fe5 0d17a3b6a9b5451492e66aefd4f235dc 3308dde9f672402eae73c63366cc0f4e - - default default] Successfully bumped revision number for resource eaecead3-5d8d-4fa8-a6de-0f63fc3a065a (type: security_group_rules) to 0
2026-04-29 03:01:00.083 10 INFO neutron.db.ovn_revision_numbers_db [None req-2c116881-ffd5-41cb-8d98-a9633eb987a2 0d17a3b6a9b5451492e66aefd4f235dc 3308dde9f672402eae73c63366cc0f4e - - default default] Successfully bumped revision number for resource 652a2062-5b36-4d3c-b18c-3e7189b62f59 (type: security_group_rules) to 0
2026-04-29 03:01:00.105 10 INFO neutron.db.ovn_revision_numbers_db [None req-2c116881-ffd5-41cb-8d98-a9633eb987a2 0d17a3b6a9b5451492e66aefd4f235dc 3308dde9f672402eae73c63366cc0f4e - - default default] Successfully bumped revision number for resource 6ea09fa2-e82d-4d0c-aa92-a90766269790 (type: security_group_rules) to 0
2026-04-29 03:01:00.163 10 INFO neutron.db.segments_db [None req-5393ba00-db47-4acf-966a-cb0db0110fe5 0d17a3b6a9b5451492e66aefd4f235dc 3308dde9f672402eae73c63366cc0f4e - - default default] Added segment 40c39587-f8c4-48f8-a4ac-9d65f53264ce of type geneve for network 79fa142c-ab5a-42bf-8479-24a0f1af214e
2026-04-29 03:01:00.167 9 INFO neutron.db.ovn_revision_numbers_db [None req-705cd403-0734-4355-bb68-42b55a9a8601 0d17a3b6a9b5451492e66aefd4f235dc 3308dde9f672402eae73c63366cc0f4e - - default default] Successfully bumped revision number for resource 3f061511-7186-4f9b-b1d3-300472b00138 (type: networks) to 1
2026-04-29 03:01:00.180 10 INFO neutron.db.segments_db [None req-2c116881-ffd5-41cb-8d98-a9633eb987a2 0d17a3b6a9b5451492e66aefd4f235dc 3308dde9f672402eae73c63366cc0f4e - - default default] Added segment 540231b3-dcb1-4a19-84b4-1b69791e5ecc of type geneve for network aa4e7426-2a8b-4621-acf7-0505831ba24e
2026-04-29 03:01:00.293 10 INFO neutron.db.ovn_revision_numbers_db [None req-5393ba00-db47-4acf-966a-cb0db0110fe5 0d17a3b6a9b5451492e66aefd4f235dc 3308dde9f672402eae73c63366cc0f4e - - default default] Successfully bumped revision number for resource 79fa142c-ab5a-42bf-8479-24a0f1af214e (type: networks) to 1
2026-04-29 03:01:00.309 10 INFO neutron.db.ovn_revision_numbers_db [None req-2c116881-ffd5-41cb-8d98-a9633eb987a2 0d17a3b6a9b5451492e66aefd4f235dc 3308dde9f672402eae73c63366cc0f4e - - default default] Successfully bumped revision number for resource aa4e7426-2a8b-4621-acf7-0505831ba24e (type: networks) to 1
2026-04-29 03:01:00.323 9 WARNING neutron.scheduler.dhcp_agent_scheduler [None req-705cd403-0734-4355-bb68-42b55a9a8601 0d17a3b6a9b5451492e66aefd4f235dc 3308dde9f672402eae73c63366cc0f4e - - default default] No more DHCP agents
2026-04-29 03:01:00.325 9 WARNING neutron.api.rpc.agentnotifiers.dhcp_rpc_agent_api [None req-705cd403-0734-4355-bb68-42b55a9a8601 0d17a3b6a9b5451492e66aefd4f235dc 3308dde9f672402eae73c63366cc0f4e - - default default] Unable to schedule network 3f061511-7186-4f9b-b1d3-300472b00138: no agents available; will retry on subsequent port and subnet creation events.
2026-04-29 03:01:00.390 9 INFO neutron.db.ovn_revision_numbers_db [None req-705cd403-0734-4355-bb68-42b55a9a8601 0d17a3b6a9b5451492e66aefd4f235dc 3308dde9f672402eae73c63366cc0f4e - - default default] Successfully bumped revision number for resource 68f5889e-e7bf-4123-9a0b-6f018e15ed76 (type: ports) to 1
2026-04-29 03:01:00.416 9 INFO neutron.api.wsgi [None req-705cd403-0734-4355-bb68-42b55a9a8601 0d17a3b6a9b5451492e66aefd4f235dc 3308dde9f672402eae73c63366cc0f4e - - default default] 10.0.0.12 "POST /v2.0/networks HTTP/1.1" status: 201 len: 946 time: 0.8099337
2026-04-29 03:01:00.468 10 WARNING neutron.scheduler.dhcp_agent_scheduler [None req-5393ba00-db47-4acf-966a-cb0db0110fe5 0d17a3b6a9b5451492e66aefd4f235dc 3308dde9f672402eae73c63366cc0f4e - - default default] No more DHCP agents
2026-04-29 03:01:00.469 10 WARNING neutron.api.rpc.agentnotifiers.dhcp_rpc_agent_api [None req-5393ba00-db47-4acf-966a-cb0db0110fe5 0d17a3b6a9b5451492e66aefd4f235dc 3308dde9f672402eae73c63366cc0f4e - - default default] Unable to schedule network 79fa142c-ab5a-42bf-8479-24a0f1af214e: no agents available; will retry on subsequent port and subnet creation events.
2026-04-29 03:01:00.471 10 WARNING neutron.scheduler.dhcp_agent_scheduler [None req-2c116881-ffd5-41cb-8d98-a9633eb987a2 0d17a3b6a9b5451492e66aefd4f235dc 3308dde9f672402eae73c63366cc0f4e - - default default] No more DHCP agents
2026-04-29 03:01:00.472 10 WARNING neutron.api.rpc.agentnotifiers.dhcp_rpc_agent_api [None req-2c116881-ffd5-41cb-8d98-a9633eb987a2 0d17a3b6a9b5451492e66aefd4f235dc 3308dde9f672402eae73c63366cc0f4e - - default default] Unable to schedule network aa4e7426-2a8b-4621-acf7-0505831ba24e: no agents available; will retry on subsequent port and subnet creation events.
2026-04-29 03:01:00.529 10 INFO neutron.db.ovn_revision_numbers_db [None req-5393ba00-db47-4acf-966a-cb0db0110fe5 0d17a3b6a9b5451492e66aefd4f235dc 3308dde9f672402eae73c63366cc0f4e - - default default] Successfully bumped revision number for resource 035debbb-2b36-4a36-bad2-33a1fb6a7450 (type: ports) to 1
2026-04-29 03:01:00.538 10 INFO neutron.db.ovn_revision_numbers_db [None req-2c116881-ffd5-41cb-8d98-a9633eb987a2 0d17a3b6a9b5451492e66aefd4f235dc 3308dde9f672402eae73c63366cc0f4e - - default default] Successfully bumped revision number for resource 9a1d4dc3-0d31-4740-adfb-fbbc789ce266 (type: ports) to 1
2026-04-29 03:01:00.547 10 INFO neutron.api.wsgi [None req-5393ba00-db47-4acf-966a-cb0db0110fe5 0d17a3b6a9b5451492e66aefd4f235dc 3308dde9f672402eae73c63366cc0f4e - - default default] 10.0.0.12 "POST /v2.0/networks HTTP/1.1" status: 201 len: 939 time: 0.8061032
2026-04-29 03:01:00.560 10 INFO neutron.api.wsgi [None req-2c116881-ffd5-41cb-8d98-a9633eb987a2 0d17a3b6a9b5451492e66aefd4f235dc 3308dde9f672402eae73c63366cc0f4e - - default default] 10.0.0.12 "POST /v2.0/networks HTTP/1.1" status: 201 len: 950 time: 0.7483191
2026-04-29 03:01:00.560 9 WARNING neutron.scheduler.dhcp_agent_scheduler [None req-364e292f-f4c0-42e8-9743-036fa2c3ef78 0d17a3b6a9b5451492e66aefd4f235dc 3308dde9f672402eae73c63366cc0f4e - - default default] No more DHCP agents
2026-04-29 03:01:00.562 9 WARNING neutron.api.rpc.agentnotifiers.dhcp_rpc_agent_api [None req-364e292f-f4c0-42e8-9743-036fa2c3ef78 0d17a3b6a9b5451492e66aefd4f235dc 3308dde9f672402eae73c63366cc0f4e - - default default] Unable to schedule network 3f061511-7186-4f9b-b1d3-300472b00138: no agents available; will retry on subsequent port and subnet creation events.
2026-04-29 03:01:00.704 10 WARNING neutron.scheduler.dhcp_agent_scheduler [None req-9c793b09-0bb2-4d2d-9a11-2aeff9652d10 0d17a3b6a9b5451492e66aefd4f235dc 3308dde9f672402eae73c63366cc0f4e - - default default] No more DHCP agents
2026-04-29 03:01:00.706 10 WARNING neutron.api.rpc.agentnotifiers.dhcp_rpc_agent_api [None req-9c793b09-0bb2-4d2d-9a11-2aeff9652d10 0d17a3b6a9b5451492e66aefd4f235dc 3308dde9f672402eae73c63366cc0f4e - - default default] Unable to schedule network 79fa142c-ab5a-42bf-8479-24a0f1af214e: no agents available; will retry on subsequent port and subnet creation events.
2026-04-29 03:01:00.724 10 WARNING neutron.scheduler.dhcp_agent_scheduler [None req-fd6460b9-8efc-4e9c-92dc-d6739db86253 0d17a3b6a9b5451492e66aefd4f235dc 3308dde9f672402eae73c63366cc0f4e - - default default] No more DHCP agents
2026-04-29 03:01:00.726 10 WARNING neutron.api.rpc.agentnotifiers.dhcp_rpc_agent_api [None req-fd6460b9-8efc-4e9c-92dc-d6739db86253 0d17a3b6a9b5451492e66aefd4f235dc 3308dde9f672402eae73c63366cc0f4e - - default default] Unable to schedule network aa4e7426-2a8b-4621-acf7-0505831ba24e: no agents available; will retry on subsequent port and subnet creation events.
2026-04-29 03:01:00.877 9 INFO neutron.db.ovn_revision_numbers_db [None req-77d9a08d-4de8-4950-9ef0-2200bd6b82c8 0d17a3b6a9b5451492e66aefd4f235dc 3308dde9f672402eae73c63366cc0f4e - - default default] Successfully bumped revision number for resource fbd955ca-6447-48eb-b9bb-9e77f0acb19d (type: security_groups) to 1
2026-04-29 03:01:00.889 9 INFO neutron.db.ovn_revision_numbers_db [None req-77d9a08d-4de8-4950-9ef0-2200bd6b82c8 0d17a3b6a9b5451492e66aefd4f235dc 3308dde9f672402eae73c63366cc0f4e - - default default] Successfully bumped revision number for resource 720d068e-0954-4772-93c6-f3238942fee3 (type: security_group_rules) to 0
2026-04-29 03:01:00.901 9 INFO neutron.db.ovn_revision_numbers_db [None req-77d9a08d-4de8-4950-9ef0-2200bd6b82c8 0d17a3b6a9b5451492e66aefd4f235dc 3308dde9f672402eae73c63366cc0f4e - - default default] Successfully bumped revision number for resource 7ff67848-6190-4535-829a-93169f8fa98e (type: security_group_rules) to 0
2026-04-29 03:01:00.912 9 INFO neutron.db.ovn_revision_numbers_db [None req-77d9a08d-4de8-4950-9ef0-2200bd6b82c8 0d17a3b6a9b5451492e66aefd4f235dc 3308dde9f672402eae73c63366cc0f4e - - default default] Successfully bumped revision number for resource 871202c5-352c-4e6c-ab06-fa2b9a92ac26 (type: security_group_rules) to 0
2026-04-29 03:01:00.924 9 INFO neutron.db.ovn_revision_numbers_db [None req-77d9a08d-4de8-4950-9ef0-2200bd6b82c8 0d17a3b6a9b5451492e66aefd4f235dc 3308dde9f672402eae73c63366cc0f4e - - default default] Successfully bumped revision number for resource ae705613-3506-4a54-97cd-fbef47e026ff (type: security_group_rules) to 0
2026-04-29 03:01:00.969 9 INFO neutron.api.wsgi [None req-77d9a08d-4de8-4950-9ef0-2200bd6b82c8 0d17a3b6a9b5451492e66aefd4f235dc 3308dde9f672402eae73c63366cc0f4e - - default default] 10.0.0.12 "GET /v2.0/security-groups?tenant_id=45e2adeabab04bcbad12fc0bdad759e4&name=default HTTP/1.1" status: 200 len: 3116 time: 0.3005488
2026-04-29 03:01:01.008 9 INFO neutron.db.ovn_revision_numbers_db [None req-eb355da3-c6ae-4fdb-8443-6e45305b7a18 - - - - - -] Successfully bumped revision number for resource 68f5889e-e7bf-4123-9a0b-6f018e15ed76 (type: ports) to 2
2026-04-29 03:01:01.037 9 INFO neutron.db.ovn_revision_numbers_db [None req-eb355da3-c6ae-4fdb-8443-6e45305b7a18 - - - - - -] Successfully bumped revision number for resource bc671439-1c6c-42ed-914d-27dfd7126f20 (type: subnets) to 0
2026-04-29 03:01:01.049 9 INFO neutron.api.wsgi [None req-364e292f-f4c0-42e8-9743-036fa2c3ef78 0d17a3b6a9b5451492e66aefd4f235dc 3308dde9f672402eae73c63366cc0f4e - - default default] 10.0.0.12 "POST /v2.0/subnets HTTP/1.1" status: 201 len: 890 time: 0.6279628
2026-04-29 03:01:01.178 9 INFO neutron.api.wsgi [None req-3d5f857d-ece8-4b0d-8b67-037782b5e2de 0d17a3b6a9b5451492e66aefd4f235dc 3308dde9f672402eae73c63366cc0f4e - - default default] 10.0.0.12 "DELETE /v2.0/security-groups/fbd955ca-6447-48eb-b9bb-9e77f0acb19d HTTP/1.1" status: 204 len: 168 time: 0.2036312
2026-04-29 03:01:01.371 10 INFO neutron.db.ovn_revision_numbers_db [None req-56a6ad2b-daac-4868-ad3e-9f89a856e02d - - - - - -] Successfully bumped revision number for resource 035debbb-2b36-4a36-bad2-33a1fb6a7450 (type: ports) to 2
2026-04-29 03:01:01.377 10 INFO neutron.db.ovn_revision_numbers_db [None req-18f90c75-3cb8-47d3-be37-4c702a4c4592 - - - - - -] Successfully bumped revision number for resource 9a1d4dc3-0d31-4740-adfb-fbbc789ce266 (type: ports) to 2
2026-04-29 03:01:01.421 10 INFO neutron.db.ovn_revision_numbers_db [None req-56a6ad2b-daac-4868-ad3e-9f89a856e02d - - - - - -] Successfully bumped revision number for resource ba933d9f-1f61-4769-8dc2-d7ab79052523 (type: subnets) to 0
2026-04-29 03:01:01.438 10 INFO neutron.api.wsgi [None req-9c793b09-0bb2-4d2d-9a11-2aeff9652d10 0d17a3b6a9b5451492e66aefd4f235dc 3308dde9f672402eae73c63366cc0f4e - - default default] 10.0.0.12 "POST /v2.0/subnets HTTP/1.1" status: 201 len: 884 time: 0.8846774
2026-04-29 03:01:01.445 10 INFO neutron.db.ovn_revision_numbers_db [None req-18f90c75-3cb8-47d3-be37-4c702a4c4592 - - - - - -] Successfully bumped revision number for resource f23d9d86-f16a-423e-83c0-8d6ad9973e35 (type: subnets) to 0
2026-04-29 03:01:01.459 10 INFO neutron.api.wsgi [None req-fd6460b9-8efc-4e9c-92dc-d6739db86253 0d17a3b6a9b5451492e66aefd4f235dc 3308dde9f672402eae73c63366cc0f4e - - default default] 10.0.0.12 "POST /v2.0/subnets HTTP/1.1" status: 201 len: 894 time: 0.8901637
2026-04-29 03:01:01.688 10 WARNING neutron.scheduler.dhcp_agent_scheduler [None req-451ef58e-e64c-4b9c-91aa-a4b9965a1204 0d17a3b6a9b5451492e66aefd4f235dc 3308dde9f672402eae73c63366cc0f4e - - default default] No more DHCP agents
2026-04-29 03:01:01.690 10 WARNING neutron.api.rpc.agentnotifiers.dhcp_rpc_agent_api [None req-451ef58e-e64c-4b9c-91aa-a4b9965a1204 0d17a3b6a9b5451492e66aefd4f235dc 3308dde9f672402eae73c63366cc0f4e - - default default] Unable to schedule network 94738971-21a3-414a-ba70-2dd4ce24c361: no agents available; will retry on subsequent port and subnet creation events.
2026-04-29 03:01:01.778 10 INFO neutron.db.ovn_revision_numbers_db [None req-451ef58e-e64c-4b9c-91aa-a4b9965a1204 0d17a3b6a9b5451492e66aefd4f235dc 3308dde9f672402eae73c63366cc0f4e - - default default] Successfully bumped revision number for resource 457042d3-0e4d-466d-ac2a-da7f1c80796c (type: ports) to 1
2026-04-29 03:01:02.053 10 INFO neutron.plugins.ml2.drivers.ovn.mech_driver.ovsdb.extensions.qos [None req-451ef58e-e64c-4b9c-91aa-a4b9965a1204 0d17a3b6a9b5451492e66aefd4f235dc 3308dde9f672402eae73c63366cc0f4e - - default default] Starting OVNClientQosExtension
2026-04-29 03:01:02.102 9 WARNING neutron.scheduler.dhcp_agent_scheduler [None req-c4b1d90e-976b-489a-93cf-db1167587a19 0d17a3b6a9b5451492e66aefd4f235dc 3308dde9f672402eae73c63366cc0f4e - - default default] No more DHCP agents
2026-04-29 03:01:02.103 9 WARNING neutron.api.rpc.agentnotifiers.dhcp_rpc_agent_api [None req-c4b1d90e-976b-489a-93cf-db1167587a19 0d17a3b6a9b5451492e66aefd4f235dc 3308dde9f672402eae73c63366cc0f4e - - default default] Unable to schedule network 94738971-21a3-414a-ba70-2dd4ce24c361: no agents available; will retry on subsequent port and subnet creation events.
2026-04-29 03:01:02.109 9 WARNING neutron.scheduler.dhcp_agent_scheduler [None req-e1a20f41-b0bb-4d0d-b3d3-ab4b8704a3e0 0d17a3b6a9b5451492e66aefd4f235dc 3308dde9f672402eae73c63366cc0f4e - - default default] No more DHCP agents
2026-04-29 03:01:02.111 9 WARNING neutron.api.rpc.agentnotifiers.dhcp_rpc_agent_api [None req-e1a20f41-b0bb-4d0d-b3d3-ab4b8704a3e0 0d17a3b6a9b5451492e66aefd4f235dc 3308dde9f672402eae73c63366cc0f4e - - default default] Unable to schedule network 94738971-21a3-414a-ba70-2dd4ce24c361: no agents available; will retry on subsequent port and subnet creation events.
2026-04-29 03:01:02.240 9 INFO neutron.db.ovn_revision_numbers_db [None req-c4b1d90e-976b-489a-93cf-db1167587a19 0d17a3b6a9b5451492e66aefd4f235dc 3308dde9f672402eae73c63366cc0f4e - - default default] Successfully bumped revision number for resource 8e6bf5b7-a859-4caa-a643-95dc22e1c99b (type: ports) to 1
2026-04-29 03:01:02.263 9 INFO neutron.db.ovn_revision_numbers_db [None req-e1a20f41-b0bb-4d0d-b3d3-ab4b8704a3e0 0d17a3b6a9b5451492e66aefd4f235dc 3308dde9f672402eae73c63366cc0f4e - - default default] Successfully bumped revision number for resource 6299f480-ea44-4198-b8ff-e280ac286311 (type: ports) to 1
2026-04-29 03:01:02.372 10 INFO neutron.plugins.ml2.drivers.ovn.mech_driver.ovsdb.commands [None req-f12e17e7-9a0f-447d-a372-91c6bc07b33f - - - - - -] Schedule LRP lrp-457042d3-0e4d-466d-ac2a-da7f1c80796c on gateway 93a177b5-79a8-4dd7-9ffa-9a3d49f1cc5b with priority 1
2026-04-29 03:01:02.384 9 INFO neutron.plugins.ml2.drivers.ovn.mech_driver.mech_driver [None req-f5575fab-12e0-4092-a6d1-edd095cda66f - - - - - -] OVN reports status up for port: 457042d3-0e4d-466d-ac2a-da7f1c80796c
2026-04-29 03:01:02.399 9 INFO neutron.plugins.ml2.plugin [None req-f5575fab-12e0-4092-a6d1-edd095cda66f - - - - - -] Attempt 1 to provision port 457042d3-0e4d-466d-ac2a-da7f1c80796c
2026-04-29 03:01:02.400 10 INFO neutron.plugins.ml2.drivers.ovn.mech_driver.ovsdb.ovsdb_monitor [-] Router 3ec1f619-50c4-4892-8ab1-aa3f0b03aed7 is bound to host instance
2026-04-29 03:01:02.437 10 INFO neutron.db.ovn_revision_numbers_db [None req-451ef58e-e64c-4b9c-91aa-a4b9965a1204 0d17a3b6a9b5451492e66aefd4f235dc 3308dde9f672402eae73c63366cc0f4e - - default default] Successfully bumped revision number for resource 457042d3-0e4d-466d-ac2a-da7f1c80796c (type: router_ports) to 1
2026-04-29 03:01:02.602 9 INFO neutron.plugins.ml2.drivers.ovn.mech_driver.ovsdb.extensions.qos [None req-c4b1d90e-976b-489a-93cf-db1167587a19 0d17a3b6a9b5451492e66aefd4f235dc 3308dde9f672402eae73c63366cc0f4e - - default default] Starting OVNClientQosExtension
2026-04-29 03:01:02.619 10 INFO neutron.db.ovn_revision_numbers_db [None req-451ef58e-e64c-4b9c-91aa-a4b9965a1204 0d17a3b6a9b5451492e66aefd4f235dc 3308dde9f672402eae73c63366cc0f4e - - default default] Successfully bumped revision number for resource 3ec1f619-50c4-4892-8ab1-aa3f0b03aed7 (type: routers) to 2
2026-04-29 03:01:02.642 10 INFO neutron.api.wsgi [None req-451ef58e-e64c-4b9c-91aa-a4b9965a1204 0d17a3b6a9b5451492e66aefd4f235dc 3308dde9f672402eae73c63366cc0f4e - - default default] 10.0.0.12 "POST /v2.0/routers HTTP/1.1" status: 201 len: 1168 time: 1.5847273
2026-04-29 03:01:02.993 10 INFO neutron.db.ovn_revision_numbers_db [None req-9709cd38-9b3c-45e8-b20b-a15f63625d50 - - - - - -] Successfully bumped revision number for resource 457042d3-0e4d-466d-ac2a-da7f1c80796c (type: ports) to 1
2026-04-29 03:01:03.106 9 INFO neutron.plugins.ml2.drivers.ovn.mech_driver.ovsdb.commands [None req-e89d2fad-060a-45fd-8eb1-3c3fd670de74 - - - - - -] Schedule LRP lrp-8e6bf5b7-a859-4caa-a643-95dc22e1c99b on gateway 93a177b5-79a8-4dd7-9ffa-9a3d49f1cc5b with priority 1
2026-04-29 03:01:03.134 9 INFO neutron.plugins.ml2.drivers.ovn.mech_driver.ovsdb.ovsdb_monitor [-] Router c713bfc9-6b5a-4912-9512-db9bf3f69153 is bound to host instance
2026-04-29 03:01:03.138 9 INFO neutron.plugins.ml2.drivers.ovn.mech_driver.ovsdb.commands [None req-e89d2fad-060a-45fd-8eb1-3c3fd670de74 - - - - - -] Schedule LRP lrp-6299f480-ea44-4198-b8ff-e280ac286311 on gateway 93a177b5-79a8-4dd7-9ffa-9a3d49f1cc5b with priority 1
2026-04-29 03:01:03.182 9 INFO neutron.db.ovn_revision_numbers_db [None req-c4b1d90e-976b-489a-93cf-db1167587a19 0d17a3b6a9b5451492e66aefd4f235dc 3308dde9f672402eae73c63366cc0f4e - - default default] Successfully bumped revision number for resource 8e6bf5b7-a859-4caa-a643-95dc22e1c99b (type: router_ports) to 1
2026-04-29 03:01:03.236 9 INFO neutron.db.ovn_revision_numbers_db [None req-e1a20f41-b0bb-4d0d-b3d3-ab4b8704a3e0 0d17a3b6a9b5451492e66aefd4f235dc 3308dde9f672402eae73c63366cc0f4e - - default default] Successfully bumped revision number for resource 6299f480-ea44-4198-b8ff-e280ac286311 (type: router_ports) to 1
2026-04-29 03:01:03.247 10 WARNING neutron.scheduler.dhcp_agent_scheduler [None req-c31a9816-e79a-40dd-a91c-f627c1c4408b 0d17a3b6a9b5451492e66aefd4f235dc 3308dde9f672402eae73c63366cc0f4e - - default default] No more DHCP agents
2026-04-29 03:01:03.251 10 WARNING neutron.api.rpc.agentnotifiers.dhcp_rpc_agent_api [None req-c31a9816-e79a-40dd-a91c-f627c1c4408b 0d17a3b6a9b5451492e66aefd4f235dc 3308dde9f672402eae73c63366cc0f4e - - default default] Unable to schedule network 3f061511-7186-4f9b-b1d3-300472b00138: no agents available; will retry on subsequent port and subnet creation events.
2026-04-29 03:01:03.270 10 INFO neutron.db.ovn_revision_numbers_db [None req-af5419be-c380-4b80-a632-2b27d61538ac 0d17a3b6a9b5451492e66aefd4f235dc 3308dde9f672402eae73c63366cc0f4e - - default default] Successfully bumped revision number for resource 8534b6b5-e22e-4b11-a003-f3178b21a90b (type: security_groups) to 1
2026-04-29 03:01:03.286 9 INFO neutron.db.ovn_revision_numbers_db [None req-c4b1d90e-976b-489a-93cf-db1167587a19 0d17a3b6a9b5451492e66aefd4f235dc 3308dde9f672402eae73c63366cc0f4e - - default default] Successfully bumped revision number for resource c713bfc9-6b5a-4912-9512-db9bf3f69153 (type: routers) to 2
2026-04-29 03:01:03.290 10 INFO neutron.db.ovn_revision_numbers_db [None req-af5419be-c380-4b80-a632-2b27d61538ac 0d17a3b6a9b5451492e66aefd4f235dc 3308dde9f672402eae73c63366cc0f4e - - default default] Successfully bumped revision number for resource 14514207-5710-4602-b72f-8f3454826519 (type: security_group_rules) to 0
2026-04-29 03:01:03.310 9 INFO neutron.api.wsgi [None req-c4b1d90e-976b-489a-93cf-db1167587a19 0d17a3b6a9b5451492e66aefd4f235dc 3308dde9f672402eae73c63366cc0f4e - - default default] 10.0.0.12 "POST /v2.0/routers HTTP/1.1" status: 201 len: 1162 time: 1.8625917
2026-04-29 03:01:03.314 10 INFO neutron.db.ovn_revision_numbers_db [None req-af5419be-c380-4b80-a632-2b27d61538ac 0d17a3b6a9b5451492e66aefd4f235dc 3308dde9f672402eae73c63366cc0f4e - - default default] Successfully bumped revision number for resource 742f8d9c-d76e-4cfa-82d2-dbe318fc6c31 (type: security_group_rules) to 0
2026-04-29 03:01:03.335 9 INFO neutron.db.ovn_revision_numbers_db [None req-e1a20f41-b0bb-4d0d-b3d3-ab4b8704a3e0 0d17a3b6a9b5451492e66aefd4f235dc 3308dde9f672402eae73c63366cc0f4e - - default default] Successfully bumped revision number for resource 1994b74c-5540-42ad-b243-d2adbe2067b4 (type: routers) to 2
2026-04-29 03:01:03.342 10 INFO neutron.db.ovn_revision_numbers_db [None req-af5419be-c380-4b80-a632-2b27d61538ac 0d17a3b6a9b5451492e66aefd4f235dc 3308dde9f672402eae73c63366cc0f4e - - default default] Successfully bumped revision number for resource a11cf988-0dc6-4ddc-9004-a4515b60df1b (type: security_group_rules) to 0
2026-04-29 03:01:03.349 9 INFO neutron.api.wsgi [None req-e1a20f41-b0bb-4d0d-b3d3-ab4b8704a3e0 0d17a3b6a9b5451492e66aefd4f235dc 3308dde9f672402eae73c63366cc0f4e - - default default] 10.0.0.12 "POST /v2.0/routers HTTP/1.1" status: 201 len: 1172 time: 1.8837373
2026-04-29 03:01:03.384 10 INFO neutron.db.ovn_revision_numbers_db [None req-af5419be-c380-4b80-a632-2b27d61538ac 0d17a3b6a9b5451492e66aefd4f235dc 3308dde9f672402eae73c63366cc0f4e - - default default] Successfully bumped revision number for resource cd85e5e1-3143-4001-b3ba-baa1f8fb2e03 (type: security_group_rules) to 0
2026-04-29 03:01:03.445 10 INFO neutron.db.ovn_revision_numbers_db [None req-c31a9816-e79a-40dd-a91c-f627c1c4408b 0d17a3b6a9b5451492e66aefd4f235dc 3308dde9f672402eae73c63366cc0f4e - - default default] Successfully bumped revision number for resource acc17e8e-7873-4c15-aa63-93b4b43645dd (type: ports) to 1
2026-04-29 03:01:03.515 10 INFO neutron.db.segments_db [None req-af5419be-c380-4b80-a632-2b27d61538ac 0d17a3b6a9b5451492e66aefd4f235dc 3308dde9f672402eae73c63366cc0f4e - - default default] Added segment 1936b8f0-5a21-441d-8333-77e388ba18f8 of type geneve for network e3d3907d-0c24-4af9-932a-637e8f1fab2a
2026-04-29 03:01:03.573 10 INFO neutron.db.ovn_revision_numbers_db [None req-9709cd38-9b3c-45e8-b20b-a15f63625d50 - - - - - -] Successfully bumped revision number for resource 457042d3-0e4d-466d-ac2a-da7f1c80796c (type: ports) to 4
2026-04-29 03:01:03.694 9 INFO neutron.db.ovn_revision_numbers_db [None req-badbd2f0-662d-4b04-b04b-c629fb6bd6f1 - - - - - -] Successfully bumped revision number for resource 8e6bf5b7-a859-4caa-a643-95dc22e1c99b (type: ports) to 1
2026-04-29 03:01:03.776 10 INFO neutron.db.ovn_revision_numbers_db [None req-af5419be-c380-4b80-a632-2b27d61538ac 0d17a3b6a9b5451492e66aefd4f235dc 3308dde9f672402eae73c63366cc0f4e - - default default] Successfully bumped revision number for resource e3d3907d-0c24-4af9-932a-637e8f1fab2a (type: networks) to 1
2026-04-29 03:01:03.807 9 WARNING neutron.scheduler.dhcp_agent_scheduler [None req-fae0710d-1475-4dad-bb29-467738a643a5 0d17a3b6a9b5451492e66aefd4f235dc 3308dde9f672402eae73c63366cc0f4e - - default default] No more DHCP agents
2026-04-29 03:01:03.809 9 WARNING neutron.api.rpc.agentnotifiers.dhcp_rpc_agent_api [None req-fae0710d-1475-4dad-bb29-467738a643a5 0d17a3b6a9b5451492e66aefd4f235dc 3308dde9f672402eae73c63366cc0f4e - - default default] Unable to schedule network aa4e7426-2a8b-4621-acf7-0505831ba24e: no agents available; will retry on subsequent port and subnet creation events.
2026-04-29 03:01:03.908 9 INFO neutron.db.ovn_revision_numbers_db [None req-fae0710d-1475-4dad-bb29-467738a643a5 0d17a3b6a9b5451492e66aefd4f235dc 3308dde9f672402eae73c63366cc0f4e - - default default] Successfully bumped revision number for resource d922b839-34fd-458f-be56-3b38ba8724b3 (type: ports) to 1
2026-04-29 03:01:04.162 9 INFO neutron.db.ovn_revision_numbers_db [None req-badbd2f0-662d-4b04-b04b-c629fb6bd6f1 - - - - - -] Successfully bumped revision number for resource 8e6bf5b7-a859-4caa-a643-95dc22e1c99b (type: ports) to 4
2026-04-29 03:01:04.196 10 WARNING neutron.scheduler.dhcp_agent_scheduler [None req-af5419be-c380-4b80-a632-2b27d61538ac 0d17a3b6a9b5451492e66aefd4f235dc 3308dde9f672402eae73c63366cc0f4e - - default default] No more DHCP agents
2026-04-29 03:01:04.201 10 WARNING neutron.api.rpc.agentnotifiers.dhcp_rpc_agent_api [None req-af5419be-c380-4b80-a632-2b27d61538ac 0d17a3b6a9b5451492e66aefd4f235dc 3308dde9f672402eae73c63366cc0f4e - - default default] Unable to schedule network e3d3907d-0c24-4af9-932a-637e8f1fab2a: no agents available; will retry on subsequent port and subnet creation events.
2026-04-29 03:01:04.311 10 INFO neutron.db.ovn_revision_numbers_db [None req-9709cd38-9b3c-45e8-b20b-a15f63625d50 - - - - - -] Successfully bumped revision number for resource 457042d3-0e4d-466d-ac2a-da7f1c80796c (type: ports) to 5
2026-04-29 03:01:04.321 10 INFO neutron.db.ovn_revision_numbers_db [None req-af5419be-c380-4b80-a632-2b27d61538ac 0d17a3b6a9b5451492e66aefd4f235dc 3308dde9f672402eae73c63366cc0f4e - - default default] Successfully bumped revision number for resource ee8adff4-7ebb-435a-a925-6f636d0226d3 (type: ports) to 1
2026-04-29 03:01:04.331 10 WARNING neutron.scheduler.dhcp_agent_scheduler [None req-b5b3b9e7-e50c-4aa8-8f4f-dae0d56b87d9 0d17a3b6a9b5451492e66aefd4f235dc 3308dde9f672402eae73c63366cc0f4e - - default default] No more DHCP agents
2026-04-29 03:01:04.337 10 WARNING neutron.api.rpc.agentnotifiers.dhcp_rpc_agent_api [None req-b5b3b9e7-e50c-4aa8-8f4f-dae0d56b87d9 0d17a3b6a9b5451492e66aefd4f235dc 3308dde9f672402eae73c63366cc0f4e - - default default] Unable to schedule network 79fa142c-ab5a-42bf-8479-24a0f1af214e: no agents available; will retry on subsequent port and subnet creation events.
2026-04-29 03:01:04.361 10 INFO neutron.api.wsgi [None req-af5419be-c380-4b80-a632-2b27d61538ac 0d17a3b6a9b5451492e66aefd4f235dc 3308dde9f672402eae73c63366cc0f4e - - default default] 10.0.0.12 "POST /v2.0/networks HTTP/1.1" status: 201 len: 949 time: 1.5367126
2026-04-29 03:01:04.528 10 INFO neutron.db.ovn_revision_numbers_db [None req-b5b3b9e7-e50c-4aa8-8f4f-dae0d56b87d9 0d17a3b6a9b5451492e66aefd4f235dc 3308dde9f672402eae73c63366cc0f4e - - default default] Successfully bumped revision number for resource bd778bdf-3817-4090-ab45-75f60f486586 (type: ports) to 1
2026-04-29 03:01:04.575 10 INFO neutron.db.ovn_revision_numbers_db [None req-c31a9816-e79a-40dd-a91c-f627c1c4408b 0d17a3b6a9b5451492e66aefd4f235dc 3308dde9f672402eae73c63366cc0f4e - - default default] Successfully bumped revision number for resource acc17e8e-7873-4c15-aa63-93b4b43645dd (type: ports) to 1
2026-04-29 03:01:04.597 9 INFO neutron.db.ovn_revision_numbers_db [None req-badbd2f0-662d-4b04-b04b-c629fb6bd6f1 - - - - - -] Successfully bumped revision number for resource 8e6bf5b7-a859-4caa-a643-95dc22e1c99b (type: ports) to 5
2026-04-29 03:01:04.602 9 WARNING neutron.scheduler.dhcp_agent_scheduler [None req-0c758991-19d9-4107-8646-de73dcb81169 0d17a3b6a9b5451492e66aefd4f235dc 3308dde9f672402eae73c63366cc0f4e - - default default] No more DHCP agents
2026-04-29 03:01:04.604 9 WARNING neutron.api.rpc.agentnotifiers.dhcp_rpc_agent_api [None req-0c758991-19d9-4107-8646-de73dcb81169 0d17a3b6a9b5451492e66aefd4f235dc 3308dde9f672402eae73c63366cc0f4e - - default default] Unable to schedule network e3d3907d-0c24-4af9-932a-637e8f1fab2a: no agents available; will retry on subsequent port and subnet creation events.
2026-04-29 03:01:04.652 10 INFO neutron.plugins.ml2.drivers.ovn.mech_driver.mech_driver [None req-e5baf25c-e505-4d9f-a866-64a43196b0b2 - - - - - -] OVN reports status up for port: d922b839-34fd-458f-be56-3b38ba8724b3
2026-04-29 03:01:04.664 10 INFO neutron.plugins.ml2.plugin [None req-e5baf25c-e505-4d9f-a866-64a43196b0b2 - - - - - -] Attempt 1 to provision port d922b839-34fd-458f-be56-3b38ba8724b3
2026-04-29 03:01:04.667 10 WARNING neutron.scheduler.dhcp_agent_scheduler [None req-c31a9816-e79a-40dd-a91c-f627c1c4408b 0d17a3b6a9b5451492e66aefd4f235dc 3308dde9f672402eae73c63366cc0f4e - - default default] No more DHCP agents
2026-04-29 03:01:04.674 10 WARNING neutron.api.rpc.agentnotifiers.dhcp_rpc_agent_api [None req-c31a9816-e79a-40dd-a91c-f627c1c4408b 0d17a3b6a9b5451492e66aefd4f235dc 3308dde9f672402eae73c63366cc0f4e - - default default] Unable to schedule network 3f061511-7186-4f9b-b1d3-300472b00138: no agents available; will retry on subsequent port and subnet creation events.
2026-04-29 03:01:04.674 9 INFO neutron.db.ovn_revision_numbers_db [None req-fae0710d-1475-4dad-bb29-467738a643a5 0d17a3b6a9b5451492e66aefd4f235dc 3308dde9f672402eae73c63366cc0f4e - - default default] Successfully bumped revision number for resource d922b839-34fd-458f-be56-3b38ba8724b3 (type: ports) to 1
2026-04-29 03:01:04.689 9 INFO neutron.plugins.ml2.drivers.ovn.mech_driver.ovsdb.ovsdb_monitor [None req-badbd2f0-662d-4b04-b04b-c629fb6bd6f1 - - - - - -] Router 1994b74c-5540-42ad-b243-d2adbe2067b4 is bound to host instance
2026-04-29 03:01:04.767 9 WARNING neutron.scheduler.dhcp_agent_scheduler [None req-fae0710d-1475-4dad-bb29-467738a643a5 0d17a3b6a9b5451492e66aefd4f235dc 3308dde9f672402eae73c63366cc0f4e - - default default] No more DHCP agents
2026-04-29 03:01:04.771 9 WARNING neutron.api.rpc.agentnotifiers.dhcp_rpc_agent_api [None req-fae0710d-1475-4dad-bb29-467738a643a5 0d17a3b6a9b5451492e66aefd4f235dc 3308dde9f672402eae73c63366cc0f4e - - default default] Unable to schedule network aa4e7426-2a8b-4621-acf7-0505831ba24e: no agents available; will retry on subsequent port and subnet creation events.
2026-04-29 03:01:04.849 9 INFO neutron.plugins.ml2.drivers.ovn.mech_driver.mech_driver [None req-f5575fab-12e0-4092-a6d1-edd095cda66f - - - - - -] OVN reports status up for port: 8e6bf5b7-a859-4caa-a643-95dc22e1c99b
2026-04-29 03:01:04.878 9 INFO neutron.plugins.ml2.plugin [None req-f5575fab-12e0-4092-a6d1-edd095cda66f - - - - - -] Attempt 1 to provision port 8e6bf5b7-a859-4caa-a643-95dc22e1c99b
2026-04-29 03:01:05.026 9 INFO neutron.plugins.ml2.drivers.ovn.mech_driver.mech_driver [None req-f5575fab-12e0-4092-a6d1-edd095cda66f - - - - - -] OVN reports status up for port: 6299f480-ea44-4198-b8ff-e280ac286311
2026-04-29 03:01:05.049 9 INFO neutron.plugins.ml2.plugin [None req-f5575fab-12e0-4092-a6d1-edd095cda66f - - - - - -] Attempt 1 to provision port 6299f480-ea44-4198-b8ff-e280ac286311
2026-04-29 03:01:05.212 9 INFO neutron.plugins.ml2.drivers.ovn.mech_driver.mech_driver [None req-f5575fab-12e0-4092-a6d1-edd095cda66f - - - - - -] OVN reports status up for port: acc17e8e-7873-4c15-aa63-93b4b43645dd
2026-04-29 03:01:05.222 10 INFO neutron.db.ovn_revision_numbers_db [None req-e5baf25c-e505-4d9f-a866-64a43196b0b2 - - - - - -] Successfully bumped revision number for resource d922b839-34fd-458f-be56-3b38ba8724b3 (type: ports) to 2
2026-04-29 03:01:05.243 9 INFO neutron.plugins.ml2.plugin [None req-f5575fab-12e0-4092-a6d1-edd095cda66f - - - - - -] Attempt 1 to provision port acc17e8e-7873-4c15-aa63-93b4b43645dd
2026-04-29 03:01:05.396 9 INFO neutron.db.ovn_revision_numbers_db [None req-3c681596-2347-4fed-a5f6-d0785551477c - - - - - -] Successfully bumped revision number for resource ee8adff4-7ebb-435a-a925-6f636d0226d3 (type: ports) to 2
2026-04-29 03:01:05.458 9 INFO neutron.db.ovn_revision_numbers_db [None req-3c681596-2347-4fed-a5f6-d0785551477c - - - - - -] Successfully bumped revision number for resource 717676b7-2689-401e-beb2-8ef608f4c0ba (type: subnets) to 0
2026-04-29 03:01:05.471 10 INFO neutron.db.ovn_revision_numbers_db [None req-b5b3b9e7-e50c-4aa8-8f4f-dae0d56b87d9 0d17a3b6a9b5451492e66aefd4f235dc 3308dde9f672402eae73c63366cc0f4e - - default default] Successfully bumped revision number for resource bd778bdf-3817-4090-ab45-75f60f486586 (type: ports) to 1
2026-04-29 03:01:05.528 10 WARNING neutron.scheduler.dhcp_agent_scheduler [None req-b5b3b9e7-e50c-4aa8-8f4f-dae0d56b87d9 0d17a3b6a9b5451492e66aefd4f235dc 3308dde9f672402eae73c63366cc0f4e - - default default] No more DHCP agents
2026-04-29 03:01:05.530 10 WARNING neutron.api.rpc.agentnotifiers.dhcp_rpc_agent_api [None req-b5b3b9e7-e50c-4aa8-8f4f-dae0d56b87d9 0d17a3b6a9b5451492e66aefd4f235dc 3308dde9f672402eae73c63366cc0f4e - - default default] Unable to schedule network 79fa142c-ab5a-42bf-8479-24a0f1af214e: no agents available; will retry on subsequent port and subnet creation events.
2026-04-29 03:01:05.607 9 INFO neutron.api.wsgi [None req-0c758991-19d9-4107-8646-de73dcb81169 0d17a3b6a9b5451492e66aefd4f235dc 3308dde9f672402eae73c63366cc0f4e - - default default] 10.0.0.12 "POST /v2.0/subnets HTTP/1.1" status: 201 len: 893 time: 1.2416101
2026-04-29 03:01:05.627 9 INFO neutron.db.ovn_revision_numbers_db [None req-16b4149a-d14a-4e53-b435-4cd61931e5f1 - - - - - -] Successfully bumped revision number for resource 6299f480-ea44-4198-b8ff-e280ac286311 (type: ports) to 1
2026-04-29 03:01:05.702 10 INFO neutron.db.ovn_revision_numbers_db [None req-c31a9816-e79a-40dd-a91c-f627c1c4408b 0d17a3b6a9b5451492e66aefd4f235dc 3308dde9f672402eae73c63366cc0f4e - - default default] Successfully bumped revision number for resource acc17e8e-7873-4c15-aa63-93b4b43645dd (type: router_ports) to 1
2026-04-29 03:01:05.707 10 INFO neutron.api.wsgi [None req-c31a9816-e79a-40dd-a91c-f627c1c4408b 0d17a3b6a9b5451492e66aefd4f235dc 3308dde9f672402eae73c63366cc0f4e - - default default] 10.0.0.12 "PUT /v2.0/routers/3ec1f619-50c4-4892-8ab1-aa3f0b03aed7/add_router_interface HTTP/1.1" status: 200 len: 503 time: 3.0616524
2026-04-29 03:01:06.046 9 INFO neutron.db.ovn_revision_numbers_db [None req-f5575fab-12e0-4092-a6d1-edd095cda66f - - - - - -] Successfully bumped revision number for resource acc17e8e-7873-4c15-aa63-93b4b43645dd (type: ports) to 2
2026-04-29 03:01:06.068 9 INFO neutron.db.ovn_revision_numbers_db [None req-fae0710d-1475-4dad-bb29-467738a643a5 0d17a3b6a9b5451492e66aefd4f235dc 3308dde9f672402eae73c63366cc0f4e - - default default] Successfully bumped revision number for resource d922b839-34fd-458f-be56-3b38ba8724b3 (type: router_ports) to 1
2026-04-29 03:01:06.073 9 INFO neutron.api.wsgi [None req-fae0710d-1475-4dad-bb29-467738a643a5 0d17a3b6a9b5451492e66aefd4f235dc 3308dde9f672402eae73c63366cc0f4e - - default default] 10.0.0.12 "PUT /v2.0/routers/1994b74c-5540-42ad-b243-d2adbe2067b4/add_router_interface HTTP/1.1" status: 200 len: 503 time: 2.7207289
2026-04-29 03:01:06.123 10 WARNING neutron.scheduler.dhcp_agent_scheduler [None req-4e87424b-2fd2-424a-a286-096b2c71ae12 0d17a3b6a9b5451492e66aefd4f235dc 3308dde9f672402eae73c63366cc0f4e - - default default] No more DHCP agents
2026-04-29 03:01:06.132 10 WARNING neutron.api.rpc.agentnotifiers.dhcp_rpc_agent_api [None req-4e87424b-2fd2-424a-a286-096b2c71ae12 0d17a3b6a9b5451492e66aefd4f235dc 3308dde9f672402eae73c63366cc0f4e - - default default] Unable to schedule network 94738971-21a3-414a-ba70-2dd4ce24c361: no agents available; will retry on subsequent port and subnet creation events.
2026-04-29 03:01:06.152 9 INFO neutron.db.ovn_revision_numbers_db [None req-16b4149a-d14a-4e53-b435-4cd61931e5f1 - - - - - -] Successfully bumped revision number for resource 6299f480-ea44-4198-b8ff-e280ac286311 (type: ports) to 4
2026-04-29 03:01:06.248 10 INFO neutron.db.ovn_revision_numbers_db [None req-4e87424b-2fd2-424a-a286-096b2c71ae12 0d17a3b6a9b5451492e66aefd4f235dc 3308dde9f672402eae73c63366cc0f4e - - default default] Successfully bumped revision number for resource e1554ad1-b421-451b-934c-173589bdf1e0 (type: ports) to 1
2026-04-29 03:01:06.393 10 INFO neutron.db.ovn_revision_numbers_db [None req-b5b3b9e7-e50c-4aa8-8f4f-dae0d56b87d9 0d17a3b6a9b5451492e66aefd4f235dc 3308dde9f672402eae73c63366cc0f4e - - default default] Successfully bumped revision number for resource bd778bdf-3817-4090-ab45-75f60f486586 (type: router_ports) to 1
2026-04-29 03:01:06.397 10 INFO neutron.api.wsgi [None req-b5b3b9e7-e50c-4aa8-8f4f-dae0d56b87d9 0d17a3b6a9b5451492e66aefd4f235dc 3308dde9f672402eae73c63366cc0f4e - - default default] 10.0.0.12 "PUT /v2.0/routers/c713bfc9-6b5a-4912-9512-db9bf3f69153/add_router_interface HTTP/1.1" status: 200 len: 503 time: 3.0811090
2026-04-29 03:01:06.441 9 INFO neutron.db.ovn_revision_numbers_db [None req-16b4149a-d14a-4e53-b435-4cd61931e5f1 - - - - - -] Successfully bumped revision number for resource 6299f480-ea44-4198-b8ff-e280ac286311 (type: ports) to 5
2026-04-29 03:01:06.548 9 WARNING neutron_lib.context [req-e9ba7546-5eff-4568-8b0f-799846222dd3 req-6ccb6a08-4894-4f45-8b60-60f66936fc0a 87af6e1f7a44406686d1de698b264482 9d2fec8c910545e099f47748ff0a1770 - - default default] Method 'is_advsvc' is deprecated since 2023.2 release (neutron-lib 3.8.0) and will be removed once support for the old RBAC API policies will be removed from Neutron. Please use method 'is_service_role' instead.
2026-04-29 03:01:06.645 9 INFO neutron.db.ovn_revision_numbers_db [req-e9ba7546-5eff-4568-8b0f-799846222dd3 req-6ccb6a08-4894-4f45-8b60-60f66936fc0a 87af6e1f7a44406686d1de698b264482 9d2fec8c910545e099f47748ff0a1770 - - default default] Successfully bumped revision number for resource 24b0c875-ec67-42a9-8084-c222b85a62d4 (type: security_groups) to 1
2026-04-29 03:01:06.659 9 INFO neutron.db.ovn_revision_numbers_db [req-e9ba7546-5eff-4568-8b0f-799846222dd3 req-6ccb6a08-4894-4f45-8b60-60f66936fc0a 87af6e1f7a44406686d1de698b264482 9d2fec8c910545e099f47748ff0a1770 - - default default] Successfully bumped revision number for resource 5b716b05-f72c-4c2f-b769-b46660362e4d (type: security_group_rules) to 0
2026-04-29 03:01:06.670 9 INFO neutron.db.ovn_revision_numbers_db [req-e9ba7546-5eff-4568-8b0f-799846222dd3 req-6ccb6a08-4894-4f45-8b60-60f66936fc0a 87af6e1f7a44406686d1de698b264482 9d2fec8c910545e099f47748ff0a1770 - - default default] Successfully bumped revision number for resource e80fe8e9-3159-4279-ad9b-b363ba57f376 (type: security_group_rules) to 0
2026-04-29 03:01:06.704 9 INFO neutron.api.wsgi [req-e9ba7546-5eff-4568-8b0f-799846222dd3 req-6ccb6a08-4894-4f45-8b60-60f66936fc0a 87af6e1f7a44406686d1de698b264482 9d2fec8c910545e099f47748ff0a1770 - - default default] 10.0.0.46 "POST /v2.0/security-groups HTTP/1.1" status: 201 len: 1887 time: 0.2016702
2026-04-29 03:01:06.733 9 WARNING neutron_lib.context [req-c9459a1e-8321-40c3-b5f0-5cd0eb844158 req-4a6eacb6-06fd-4922-8e28-5afe3cf6d8cf 87af6e1f7a44406686d1de698b264482 9d2fec8c910545e099f47748ff0a1770 - - default default] Method 'is_advsvc' is deprecated since 2023.2 release (neutron-lib 3.8.0) and will be removed once support for the old RBAC API policies will be removed from Neutron. Please use method 'is_service_role' instead.
2026-04-29 03:01:06.831 9 INFO neutron.db.ovn_revision_numbers_db [req-c9459a1e-8321-40c3-b5f0-5cd0eb844158 req-4a6eacb6-06fd-4922-8e28-5afe3cf6d8cf 87af6e1f7a44406686d1de698b264482 9d2fec8c910545e099f47748ff0a1770 - - default default] Successfully bumped revision number for resource 23fe8366-66b1-4fa1-b567-9e8f6a3f0823 (type: security_groups) to 1
2026-04-29 03:01:06.831 10 INFO neutron.plugins.ml2.drivers.ovn.mech_driver.ovsdb.commands [None req-f12e17e7-9a0f-447d-a372-91c6bc07b33f - - - - - -] Schedule LRP lrp-e1554ad1-b421-451b-934c-173589bdf1e0 on gateway 93a177b5-79a8-4dd7-9ffa-9a3d49f1cc5b with priority 1
2026-04-29 03:01:06.847 9 INFO neutron.db.ovn_revision_numbers_db [req-c9459a1e-8321-40c3-b5f0-5cd0eb844158 req-4a6eacb6-06fd-4922-8e28-5afe3cf6d8cf 87af6e1f7a44406686d1de698b264482 9d2fec8c910545e099f47748ff0a1770 - - default default] Successfully bumped revision number for resource b77c6d60-3caa-483f-ab2c-9baa926e2261 (type: security_group_rules) to 0
2026-04-29 03:01:06.853 10 INFO neutron.plugins.ml2.drivers.ovn.mech_driver.ovsdb.ovsdb_monitor [None req-9709cd38-9b3c-45e8-b20b-a15f63625d50 - - - - - -] Router 5b2655d2-8ea0-4402-a0b1-00b94db36c3f is bound to host instance
