2026-04-29 03:02:11.338 10 INFO neutron.db.ovn_revision_numbers_db [None req-877a2e2c-dbba-4146-b9f8-6b99536385c6 f8d0ec0e128d48628a5571dd38cde1fd 6dd32dd71c484f9f9a1332ff881a48f7 - - default default] Successfully bumped revision number for resource 98d4aad9-e803-43c0-a25b-2b6ada29bc82 (type: security_group_rules) to 0
2026-04-29 03:02:11.339 9 INFO neutron.plugins.ml2.drivers.ovn.mech_driver.mech_driver [None req-6ba3a508-2205-4888-b88f-40c5911723ce - - - - - -] OVN reports status down for port: d1dc7a10-1f5f-4aae-af0a-eeec2767485d
2026-04-29 03:02:11.373 10 INFO neutron.api.wsgi [None req-877a2e2c-dbba-4146-b9f8-6b99536385c6 f8d0ec0e128d48628a5571dd38cde1fd 6dd32dd71c484f9f9a1332ff881a48f7 - - default default] 10.0.0.12 "POST /v2.0/security-groups HTTP/1.1" status: 201 len: 1861 time: 0.2222843
2026-04-29 03:02:11.382 10 WARNING neutron_lib.context [None req-dc94fd5c-c610-48b7-a934-0742d0718fc4 f8d0ec0e128d48628a5571dd38cde1fd 6dd32dd71c484f9f9a1332ff881a48f7 - - default default] Method 'is_advsvc' is deprecated since 2023.2 release (neutron-lib 3.8.0) and will be removed once support for the old RBAC API policies will be removed from Neutron. Please use method 'is_service_role' instead.
2026-04-29 03:02:11.487 9 INFO neutron.db.ovn_revision_numbers_db [None req-c008782f-06e0-41dc-b0c2-593a32897aa9 - - - - - -] Successfully bumped revision number for resource 02a4f9f6-a1e0-45ea-a1ba-aff9b28d55ad (type: ports) to 5
2026-04-29 03:02:11.511 10 INFO neutron.db.ovn_revision_numbers_db [None req-2a3d65aa-0b90-4157-9ef5-472072bd67ef 0d17a3b6a9b5451492e66aefd4f235dc 3308dde9f672402eae73c63366cc0f4e - - default default] Successfully bumped revision number for resource 8bab83e0-4784-4531-95a7-c7bb5c6e2788 (type: ports) to 1
2026-04-29 03:02:11.545 10 INFO neutron.db.ovn_revision_numbers_db [None req-dc94fd5c-c610-48b7-a934-0742d0718fc4 f8d0ec0e128d48628a5571dd38cde1fd 6dd32dd71c484f9f9a1332ff881a48f7 - - default default] Successfully bumped revision number for resource d2d1c736-0932-4be3-9f5b-461032667b96 (type: security_group_rules) to 0
2026-04-29 03:02:11.580 10 WARNING neutron.scheduler.dhcp_agent_scheduler [None req-2a3d65aa-0b90-4157-9ef5-472072bd67ef 0d17a3b6a9b5451492e66aefd4f235dc 3308dde9f672402eae73c63366cc0f4e - - default default] No more DHCP agents
2026-04-29 03:02:11.581 10 WARNING neutron.api.rpc.agentnotifiers.dhcp_rpc_agent_api [None req-2a3d65aa-0b90-4157-9ef5-472072bd67ef 0d17a3b6a9b5451492e66aefd4f235dc 3308dde9f672402eae73c63366cc0f4e - - default default] Unable to schedule network 4ce8e0f3-7dd8-4728-85a2-5c4dffd540ae: no agents available; will retry on subsequent port and subnet creation events.
2026-04-29 03:02:11.593 10 INFO neutron.api.wsgi [None req-dc94fd5c-c610-48b7-a934-0742d0718fc4 f8d0ec0e128d48628a5571dd38cde1fd 6dd32dd71c484f9f9a1332ff881a48f7 - - default default] 10.0.0.12 "POST /v2.0/security-group-rules HTTP/1.1" status: 201 len: 796 time: 0.2153745
2026-04-29 03:02:11.601 10 WARNING neutron_lib.context [None req-eb3a68d4-7c5e-4ab4-9fd2-eb51578ddf0a f8d0ec0e128d48628a5571dd38cde1fd 6dd32dd71c484f9f9a1332ff881a48f7 - - default default] Method 'is_advsvc' is deprecated since 2023.2 release (neutron-lib 3.8.0) and will be removed once support for the old RBAC API policies will be removed from Neutron. Please use method 'is_service_role' instead.
2026-04-29 03:02:11.613 9 INFO neutron.db.ovn_revision_numbers_db [None req-6ba3a508-2205-4888-b88f-40c5911723ce - - - - - -] Successfully bumped revision number for resource d1dc7a10-1f5f-4aae-af0a-eeec2767485d (type: ports) to 6
2026-04-29 03:02:11.748 10 INFO neutron.db.ovn_revision_numbers_db [None req-eb3a68d4-7c5e-4ab4-9fd2-eb51578ddf0a f8d0ec0e128d48628a5571dd38cde1fd 6dd32dd71c484f9f9a1332ff881a48f7 - - default default] Successfully bumped revision number for resource bdd9727c-5c15-4d96-8c3f-a0b65a55563e (type: security_group_rules) to 0
2026-04-29 03:02:11.781 10 INFO neutron.api.wsgi [None req-eb3a68d4-7c5e-4ab4-9fd2-eb51578ddf0a f8d0ec0e128d48628a5571dd38cde1fd 6dd32dd71c484f9f9a1332ff881a48f7 - - default default] 10.0.0.12 "POST /v2.0/security-group-rules HTTP/1.1" status: 201 len: 801 time: 0.1842446 /var/lib/openstack/lib/python3.12/site-packages/pycadf/identifier.py:71: UserWarning: Invalid uuid: neutron. To ensure interoperability, identifiers should be a valid uuid. warnings.warn(('Invalid uuid: %s. To ensure interoperability, '
2026-04-29 03:02:11.797 9 WARNING neutron_lib.context [None req-06317f25-44a5-45d2-b0d1-aacfda8acb9b f8d0ec0e128d48628a5571dd38cde1fd 6dd32dd71c484f9f9a1332ff881a48f7 - - default default] Method 'is_advsvc' is deprecated since 2023.2 release (neutron-lib 3.8.0) and will be removed once support for the old RBAC API policies will be removed from Neutron. Please use method 'is_service_role' instead.
2026-04-29 03:02:11.997 9 INFO neutron.api.wsgi [req-427e1619-af46-40d9-ba14-82cedbc60bec req-b0970cf9-505f-4862-a3a7-6462afc83e01 bfaecb8be00e47a792f032ea1703f401 977475054c794086af548a6010620800 - - default default] 10.0.0.46 "GET /v2.0/ports?device_id=499b2971-b7e5-4d5c-b207-bd1e2db3e3c4 HTTP/1.1" status: 200 len: 1168 time: 0.0427861
2026-04-29 03:02:12.002 9 INFO neutron.notifiers.nova [-] Nova event matching ['req-b4052341-52a3-42ba-a588-b30e442aa43a'] response: {'name': 'network-changed', 'server_uuid': '499b2971-b7e5-4d5c-b207-bd1e2db3e3c4', 'tag': 'd1dc7a10-1f5f-4aae-af0a-eeec2767485d', 'status': 'completed', 'code': 200}
2026-04-29 03:02:12.002 9 INFO neutron.notifiers.nova [-] Nova event matching ['req-b4052341-52a3-42ba-a588-b30e442aa43a'] response: {'server_uuid': '499b2971-b7e5-4d5c-b207-bd1e2db3e3c4', 'name': 'network-vif-unplugged', 'status': 'completed', 'tag': 'd1dc7a10-1f5f-4aae-af0a-eeec2767485d', 'code': 200}
2026-04-29 03:02:12.002 9 INFO neutron.notifiers.nova [-] Nova event matching ['req-b4052341-52a3-42ba-a588-b30e442aa43a'] response: {'server_uuid': '499b2971-b7e5-4d5c-b207-bd1e2db3e3c4', 'name': 'network-vif-unplugged', 'status': 'completed', 'tag': 'd1dc7a10-1f5f-4aae-af0a-eeec2767485d', 'code': 200}
2026-04-29 03:02:12.031 9 WARNING neutron.scheduler.dhcp_agent_scheduler [None req-06317f25-44a5-45d2-b0d1-aacfda8acb9b f8d0ec0e128d48628a5571dd38cde1fd 6dd32dd71c484f9f9a1332ff881a48f7 - - default default] No more DHCP agents
2026-04-29 03:02:12.033 9 WARNING neutron.api.rpc.agentnotifiers.dhcp_rpc_agent_api [None req-06317f25-44a5-45d2-b0d1-aacfda8acb9b f8d0ec0e128d48628a5571dd38cde1fd 6dd32dd71c484f9f9a1332ff881a48f7 - - default default] Unable to schedule network 94738971-21a3-414a-ba70-2dd4ce24c361: no agents available; will retry on subsequent port and subnet creation events.
2026-04-29 03:02:12.063 9 INFO neutron.api.wsgi [req-427e1619-af46-40d9-ba14-82cedbc60bec req-316cff28-6f04-4164-8c9a-4a7efbb380dc bfaecb8be00e47a792f032ea1703f401 977475054c794086af548a6010620800 - - default default] 10.0.0.46 "GET /v2.0/security-groups?id=6006e147-bc47-4c82-9e4c-eda712a7ce35&fields=id&fields=name HTTP/1.1" status: 200 len: 313 time: 0.0599527
2026-04-29 03:02:12.335 9 INFO neutron.api.wsgi [None req-06317f25-44a5-45d2-b0d1-aacfda8acb9b f8d0ec0e128d48628a5571dd38cde1fd 6dd32dd71c484f9f9a1332ff881a48f7 - - default default] 10.0.0.12 "POST /v2.0/floatingips HTTP/1.1" status: 201 len: 751 time: 0.5449655
2026-04-29 03:02:12.414 10 INFO neutron.db.ovn_revision_numbers_db [None req-2a3d65aa-0b90-4157-9ef5-472072bd67ef 0d17a3b6a9b5451492e66aefd4f235dc 3308dde9f672402eae73c63366cc0f4e - - default default] Successfully bumped revision number for resource 8bab83e0-4784-4531-95a7-c7bb5c6e2788 (type: router_ports) to 1
2026-04-29 03:02:12.420 10 INFO neutron.api.wsgi [None req-2a3d65aa-0b90-4157-9ef5-472072bd67ef 0d17a3b6a9b5451492e66aefd4f235dc 3308dde9f672402eae73c63366cc0f4e - - default default] 10.0.0.12 "PUT /v2.0/routers/22ffd9ae-bf4e-4135-b0d2-2ac55f02b716/add_router_interface HTTP/1.1" status: 200 len: 503 time: 2.2379687
2026-04-29 03:02:12.439 9 INFO neutron.api.wsgi [req-d0520d24-e2e5-4fed-bc8b-7181ce2525ca req-429df137-f466-41ca-9657-e200d06316c3 f8d0ec0e128d48628a5571dd38cde1fd 6dd32dd71c484f9f9a1332ff881a48f7 - - default default] 10.0.0.46 "GET /v2.0/security-groups?name=tempest-securitygroup--1470149703&fields=id&tenant_id=6dd32dd71c484f9f9a1332ff881a48f7 HTTP/1.1" status: 200 len: 267 time: 0.0397565
2026-04-29 03:02:12.490 9 INFO neutron.api.wsgi [req-d0520d24-e2e5-4fed-bc8b-7181ce2525ca req-0ea7a418-9c3f-4c36-a12c-50697944979d f8d0ec0e128d48628a5571dd38cde1fd 6dd32dd71c484f9f9a1332ff881a48f7 - - default default] 10.0.0.46 "GET /v2.0/security-groups?name=tempest-secgroup-smoke-203638609&fields=id&tenant_id=6dd32dd71c484f9f9a1332ff881a48f7 HTTP/1.1" status: 200 len: 267 time: 0.0454886
2026-04-29 03:02:12.539 9 INFO neutron.api.wsgi [req-d0520d24-e2e5-4fed-bc8b-7181ce2525ca req-5d698c04-cf12-4bd7-8f45-31eb17f4fc7b f8d0ec0e128d48628a5571dd38cde1fd 6dd32dd71c484f9f9a1332ff881a48f7 - - default default] 10.0.0.46 "GET /v2.0/networks?id=aaa86047-3765-40c4-83e0-b6915e2b32a9 HTTP/1.1" status: 200 len: 872 time: 0.0426216
2026-04-29 03:02:12.561 9 INFO neutron.api.wsgi [req-d0520d24-e2e5-4fed-bc8b-7181ce2525ca req-6700cde9-8945-49cc-ab1d-faf19160dcfe f8d0ec0e128d48628a5571dd38cde1fd 6dd32dd71c484f9f9a1332ff881a48f7 - - default default] 10.0.0.46 "GET /v2.0/quotas/6dd32dd71c484f9f9a1332ff881a48f7 HTTP/1.1" status: 200 len: 491 time: 0.0141382
2026-04-29 03:02:12.576 10 INFO neutron.api.wsgi [req-6bf5fbe2-8fba-4d82-b0e9-3281cc58ed8d req-e31e6d58-4d08-4d85-b82b-269aaa6e6388 12fffdedbb1647be8e3aa7315a4eb847 e771c9caa2f9493cbfaba4d0ad4608ac - - c893072840914529953fbcb8af47df1e c893072840914529953fbcb8af47df1e] 199.204.45.25 "GET /v2.0/ports?tenant_id=977475054c794086af548a6010620800&device_id=499b2971-b7e5-4d5c-b207-bd1e2db3e3c4 HTTP/1.1" status: 200 len: 1407 time: 0.0437820
2026-04-29 03:02:12.643 10 INFO neutron.api.wsgi [req-6bf5fbe2-8fba-4d82-b0e9-3281cc58ed8d req-dda485f1-df45-4a82-bdc3-ecf799a34650 12fffdedbb1647be8e3aa7315a4eb847 e771c9caa2f9493cbfaba4d0ad4608ac - - c893072840914529953fbcb8af47df1e c893072840914529953fbcb8af47df1e] 199.204.45.25 "GET /v2.0/networks?id=475de5e1-50f9-41bd-b0dc-019ba28f99d6 HTTP/1.1" status: 200 len: 973 time: 0.0562475
2026-04-29 03:02:12.659 9 INFO neutron.api.wsgi [req-d0520d24-e2e5-4fed-bc8b-7181ce2525ca req-a11cbfff-a7fa-4e3d-b803-7b25ad649fea f8d0ec0e128d48628a5571dd38cde1fd 6dd32dd71c484f9f9a1332ff881a48f7 - - default default] 10.0.0.46 "GET /v2.0/ports?tenant_id=6dd32dd71c484f9f9a1332ff881a48f7&fields=id HTTP/1.1" status: 200 len: 302 time: 0.0922487
2026-04-29 03:02:12.664 9 INFO neutron.api.wsgi [req-262b8a42-e9c9-4a9a-ba20-396a625133f4 req-66bc656a-bf7d-43f5-bd9c-f48d4fd532f4 bfaecb8be00e47a792f032ea1703f401 977475054c794086af548a6010620800 - - default default] 199.204.45.25 "GET /v2.0/ports?device_id=499b2971-b7e5-4d5c-b207-bd1e2db3e3c4 HTTP/1.1" status: 200 len: 1168 time: 0.1183960
2026-04-29 03:02:12.699 10 INFO neutron.api.wsgi [req-6bf5fbe2-8fba-4d82-b0e9-3281cc58ed8d req-4fa6e679-3eae-4148-9831-9fd56b117eb7 12fffdedbb1647be8e3aa7315a4eb847 e771c9caa2f9493cbfaba4d0ad4608ac - - c893072840914529953fbcb8af47df1e c893072840914529953fbcb8af47df1e] 199.204.45.25 "GET /v2.0/floatingips?fixed_ip_address=10.100.0.7&port_id=d1dc7a10-1f5f-4aae-af0a-eeec2767485d HTTP/1.1" status: 200 len: 1057 time: 0.0464082
2026-04-29 03:02:12.727 10 INFO neutron.api.wsgi [req-6bf5fbe2-8fba-4d82-b0e9-3281cc58ed8d req-4ddc5eff-d77a-48af-9391-0ab09f4c7eae 12fffdedbb1647be8e3aa7315a4eb847 e771c9caa2f9493cbfaba4d0ad4608ac - - c893072840914529953fbcb8af47df1e c893072840914529953fbcb8af47df1e] 199.204.45.25 "GET /v2.0/subnets?id=c0ab256f-ea73-42c9-a96d-db5533cf8144 HTTP/1.1" status: 200 len: 893 time: 0.0218699
2026-04-29 03:02:12.734 9 INFO neutron.api.wsgi [req-d0520d24-e2e5-4fed-bc8b-7181ce2525ca req-91bcb92b-1c1f-4ca3-9bbd-8c36e848c899 12fffdedbb1647be8e3aa7315a4eb847 e771c9caa2f9493cbfaba4d0ad4608ac - - c893072840914529953fbcb8af47df1e c893072840914529953fbcb8af47df1e] 10.0.0.46 "GET /v2.0/networks/aaa86047-3765-40c4-83e0-b6915e2b32a9?fields=segments HTTP/1.1" status: 200 len: 212 time: 0.0508709
2026-04-29 03:02:12.763 10 INFO neutron.api.wsgi [req-6bf5fbe2-8fba-4d82-b0e9-3281cc58ed8d req-aa742f8b-c673-461c-a412-57c094e35df7 12fffdedbb1647be8e3aa7315a4eb847 e771c9caa2f9493cbfaba4d0ad4608ac - - c893072840914529953fbcb8af47df1e c893072840914529953fbcb8af47df1e] 199.204.45.25 "GET /v2.0/ports?network_id=475de5e1-50f9-41bd-b0dc-019ba28f99d6&device_owner=network%3Adhcp HTTP/1.1" status: 200 len: 210 time: 0.0328531
2026-04-29 03:02:12.785 9 INFO neutron.api.wsgi [req-d0520d24-e2e5-4fed-bc8b-7181ce2525ca req-ff65c756-9093-445e-90ce-3fbc9f53c313 12fffdedbb1647be8e3aa7315a4eb847 e771c9caa2f9493cbfaba4d0ad4608ac - - c893072840914529953fbcb8af47df1e c893072840914529953fbcb8af47df1e] 10.0.0.46 "GET /v2.0/networks/aaa86047-3765-40c4-83e0-b6915e2b32a9?fields=provider%3Aphysical_network&fields=provider%3Anetwork_type HTTP/1.1" status: 200 len: 277 time: 0.0439448
2026-04-29 03:02:12.814 10 INFO neutron.api.wsgi [req-6bf5fbe2-8fba-4d82-b0e9-3281cc58ed8d req-447d5717-f495-4164-a06a-cc85e666cdc8 12fffdedbb1647be8e3aa7315a4eb847 e771c9caa2f9493cbfaba4d0ad4608ac - - c893072840914529953fbcb8af47df1e c893072840914529953fbcb8af47df1e] 199.204.45.25 "GET /v2.0/networks/475de5e1-50f9-41bd-b0dc-019ba28f99d6?fields=segments HTTP/1.1" status: 200 len: 212 time: 0.0459311
2026-04-29 03:02:12.889 10 INFO neutron.api.wsgi [req-6bf5fbe2-8fba-4d82-b0e9-3281cc58ed8d req-49d21586-bd07-44a7-b1c7-a216a211ee93 12fffdedbb1647be8e3aa7315a4eb847 e771c9caa2f9493cbfaba4d0ad4608ac - - c893072840914529953fbcb8af47df1e c893072840914529953fbcb8af47df1e] 199.204.45.25 "GET /v2.0/networks/475de5e1-50f9-41bd-b0dc-019ba28f99d6?fields=provider%3Aphysical_network&fields=provider%3Anetwork_type HTTP/1.1" status: 200 len: 277 time: 0.0700257
2026-04-29 03:02:12.964 9 INFO neutron.api.wsgi [req-78778c96-4459-45ee-a3e8-7ba68bd4a9b9 req-e6740d47-6324-41cf-a3a2-2accd0f57096 f8d0ec0e128d48628a5571dd38cde1fd 6dd32dd71c484f9f9a1332ff881a48f7 - - default default] 10.0.0.46 "GET /v2.0/ports?device_id=3722a49a-6fcc-433c-95c3-91894ebf2b24 HTTP/1.1" status: 200 len: 210 time: 0.0268748
2026-04-29 03:02:13.066 9 INFO neutron.db.l3_db [req-262b8a42-e9c9-4a9a-ba20-396a625133f4 req-b9705d09-a0ec-46a0-a597-0a2238a305bf bfaecb8be00e47a792f032ea1703f401 977475054c794086af548a6010620800 - - default default] Floating IP ca256620-b7d7-45c3-933f-ebfba50d3a77 disassociated. External IP: 10.96.250.202, port: d1dc7a10-1f5f-4aae-af0a-eeec2767485d.
2026-04-29 03:02:13.134 10 WARNING neutron_lib.context [None req-bca3ee88-54aa-455e-ae4e-809031d4ec0b 64cf1d05996c4142804f84a171a1509d 4b0f8c9310ae45c096c78d86757fbc19 - - default default] Method 'is_advsvc' is deprecated since 2023.2 release (neutron-lib 3.8.0) and will be removed once support for the old RBAC API policies will be removed from Neutron. Please use method 'is_service_role' instead. /var/lib/openstack/lib/python3.12/site-packages/pycadf/identifier.py:71: UserWarning: Invalid uuid: neutron. To ensure interoperability, identifiers should be a valid uuid. warnings.warn(('Invalid uuid: %s. To ensure interoperability, '
2026-04-29 03:02:13.173 9 INFO neutron.api.wsgi [req-d5429673-7f7b-43bd-abfe-4bc6e4c09e64 req-9b05d30d-fd43-43d9-82ea-86a138f64448 bfaecb8be00e47a792f032ea1703f401 977475054c794086af548a6010620800 - - default default] 10.0.0.46 "GET /v2.0/ports?device_id=499b2971-b7e5-4d5c-b207-bd1e2db3e3c4 HTTP/1.1" status: 200 len: 1168 time: 0.0361552
2026-04-29 03:02:13.202 9 INFO neutron.api.wsgi [req-262b8a42-e9c9-4a9a-ba20-396a625133f4 req-b9705d09-a0ec-46a0-a597-0a2238a305bf bfaecb8be00e47a792f032ea1703f401 977475054c794086af548a6010620800 - - default default] 199.204.45.25 "DELETE /v2.0/ports/d1dc7a10-1f5f-4aae-af0a-eeec2767485d HTTP/1.1" status: 204 len: 173 time: 0.5333204
2026-04-29 03:02:13.220 9 INFO neutron.api.wsgi [req-d5429673-7f7b-43bd-abfe-4bc6e4c09e64 req-124b96c0-1501-4d57-8e7c-42a7a17cc651 bfaecb8be00e47a792f032ea1703f401 977475054c794086af548a6010620800 - - default default] 10.0.0.46 "GET /v2.0/security-groups?id=6006e147-bc47-4c82-9e4c-eda712a7ce35&fields=id&fields=name HTTP/1.1" status: 200 len: 313 time: 0.0410590
2026-04-29 03:02:13.243 10 INFO neutron.db.ovn_revision_numbers_db [None req-bca3ee88-54aa-455e-ae4e-809031d4ec0b 64cf1d05996c4142804f84a171a1509d 4b0f8c9310ae45c096c78d86757fbc19 - - default default] Successfully bumped revision number for resource e52cb87d-d329-41db-8853-c9f15beecc87 (type: security_groups) to 1
2026-04-29 03:02:13.256 10 INFO neutron.db.ovn_revision_numbers_db [None req-bca3ee88-54aa-455e-ae4e-809031d4ec0b 64cf1d05996c4142804f84a171a1509d 4b0f8c9310ae45c096c78d86757fbc19 - - default default] Successfully bumped revision number for resource 225b74e8-a544-4aaf-a253-31953a629f45 (type: security_group_rules) to 0
2026-04-29 03:02:13.266 10 INFO neutron.db.ovn_revision_numbers_db [None req-bca3ee88-54aa-455e-ae4e-809031d4ec0b 64cf1d05996c4142804f84a171a1509d 4b0f8c9310ae45c096c78d86757fbc19 - - default default] Successfully bumped revision number for resource 3ad2d95e-aa74-4651-88bd-bbb7f7db45f8 (type: security_group_rules) to 0
2026-04-29 03:02:13.300 10 INFO neutron.api.wsgi [None req-bca3ee88-54aa-455e-ae4e-809031d4ec0b 64cf1d05996c4142804f84a171a1509d 4b0f8c9310ae45c096c78d86757fbc19 - - default default] 10.0.0.12 "POST /v2.0/security-groups HTTP/1.1" status: 201 len: 1859 time: 0.1703169
2026-04-29 03:02:13.310 10 WARNING neutron_lib.context [None req-5493d650-977f-4054-bb90-dafdfad8e4d0 64cf1d05996c4142804f84a171a1509d 4b0f8c9310ae45c096c78d86757fbc19 - - default default] Method 'is_advsvc' is deprecated since 2023.2 release (neutron-lib 3.8.0) and will be removed once support for the old RBAC API policies will be removed from Neutron. Please use method 'is_service_role' instead.
2026-04-29 03:02:13.427 10 INFO neutron.db.ovn_revision_numbers_db [None req-5493d650-977f-4054-bb90-dafdfad8e4d0 64cf1d05996c4142804f84a171a1509d 4b0f8c9310ae45c096c78d86757fbc19 - - default default] Successfully bumped revision number for resource 98571486-57e6-4513-9dd9-3fe9830d3e11 (type: security_group_rules) to 0
2026-04-29 03:02:13.449 10 INFO neutron.api.wsgi [None req-5493d650-977f-4054-bb90-dafdfad8e4d0 64cf1d05996c4142804f84a171a1509d 4b0f8c9310ae45c096c78d86757fbc19 - - default default] 10.0.0.12 "POST /v2.0/security-group-rules HTTP/1.1" status: 201 len: 796 time: 0.1448309
2026-04-29 03:02:13.456 10 WARNING neutron_lib.context [None req-40842e7e-71ca-4c8f-9489-55ef0136539c 64cf1d05996c4142804f84a171a1509d 4b0f8c9310ae45c096c78d86757fbc19 - - default default] Method 'is_advsvc' is deprecated since 2023.2 release (neutron-lib 3.8.0) and will be removed once support for the old RBAC API policies will be removed from Neutron. Please use method 'is_service_role' instead.
2026-04-29 03:02:13.572 10 INFO neutron.db.ovn_revision_numbers_db [None req-40842e7e-71ca-4c8f-9489-55ef0136539c 64cf1d05996c4142804f84a171a1509d 4b0f8c9310ae45c096c78d86757fbc19 - - default default] Successfully bumped revision number for resource acd837ec-d50a-4dd0-a7fc-3545dc362bca (type: security_group_rules) to 0
2026-04-29 03:02:13.602 10 INFO neutron.api.wsgi [None req-40842e7e-71ca-4c8f-9489-55ef0136539c 64cf1d05996c4142804f84a171a1509d 4b0f8c9310ae45c096c78d86757fbc19 - - default default] 10.0.0.12 "POST /v2.0/security-group-rules HTTP/1.1" status: 201 len: 801 time: 0.1483939
2026-04-29 03:02:13.614 9 WARNING neutron_lib.context [None req-461a1731-e869-44fe-bc42-f9f83cf91608 64cf1d05996c4142804f84a171a1509d 4b0f8c9310ae45c096c78d86757fbc19 - - default default] Method 'is_advsvc' is deprecated since 2023.2 release (neutron-lib 3.8.0) and will be removed once support for the old RBAC API policies will be removed from Neutron. Please use method 'is_service_role' instead.
2026-04-29 03:02:13.831 9 WARNING neutron.scheduler.dhcp_agent_scheduler [None req-461a1731-e869-44fe-bc42-f9f83cf91608 64cf1d05996c4142804f84a171a1509d 4b0f8c9310ae45c096c78d86757fbc19 - - default default] No more DHCP agents
2026-04-29 03:02:13.833 9 WARNING neutron.api.rpc.agentnotifiers.dhcp_rpc_agent_api [None req-461a1731-e869-44fe-bc42-f9f83cf91608 64cf1d05996c4142804f84a171a1509d 4b0f8c9310ae45c096c78d86757fbc19 - - default default] Unable to schedule network 94738971-21a3-414a-ba70-2dd4ce24c361: no agents available; will retry on subsequent port and subnet creation events.
2026-04-29 03:02:13.962 10 WARNING neutron.plugins.ml2.drivers.ovn.mech_driver.ovsdb.ovn_client [None req-b2752e64-3bc0-4fd8-9f17-3cb864e498f7 - - - - - -] No hosting information found for port 88c66308-ce49-4898-ae3a-960deaa327f1: RuntimeError: No hosting information found for port 88c66308-ce49-4898-ae3a-960deaa327f1
2026-04-29 03:02:14.025 10 INFO neutron.db.ovn_revision_numbers_db [None req-b2752e64-3bc0-4fd8-9f17-3cb864e498f7 - - - - - -] Successfully bumped revision number for resource 88c66308-ce49-4898-ae3a-960deaa327f1 (type: router_ports) to 2
2026-04-29 03:02:14.034 9 INFO neutron.notifiers.nova [-] Nova event matching ['req-83205f8d-2d62-4e11-a231-ee0d07a93cca'] response: {'server_uuid': '499b2971-b7e5-4d5c-b207-bd1e2db3e3c4', 'name': 'network-vif-deleted', 'tag': 'd1dc7a10-1f5f-4aae-af0a-eeec2767485d', 'status': 'completed', 'code': 200}
2026-04-29 03:02:14.046 9 INFO neutron.api.wsgi [req-027747e3-b9d3-4915-b978-9dc7239ec93f req-b96d7933-d2e7-4ced-9d30-d633bb474760 f8d0ec0e128d48628a5571dd38cde1fd 6dd32dd71c484f9f9a1332ff881a48f7 - - default default] 10.0.0.46 "GET /v2.0/ports?device_id=3722a49a-6fcc-433c-95c3-91894ebf2b24 HTTP/1.1" status: 200 len: 210 time: 0.0200775
2026-04-29 03:02:14.061 10 INFO neutron.plugins.ml2.drivers.ovn.mech_driver.mech_driver [None req-b2752e64-3bc0-4fd8-9f17-3cb864e498f7 - - - - - -] OVN reports status up for port: 02a4f9f6-a1e0-45ea-a1ba-aff9b28d55ad
2026-04-29 03:02:14.070 10 INFO neutron.plugins.ml2.plugin [None req-b2752e64-3bc0-4fd8-9f17-3cb864e498f7 - - - - - -] Attempt 1 to provision port 02a4f9f6-a1e0-45ea-a1ba-aff9b28d55ad
2026-04-29 03:02:14.125 9 INFO neutron.api.wsgi [None req-461a1731-e869-44fe-bc42-f9f83cf91608 64cf1d05996c4142804f84a171a1509d 4b0f8c9310ae45c096c78d86757fbc19 - - default default] 10.0.0.12 "POST /v2.0/floatingips HTTP/1.1" status: 201 len: 751 time: 0.5173526
2026-04-29 03:02:14.131 10 INFO neutron.plugins.ml2.drivers.ovn.mech_driver.mech_driver [None req-b2752e64-3bc0-4fd8-9f17-3cb864e498f7 - - - - - -] OVN reports status up for port: 8bab83e0-4784-4531-95a7-c7bb5c6e2788
2026-04-29 03:02:14.136 10 INFO neutron.plugins.ml2.plugin [None req-b2752e64-3bc0-4fd8-9f17-3cb864e498f7 - - - - - -] Attempt 1 to provision port 8bab83e0-4784-4531-95a7-c7bb5c6e2788
2026-04-29 03:02:14.321 9 INFO neutron.api.wsgi [req-831dcc0e-1022-49bb-9fe2-93fc53f07643 req-8e2f419b-58ba-4eba-baf2-18de78dd7195 bfaecb8be00e47a792f032ea1703f401 977475054c794086af548a6010620800 - - default default] 10.0.0.46 "GET /v2.0/ports?device_id=499b2971-b7e5-4d5c-b207-bd1e2db3e3c4 HTTP/1.1" status: 200 len: 210 time: 0.0380719
2026-04-29 03:02:14.505 10 INFO neutron.db.ovn_revision_numbers_db [None req-b2752e64-3bc0-4fd8-9f17-3cb864e498f7 - - - - - -] Successfully bumped revision number for resource 8bab83e0-4784-4531-95a7-c7bb5c6e2788 (type: ports) to 2
2026-04-29 03:02:14.556 9 INFO neutron.api.wsgi [req-71359e22-54a6-4449-bb76-486387be8220 req-04d5e231-ccc6-4a12-8c30-75e45193fdbd 64cf1d05996c4142804f84a171a1509d 4b0f8c9310ae45c096c78d86757fbc19 - - default default] 10.0.0.46 "GET /v2.0/security-groups?name=tempest-securitygroup--878048137&fields=id&tenant_id=4b0f8c9310ae45c096c78d86757fbc19 HTTP/1.1" status: 200 len: 267 time: 0.0320592
2026-04-29 03:02:14.628 9 INFO neutron.api.wsgi [req-71359e22-54a6-4449-bb76-486387be8220 req-7b656cae-4783-41bf-8004-9293ec2107fa 64cf1d05996c4142804f84a171a1509d 4b0f8c9310ae45c096c78d86757fbc19 - - default default] 10.0.0.46 "GET /v2.0/networks?id=4ce8e0f3-7dd8-4728-85a2-5c4dffd540ae HTTP/1.1" status: 200 len: 875 time: 0.0659184
2026-04-29 03:02:14.644 9 INFO neutron.api.wsgi [req-71359e22-54a6-4449-bb76-486387be8220 req-6454d7dc-eda2-4ca9-8caf-b8a74bad901e 64cf1d05996c4142804f84a171a1509d 4b0f8c9310ae45c096c78d86757fbc19 - - default default] 10.0.0.46 "GET /v2.0/quotas/4b0f8c9310ae45c096c78d86757fbc19 HTTP/1.1" status: 200 len: 491 time: 0.0094872
2026-04-29 03:02:14.712 9 INFO neutron.api.wsgi [req-71359e22-54a6-4449-bb76-486387be8220 req-34ccd35e-4d7d-422b-b902-93862ef6d09f 64cf1d05996c4142804f84a171a1509d 4b0f8c9310ae45c096c78d86757fbc19 - - default default] 10.0.0.46 "GET /v2.0/ports?tenant_id=4b0f8c9310ae45c096c78d86757fbc19&fields=id HTTP/1.1" status: 200 len: 302 time: 0.0615232
2026-04-29 03:02:14.771 9 INFO neutron.api.wsgi [req-71359e22-54a6-4449-bb76-486387be8220 req-41788fbe-ee4f-4ffd-99fd-4a9739360757 12fffdedbb1647be8e3aa7315a4eb847 e771c9caa2f9493cbfaba4d0ad4608ac - - c893072840914529953fbcb8af47df1e c893072840914529953fbcb8af47df1e] 10.0.0.46 "GET /v2.0/networks/4ce8e0f3-7dd8-4728-85a2-5c4dffd540ae?fields=segments HTTP/1.1" status: 200 len: 212 time: 0.0468171
2026-04-29 03:02:14.817 9 INFO neutron.api.wsgi [req-71359e22-54a6-4449-bb76-486387be8220 req-42c5469f-7e8e-42bf-ba02-6766a6ef3708 12fffdedbb1647be8e3aa7315a4eb847 e771c9caa2f9493cbfaba4d0ad4608ac - - c893072840914529953fbcb8af47df1e c893072840914529953fbcb8af47df1e] 10.0.0.46 "GET /v2.0/networks/4ce8e0f3-7dd8-4728-85a2-5c4dffd540ae?fields=provider%3Aphysical_network&fields=provider%3Anetwork_type HTTP/1.1" status: 200 len: 277 time: 0.0375326
2026-04-29 03:02:14.938 9 INFO neutron.api.wsgi [req-3b2d78ee-9894-48b1-96cc-e3aaf326fbb3 req-e92a6cde-5ac9-43d4-8373-a9c68e332362 64cf1d05996c4142804f84a171a1509d 4b0f8c9310ae45c096c78d86757fbc19 - - default default] 10.0.0.46 "GET /v2.0/ports?device_id=99016e1a-6766-4d99-9e59-0f58555da7f9 HTTP/1.1" status: 200 len: 210 time: 0.0207882
2026-04-29 03:02:15.136 9 INFO neutron.api.wsgi [req-bb7db051-331e-45e1-ac4a-177b08d4d46d req-144c6c23-480b-4245-9ddb-6dd9874d5f2b f8d0ec0e128d48628a5571dd38cde1fd 6dd32dd71c484f9f9a1332ff881a48f7 - - default default] 10.0.0.46 "GET /v2.0/ports?device_id=3722a49a-6fcc-433c-95c3-91894ebf2b24 HTTP/1.1" status: 200 len: 210 time: 0.0237062
2026-04-29 03:02:15.401 9 INFO neutron.api.wsgi [req-62814c48-082c-4be9-b0fe-9afc73366087 req-624119e9-2421-4427-a6b4-0c9a1baefc5c bfaecb8be00e47a792f032ea1703f401 977475054c794086af548a6010620800 - - default default] 10.0.0.46 "GET /v2.0/ports?device_id=499b2971-b7e5-4d5c-b207-bd1e2db3e3c4 HTTP/1.1" status: 200 len: 210 time: 0.0154221
2026-04-29 03:02:15.815 10 INFO neutron.db.ovn_revision_numbers_db [None req-1fa773bd-48e2-4f2d-9b21-e0058bc5e974 0d17a3b6a9b5451492e66aefd4f235dc 3308dde9f672402eae73c63366cc0f4e - - default default] Successfully bumped revision number for resource ba2742f0-b179-484a-9a7f-8a881bc259cd (type: security_groups) to 1
2026-04-29 03:02:15.826 10 INFO neutron.db.ovn_revision_numbers_db [None req-1fa773bd-48e2-4f2d-9b21-e0058bc5e974 0d17a3b6a9b5451492e66aefd4f235dc 3308dde9f672402eae73c63366cc0f4e - - default default] Successfully bumped revision number for resource 03bd06a3-290a-4445-b67b-79e9bf10b95e (type: security_group_rules) to 0
2026-04-29 03:02:15.838 10 INFO neutron.db.ovn_revision_numbers_db [None req-1fa773bd-48e2-4f2d-9b21-e0058bc5e974 0d17a3b6a9b5451492e66aefd4f235dc 3308dde9f672402eae73c63366cc0f4e - - default default] Successfully bumped revision number for resource 26458d3c-1bd3-4ce0-a5b9-f0fec3c2248e (type: security_group_rules) to 0
2026-04-29 03:02:15.851 10 INFO neutron.db.ovn_revision_numbers_db [None req-1fa773bd-48e2-4f2d-9b21-e0058bc5e974 0d17a3b6a9b5451492e66aefd4f235dc 3308dde9f672402eae73c63366cc0f4e - - default default] Successfully bumped revision number for resource 43bfb6a8-1f46-4eec-a04b-5f2965b8b811 (type: security_group_rules) to 0
2026-04-29 03:02:15.864 10 INFO neutron.db.ovn_revision_numbers_db [None req-1fa773bd-48e2-4f2d-9b21-e0058bc5e974 0d17a3b6a9b5451492e66aefd4f235dc 3308dde9f672402eae73c63366cc0f4e - - default default] Successfully bumped revision number for resource f57fb9a7-6a47-4a39-8792-aa8445ac45ec (type: security_group_rules) to 0
2026-04-29 03:02:15.896 10 INFO neutron.api.wsgi [None req-1fa773bd-48e2-4f2d-9b21-e0058bc5e974 0d17a3b6a9b5451492e66aefd4f235dc 3308dde9f672402eae73c63366cc0f4e - - default default] 10.0.0.12 "GET /v2.0/security-groups?tenant_id=f2bb3f1d6f0e42bbade5de78f9c92d13&name=default HTTP/1.1" status: 200 len: 3120 time: 0.3236992
2026-04-29 03:02:16.008 9 INFO neutron.api.wsgi [req-4616d0d4-d53e-4cc6-965a-ed37d5253c21 req-4b03ce49-1b47-4c72-81fb-99a60b6ee2b9 64cf1d05996c4142804f84a171a1509d 4b0f8c9310ae45c096c78d86757fbc19 - - default default] 10.0.0.46 "GET /v2.0/ports?device_id=99016e1a-6766-4d99-9e59-0f58555da7f9 HTTP/1.1" status: 200 len: 210 time: 0.0171928
2026-04-29 03:02:16.097 10 INFO neutron.api.wsgi [None req-833fb53c-b13e-4f80-aa52-0380409a2755 0d17a3b6a9b5451492e66aefd4f235dc 3308dde9f672402eae73c63366cc0f4e - - default default] 10.0.0.12 "DELETE /v2.0/security-groups/ba2742f0-b179-484a-9a7f-8a881bc259cd HTTP/1.1" status: 204 len: 168 time: 0.1954434
2026-04-29 03:02:16.220 9 INFO neutron.api.wsgi [req-f75f36e4-c9d4-4783-93a2-a7ac13e4a0ad req-03ad1017-77a8-4a61-a580-a048c0f34bdd f8d0ec0e128d48628a5571dd38cde1fd 6dd32dd71c484f9f9a1332ff881a48f7 - - default default] 10.0.0.46 "GET /v2.0/ports?device_id=3722a49a-6fcc-433c-95c3-91894ebf2b24 HTTP/1.1" status: 200 len: 210 time: 0.0214317
2026-04-29 03:02:16.288 9 INFO neutron.db.ovn_revision_numbers_db [None req-5bc04b2a-775e-4218-bde1-ff27b50d9d60 0d17a3b6a9b5451492e66aefd4f235dc 3308dde9f672402eae73c63366cc0f4e - - default default] Successfully bumped revision number for resource 5d2cb84e-69c8-4664-9568-5cf462e0ea57 (type: security_groups) to 1
2026-04-29 03:02:16.301 9 INFO neutron.db.ovn_revision_numbers_db [None req-5bc04b2a-775e-4218-bde1-ff27b50d9d60 0d17a3b6a9b5451492e66aefd4f235dc 3308dde9f672402eae73c63366cc0f4e - - default default] Successfully bumped revision number for resource 2271b66e-e72b-4c9c-95bf-30c600c94c36 (type: security_group_rules) to 0
2026-04-29 03:02:16.314 9 INFO neutron.db.ovn_revision_numbers_db [None req-5bc04b2a-775e-4218-bde1-ff27b50d9d60 0d17a3b6a9b5451492e66aefd4f235dc 3308dde9f672402eae73c63366cc0f4e - - default default] Successfully bumped revision number for resource 6ba4e529-2f57-4613-8a65-4829e0e4e514 (type: security_group_rules) to 0
2026-04-29 03:02:16.326 9 INFO neutron.db.ovn_revision_numbers_db [None req-5bc04b2a-775e-4218-bde1-ff27b50d9d60 0d17a3b6a9b5451492e66aefd4f235dc 3308dde9f672402eae73c63366cc0f4e - - default default] Successfully bumped revision number for resource 6d292473-b4d5-4a3e-87cd-7e4fb6d3d527 (type: security_group_rules) to 0
2026-04-29 03:02:16.345 9 INFO neutron.db.ovn_revision_numbers_db [None req-5bc04b2a-775e-4218-bde1-ff27b50d9d60 0d17a3b6a9b5451492e66aefd4f235dc 3308dde9f672402eae73c63366cc0f4e - - default default] Successfully bumped revision number for resource c4b3d748-3459-4e50-9b05-a3d014c5ec5e (type: security_group_rules) to 0
2026-04-29 03:02:16.389 9 INFO neutron.api.wsgi [None req-5bc04b2a-775e-4218-bde1-ff27b50d9d60 0d17a3b6a9b5451492e66aefd4f235dc 3308dde9f672402eae73c63366cc0f4e - - default default] 10.0.0.12 "GET /v2.0/security-groups?tenant_id=411dc3f0fd0e49c1936286c9f359c8f7&name=default HTTP/1.1" status: 200 len: 3120 time: 0.2150350
2026-04-29 03:02:16.502 9 INFO neutron.api.wsgi [req-a5f567c7-42cc-4738-8608-07ef1c25e7c9 req-64b97839-1a06-4683-9438-bb7aa9e36200 bfaecb8be00e47a792f032ea1703f401 977475054c794086af548a6010620800 - - default default] 10.0.0.46 "GET /v2.0/ports?device_id=499b2971-b7e5-4d5c-b207-bd1e2db3e3c4 HTTP/1.1" status: 200 len: 210 time: 0.0196207
2026-04-29 03:02:16.601 9 INFO neutron.api.wsgi [None req-dcfaf891-1095-4652-aae4-8de96a016ea8 0d17a3b6a9b5451492e66aefd4f235dc 3308dde9f672402eae73c63366cc0f4e - - default default] 10.0.0.12 "DELETE /v2.0/security-groups/5d2cb84e-69c8-4664-9568-5cf462e0ea57 HTTP/1.1" status: 204 len: 168 time: 0.2063622
2026-04-29 03:02:17.090 9 INFO neutron.api.wsgi [req-7f06162d-7e6f-4f6f-9d09-7b9f4ff50be0 req-41771465-6c7f-440c-b544-4a5fff9067bf 64cf1d05996c4142804f84a171a1509d 4b0f8c9310ae45c096c78d86757fbc19 - - default default] 10.0.0.46 "GET /v2.0/ports?device_id=99016e1a-6766-4d99-9e59-0f58555da7f9 HTTP/1.1" status: 200 len: 210 time: 0.0207810
2026-04-29 03:02:17.301 9 INFO neutron.api.wsgi [req-0ff3ed31-c63c-4798-8321-551cc3b61057 req-fb2c3136-a7be-4711-9fcd-d476229e530c f8d0ec0e128d48628a5571dd38cde1fd 6dd32dd71c484f9f9a1332ff881a48f7 - - default default] 10.0.0.46 "GET /v2.0/ports?device_id=3722a49a-6fcc-433c-95c3-91894ebf2b24 HTTP/1.1" status: 200 len: 210 time: 0.0161769
2026-04-29 03:02:17.583 9 INFO neutron.api.wsgi [req-259e7976-f42d-4daa-948f-7626030363eb req-3428373b-e258-4506-a6f7-338cc5026d64 bfaecb8be00e47a792f032ea1703f401 977475054c794086af548a6010620800 - - default default] 10.0.0.46 "GET /v2.0/ports?device_id=499b2971-b7e5-4d5c-b207-bd1e2db3e3c4 HTTP/1.1" status: 200 len: 210 time: 0.0140908
2026-04-29 03:02:18.168 9 INFO neutron.api.wsgi [req-1292100e-c398-4462-8887-15633cfeb1b2 req-46b1a2f1-f9dd-455a-870a-286bd1072e9c 64cf1d05996c4142804f84a171a1509d 4b0f8c9310ae45c096c78d86757fbc19 - - default default] 10.0.0.46 "GET /v2.0/ports?device_id=99016e1a-6766-4d99-9e59-0f58555da7f9 HTTP/1.1" status: 200 len: 210 time: 0.0192466
2026-04-29 03:02:18.389 9 INFO neutron.api.wsgi [req-a768f5de-3d8c-4447-887e-624577d92b7e req-d400093b-b448-466f-9678-e627617da696 f8d0ec0e128d48628a5571dd38cde1fd 6dd32dd71c484f9f9a1332ff881a48f7 - - default default] 10.0.0.46 "GET /v2.0/ports?device_id=3722a49a-6fcc-433c-95c3-91894ebf2b24 HTTP/1.1" status: 200 len: 210 time: 0.0186141
2026-04-29 03:02:18.670 9 INFO neutron.api.wsgi [req-a4ff0588-3db2-4126-ad95-4b262199238f req-5e362362-2a2e-4d0a-b22e-3b1ffedd0967 bfaecb8be00e47a792f032ea1703f401 977475054c794086af548a6010620800 - - default default] 10.0.0.46 "GET /v2.0/ports?device_id=499b2971-b7e5-4d5c-b207-bd1e2db3e3c4 HTTP/1.1" status: 200 len: 210 time: 0.0173790
2026-04-29 03:02:18.842 9 INFO neutron.api.wsgi [req-d0520d24-e2e5-4fed-bc8b-7181ce2525ca req-c8fcde6a-759f-4af0-892b-54f0b72f35cc f8d0ec0e128d48628a5571dd38cde1fd 6dd32dd71c484f9f9a1332ff881a48f7 - - default default] 199.204.45.25 "GET /v2.0/networks?id=aaa86047-3765-40c4-83e0-b6915e2b32a9 HTTP/1.1" status: 200 len: 872 time: 0.0430865
2026-04-29 03:02:18.879 9 INFO neutron.api.wsgi [req-d0520d24-e2e5-4fed-bc8b-7181ce2525ca req-104205da-8f92-4b24-93b1-aaeaec5b2b75 f8d0ec0e128d48628a5571dd38cde1fd 6dd32dd71c484f9f9a1332ff881a48f7 - - default default] 199.204.45.25 "GET /v2.0/security-groups?fields=id&fields=name&tenant_id=6dd32dd71c484f9f9a1332ff881a48f7 HTTP/1.1" status: 200 len: 472 time: 0.0310233
2026-04-29 03:02:18.890 9 WARNING neutron_lib.context [req-d0520d24-e2e5-4fed-bc8b-7181ce2525ca req-e8f3d2f9-b4ac-4d3b-83cf-10d5d6c4d384 f8d0ec0e128d48628a5571dd38cde1fd 6dd32dd71c484f9f9a1332ff881a48f7 - - default default] Method 'is_advsvc' is deprecated since 2023.2 release (neutron-lib 3.8.0) and will be removed once support for the old RBAC API policies will be removed from Neutron. Please use method 'is_service_role' instead.
2026-04-29 03:02:19.189 9 WARNING neutron.scheduler.dhcp_agent_scheduler [req-d0520d24-e2e5-4fed-bc8b-7181ce2525ca req-e8f3d2f9-b4ac-4d3b-83cf-10d5d6c4d384 f8d0ec0e128d48628a5571dd38cde1fd 6dd32dd71c484f9f9a1332ff881a48f7 - - default default] No more DHCP agents
2026-04-29 03:02:19.190 9 WARNING neutron.api.rpc.agentnotifiers.dhcp_rpc_agent_api [req-d0520d24-e2e5-4fed-bc8b-7181ce2525ca req-e8f3d2f9-b4ac-4d3b-83cf-10d5d6c4d384 f8d0ec0e128d48628a5571dd38cde1fd 6dd32dd71c484f9f9a1332ff881a48f7 - - default default] Unable to schedule network aaa86047-3765-40c4-83e0-b6915e2b32a9: no agents available; will retry on subsequent port and subnet creation events. /var/lib/openstack/lib/python3.12/site-packages/pycadf/identifier.py:71: UserWarning: Invalid uuid: neutron. To ensure interoperability, identifiers should be a valid uuid. warnings.warn(('Invalid uuid: %s. To ensure interoperability, '
2026-04-29 03:02:19.248 9 INFO neutron.api.wsgi [req-4acf8172-824c-4e9e-a582-a2ca4d632afc req-00726ec1-bfda-48de-bcbd-f456a4c4a126 64cf1d05996c4142804f84a171a1509d 4b0f8c9310ae45c096c78d86757fbc19 - - default default] 10.0.0.46 "GET /v2.0/ports?device_id=99016e1a-6766-4d99-9e59-0f58555da7f9 HTTP/1.1" status: 200 len: 210 time: 0.0178232
2026-04-29 03:02:19.326 9 INFO neutron.db.ovn_revision_numbers_db [req-d0520d24-e2e5-4fed-bc8b-7181ce2525ca req-e8f3d2f9-b4ac-4d3b-83cf-10d5d6c4d384 f8d0ec0e128d48628a5571dd38cde1fd 6dd32dd71c484f9f9a1332ff881a48f7 - - default default] Successfully bumped revision number for resource 3fee9986-f75c-4f72-bf92-230d6dcf9cc2 (type: ports) to 1
2026-04-29 03:02:19.348 9 INFO neutron.api.wsgi [req-d0520d24-e2e5-4fed-bc8b-7181ce2525ca req-e8f3d2f9-b4ac-4d3b-83cf-10d5d6c4d384 f8d0ec0e128d48628a5571dd38cde1fd 6dd32dd71c484f9f9a1332ff881a48f7 - - default default] 199.204.45.25 "POST /v2.0/ports HTTP/1.1" status: 201 len: 1201 time: 0.4640551
2026-04-29 03:02:19.443 10 WARNING neutron.plugins.ml2.drivers.ovn.mech_driver.ovsdb.ovn_client [None req-dd90eba7-6367-4e99-9ef6-6806bc86442e - - - - - -] No hosting information found for port 8bab83e0-4784-4531-95a7-c7bb5c6e2788: RuntimeError: No hosting information found for port 8bab83e0-4784-4531-95a7-c7bb5c6e2788
2026-04-29 03:02:19.507 10 INFO neutron.db.ovn_revision_numbers_db [None req-dd90eba7-6367-4e99-9ef6-6806bc86442e - - - - - -] Successfully bumped revision number for resource 8bab83e0-4784-4531-95a7-c7bb5c6e2788 (type: router_ports) to 2
2026-04-29 03:02:19.541 9 INFO neutron.api.wsgi [req-84bd5450-0532-464c-9afc-6366028aeeb3 req-575800d9-a735-46bd-8d2c-1e6fbf45fe7a f8d0ec0e128d48628a5571dd38cde1fd 6dd32dd71c484f9f9a1332ff881a48f7 - - default default] 10.0.0.46 "GET /v2.0/ports?device_id=3722a49a-6fcc-433c-95c3-91894ebf2b24 HTTP/1.1" status: 200 len: 1200 time: 0.0951388
2026-04-29 03:02:19.589 9 INFO neutron.api.wsgi [req-84bd5450-0532-464c-9afc-6366028aeeb3 req-636f18c5-e34b-4640-b0fb-04be7826c8ca f8d0ec0e128d48628a5571dd38cde1fd 6dd32dd71c484f9f9a1332ff881a48f7 - - default default] 10.0.0.46 "GET /v2.0/security-groups?id=b9f623f7-1d25-4b53-ba18-48501d079ea2&id=2b1f5d1d-30ab-4e27-a30b-b383e669ee36&fields=id&fields=name HTTP/1.1" status: 200 len: 405 time: 0.0414200 /var/lib/openstack/lib/python3.12/site-packages/pycadf/identifier.py:71: UserWarning: Invalid uuid: neutron. To ensure interoperability, identifiers should be a valid uuid. warnings.warn(('Invalid uuid: %s. To ensure interoperability, '
2026-04-29 03:02:19.755 9 INFO neutron.api.wsgi [req-6dd866ea-dd5a-499b-b7e5-62f7cad1dd37 req-166c3ed3-487b-4088-9e07-75f5e5d4ec8d bfaecb8be00e47a792f032ea1703f401 977475054c794086af548a6010620800 - - default default] 10.0.0.46 "GET /v2.0/ports?device_id=499b2971-b7e5-4d5c-b207-bd1e2db3e3c4 HTTP/1.1" status: 200 len: 210 time: 0.0156937
2026-04-29 03:02:19.757 9 INFO neutron.db.ovn_revision_numbers_db [req-d0520d24-e2e5-4fed-bc8b-7181ce2525ca req-0a6801e5-d8d0-456c-b80f-51b293dffdf0 12fffdedbb1647be8e3aa7315a4eb847 e771c9caa2f9493cbfaba4d0ad4608ac - - c893072840914529953fbcb8af47df1e c893072840914529953fbcb8af47df1e] Successfully bumped revision number for resource 3fee9986-f75c-4f72-bf92-230d6dcf9cc2 (type: ports) to 2
2026-04-29 03:02:19.957 9 INFO neutron.db.ovn_revision_numbers_db [req-d0520d24-e2e5-4fed-bc8b-7181ce2525ca req-0a6801e5-d8d0-456c-b80f-51b293dffdf0 12fffdedbb1647be8e3aa7315a4eb847 e771c9caa2f9493cbfaba4d0ad4608ac - - c893072840914529953fbcb8af47df1e c893072840914529953fbcb8af47df1e] Successfully bumped revision number for resource 3fee9986-f75c-4f72-bf92-230d6dcf9cc2 (type: ports) to 4
2026-04-29 03:02:19.979 9 INFO neutron.api.wsgi [req-d0520d24-e2e5-4fed-bc8b-7181ce2525ca req-0a6801e5-d8d0-456c-b80f-51b293dffdf0 12fffdedbb1647be8e3aa7315a4eb847 e771c9caa2f9493cbfaba4d0ad4608ac - - c893072840914529953fbcb8af47df1e c893072840914529953fbcb8af47df1e] 199.204.45.25 "PUT /v2.0/ports/3fee9986-f75c-4f72-bf92-230d6dcf9cc2 HTTP/1.1" status: 200 len: 1447 time: 0.6239321
2026-04-29 03:02:20.011 9 INFO neutron.notifiers.nova [-] Nova event matching ['req-f2750d20-0151-4a74-b52f-3300148f1b95'] response: {'name': 'network-changed', 'server_uuid': '3722a49a-6fcc-433c-95c3-91894ebf2b24', 'tag': '3fee9986-f75c-4f72-bf92-230d6dcf9cc2', 'status': 'completed', 'code': 200} /var/lib/openstack/lib/python3.12/site-packages/pycadf/identifier.py:71: UserWarning: Invalid uuid: neutron. To ensure interoperability, identifiers should be a valid uuid. warnings.warn(('Invalid uuid: %s. To ensure interoperability, '
2026-04-29 03:02:20.322 9 INFO neutron.api.wsgi [req-66438644-d4e6-410c-96a3-76095d9494ea req-0b16236f-8a65-41e0-aa1e-71e034bbeb30 64cf1d05996c4142804f84a171a1509d 4b0f8c9310ae45c096c78d86757fbc19 - - default default] 10.0.0.46 "GET /v2.0/ports?device_id=99016e1a-6766-4d99-9e59-0f58555da7f9 HTTP/1.1" status: 200 len: 210 time: 0.0182953
2026-04-29 03:02:20.550 9 INFO neutron.api.wsgi [req-b5a1a7d3-a994-4562-964b-3b716c23ab04 req-247fc2bf-741c-4ce5-b74c-d73e61cdb18c 12fffdedbb1647be8e3aa7315a4eb847 e771c9caa2f9493cbfaba4d0ad4608ac - - c893072840914529953fbcb8af47df1e c893072840914529953fbcb8af47df1e] 199.204.45.25 "GET /v2.0/ports?tenant_id=6dd32dd71c484f9f9a1332ff881a48f7&device_id=3722a49a-6fcc-433c-95c3-91894ebf2b24 HTTP/1.1" status: 200 len: 1450 time: 0.0326509
2026-04-29 03:02:20.597 9 INFO neutron.api.wsgi [req-b5a1a7d3-a994-4562-964b-3b716c23ab04 req-c9e5ecd8-74e8-49ac-9ce2-252b2442f9b5 12fffdedbb1647be8e3aa7315a4eb847 e771c9caa2f9493cbfaba4d0ad4608ac - - c893072840914529953fbcb8af47df1e c893072840914529953fbcb8af47df1e] 199.204.45.25 "GET /v2.0/networks?tenant_id=6dd32dd71c484f9f9a1332ff881a48f7&shared=False HTTP/1.1" status: 200 len: 971 time: 0.0412099
2026-04-29 03:02:20.644 9 INFO neutron.api.wsgi [req-b5a1a7d3-a994-4562-964b-3b716c23ab04 req-0a5c25b6-bbd2-4301-8b18-bbe992f4e445 12fffdedbb1647be8e3aa7315a4eb847 e771c9caa2f9493cbfaba4d0ad4608ac - - c893072840914529953fbcb8af47df1e c893072840914529953fbcb8af47df1e] 199.204.45.25 "GET /v2.0/networks?shared=True HTTP/1.1" status: 200 len: 952 time: 0.0414605
2026-04-29 03:02:20.689 9 INFO neutron.api.wsgi [req-9fe8648c-1932-4306-8326-d29120033a36 req-38f37cf4-50e3-4e2f-be5c-9961c0ab6110 f8d0ec0e128d48628a5571dd38cde1fd 6dd32dd71c484f9f9a1332ff881a48f7 - - default default] 10.0.0.46 "GET /v2.0/ports?device_id=3722a49a-6fcc-433c-95c3-91894ebf2b24 HTTP/1.1" status: 200 len: 1212 time: 0.0346982
2026-04-29 03:02:20.736 9 INFO neutron.api.wsgi [req-9fe8648c-1932-4306-8326-d29120033a36 req-d88a5ffb-7129-4286-9493-9053387b27de f8d0ec0e128d48628a5571dd38cde1fd 6dd32dd71c484f9f9a1332ff881a48f7 - - default default] 10.0.0.46 "GET /v2.0/security-groups?id=b9f623f7-1d25-4b53-ba18-48501d079ea2&id=2b1f5d1d-30ab-4e27-a30b-b383e669ee36&fields=id&fields=name HTTP/1.1" status: 200 len: 405 time: 0.0412078
2026-04-29 03:02:20.941 9 INFO neutron.api.wsgi [None req-0677d5a2-3939-49ca-a7bb-2806b14980ef bfaecb8be00e47a792f032ea1703f401 977475054c794086af548a6010620800 - - default default] 10.0.0.12 "DELETE /v2.0/security-groups/6006e147-bc47-4c82-9e4c-eda712a7ce35 HTTP/1.1" status: 204 len: 168 time: 0.1056812
2026-04-29 03:02:20.953 9 INFO neutron.api.v2.resource [None req-8a3eb61f-33c9-4eb5-8310-df368b36ec98 bfaecb8be00e47a792f032ea1703f401 977475054c794086af548a6010620800 - - default default] show failed (client error): The resource could not be found.
2026-04-29 03:02:20.954 9 INFO neutron.api.wsgi [None req-8a3eb61f-33c9-4eb5-8310-df368b36ec98 bfaecb8be00e47a792f032ea1703f401 977475054c794086af548a6010620800 - - default default] 10.0.0.12 "GET /v2.0/security-groups/6006e147-bc47-4c82-9e4c-eda712a7ce35 HTTP/1.1" status: 404 len: 347 time: 0.0096893
2026-04-29 03:02:21.211 9 INFO neutron.api.wsgi [None req-02c54462-8f12-4744-83a6-32ac0b185d51 bfaecb8be00e47a792f032ea1703f401 977475054c794086af548a6010620800 - - default default] 10.0.0.12 "DELETE /v2.0/floatingips/ca256620-b7d7-45c3-933f-ebfba50d3a77 HTTP/1.1" status: 204 len: 168 time: 0.2512662
2026-04-29 03:02:21.404 9 INFO neutron.api.wsgi [req-5618a984-f833-4f2a-9517-fdd03b412d92 req-a9e1136b-cd1d-4a0d-9841-0b053a7faf15 64cf1d05996c4142804f84a171a1509d 4b0f8c9310ae45c096c78d86757fbc19 - - default default] 10.0.0.46 "GET /v2.0/ports?device_id=99016e1a-6766-4d99-9e59-0f58555da7f9 HTTP/1.1" status: 200 len: 210 time: 0.0196748
2026-04-29 03:02:21.695 9 INFO neutron.api.wsgi [req-d0520d24-e2e5-4fed-bc8b-7181ce2525ca req-92dc1342-052d-433b-abfb-ca8d43bad31d 12fffdedbb1647be8e3aa7315a4eb847 e771c9caa2f9493cbfaba4d0ad4608ac - - c893072840914529953fbcb8af47df1e c893072840914529953fbcb8af47df1e] 199.204.45.25 "GET /v2.0/ports?tenant_id=6dd32dd71c484f9f9a1332ff881a48f7&device_id=3722a49a-6fcc-433c-95c3-91894ebf2b24 HTTP/1.1" status: 200 len: 1450 time: 0.0319934
2026-04-29 03:02:21.713 9 INFO neutron.api.wsgi [req-d0520d24-e2e5-4fed-bc8b-7181ce2525ca req-fad07695-d005-49ed-80c9-52db7e783cc4 12fffdedbb1647be8e3aa7315a4eb847 e771c9caa2f9493cbfaba4d0ad4608ac - - c893072840914529953fbcb8af47df1e c893072840914529953fbcb8af47df1e] 199.204.45.25 "GET /v2.0/floatingips?fixed_ip_address=10.100.0.14&port_id=3fee9986-f75c-4f72-bf92-230d6dcf9cc2 HTTP/1.1" status: 200 len: 217 time: 0.0128710
2026-04-29 03:02:21.761 9 INFO neutron.api.wsgi [req-d0520d24-e2e5-4fed-bc8b-7181ce2525ca req-81728912-5cdb-40ac-ad9d-da98482ae50f 12fffdedbb1647be8e3aa7315a4eb847 e771c9caa2f9493cbfaba4d0ad4608ac - - c893072840914529953fbcb8af47df1e c893072840914529953fbcb8af47df1e] 199.204.45.25 "GET /v2.0/subnets?id=4be4b62f-a997-4968-a1f4-583f3be04db9 HTTP/1.1" status: 200 len: 890 time: 0.0402453
2026-04-29 03:02:21.780 9 INFO neutron.api.wsgi [req-d0520d24-e2e5-4fed-bc8b-7181ce2525ca req-f06378dc-5e94-40d9-a2ca-836cb0d98169 12fffdedbb1647be8e3aa7315a4eb847 e771c9caa2f9493cbfaba4d0ad4608ac - - c893072840914529953fbcb8af47df1e c893072840914529953fbcb8af47df1e] 199.204.45.25 "GET /v2.0/ports?network_id=aaa86047-3765-40c4-83e0-b6915e2b32a9&device_owner=network%3Adhcp HTTP/1.1" status: 200 len: 210 time: 0.0153906
2026-04-29 03:02:21.830 9 INFO neutron.api.wsgi [req-72c1ba55-05d9-4cfe-b81f-cb67a777b26e req-8d416dcf-4857-4cca-8f33-a4f9e3e34f76 f8d0ec0e128d48628a5571dd38cde1fd 6dd32dd71c484f9f9a1332ff881a48f7 - - default default] 10.0.0.46 "GET /v2.0/ports?device_id=3722a49a-6fcc-433c-95c3-91894ebf2b24 HTTP/1.1" status: 200 len: 1212 time: 0.0378683
2026-04-29 03:02:21.844 9 INFO neutron.api.wsgi [req-d0520d24-e2e5-4fed-bc8b-7181ce2525ca req-cd34a85b-6dfb-4988-bc6c-25e052a2a25c 12fffdedbb1647be8e3aa7315a4eb847 e771c9caa2f9493cbfaba4d0ad4608ac - - c893072840914529953fbcb8af47df1e c893072840914529953fbcb8af47df1e] 199.204.45.25 "GET /v2.0/networks/aaa86047-3765-40c4-83e0-b6915e2b32a9?fields=segments HTTP/1.1" status: 200 len: 212 time: 0.0602436
2026-04-29 03:02:21.888 9 INFO neutron.api.wsgi [req-72c1ba55-05d9-4cfe-b81f-cb67a777b26e req-64421334-1e34-4bc3-b2dc-cff915dd8b6c f8d0ec0e128d48628a5571dd38cde1fd 6dd32dd71c484f9f9a1332ff881a48f7 - - default default] 10.0.0.46 "GET /v2.0/security-groups?id=b9f623f7-1d25-4b53-ba18-48501d079ea2&id=2b1f5d1d-30ab-4e27-a30b-b383e669ee36&fields=id&fields=name HTTP/1.1" status: 200 len: 405 time: 0.0505214
2026-04-29 03:02:21.906 9 INFO neutron.api.wsgi [req-d0520d24-e2e5-4fed-bc8b-7181ce2525ca req-ba11724a-bb21-44ac-921e-bbabc72b8b5a 12fffdedbb1647be8e3aa7315a4eb847 e771c9caa2f9493cbfaba4d0ad4608ac - - c893072840914529953fbcb8af47df1e c893072840914529953fbcb8af47df1e] 199.204.45.25 "GET /v2.0/networks/aaa86047-3765-40c4-83e0-b6915e2b32a9?fields=provider%3Aphysical_network&fields=provider%3Anetwork_type HTTP/1.1" status: 200 len: 277 time: 0.0568590
2026-04-29 03:02:22.064 9 INFO neutron.api.wsgi [req-71359e22-54a6-4449-bb76-486387be8220 req-a5b1683b-9eb4-4e83-ae03-75ba16b36a97 64cf1d05996c4142804f84a171a1509d 4b0f8c9310ae45c096c78d86757fbc19 - - default default] 199.204.45.25 "GET /v2.0/networks?id=4ce8e0f3-7dd8-4728-85a2-5c4dffd540ae HTTP/1.1" status: 200 len: 875 time: 0.0467575
2026-04-29 03:02:22.110 9 INFO neutron.api.wsgi [req-71359e22-54a6-4449-bb76-486387be8220 req-2bc1454a-541f-45ba-aba2-3386b595195b 64cf1d05996c4142804f84a171a1509d 4b0f8c9310ae45c096c78d86757fbc19 - - default default] 199.204.45.25 "GET /v2.0/security-groups?fields=id&fields=name&tenant_id=4b0f8c9310ae45c096c78d86757fbc19 HTTP/1.1" status: 200 len: 379 time: 0.0373039
2026-04-29 03:02:22.129 9 WARNING neutron_lib.context [req-71359e22-54a6-4449-bb76-486387be8220 req-12c2ddcd-5a58-4d5c-aa34-6ff22d320306 64cf1d05996c4142804f84a171a1509d 4b0f8c9310ae45c096c78d86757fbc19 - - default default] Method 'is_advsvc' is deprecated since 2023.2 release (neutron-lib 3.8.0) and will be removed once support for the old RBAC API policies will be removed from Neutron. Please use method 'is_service_role' instead.
2026-04-29 03:02:22.326 10 INFO neutron.db.ovn_revision_numbers_db [None req-1fe70bf8-c7d0-466d-ada3-49e6a6be44af 0d17a3b6a9b5451492e66aefd4f235dc 3308dde9f672402eae73c63366cc0f4e - - default default] Successfully bumped revision number for resource c877f371-7b30-4e28-b7ea-ed1828823198 (type: security_groups) to 1
2026-04-29 03:02:22.343 10 INFO neutron.db.ovn_revision_numbers_db [None req-1fe70bf8-c7d0-466d-ada3-49e6a6be44af 0d17a3b6a9b5451492e66aefd4f235dc 3308dde9f672402eae73c63366cc0f4e - - default default] Successfully bumped revision number for resource 1b4d9ccf-638f-48ad-a763-6302a5f1e9ea (type: security_group_rules) to 0
2026-04-29 03:02:22.361 10 INFO neutron.db.ovn_revision_numbers_db [None req-1fe70bf8-c7d0-466d-ada3-49e6a6be44af 0d17a3b6a9b5451492e66aefd4f235dc 3308dde9f672402eae73c63366cc0f4e - - default default] Successfully bumped revision number for resource 57e6d5da-b119-4b14-bb07-c4c4a903db77 (type: security_group_rules) to 0
