2026-04-29 03:01:21.734 10 INFO neutron.api.wsgi [None req-a927a326-4015-4fd6-8915-0ca9452ce4b9 9eaf96ff57404a08bf733400211d3e3d 9a30bef6e8ee424bb497ec86d09f739b - - default default] 10.0.0.12 "GET /v2.0/extensions/quotas HTTP/1.1" status: 200 len: 386 time: 0.0057762
2026-04-29 03:01:21.749 10 INFO neutron.api.wsgi [None req-5169e57c-f62b-4170-a953-e99e3f39366f 9eaf96ff57404a08bf733400211d3e3d 9a30bef6e8ee424bb497ec86d09f739b - - default default] 10.0.0.12 "GET /v2.0/extensions/quota_details HTTP/1.1" status: 200 len: 407 time: 0.0056994
2026-04-29 03:01:21.761 10 INFO neutron.api.wsgi [None req-94852afb-cfa3-49b8-b766-64687fa13d87 9eaf96ff57404a08bf733400211d3e3d 9a30bef6e8ee424bb497ec86d09f739b - - default default] 10.0.0.12 "GET /v2.0/extensions/rbac-policies HTTP/1.1" status: 200 len: 417 time: 0.0076051
2026-04-29 03:01:21.772 9 INFO neutron.api.wsgi [None req-38c617a8-994c-4d05-8603-7c011aa50a5d 9eaf96ff57404a08bf733400211d3e3d 9a30bef6e8ee424bb497ec86d09f739b - - default default] 10.0.0.12 "GET /v2.0/extensions/rbac-address-scope HTTP/1.1" status: 200 len: 384 time: 0.0060630
2026-04-29 03:01:21.780 9 INFO neutron.api.wsgi [None req-fd95d772-8a09-46ad-8d90-1258ffdd65b6 9eaf96ff57404a08bf733400211d3e3d 9a30bef6e8ee424bb497ec86d09f739b - - default default] 10.0.0.12 "GET /v2.0/extensions/rbac-security-groups HTTP/1.1" status: 200 len: 404 time: 0.0039375
2026-04-29 03:01:21.788 10 INFO neutron.api.wsgi [None req-4cf29a1e-29ca-4c69-88ab-2df779558f2a 9eaf96ff57404a08bf733400211d3e3d 9a30bef6e8ee424bb497ec86d09f739b - - default default] 10.0.0.12 "GET /v2.0/extensions/revision-if-match HTTP/1.1" status: 200 len: 441 time: 0.0051367
2026-04-29 03:01:21.796 10 INFO neutron.api.wsgi [None req-dde79da7-edc1-411a-812f-a4eb009c43c3 9eaf96ff57404a08bf733400211d3e3d 9a30bef6e8ee424bb497ec86d09f739b - - default default] 10.0.0.12 "GET /v2.0/extensions/standard-attr-revisions HTTP/1.1" status: 200 len: 423 time: 0.0039356
2026-04-29 03:01:21.798 9 INFO neutron.api.wsgi [req-cb21c876-abea-4fb6-b8a0-9d87d1548819 req-14bdf319-03e0-4933-80a8-8750db78eeed 12fffdedbb1647be8e3aa7315a4eb847 e771c9caa2f9493cbfaba4d0ad4608ac - - c893072840914529953fbcb8af47df1e c893072840914529953fbcb8af47df1e] 199.204.45.25 "GET /v2.0/networks/79fa142c-ab5a-42bf-8479-24a0f1af214e?fields=segments HTTP/1.1" status: 200 len: 212 time: 0.2058470
2026-04-29 03:01:21.804 9 INFO neutron.api.wsgi [None req-edd437ac-9dac-4b10-8761-02f5752a9231 9eaf96ff57404a08bf733400211d3e3d 9a30bef6e8ee424bb497ec86d09f739b - - default default] 10.0.0.12 "GET /v2.0/extensions/router_availability_zone HTTP/1.1" status: 200 len: 391 time: 0.0038455
2026-04-29 03:01:21.811 10 INFO neutron.api.wsgi [None req-e393e6c1-f0dd-4769-8f2a-9659129e4960 9eaf96ff57404a08bf733400211d3e3d 9a30bef6e8ee424bb497ec86d09f739b - - default default] 10.0.0.12 "GET /v2.0/extensions/security-groups-default-rules HTTP/1.1" status: 200 len: 456 time: 0.0042031
2026-04-29 03:01:21.819 10 INFO neutron.api.wsgi [None req-41913ec0-2315-41ba-9a5a-bb0d51f87a2a 9eaf96ff57404a08bf733400211d3e3d 9a30bef6e8ee424bb497ec86d09f739b - - default default] 10.0.0.12 "GET /v2.0/extensions/security-groups-normalized-cidr HTTP/1.1" status: 200 len: 445 time: 0.0055754
2026-04-29 03:01:21.829 10 INFO neutron.api.wsgi [None req-9d02901d-fcc5-44c0-a1f4-fe75b59a9049 9eaf96ff57404a08bf733400211d3e3d 9a30bef6e8ee424bb497ec86d09f739b - - default default] 10.0.0.12 "GET /v2.0/extensions/security-groups-remote-address-group HTTP/1.1" status: 200 len: 448 time: 0.0061419
2026-04-29 03:01:21.838 9 INFO neutron.api.wsgi [None req-1813f1b5-8d3a-4c83-961f-d222949623e7 9eaf96ff57404a08bf733400211d3e3d 9a30bef6e8ee424bb497ec86d09f739b - - default default] 10.0.0.12 "GET /v2.0/extensions/security-groups-rules-belongs-to-default-sg HTTP/1.1" status: 200 len: 508 time: 0.0052648
2026-04-29 03:01:21.848 10 INFO neutron.api.wsgi [None req-2c786628-de0c-4295-b3f2-e63095a9fc22 9eaf96ff57404a08bf733400211d3e3d 9a30bef6e8ee424bb497ec86d09f739b - - default default] 10.0.0.12 "GET /v2.0/extensions/security-groups-shared-filtering HTTP/1.1" status: 200 len: 435 time: 0.0051432
2026-04-29 03:01:21.848 9 INFO neutron.api.wsgi [req-cb21c876-abea-4fb6-b8a0-9d87d1548819 req-2a08c14a-dfa4-4e67-bcfa-e512eced3697 12fffdedbb1647be8e3aa7315a4eb847 e771c9caa2f9493cbfaba4d0ad4608ac - - c893072840914529953fbcb8af47df1e c893072840914529953fbcb8af47df1e] 199.204.45.25 "GET /v2.0/networks/79fa142c-ab5a-42bf-8479-24a0f1af214e?fields=provider%3Aphysical_network&fields=provider%3Anetwork_type HTTP/1.1" status: 200 len: 277 time: 0.0443087
2026-04-29 03:01:21.856 9 INFO neutron.api.wsgi [None req-ba28a0ed-e0ce-48ea-ada4-52ddbd2c40f9 9eaf96ff57404a08bf733400211d3e3d 9a30bef6e8ee424bb497ec86d09f739b - - default default] 10.0.0.12 "GET /v2.0/extensions/security-group HTTP/1.1" status: 200 len: 364 time: 0.0039687
2026-04-29 03:01:21.864 9 INFO neutron.api.wsgi [None req-13332c77-bc92-4022-9aa2-44f2fb548c4f 9eaf96ff57404a08bf733400211d3e3d 9a30bef6e8ee424bb497ec86d09f739b - - default default] 10.0.0.12 "GET /v2.0/extensions/segment HTTP/1.1" status: 200 len: 339 time: 0.0037324
2026-04-29 03:01:21.872 9 INFO neutron.api.wsgi [None req-fbcd5698-e7b5-49f6-9c36-aede735738d6 9eaf96ff57404a08bf733400211d3e3d 9a30bef6e8ee424bb497ec86d09f739b - - default default] 10.0.0.12 "GET /v2.0/extensions/segments-peer-subnet-host-routes HTTP/1.1" status: 200 len: 427 time: 0.0038309
2026-04-29 03:01:21.880 9 INFO neutron.api.wsgi [None req-07bb5ea5-92ca-4ac0-9d2f-852a1c9d06a7 9eaf96ff57404a08bf733400211d3e3d 9a30bef6e8ee424bb497ec86d09f739b - - default default] 10.0.0.12 "GET /v2.0/extensions/service-type HTTP/1.1" status: 200 len: 415 time: 0.0043371
2026-04-29 03:01:21.886 9 INFO neutron.api.wsgi [None req-0fa61b81-ccf6-48c5-9846-e1627808b0a5 9eaf96ff57404a08bf733400211d3e3d 9a30bef6e8ee424bb497ec86d09f739b - - default default] 10.0.0.12 "GET /v2.0/extensions/sorting HTTP/1.1" status: 200 len: 377 time: 0.0037539
2026-04-29 03:01:21.892 10 WARNING neutron.scheduler.dhcp_agent_scheduler [None req-01e9eb24-944e-40f6-b5b6-f40d8a7387d6 4e6447db778146f49bfbeb7548b8e022 dbe0977cdcca4661b8cb39cdea1aecfb - - default default] No more DHCP agents
2026-04-29 03:01:21.893 10 WARNING neutron.api.rpc.agentnotifiers.dhcp_rpc_agent_api [None req-01e9eb24-944e-40f6-b5b6-f40d8a7387d6 4e6447db778146f49bfbeb7548b8e022 dbe0977cdcca4661b8cb39cdea1aecfb - - default default] Unable to schedule network 94738971-21a3-414a-ba70-2dd4ce24c361: no agents available; will retry on subsequent port and subnet creation events.
2026-04-29 03:01:21.894 9 INFO neutron.api.wsgi [None req-0d2806b4-46e8-4adb-94d2-35dbcc3d711e 9eaf96ff57404a08bf733400211d3e3d 9a30bef6e8ee424bb497ec86d09f739b - - default default] 10.0.0.12 "GET /v2.0/extensions/standard-attr-segment HTTP/1.1" status: 200 len: 406 time: 0.0037358
2026-04-29 03:01:21.901 9 INFO neutron.api.wsgi [None req-9d718207-3d51-4908-8408-3e0e0ab287f9 9eaf96ff57404a08bf733400211d3e3d 9a30bef6e8ee424bb497ec86d09f739b - - default default] 10.0.0.12 "GET /v2.0/extensions/standard-attr-description HTTP/1.1" status: 200 len: 408 time: 0.0037796
2026-04-29 03:01:21.909 9 INFO neutron.api.wsgi [None req-d253d0bf-3020-4810-9213-375738c25fb9 9eaf96ff57404a08bf733400211d3e3d 9a30bef6e8ee424bb497ec86d09f739b - - default default] 10.0.0.12 "GET /v2.0/extensions/stateful-security-group HTTP/1.1" status: 200 len: 402 time: 0.0040808
2026-04-29 03:01:21.918 9 INFO neutron.api.wsgi [None req-fca4a37f-fa20-456a-befe-a4736e4e0945 9eaf96ff57404a08bf733400211d3e3d 9a30bef6e8ee424bb497ec86d09f739b - - default default] 10.0.0.12 "GET /v2.0/extensions/subnet-dns-publish-fixed-ip HTTP/1.1" status: 200 len: 421 time: 0.0037720
2026-04-29 03:01:21.925 9 INFO neutron.api.wsgi [None req-6a18f06a-d7e4-4fc4-b2ad-ef48b653e3c8 9eaf96ff57404a08bf733400211d3e3d 9a30bef6e8ee424bb497ec86d09f739b - - default default] 10.0.0.12 "GET /v2.0/extensions/subnet-external-network HTTP/1.1" status: 200 len: 418 time: 0.0036278
2026-04-29 03:01:21.934 10 INFO neutron.api.wsgi [None req-c4af16b8-a07b-4049-a754-4c3a3650946e 9eaf96ff57404a08bf733400211d3e3d 9a30bef6e8ee424bb497ec86d09f739b - - default default] 10.0.0.12 "GET /v2.0/extensions/subnet-segmentid-writable HTTP/1.1" status: 200 len: 421 time: 0.0052052
2026-04-29 03:01:21.944 9 INFO neutron.api.wsgi [None req-94f28a1c-de08-45c3-80db-667d4a1d6b9a 9eaf96ff57404a08bf733400211d3e3d 9a30bef6e8ee424bb497ec86d09f739b - - default default] 10.0.0.12 "GET /v2.0/extensions/subnet-service-types HTTP/1.1" status: 200 len: 400 time: 0.0056713
2026-04-29 03:01:21.952 10 INFO neutron.api.wsgi [None req-8dc17fc2-3b03-4f8a-b7d7-723efd420e0d 9eaf96ff57404a08bf733400211d3e3d 9a30bef6e8ee424bb497ec86d09f739b - - default default] 10.0.0.12 "GET /v2.0/extensions/subnet_allocation HTTP/1.1" status: 200 len: 388 time: 0.0033472
2026-04-29 03:01:21.961 9 INFO neutron.api.wsgi [None req-bc642f92-cbab-46ca-8d2b-61524c6cd31a 9eaf96ff57404a08bf733400211d3e3d 9a30bef6e8ee424bb497ec86d09f739b - - default default] 10.0.0.12 "GET /v2.0/extensions/subnetpool-prefix-ops HTTP/1.1" status: 200 len: 418 time: 0.0057435
2026-04-29 03:01:21.968 9 INFO neutron.api.wsgi [None req-c1fdada1-cce3-4c18-b141-e8d51ccda64d 9eaf96ff57404a08bf733400211d3e3d 9a30bef6e8ee424bb497ec86d09f739b - - default default] 10.0.0.12 "GET /v2.0/extensions/tag-creation HTTP/1.1" status: 200 len: 384 time: 0.0037105
2026-04-29 03:01:21.976 9 INFO neutron.api.wsgi [None req-b32dc0b6-49cf-405c-8d52-d5bd86358e08 9eaf96ff57404a08bf733400211d3e3d 9a30bef6e8ee424bb497ec86d09f739b - - default default] 10.0.0.12 "GET /v2.0/extensions/standard-attr-tag HTTP/1.1" status: 200 len: 537 time: 0.0036902
2026-04-29 03:01:21.982 9 INFO neutron.api.wsgi [None req-b42756d3-af19-417e-a2d8-6a8b3abfc06f 9eaf96ff57404a08bf733400211d3e3d 9a30bef6e8ee424bb497ec86d09f739b - - default default] 10.0.0.12 "GET /v2.0/extensions/standard-attr-timestamp HTTP/1.1" status: 200 len: 449 time: 0.0036478
2026-04-29 03:01:21.989 9 INFO neutron.api.wsgi [None req-0d990d83-af4b-4d24-b835-72c6fe840f24 9eaf96ff57404a08bf733400211d3e3d 9a30bef6e8ee424bb497ec86d09f739b - - default default] 10.0.0.12 "GET /v2.0/extensions/trunk HTTP/1.1" status: 200 len: 358 time: 0.0040343
2026-04-29 03:01:21.996 9 INFO neutron.api.wsgi [None req-9e940ca4-1c59-42dd-aa93-ed6972ddd141 9eaf96ff57404a08bf733400211d3e3d 9a30bef6e8ee424bb497ec86d09f739b - - default default] 10.0.0.12 "GET /v2.0/extensions/trunk-details HTTP/1.1" status: 200 len: 362 time: 0.0038650
2026-04-29 03:01:21.996 10 WARNING neutron.plugins.ml2.drivers.ovn.mech_driver.ovsdb.ovn_client [None req-61f655ce-bb61-4553-80e6-4a1246596017 - - - - - -] No hosting information found for port d89cf5d0-1d96-4793-a280-0b9e1b007199: RuntimeError: No hosting information found for port d89cf5d0-1d96-4793-a280-0b9e1b007199
2026-04-29 03:01:22.003 9 INFO neutron.api.wsgi [None req-974e6002-d4f9-4d73-810a-3961d479c563 9eaf96ff57404a08bf733400211d3e3d 9a30bef6e8ee424bb497ec86d09f739b - - default default] 10.0.0.12 "GET /v2.0/extensions/vpn-agent-scheduler HTTP/1.1" status: 200 len: 393 time: 0.0037906
2026-04-29 03:01:22.010 9 INFO neutron.api.wsgi [None req-da15c2e8-a8a8-4c9b-940f-a63c767871ee 9eaf96ff57404a08bf733400211d3e3d 9a30bef6e8ee424bb497ec86d09f739b - - default default] 10.0.0.12 "GET /v2.0/extensions/vpn-endpoint-groups HTTP/1.1" status: 200 len: 371 time: 0.0037131
2026-04-29 03:01:22.018 9 INFO neutron.api.wsgi [None req-0be6b8c5-2c13-444b-8965-e6ea09617c5c 9eaf96ff57404a08bf733400211d3e3d 9a30bef6e8ee424bb497ec86d09f739b - - default default] 10.0.0.12 "GET /v2.0/extensions/vpn-flavors HTTP/1.1" status: 200 len: 376 time: 0.0040190
2026-04-29 03:01:22.025 9 INFO neutron.api.wsgi [None req-712c87a6-ccc1-4c89-91e9-4326edf964e0 9eaf96ff57404a08bf733400211d3e3d 9a30bef6e8ee424bb497ec86d09f739b - - default default] 10.0.0.12 "GET /v2.0/extensions/vpnaas HTTP/1.1" status: 200 len: 348 time: 0.0037730
2026-04-29 03:01:22.069 10 INFO neutron.db.ovn_revision_numbers_db [None req-61f655ce-bb61-4553-80e6-4a1246596017 - - - - - -] Successfully bumped revision number for resource d89cf5d0-1d96-4793-a280-0b9e1b007199 (type: router_ports) to 2
2026-04-29 03:01:22.157 10 INFO neutron.plugins.ml2.drivers.ovn.mech_driver.mech_driver [None req-61f655ce-bb61-4553-80e6-4a1246596017 - - - - - -] OVN reports status up for port: d7deab6a-bd9b-4dd1-ab23-c542647e1612
2026-04-29 03:01:22.167 10 INFO neutron.plugins.ml2.plugin [None req-61f655ce-bb61-4553-80e6-4a1246596017 - - - - - -] Attempt 1 to provision port d7deab6a-bd9b-4dd1-ab23-c542647e1612
2026-04-29 03:01:22.171 10 INFO neutron.api.wsgi [None req-01e9eb24-944e-40f6-b5b6-f40d8a7387d6 4e6447db778146f49bfbeb7548b8e022 dbe0977cdcca4661b8cb39cdea1aecfb - - default default] 10.0.0.12 "POST /v2.0/floatingips HTTP/1.1" status: 201 len: 751 time: 0.6130960
2026-04-29 03:01:22.324 9 INFO neutron.api.wsgi [req-1ed88d0c-cd10-4ea2-a278-4609076ba558 req-40339536-6837-47e5-88e5-b629212103f0 105c448d629841419f8bfb8679ac2081 b29b2a64abc34fa19efa36d04cb31992 - - default default] 10.0.0.46 "GET /v2.0/ports?device_id=272da203-b266-46c3-8a47-1a9037ac7a3d HTTP/1.1" status: 200 len: 210 time: 0.0196822
2026-04-29 03:01:22.446 9 INFO neutron.api.wsgi [req-b424bec1-b6d7-45ce-b4a1-7f3697be4696 req-3ec53244-0c17-454c-9172-5b2345de3b29 34c04d15a97344a6908f65fe314836ff b1b35eec618f45a3b5d294fd66432146 - - default default] 10.0.0.46 "GET /v2.0/ports?device_id=9542eec0-1a55-4e4d-ad3e-2f84e04915f3 HTTP/1.1" status: 200 len: 1172 time: 0.0325654
2026-04-29 03:01:22.483 9 INFO neutron.api.wsgi [req-b424bec1-b6d7-45ce-b4a1-7f3697be4696 req-23804e28-8a1e-4166-a7dd-397cd8c76c1b 34c04d15a97344a6908f65fe314836ff b1b35eec618f45a3b5d294fd66432146 - - default default] 10.0.0.46 "GET /v2.0/security-groups?id=bfd50cc0-03c9-40dc-b6a2-977da347a770&fields=id&fields=name HTTP/1.1" status: 200 len: 313 time: 0.0310891
2026-04-29 03:01:22.632 9 INFO neutron.api.wsgi [req-50eac17f-f4e2-481a-b2c5-346cabe030cb req-7ceb4971-d40d-4f15-9b21-965223ffaa05 4e6447db778146f49bfbeb7548b8e022 dbe0977cdcca4661b8cb39cdea1aecfb - - default default] 10.0.0.46 "GET /v2.0/security-groups?name=tempest-securitygroup--1111615798&fields=id&tenant_id=dbe0977cdcca4661b8cb39cdea1aecfb HTTP/1.1" status: 200 len: 267 time: 0.0379014
2026-04-29 03:01:22.691 9 INFO neutron.api.wsgi [req-50eac17f-f4e2-481a-b2c5-346cabe030cb req-cf1bfc26-5d36-4b38-9977-579306bd466e 4e6447db778146f49bfbeb7548b8e022 dbe0977cdcca4661b8cb39cdea1aecfb - - default default] 10.0.0.46 "GET /v2.0/networks?id=e283b3f8-7b7f-4653-a20d-bf9e8df5c93a HTTP/1.1" status: 200 len: 883 time: 0.0517123
2026-04-29 03:01:22.706 9 INFO neutron.api.wsgi [req-50eac17f-f4e2-481a-b2c5-346cabe030cb req-b66b8712-0992-4707-837a-2a749cae0466 4e6447db778146f49bfbeb7548b8e022 dbe0977cdcca4661b8cb39cdea1aecfb - - default default] 10.0.0.46 "GET /v2.0/quotas/dbe0977cdcca4661b8cb39cdea1aecfb HTTP/1.1" status: 200 len: 491 time: 0.0090258
2026-04-29 03:01:22.740 9 INFO neutron.db.ovn_revision_numbers_db [None req-cf2aec40-4fcb-476a-aad7-33873905f9d8 0d17a3b6a9b5451492e66aefd4f235dc 3308dde9f672402eae73c63366cc0f4e - - default default] Successfully bumped revision number for resource dfb95b0b-8c74-4f45-accc-9976158edacf (type: security_groups) to 1
2026-04-29 03:01:22.756 9 INFO neutron.db.ovn_revision_numbers_db [None req-cf2aec40-4fcb-476a-aad7-33873905f9d8 0d17a3b6a9b5451492e66aefd4f235dc 3308dde9f672402eae73c63366cc0f4e - - default default] Successfully bumped revision number for resource 0755d679-edc4-4574-a956-f0b2753bdcc7 (type: security_group_rules) to 0
2026-04-29 03:01:22.770 9 INFO neutron.db.ovn_revision_numbers_db [None req-cf2aec40-4fcb-476a-aad7-33873905f9d8 0d17a3b6a9b5451492e66aefd4f235dc 3308dde9f672402eae73c63366cc0f4e - - default default] Successfully bumped revision number for resource 13e7eefa-0193-4fa5-9b3e-416e23b579b0 (type: security_group_rules) to 0
2026-04-29 03:01:22.781 9 INFO neutron.api.wsgi [req-50eac17f-f4e2-481a-b2c5-346cabe030cb req-1d2a0d59-7baa-456b-9be9-1ffd4d61861f 4e6447db778146f49bfbeb7548b8e022 dbe0977cdcca4661b8cb39cdea1aecfb - - default default] 10.0.0.46 "GET /v2.0/ports?tenant_id=dbe0977cdcca4661b8cb39cdea1aecfb&fields=id HTTP/1.1" status: 200 len: 302 time: 0.0681989
2026-04-29 03:01:22.787 9 INFO neutron.db.ovn_revision_numbers_db [None req-cf2aec40-4fcb-476a-aad7-33873905f9d8 0d17a3b6a9b5451492e66aefd4f235dc 3308dde9f672402eae73c63366cc0f4e - - default default] Successfully bumped revision number for resource 2a8e31a9-be4c-41e0-9455-ed0a52f18c29 (type: security_group_rules) to 0
2026-04-29 03:01:22.809 9 INFO neutron.db.ovn_revision_numbers_db [None req-cf2aec40-4fcb-476a-aad7-33873905f9d8 0d17a3b6a9b5451492e66aefd4f235dc 3308dde9f672402eae73c63366cc0f4e - - default default] Successfully bumped revision number for resource 3cb592de-e391-4ba7-be92-dd9c70763b61 (type: security_group_rules) to 0
2026-04-29 03:01:22.841 9 INFO neutron.api.wsgi [req-50eac17f-f4e2-481a-b2c5-346cabe030cb req-f8c7d665-1f2e-4587-99d4-16abea3c48bb 12fffdedbb1647be8e3aa7315a4eb847 e771c9caa2f9493cbfaba4d0ad4608ac - - c893072840914529953fbcb8af47df1e c893072840914529953fbcb8af47df1e] 10.0.0.46 "GET /v2.0/networks/e283b3f8-7b7f-4653-a20d-bf9e8df5c93a?fields=segments HTTP/1.1" status: 200 len: 212 time: 0.0482881
2026-04-29 03:01:22.845 9 INFO neutron.api.wsgi [None req-cf2aec40-4fcb-476a-aad7-33873905f9d8 0d17a3b6a9b5451492e66aefd4f235dc 3308dde9f672402eae73c63366cc0f4e - - default default] 10.0.0.12 "GET /v2.0/security-groups?tenant_id=9a30bef6e8ee424bb497ec86d09f739b&name=default HTTP/1.1" status: 200 len: 3120 time: 0.3300996
2026-04-29 03:01:22.886 9 INFO neutron.api.wsgi [req-50eac17f-f4e2-481a-b2c5-346cabe030cb req-9f8a0f45-7bc3-4289-8f5d-bc46b9b58695 12fffdedbb1647be8e3aa7315a4eb847 e771c9caa2f9493cbfaba4d0ad4608ac - - c893072840914529953fbcb8af47df1e c893072840914529953fbcb8af47df1e] 10.0.0.46 "GET /v2.0/networks/e283b3f8-7b7f-4653-a20d-bf9e8df5c93a?fields=provider%3Aphysical_network&fields=provider%3Anetwork_type HTTP/1.1" status: 200 len: 277 time: 0.0392580
2026-04-29 03:01:23.018 9 INFO neutron.api.wsgi [req-3649347d-7421-45e2-9457-f9b039c43346 req-ae8cabb8-8236-454e-882a-c1aca4052c3b 4e6447db778146f49bfbeb7548b8e022 dbe0977cdcca4661b8cb39cdea1aecfb - - default default] 10.0.0.46 "GET /v2.0/ports?device_id=9edbcad6-5342-4165-a501-83583669a565 HTTP/1.1" status: 200 len: 210 time: 0.0194595
2026-04-29 03:01:23.064 10 INFO neutron.api.wsgi [None req-540edf5a-0cf6-4638-8541-57223b50a594 0d17a3b6a9b5451492e66aefd4f235dc 3308dde9f672402eae73c63366cc0f4e - - default default] 10.0.0.12 "DELETE /v2.0/security-groups/dfb95b0b-8c74-4f45-accc-9976158edacf HTTP/1.1" status: 204 len: 168 time: 0.2121081
2026-04-29 03:01:23.393 9 INFO neutron.api.wsgi [req-96ab910a-938c-49eb-90c0-90dfddb78b10 req-1c3f6f9d-d44d-45c7-9976-3b479e4d7b3d 105c448d629841419f8bfb8679ac2081 b29b2a64abc34fa19efa36d04cb31992 - - default default] 199.204.45.25 "GET /v2.0/networks?id=e3d3907d-0c24-4af9-932a-637e8f1fab2a HTTP/1.1" status: 200 len: 878 time: 0.0532324
2026-04-29 03:01:23.404 9 INFO neutron.api.wsgi [req-5c8c2ef1-0593-4494-a013-91af27f5111f req-7e38aa64-9c6f-46d9-9c79-7458712fdfb7 105c448d629841419f8bfb8679ac2081 b29b2a64abc34fa19efa36d04cb31992 - - default default] 10.0.0.46 "GET /v2.0/ports?device_id=272da203-b266-46c3-8a47-1a9037ac7a3d HTTP/1.1" status: 200 len: 210 time: 0.0228000
2026-04-29 03:01:23.437 9 INFO neutron.api.wsgi [req-96ab910a-938c-49eb-90c0-90dfddb78b10 req-857b77ab-fce5-49c5-b454-c6a70605afbe 105c448d629841419f8bfb8679ac2081 b29b2a64abc34fa19efa36d04cb31992 - - default default] 199.204.45.25 "GET /v2.0/security-groups?fields=id&fields=name&tenant_id=b29b2a64abc34fa19efa36d04cb31992 HTTP/1.1" status: 200 len: 379 time: 0.0389483
2026-04-29 03:01:23.445 9 WARNING neutron_lib.context [req-96ab910a-938c-49eb-90c0-90dfddb78b10 req-006a641e-bc08-4491-abe6-b1cc5209d3fc 105c448d629841419f8bfb8679ac2081 b29b2a64abc34fa19efa36d04cb31992 - - default default] Method 'is_advsvc' is deprecated since 2023.2 release (neutron-lib 3.8.0) and will be removed once support for the old RBAC API policies will be removed from Neutron. Please use method 'is_service_role' instead.
2026-04-29 03:01:23.668 9 INFO neutron.api.wsgi [req-be7d2769-2b67-428b-b939-076e7ecdc57b req-38b0a99a-5f50-416d-a291-d9dd55c7a233 34c04d15a97344a6908f65fe314836ff b1b35eec618f45a3b5d294fd66432146 - - default default] 10.0.0.46 "GET /v2.0/ports?device_id=9542eec0-1a55-4e4d-ad3e-2f84e04915f3 HTTP/1.1" status: 200 len: 1172 time: 0.1188600
2026-04-29 03:01:23.708 9 INFO neutron.api.wsgi [req-be7d2769-2b67-428b-b939-076e7ecdc57b req-298319b6-aad7-4448-8bff-a1c8511c383c 34c04d15a97344a6908f65fe314836ff b1b35eec618f45a3b5d294fd66432146 - - default default] 10.0.0.46 "GET /v2.0/security-groups?id=bfd50cc0-03c9-40dc-b6a2-977da347a770&fields=id&fields=name HTTP/1.1" status: 200 len: 313 time: 0.0359230
2026-04-29 03:01:23.727 9 WARNING neutron.scheduler.dhcp_agent_scheduler [req-96ab910a-938c-49eb-90c0-90dfddb78b10 req-006a641e-bc08-4491-abe6-b1cc5209d3fc 105c448d629841419f8bfb8679ac2081 b29b2a64abc34fa19efa36d04cb31992 - - default default] No more DHCP agents
2026-04-29 03:01:23.728 9 WARNING neutron.api.rpc.agentnotifiers.dhcp_rpc_agent_api [req-96ab910a-938c-49eb-90c0-90dfddb78b10 req-006a641e-bc08-4491-abe6-b1cc5209d3fc 105c448d629841419f8bfb8679ac2081 b29b2a64abc34fa19efa36d04cb31992 - - default default] Unable to schedule network e3d3907d-0c24-4af9-932a-637e8f1fab2a: no agents available; will retry on subsequent port and subnet creation events.
2026-04-29 03:01:23.864 9 INFO neutron.db.ovn_revision_numbers_db [req-96ab910a-938c-49eb-90c0-90dfddb78b10 req-006a641e-bc08-4491-abe6-b1cc5209d3fc 105c448d629841419f8bfb8679ac2081 b29b2a64abc34fa19efa36d04cb31992 - - default default] Successfully bumped revision number for resource bb36106e-48d9-4bb4-aaf5-dd43fe68c4a8 (type: ports) to 1
2026-04-29 03:01:23.885 9 INFO neutron.api.wsgi [req-96ab910a-938c-49eb-90c0-90dfddb78b10 req-006a641e-bc08-4491-abe6-b1cc5209d3fc 105c448d629841419f8bfb8679ac2081 b29b2a64abc34fa19efa36d04cb31992 - - default default] 199.204.45.25 "POST /v2.0/ports HTTP/1.1" status: 201 len: 1158 time: 0.4445362 /var/lib/openstack/lib/python3.12/site-packages/pycadf/identifier.py:71: UserWarning: Invalid uuid: neutron. To ensure interoperability, identifiers should be a valid uuid. warnings.warn(('Invalid uuid: %s. To ensure interoperability, '
2026-04-29 03:01:24.098 9 INFO neutron.api.wsgi [req-fee97ad5-7d4f-433d-aadc-660cd7a5c263 req-56695d73-36a6-4f65-bdf5-26e238c2d51a 4e6447db778146f49bfbeb7548b8e022 dbe0977cdcca4661b8cb39cdea1aecfb - - default default] 10.0.0.46 "GET /v2.0/ports?device_id=9edbcad6-5342-4165-a501-83583669a565 HTTP/1.1" status: 200 len: 210 time: 0.0183024
2026-04-29 03:01:24.301 9 INFO neutron.db.ovn_revision_numbers_db [req-96ab910a-938c-49eb-90c0-90dfddb78b10 req-b6403d59-3713-4531-bdfd-bdce8272a50a 12fffdedbb1647be8e3aa7315a4eb847 e771c9caa2f9493cbfaba4d0ad4608ac - - c893072840914529953fbcb8af47df1e c893072840914529953fbcb8af47df1e] Successfully bumped revision number for resource bb36106e-48d9-4bb4-aaf5-dd43fe68c4a8 (type: ports) to 2 /var/lib/openstack/lib/python3.12/site-packages/pycadf/identifier.py:71: UserWarning: Invalid uuid: neutron. To ensure interoperability, identifiers should be a valid uuid. warnings.warn(('Invalid uuid: %s. To ensure interoperability, '
2026-04-29 03:01:24.531 9 INFO neutron.api.wsgi [req-edec3ce3-cde6-43a0-a784-a27f8e2a5070 req-e446d647-e5af-4e03-a477-741515e97759 105c448d629841419f8bfb8679ac2081 b29b2a64abc34fa19efa36d04cb31992 - - default default] 10.0.0.46 "GET /v2.0/ports?device_id=272da203-b266-46c3-8a47-1a9037ac7a3d HTTP/1.1" status: 200 len: 1168 time: 0.0763421
2026-04-29 03:01:24.543 9 INFO neutron.db.ovn_revision_numbers_db [req-96ab910a-938c-49eb-90c0-90dfddb78b10 req-b6403d59-3713-4531-bdfd-bdce8272a50a 12fffdedbb1647be8e3aa7315a4eb847 e771c9caa2f9493cbfaba4d0ad4608ac - - c893072840914529953fbcb8af47df1e c893072840914529953fbcb8af47df1e] Successfully bumped revision number for resource bb36106e-48d9-4bb4-aaf5-dd43fe68c4a8 (type: ports) to 4
2026-04-29 03:01:24.561 9 INFO neutron.api.wsgi [req-96ab910a-938c-49eb-90c0-90dfddb78b10 req-b6403d59-3713-4531-bdfd-bdce8272a50a 12fffdedbb1647be8e3aa7315a4eb847 e771c9caa2f9493cbfaba4d0ad4608ac - - c893072840914529953fbcb8af47df1e c893072840914529953fbcb8af47df1e] 199.204.45.25 "PUT /v2.0/ports/bb36106e-48d9-4bb4-aaf5-dd43fe68c4a8 HTTP/1.1" status: 200 len: 1404 time: 0.6717842
2026-04-29 03:01:24.571 9 INFO neutron.api.wsgi [req-edec3ce3-cde6-43a0-a784-a27f8e2a5070 req-d18734d4-4fb4-46b2-b263-25e51827aa0c 105c448d629841419f8bfb8679ac2081 b29b2a64abc34fa19efa36d04cb31992 - - default default] 10.0.0.46 "GET /v2.0/security-groups?id=18c0a899-4803-46ea-acc6-18d255e509cf&fields=id&fields=name HTTP/1.1" status: 200 len: 312 time: 0.0338688
2026-04-29 03:01:24.610 9 INFO neutron.notifiers.nova [-] Nova event matching ['req-afc052a8-5e5a-4d22-b03f-4aa0a0607b79'] response: {'name': 'network-changed', 'server_uuid': '272da203-b266-46c3-8a47-1a9037ac7a3d', 'tag': 'bb36106e-48d9-4bb4-aaf5-dd43fe68c4a8', 'status': 'completed', 'code': 200}
2026-04-29 03:01:24.811 9 INFO neutron.api.wsgi [req-50c91f12-44d1-4282-9005-8bd9a73f1c7b req-3876ddbd-6084-491b-962b-e03720490243 34c04d15a97344a6908f65fe314836ff b1b35eec618f45a3b5d294fd66432146 - - default default] 10.0.0.46 "GET /v2.0/ports?device_id=9542eec0-1a55-4e4d-ad3e-2f84e04915f3 HTTP/1.1" status: 200 len: 1172 time: 0.0432734
2026-04-29 03:01:24.863 9 INFO neutron.api.wsgi [req-50c91f12-44d1-4282-9005-8bd9a73f1c7b req-82079077-2b20-40b2-b43d-fe5a1da00bc4 34c04d15a97344a6908f65fe314836ff b1b35eec618f45a3b5d294fd66432146 - - default default] 10.0.0.46 "GET /v2.0/security-groups?id=bfd50cc0-03c9-40dc-b6a2-977da347a770&fields=id&fields=name HTTP/1.1" status: 200 len: 313 time: 0.0459218
2026-04-29 03:01:24.936 9 WARNING neutron.plugins.ml2.drivers.ovn.mech_driver.ovsdb.ovn_client [None req-bfea78e7-b55b-4ff2-bda7-597eb0778f50 - - - - - -] No hosting information found for port 1cbaf31a-e190-4bc7-b703-6b516e606b80: RuntimeError: No hosting information found for port 1cbaf31a-e190-4bc7-b703-6b516e606b80
2026-04-29 03:01:24.940 10 WARNING neutron_lib.context [None req-f82e3317-d5c2-4d7f-8b40-b271225edc79 b056f7ff9f39491685fb99924dae845b 4000cc609acd4869ae6c95154c732fa2 - - default default] Method 'is_advsvc' is deprecated since 2023.2 release (neutron-lib 3.8.0) and will be removed once support for the old RBAC API policies will be removed from Neutron. Please use method 'is_service_role' instead.
2026-04-29 03:01:24.941 10 WARNING neutron_lib.context [None req-f82e3317-d5c2-4d7f-8b40-b271225edc79 b056f7ff9f39491685fb99924dae845b 4000cc609acd4869ae6c95154c732fa2 - - default default] Method 'is_advsvc' is deprecated since 2023.2 release (neutron-lib 3.8.0) and will be removed once support for the old RBAC API policies will be removed from Neutron. Please use method 'is_service_role' instead.
2026-04-29 03:01:25.027 9 INFO neutron.db.ovn_revision_numbers_db [None req-bfea78e7-b55b-4ff2-bda7-597eb0778f50 - - - - - -] Successfully bumped revision number for resource 1cbaf31a-e190-4bc7-b703-6b516e606b80 (type: router_ports) to 2
2026-04-29 03:01:25.099 10 INFO neutron.db.ovn_revision_numbers_db [None req-f82e3317-d5c2-4d7f-8b40-b271225edc79 b056f7ff9f39491685fb99924dae845b 4000cc609acd4869ae6c95154c732fa2 - - default default] Successfully bumped revision number for resource f6b5d5f9-e9b7-41fb-bfd3-b9bdfb0f3505 (type: security_groups) to 1
2026-04-29 03:01:25.112 10 INFO neutron.db.ovn_revision_numbers_db [None req-f82e3317-d5c2-4d7f-8b40-b271225edc79 b056f7ff9f39491685fb99924dae845b 4000cc609acd4869ae6c95154c732fa2 - - default default] Successfully bumped revision number for resource 275f3818-3678-448f-a50f-433685d31ad5 (type: security_group_rules) to 0
2026-04-29 03:01:25.124 10 INFO neutron.db.ovn_revision_numbers_db [None req-f82e3317-d5c2-4d7f-8b40-b271225edc79 b056f7ff9f39491685fb99924dae845b 4000cc609acd4869ae6c95154c732fa2 - - default default] Successfully bumped revision number for resource 487b393b-747b-4c1f-97f9-505235b37911 (type: security_group_rules) to 0
2026-04-29 03:01:25.150 10 INFO neutron.db.ovn_revision_numbers_db [None req-f82e3317-d5c2-4d7f-8b40-b271225edc79 b056f7ff9f39491685fb99924dae845b 4000cc609acd4869ae6c95154c732fa2 - - default default] Successfully bumped revision number for resource 99274a92-1aac-476f-a03d-9551658449c6 (type: security_group_rules) to 0
2026-04-29 03:01:25.163 9 INFO neutron.api.wsgi [req-0f0c10bf-4ca7-473f-82e9-5f2c7693694c req-7ce35544-a88c-4d54-8c20-ad25eba71ca4 12fffdedbb1647be8e3aa7315a4eb847 e771c9caa2f9493cbfaba4d0ad4608ac - - c893072840914529953fbcb8af47df1e c893072840914529953fbcb8af47df1e] 199.204.45.25 "GET /v2.0/ports?tenant_id=b29b2a64abc34fa19efa36d04cb31992&device_id=272da203-b266-46c3-8a47-1a9037ac7a3d HTTP/1.1" status: 200 len: 1407 time: 0.0372565
2026-04-29 03:01:25.164 10 INFO neutron.db.ovn_revision_numbers_db [None req-f82e3317-d5c2-4d7f-8b40-b271225edc79 b056f7ff9f39491685fb99924dae845b 4000cc609acd4869ae6c95154c732fa2 - - default default] Successfully bumped revision number for resource c088fb8d-4949-43ac-81f1-996806dba3c0 (type: security_group_rules) to 0
2026-04-29 03:01:25.182 9 INFO neutron.api.wsgi [req-58e8d450-279b-45a9-ae2b-8b1f77b4af51 req-3839bee8-26db-4945-8f33-6b4d2c2fa685 4e6447db778146f49bfbeb7548b8e022 dbe0977cdcca4661b8cb39cdea1aecfb - - default default] 10.0.0.46 "GET /v2.0/ports?device_id=9edbcad6-5342-4165-a501-83583669a565 HTTP/1.1" status: 200 len: 210 time: 0.0172870
2026-04-29 03:01:25.235 9 INFO neutron.api.wsgi [req-0f0c10bf-4ca7-473f-82e9-5f2c7693694c req-99ce4d91-a068-4fba-a8e7-7dd1d847008f 12fffdedbb1647be8e3aa7315a4eb847 e771c9caa2f9493cbfaba4d0ad4608ac - - c893072840914529953fbcb8af47df1e c893072840914529953fbcb8af47df1e] 199.204.45.25 "GET /v2.0/networks?tenant_id=b29b2a64abc34fa19efa36d04cb31992&shared=False HTTP/1.1" status: 200 len: 977 time: 0.0650175
2026-04-29 03:01:25.246 10 INFO neutron.db.segments_db [None req-f82e3317-d5c2-4d7f-8b40-b271225edc79 b056f7ff9f39491685fb99924dae845b 4000cc609acd4869ae6c95154c732fa2 - - default default] Added segment fe50da20-e283-4fb4-b9e3-2f7e80d8e5a8 of type geneve for network 18504282-37c4-4952-8fcb-fa6eedf53e46
2026-04-29 03:01:25.280 9 INFO neutron.api.wsgi [req-0f0c10bf-4ca7-473f-82e9-5f2c7693694c req-da225eab-7881-483f-87e1-e846179d6ecd 12fffdedbb1647be8e3aa7315a4eb847 e771c9caa2f9493cbfaba4d0ad4608ac - - c893072840914529953fbcb8af47df1e c893072840914529953fbcb8af47df1e] 199.204.45.25 "GET /v2.0/networks?shared=True HTTP/1.1" status: 200 len: 952 time: 0.0398505
2026-04-29 03:01:25.337 10 INFO neutron.db.segments_db [None req-f82e3317-d5c2-4d7f-8b40-b271225edc79 b056f7ff9f39491685fb99924dae845b 4000cc609acd4869ae6c95154c732fa2 - - default default] Added segment 36ebe931-b9ab-433b-a7c1-1acab2b06cac of type geneve for network 12d6678c-7a19-4fdd-b94b-b032b8a53ac9
2026-04-29 03:01:25.455 10 INFO neutron.db.ovn_revision_numbers_db [None req-f82e3317-d5c2-4d7f-8b40-b271225edc79 b056f7ff9f39491685fb99924dae845b 4000cc609acd4869ae6c95154c732fa2 - - default default] Successfully bumped revision number for resource 18504282-37c4-4952-8fcb-fa6eedf53e46 (type: networks) to 1
2026-04-29 03:01:25.662 10 WARNING neutron.scheduler.dhcp_agent_scheduler [None req-f82e3317-d5c2-4d7f-8b40-b271225edc79 b056f7ff9f39491685fb99924dae845b 4000cc609acd4869ae6c95154c732fa2 - - default default] No more DHCP agents
2026-04-29 03:01:25.664 10 WARNING neutron.api.rpc.agentnotifiers.dhcp_rpc_agent_api [None req-f82e3317-d5c2-4d7f-8b40-b271225edc79 b056f7ff9f39491685fb99924dae845b 4000cc609acd4869ae6c95154c732fa2 - - default default] Unable to schedule network 18504282-37c4-4952-8fcb-fa6eedf53e46: no agents available; will retry on subsequent port and subnet creation events.
2026-04-29 03:01:25.667 9 INFO neutron.api.wsgi [req-6e9ee128-3867-4b0c-8227-aea9b67a711e req-bed004ff-01ee-4079-98c0-f21c5009b9d2 105c448d629841419f8bfb8679ac2081 b29b2a64abc34fa19efa36d04cb31992 - - default default] 10.0.0.46 "GET /v2.0/ports?device_id=272da203-b266-46c3-8a47-1a9037ac7a3d HTTP/1.1" status: 200 len: 1168 time: 0.0331893
2026-04-29 03:01:25.700 9 INFO neutron.api.wsgi [req-6e9ee128-3867-4b0c-8227-aea9b67a711e req-0648ecce-99f1-4c48-985c-d2c7090a9785 105c448d629841419f8bfb8679ac2081 b29b2a64abc34fa19efa36d04cb31992 - - default default] 10.0.0.46 "GET /v2.0/security-groups?id=18c0a899-4803-46ea-acc6-18d255e509cf&fields=id&fields=name HTTP/1.1" status: 200 len: 312 time: 0.0277510
2026-04-29 03:01:25.743 10 INFO neutron.db.ovn_revision_numbers_db [None req-f82e3317-d5c2-4d7f-8b40-b271225edc79 b056f7ff9f39491685fb99924dae845b 4000cc609acd4869ae6c95154c732fa2 - - default default] Successfully bumped revision number for resource aa133d95-faa2-4be6-a30e-654648c3b68d (type: ports) to 1
2026-04-29 03:01:25.808 10 INFO neutron.db.ovn_revision_numbers_db [None req-f82e3317-d5c2-4d7f-8b40-b271225edc79 b056f7ff9f39491685fb99924dae845b 4000cc609acd4869ae6c95154c732fa2 - - default default] Successfully bumped revision number for resource 12d6678c-7a19-4fdd-b94b-b032b8a53ac9 (type: networks) to 1
2026-04-29 03:01:25.969 9 INFO neutron.api.wsgi [req-17a0870d-f0e7-4214-968d-c01f1d9c9ab1 req-78689773-d46f-4fa9-8cbc-92268af3a134 34c04d15a97344a6908f65fe314836ff b1b35eec618f45a3b5d294fd66432146 - - default default] 10.0.0.46 "GET /v2.0/ports?device_id=9542eec0-1a55-4e4d-ad3e-2f84e04915f3 HTTP/1.1" status: 200 len: 1172 time: 0.0284455
2026-04-29 03:01:26.015 10 WARNING neutron.scheduler.dhcp_agent_scheduler [None req-f82e3317-d5c2-4d7f-8b40-b271225edc79 b056f7ff9f39491685fb99924dae845b 4000cc609acd4869ae6c95154c732fa2 - - default default] No more DHCP agents
2026-04-29 03:01:26.015 9 INFO neutron.api.wsgi [req-17a0870d-f0e7-4214-968d-c01f1d9c9ab1 req-0913e68c-0579-4e28-bffe-b0c7aef3affe 34c04d15a97344a6908f65fe314836ff b1b35eec618f45a3b5d294fd66432146 - - default default] 10.0.0.46 "GET /v2.0/security-groups?id=bfd50cc0-03c9-40dc-b6a2-977da347a770&fields=id&fields=name HTTP/1.1" status: 200 len: 313 time: 0.0379090
2026-04-29 03:01:26.016 10 WARNING neutron.api.rpc.agentnotifiers.dhcp_rpc_agent_api [None req-f82e3317-d5c2-4d7f-8b40-b271225edc79 b056f7ff9f39491685fb99924dae845b 4000cc609acd4869ae6c95154c732fa2 - - default default] Unable to schedule network 12d6678c-7a19-4fdd-b94b-b032b8a53ac9: no agents available; will retry on subsequent port and subnet creation events.
2026-04-29 03:01:26.080 10 INFO neutron.db.ovn_revision_numbers_db [None req-f82e3317-d5c2-4d7f-8b40-b271225edc79 b056f7ff9f39491685fb99924dae845b 4000cc609acd4869ae6c95154c732fa2 - - default default] Successfully bumped revision number for resource 8f10d954-a219-43ab-a412-26a6738361b5 (type: ports) to 1
2026-04-29 03:01:26.102 10 INFO neutron.api.wsgi [None req-f82e3317-d5c2-4d7f-8b40-b271225edc79 b056f7ff9f39491685fb99924dae845b 4000cc609acd4869ae6c95154c732fa2 - - default default] 10.0.0.12 "POST /v2.0/networks HTTP/1.1" status: 201 len: 1445 time: 1.3144457
2026-04-29 03:01:26.159 9 INFO neutron.api.wsgi [None req-297a9d79-5465-4dce-be88-b7ba4c082f6c b056f7ff9f39491685fb99924dae845b 4000cc609acd4869ae6c95154c732fa2 - - default default] 10.0.0.12 "GET /v2.0/networks HTTP/1.1" status: 200 len: 2051 time: 0.0520761
2026-04-29 03:01:26.229 9 INFO neutron.api.wsgi [-] 10.0.0.48 "GET / HTTP/1.1" status: 200 len: 247 time: 0.0013814
2026-04-29 03:01:26.231 9 INFO neutron.api.wsgi [-] 10.0.0.48 "GET / HTTP/1.1" status: 200 len: 247 time: 0.0012951
2026-04-29 03:01:26.261 9 INFO neutron.api.wsgi [req-4ce456b2-a6ba-487c-9624-f2c744db6ac6 req-fe38c6a6-5c06-408b-815e-6149c1e5aa9c 4e6447db778146f49bfbeb7548b8e022 dbe0977cdcca4661b8cb39cdea1aecfb - - default default] 10.0.0.46 "GET /v2.0/ports?device_id=9edbcad6-5342-4165-a501-83583669a565 HTTP/1.1" status: 200 len: 210 time: 0.0177386
2026-04-29 03:01:26.335 9 INFO neutron.api.wsgi [req-96ab910a-938c-49eb-90c0-90dfddb78b10 req-2831a591-aa44-4f96-9805-9c6df84031e5 12fffdedbb1647be8e3aa7315a4eb847 e771c9caa2f9493cbfaba4d0ad4608ac - - c893072840914529953fbcb8af47df1e c893072840914529953fbcb8af47df1e] 199.204.45.25 "GET /v2.0/ports?tenant_id=b29b2a64abc34fa19efa36d04cb31992&device_id=272da203-b266-46c3-8a47-1a9037ac7a3d HTTP/1.1" status: 200 len: 1407 time: 0.0409713
2026-04-29 03:01:26.358 9 INFO neutron.api.wsgi [req-96ab910a-938c-49eb-90c0-90dfddb78b10 req-e255f76f-8056-428f-b6f7-7265782ddd5a 12fffdedbb1647be8e3aa7315a4eb847 e771c9caa2f9493cbfaba4d0ad4608ac - - c893072840914529953fbcb8af47df1e c893072840914529953fbcb8af47df1e] 199.204.45.25 "GET /v2.0/floatingips?fixed_ip_address=10.100.0.8&port_id=bb36106e-48d9-4bb4-aaf5-dd43fe68c4a8 HTTP/1.1" status: 200 len: 217 time: 0.0173941
2026-04-29 03:01:26.390 9 INFO neutron.api.wsgi [req-96ab910a-938c-49eb-90c0-90dfddb78b10 req-ae6c329a-5c68-4c5a-aa82-c88574acea96 12fffdedbb1647be8e3aa7315a4eb847 e771c9caa2f9493cbfaba4d0ad4608ac - - c893072840914529953fbcb8af47df1e c893072840914529953fbcb8af47df1e] 199.204.45.25 "GET /v2.0/subnets?id=717676b7-2689-401e-beb2-8ef608f4c0ba HTTP/1.1" status: 200 len: 896 time: 0.0258224
2026-04-29 03:01:26.412 9 INFO neutron.api.wsgi [req-96ab910a-938c-49eb-90c0-90dfddb78b10 req-870c388e-2752-44f6-8c97-c9852ee68004 12fffdedbb1647be8e3aa7315a4eb847 e771c9caa2f9493cbfaba4d0ad4608ac - - c893072840914529953fbcb8af47df1e c893072840914529953fbcb8af47df1e] 199.204.45.25 "GET /v2.0/ports?network_id=e3d3907d-0c24-4af9-932a-637e8f1fab2a&device_owner=network%3Adhcp HTTP/1.1" status: 200 len: 210 time: 0.0159535
2026-04-29 03:01:26.494 9 INFO neutron.plugins.ml2.drivers.ovn.mech_driver.mech_driver [None req-bfea78e7-b55b-4ff2-bda7-597eb0778f50 - - - - - -] OVN reports status up for port: 37507e8b-cc5c-4d9b-802d-9358ee1a4e4a
2026-04-29 03:01:26.503 9 INFO neutron.api.wsgi [req-96ab910a-938c-49eb-90c0-90dfddb78b10 req-9d9084f6-05cb-4c30-bc74-2478561ff757 12fffdedbb1647be8e3aa7315a4eb847 e771c9caa2f9493cbfaba4d0ad4608ac - - c893072840914529953fbcb8af47df1e c893072840914529953fbcb8af47df1e] 199.204.45.25 "GET /v2.0/networks/e3d3907d-0c24-4af9-932a-637e8f1fab2a?fields=segments HTTP/1.1" status: 200 len: 212 time: 0.0812898
2026-04-29 03:01:26.531 9 INFO neutron.plugins.ml2.plugin [None req-bfea78e7-b55b-4ff2-bda7-597eb0778f50 - - - - - -] Attempt 1 to provision port 37507e8b-cc5c-4d9b-802d-9358ee1a4e4a
2026-04-29 03:01:26.543 9 INFO neutron.services.segments.plugin [-] Segment fe50da20-e283-4fb4-b9e3-2f7e80d8e5a8 resource provider aggregate not found
2026-04-29 03:01:26.553 9 INFO neutron.services.segments.plugin [-] Segment fe50da20-e283-4fb4-b9e3-2f7e80d8e5a8 resource provider aggregate not found
2026-04-29 03:01:26.556 9 INFO neutron.services.segments.plugin [-] Segment fe50da20-e283-4fb4-b9e3-2f7e80d8e5a8 resource provider not found; error: Placement Client Error (4xx): {"errors": [{"status": 404, "title": "Not Found", "detail": "The resource could not be found.\n\n No resource provider with uuid fe50da20-e283-4fb4-b9e3-2f7e80d8e5a8 found for delete ", "request_id": "req-8afa5f99-cc42-4ad6-a149-e7ff634e8c9b"}]}
2026-04-29 03:01:26.568 9 INFO neutron.services.segments.plugin [-] Segment fe50da20-e283-4fb4-b9e3-2f7e80d8e5a8 resource provider not found; error: Placement Client Error (4xx): {"errors": [{"status": 404, "title": "Not Found", "detail": "The resource could not be found.\n\n No resource provider with uuid fe50da20-e283-4fb4-b9e3-2f7e80d8e5a8 found for delete ", "request_id": "req-8be45810-a643-4a83-9f3a-e103e1819daa"}]}
2026-04-29 03:01:26.581 9 INFO neutron.api.wsgi [req-96ab910a-938c-49eb-90c0-90dfddb78b10 req-daa69e17-12ad-4a5b-9fef-f41b4082bda3 12fffdedbb1647be8e3aa7315a4eb847 e771c9caa2f9493cbfaba4d0ad4608ac - - c893072840914529953fbcb8af47df1e c893072840914529953fbcb8af47df1e] 199.204.45.25 "GET /v2.0/networks/e3d3907d-0c24-4af9-932a-637e8f1fab2a?fields=provider%3Aphysical_network&fields=provider%3Anetwork_type HTTP/1.1" status: 200 len: 277 time: 0.0712757
2026-04-29 03:01:26.629 9 INFO neutron.api.wsgi [None req-e286d803-e76c-4fc4-ba98-f1b25dbabdcf b056f7ff9f39491685fb99924dae845b 4000cc609acd4869ae6c95154c732fa2 - - default default] 10.0.0.12 "DELETE /v2.0/networks/18504282-37c4-4952-8fcb-fa6eedf53e46 HTTP/1.1" status: 204 len: 168 time: 0.4660242
2026-04-29 03:01:26.727 9 INFO neutron.notifiers.nova [-] Nova event matching ['req-7b6226ae-1497-41c1-9249-0fe78c34782c'] response: {'server_uuid': '9542eec0-1a55-4e4d-ad3e-2f84e04915f3', 'name': 'network-vif-plugged', 'status': 'completed', 'tag': '37507e8b-cc5c-4d9b-802d-9358ee1a4e4a', 'code': 200}
2026-04-29 03:01:26.822 9 INFO neutron.api.wsgi [req-c2a9ac00-3845-40ce-bf44-5f99972c8824 req-7faf53c3-503b-4638-9072-59641a129895 105c448d629841419f8bfb8679ac2081 b29b2a64abc34fa19efa36d04cb31992 - - default default] 10.0.0.46 "GET /v2.0/ports?device_id=272da203-b266-46c3-8a47-1a9037ac7a3d HTTP/1.1" status: 200 len: 1168 time: 0.0562472
2026-04-29 03:01:26.888 9 INFO neutron.api.wsgi [req-c2a9ac00-3845-40ce-bf44-5f99972c8824 req-bbb5742e-58a0-4965-ab13-bf2325da2b9b 105c448d629841419f8bfb8679ac2081 b29b2a64abc34fa19efa36d04cb31992 - - default default] 10.0.0.46 "GET /v2.0/security-groups?id=18c0a899-4803-46ea-acc6-18d255e509cf&fields=id&fields=name HTTP/1.1" status: 200 len: 312 time: 0.0568709
2026-04-29 03:01:26.932 9 INFO neutron.db.ovn_revision_numbers_db [None req-bfea78e7-b55b-4ff2-bda7-597eb0778f50 - - - - - -] Successfully bumped revision number for resource 37507e8b-cc5c-4d9b-802d-9358ee1a4e4a (type: ports) to 5
2026-04-29 03:01:27.055 9 INFO neutron.api.wsgi [None req-b021b830-3fa7-4e2f-a86c-c9dc8a2e486c b056f7ff9f39491685fb99924dae845b 4000cc609acd4869ae6c95154c732fa2 - - default default] 10.0.0.12 "DELETE /v2.0/networks/12d6678c-7a19-4fdd-b94b-b032b8a53ac9 HTTP/1.1" status: 204 len: 168 time: 0.4213119 /var/lib/openstack/lib/python3.12/site-packages/pycadf/identifier.py:71: UserWarning: Invalid uuid: neutron. To ensure interoperability, identifiers should be a valid uuid. warnings.warn(('Invalid uuid: %s. To ensure interoperability, '
2026-04-29 03:01:27.116 9 INFO neutron.api.wsgi [None req-9c3c4040-0c34-4d7b-8e2a-155c6937a053 b056f7ff9f39491685fb99924dae845b 4000cc609acd4869ae6c95154c732fa2 - - default default] 10.0.0.12 "GET /v2.0/networks HTTP/1.1" status: 200 len: 845 time: 0.0553579
2026-04-29 03:01:27.123 9 INFO neutron.api.wsgi [req-26cd81a5-9aad-4c0a-9bc2-31d6ddab65b5 req-e0b640e0-68d6-486b-8ce9-db3072bcaf1f 34c04d15a97344a6908f65fe314836ff b1b35eec618f45a3b5d294fd66432146 - - default default] 10.0.0.46 "GET /v2.0/ports?device_id=9542eec0-1a55-4e4d-ad3e-2f84e04915f3 HTTP/1.1" status: 200 len: 1174 time: 0.0369451
2026-04-29 03:01:27.129 10 WARNING neutron_lib.context [None req-95a29896-1f58-4800-ada7-56d7e78b074b b056f7ff9f39491685fb99924dae845b 4000cc609acd4869ae6c95154c732fa2 - - default default] Method 'is_advsvc' is deprecated since 2023.2 release (neutron-lib 3.8.0) and will be removed once support for the old RBAC API policies will be removed from Neutron. Please use method 'is_service_role' instead.
2026-04-29 03:01:27.159 9 INFO neutron.api.wsgi [req-26cd81a5-9aad-4c0a-9bc2-31d6ddab65b5 req-6fece954-fa81-43df-8b6d-17548fd2e7e4 34c04d15a97344a6908f65fe314836ff b1b35eec618f45a3b5d294fd66432146 - - default default] 10.0.0.46 "GET /v2.0/security-groups?id=bfd50cc0-03c9-40dc-b6a2-977da347a770&fields=id&fields=name HTTP/1.1" status: 200 len: 313 time: 0.0317135
2026-04-29 03:01:27.211 10 INFO neutron.db.segments_db [None req-95a29896-1f58-4800-ada7-56d7e78b074b b056f7ff9f39491685fb99924dae845b 4000cc609acd4869ae6c95154c732fa2 - - default default] Added segment bd288e18-d77c-44cb-9343-fa17e524ca76 of type geneve for network b458324f-1fea-4a45-9d6d-8f0206290303
2026-04-29 03:01:27.311 10 INFO neutron.db.ovn_revision_numbers_db [None req-95a29896-1f58-4800-ada7-56d7e78b074b b056f7ff9f39491685fb99924dae845b 4000cc609acd4869ae6c95154c732fa2 - - default default] Successfully bumped revision number for resource b458324f-1fea-4a45-9d6d-8f0206290303 (type: networks) to 1
2026-04-29 03:01:27.361 9 INFO neutron.api.wsgi [req-c62bd9c2-b996-4f9c-897c-e031d7d5f7e0 req-6536e2d8-434f-4105-a159-a1d5baff1fb1 4e6447db778146f49bfbeb7548b8e022 dbe0977cdcca4661b8cb39cdea1aecfb - - default default] 10.0.0.46 "GET /v2.0/ports?device_id=9edbcad6-5342-4165-a501-83583669a565 HTTP/1.1" status: 200 len: 210 time: 0.0212827
2026-04-29 03:01:27.394 9 INFO neutron.api.wsgi [req-50eac17f-f4e2-481a-b2c5-346cabe030cb req-edc47777-920a-4d77-a0c9-afbe2095ffd6 4e6447db778146f49bfbeb7548b8e022 dbe0977cdcca4661b8cb39cdea1aecfb - - default default] 199.204.45.25 "GET /v2.0/networks?id=e283b3f8-7b7f-4653-a20d-bf9e8df5c93a HTTP/1.1" status: 200 len: 883 time: 0.0652332
2026-04-29 03:01:27.434 9 INFO neutron.api.wsgi [req-50eac17f-f4e2-481a-b2c5-346cabe030cb req-8a9ff8b5-2e73-4a42-8501-434c75a7b266 4e6447db778146f49bfbeb7548b8e022 dbe0977cdcca4661b8cb39cdea1aecfb - - default default] 199.204.45.25 "GET /v2.0/security-groups?fields=id&fields=name&tenant_id=dbe0977cdcca4661b8cb39cdea1aecfb HTTP/1.1" status: 200 len: 380 time: 0.0340970
2026-04-29 03:01:27.443 9 WARNING neutron_lib.context [req-50eac17f-f4e2-481a-b2c5-346cabe030cb req-4383573e-285e-4da6-914c-e2515c0e2586 4e6447db778146f49bfbeb7548b8e022 dbe0977cdcca4661b8cb39cdea1aecfb - - default default] Method 'is_advsvc' is deprecated since 2023.2 release (neutron-lib 3.8.0) and will be removed once support for the old RBAC API policies will be removed from Neutron. Please use method 'is_service_role' instead.
2026-04-29 03:01:27.474 10 WARNING neutron.scheduler.dhcp_agent_scheduler [None req-95a29896-1f58-4800-ada7-56d7e78b074b b056f7ff9f39491685fb99924dae845b 4000cc609acd4869ae6c95154c732fa2 - - default default] No more DHCP agents
2026-04-29 03:01:27.475 10 WARNING neutron.api.rpc.agentnotifiers.dhcp_rpc_agent_api [None req-95a29896-1f58-4800-ada7-56d7e78b074b b056f7ff9f39491685fb99924dae845b 4000cc609acd4869ae6c95154c732fa2 - - default default] Unable to schedule network b458324f-1fea-4a45-9d6d-8f0206290303: no agents available; will retry on subsequent port and subnet creation events.
2026-04-29 03:01:27.538 10 INFO neutron.db.ovn_revision_numbers_db [None req-95a29896-1f58-4800-ada7-56d7e78b074b b056f7ff9f39491685fb99924dae845b 4000cc609acd4869ae6c95154c732fa2 - - default default] Successfully bumped revision number for resource c3083ccf-5b08-4381-bae2-8f297e5cd54b (type: ports) to 1
2026-04-29 03:01:27.563 10 INFO neutron.api.wsgi [None req-95a29896-1f58-4800-ada7-56d7e78b074b b056f7ff9f39491685fb99924dae845b 4000cc609acd4869ae6c95154c732fa2 - - default default] 10.0.0.12 "POST /v2.0/networks HTTP/1.1" status: 201 len: 852 time: 0.4396117
2026-04-29 03:01:27.572 10 WARNING neutron_lib.context [None req-293287cd-179d-4aef-a070-c5bb824f50e8 b056f7ff9f39491685fb99924dae845b 4000cc609acd4869ae6c95154c732fa2 - - default default] Method 'is_advsvc' is deprecated since 2023.2 release (neutron-lib 3.8.0) and will be removed once support for the old RBAC API policies will be removed from Neutron. Please use method 'is_service_role' instead.
2026-04-29 03:01:27.643 10 INFO neutron.db.segments_db [None req-293287cd-179d-4aef-a070-c5bb824f50e8 b056f7ff9f39491685fb99924dae845b 4000cc609acd4869ae6c95154c732fa2 - - default default] Added segment ee10b0da-fb5b-40b5-b539-b3fd3bb52d7b of type geneve for network 672dfda6-1adf-4703-8231-2e44b397645a
2026-04-29 03:01:27.681 9 WARNING neutron.scheduler.dhcp_agent_scheduler [req-50eac17f-f4e2-481a-b2c5-346cabe030cb req-4383573e-285e-4da6-914c-e2515c0e2586 4e6447db778146f49bfbeb7548b8e022 dbe0977cdcca4661b8cb39cdea1aecfb - - default default] No more DHCP agents
2026-04-29 03:01:27.686 9 WARNING neutron.api.rpc.agentnotifiers.dhcp_rpc_agent_api [req-50eac17f-f4e2-481a-b2c5-346cabe030cb req-4383573e-285e-4da6-914c-e2515c0e2586 4e6447db778146f49bfbeb7548b8e022 dbe0977cdcca4661b8cb39cdea1aecfb - - default default] Unable to schedule network e283b3f8-7b7f-4653-a20d-bf9e8df5c93a: no agents available; will retry on subsequent port and subnet creation events.
2026-04-29 03:01:27.745 10 INFO neutron.db.ovn_revision_numbers_db [None req-293287cd-179d-4aef-a070-c5bb824f50e8 b056f7ff9f39491685fb99924dae845b 4000cc609acd4869ae6c95154c732fa2 - - default default] Successfully bumped revision number for resource 672dfda6-1adf-4703-8231-2e44b397645a (type: networks) to 1
2026-04-29 03:01:27.813 9 INFO neutron.db.ovn_revision_numbers_db [req-50eac17f-f4e2-481a-b2c5-346cabe030cb req-4383573e-285e-4da6-914c-e2515c0e2586 4e6447db778146f49bfbeb7548b8e022 dbe0977cdcca4661b8cb39cdea1aecfb - - default default] Successfully bumped revision number for resource 10c5bcf5-a208-4e5b-8562-c4dfdecee40b (type: ports) to 1
2026-04-29 03:01:27.840 9 INFO neutron.api.wsgi [req-50eac17f-f4e2-481a-b2c5-346cabe030cb req-4383573e-285e-4da6-914c-e2515c0e2586 4e6447db778146f49bfbeb7548b8e022 dbe0977cdcca4661b8cb39cdea1aecfb - - default default] 199.204.45.25 "POST /v2.0/ports HTTP/1.1" status: 201 len: 1158 time: 0.4018793 /var/lib/openstack/lib/python3.12/site-packages/pycadf/identifier.py:71: UserWarning: Invalid uuid: neutron. To ensure interoperability, identifiers should be a valid uuid. warnings.warn(('Invalid uuid: %s. To ensure interoperability, '
2026-04-29 03:01:27.878 10 WARNING neutron.scheduler.dhcp_agent_scheduler [None req-293287cd-179d-4aef-a070-c5bb824f50e8 b056f7ff9f39491685fb99924dae845b 4000cc609acd4869ae6c95154c732fa2 - - default default] No more DHCP agents
2026-04-29 03:01:27.879 10 WARNING neutron.api.rpc.agentnotifiers.dhcp_rpc_agent_api [None req-293287cd-179d-4aef-a070-c5bb824f50e8 b056f7ff9f39491685fb99924dae845b 4000cc609acd4869ae6c95154c732fa2 - - default default] Unable to schedule network 672dfda6-1adf-4703-8231-2e44b397645a: no agents available; will retry on subsequent port and subnet creation events.
