2026-04-29 03:03:45.656 9 INFO neutron.db.ovn_revision_numbers_db [None req-ac93683d-32c0-4332-988a-340edfa78555 0d17a3b6a9b5451492e66aefd4f235dc 3308dde9f672402eae73c63366cc0f4e - - default default] Successfully bumped revision number for resource a7055451-d5ef-4f8f-ab44-2d2f3e4245ec (type: security_groups) to 1
2026-04-29 03:03:45.669 9 INFO neutron.db.ovn_revision_numbers_db [None req-ac93683d-32c0-4332-988a-340edfa78555 0d17a3b6a9b5451492e66aefd4f235dc 3308dde9f672402eae73c63366cc0f4e - - default default] Successfully bumped revision number for resource 1cdcf434-5ebe-417d-aa51-f5e6157e99e0 (type: security_group_rules) to 0
2026-04-29 03:03:45.682 9 INFO neutron.db.ovn_revision_numbers_db [None req-ac93683d-32c0-4332-988a-340edfa78555 0d17a3b6a9b5451492e66aefd4f235dc 3308dde9f672402eae73c63366cc0f4e - - default default] Successfully bumped revision number for resource ad89758f-cb99-4ab1-bab8-41cd566dffce (type: security_group_rules) to 0
2026-04-29 03:03:45.695 9 INFO neutron.db.ovn_revision_numbers_db [None req-ac93683d-32c0-4332-988a-340edfa78555 0d17a3b6a9b5451492e66aefd4f235dc 3308dde9f672402eae73c63366cc0f4e - - default default] Successfully bumped revision number for resource b936d83f-d4f9-4d44-8e38-31ca96f1c155 (type: security_group_rules) to 0
2026-04-29 03:03:45.711 9 INFO neutron.db.ovn_revision_numbers_db [None req-ac93683d-32c0-4332-988a-340edfa78555 0d17a3b6a9b5451492e66aefd4f235dc 3308dde9f672402eae73c63366cc0f4e - - default default] Successfully bumped revision number for resource e7742619-9702-410a-94bf-1fb115bf848d (type: security_group_rules) to 0
2026-04-29 03:03:45.764 9 INFO neutron.api.wsgi [None req-ac93683d-32c0-4332-988a-340edfa78555 0d17a3b6a9b5451492e66aefd4f235dc 3308dde9f672402eae73c63366cc0f4e - - default default] 10.0.0.12 "GET /v2.0/security-groups?tenant_id=10b49d5d338a4eeeaaccd2c828fc53a0&name=default HTTP/1.1" status: 200 len: 3120 time: 0.4206820
2026-04-29 03:03:45.837 10 INFO neutron.api.wsgi [None req-19c23038-2ec8-4152-9cb0-c68c89b6a6d7 0d17a3b6a9b5451492e66aefd4f235dc 3308dde9f672402eae73c63366cc0f4e - - default default] 10.0.0.12 "DELETE /v2.0/security-groups/12cfd5e0-e42e-41d7-bc74-83c6c7ab4c2f HTTP/1.1" status: 204 len: 168 time: 0.2090693
2026-04-29 03:03:45.996 10 INFO neutron.services.segments.plugin [-] Segment f8316d3e-c7aa-4789-80cb-4748b68587ba resource provider aggregate not found
2026-04-29 03:03:46.000 10 INFO neutron.services.segments.plugin [-] Segment f8316d3e-c7aa-4789-80cb-4748b68587ba resource provider aggregate not found
2026-04-29 03:03:46.006 10 INFO neutron.services.segments.plugin [-] Segment f8316d3e-c7aa-4789-80cb-4748b68587ba resource provider not found; error: Placement Client Error (4xx): {"errors": [{"status": 404, "title": "Not Found", "detail": "The resource could not be found.\n\n No resource provider with uuid f8316d3e-c7aa-4789-80cb-4748b68587ba found for delete ", "request_id": "req-c2ab5606-e93d-4656-b6f4-0bfeec685549"}]}
2026-04-29 03:03:46.010 10 INFO neutron.services.segments.plugin [-] Segment f8316d3e-c7aa-4789-80cb-4748b68587ba resource provider not found; error: Placement Client Error (4xx): {"errors": [{"status": 404, "title": "Not Found", "detail": "The resource could not be found.\n\n No resource provider with uuid f8316d3e-c7aa-4789-80cb-4748b68587ba found for delete ", "request_id": "req-1694603a-40c6-4956-8ef4-f1e0b3a750c7"}]}
2026-04-29 03:03:46.016 9 INFO neutron.api.wsgi [None req-653cd477-72a4-4135-92be-a7c095c29cce 0d17a3b6a9b5451492e66aefd4f235dc 3308dde9f672402eae73c63366cc0f4e - - default default] 10.0.0.12 "DELETE /v2.0/security-groups/a7055451-d5ef-4f8f-ab44-2d2f3e4245ec HTTP/1.1" status: 204 len: 168 time: 0.2456181
2026-04-29 03:03:46.178 10 WARNING neutron_lib.context [None req-f284d08e-d042-43a5-b298-6b92fdd512dc 19f9a64dee374bfd8eb875b4d831f5ba 8b5ed0604cd14225abc78ce3321662c1 - - default default] Method 'is_advsvc' is deprecated since 2023.2 release (neutron-lib 3.8.0) and will be removed once support for the old RBAC API policies will be removed from Neutron. Please use method 'is_service_role' instead.
2026-04-29 03:03:46.311 10 INFO neutron.db.ovn_revision_numbers_db [None req-5357ca1a-3cf3-4c6d-9abc-a9299ac0b84b 0d17a3b6a9b5451492e66aefd4f235dc 3308dde9f672402eae73c63366cc0f4e - - default default] Successfully bumped revision number for resource 0f75d372-64e2-47f6-b723-ad60aea0dfb1 (type: security_groups) to 1
2026-04-29 03:03:46.320 10 INFO neutron.db.ovn_revision_numbers_db [None req-f284d08e-d042-43a5-b298-6b92fdd512dc 19f9a64dee374bfd8eb875b4d831f5ba 8b5ed0604cd14225abc78ce3321662c1 - - default default] Successfully bumped revision number for resource b1b99435-5aa2-4c6e-b3c9-f441edfc54d0 (type: security_groups) to 1
2026-04-29 03:03:46.323 10 INFO neutron.db.ovn_revision_numbers_db [None req-5357ca1a-3cf3-4c6d-9abc-a9299ac0b84b 0d17a3b6a9b5451492e66aefd4f235dc 3308dde9f672402eae73c63366cc0f4e - - default default] Successfully bumped revision number for resource 360b28de-4839-4a91-8f48-50a46d9a346c (type: security_group_rules) to 0
2026-04-29 03:03:46.333 10 INFO neutron.db.ovn_revision_numbers_db [None req-f284d08e-d042-43a5-b298-6b92fdd512dc 19f9a64dee374bfd8eb875b4d831f5ba 8b5ed0604cd14225abc78ce3321662c1 - - default default] Successfully bumped revision number for resource 5c5ddf69-758d-4c51-91a8-6290fe24f5a7 (type: security_group_rules) to 0
2026-04-29 03:03:46.336 10 INFO neutron.db.ovn_revision_numbers_db [None req-5357ca1a-3cf3-4c6d-9abc-a9299ac0b84b 0d17a3b6a9b5451492e66aefd4f235dc 3308dde9f672402eae73c63366cc0f4e - - default default] Successfully bumped revision number for resource 4dd87e5f-141e-4735-a6da-bed325ed0e6f (type: security_group_rules) to 0
2026-04-29 03:03:46.344 10 INFO neutron.db.ovn_revision_numbers_db [None req-f284d08e-d042-43a5-b298-6b92fdd512dc 19f9a64dee374bfd8eb875b4d831f5ba 8b5ed0604cd14225abc78ce3321662c1 - - default default] Successfully bumped revision number for resource e8b5359a-c171-4453-9272-1c275e860f34 (type: security_group_rules) to 0
2026-04-29 03:03:46.349 10 INFO neutron.db.ovn_revision_numbers_db [None req-5357ca1a-3cf3-4c6d-9abc-a9299ac0b84b 0d17a3b6a9b5451492e66aefd4f235dc 3308dde9f672402eae73c63366cc0f4e - - default default] Successfully bumped revision number for resource 5c1f1fd9-7f06-4ad0-a5d3-d269e2542627 (type: security_group_rules) to 0
2026-04-29 03:03:46.354 10 INFO neutron.db.ovn_revision_numbers_db [None req-f284d08e-d042-43a5-b298-6b92fdd512dc 19f9a64dee374bfd8eb875b4d831f5ba 8b5ed0604cd14225abc78ce3321662c1 - - default default] Successfully bumped revision number for resource ed48851c-4ccd-4b64-817b-0b92f57c4125 (type: security_group_rules) to 0
2026-04-29 03:03:46.366 10 INFO neutron.db.ovn_revision_numbers_db [None req-5357ca1a-3cf3-4c6d-9abc-a9299ac0b84b 0d17a3b6a9b5451492e66aefd4f235dc 3308dde9f672402eae73c63366cc0f4e - - default default] Successfully bumped revision number for resource b4319d45-ac34-466b-837e-82a1df4721ba (type: security_group_rules) to 0
2026-04-29 03:03:46.368 10 INFO neutron.db.ovn_revision_numbers_db [None req-f284d08e-d042-43a5-b298-6b92fdd512dc 19f9a64dee374bfd8eb875b4d831f5ba 8b5ed0604cd14225abc78ce3321662c1 - - default default] Successfully bumped revision number for resource ef1f2642-2221-4d56-89f3-300f6f6b7d71 (type: security_group_rules) to 0
2026-04-29 03:03:46.411 10 INFO neutron.api.wsgi [None req-5357ca1a-3cf3-4c6d-9abc-a9299ac0b84b 0d17a3b6a9b5451492e66aefd4f235dc 3308dde9f672402eae73c63366cc0f4e - - default default] 10.0.0.12 "GET /v2.0/security-groups?tenant_id=95a041d1a2ff419eb9da0f51b9c0f29d&name=default HTTP/1.1" status: 200 len: 3120 time: 0.2426071
2026-04-29 03:03:46.455 10 INFO neutron.db.segments_db [None req-f284d08e-d042-43a5-b298-6b92fdd512dc 19f9a64dee374bfd8eb875b4d831f5ba 8b5ed0604cd14225abc78ce3321662c1 - - default default] Added segment 325bd6bc-1eae-49f7-ac58-a415219503b2 of type geneve for network df2dc419-a400-4d43-824b-6b1baa6e1760
2026-04-29 03:03:46.606 10 INFO neutron.db.ovn_revision_numbers_db [None req-f284d08e-d042-43a5-b298-6b92fdd512dc 19f9a64dee374bfd8eb875b4d831f5ba 8b5ed0604cd14225abc78ce3321662c1 - - default default] Successfully bumped revision number for resource df2dc419-a400-4d43-824b-6b1baa6e1760 (type: networks) to 1
2026-04-29 03:03:46.690 10 INFO neutron.api.wsgi [None req-536bc9df-0301-4ea9-bdb0-a34b44c7012c 0d17a3b6a9b5451492e66aefd4f235dc 3308dde9f672402eae73c63366cc0f4e - - default default] 10.0.0.12 "DELETE /v2.0/security-groups/0f75d372-64e2-47f6-b723-ad60aea0dfb1 HTTP/1.1" status: 204 len: 168 time: 0.2661664
2026-04-29 03:03:46.761 10 WARNING neutron.scheduler.dhcp_agent_scheduler [None req-f284d08e-d042-43a5-b298-6b92fdd512dc 19f9a64dee374bfd8eb875b4d831f5ba 8b5ed0604cd14225abc78ce3321662c1 - - default default] No more DHCP agents
2026-04-29 03:03:46.762 10 WARNING neutron.api.rpc.agentnotifiers.dhcp_rpc_agent_api [None req-f284d08e-d042-43a5-b298-6b92fdd512dc 19f9a64dee374bfd8eb875b4d831f5ba 8b5ed0604cd14225abc78ce3321662c1 - - default default] Unable to schedule network df2dc419-a400-4d43-824b-6b1baa6e1760: no agents available; will retry on subsequent port and subnet creation events.
2026-04-29 03:03:46.838 10 INFO neutron.db.ovn_revision_numbers_db [None req-f284d08e-d042-43a5-b298-6b92fdd512dc 19f9a64dee374bfd8eb875b4d831f5ba 8b5ed0604cd14225abc78ce3321662c1 - - default default] Successfully bumped revision number for resource 30c8ebf5-b9c8-4507-898a-f6ad19025884 (type: ports) to 1
2026-04-29 03:03:46.865 10 INFO neutron.api.wsgi [None req-f284d08e-d042-43a5-b298-6b92fdd512dc 19f9a64dee374bfd8eb875b4d831f5ba 8b5ed0604cd14225abc78ce3321662c1 - - default default] 10.0.0.12 "POST /v2.0/networks HTTP/1.1" status: 201 len: 832 time: 0.8757148
2026-04-29 03:03:46.873 9 WARNING neutron_lib.context [None req-af068f91-030d-409f-a266-44c2b4c5b4dc 19f9a64dee374bfd8eb875b4d831f5ba 8b5ed0604cd14225abc78ce3321662c1 - - default default] Method 'is_advsvc' is deprecated since 2023.2 release (neutron-lib 3.8.0) and will be removed once support for the old RBAC API policies will be removed from Neutron. Please use method 'is_service_role' instead.
2026-04-29 03:03:46.876 9 INFO neutron.db.ovn_revision_numbers_db [None req-fe69cc56-0b09-4b25-8115-8655cf15d091 0d17a3b6a9b5451492e66aefd4f235dc 3308dde9f672402eae73c63366cc0f4e - - default default] Successfully bumped revision number for resource 217d0903-9b45-4e1d-8302-c45985bd1c74 (type: security_groups) to 1
2026-04-29 03:03:46.893 9 INFO neutron.db.ovn_revision_numbers_db [None req-fe69cc56-0b09-4b25-8115-8655cf15d091 0d17a3b6a9b5451492e66aefd4f235dc 3308dde9f672402eae73c63366cc0f4e - - default default] Successfully bumped revision number for resource 1fb5a103-0012-498b-a730-28cf3df94729 (type: security_group_rules) to 0
2026-04-29 03:03:46.908 9 INFO neutron.db.ovn_revision_numbers_db [None req-fe69cc56-0b09-4b25-8115-8655cf15d091 0d17a3b6a9b5451492e66aefd4f235dc 3308dde9f672402eae73c63366cc0f4e - - default default] Successfully bumped revision number for resource 8e2ed284-714c-4262-b8ab-dd7c2b2ebe56 (type: security_group_rules) to 0
2026-04-29 03:03:46.933 9 INFO neutron.db.ovn_revision_numbers_db [None req-fe69cc56-0b09-4b25-8115-8655cf15d091 0d17a3b6a9b5451492e66aefd4f235dc 3308dde9f672402eae73c63366cc0f4e - - default default] Successfully bumped revision number for resource ce7638e7-36e2-405a-ab95-60546bede05e (type: security_group_rules) to 0
2026-04-29 03:03:46.963 9 INFO neutron.db.ovn_revision_numbers_db [None req-fe69cc56-0b09-4b25-8115-8655cf15d091 0d17a3b6a9b5451492e66aefd4f235dc 3308dde9f672402eae73c63366cc0f4e - - default default] Successfully bumped revision number for resource fcb2df71-dd42-4dd3-ad90-0f6ff9db2e2c (type: security_group_rules) to 0
2026-04-29 03:03:47.016 9 INFO neutron.api.wsgi [None req-fe69cc56-0b09-4b25-8115-8655cf15d091 0d17a3b6a9b5451492e66aefd4f235dc 3308dde9f672402eae73c63366cc0f4e - - default default] 10.0.0.12 "GET /v2.0/security-groups?tenant_id=7fc0c4a4f0564de1965098517e96cf12&name=default HTTP/1.1" status: 200 len: 3120 time: 0.2340667
2026-04-29 03:03:47.220 10 INFO neutron.api.wsgi [None req-19fa1f6b-8ae5-4d85-874b-7dba652b83b3 0d17a3b6a9b5451492e66aefd4f235dc 3308dde9f672402eae73c63366cc0f4e - - default default] 10.0.0.12 "DELETE /v2.0/security-groups/217d0903-9b45-4e1d-8302-c45985bd1c74 HTTP/1.1" status: 204 len: 168 time: 0.1985335
2026-04-29 03:03:47.309 9 WARNING neutron.scheduler.dhcp_agent_scheduler [None req-af068f91-030d-409f-a266-44c2b4c5b4dc 19f9a64dee374bfd8eb875b4d831f5ba 8b5ed0604cd14225abc78ce3321662c1 - - default default] No more DHCP agents
2026-04-29 03:03:47.310 9 WARNING neutron.api.rpc.agentnotifiers.dhcp_rpc_agent_api [None req-af068f91-030d-409f-a266-44c2b4c5b4dc 19f9a64dee374bfd8eb875b4d831f5ba 8b5ed0604cd14225abc78ce3321662c1 - - default default] Unable to schedule network 94738971-21a3-414a-ba70-2dd4ce24c361: no agents available; will retry on subsequent port and subnet creation events.
2026-04-29 03:03:47.437 9 INFO neutron.db.ovn_revision_numbers_db [None req-af068f91-030d-409f-a266-44c2b4c5b4dc 19f9a64dee374bfd8eb875b4d831f5ba 8b5ed0604cd14225abc78ce3321662c1 - - default default] Successfully bumped revision number for resource 04e4651c-3607-4165-997a-63fcf9a4bd19 (type: ports) to 1
2026-04-29 03:03:47.710 9 WARNING neutron_lib.context [None req-c31b7be5-b9fe-4ff6-a594-79f59f69c605 bbd314a95daa4962a9e8a595453e8aeb f723f22b4ddf49e094b46249d3018a71 - - default default] Method 'is_advsvc' is deprecated since 2023.2 release (neutron-lib 3.8.0) and will be removed once support for the old RBAC API policies will be removed from Neutron. Please use method 'is_service_role' instead.
2026-04-29 03:03:47.710 9 WARNING neutron_lib.context [None req-c31b7be5-b9fe-4ff6-a594-79f59f69c605 bbd314a95daa4962a9e8a595453e8aeb f723f22b4ddf49e094b46249d3018a71 - - default default] Method 'is_advsvc' is deprecated since 2023.2 release (neutron-lib 3.8.0) and will be removed once support for the old RBAC API policies will be removed from Neutron. Please use method 'is_service_role' instead.
2026-04-29 03:03:47.883 9 INFO neutron.db.ovn_revision_numbers_db [None req-c31b7be5-b9fe-4ff6-a594-79f59f69c605 bbd314a95daa4962a9e8a595453e8aeb f723f22b4ddf49e094b46249d3018a71 - - default default] Successfully bumped revision number for resource f1f79a19-fcd7-4777-aba7-a4f39f664149 (type: security_groups) to 1
2026-04-29 03:03:47.897 9 INFO neutron.db.ovn_revision_numbers_db [None req-c31b7be5-b9fe-4ff6-a594-79f59f69c605 bbd314a95daa4962a9e8a595453e8aeb f723f22b4ddf49e094b46249d3018a71 - - default default] Successfully bumped revision number for resource 1eb4afda-59e0-4acf-8fea-91b55d7a0175 (type: security_group_rules) to 0
2026-04-29 03:03:47.915 9 INFO neutron.db.ovn_revision_numbers_db [None req-c31b7be5-b9fe-4ff6-a594-79f59f69c605 bbd314a95daa4962a9e8a595453e8aeb f723f22b4ddf49e094b46249d3018a71 - - default default] Successfully bumped revision number for resource 605be371-043d-4528-9a4e-4ee622ebe163 (type: security_group_rules) to 0
2026-04-29 03:03:47.927 9 INFO neutron.db.ovn_revision_numbers_db [None req-c31b7be5-b9fe-4ff6-a594-79f59f69c605 bbd314a95daa4962a9e8a595453e8aeb f723f22b4ddf49e094b46249d3018a71 - - default default] Successfully bumped revision number for resource 67f49cf4-164c-4922-bebc-2d19b5b9e2c5 (type: security_group_rules) to 0
2026-04-29 03:03:47.945 9 INFO neutron.db.ovn_revision_numbers_db [None req-c31b7be5-b9fe-4ff6-a594-79f59f69c605 bbd314a95daa4962a9e8a595453e8aeb f723f22b4ddf49e094b46249d3018a71 - - default default] Successfully bumped revision number for resource e79ae704-c734-40b6-a054-4e3fa8a9fbf6 (type: security_group_rules) to 0
2026-04-29 03:03:48.028 9 INFO neutron.plugins.ml2.drivers.ovn.mech_driver.ovsdb.commands [None req-e89d2fad-060a-45fd-8eb1-3c3fd670de74 - - - - - -] Schedule LRP lrp-04e4651c-3607-4165-997a-63fcf9a4bd19 on gateway 93a177b5-79a8-4dd7-9ffa-9a3d49f1cc5b with priority 1
2026-04-29 03:03:48.031 9 INFO neutron.db.segments_db [None req-c31b7be5-b9fe-4ff6-a594-79f59f69c605 bbd314a95daa4962a9e8a595453e8aeb f723f22b4ddf49e094b46249d3018a71 - - default default] Added segment 567f116a-1843-44da-b2cf-d7ce89990d53 of type geneve for network b794a5a7-29f3-402b-9d13-083726da6cd7
2026-04-29 03:03:48.037 10 INFO neutron.plugins.ml2.drivers.ovn.mech_driver.mech_driver [None req-cff20c63-3911-4ed1-96b7-6497e170d074 - - - - - -] OVN reports status up for port: 04e4651c-3607-4165-997a-63fcf9a4bd19
2026-04-29 03:03:48.046 10 INFO neutron.plugins.ml2.drivers.ovn.mech_driver.ovsdb.ovsdb_monitor [None req-ae102f3c-5c98-46b1-a220-4cb9e8542568 - - - - - -] Router f8052720-8673-4aa7-80d1-3e503cd7867f is bound to host instance
2026-04-29 03:03:48.056 10 INFO neutron.plugins.ml2.plugin [None req-cff20c63-3911-4ed1-96b7-6497e170d074 - - - - - -] Attempt 1 to provision port 04e4651c-3607-4165-997a-63fcf9a4bd19
2026-04-29 03:03:48.071 9 INFO neutron.db.ovn_revision_numbers_db [None req-af068f91-030d-409f-a266-44c2b4c5b4dc 19f9a64dee374bfd8eb875b4d831f5ba 8b5ed0604cd14225abc78ce3321662c1 - - default default] Successfully bumped revision number for resource 04e4651c-3607-4165-997a-63fcf9a4bd19 (type: router_ports) to 1
2026-04-29 03:03:48.152 9 INFO neutron.db.ovn_revision_numbers_db [None req-af068f91-030d-409f-a266-44c2b4c5b4dc 19f9a64dee374bfd8eb875b4d831f5ba 8b5ed0604cd14225abc78ce3321662c1 - - default default] Successfully bumped revision number for resource f8052720-8673-4aa7-80d1-3e503cd7867f (type: routers) to 2
2026-04-29 03:03:48.167 9 INFO neutron.api.wsgi [None req-af068f91-030d-409f-a266-44c2b4c5b4dc 19f9a64dee374bfd8eb875b4d831f5ba 8b5ed0604cd14225abc78ce3321662c1 - - default default] 10.0.0.12 "POST /v2.0/routers HTTP/1.1" status: 201 len: 1154 time: 1.2961636
2026-04-29 03:03:48.184 9 INFO neutron.db.segments_db [None req-c31b7be5-b9fe-4ff6-a594-79f59f69c605 bbd314a95daa4962a9e8a595453e8aeb f723f22b4ddf49e094b46249d3018a71 - - default default] Added segment 38940067-c8b1-4b7e-8985-ddd480e8a2a6 of type geneve for network 0e6dd815-2d8c-4391-9841-8dfa0d077b1e
2026-04-29 03:03:48.316 9 INFO neutron.db.ovn_revision_numbers_db [None req-c31b7be5-b9fe-4ff6-a594-79f59f69c605 bbd314a95daa4962a9e8a595453e8aeb f723f22b4ddf49e094b46249d3018a71 - - default default] Successfully bumped revision number for resource b794a5a7-29f3-402b-9d13-083726da6cd7 (type: networks) to 1
2026-04-29 03:03:48.400 9 INFO neutron.api.wsgi [None req-4d991141-ed0b-4b5c-8c0b-ec16ff432f09 c5631b752552413ca6e030056890f32c 0621079a417747ab9a0acf772c550497 - - default default] 10.0.0.12 "GET /v2.0/subnets?project_id=8b5ed0604cd14225abc78ce3321662c1&cidr=10.100.0.0%2F28 HTTP/1.1" status: 200 len: 207 time: 0.2292852
2026-04-29 03:03:48.458 9 INFO neutron.api.wsgi [None req-c9703ed4-207b-448c-8d2e-ba5b6f0a7aaf c5631b752552413ca6e030056890f32c 0621079a417747ab9a0acf772c550497 - - default default] 10.0.0.12 "GET /v2.0/networks?router%3Aexternal=True HTTP/1.1" status: 200 len: 947 time: 0.0542827
2026-04-29 03:03:48.482 9 INFO neutron.api.wsgi [None req-11912935-4f02-48c7-8024-8ef69f94a847 c5631b752552413ca6e030056890f32c 0621079a417747ab9a0acf772c550497 - - default default] 10.0.0.12 "GET /v2.0/subnets?network_id=94738971-21a3-414a-ba70-2dd4ce24c361&cidr=10.100.0.0%2F28 HTTP/1.1" status: 200 len: 207 time: 0.0182469
2026-04-29 03:03:48.496 9 WARNING neutron_lib.context [None req-00b43546-4ce8-46aa-ae62-1e2bf900dba3 19f9a64dee374bfd8eb875b4d831f5ba 8b5ed0604cd14225abc78ce3321662c1 - - default default] Method 'is_advsvc' is deprecated since 2023.2 release (neutron-lib 3.8.0) and will be removed once support for the old RBAC API policies will be removed from Neutron. Please use method 'is_service_role' instead.
2026-04-29 03:03:48.509 10 INFO neutron.db.ovn_revision_numbers_db [None req-6f7a0b30-9564-4460-84bb-f0d5cb1b6512 - - - - - -] Successfully bumped revision number for resource 04e4651c-3607-4165-997a-63fcf9a4bd19 (type: ports) to 1
2026-04-29 03:03:48.535 9 WARNING neutron.scheduler.dhcp_agent_scheduler [None req-c31b7be5-b9fe-4ff6-a594-79f59f69c605 bbd314a95daa4962a9e8a595453e8aeb f723f22b4ddf49e094b46249d3018a71 - - default default] No more DHCP agents
2026-04-29 03:03:48.538 9 WARNING neutron.api.rpc.agentnotifiers.dhcp_rpc_agent_api [None req-c31b7be5-b9fe-4ff6-a594-79f59f69c605 bbd314a95daa4962a9e8a595453e8aeb f723f22b4ddf49e094b46249d3018a71 - - default default] Unable to schedule network b794a5a7-29f3-402b-9d13-083726da6cd7: no agents available; will retry on subsequent port and subnet creation events.
2026-04-29 03:03:48.577 10 WARNING neutron_lib.context [None req-ceab03e5-11d6-43ad-817f-e28bcf4d4845 7eee3c98257e4334bda7dd0de7948430 94bf5ec8ebf840068a1953b5a168c7e0 - - default default] Method 'is_advsvc' is deprecated since 2023.2 release (neutron-lib 3.8.0) and will be removed once support for the old RBAC API policies will be removed from Neutron. Please use method 'is_service_role' instead.
2026-04-29 03:03:48.623 9 INFO neutron.db.ovn_revision_numbers_db [None req-c31b7be5-b9fe-4ff6-a594-79f59f69c605 bbd314a95daa4962a9e8a595453e8aeb f723f22b4ddf49e094b46249d3018a71 - - default default] Successfully bumped revision number for resource 7bccc13d-8e24-487e-a55b-ddf6edd185a7 (type: ports) to 1
2026-04-29 03:03:48.709 9 INFO neutron.db.ovn_revision_numbers_db [None req-c31b7be5-b9fe-4ff6-a594-79f59f69c605 bbd314a95daa4962a9e8a595453e8aeb f723f22b4ddf49e094b46249d3018a71 - - default default] Successfully bumped revision number for resource 0e6dd815-2d8c-4391-9841-8dfa0d077b1e (type: networks) to 1
2026-04-29 03:03:48.719 10 INFO neutron.db.ovn_revision_numbers_db [None req-ceab03e5-11d6-43ad-817f-e28bcf4d4845 7eee3c98257e4334bda7dd0de7948430 94bf5ec8ebf840068a1953b5a168c7e0 - - default default] Successfully bumped revision number for resource e78325ed-a03e-4016-acbe-9f11760be1d6 (type: security_groups) to 1
2026-04-29 03:03:48.731 10 INFO neutron.db.ovn_revision_numbers_db [None req-ceab03e5-11d6-43ad-817f-e28bcf4d4845 7eee3c98257e4334bda7dd0de7948430 94bf5ec8ebf840068a1953b5a168c7e0 - - default default] Successfully bumped revision number for resource 454ba0dc-254b-44d9-9d4c-7cbfe6003b41 (type: security_group_rules) to 0
2026-04-29 03:03:48.733 9 WARNING neutron.scheduler.dhcp_agent_scheduler [None req-00b43546-4ce8-46aa-ae62-1e2bf900dba3 19f9a64dee374bfd8eb875b4d831f5ba 8b5ed0604cd14225abc78ce3321662c1 - - default default] No more DHCP agents
2026-04-29 03:03:48.735 9 WARNING neutron.api.rpc.agentnotifiers.dhcp_rpc_agent_api [None req-00b43546-4ce8-46aa-ae62-1e2bf900dba3 19f9a64dee374bfd8eb875b4d831f5ba 8b5ed0604cd14225abc78ce3321662c1 - - default default] Unable to schedule network df2dc419-a400-4d43-824b-6b1baa6e1760: no agents available; will retry on subsequent port and subnet creation events.
2026-04-29 03:03:48.747 10 INFO neutron.db.ovn_revision_numbers_db [None req-ceab03e5-11d6-43ad-817f-e28bcf4d4845 7eee3c98257e4334bda7dd0de7948430 94bf5ec8ebf840068a1953b5a168c7e0 - - default default] Successfully bumped revision number for resource 828fe941-cb3c-49a9-96ce-da96fd533201 (type: security_group_rules) to 0
2026-04-29 03:03:48.760 10 INFO neutron.db.ovn_revision_numbers_db [None req-ceab03e5-11d6-43ad-817f-e28bcf4d4845 7eee3c98257e4334bda7dd0de7948430 94bf5ec8ebf840068a1953b5a168c7e0 - - default default] Successfully bumped revision number for resource d8de5e85-65c5-4cac-aec0-f98a14f5a2fa (type: security_group_rules) to 0
2026-04-29 03:03:48.778 10 INFO neutron.db.ovn_revision_numbers_db [None req-ceab03e5-11d6-43ad-817f-e28bcf4d4845 7eee3c98257e4334bda7dd0de7948430 94bf5ec8ebf840068a1953b5a168c7e0 - - default default] Successfully bumped revision number for resource f08d9e8d-a2c6-4e01-987b-792c41729303 (type: security_group_rules) to 0
2026-04-29 03:03:48.839 10 INFO neutron.db.ovn_revision_numbers_db [None req-6f7a0b30-9564-4460-84bb-f0d5cb1b6512 - - - - - -] Successfully bumped revision number for resource 04e4651c-3607-4165-997a-63fcf9a4bd19 (type: ports) to 4
2026-04-29 03:03:48.847 10 INFO neutron.db.segments_db [None req-ceab03e5-11d6-43ad-817f-e28bcf4d4845 7eee3c98257e4334bda7dd0de7948430 94bf5ec8ebf840068a1953b5a168c7e0 - - default default] Added segment b212d9e6-653d-4329-8446-a6cf798cc281 of type geneve for network f73cad48-7781-498b-b699-2127d15c1f48
2026-04-29 03:03:48.928 9 WARNING neutron.scheduler.dhcp_agent_scheduler [None req-c31b7be5-b9fe-4ff6-a594-79f59f69c605 bbd314a95daa4962a9e8a595453e8aeb f723f22b4ddf49e094b46249d3018a71 - - default default] No more DHCP agents
2026-04-29 03:03:48.932 9 WARNING neutron.api.rpc.agentnotifiers.dhcp_rpc_agent_api [None req-c31b7be5-b9fe-4ff6-a594-79f59f69c605 bbd314a95daa4962a9e8a595453e8aeb f723f22b4ddf49e094b46249d3018a71 - - default default] Unable to schedule network 0e6dd815-2d8c-4391-9841-8dfa0d077b1e: no agents available; will retry on subsequent port and subnet creation events.
2026-04-29 03:03:48.966 10 INFO neutron.db.ovn_revision_numbers_db [None req-ceab03e5-11d6-43ad-817f-e28bcf4d4845 7eee3c98257e4334bda7dd0de7948430 94bf5ec8ebf840068a1953b5a168c7e0 - - default default] Successfully bumped revision number for resource f73cad48-7781-498b-b699-2127d15c1f48 (type: networks) to 1
2026-04-29 03:03:49.017 9 INFO neutron.db.ovn_revision_numbers_db [None req-c31b7be5-b9fe-4ff6-a594-79f59f69c605 bbd314a95daa4962a9e8a595453e8aeb f723f22b4ddf49e094b46249d3018a71 - - default default] Successfully bumped revision number for resource 61071184-bb76-4e60-909f-09c7f514cbeb (type: ports) to 1
2026-04-29 03:03:49.042 9 INFO neutron.api.wsgi [None req-c31b7be5-b9fe-4ff6-a594-79f59f69c605 bbd314a95daa4962a9e8a595453e8aeb f723f22b4ddf49e094b46249d3018a71 - - default default] 10.0.0.12 "POST /v2.0/networks HTTP/1.1" status: 201 len: 1446 time: 1.5011380
2026-04-29 03:03:49.107 9 INFO neutron.api.wsgi [None req-343f6b1a-c761-46cc-ace5-4bde68f48872 bbd314a95daa4962a9e8a595453e8aeb f723f22b4ddf49e094b46249d3018a71 - - default default] 10.0.0.12 "GET /v2.0/networks HTTP/1.1" status: 200 len: 2052 time: 0.0594769
2026-04-29 03:03:49.145 10 WARNING neutron.scheduler.dhcp_agent_scheduler [None req-ceab03e5-11d6-43ad-817f-e28bcf4d4845 7eee3c98257e4334bda7dd0de7948430 94bf5ec8ebf840068a1953b5a168c7e0 - - default default] No more DHCP agents
2026-04-29 03:03:49.147 10 WARNING neutron.api.rpc.agentnotifiers.dhcp_rpc_agent_api [None req-ceab03e5-11d6-43ad-817f-e28bcf4d4845 7eee3c98257e4334bda7dd0de7948430 94bf5ec8ebf840068a1953b5a168c7e0 - - default default] Unable to schedule network f73cad48-7781-498b-b699-2127d15c1f48: no agents available; will retry on subsequent port and subnet creation events.
2026-04-29 03:03:49.179 10 INFO neutron.db.ovn_revision_numbers_db [None req-6f7a0b30-9564-4460-84bb-f0d5cb1b6512 - - - - - -] Successfully bumped revision number for resource 04e4651c-3607-4165-997a-63fcf9a4bd19 (type: ports) to 5
2026-04-29 03:03:49.219 10 INFO neutron.db.ovn_revision_numbers_db [None req-ceab03e5-11d6-43ad-817f-e28bcf4d4845 7eee3c98257e4334bda7dd0de7948430 94bf5ec8ebf840068a1953b5a168c7e0 - - default default] Successfully bumped revision number for resource 749a1f6c-5fe9-4741-b738-b4189ab224ed (type: ports) to 1
2026-04-29 03:03:49.249 10 INFO neutron.api.wsgi [None req-ceab03e5-11d6-43ad-817f-e28bcf4d4845 7eee3c98257e4334bda7dd0de7948430 94bf5ec8ebf840068a1953b5a168c7e0 - - default default] 10.0.0.12 "POST /v2.0/networks HTTP/1.1" status: 201 len: 830 time: 0.7188621
2026-04-29 03:03:49.259 9 WARNING neutron_lib.context [None req-59917adf-e812-412b-aa1b-8b5bf9e47b90 7eee3c98257e4334bda7dd0de7948430 94bf5ec8ebf840068a1953b5a168c7e0 - - default default] Method 'is_advsvc' is deprecated since 2023.2 release (neutron-lib 3.8.0) and will be removed once support for the old RBAC API policies will be removed from Neutron. Please use method 'is_service_role' instead.
2026-04-29 03:03:49.284 9 INFO neutron.db.ovn_revision_numbers_db [None req-60af9e8f-daa9-4c36-aae0-b9656018acb9 - - - - - -] Successfully bumped revision number for resource 30c8ebf5-b9c8-4507-898a-f6ad19025884 (type: ports) to 2
2026-04-29 03:03:49.348 9 INFO neutron.db.ovn_revision_numbers_db [None req-60af9e8f-daa9-4c36-aae0-b9656018acb9 - - - - - -] Successfully bumped revision number for resource 47ad47fd-5515-4b27-b459-832678f00cfb (type: subnets) to 0
2026-04-29 03:03:49.368 9 INFO neutron.api.wsgi [None req-00b43546-4ce8-46aa-ae62-1e2bf900dba3 19f9a64dee374bfd8eb875b4d831f5ba 8b5ed0604cd14225abc78ce3321662c1 - - default default] 10.0.0.12 "POST /v2.0/subnets HTTP/1.1" status: 201 len: 855 time: 0.8811204
2026-04-29 03:03:49.820 9 INFO neutron.services.segments.plugin [-] Segment 567f116a-1843-44da-b2cf-d7ce89990d53 resource provider aggregate not found
2026-04-29 03:03:49.823 9 INFO neutron.services.segments.plugin [-] Segment 567f116a-1843-44da-b2cf-d7ce89990d53 resource provider aggregate not found
2026-04-29 03:03:49.837 9 INFO neutron.services.segments.plugin [-] Segment 567f116a-1843-44da-b2cf-d7ce89990d53 resource provider not found; error: Placement Client Error (4xx): {"errors": [{"status": 404, "title": "Not Found", "detail": "The resource could not be found.\n\n No resource provider with uuid 567f116a-1843-44da-b2cf-d7ce89990d53 found for delete ", "request_id": "req-17b044d5-dcf8-4971-a3e5-115c349fb313"}]}
2026-04-29 03:03:49.841 9 INFO neutron.services.segments.plugin [-] Segment 567f116a-1843-44da-b2cf-d7ce89990d53 resource provider not found; error: Placement Client Error (4xx): {"errors": [{"status": 404, "title": "Not Found", "detail": "The resource could not be found.\n\n No resource provider with uuid 567f116a-1843-44da-b2cf-d7ce89990d53 found for delete ", "request_id": "req-611cd75c-7f63-4e5d-ba1d-2e408f7c7b67"}]}
2026-04-29 03:03:49.888 9 INFO neutron.api.wsgi [None req-41c18ae2-5713-4f6f-96ef-21308df4a6a4 bbd314a95daa4962a9e8a595453e8aeb f723f22b4ddf49e094b46249d3018a71 - - default default] 10.0.0.12 "DELETE /v2.0/networks/b794a5a7-29f3-402b-9d13-083726da6cd7 HTTP/1.1" status: 204 len: 168 time: 0.7746716
2026-04-29 03:03:49.893 9 WARNING neutron.scheduler.dhcp_agent_scheduler [None req-59917adf-e812-412b-aa1b-8b5bf9e47b90 7eee3c98257e4334bda7dd0de7948430 94bf5ec8ebf840068a1953b5a168c7e0 - - default default] No more DHCP agents
2026-04-29 03:03:49.894 9 WARNING neutron.api.rpc.agentnotifiers.dhcp_rpc_agent_api [None req-59917adf-e812-412b-aa1b-8b5bf9e47b90 7eee3c98257e4334bda7dd0de7948430 94bf5ec8ebf840068a1953b5a168c7e0 - - default default] Unable to schedule network f73cad48-7781-498b-b699-2127d15c1f48: no agents available; will retry on subsequent port and subnet creation events.
2026-04-29 03:03:49.965 9 INFO neutron.db.ovn_revision_numbers_db [None req-59917adf-e812-412b-aa1b-8b5bf9e47b90 7eee3c98257e4334bda7dd0de7948430 94bf5ec8ebf840068a1953b5a168c7e0 - - default default] Successfully bumped revision number for resource 74d37d95-10e0-47f5-ab30-c17afd307fd7 (type: ports) to 1
2026-04-29 03:03:49.987 9 INFO neutron.api.wsgi [None req-59917adf-e812-412b-aa1b-8b5bf9e47b90 7eee3c98257e4334bda7dd0de7948430 94bf5ec8ebf840068a1953b5a168c7e0 - - default default] 10.0.0.12 "POST /v2.0/ports HTTP/1.1" status: 201 len: 942 time: 0.7331545 /var/lib/openstack/lib/python3.12/site-packages/pycadf/identifier.py:71: UserWarning: Invalid uuid: neutron. To ensure interoperability, identifiers should be a valid uuid. warnings.warn(('Invalid uuid: %s. To ensure interoperability, '
2026-04-29 03:03:50.039 9 INFO neutron.api.wsgi [None req-53ffe583-8fe5-4691-b70e-bdd9dcd4bc8c 7eee3c98257e4334bda7dd0de7948430 94bf5ec8ebf840068a1953b5a168c7e0 - - default default] 10.0.0.12 "PUT /v2.0/ports/74d37d95-10e0-47f5-ab30-c17afd307fd7/tags HTTP/1.1" status: 200 len: 218 time: 0.0457752
2026-04-29 03:03:50.083 10 INFO neutron.api.wsgi [None req-f0b4a0f4-8a04-487f-ab22-3df1326201e2 7eee3c98257e4334bda7dd0de7948430 94bf5ec8ebf840068a1953b5a168c7e0 - - default default] 10.0.0.12 "GET /v2.0/ports/74d37d95-10e0-47f5-ab30-c17afd307fd7/tags HTTP/1.1" status: 200 len: 218 time: 0.0363522
2026-04-29 03:03:50.133 10 INFO neutron.api.wsgi [None req-a8b8aa1e-4685-4085-bd1e-fb87b3bd3b9f 7eee3c98257e4334bda7dd0de7948430 94bf5ec8ebf840068a1953b5a168c7e0 - - default default] 10.0.0.12 "PUT /v2.0/ports/74d37d95-10e0-47f5-ab30-c17afd307fd7/tags/green HTTP/1.1" status: 201 len: 201 time: 0.0454426
2026-04-29 03:03:50.180 10 INFO neutron.api.wsgi [None req-5b39cbfc-04c7-4834-ae44-1380380d7f79 7eee3c98257e4334bda7dd0de7948430 94bf5ec8ebf840068a1953b5a168c7e0 - - default default] 10.0.0.12 "GET /v2.0/ports/74d37d95-10e0-47f5-ab30-c17afd307fd7/tags HTTP/1.1" status: 200 len: 227 time: 0.0403225
2026-04-29 03:03:50.230 10 INFO neutron.api.wsgi [None req-b579d641-c68c-4590-80ce-b751705cd484 7eee3c98257e4334bda7dd0de7948430 94bf5ec8ebf840068a1953b5a168c7e0 - - default default] 10.0.0.12 "PUT /v2.0/ports/74d37d95-10e0-47f5-ab30-c17afd307fd7/tags/red HTTP/1.1" status: 201 len: 201 time: 0.0450497
2026-04-29 03:03:50.263 9 WARNING neutron.scheduler.dhcp_agent_scheduler [None req-cd77bb9a-462e-44b0-9ce1-e86434aa9565 19f9a64dee374bfd8eb875b4d831f5ba 8b5ed0604cd14225abc78ce3321662c1 - - default default] No more DHCP agents
2026-04-29 03:03:50.264 9 WARNING neutron.api.rpc.agentnotifiers.dhcp_rpc_agent_api [None req-cd77bb9a-462e-44b0-9ce1-e86434aa9565 19f9a64dee374bfd8eb875b4d831f5ba 8b5ed0604cd14225abc78ce3321662c1 - - default default] Unable to schedule network df2dc419-a400-4d43-824b-6b1baa6e1760: no agents available; will retry on subsequent port and subnet creation events.
2026-04-29 03:03:50.267 10 INFO neutron.services.segments.plugin [-] Segment 38940067-c8b1-4b7e-8985-ddd480e8a2a6 resource provider aggregate not found
2026-04-29 03:03:50.275 10 INFO neutron.services.segments.plugin [-] Segment 38940067-c8b1-4b7e-8985-ddd480e8a2a6 resource provider aggregate not found
2026-04-29 03:03:50.288 10 INFO neutron.services.segments.plugin [-] Segment 38940067-c8b1-4b7e-8985-ddd480e8a2a6 resource provider not found; error: Placement Client Error (4xx): {"errors": [{"status": 404, "title": "Not Found", "detail": "The resource could not be found.\n\n No resource provider with uuid 38940067-c8b1-4b7e-8985-ddd480e8a2a6 found for delete ", "request_id": "req-68e2c4d1-2d89-4c34-adfa-a2e33f71e5d8"}]}
2026-04-29 03:03:50.291 10 INFO neutron.api.wsgi [None req-bed74fad-3d81-42c4-b4de-10dc9da728b0 7eee3c98257e4334bda7dd0de7948430 94bf5ec8ebf840068a1953b5a168c7e0 - - default default] 10.0.0.12 "GET /v2.0/ports/74d37d95-10e0-47f5-ab30-c17afd307fd7/tags HTTP/1.1" status: 200 len: 227 time: 0.0505121
2026-04-29 03:03:50.295 10 INFO neutron.services.segments.plugin [-] Segment 38940067-c8b1-4b7e-8985-ddd480e8a2a6 resource provider not found; error: Placement Client Error (4xx): {"errors": [{"status": 404, "title": "Not Found", "detail": "The resource could not be found.\n\n No resource provider with uuid 38940067-c8b1-4b7e-8985-ddd480e8a2a6 found for delete ", "request_id": "req-74b7add1-8e71-4a36-82ea-99b5b9f95b89"}]}
2026-04-29 03:03:50.318 10 INFO neutron.api.wsgi [None req-3f5f2721-6962-48ae-a8fd-8a65c86e4cd2 0d17a3b6a9b5451492e66aefd4f235dc 3308dde9f672402eae73c63366cc0f4e - - default default] 10.0.0.235 "GET /v2.0/floatingips HTTP/1.1" status: 200 len: 193 time: 0.1239786
2026-04-29 03:03:50.326 10 INFO neutron.api.wsgi [None req-89348b4b-0cf6-4ae4-bd57-3dcb3e2f6b70 bbd314a95daa4962a9e8a595453e8aeb f723f22b4ddf49e094b46249d3018a71 - - default default] 10.0.0.12 "DELETE /v2.0/networks/0e6dd815-2d8c-4391-9841-8dfa0d077b1e HTTP/1.1" status: 204 len: 168 time: 0.4304361
2026-04-29 03:03:50.353 9 INFO neutron.api.wsgi [None req-6b8384a0-ab7b-4dfb-8de7-b3c882855027 7eee3c98257e4334bda7dd0de7948430 94bf5ec8ebf840068a1953b5a168c7e0 - - default default] 10.0.0.12 "PUT /v2.0/ports/74d37d95-10e0-47f5-ab30-c17afd307fd7/tags/black.or.white HTTP/1.1" status: 201 len: 201 time: 0.0580816
2026-04-29 03:03:50.357 10 INFO neutron.api.wsgi [None req-16709426-ad92-4628-8635-399d657e8708 0d17a3b6a9b5451492e66aefd4f235dc 3308dde9f672402eae73c63366cc0f4e - - default default] 10.0.0.235 "GET /v2.0/agents HTTP/1.1" status: 200 len: 1390 time: 0.0383523
2026-04-29 03:03:50.379 10 INFO neutron.api.wsgi [None req-ce03356d-3adf-49d3-be5a-14ebe20dc44c 0d17a3b6a9b5451492e66aefd4f235dc 3308dde9f672402eae73c63366cc0f4e - - default default] 10.0.0.235 "GET /v2.0/network-ip-availabilities HTTP/1.1" status: 200 len: 1993 time: 0.0203211
2026-04-29 03:03:50.408 10 INFO neutron.api.wsgi [None req-4d21eaec-5b8a-4a58-8c32-0d462ae05b8c bbd314a95daa4962a9e8a595453e8aeb f723f22b4ddf49e094b46249d3018a71 - - default default] 10.0.0.12 "GET /v2.0/networks HTTP/1.1" status: 200 len: 845 time: 0.0774655
2026-04-29 03:03:50.409 9 INFO neutron.api.wsgi [None req-2ff55d11-e444-41f6-9a83-6531eec684af 7eee3c98257e4334bda7dd0de7948430 94bf5ec8ebf840068a1953b5a168c7e0 - - default default] 10.0.0.12 "GET /v2.0/ports/74d37d95-10e0-47f5-ab30-c17afd307fd7/tags HTTP/1.1" status: 200 len: 245 time: 0.0503364
2026-04-29 03:03:50.422 9 WARNING neutron_lib.context [None req-602d49d3-fec5-4387-b908-40cbcb0756cb bbd314a95daa4962a9e8a595453e8aeb f723f22b4ddf49e094b46249d3018a71 - - default default] Method 'is_advsvc' is deprecated since 2023.2 release (neutron-lib 3.8.0) and will be removed once support for the old RBAC API policies will be removed from Neutron. Please use method 'is_service_role' instead.
2026-04-29 03:03:50.443 10 INFO neutron.api.wsgi [None req-f2a8b280-dc31-441c-827d-0cb3b50300d8 0d17a3b6a9b5451492e66aefd4f235dc 3308dde9f672402eae73c63366cc0f4e - - default default] 10.0.0.235 "GET /v2.0/networks HTTP/1.1" status: 200 len: 3801 time: 0.0626535
2026-04-29 03:03:50.459 9 INFO neutron.db.ovn_revision_numbers_db [None req-cd77bb9a-462e-44b0-9ce1-e86434aa9565 19f9a64dee374bfd8eb875b4d831f5ba 8b5ed0604cd14225abc78ce3321662c1 - - default default] Successfully bumped revision number for resource ee5ecfa3-ac11-4c08-8adf-ce8fac547a9e (type: ports) to 1
2026-04-29 03:03:50.482 9 INFO neutron.api.wsgi [None req-e216e5c0-12b1-451b-957c-c9261d00ff28 7eee3c98257e4334bda7dd0de7948430 94bf5ec8ebf840068a1953b5a168c7e0 - - default default] 10.0.0.12 "PUT /v2.0/ports/74d37d95-10e0-47f5-ab30-c17afd307fd7/tags HTTP/1.1" status: 200 len: 230 time: 0.0673099
2026-04-29 03:03:50.536 9 INFO neutron.db.segments_db [None req-602d49d3-fec5-4387-b908-40cbcb0756cb bbd314a95daa4962a9e8a595453e8aeb f723f22b4ddf49e094b46249d3018a71 - - default default] Added segment bbe0365c-d2fe-4759-a388-d1d49149ad3b of type geneve for network 9761dd17-2030-44e2-96e2-ffa770791f9c
2026-04-29 03:03:50.543 9 WARNING neutron_lib.context [None req-40f33f9d-d93a-4fa8-b858-e81e39acf3c4 45838914cf094bb98e632533d17f3bec e09d896d361b458f9eb19563cbea9b34 - - default default] Method 'is_advsvc' is deprecated since 2023.2 release (neutron-lib 3.8.0) and will be removed once support for the old RBAC API policies will be removed from Neutron. Please use method 'is_service_role' instead.
2026-04-29 03:03:50.545 10 INFO neutron.api.wsgi [None req-546ff4c2-88ea-490a-9e13-84369c542bca 0d17a3b6a9b5451492e66aefd4f235dc 3308dde9f672402eae73c63366cc0f4e - - default default] 10.0.0.235 "GET /v2.0/routers HTTP/1.1" status: 200 len: 1151 time: 0.0884526
2026-04-29 03:03:50.556 9 INFO neutron.api.wsgi [None req-7a3c31ef-be2f-43e9-a151-e74c82643f8f 7eee3c98257e4334bda7dd0de7948430 94bf5ec8ebf840068a1953b5a168c7e0 - - default default] 10.0.0.12 "GET /v2.0/ports/74d37d95-10e0-47f5-ab30-c17afd307fd7/tags HTTP/1.1" status: 200 len: 230 time: 0.0670202
2026-04-29 03:03:50.576 10 INFO neutron.api.wsgi [None req-399bffc9-e100-401e-b204-96c0ffabaabf 0d17a3b6a9b5451492e66aefd4f235dc 3308dde9f672402eae73c63366cc0f4e - - default default] 10.0.0.235 "GET /v2.0/agents?binary=ovn-controller HTTP/1.1" status: 200 len: 591 time: 0.0214825
2026-04-29 03:03:50.622 10 INFO neutron.api.wsgi [None req-cbb9c9ed-f768-40db-bac5-ed8be439f0a5 0d17a3b6a9b5451492e66aefd4f235dc 3308dde9f672402eae73c63366cc0f4e - - default default] 10.0.0.235 "GET /v2.0/subnets HTTP/1.1" status: 200 len: 2148 time: 0.0442660
2026-04-29 03:03:50.625 10 INFO neutron.api.wsgi [None req-9c5a5f57-6cd3-4416-a850-675a25277f15 7eee3c98257e4334bda7dd0de7948430 94bf5ec8ebf840068a1953b5a168c7e0 - - default default] 10.0.0.12 "GET /v2.0/ports/74d37d95-10e0-47f5-ab30-c17afd307fd7/tags/red HTTP/1.1" status: 204 len: 168 time: 0.0599680
2026-04-29 03:03:50.636 10 INFO neutron.api.wsgi [None req-b688d685-f1ea-406d-87e7-1feb2b013e67 0d17a3b6a9b5451492e66aefd4f235dc 3308dde9f672402eae73c63366cc0f4e - - default default] 10.0.0.235 "GET /v2.0/subnetpools HTTP/1.1" status: 200 len: 193 time: 0.0130472
2026-04-29 03:03:50.661 10 INFO neutron.api.wsgi [None req-f1152c2a-0948-4f4e-b637-2eeb7909c24d 0d17a3b6a9b5451492e66aefd4f235dc 3308dde9f672402eae73c63366cc0f4e - - default default] 10.0.0.235 "GET /v2.0/subnets HTTP/1.1" status: 200 len: 2148 time: 0.0238473
2026-04-29 03:03:50.700 9 INFO neutron.api.v2.resource [None req-9c178af1-c877-4184-9cef-6013a3eb6700 7eee3c98257e4334bda7dd0de7948430 94bf5ec8ebf840068a1953b5a168c7e0 - - default default] show failed (client error): The resource could not be found.
2026-04-29 03:03:50.701 9 INFO neutron.api.wsgi [None req-9c178af1-c877-4184-9cef-6013a3eb6700 7eee3c98257e4334bda7dd0de7948430 94bf5ec8ebf840068a1953b5a168c7e0 - - default default] 10.0.0.12 "GET /v2.0/ports/74d37d95-10e0-47f5-ab30-c17afd307fd7/tags/green HTTP/1.1" status: 404 len: 299 time: 0.0698535
2026-04-29 03:03:50.706 10 INFO neutron.api.wsgi [None req-c7cb988f-d758-4bde-994a-b28b629ef408 0d17a3b6a9b5451492e66aefd4f235dc 3308dde9f672402eae73c63366cc0f4e - - default default] 10.0.0.235 "GET /v2.0/security-groups HTTP/1.1" status: 200 len: 26290 time: 0.0437853
2026-04-29 03:03:50.723 9 INFO neutron.db.ovn_revision_numbers_db [None req-40f33f9d-d93a-4fa8-b858-e81e39acf3c4 45838914cf094bb98e632533d17f3bec e09d896d361b458f9eb19563cbea9b34 - - default default] Successfully bumped revision number for resource 961189a7-184e-4110-93f2-d5fc4e207ec2 (type: security_groups) to 1
2026-04-29 03:03:50.746 9 INFO neutron.db.ovn_revision_numbers_db [None req-40f33f9d-d93a-4fa8-b858-e81e39acf3c4 45838914cf094bb98e632533d17f3bec e09d896d361b458f9eb19563cbea9b34 - - default default] Successfully bumped revision number for resource 1ace60a4-326d-44e8-badd-f34efef94a3d (type: security_group_rules) to 0
2026-04-29 03:03:50.754 9 INFO neutron.db.ovn_revision_numbers_db [None req-602d49d3-fec5-4387-b908-40cbcb0756cb bbd314a95daa4962a9e8a595453e8aeb f723f22b4ddf49e094b46249d3018a71 - - default default] Successfully bumped revision number for resource 9761dd17-2030-44e2-96e2-ffa770791f9c (type: networks) to 1
2026-04-29 03:03:50.763 9 INFO neutron.db.ovn_revision_numbers_db [None req-40f33f9d-d93a-4fa8-b858-e81e39acf3c4 45838914cf094bb98e632533d17f3bec e09d896d361b458f9eb19563cbea9b34 - - default default] Successfully bumped revision number for resource 1adc0331-05b5-4877-ad99-5876e0f1891e (type: security_group_rules) to 0
2026-04-29 03:03:50.783 10 INFO neutron.api.wsgi [None req-00c46c8e-8d19-4e3a-b39f-128a3593ffe1 0d17a3b6a9b5451492e66aefd4f235dc 3308dde9f672402eae73c63366cc0f4e - - default default] 10.0.0.235 "GET /v2.0/ports HTTP/1.1" status: 200 len: 10329 time: 0.0685310
2026-04-29 03:03:50.789 9 INFO neutron.db.ovn_revision_numbers_db [None req-40f33f9d-d93a-4fa8-b858-e81e39acf3c4 45838914cf094bb98e632533d17f3bec e09d896d361b458f9eb19563cbea9b34 - - default default] Successfully bumped revision number for resource ce9565ad-aa42-494a-a82b-48db96c7cdb1 (type: security_group_rules) to 0
2026-04-29 03:03:50.794 10 INFO neutron.api.wsgi [None req-06e943e7-a6cc-415b-b2d5-cda96c90f100 7eee3c98257e4334bda7dd0de7948430 94bf5ec8ebf840068a1953b5a168c7e0 - - default default] 10.0.0.12 "DELETE /v2.0/ports/74d37d95-10e0-47f5-ab30-c17afd307fd7/tags/red HTTP/1.1" status: 204 len: 168 time: 0.0862265
2026-04-29 03:03:50.812 9 INFO neutron.db.ovn_revision_numbers_db [None req-40f33f9d-d93a-4fa8-b858-e81e39acf3c4 45838914cf094bb98e632533d17f3bec e09d896d361b458f9eb19563cbea9b34 - - default default] Successfully bumped revision number for resource ec24eb6f-0210-43f5-af58-97a0827d5671 (type: security_group_rules) to 0
2026-04-29 03:03:50.824 10 INFO neutron.api.wsgi [None req-72542f12-2e73-4682-975c-4914bfc72f2a 7eee3c98257e4334bda7dd0de7948430 94bf5ec8ebf840068a1953b5a168c7e0 - - default default] 10.0.0.12 "GET /v2.0/ports/74d37d95-10e0-47f5-ab30-c17afd307fd7/tags HTTP/1.1" status: 200 len: 223 time: 0.0258911
2026-04-29 03:03:50.862 10 INFO neutron.api.v2.resource [None req-b0b91442-5b18-4f91-981e-5ba6a6dde152 7eee3c98257e4334bda7dd0de7948430 94bf5ec8ebf840068a1953b5a168c7e0 - - default default] delete failed (client error): The resource could not be found.
2026-04-29 03:03:50.863 10 INFO neutron.api.wsgi [None req-b0b91442-5b18-4f91-981e-5ba6a6dde152 7eee3c98257e4334bda7dd0de7948430 94bf5ec8ebf840068a1953b5a168c7e0 - - default default] 10.0.0.12 "DELETE /v2.0/ports/74d37d95-10e0-47f5-ab30-c17afd307fd7/tags/green HTTP/1.1" status: 404 len: 299 time: 0.0345783
2026-04-29 03:03:50.909 10 INFO neutron.api.wsgi [None req-84a92a59-86a6-49a0-ae9f-22173b85eb64 7eee3c98257e4334bda7dd0de7948430 94bf5ec8ebf840068a1953b5a168c7e0 - - default default] 10.0.0.12 "DELETE /v2.0/ports/74d37d95-10e0-47f5-ab30-c17afd307fd7/tags HTTP/1.1" status: 204 len: 168 time: 0.0400558
2026-04-29 03:03:50.924 9 INFO neutron.db.segments_db [None req-40f33f9d-d93a-4fa8-b858-e81e39acf3c4 45838914cf094bb98e632533d17f3bec e09d896d361b458f9eb19563cbea9b34 - - default default] Added segment 487e96ad-3421-4558-a899-a7c445957312 of type geneve for network c674c420-96f6-4f1e-9d55-5d3d3cb621cc
2026-04-29 03:03:50.943 10 INFO neutron.api.wsgi [None req-d4f672a3-2d4b-47e3-8eb9-3cf64a319404 7eee3c98257e4334bda7dd0de7948430 94bf5ec8ebf840068a1953b5a168c7e0 - - default default] 10.0.0.12 "GET /v2.0/ports/74d37d95-10e0-47f5-ab30-c17afd307fd7/tags HTTP/1.1" status: 200 len: 205 time: 0.0296590
2026-04-29 03:03:51.039 9 WARNING neutron.scheduler.dhcp_agent_scheduler [None req-602d49d3-fec5-4387-b908-40cbcb0756cb bbd314a95daa4962a9e8a595453e8aeb f723f22b4ddf49e094b46249d3018a71 - - default default] No more DHCP agents
2026-04-29 03:03:51.043 9 WARNING neutron.api.rpc.agentnotifiers.dhcp_rpc_agent_api [None req-602d49d3-fec5-4387-b908-40cbcb0756cb bbd314a95daa4962a9e8a595453e8aeb f723f22b4ddf49e094b46249d3018a71 - - default default] Unable to schedule network 9761dd17-2030-44e2-96e2-ffa770791f9c: no agents available; will retry on subsequent port and subnet creation events.
2026-04-29 03:03:51.109 9 INFO neutron.db.ovn_revision_numbers_db [None req-40f33f9d-d93a-4fa8-b858-e81e39acf3c4 45838914cf094bb98e632533d17f3bec e09d896d361b458f9eb19563cbea9b34 - - default default] Successfully bumped revision number for resource c674c420-96f6-4f1e-9d55-5d3d3cb621cc (type: networks) to 1
2026-04-29 03:03:51.142 9 INFO neutron.db.ovn_revision_numbers_db [None req-602d49d3-fec5-4387-b908-40cbcb0756cb bbd314a95daa4962a9e8a595453e8aeb f723f22b4ddf49e094b46249d3018a71 - - default default] Successfully bumped revision number for resource 41562877-4410-4453-a8d1-625b63aa7014 (type: ports) to 1
2026-04-29 03:03:51.178 9 INFO neutron.api.wsgi [None req-602d49d3-fec5-4387-b908-40cbcb0756cb bbd314a95daa4962a9e8a595453e8aeb f723f22b4ddf49e094b46249d3018a71 - - default default] 10.0.0.12 "POST /v2.0/networks HTTP/1.1" status: 201 len: 848 time: 0.7643859
2026-04-29 03:03:51.188 10 WARNING neutron_lib.context [None req-9cde7aaf-6c95-4218-abeb-fd987ed68d30 bbd314a95daa4962a9e8a595453e8aeb f723f22b4ddf49e094b46249d3018a71 - - default default] Method 'is_advsvc' is deprecated since 2023.2 release (neutron-lib 3.8.0) and will be removed once support for the old RBAC API policies will be removed from Neutron. Please use method 'is_service_role' instead.
2026-04-29 03:03:51.219 10 INFO neutron.api.wsgi [None req-ce24c84d-4472-4bfc-a5a1-da826f120a55 7eee3c98257e4334bda7dd0de7948430 94bf5ec8ebf840068a1953b5a168c7e0 - - default default] 10.0.0.12 "DELETE /v2.0/ports/74d37d95-10e0-47f5-ab30-c17afd307fd7 HTTP/1.1" status: 204 len: 168 time: 0.2575300
2026-04-29 03:03:51.279 10 INFO neutron.db.segments_db [None req-9cde7aaf-6c95-4218-abeb-fd987ed68d30 bbd314a95daa4962a9e8a595453e8aeb f723f22b4ddf49e094b46249d3018a71 - - default default] Added segment 7ad387c8-e1df-4e7c-94f3-fb3b24551c36 of type geneve for network 6f286340-5e96-43ad-a43c-1e9ed3a2a797
2026-04-29 03:03:51.329 9 WARNING neutron.scheduler.dhcp_agent_scheduler [None req-40f33f9d-d93a-4fa8-b858-e81e39acf3c4 45838914cf094bb98e632533d17f3bec e09d896d361b458f9eb19563cbea9b34 - - default default] No more DHCP agents
2026-04-29 03:03:51.332 9 WARNING neutron.api.rpc.agentnotifiers.dhcp_rpc_agent_api [None req-40f33f9d-d93a-4fa8-b858-e81e39acf3c4 45838914cf094bb98e632533d17f3bec e09d896d361b458f9eb19563cbea9b34 - - default default] Unable to schedule network c674c420-96f6-4f1e-9d55-5d3d3cb621cc: no agents available; will retry on subsequent port and subnet creation events.
2026-04-29 03:03:51.350 9 INFO neutron.plugins.ml2.drivers.ovn.mech_driver.mech_driver [None req-e4604c5a-4ed5-45bf-a613-e88d0d8d3213 - - - - - -] OVN reports status up for port: ee5ecfa3-ac11-4c08-8adf-ce8fac547a9e
2026-04-29 03:03:51.369 9 INFO neutron.plugins.ml2.plugin [None req-e4604c5a-4ed5-45bf-a613-e88d0d8d3213 - - - - - -] Attempt 1 to provision port ee5ecfa3-ac11-4c08-8adf-ce8fac547a9e
2026-04-29 03:03:51.386 10 INFO neutron.db.ovn_revision_numbers_db [None req-9cde7aaf-6c95-4218-abeb-fd987ed68d30 bbd314a95daa4962a9e8a595453e8aeb f723f22b4ddf49e094b46249d3018a71 - - default default] Successfully bumped revision number for resource 6f286340-5e96-43ad-a43c-1e9ed3a2a797 (type: networks) to 1
2026-04-29 03:03:51.393 9 INFO neutron.db.ovn_revision_numbers_db [None req-cd77bb9a-462e-44b0-9ce1-e86434aa9565 19f9a64dee374bfd8eb875b4d831f5ba 8b5ed0604cd14225abc78ce3321662c1 - - default default] Successfully bumped revision number for resource ee5ecfa3-ac11-4c08-8adf-ce8fac547a9e (type: ports) to 1
