2026-04-29 03:03:32.243 9 INFO neutron.db.ovn_revision_numbers_db [None req-fb9be45c-70c0-449e-93a9-740c23f7a3c8 dad2a6b65ff84b47a8c8138d0ef17718 de569b1fc38b47649298b8c5bc09963c - - default default] Successfully bumped revision number for resource 9d95ddb8-0213-47e8-a879-334dd4391dc3 (type: ports) to 1
2026-04-29 03:03:32.284 10 INFO neutron.db.ovn_revision_numbers_db [None req-dba3a3da-ee62-43c5-bfba-022e0bf78221 0d17a3b6a9b5451492e66aefd4f235dc 3308dde9f672402eae73c63366cc0f4e - - default default] Successfully bumped revision number for resource 2dfd5601-212a-4ba7-a0ac-bfae9d670843 (type: security_groups) to 1
2026-04-29 03:03:32.304 10 INFO neutron.db.ovn_revision_numbers_db [None req-dba3a3da-ee62-43c5-bfba-022e0bf78221 0d17a3b6a9b5451492e66aefd4f235dc 3308dde9f672402eae73c63366cc0f4e - - default default] Successfully bumped revision number for resource 0d50ca7a-d83e-446b-81d8-47c55a6b1bd5 (type: security_group_rules) to 0
2026-04-29 03:03:32.307 9 INFO neutron.api.wsgi [None req-c16a9d3c-93c2-4782-a86f-457fc1280cca 6475048c5de246039c2f9f55c5417563 48c788e01e6e416b920252f923ffcf22 - - default default] 10.0.0.12 "PUT /v2.0/routers/39b0826e-8632-44fd-82d0-c775cce40379/tags HTTP/1.1" status: 200 len: 218 time: 0.0723307
2026-04-29 03:03:32.320 10 INFO neutron.db.ovn_revision_numbers_db [None req-dba3a3da-ee62-43c5-bfba-022e0bf78221 0d17a3b6a9b5451492e66aefd4f235dc 3308dde9f672402eae73c63366cc0f4e - - default default] Successfully bumped revision number for resource 3beab36a-dd10-46ed-b6b3-a53dca8ccc02 (type: security_group_rules) to 0
2026-04-29 03:03:32.335 10 INFO neutron.db.ovn_revision_numbers_db [None req-dba3a3da-ee62-43c5-bfba-022e0bf78221 0d17a3b6a9b5451492e66aefd4f235dc 3308dde9f672402eae73c63366cc0f4e - - default default] Successfully bumped revision number for resource 737303e5-3d85-4204-9fe1-2a7454bc85c7 (type: security_group_rules) to 0
2026-04-29 03:03:32.348 10 INFO neutron.db.ovn_revision_numbers_db [None req-dba3a3da-ee62-43c5-bfba-022e0bf78221 0d17a3b6a9b5451492e66aefd4f235dc 3308dde9f672402eae73c63366cc0f4e - - default default] Successfully bumped revision number for resource e57b1198-53b5-4d52-b642-d9b73e06f7a5 (type: security_group_rules) to 0
2026-04-29 03:03:32.359 9 INFO neutron.api.wsgi [None req-5fbd5696-cc23-4cdb-8fe2-e2d7295b553d 6475048c5de246039c2f9f55c5417563 48c788e01e6e416b920252f923ffcf22 - - default default] 10.0.0.12 "PUT /v2.0/routers/09c21522-e49b-4ce4-a38f-712bfb8d75ea/tags HTTP/1.1" status: 200 len: 227 time: 0.0470581
2026-04-29 03:03:32.362 9 WARNING neutron.scheduler.dhcp_agent_scheduler [None req-fb9be45c-70c0-449e-93a9-740c23f7a3c8 dad2a6b65ff84b47a8c8138d0ef17718 de569b1fc38b47649298b8c5bc09963c - - default default] No more DHCP agents
2026-04-29 03:03:32.364 9 WARNING neutron.api.rpc.agentnotifiers.dhcp_rpc_agent_api [None req-fb9be45c-70c0-449e-93a9-740c23f7a3c8 dad2a6b65ff84b47a8c8138d0ef17718 de569b1fc38b47649298b8c5bc09963c - - default default] Unable to schedule network 414d145c-28ed-4f5e-9677-5952f0ded694: no agents available; will retry on subsequent port and subnet creation events.
2026-04-29 03:03:32.398 10 INFO neutron.api.wsgi [None req-dba3a3da-ee62-43c5-bfba-022e0bf78221 0d17a3b6a9b5451492e66aefd4f235dc 3308dde9f672402eae73c63366cc0f4e - - default default] 10.0.0.12 "GET /v2.0/security-groups?tenant_id=ec3405daf82940b5a50f71f3fdf9808a&name=default HTTP/1.1" status: 200 len: 3120 time: 0.3984213
2026-04-29 03:03:32.431 10 WARNING neutron.scheduler.dhcp_agent_scheduler [None req-9e9873c0-ed7e-4adc-ab35-860fbc69be32 a9d672cc40d34075ad9d153d52fa3326 8f027cd511d24c2b916de228bbf20709 - - default default] No more DHCP agents
2026-04-29 03:03:32.434 10 INFO neutron.api.wsgi [None req-6b7a507e-159f-4843-8ff0-55338aa7afed 6475048c5de246039c2f9f55c5417563 48c788e01e6e416b920252f923ffcf22 - - default default] 10.0.0.12 "PUT /v2.0/routers/a8bc9e7e-dfd7-47fe-98dd-6601bea96b74/tags HTTP/1.1" status: 200 len: 212 time: 0.0680032
2026-04-29 03:03:32.434 10 WARNING neutron.api.rpc.agentnotifiers.dhcp_rpc_agent_api [None req-9e9873c0-ed7e-4adc-ab35-860fbc69be32 a9d672cc40d34075ad9d153d52fa3326 8f027cd511d24c2b916de228bbf20709 - - default default] Unable to schedule network c8c4294c-70f9-46f7-b48f-8604257d5082: no agents available; will retry on subsequent port and subnet creation events.
2026-04-29 03:03:32.451 10 INFO neutron.db.ovn_revision_numbers_db [None req-9e9873c0-ed7e-4adc-ab35-860fbc69be32 a9d672cc40d34075ad9d153d52fa3326 8f027cd511d24c2b916de228bbf20709 - - default default] Successfully bumped revision number for resource dd5be495-61d6-457b-abba-fbe8973c170d (type: subnets) to 0
2026-04-29 03:03:32.464 10 INFO neutron.api.wsgi [None req-9e9873c0-ed7e-4adc-ab35-860fbc69be32 a9d672cc40d34075ad9d153d52fa3326 8f027cd511d24c2b916de228bbf20709 - - default default] 10.0.0.12 "POST /v2.0/subnets HTTP/1.1" status: 201 len: 826 time: 0.2783132
2026-04-29 03:03:32.473 10 WARNING neutron_lib.context [None req-1bd1fe76-606b-4376-a80b-f30199b44fc8 a9d672cc40d34075ad9d153d52fa3326 8f027cd511d24c2b916de228bbf20709 - - default default] Method 'is_advsvc' is deprecated since 2023.2 release (neutron-lib 3.8.0) and will be removed once support for the old RBAC API policies will be removed from Neutron. Please use method 'is_service_role' instead.
2026-04-29 03:03:32.498 9 INFO neutron.api.wsgi [None req-6f95695f-bf63-4395-98d0-d554845777d1 6475048c5de246039c2f9f55c5417563 48c788e01e6e416b920252f923ffcf22 - - default default] 10.0.0.12 "GET /v2.0/routers?tags=red HTTP/1.1" status: 200 len: 1946 time: 0.0597148
2026-04-29 03:03:32.566 10 INFO neutron.api.wsgi [None req-82c76ae4-3c79-474c-8a01-675cd90181b4 6475048c5de246039c2f9f55c5417563 48c788e01e6e416b920252f923ffcf22 - - default default] 10.0.0.12 "GET /v2.0/routers?tags=red%2Cblue HTTP/1.1" status: 200 len: 1375 time: 0.0600736
2026-04-29 03:03:32.639 10 INFO neutron.api.wsgi [None req-288bf6d0-34ff-4f6c-a3db-7e6ffdcd2e77 6475048c5de246039c2f9f55c5417563 48c788e01e6e416b920252f923ffcf22 - - default default] 10.0.0.12 "GET /v2.0/routers?tags-any=blue HTTP/1.1" status: 200 len: 1375 time: 0.0668344
2026-04-29 03:03:32.665 9 INFO neutron.db.ovn_revision_numbers_db [None req-fb9be45c-70c0-449e-93a9-740c23f7a3c8 dad2a6b65ff84b47a8c8138d0ef17718 de569b1fc38b47649298b8c5bc09963c - - default default] Successfully bumped revision number for resource 9d95ddb8-0213-47e8-a879-334dd4391dc3 (type: router_ports) to 1
2026-04-29 03:03:32.669 9 INFO neutron.api.wsgi [None req-fb9be45c-70c0-449e-93a9-740c23f7a3c8 dad2a6b65ff84b47a8c8138d0ef17718 de569b1fc38b47649298b8c5bc09963c - - default default] 10.0.0.12 "PUT /v2.0/routers/b7ad12d6-8223-4881-a731-a704c22d4e5e/add_router_interface HTTP/1.1" status: 200 len: 503 time: 1.5784299
2026-04-29 03:03:32.706 9 INFO neutron.api.wsgi [None req-1618e6d4-582d-4d63-bbbf-8573b0f69e29 6475048c5de246039c2f9f55c5417563 48c788e01e6e416b920252f923ffcf22 - - default default] 10.0.0.12 "GET /v2.0/routers?tags-any=red%2Cblue HTTP/1.1" status: 200 len: 1946 time: 0.0629570
2026-04-29 03:03:32.779 10 INFO neutron.api.wsgi [None req-ac6b6c02-62f2-4d46-9ac5-1c32e2904ab5 dad2a6b65ff84b47a8c8138d0ef17718 de569b1fc38b47649298b8c5bc09963c - - default default] 10.0.0.12 "GET /v2.0/ports/9d95ddb8-0213-47e8-a879-334dd4391dc3 HTTP/1.1" status: 200 len: 1135 time: 0.1061647
2026-04-29 03:03:32.823 10 INFO neutron.api.wsgi [None req-40f436a6-027b-4c10-9e9d-218441507da8 dad2a6b65ff84b47a8c8138d0ef17718 de569b1fc38b47649298b8c5bc09963c - - default default] 10.0.0.12 "GET /v2.0/ports/9d95ddb8-0213-47e8-a879-334dd4391dc3 HTTP/1.1" status: 200 len: 1135 time: 0.0313721
2026-04-29 03:03:32.979 10 WARNING neutron.scheduler.dhcp_agent_scheduler [None req-1bd1fe76-606b-4376-a80b-f30199b44fc8 a9d672cc40d34075ad9d153d52fa3326 8f027cd511d24c2b916de228bbf20709 - - default default] No more DHCP agents
2026-04-29 03:03:32.980 10 WARNING neutron.api.rpc.agentnotifiers.dhcp_rpc_agent_api [None req-1bd1fe76-606b-4376-a80b-f30199b44fc8 a9d672cc40d34075ad9d153d52fa3326 8f027cd511d24c2b916de228bbf20709 - - default default] Unable to schedule network 94738971-21a3-414a-ba70-2dd4ce24c361: no agents available; will retry on subsequent port and subnet creation events.
2026-04-29 03:03:32.989 9 WARNING neutron.plugins.ml2.drivers.ovn.mech_driver.ovsdb.ovn_client [None req-44859d3c-68e0-4e0e-be1b-d996187f3d1e - - - - - -] No port found with ID 2fd9cc06-790e-4d74-b61b-e2c55d03d503: RuntimeError: No port found with ID 2fd9cc06-790e-4d74-b61b-e2c55d03d503
2026-04-29 03:03:33.002 9 INFO neutron.plugins.ml2.drivers.ovn.mech_driver.mech_driver [None req-44859d3c-68e0-4e0e-be1b-d996187f3d1e - - - - - -] OVN reports status up for port: 9d95ddb8-0213-47e8-a879-334dd4391dc3
2026-04-29 03:03:33.007 9 INFO neutron.api.wsgi [None req-13349a5d-3eda-444c-8c41-bb5c23360b40 6475048c5de246039c2f9f55c5417563 48c788e01e6e416b920252f923ffcf22 - - default default] 10.0.0.12 "GET /v2.0/routers?not-tags=red HTTP/1.1" status: 200 len: 1347 time: 0.2964997
2026-04-29 03:03:33.017 9 INFO neutron.plugins.ml2.plugin [None req-44859d3c-68e0-4e0e-be1b-d996187f3d1e - - - - - -] Attempt 1 to provision port 9d95ddb8-0213-47e8-a879-334dd4391dc3
2026-04-29 03:03:33.046 9 INFO neutron.api.wsgi [None req-31cb916c-5866-49be-aa69-1d32943b6fe4 0d17a3b6a9b5451492e66aefd4f235dc 3308dde9f672402eae73c63366cc0f4e - - default default] 10.0.0.12 "DELETE /v2.0/security-groups/2dfd5601-212a-4ba7-a0ac-bfae9d670843 HTTP/1.1" status: 204 len: 168 time: 0.6427264
2026-04-29 03:03:33.063 9 INFO neutron.api.wsgi [None req-23282f70-b6a3-48b8-b15b-034a35dea6f5 6475048c5de246039c2f9f55c5417563 48c788e01e6e416b920252f923ffcf22 - - default default] 10.0.0.12 "GET /v2.0/routers?not-tags=red%2Cblue HTTP/1.1" status: 200 len: 1918 time: 0.0506730
2026-04-29 03:03:33.112 10 INFO neutron.db.ovn_revision_numbers_db [None req-1bd1fe76-606b-4376-a80b-f30199b44fc8 a9d672cc40d34075ad9d153d52fa3326 8f027cd511d24c2b916de228bbf20709 - - default default] Successfully bumped revision number for resource 792a3f14-68cc-438f-9689-f3da8aad3e95 (type: ports) to 1
2026-04-29 03:03:33.118 9 INFO neutron.api.wsgi [None req-1d89039c-3246-49ec-81e1-d98b5364d997 6475048c5de246039c2f9f55c5417563 48c788e01e6e416b920252f923ffcf22 - - default default] 10.0.0.12 "GET /v2.0/routers?not-tags-any=blue HTTP/1.1" status: 200 len: 1918 time: 0.0498948
2026-04-29 03:03:33.154 9 INFO neutron.api.wsgi [None req-9084feba-b53f-4966-9caf-359ee4559fc0 6475048c5de246039c2f9f55c5417563 48c788e01e6e416b920252f923ffcf22 - - default default] 10.0.0.12 "GET /v2.0/routers?not-tags-any=red%2Cblue HTTP/1.1" status: 200 len: 1347 time: 0.0299819
2026-04-29 03:03:33.203 9 INFO neutron.api.wsgi [None req-199b01f5-978e-4a68-8d72-6d90d8a211af 6475048c5de246039c2f9f55c5417563 48c788e01e6e416b920252f923ffcf22 - - default default] 10.0.0.12 "GET /v2.0/routers/e187a746-a3c6-44f6-b555-0ebf678726e2 HTTP/1.1" status: 200 len: 775 time: 0.0421705
2026-04-29 03:03:33.584 9 INFO neutron.db.ovn_revision_numbers_db [None req-486205f7-3b38-4bb5-bd04-f774b5fbf7de 6475048c5de246039c2f9f55c5417563 48c788e01e6e416b920252f923ffcf22 - - default default] Successfully bumped revision number for resource e187a746-a3c6-44f6-b555-0ebf678726e2 (type: routers) to 2
2026-04-29 03:03:33.591 9 INFO neutron.api.wsgi [None req-486205f7-3b38-4bb5-bd04-f774b5fbf7de 6475048c5de246039c2f9f55c5417563 48c788e01e6e416b920252f923ffcf22 - - default default] 10.0.0.12 "PUT /v2.0/routers/e187a746-a3c6-44f6-b555-0ebf678726e2 HTTP/1.1" status: 200 len: 775 time: 0.3840790
2026-04-29 03:03:33.615 9 INFO neutron.api.wsgi [None req-4d682f9e-0143-4ce2-b2dc-fe6f2c09da4f 6475048c5de246039c2f9f55c5417563 48c788e01e6e416b920252f923ffcf22 - - default default] 10.0.0.12 "GET /v2.0/ports?device_id=e187a746-a3c6-44f6-b555-0ebf678726e2 HTTP/1.1" status: 200 len: 205 time: 0.0195329
2026-04-29 03:03:33.653 9 INFO neutron.db.ovn_revision_numbers_db [None req-44859d3c-68e0-4e0e-be1b-d996187f3d1e - - - - - -] Successfully bumped revision number for resource 9d95ddb8-0213-47e8-a879-334dd4391dc3 (type: ports) to 2
2026-04-29 03:03:33.657 10 INFO neutron.plugins.ml2.drivers.ovn.mech_driver.ovsdb.commands [None req-f12e17e7-9a0f-447d-a372-91c6bc07b33f - - - - - -] Schedule LRP lrp-792a3f14-68cc-438f-9689-f3da8aad3e95 on gateway 93a177b5-79a8-4dd7-9ffa-9a3d49f1cc5b with priority 1
2026-04-29 03:03:33.669 10 INFO neutron.plugins.ml2.drivers.ovn.mech_driver.mech_driver [None req-83b41eca-a262-4756-bdcf-7a701e94e495 - - - - - -] OVN reports status up for port: 792a3f14-68cc-438f-9689-f3da8aad3e95
2026-04-29 03:03:33.696 10 INFO neutron.plugins.ml2.plugin [None req-83b41eca-a262-4756-bdcf-7a701e94e495 - - - - - -] Attempt 1 to provision port 792a3f14-68cc-438f-9689-f3da8aad3e95
2026-04-29 03:03:33.738 10 INFO neutron.db.ovn_revision_numbers_db [None req-1bd1fe76-606b-4376-a80b-f30199b44fc8 a9d672cc40d34075ad9d153d52fa3326 8f027cd511d24c2b916de228bbf20709 - - default default] Successfully bumped revision number for resource 792a3f14-68cc-438f-9689-f3da8aad3e95 (type: router_ports) to 1
2026-04-29 03:03:33.846 10 INFO neutron.db.ovn_revision_numbers_db [None req-1bd1fe76-606b-4376-a80b-f30199b44fc8 a9d672cc40d34075ad9d153d52fa3326 8f027cd511d24c2b916de228bbf20709 - - default default] Successfully bumped revision number for resource 03b1062f-1c24-4618-80b0-86b793f6adf1 (type: routers) to 2
2026-04-29 03:03:33.854 10 INFO neutron.api.wsgi [None req-0e242d0d-5ca6-4e59-aaa6-6a870247d746 6475048c5de246039c2f9f55c5417563 48c788e01e6e416b920252f923ffcf22 - - default default] 10.0.0.12 "DELETE /v2.0/routers/e187a746-a3c6-44f6-b555-0ebf678726e2 HTTP/1.1" status: 204 len: 168 time: 0.2303352
2026-04-29 03:03:33.856 9 INFO neutron.api.wsgi [None req-143b3e31-4c47-4705-bf02-cb600cd3b9f9 dad2a6b65ff84b47a8c8138d0ef17718 de569b1fc38b47649298b8c5bc09963c - - default default] 10.0.0.12 "GET /v2.0/ports/9d95ddb8-0213-47e8-a879-334dd4391dc3 HTTP/1.1" status: 200 len: 1137 time: 0.0276284
2026-04-29 03:03:33.865 10 INFO neutron.api.wsgi [None req-1bd1fe76-606b-4376-a80b-f30199b44fc8 a9d672cc40d34075ad9d153d52fa3326 8f027cd511d24c2b916de228bbf20709 - - default default] 10.0.0.12 "POST /v2.0/routers HTTP/1.1" status: 201 len: 1154 time: 1.3962915
2026-04-29 03:03:33.914 9 INFO neutron.api.wsgi [None req-75d9ecbc-fe62-4497-b4ca-3c9887d58427 6475048c5de246039c2f9f55c5417563 48c788e01e6e416b920252f923ffcf22 - - default default] 10.0.0.12 "GET /v2.0/routers/39b0826e-8632-44fd-82d0-c775cce40379 HTTP/1.1" status: 200 len: 783 time: 0.0497491
2026-04-29 03:03:34.215 9 INFO neutron.db.ovn_revision_numbers_db [None req-8412b4aa-67dd-4d97-b5df-5c36e6f24efe 6475048c5de246039c2f9f55c5417563 48c788e01e6e416b920252f923ffcf22 - - default default] Successfully bumped revision number for resource 39b0826e-8632-44fd-82d0-c775cce40379 (type: routers) to 2
2026-04-29 03:03:34.219 9 INFO neutron.api.wsgi [None req-8412b4aa-67dd-4d97-b5df-5c36e6f24efe 6475048c5de246039c2f9f55c5417563 48c788e01e6e416b920252f923ffcf22 - - default default] 10.0.0.12 "PUT /v2.0/routers/39b0826e-8632-44fd-82d0-c775cce40379 HTTP/1.1" status: 200 len: 783 time: 0.3004024
2026-04-29 03:03:34.243 10 INFO neutron.api.wsgi [None req-b7b65cc0-100b-4083-a55f-60e6113b93e2 6475048c5de246039c2f9f55c5417563 48c788e01e6e416b920252f923ffcf22 - - default default] 10.0.0.12 "GET /v2.0/ports?device_id=39b0826e-8632-44fd-82d0-c775cce40379 HTTP/1.1" status: 200 len: 205 time: 0.0192828
2026-04-29 03:03:34.433 10 WARNING neutron.scheduler.dhcp_agent_scheduler [None req-14d50761-2548-45cf-ab80-0be99dfa8311 a9d672cc40d34075ad9d153d52fa3326 8f027cd511d24c2b916de228bbf20709 - - default default] No more DHCP agents
2026-04-29 03:03:34.434 10 WARNING neutron.api.rpc.agentnotifiers.dhcp_rpc_agent_api [None req-14d50761-2548-45cf-ab80-0be99dfa8311 a9d672cc40d34075ad9d153d52fa3326 8f027cd511d24c2b916de228bbf20709 - - default default] Unable to schedule network c8c4294c-70f9-46f7-b48f-8604257d5082: no agents available; will retry on subsequent port and subnet creation events.
2026-04-29 03:03:34.464 10 INFO neutron.api.wsgi [None req-2af8ee45-0eec-4b65-8aee-28c3aedd03c9 6475048c5de246039c2f9f55c5417563 48c788e01e6e416b920252f923ffcf22 - - default default] 10.0.0.12 "DELETE /v2.0/routers/39b0826e-8632-44fd-82d0-c775cce40379 HTTP/1.1" status: 204 len: 168 time: 0.2164447
2026-04-29 03:03:34.510 10 INFO neutron.api.wsgi [None req-f946b2d3-1fb4-4617-b461-c65cd3002edc 6475048c5de246039c2f9f55c5417563 48c788e01e6e416b920252f923ffcf22 - - default default] 10.0.0.12 "GET /v2.0/routers/09c21522-e49b-4ce4-a38f-712bfb8d75ea HTTP/1.1" status: 200 len: 792 time: 0.0430508
2026-04-29 03:03:34.602 9 INFO neutron.api.wsgi [None req-a60f54fe-d66b-497f-b6ef-a5c9e1926c20 dad2a6b65ff84b47a8c8138d0ef17718 de569b1fc38b47649298b8c5bc09963c - - default default] 10.0.0.12 "PUT /v2.0/routers/b7ad12d6-8223-4881-a731-a704c22d4e5e/remove_router_interface HTTP/1.1" status: 200 len: 503 time: 0.7423246 /var/lib/openstack/lib/python3.12/site-packages/pycadf/identifier.py:71: UserWarning: Invalid uuid: neutron. To ensure interoperability, identifiers should be a valid uuid. warnings.warn(('Invalid uuid: %s. To ensure interoperability, '
2026-04-29 03:03:34.627 9 INFO neutron.api.wsgi [None req-8c50adc7-62d5-427f-9b78-8dffcb169ca0 dad2a6b65ff84b47a8c8138d0ef17718 de569b1fc38b47649298b8c5bc09963c - - default default] 10.0.0.12 "GET /v2.0/ports?device_id=b7ad12d6-8223-4881-a731-a704c22d4e5e HTTP/1.1" status: 200 len: 205 time: 0.0187392
2026-04-29 03:03:34.680 10 INFO neutron.db.ovn_revision_numbers_db [None req-14d50761-2548-45cf-ab80-0be99dfa8311 a9d672cc40d34075ad9d153d52fa3326 8f027cd511d24c2b916de228bbf20709 - - default default] Successfully bumped revision number for resource 88b42d1c-4356-4cc4-9652-9e4441ff33a0 (type: ports) to 1
2026-04-29 03:03:34.797 9 INFO neutron.api.wsgi [None req-0191b4f6-b40d-40aa-8f1d-bcaaae755593 dad2a6b65ff84b47a8c8138d0ef17718 de569b1fc38b47649298b8c5bc09963c - - default default] 10.0.0.12 "DELETE /v2.0/routers/b7ad12d6-8223-4881-a731-a704c22d4e5e HTTP/1.1" status: 204 len: 168 time: 0.1661551
2026-04-29 03:03:34.850 10 INFO neutron.db.ovn_revision_numbers_db [None req-995b3b60-c57a-4f89-a618-950a640f9779 6475048c5de246039c2f9f55c5417563 48c788e01e6e416b920252f923ffcf22 - - default default] Successfully bumped revision number for resource 09c21522-e49b-4ce4-a38f-712bfb8d75ea (type: routers) to 2
2026-04-29 03:03:34.856 10 INFO neutron.api.wsgi [None req-995b3b60-c57a-4f89-a618-950a640f9779 6475048c5de246039c2f9f55c5417563 48c788e01e6e416b920252f923ffcf22 - - default default] 10.0.0.12 "PUT /v2.0/routers/09c21522-e49b-4ce4-a38f-712bfb8d75ea HTTP/1.1" status: 200 len: 792 time: 0.3374617
2026-04-29 03:03:34.877 9 INFO neutron.api.wsgi [None req-4e4137e0-d88b-4b26-91ff-74f5d3104de7 6475048c5de246039c2f9f55c5417563 48c788e01e6e416b920252f923ffcf22 - - default default] 10.0.0.12 "GET /v2.0/ports?device_id=09c21522-e49b-4ce4-a38f-712bfb8d75ea HTTP/1.1" status: 200 len: 205 time: 0.0168886
2026-04-29 03:03:35.047 9 INFO neutron.api.wsgi [None req-828f831a-d03a-4950-98e6-8909da158417 dad2a6b65ff84b47a8c8138d0ef17718 de569b1fc38b47649298b8c5bc09963c - - default default] 10.0.0.12 "DELETE /v2.0/subnets/25a6b820-5dea-4a04-b509-f06601f72399 HTTP/1.1" status: 204 len: 168 time: 0.2451034
2026-04-29 03:03:35.094 9 INFO neutron.api.wsgi [None req-30a31b42-b3b4-4a47-94b9-9e37229a985d 6475048c5de246039c2f9f55c5417563 48c788e01e6e416b920252f923ffcf22 - - default default] 10.0.0.12 "DELETE /v2.0/routers/09c21522-e49b-4ce4-a38f-712bfb8d75ea HTTP/1.1" status: 204 len: 168 time: 0.2116311
2026-04-29 03:03:35.136 9 INFO neutron.api.wsgi [None req-b0031005-f0c6-4eb2-94e5-b1cff7a3577b 6475048c5de246039c2f9f55c5417563 48c788e01e6e416b920252f923ffcf22 - - default default] 10.0.0.12 "GET /v2.0/routers/a8bc9e7e-dfd7-47fe-98dd-6601bea96b74 HTTP/1.1" status: 200 len: 777 time: 0.0377038
2026-04-29 03:03:35.448 9 INFO neutron.db.ovn_revision_numbers_db [None req-6adb05ee-a1f1-409a-9dc4-ca3e22239ea5 6475048c5de246039c2f9f55c5417563 48c788e01e6e416b920252f923ffcf22 - - default default] Successfully bumped revision number for resource a8bc9e7e-dfd7-47fe-98dd-6601bea96b74 (type: routers) to 2
2026-04-29 03:03:35.453 9 INFO neutron.api.wsgi [None req-6adb05ee-a1f1-409a-9dc4-ca3e22239ea5 6475048c5de246039c2f9f55c5417563 48c788e01e6e416b920252f923ffcf22 - - default default] 10.0.0.12 "PUT /v2.0/routers/a8bc9e7e-dfd7-47fe-98dd-6601bea96b74 HTTP/1.1" status: 200 len: 777 time: 0.3115513
2026-04-29 03:03:35.479 9 INFO neutron.api.wsgi [None req-fb62aa2b-b256-4343-9bcb-db388408d312 6475048c5de246039c2f9f55c5417563 48c788e01e6e416b920252f923ffcf22 - - default default] 10.0.0.12 "GET /v2.0/ports?device_id=a8bc9e7e-dfd7-47fe-98dd-6601bea96b74 HTTP/1.1" status: 200 len: 205 time: 0.0167692
2026-04-29 03:03:35.551 9 INFO neutron.services.segments.plugin [-] Segment 180ec090-53a9-4373-90fb-f106c6a744fe resource provider aggregate not found
2026-04-29 03:03:35.554 9 INFO neutron.services.segments.plugin [-] Segment 180ec090-53a9-4373-90fb-f106c6a744fe resource provider aggregate not found
2026-04-29 03:03:35.575 9 INFO neutron.services.segments.plugin [-] Segment 180ec090-53a9-4373-90fb-f106c6a744fe resource provider not found; error: Placement Client Error (4xx): {"errors": [{"status": 404, "title": "Not Found", "detail": "The resource could not be found.\n\n No resource provider with uuid 180ec090-53a9-4373-90fb-f106c6a744fe found for delete ", "request_id": "req-a867dbfc-296c-483d-aba9-171bc43fedea"}]}
2026-04-29 03:03:35.576 9 INFO neutron.services.segments.plugin [-] Segment 180ec090-53a9-4373-90fb-f106c6a744fe resource provider not found; error: Placement Client Error (4xx): {"errors": [{"status": 404, "title": "Not Found", "detail": "The resource could not be found.\n\n No resource provider with uuid 180ec090-53a9-4373-90fb-f106c6a744fe found for delete ", "request_id": "req-849fb3bb-28d9-4bc7-87e4-0cd13a5e111c"}]}
2026-04-29 03:03:35.619 9 INFO neutron.api.wsgi [None req-70f69a50-6935-4bf3-b7d1-ee5081ddc82a dad2a6b65ff84b47a8c8138d0ef17718 de569b1fc38b47649298b8c5bc09963c - - default default] 10.0.0.12 "DELETE /v2.0/networks/414d145c-28ed-4f5e-9677-5952f0ded694 HTTP/1.1" status: 204 len: 168 time: 0.5671360
2026-04-29 03:03:35.624 10 INFO neutron.db.ovn_revision_numbers_db [None req-14d50761-2548-45cf-ab80-0be99dfa8311 a9d672cc40d34075ad9d153d52fa3326 8f027cd511d24c2b916de228bbf20709 - - default default] Successfully bumped revision number for resource 88b42d1c-4356-4cc4-9652-9e4441ff33a0 (type: ports) to 1
2026-04-29 03:03:35.630 10 WARNING neutron_lib.context [None req-e154e558-7041-4746-9720-e2cbdfb7e4d6 dad2a6b65ff84b47a8c8138d0ef17718 de569b1fc38b47649298b8c5bc09963c - - default default] Method 'is_advsvc' is deprecated since 2023.2 release (neutron-lib 3.8.0) and will be removed once support for the old RBAC API policies will be removed from Neutron. Please use method 'is_service_role' instead.
2026-04-29 03:03:35.684 9 INFO neutron.api.wsgi [None req-9075aa3a-0341-49d1-aeb4-c8c892acbc2b 6475048c5de246039c2f9f55c5417563 48c788e01e6e416b920252f923ffcf22 - - default default] 10.0.0.12 "DELETE /v2.0/routers/a8bc9e7e-dfd7-47fe-98dd-6601bea96b74 HTTP/1.1" status: 204 len: 168 time: 0.2014911
2026-04-29 03:03:35.689 10 WARNING neutron.scheduler.dhcp_agent_scheduler [None req-14d50761-2548-45cf-ab80-0be99dfa8311 a9d672cc40d34075ad9d153d52fa3326 8f027cd511d24c2b916de228bbf20709 - - default default] No more DHCP agents
2026-04-29 03:03:35.691 10 WARNING neutron.api.rpc.agentnotifiers.dhcp_rpc_agent_api [None req-14d50761-2548-45cf-ab80-0be99dfa8311 a9d672cc40d34075ad9d153d52fa3326 8f027cd511d24c2b916de228bbf20709 - - default default] Unable to schedule network c8c4294c-70f9-46f7-b48f-8604257d5082: no agents available; will retry on subsequent port and subnet creation events.
2026-04-29 03:03:35.725 9 INFO neutron.api.wsgi [None req-857e06a2-776d-43af-b0ec-629e0177f546 6475048c5de246039c2f9f55c5417563 48c788e01e6e416b920252f923ffcf22 - - default default] 10.0.0.12 "GET /v2.0/routers/9972b572-5c94-4cf1-98aa-94925309c5c8 HTTP/1.1" status: 200 len: 770 time: 0.0360725
2026-04-29 03:03:35.952 9 INFO neutron.api.wsgi [None req-08c0bbf5-14de-4db8-84c7-e35ac20b87e8 6475048c5de246039c2f9f55c5417563 48c788e01e6e416b920252f923ffcf22 - - default default] 10.0.0.12 "PUT /v2.0/routers/9972b572-5c94-4cf1-98aa-94925309c5c8 HTTP/1.1" status: 200 len: 770 time: 0.2216384
2026-04-29 03:03:35.977 9 INFO neutron.api.wsgi [None req-67039cc4-3c77-4201-ba77-f2560aa2f9cf 6475048c5de246039c2f9f55c5417563 48c788e01e6e416b920252f923ffcf22 - - default default] 10.0.0.12 "GET /v2.0/ports?device_id=9972b572-5c94-4cf1-98aa-94925309c5c8 HTTP/1.1" status: 200 len: 205 time: 0.0162292
2026-04-29 03:03:36.080 10 WARNING neutron.scheduler.dhcp_agent_scheduler [None req-e154e558-7041-4746-9720-e2cbdfb7e4d6 dad2a6b65ff84b47a8c8138d0ef17718 de569b1fc38b47649298b8c5bc09963c - - default default] No more DHCP agents
2026-04-29 03:03:36.084 10 WARNING neutron.api.rpc.agentnotifiers.dhcp_rpc_agent_api [None req-e154e558-7041-4746-9720-e2cbdfb7e4d6 dad2a6b65ff84b47a8c8138d0ef17718 de569b1fc38b47649298b8c5bc09963c - - default default] Unable to schedule network 94738971-21a3-414a-ba70-2dd4ce24c361: no agents available; will retry on subsequent port and subnet creation events.
2026-04-29 03:03:36.134 10 INFO neutron.db.ovn_revision_numbers_db [None req-14d50761-2548-45cf-ab80-0be99dfa8311 a9d672cc40d34075ad9d153d52fa3326 8f027cd511d24c2b916de228bbf20709 - - default default] Successfully bumped revision number for resource 88b42d1c-4356-4cc4-9652-9e4441ff33a0 (type: router_ports) to 1
2026-04-29 03:03:36.139 10 INFO neutron.api.wsgi [None req-14d50761-2548-45cf-ab80-0be99dfa8311 a9d672cc40d34075ad9d153d52fa3326 8f027cd511d24c2b916de228bbf20709 - - default default] 10.0.0.12 "PUT /v2.0/routers/03b1062f-1c24-4618-80b0-86b793f6adf1/add_router_interface HTTP/1.1" status: 200 len: 503 time: 2.2699327
2026-04-29 03:03:36.139 9 INFO neutron.api.wsgi [None req-3c861c84-38f2-4402-919b-ba0c787b6f4c 6475048c5de246039c2f9f55c5417563 48c788e01e6e416b920252f923ffcf22 - - default default] 10.0.0.12 "DELETE /v2.0/routers/9972b572-5c94-4cf1-98aa-94925309c5c8 HTTP/1.1" status: 204 len: 168 time: 0.1586778
2026-04-29 03:03:36.148 9 WARNING neutron_lib.context [None req-91da8e70-28e1-4c8c-a75a-d22727286bb1 a9d672cc40d34075ad9d153d52fa3326 8f027cd511d24c2b916de228bbf20709 - - default default] Method 'is_advsvc' is deprecated since 2023.2 release (neutron-lib 3.8.0) and will be removed once support for the old RBAC API policies will be removed from Neutron. Please use method 'is_service_role' instead.
2026-04-29 03:03:36.217 10 INFO neutron.db.ovn_revision_numbers_db [None req-e154e558-7041-4746-9720-e2cbdfb7e4d6 dad2a6b65ff84b47a8c8138d0ef17718 de569b1fc38b47649298b8c5bc09963c - - default default] Successfully bumped revision number for resource 8f4057c4-70dc-4f5d-a04c-097101dc9124 (type: ports) to 1
2026-04-29 03:03:36.441 9 WARNING neutron.scheduler.dhcp_agent_scheduler [None req-91da8e70-28e1-4c8c-a75a-d22727286bb1 a9d672cc40d34075ad9d153d52fa3326 8f027cd511d24c2b916de228bbf20709 - - default default] No more DHCP agents
2026-04-29 03:03:36.442 9 WARNING neutron.api.rpc.agentnotifiers.dhcp_rpc_agent_api [None req-91da8e70-28e1-4c8c-a75a-d22727286bb1 a9d672cc40d34075ad9d153d52fa3326 8f027cd511d24c2b916de228bbf20709 - - default default] Unable to schedule network c8c4294c-70f9-46f7-b48f-8604257d5082: no agents available; will retry on subsequent port and subnet creation events.
2026-04-29 03:03:36.581 9 INFO neutron.db.ovn_revision_numbers_db [None req-91da8e70-28e1-4c8c-a75a-d22727286bb1 a9d672cc40d34075ad9d153d52fa3326 8f027cd511d24c2b916de228bbf20709 - - default default] Successfully bumped revision number for resource ca3088ce-278f-45ff-a0b0-1ded65ce4ead (type: ports) to 1
2026-04-29 03:03:36.606 9 INFO neutron.api.wsgi [None req-91da8e70-28e1-4c8c-a75a-d22727286bb1 a9d672cc40d34075ad9d153d52fa3326 8f027cd511d24c2b916de228bbf20709 - - default default] 10.0.0.12 "POST /v2.0/ports HTTP/1.1" status: 201 len: 1154 time: 0.4624348 /var/lib/openstack/lib/python3.12/site-packages/pycadf/identifier.py:71: UserWarning: Invalid uuid: neutron. To ensure interoperability, identifiers should be a valid uuid. warnings.warn(('Invalid uuid: %s. To ensure interoperability, '
2026-04-29 03:03:36.615 9 WARNING neutron_lib.context [None req-0a413d8f-c261-4287-bc74-5fd20ee6993b a9d672cc40d34075ad9d153d52fa3326 8f027cd511d24c2b916de228bbf20709 - - default default] Method 'is_advsvc' is deprecated since 2023.2 release (neutron-lib 3.8.0) and will be removed once support for the old RBAC API policies will be removed from Neutron. Please use method 'is_service_role' instead.
2026-04-29 03:03:36.757 10 INFO neutron.plugins.ml2.drivers.ovn.mech_driver.ovsdb.commands [None req-f12e17e7-9a0f-447d-a372-91c6bc07b33f - - - - - -] Schedule LRP lrp-8f4057c4-70dc-4f5d-a04c-097101dc9124 on gateway 93a177b5-79a8-4dd7-9ffa-9a3d49f1cc5b with priority 1
2026-04-29 03:03:36.788 10 INFO neutron.db.ovn_revision_numbers_db [None req-e154e558-7041-4746-9720-e2cbdfb7e4d6 dad2a6b65ff84b47a8c8138d0ef17718 de569b1fc38b47649298b8c5bc09963c - - default default] Successfully bumped revision number for resource 8f4057c4-70dc-4f5d-a04c-097101dc9124 (type: router_ports) to 1
2026-04-29 03:03:36.855 10 INFO neutron.db.ovn_revision_numbers_db [None req-e154e558-7041-4746-9720-e2cbdfb7e4d6 dad2a6b65ff84b47a8c8138d0ef17718 de569b1fc38b47649298b8c5bc09963c - - default default] Successfully bumped revision number for resource 1817ae94-ad94-4831-aeb5-1b6c6416fa95 (type: routers) to 2
2026-04-29 03:03:36.869 10 INFO neutron.api.wsgi [None req-e154e558-7041-4746-9720-e2cbdfb7e4d6 dad2a6b65ff84b47a8c8138d0ef17718 de569b1fc38b47649298b8c5bc09963c - - default default] 10.0.0.12 "POST /v2.0/routers HTTP/1.1" status: 201 len: 1147 time: 1.2433453
2026-04-29 03:03:36.910 9 WARNING neutron.scheduler.dhcp_agent_scheduler [None req-0a413d8f-c261-4287-bc74-5fd20ee6993b a9d672cc40d34075ad9d153d52fa3326 8f027cd511d24c2b916de228bbf20709 - - default default] No more DHCP agents
2026-04-29 03:03:36.911 9 WARNING neutron.api.rpc.agentnotifiers.dhcp_rpc_agent_api [None req-0a413d8f-c261-4287-bc74-5fd20ee6993b a9d672cc40d34075ad9d153d52fa3326 8f027cd511d24c2b916de228bbf20709 - - default default] Unable to schedule network c8c4294c-70f9-46f7-b48f-8604257d5082: no agents available; will retry on subsequent port and subnet creation events.
2026-04-29 03:03:36.937 10 INFO neutron.api.wsgi [None req-157b9dae-e980-4293-9175-7e6fa09871bf dad2a6b65ff84b47a8c8138d0ef17718 de569b1fc38b47649298b8c5bc09963c - - default default] 10.0.0.12 "GET /v2.0/routers/1817ae94-ad94-4831-aeb5-1b6c6416fa95 HTTP/1.1" status: 200 len: 1148 time: 0.0634658 /var/lib/openstack/lib/python3.12/site-packages/pycadf/identifier.py:71: UserWarning: Invalid uuid: neutron. To ensure interoperability, identifiers should be a valid uuid. warnings.warn(('Invalid uuid: %s. To ensure interoperability, '
2026-04-29 03:03:36.999 9 WARNING neutron_lib.context [None req-a9bec054-103a-47eb-ab60-aa104f82d8da 749c39c56c81432fb7cb47b33288739c ed6358f4e63e444d8142b37fb8ac5d1b - - default default] Method 'is_advsvc' is deprecated since 2023.2 release (neutron-lib 3.8.0) and will be removed once support for the old RBAC API policies will be removed from Neutron. Please use method 'is_service_role' instead.
2026-04-29 03:03:37.049 9 INFO neutron.db.ovn_revision_numbers_db [None req-0a413d8f-c261-4287-bc74-5fd20ee6993b a9d672cc40d34075ad9d153d52fa3326 8f027cd511d24c2b916de228bbf20709 - - default default] Successfully bumped revision number for resource ae5b9584-4539-4536-8175-644f9251d701 (type: ports) to 1
2026-04-29 03:03:37.050 10 INFO neutron.api.wsgi [None req-8c74ea0e-e83e-480d-bbc1-c7be0f3ce51a dad2a6b65ff84b47a8c8138d0ef17718 de569b1fc38b47649298b8c5bc09963c - - default default] 10.0.0.12 "GET /v2.0/routers HTTP/1.1" status: 200 len: 1151 time: 0.1089911
2026-04-29 03:03:37.071 9 INFO neutron.api.wsgi [None req-0a413d8f-c261-4287-bc74-5fd20ee6993b a9d672cc40d34075ad9d153d52fa3326 8f027cd511d24c2b916de228bbf20709 - - default default] 10.0.0.12 "POST /v2.0/ports HTTP/1.1" status: 201 len: 1153 time: 0.4592366
2026-04-29 03:03:37.081 9 WARNING neutron_lib.context [None req-efb670f0-b994-46cf-ba8f-63dfb5d52eac a9d672cc40d34075ad9d153d52fa3326 8f027cd511d24c2b916de228bbf20709 - - default default] Method 'is_advsvc' is deprecated since 2023.2 release (neutron-lib 3.8.0) and will be removed once support for the old RBAC API policies will be removed from Neutron. Please use method 'is_service_role' instead.
2026-04-29 03:03:37.152 9 INFO neutron.db.ovn_revision_numbers_db [None req-a9bec054-103a-47eb-ab60-aa104f82d8da 749c39c56c81432fb7cb47b33288739c ed6358f4e63e444d8142b37fb8ac5d1b - - default default] Successfully bumped revision number for resource aacd3f65-9227-40c2-a3c0-8b01c3192a0e (type: security_groups) to 1
2026-04-29 03:03:37.167 10 INFO neutron.db.ovn_revision_numbers_db [None req-c0803e70-0735-4e91-b65c-1c43e5a23c16 0d17a3b6a9b5451492e66aefd4f235dc 3308dde9f672402eae73c63366cc0f4e - - default default] Successfully bumped revision number for resource 5e228a71-a29d-4082-bb92-15de6dbdf1ea (type: security_groups) to 1
2026-04-29 03:03:37.170 9 INFO neutron.db.ovn_revision_numbers_db [None req-a9bec054-103a-47eb-ab60-aa104f82d8da 749c39c56c81432fb7cb47b33288739c ed6358f4e63e444d8142b37fb8ac5d1b - - default default] Successfully bumped revision number for resource 0e36467f-a2e2-49e3-93c4-61c4ae103e04 (type: security_group_rules) to 0
2026-04-29 03:03:37.183 10 INFO neutron.db.ovn_revision_numbers_db [None req-c0803e70-0735-4e91-b65c-1c43e5a23c16 0d17a3b6a9b5451492e66aefd4f235dc 3308dde9f672402eae73c63366cc0f4e - - default default] Successfully bumped revision number for resource 99e556d7-0063-41ad-893f-7f138e2e44ae (type: security_group_rules) to 0
2026-04-29 03:03:37.192 9 INFO neutron.db.ovn_revision_numbers_db [None req-a9bec054-103a-47eb-ab60-aa104f82d8da 749c39c56c81432fb7cb47b33288739c ed6358f4e63e444d8142b37fb8ac5d1b - - default default] Successfully bumped revision number for resource 67290af6-382d-4968-88de-490655c3cdda (type: security_group_rules) to 0
2026-04-29 03:03:37.210 9 INFO neutron.db.ovn_revision_numbers_db [None req-a9bec054-103a-47eb-ab60-aa104f82d8da 749c39c56c81432fb7cb47b33288739c ed6358f4e63e444d8142b37fb8ac5d1b - - default default] Successfully bumped revision number for resource 8360aff1-1a20-430f-95a5-2c2075314f8e (type: security_group_rules) to 0
2026-04-29 03:03:37.214 10 INFO neutron.db.ovn_revision_numbers_db [None req-c0803e70-0735-4e91-b65c-1c43e5a23c16 0d17a3b6a9b5451492e66aefd4f235dc 3308dde9f672402eae73c63366cc0f4e - - default default] Successfully bumped revision number for resource ab22592b-5dd6-4842-b5a1-fec0b8777f97 (type: security_group_rules) to 0
2026-04-29 03:03:37.223 9 INFO neutron.db.ovn_revision_numbers_db [None req-a9bec054-103a-47eb-ab60-aa104f82d8da 749c39c56c81432fb7cb47b33288739c ed6358f4e63e444d8142b37fb8ac5d1b - - default default] Successfully bumped revision number for resource b699ba71-8d2f-4d0b-ad50-760955b966d8 (type: security_group_rules) to 0
2026-04-29 03:03:37.229 10 INFO neutron.db.ovn_revision_numbers_db [None req-c0803e70-0735-4e91-b65c-1c43e5a23c16 0d17a3b6a9b5451492e66aefd4f235dc 3308dde9f672402eae73c63366cc0f4e - - default default] Successfully bumped revision number for resource b2856a82-2b27-4932-b069-ea477dd6a8d6 (type: security_group_rules) to 0
2026-04-29 03:03:37.247 10 INFO neutron.db.ovn_revision_numbers_db [None req-c0803e70-0735-4e91-b65c-1c43e5a23c16 0d17a3b6a9b5451492e66aefd4f235dc 3308dde9f672402eae73c63366cc0f4e - - default default] Successfully bumped revision number for resource caa9d2c0-84e1-4047-a392-76de3fe17ff2 (type: security_group_rules) to 0
2026-04-29 03:03:37.287 10 INFO neutron.api.wsgi [None req-c0803e70-0735-4e91-b65c-1c43e5a23c16 0d17a3b6a9b5451492e66aefd4f235dc 3308dde9f672402eae73c63366cc0f4e - - default default] 10.0.0.12 "GET /v2.0/security-groups?tenant_id=843b88bf1c494d3c89f28e931a5dfba2&name=default HTTP/1.1" status: 200 len: 3120 time: 0.3736691
2026-04-29 03:03:37.299 9 INFO neutron.db.segments_db [None req-a9bec054-103a-47eb-ab60-aa104f82d8da 749c39c56c81432fb7cb47b33288739c ed6358f4e63e444d8142b37fb8ac5d1b - - default default] Added segment 23be33d7-869e-4c42-bd7b-dd9fc212a89c of type geneve for network 946386e5-7a97-4b3d-b9fa-1356e098bb1b
2026-04-29 03:03:37.305 9 WARNING neutron.scheduler.dhcp_agent_scheduler [None req-efb670f0-b994-46cf-ba8f-63dfb5d52eac a9d672cc40d34075ad9d153d52fa3326 8f027cd511d24c2b916de228bbf20709 - - default default] No more DHCP agents
2026-04-29 03:03:37.312 9 WARNING neutron.api.rpc.agentnotifiers.dhcp_rpc_agent_api [None req-efb670f0-b994-46cf-ba8f-63dfb5d52eac a9d672cc40d34075ad9d153d52fa3326 8f027cd511d24c2b916de228bbf20709 - - default default] Unable to schedule network 94738971-21a3-414a-ba70-2dd4ce24c361: no agents available; will retry on subsequent port and subnet creation events.
2026-04-29 03:03:37.471 9 INFO neutron.db.ovn_revision_numbers_db [None req-a9bec054-103a-47eb-ab60-aa104f82d8da 749c39c56c81432fb7cb47b33288739c ed6358f4e63e444d8142b37fb8ac5d1b - - default default] Successfully bumped revision number for resource 946386e5-7a97-4b3d-b9fa-1356e098bb1b (type: networks) to 1
2026-04-29 03:03:37.479 10 INFO neutron.db.ovn_revision_numbers_db [None req-4fb478bd-a8d7-4d11-b7ee-2ca08e1c55c1 dad2a6b65ff84b47a8c8138d0ef17718 de569b1fc38b47649298b8c5bc09963c - - default default] Successfully bumped revision number for resource 1817ae94-ad94-4831-aeb5-1b6c6416fa95 (type: routers) to 3
2026-04-29 03:03:37.486 10 INFO neutron.api.wsgi [None req-4fb478bd-a8d7-4d11-b7ee-2ca08e1c55c1 dad2a6b65ff84b47a8c8138d0ef17718 de569b1fc38b47649298b8c5bc09963c - - default default] 10.0.0.12 "PUT /v2.0/routers/1817ae94-ad94-4831-aeb5-1b6c6416fa95 HTTP/1.1" status: 200 len: 1155 time: 0.4320133
2026-04-29 03:03:37.549 10 INFO neutron.api.wsgi [None req-b5adf3f0-2adf-43df-9ee8-b392c7ef763f dad2a6b65ff84b47a8c8138d0ef17718 de569b1fc38b47649298b8c5bc09963c - - default default] 10.0.0.12 "GET /v2.0/routers/1817ae94-ad94-4831-aeb5-1b6c6416fa95 HTTP/1.1" status: 200 len: 1155 time: 0.0583448
2026-04-29 03:03:37.571 10 INFO neutron.api.wsgi [None req-fdd723a2-a68e-4231-a53c-3fbc99b6e25b dad2a6b65ff84b47a8c8138d0ef17718 de569b1fc38b47649298b8c5bc09963c - - default default] 10.0.0.12 "GET /v2.0/ports?device_id=1817ae94-ad94-4831-aeb5-1b6c6416fa95 HTTP/1.1" status: 200 len: 205 time: 0.0154474
2026-04-29 03:03:37.633 9 INFO neutron.api.wsgi [None req-e919f20e-70c4-453c-bcc5-e9e2f23fa3b1 0d17a3b6a9b5451492e66aefd4f235dc 3308dde9f672402eae73c63366cc0f4e - - default default] 10.0.0.12 "DELETE /v2.0/security-groups/5e228a71-a29d-4082-bb92-15de6dbdf1ea HTTP/1.1" status: 204 len: 168 time: 0.3418548
2026-04-29 03:03:37.691 9 WARNING neutron.scheduler.dhcp_agent_scheduler [None req-a9bec054-103a-47eb-ab60-aa104f82d8da 749c39c56c81432fb7cb47b33288739c ed6358f4e63e444d8142b37fb8ac5d1b - - default default] No more DHCP agents
2026-04-29 03:03:37.692 9 WARNING neutron.api.rpc.agentnotifiers.dhcp_rpc_agent_api [None req-a9bec054-103a-47eb-ab60-aa104f82d8da 749c39c56c81432fb7cb47b33288739c ed6358f4e63e444d8142b37fb8ac5d1b - - default default] Unable to schedule network 946386e5-7a97-4b3d-b9fa-1356e098bb1b: no agents available; will retry on subsequent port and subnet creation events.
2026-04-29 03:03:37.776 9 INFO neutron.db.ovn_revision_numbers_db [None req-a9bec054-103a-47eb-ab60-aa104f82d8da 749c39c56c81432fb7cb47b33288739c ed6358f4e63e444d8142b37fb8ac5d1b - - default default] Successfully bumped revision number for resource 274cdb11-3509-4f13-8019-39c2aaf107cf (type: ports) to 1
2026-04-29 03:03:37.807 9 INFO neutron.api.wsgi [None req-a9bec054-103a-47eb-ab60-aa104f82d8da 749c39c56c81432fb7cb47b33288739c ed6358f4e63e444d8142b37fb8ac5d1b - - default default] 10.0.0.12 "POST /v2.0/networks HTTP/1.1" status: 201 len: 830 time: 0.9093335
2026-04-29 03:03:37.818 9 WARNING neutron_lib.context [None req-c5c9e09d-0bf7-45a0-8c36-bcf222be333a 749c39c56c81432fb7cb47b33288739c ed6358f4e63e444d8142b37fb8ac5d1b - - default default] Method 'is_advsvc' is deprecated since 2023.2 release (neutron-lib 3.8.0) and will be removed once support for the old RBAC API policies will be removed from Neutron. Please use method 'is_service_role' instead.
2026-04-29 03:03:38.155 9 INFO neutron.db.ovn_revision_numbers_db [None req-208cf48c-18d0-407d-a707-bec4cba74dcf 0d17a3b6a9b5451492e66aefd4f235dc 3308dde9f672402eae73c63366cc0f4e - - default default] Successfully bumped revision number for resource 11ccc3f8-ac7d-45f4-bf88-7ea22f3c5f0a (type: security_groups) to 1
2026-04-29 03:03:38.179 9 INFO neutron.db.segments_db [None req-c5c9e09d-0bf7-45a0-8c36-bcf222be333a 749c39c56c81432fb7cb47b33288739c ed6358f4e63e444d8142b37fb8ac5d1b - - default default] Added segment 58af5cef-c15e-409b-bddb-7af41be7dc5d of type geneve for network 7df95419-e22a-4add-bfd1-21bccd4ea0a0
2026-04-29 03:03:38.181 9 INFO neutron.db.ovn_revision_numbers_db [None req-208cf48c-18d0-407d-a707-bec4cba74dcf 0d17a3b6a9b5451492e66aefd4f235dc 3308dde9f672402eae73c63366cc0f4e - - default default] Successfully bumped revision number for resource 37878a2b-13f8-43b1-b801-609836a6c5c3 (type: security_group_rules) to 0
2026-04-29 03:03:38.200 10 INFO neutron.api.wsgi [None req-ac64baa7-1c9e-4c91-9041-b1c373dcaeeb dad2a6b65ff84b47a8c8138d0ef17718 de569b1fc38b47649298b8c5bc09963c - - default default] 10.0.0.12 "DELETE /v2.0/routers/1817ae94-ad94-4831-aeb5-1b6c6416fa95 HTTP/1.1" status: 204 len: 168 time: 0.6251597
2026-04-29 03:03:38.205 9 INFO neutron.db.ovn_revision_numbers_db [None req-208cf48c-18d0-407d-a707-bec4cba74dcf 0d17a3b6a9b5451492e66aefd4f235dc 3308dde9f672402eae73c63366cc0f4e - - default default] Successfully bumped revision number for resource 37ad12a0-f0fe-4a3d-a4ba-426c78d19a57 (type: security_group_rules) to 0
2026-04-29 03:03:38.222 10 INFO neutron.api.wsgi [None req-2b08facd-abaf-4009-bd66-17b4df63e26c dad2a6b65ff84b47a8c8138d0ef17718 de569b1fc38b47649298b8c5bc09963c - - default default] 10.0.0.12 "GET /v2.0/ports?device_id=1817ae94-ad94-4831-aeb5-1b6c6416fa95 HTTP/1.1" status: 200 len: 205 time: 0.0172935
2026-04-29 03:03:38.229 9 INFO neutron.db.ovn_revision_numbers_db [None req-208cf48c-18d0-407d-a707-bec4cba74dcf 0d17a3b6a9b5451492e66aefd4f235dc 3308dde9f672402eae73c63366cc0f4e - - default default] Successfully bumped revision number for resource 5a431141-8994-4b7a-9e3e-8922a5e3991a (type: security_group_rules) to 0
2026-04-29 03:03:38.245 10 INFO neutron.api.v2.resource [None req-5194208b-a8b0-402b-a6f6-e3ade1b3075f dad2a6b65ff84b47a8c8138d0ef17718 de569b1fc38b47649298b8c5bc09963c - - default default] delete failed (client error): The resource could not be found.
2026-04-29 03:03:38.246 10 INFO neutron.api.wsgi [None req-5194208b-a8b0-402b-a6f6-e3ade1b3075f dad2a6b65ff84b47a8c8138d0ef17718 de569b1fc38b47649298b8c5bc09963c - - default default] 10.0.0.12 "DELETE /v2.0/routers/1817ae94-ad94-4831-aeb5-1b6c6416fa95 HTTP/1.1" status: 404 len: 336 time: 0.0182288
2026-04-29 03:03:38.261 9 INFO neutron.db.ovn_revision_numbers_db [None req-208cf48c-18d0-407d-a707-bec4cba74dcf 0d17a3b6a9b5451492e66aefd4f235dc 3308dde9f672402eae73c63366cc0f4e - - default default] Successfully bumped revision number for resource 798389f6-ec59-4c97-ae5a-c2de8d01dc1a (type: security_group_rules) to 0
2026-04-29 03:03:38.276 9 INFO neutron.api.wsgi [None req-afab6845-f283-40a8-9c1b-0710e1e78011 dad2a6b65ff84b47a8c8138d0ef17718 de569b1fc38b47649298b8c5bc09963c - - default default] 10.0.0.12 "GET /v2.0/ports?device_id=b7ad12d6-8223-4881-a731-a704c22d4e5e HTTP/1.1" status: 200 len: 205 time: 0.0249796
2026-04-29 03:03:38.300 10 INFO neutron.api.v2.resource [None req-2378f285-a2e0-4d7d-be88-a8edca7ff05d dad2a6b65ff84b47a8c8138d0ef17718 de569b1fc38b47649298b8c5bc09963c - - default default] delete failed (client error): The resource could not be found.
2026-04-29 03:03:38.301 10 INFO neutron.api.wsgi [None req-2378f285-a2e0-4d7d-be88-a8edca7ff05d dad2a6b65ff84b47a8c8138d0ef17718 de569b1fc38b47649298b8c5bc09963c - - default default] 10.0.0.12 "DELETE /v2.0/routers/b7ad12d6-8223-4881-a731-a704c22d4e5e HTTP/1.1" status: 404 len: 336 time: 0.0194068
2026-04-29 03:03:38.315 10 INFO neutron.pecan_wsgi.hooks.translation [None req-d2f6ef53-b5b6-4cd9-a359-52b9c26e1dcf dad2a6b65ff84b47a8c8138d0ef17718 de569b1fc38b47649298b8c5bc09963c - - default default] DELETE failed (client error): The resource could not be found.
2026-04-29 03:03:38.318 9 INFO neutron.api.wsgi [None req-208cf48c-18d0-407d-a707-bec4cba74dcf 0d17a3b6a9b5451492e66aefd4f235dc 3308dde9f672402eae73c63366cc0f4e - - default default] 10.0.0.12 "GET /v2.0/security-groups?tenant_id=48c788e01e6e416b920252f923ffcf22&name=default HTTP/1.1" status: 200 len: 3120 time: 0.5736609
2026-04-29 03:03:38.318 10 INFO neutron.api.wsgi [None req-d2f6ef53-b5b6-4cd9-a359-52b9c26e1dcf dad2a6b65ff84b47a8c8138d0ef17718 de569b1fc38b47649298b8c5bc09963c - - default default] 10.0.0.12 "DELETE /v2.0/subnets/25a6b820-5dea-4a04-b509-f06601f72399 HTTP/1.1" status: 404 len: 337 time: 0.0122862
2026-04-29 03:03:38.350 10 INFO neutron.api.wsgi [None req-09b36ad5-9e50-433a-a728-4d41a98d2ad7 dad2a6b65ff84b47a8c8138d0ef17718 de569b1fc38b47649298b8c5bc09963c - - default default] 10.0.0.12 "GET /v2.0/ports?device_id=ee985163-62bc-4157-84cf-848c88c9d53e HTTP/1.1" status: 200 len: 205 time: 0.0198019
2026-04-29 03:03:38.355 9 INFO neutron.db.ovn_revision_numbers_db [None req-c5c9e09d-0bf7-45a0-8c36-bcf222be333a 749c39c56c81432fb7cb47b33288739c ed6358f4e63e444d8142b37fb8ac5d1b - - default default] Successfully bumped revision number for resource 7df95419-e22a-4add-bfd1-21bccd4ea0a0 (type: networks) to 1
2026-04-29 03:03:38.375 9 INFO neutron.api.v2.resource [None req-1b878f26-52fb-4a51-8548-6c5769cab3e2 dad2a6b65ff84b47a8c8138d0ef17718 de569b1fc38b47649298b8c5bc09963c - - default default] delete failed (client error): The resource could not be found.
2026-04-29 03:03:38.376 9 INFO neutron.api.wsgi [None req-1b878f26-52fb-4a51-8548-6c5769cab3e2 dad2a6b65ff84b47a8c8138d0ef17718 de569b1fc38b47649298b8c5bc09963c - - default default] 10.0.0.12 "DELETE /v2.0/routers/ee985163-62bc-4157-84cf-848c88c9d53e HTTP/1.1" status: 404 len: 336 time: 0.0191247
2026-04-29 03:03:38.393 9 INFO neutron.db.ovn_revision_numbers_db [None req-efb670f0-b994-46cf-ba8f-63dfb5d52eac a9d672cc40d34075ad9d153d52fa3326 8f027cd511d24c2b916de228bbf20709 - - default default] Successfully bumped revision number for resource 9c574959-3963-4604-a2d2-0899b6dbae58 (type: floatingips) to -1
2026-04-29 03:03:38.400 10 INFO neutron.pecan_wsgi.hooks.translation [None req-0bb340b9-de93-44ef-9185-a8fdf7148058 dad2a6b65ff84b47a8c8138d0ef17718 de569b1fc38b47649298b8c5bc09963c - - default default] DELETE failed (client error): The resource could not be found.
2026-04-29 03:03:38.403 10 INFO neutron.api.wsgi [None req-0bb340b9-de93-44ef-9185-a8fdf7148058 dad2a6b65ff84b47a8c8138d0ef17718 de569b1fc38b47649298b8c5bc09963c - - default default] 10.0.0.12 "DELETE /v2.0/subnets/1b8602f4-c811-4434-92b5-ff219d693c38 HTTP/1.1" status: 404 len: 337 time: 0.0223823
2026-04-29 03:03:38.425 9 INFO neutron.api.wsgi [None req-f27775e3-ca40-4dbf-b78a-e514d697a3b4 dad2a6b65ff84b47a8c8138d0ef17718 de569b1fc38b47649298b8c5bc09963c - - default default] 10.0.0.12 "GET /v2.0/ports?device_id=a7aa7bac-246c-40bd-9de9-24df7f04f94e HTTP/1.1" status: 200 len: 205 time: 0.0180569
2026-04-29 03:03:38.457 9 INFO neutron.api.v2.resource [None req-4dd0bd41-d611-4c00-be7a-b2512ee0dcd5 dad2a6b65ff84b47a8c8138d0ef17718 de569b1fc38b47649298b8c5bc09963c - - default default] delete failed (client error): The resource could not be found.
2026-04-29 03:03:38.458 9 INFO neutron.api.wsgi [None req-4dd0bd41-d611-4c00-be7a-b2512ee0dcd5 dad2a6b65ff84b47a8c8138d0ef17718 de569b1fc38b47649298b8c5bc09963c - - default default] 10.0.0.12 "DELETE /v2.0/routers/a7aa7bac-246c-40bd-9de9-24df7f04f94e HTTP/1.1" status: 404 len: 336 time: 0.0254307
2026-04-29 03:03:38.476 10 INFO neutron.pecan_wsgi.hooks.translation [None req-825177c7-c287-4118-8a0f-01bd9dc8405b dad2a6b65ff84b47a8c8138d0ef17718 de569b1fc38b47649298b8c5bc09963c - - default default] DELETE failed (client error): The resource could not be found.
2026-04-29 03:03:38.479 10 INFO neutron.api.wsgi [None req-825177c7-c287-4118-8a0f-01bd9dc8405b dad2a6b65ff84b47a8c8138d0ef17718 de569b1fc38b47649298b8c5bc09963c - - default default] 10.0.0.12 "DELETE /v2.0/subnets/65a44f0b-4cb3-4916-a94b-9d6632b30c0c HTTP/1.1" status: 404 len: 337 time: 0.0142510
2026-04-29 03:03:38.499 10 INFO neutron.pecan_wsgi.hooks.translation [None req-3aee3bb6-6230-49dd-83ca-5899fe5843a5 dad2a6b65ff84b47a8c8138d0ef17718 de569b1fc38b47649298b8c5bc09963c - - default default] DELETE failed (client error): The resource could not be found.
2026-04-29 03:03:38.501 10 INFO neutron.api.wsgi [None req-3aee3bb6-6230-49dd-83ca-5899fe5843a5 dad2a6b65ff84b47a8c8138d0ef17718 de569b1fc38b47649298b8c5bc09963c - - default default] 10.0.0.12 "DELETE /v2.0/subnets/c5db0eba-8f14-4b47-a4f1-9d0a6f18fef6 HTTP/1.1" status: 404 len: 337 time: 0.0152645
2026-04-29 03:03:38.533 9 INFO neutron.db.ovn_revision_numbers_db [None req-efb670f0-b994-46cf-ba8f-63dfb5d52eac a9d672cc40d34075ad9d153d52fa3326 8f027cd511d24c2b916de228bbf20709 - - default default] Successfully bumped revision number for resource 9c574959-3963-4604-a2d2-0899b6dbae58 (type: floatingips) to 1
2026-04-29 03:03:38.534 9 INFO neutron.db.l3_db [None req-efb670f0-b994-46cf-ba8f-63dfb5d52eac a9d672cc40d34075ad9d153d52fa3326 8f027cd511d24c2b916de228bbf20709 - - default default] Floating IP 9c574959-3963-4604-a2d2-0899b6dbae58 associated. External IP: 10.96.250.209, port: ae5b9584-4539-4536-8175-644f9251d701.
