2026-04-29 03:01:53.998 10 WARNING neutron.plugins.ml2.drivers.ovn.mech_driver.ovsdb.ovn_client [None req-1a411d67-c887-4e4d-a8b6-bece4733e2fc - - - - - -] No hosting information found for port 0f43cf4f-800f-4739-98e1-0e7d22259733: RuntimeError: No hosting information found for port 0f43cf4f-800f-4739-98e1-0e7d22259733
2026-04-29 03:01:54.013 9 INFO neutron.api.wsgi [None req-1abeff43-3c1a-4922-a9a1-062e056a6bc4 bfaecb8be00e47a792f032ea1703f401 977475054c794086af548a6010620800 - - default default] 10.0.0.12 "POST /v2.0/security-group-rules HTTP/1.1" status: 201 len: 796 time: 0.2386577
2026-04-29 03:01:54.016 9 INFO neutron.api.wsgi [req-5ee6e717-d197-4976-847b-467e0fed1371 req-ddfee992-be1d-40b0-9782-884e641e7e2f 12fffdedbb1647be8e3aa7315a4eb847 e771c9caa2f9493cbfaba4d0ad4608ac - - c893072840914529953fbcb8af47df1e c893072840914529953fbcb8af47df1e] 199.204.45.25 "GET /v2.0/networks/e283b3f8-7b7f-4653-a20d-bf9e8df5c93a?fields=provider%3Aphysical_network&fields=provider%3Anetwork_type HTTP/1.1" status: 200 len: 277 time: 0.0489459 /var/lib/openstack/lib/python3.12/site-packages/pycadf/identifier.py:71: UserWarning: Invalid uuid: neutron. To ensure interoperability, identifiers should be a valid uuid. warnings.warn(('Invalid uuid: %s. To ensure interoperability, '
2026-04-29 03:01:54.036 10 WARNING neutron_lib.context [None req-328f8cd8-3807-4f92-a819-5716cec44203 bfaecb8be00e47a792f032ea1703f401 977475054c794086af548a6010620800 - - default default] Method 'is_advsvc' is deprecated since 2023.2 release (neutron-lib 3.8.0) and will be removed once support for the old RBAC API policies will be removed from Neutron. Please use method 'is_service_role' instead.
2026-04-29 03:01:54.120 10 INFO neutron.db.ovn_revision_numbers_db [None req-1a411d67-c887-4e4d-a8b6-bece4733e2fc - - - - - -] Successfully bumped revision number for resource 0f43cf4f-800f-4739-98e1-0e7d22259733 (type: router_ports) to 2
2026-04-29 03:01:54.219 10 INFO neutron.db.ovn_revision_numbers_db [None req-328f8cd8-3807-4f92-a819-5716cec44203 bfaecb8be00e47a792f032ea1703f401 977475054c794086af548a6010620800 - - default default] Successfully bumped revision number for resource 6233e1ec-c6d7-4802-9159-bed4ed92c3e3 (type: security_group_rules) to 0
2026-04-29 03:01:54.225 10 INFO neutron.db.ovn_revision_numbers_db [req-ed772454-38e3-4177-93b7-80ed9f349234 req-277e0b54-141c-4a8e-8132-f5a5adae19e0 12fffdedbb1647be8e3aa7315a4eb847 e771c9caa2f9493cbfaba4d0ad4608ac - - c893072840914529953fbcb8af47df1e c893072840914529953fbcb8af47df1e] Successfully bumped revision number for resource 98d10101-f253-44de-8a64-eb31211d2992 (type: ports) to 4
2026-04-29 03:01:54.244 10 INFO neutron.api.wsgi [req-ed772454-38e3-4177-93b7-80ed9f349234 req-277e0b54-141c-4a8e-8132-f5a5adae19e0 12fffdedbb1647be8e3aa7315a4eb847 e771c9caa2f9493cbfaba4d0ad4608ac - - c893072840914529953fbcb8af47df1e c893072840914529953fbcb8af47df1e] 199.204.45.25 "PUT /v2.0/ports/98d10101-f253-44de-8a64-eb31211d2992 HTTP/1.1" status: 200 len: 1404 time: 0.6852744
2026-04-29 03:01:54.257 10 INFO neutron.api.wsgi [None req-328f8cd8-3807-4f92-a819-5716cec44203 bfaecb8be00e47a792f032ea1703f401 977475054c794086af548a6010620800 - - default default] 10.0.0.12 "POST /v2.0/security-group-rules HTTP/1.1" status: 201 len: 801 time: 0.2316544 /var/lib/openstack/lib/python3.12/site-packages/pycadf/identifier.py:71: UserWarning: Invalid uuid: neutron. To ensure interoperability, identifiers should be a valid uuid. warnings.warn(('Invalid uuid: %s. To ensure interoperability, '
2026-04-29 03:01:54.267 10 WARNING neutron_lib.context [None req-70d29a03-4651-4acb-905b-16bbf007f407 bfaecb8be00e47a792f032ea1703f401 977475054c794086af548a6010620800 - - default default] Method 'is_advsvc' is deprecated since 2023.2 release (neutron-lib 3.8.0) and will be removed once support for the old RBAC API policies will be removed from Neutron. Please use method 'is_service_role' instead.
2026-04-29 03:01:54.283 10 INFO neutron.notifiers.nova [-] Nova event matching ['req-26345050-09cf-42a9-8751-9f84a4fb8d0b'] response: {'name': 'network-changed', 'server_uuid': 'db1f80c3-0024-402e-ba85-1c4b134cc3a2', 'tag': '98d10101-f253-44de-8a64-eb31211d2992', 'status': 'completed', 'code': 200}
2026-04-29 03:01:54.345 9 INFO neutron.api.wsgi [req-5ec06b59-ebfe-4239-aba3-27d046ee5f9d req-c3c25cac-90bf-4864-aef5-69d933ecd0fd a207bab2bbc74e5ba716a7cb533ad16b c6a60eb2b549430282d5dc082f0aa6c0 - - default default] 10.0.0.46 "GET /v2.0/ports?device_id=db1f80c3-0024-402e-ba85-1c4b134cc3a2 HTTP/1.1" status: 200 len: 1168 time: 0.0768721
2026-04-29 03:01:54.409 9 INFO neutron.api.wsgi [req-5ec06b59-ebfe-4239-aba3-27d046ee5f9d req-bc05aec7-e8a4-4e5b-a8e6-e9284385df90 a207bab2bbc74e5ba716a7cb533ad16b c6a60eb2b549430282d5dc082f0aa6c0 - - default default] 10.0.0.46 "GET /v2.0/security-groups?id=16b6cc7d-b4c6-44f5-82cf-819d7f6988bd&fields=id&fields=name HTTP/1.1" status: 200 len: 286 time: 0.0563545
2026-04-29 03:01:54.487 10 WARNING neutron.scheduler.dhcp_agent_scheduler [None req-70d29a03-4651-4acb-905b-16bbf007f407 bfaecb8be00e47a792f032ea1703f401 977475054c794086af548a6010620800 - - default default] No more DHCP agents
2026-04-29 03:01:54.489 10 WARNING neutron.api.rpc.agentnotifiers.dhcp_rpc_agent_api [None req-70d29a03-4651-4acb-905b-16bbf007f407 bfaecb8be00e47a792f032ea1703f401 977475054c794086af548a6010620800 - - default default] Unable to schedule network 94738971-21a3-414a-ba70-2dd4ce24c361: no agents available; will retry on subsequent port and subnet creation events.
2026-04-29 03:01:54.746 10 INFO neutron.api.wsgi [None req-70d29a03-4651-4acb-905b-16bbf007f407 bfaecb8be00e47a792f032ea1703f401 977475054c794086af548a6010620800 - - default default] 10.0.0.12 "POST /v2.0/floatingips HTTP/1.1" status: 201 len: 751 time: 0.4834712
2026-04-29 03:01:54.842 10 INFO neutron.api.wsgi [req-4a8042a6-3fb9-4d27-8434-c3f23bc7318a req-59205945-b8c8-4d3a-96fa-530f5f401ec6 12fffdedbb1647be8e3aa7315a4eb847 e771c9caa2f9493cbfaba4d0ad4608ac - - c893072840914529953fbcb8af47df1e c893072840914529953fbcb8af47df1e] 199.204.45.25 "GET /v2.0/ports?tenant_id=c6a60eb2b549430282d5dc082f0aa6c0&device_id=db1f80c3-0024-402e-ba85-1c4b134cc3a2 HTTP/1.1" status: 200 len: 1407 time: 0.0528524
2026-04-29 03:01:54.874 9 INFO neutron.api.wsgi [req-84fa1d90-dba4-45ac-9985-11a0f8c8fccb req-d0212afd-4aea-4ed0-8718-375fc0d3b2a1 4e6447db778146f49bfbeb7548b8e022 dbe0977cdcca4661b8cb39cdea1aecfb - - default default] 10.0.0.46 "GET /v2.0/ports?device_id=9edbcad6-5342-4165-a501-83583669a565 HTTP/1.1" status: 200 len: 1170 time: 0.0770981
2026-04-29 03:01:54.899 10 INFO neutron.api.wsgi [req-4a8042a6-3fb9-4d27-8434-c3f23bc7318a req-57adaa11-bee9-4be0-9fb6-e570192cf0e0 12fffdedbb1647be8e3aa7315a4eb847 e771c9caa2f9493cbfaba4d0ad4608ac - - c893072840914529953fbcb8af47df1e c893072840914529953fbcb8af47df1e] 199.204.45.25 "GET /v2.0/networks?tenant_id=c6a60eb2b549430282d5dc082f0aa6c0&shared=False HTTP/1.1" status: 200 len: 975 time: 0.0521514
2026-04-29 03:01:54.922 9 INFO neutron.api.wsgi [req-84fa1d90-dba4-45ac-9985-11a0f8c8fccb req-bb2ff3a4-2751-4f76-90b1-b3060536c67c 4e6447db778146f49bfbeb7548b8e022 dbe0977cdcca4661b8cb39cdea1aecfb - - default default] 10.0.0.46 "GET /v2.0/security-groups?id=a4b465c7-1248-4adb-86f6-23c7febcf219&fields=id&fields=name HTTP/1.1" status: 200 len: 313 time: 0.0427406
2026-04-29 03:01:54.966 10 INFO neutron.api.wsgi [req-4a8042a6-3fb9-4d27-8434-c3f23bc7318a req-123c3703-cc2b-4444-90f9-6bdada80744c 12fffdedbb1647be8e3aa7315a4eb847 e771c9caa2f9493cbfaba4d0ad4608ac - - c893072840914529953fbcb8af47df1e c893072840914529953fbcb8af47df1e] 199.204.45.25 "GET /v2.0/networks?shared=True HTTP/1.1" status: 200 len: 952 time: 0.0614917
2026-04-29 03:01:55.009 9 INFO neutron.db.ovn_revision_numbers_db [None req-707a93b5-b161-40e1-9c50-ac6f29492cff 0d17a3b6a9b5451492e66aefd4f235dc 3308dde9f672402eae73c63366cc0f4e - - default default] Successfully bumped revision number for resource 5f6bf670-e42d-4c56-aaf0-45b68961bfab (type: security_groups) to 1
2026-04-29 03:01:55.023 9 INFO neutron.db.ovn_revision_numbers_db [None req-707a93b5-b161-40e1-9c50-ac6f29492cff 0d17a3b6a9b5451492e66aefd4f235dc 3308dde9f672402eae73c63366cc0f4e - - default default] Successfully bumped revision number for resource 1c110643-4bc3-46b6-b5ac-a1db1ed72fac (type: security_group_rules) to 0
2026-04-29 03:01:55.039 9 INFO neutron.db.ovn_revision_numbers_db [None req-707a93b5-b161-40e1-9c50-ac6f29492cff 0d17a3b6a9b5451492e66aefd4f235dc 3308dde9f672402eae73c63366cc0f4e - - default default] Successfully bumped revision number for resource 1ebbed36-caf4-4e08-a939-42af4b8a631d (type: security_group_rules) to 0
2026-04-29 03:01:55.052 9 INFO neutron.db.ovn_revision_numbers_db [None req-707a93b5-b161-40e1-9c50-ac6f29492cff 0d17a3b6a9b5451492e66aefd4f235dc 3308dde9f672402eae73c63366cc0f4e - - default default] Successfully bumped revision number for resource 500a068f-dc98-4405-8a57-aedc50eb731d (type: security_group_rules) to 0
2026-04-29 03:01:55.065 9 INFO neutron.db.ovn_revision_numbers_db [None req-707a93b5-b161-40e1-9c50-ac6f29492cff 0d17a3b6a9b5451492e66aefd4f235dc 3308dde9f672402eae73c63366cc0f4e - - default default] Successfully bumped revision number for resource dcf3dba3-9c34-413a-b38c-de7c7b4f0c55 (type: security_group_rules) to 0
2026-04-29 03:01:55.082 10 INFO neutron.api.wsgi [req-633685e1-1430-4da3-8712-325d7becb75f req-226723f2-4426-4731-a309-8056b070aed7 12fffdedbb1647be8e3aa7315a4eb847 e771c9caa2f9493cbfaba4d0ad4608ac - - c893072840914529953fbcb8af47df1e c893072840914529953fbcb8af47df1e] 199.204.45.25 "GET /v2.0/ports?tenant_id=dbe0977cdcca4661b8cb39cdea1aecfb&device_id=9edbcad6-5342-4165-a501-83583669a565 HTTP/1.1" status: 200 len: 1409 time: 0.0367224
2026-04-29 03:01:55.101 9 INFO neutron.api.wsgi [None req-707a93b5-b161-40e1-9c50-ac6f29492cff 0d17a3b6a9b5451492e66aefd4f235dc 3308dde9f672402eae73c63366cc0f4e - - default default] 10.0.0.12 "GET /v2.0/security-groups?tenant_id=774f813fe1104adf9dd4ed6720b2a2dd&name=default HTTP/1.1" status: 200 len: 3120 time: 0.3831387
2026-04-29 03:01:55.167 10 INFO neutron.api.wsgi [req-633685e1-1430-4da3-8712-325d7becb75f req-d12dadd3-1244-4cc0-bfa6-85da62d7a1f4 12fffdedbb1647be8e3aa7315a4eb847 e771c9caa2f9493cbfaba4d0ad4608ac - - c893072840914529953fbcb8af47df1e c893072840914529953fbcb8af47df1e] 199.204.45.25 "GET /v2.0/networks?id=e283b3f8-7b7f-4653-a20d-bf9e8df5c93a HTTP/1.1" status: 200 len: 982 time: 0.0504141
2026-04-29 03:01:55.216 9 INFO neutron.api.wsgi [req-3f7c152a-a286-4a3b-a5d7-e815303dcbae req-465fe1ba-9a3b-4ccf-a27e-b6fa2786af68 bfaecb8be00e47a792f032ea1703f401 977475054c794086af548a6010620800 - - default default] 10.0.0.46 "GET /v2.0/security-groups?name=tempest-securitygroup--1861673578&fields=id&tenant_id=977475054c794086af548a6010620800 HTTP/1.1" status: 200 len: 267 time: 0.0480001
2026-04-29 03:01:55.238 10 INFO neutron.api.wsgi [req-633685e1-1430-4da3-8712-325d7becb75f req-bee69a63-dbbd-42a1-9835-2c5102e89bff 12fffdedbb1647be8e3aa7315a4eb847 e771c9caa2f9493cbfaba4d0ad4608ac - - c893072840914529953fbcb8af47df1e c893072840914529953fbcb8af47df1e] 199.204.45.25 "GET /v2.0/floatingips?fixed_ip_address=10.100.0.5&port_id=10c5bcf5-a208-4e5b-8562-c4dfdecee40b HTTP/1.1" status: 200 len: 1059 time: 0.0636480
2026-04-29 03:01:55.278 9 INFO neutron.api.wsgi [req-3f7c152a-a286-4a3b-a5d7-e815303dcbae req-e3bbbff0-7eba-45dd-bcf2-5c2dfe1085be bfaecb8be00e47a792f032ea1703f401 977475054c794086af548a6010620800 - - default default] 10.0.0.46 "GET /v2.0/networks?id=475de5e1-50f9-41bd-b0dc-019ba28f99d6 HTTP/1.1" status: 200 len: 875 time: 0.0542684
2026-04-29 03:01:55.281 10 INFO neutron.api.wsgi [req-633685e1-1430-4da3-8712-325d7becb75f req-cb6076f3-300a-4d81-b5cc-d66fb6c2b425 12fffdedbb1647be8e3aa7315a4eb847 e771c9caa2f9493cbfaba4d0ad4608ac - - c893072840914529953fbcb8af47df1e c893072840914529953fbcb8af47df1e] 199.204.45.25 "GET /v2.0/subnets?id=7b699b8a-f5fa-4c08-b375-0a894542dd86 HTTP/1.1" status: 200 len: 901 time: 0.0342989
2026-04-29 03:01:55.296 9 INFO neutron.api.wsgi [req-3f7c152a-a286-4a3b-a5d7-e815303dcbae req-d76b66ad-8c04-4acf-ab5e-da073f3c051f bfaecb8be00e47a792f032ea1703f401 977475054c794086af548a6010620800 - - default default] 10.0.0.46 "GET /v2.0/quotas/977475054c794086af548a6010620800 HTTP/1.1" status: 200 len: 491 time: 0.0102346
2026-04-29 03:01:55.312 10 INFO neutron.api.wsgi [req-633685e1-1430-4da3-8712-325d7becb75f req-fffef1b4-8ece-4bd3-9846-9cdd8c4dd2dd 12fffdedbb1647be8e3aa7315a4eb847 e771c9caa2f9493cbfaba4d0ad4608ac - - c893072840914529953fbcb8af47df1e c893072840914529953fbcb8af47df1e] 199.204.45.25 "GET /v2.0/ports?network_id=e283b3f8-7b7f-4653-a20d-bf9e8df5c93a&device_owner=network%3Adhcp HTTP/1.1" status: 200 len: 210 time: 0.0252771
2026-04-29 03:01:55.360 9 INFO neutron.api.wsgi [None req-30f727e1-ac20-4c10-a227-d5f950dfe36d 0d17a3b6a9b5451492e66aefd4f235dc 3308dde9f672402eae73c63366cc0f4e - - default default] 10.0.0.12 "DELETE /v2.0/security-groups/5f6bf670-e42d-4c56-aaf0-45b68961bfab HTTP/1.1" status: 204 len: 168 time: 0.2427974
2026-04-29 03:01:55.364 10 INFO neutron.api.wsgi [req-633685e1-1430-4da3-8712-325d7becb75f req-90679dd8-68c6-4434-94e9-4cf41a263e97 12fffdedbb1647be8e3aa7315a4eb847 e771c9caa2f9493cbfaba4d0ad4608ac - - c893072840914529953fbcb8af47df1e c893072840914529953fbcb8af47df1e] 199.204.45.25 "GET /v2.0/networks/e283b3f8-7b7f-4653-a20d-bf9e8df5c93a?fields=segments HTTP/1.1" status: 200 len: 212 time: 0.0453382
2026-04-29 03:01:55.374 9 INFO neutron.api.wsgi [req-3f7c152a-a286-4a3b-a5d7-e815303dcbae req-9dfb6d24-bb7f-4b61-a12b-8e7fb79d62a5 bfaecb8be00e47a792f032ea1703f401 977475054c794086af548a6010620800 - - default default] 10.0.0.46 "GET /v2.0/ports?tenant_id=977475054c794086af548a6010620800&fields=id HTTP/1.1" status: 200 len: 302 time: 0.0717280
2026-04-29 03:01:55.412 10 INFO neutron.api.wsgi [req-633685e1-1430-4da3-8712-325d7becb75f req-dffd0ee7-3369-4bd3-86a3-c664a96e9ca5 12fffdedbb1647be8e3aa7315a4eb847 e771c9caa2f9493cbfaba4d0ad4608ac - - c893072840914529953fbcb8af47df1e c893072840914529953fbcb8af47df1e] 199.204.45.25 "GET /v2.0/networks/e283b3f8-7b7f-4653-a20d-bf9e8df5c93a?fields=provider%3Aphysical_network&fields=provider%3Anetwork_type HTTP/1.1" status: 200 len: 277 time: 0.0447176
2026-04-29 03:01:55.436 9 INFO neutron.api.wsgi [req-3f7c152a-a286-4a3b-a5d7-e815303dcbae req-c239d7ca-9ec2-4f13-8ada-5d3b1c5d7184 12fffdedbb1647be8e3aa7315a4eb847 e771c9caa2f9493cbfaba4d0ad4608ac - - c893072840914529953fbcb8af47df1e c893072840914529953fbcb8af47df1e] 10.0.0.46 "GET /v2.0/networks/475de5e1-50f9-41bd-b0dc-019ba28f99d6?fields=segments HTTP/1.1" status: 200 len: 212 time: 0.0498292
2026-04-29 03:01:55.478 9 INFO neutron.api.wsgi [req-3f7c152a-a286-4a3b-a5d7-e815303dcbae req-b291f158-1bc4-4126-b3be-837cd9f05ee1 12fffdedbb1647be8e3aa7315a4eb847 e771c9caa2f9493cbfaba4d0ad4608ac - - c893072840914529953fbcb8af47df1e c893072840914529953fbcb8af47df1e] 10.0.0.46 "GET /v2.0/networks/475de5e1-50f9-41bd-b0dc-019ba28f99d6?fields=provider%3Aphysical_network&fields=provider%3Anetwork_type HTTP/1.1" status: 200 len: 277 time: 0.0343757
2026-04-29 03:01:55.508 9 INFO neutron.api.wsgi [req-5ea7938e-190c-4005-8767-98b34070df72 req-aa3dd439-41c5-405a-b51b-b330c0fd795d a207bab2bbc74e5ba716a7cb533ad16b c6a60eb2b549430282d5dc082f0aa6c0 - - default default] 10.0.0.46 "GET /v2.0/ports?device_id=db1f80c3-0024-402e-ba85-1c4b134cc3a2 HTTP/1.1" status: 200 len: 1168 time: 0.0288961
2026-04-29 03:01:55.558 9 INFO neutron.api.wsgi [req-5ea7938e-190c-4005-8767-98b34070df72 req-225a2247-1c1d-4d5b-92e5-6a2650cddf90 a207bab2bbc74e5ba716a7cb533ad16b c6a60eb2b549430282d5dc082f0aa6c0 - - default default] 10.0.0.46 "GET /v2.0/security-groups?id=16b6cc7d-b4c6-44f5-82cf-819d7f6988bd&fields=id&fields=name HTTP/1.1" status: 200 len: 286 time: 0.0433559
2026-04-29 03:01:55.618 9 INFO neutron.api.wsgi [req-b41efcd4-5748-4063-bb22-88d0cb88ce59 req-f9c23361-8a43-4787-a6ae-f5941f74006f bfaecb8be00e47a792f032ea1703f401 977475054c794086af548a6010620800 - - default default] 10.0.0.46 "GET /v2.0/ports?device_id=499b2971-b7e5-4d5c-b207-bd1e2db3e3c4 HTTP/1.1" status: 200 len: 210 time: 0.0261097
2026-04-29 03:01:56.010 10 INFO neutron.api.wsgi [req-ed772454-38e3-4177-93b7-80ed9f349234 req-5848627e-84f9-4f4e-b3f8-05dead20f548 12fffdedbb1647be8e3aa7315a4eb847 e771c9caa2f9493cbfaba4d0ad4608ac - - c893072840914529953fbcb8af47df1e c893072840914529953fbcb8af47df1e] 199.204.45.25 "GET /v2.0/ports?tenant_id=c6a60eb2b549430282d5dc082f0aa6c0&device_id=db1f80c3-0024-402e-ba85-1c4b134cc3a2 HTTP/1.1" status: 200 len: 1407 time: 0.0316033
2026-04-29 03:01:56.019 9 INFO neutron.api.wsgi [req-2e02aa33-be56-4a69-817e-3af4c88db7a3 req-6e8a1060-1a6f-422d-8a02-2d040c72a4ee 4e6447db778146f49bfbeb7548b8e022 dbe0977cdcca4661b8cb39cdea1aecfb - - default default] 10.0.0.46 "GET /v2.0/ports?device_id=9edbcad6-5342-4165-a501-83583669a565 HTTP/1.1" status: 200 len: 1170 time: 0.0316298
2026-04-29 03:01:56.034 10 INFO neutron.api.wsgi [req-ed772454-38e3-4177-93b7-80ed9f349234 req-06663bbd-812a-4abf-bc2d-2757d8326b7f 12fffdedbb1647be8e3aa7315a4eb847 e771c9caa2f9493cbfaba4d0ad4608ac - - c893072840914529953fbcb8af47df1e c893072840914529953fbcb8af47df1e] 199.204.45.25 "GET /v2.0/floatingips?fixed_ip_address=10.100.0.7&port_id=98d10101-f253-44de-8a64-eb31211d2992 HTTP/1.1" status: 200 len: 217 time: 0.0176673
2026-04-29 03:01:56.070 10 INFO neutron.api.wsgi [req-ed772454-38e3-4177-93b7-80ed9f349234 req-d1ad087e-bfa2-4220-aa84-733ac74a7b8f 12fffdedbb1647be8e3aa7315a4eb847 e771c9caa2f9493cbfaba4d0ad4608ac - - c893072840914529953fbcb8af47df1e c893072840914529953fbcb8af47df1e] 199.204.45.25 "GET /v2.0/subnets?id=14b7fe83-addb-498a-9391-cc435c175297 HTTP/1.1" status: 200 len: 894 time: 0.0246263
2026-04-29 03:01:56.075 9 INFO neutron.api.wsgi [req-2e02aa33-be56-4a69-817e-3af4c88db7a3 req-1a50b68e-480c-4de7-b40e-fb7a6bb58396 4e6447db778146f49bfbeb7548b8e022 dbe0977cdcca4661b8cb39cdea1aecfb - - default default] 10.0.0.46 "GET /v2.0/security-groups?id=a4b465c7-1248-4adb-86f6-23c7febcf219&fields=id&fields=name HTTP/1.1" status: 200 len: 313 time: 0.0525365
2026-04-29 03:01:56.093 10 INFO neutron.api.wsgi [req-ed772454-38e3-4177-93b7-80ed9f349234 req-bfb4c401-b1bd-4491-a076-1ac12429bf9f 12fffdedbb1647be8e3aa7315a4eb847 e771c9caa2f9493cbfaba4d0ad4608ac - - c893072840914529953fbcb8af47df1e c893072840914529953fbcb8af47df1e] 199.204.45.25 "GET /v2.0/ports?network_id=d292cae9-e5d3-440c-be79-99994018a62e&device_owner=network%3Adhcp HTTP/1.1" status: 200 len: 210 time: 0.0183539
2026-04-29 03:01:56.139 10 INFO neutron.api.wsgi [req-ed772454-38e3-4177-93b7-80ed9f349234 req-0a8a47c3-44a6-4d66-b6b0-dd81f59ce054 12fffdedbb1647be8e3aa7315a4eb847 e771c9caa2f9493cbfaba4d0ad4608ac - - c893072840914529953fbcb8af47df1e c893072840914529953fbcb8af47df1e] 199.204.45.25 "GET /v2.0/networks/d292cae9-e5d3-440c-be79-99994018a62e?fields=segments HTTP/1.1" status: 200 len: 212 time: 0.0421033
2026-04-29 03:01:56.185 10 INFO neutron.api.wsgi [req-ed772454-38e3-4177-93b7-80ed9f349234 req-c67fd9b3-8bd0-4f33-9e24-9094b18638a8 12fffdedbb1647be8e3aa7315a4eb847 e771c9caa2f9493cbfaba4d0ad4608ac - - c893072840914529953fbcb8af47df1e c893072840914529953fbcb8af47df1e] 199.204.45.25 "GET /v2.0/networks/d292cae9-e5d3-440c-be79-99994018a62e?fields=provider%3Aphysical_network&fields=provider%3Anetwork_type HTTP/1.1" status: 200 len: 277 time: 0.0412054
2026-04-29 03:01:56.230 10 INFO neutron.api.wsgi [-] 10.0.0.48 "GET / HTTP/1.1" status: 200 len: 247 time: 0.0022318
2026-04-29 03:01:56.230 9 INFO neutron.api.wsgi [-] 10.0.0.48 "GET / HTTP/1.1" status: 200 len: 247 time: 0.0026331
2026-04-29 03:01:56.652 10 INFO neutron.api.wsgi [req-a04dc143-b213-4e97-abd4-8f29b929014b req-9e379e42-9343-4216-a661-eb8e2b713cd6 4e6447db778146f49bfbeb7548b8e022 dbe0977cdcca4661b8cb39cdea1aecfb - - default default] 199.204.45.25 "GET /v2.0/ports?device_id=9edbcad6-5342-4165-a501-83583669a565 HTTP/1.1" status: 200 len: 1170 time: 0.0971138
2026-04-29 03:01:56.689 9 INFO neutron.api.wsgi [req-2247ea91-9df0-43e0-bcfb-b4ed1d1fbf86 req-c236c880-10b2-48fd-be43-2173fcc819fe bfaecb8be00e47a792f032ea1703f401 977475054c794086af548a6010620800 - - default default] 10.0.0.46 "GET /v2.0/ports?device_id=499b2971-b7e5-4d5c-b207-bd1e2db3e3c4 HTTP/1.1" status: 200 len: 210 time: 0.0161226
2026-04-29 03:01:56.803 9 INFO neutron.api.wsgi [req-0d321580-bbdf-45c0-9318-a22a515f230d req-ee0dfd94-6764-4807-b513-0ef6498c3b62 a207bab2bbc74e5ba716a7cb533ad16b c6a60eb2b549430282d5dc082f0aa6c0 - - default default] 10.0.0.46 "GET /v2.0/ports?device_id=db1f80c3-0024-402e-ba85-1c4b134cc3a2 HTTP/1.1" status: 200 len: 1168 time: 0.0314577
2026-04-29 03:01:56.839 9 INFO neutron.api.wsgi [req-0d321580-bbdf-45c0-9318-a22a515f230d req-10c56a7a-1792-45ca-8bf2-03f91af4a9f3 a207bab2bbc74e5ba716a7cb533ad16b c6a60eb2b549430282d5dc082f0aa6c0 - - default default] 10.0.0.46 "GET /v2.0/security-groups?id=16b6cc7d-b4c6-44f5-82cf-819d7f6988bd&fields=id&fields=name HTTP/1.1" status: 200 len: 286 time: 0.0321674
2026-04-29 03:01:57.186 9 INFO neutron.api.wsgi [req-a8d7bcae-26b5-4b3c-ba75-3ce01bb68be7 req-b53e575b-985d-446c-86ce-e1ec97088e49 4e6447db778146f49bfbeb7548b8e022 dbe0977cdcca4661b8cb39cdea1aecfb - - default default] 10.0.0.46 "GET /v2.0/ports?device_id=9edbcad6-5342-4165-a501-83583669a565 HTTP/1.1" status: 200 len: 1170 time: 0.0363994
2026-04-29 03:01:57.200 10 INFO neutron.db.l3_db [req-a04dc143-b213-4e97-abd4-8f29b929014b req-098d43bf-9b9d-40ae-9538-56c1e678ccf6 4e6447db778146f49bfbeb7548b8e022 dbe0977cdcca4661b8cb39cdea1aecfb - - default default] Floating IP 0eee2031-77eb-4cb5-8d5d-445466f7784f disassociated. External IP: 10.96.250.219, port: 10c5bcf5-a208-4e5b-8562-c4dfdecee40b.
2026-04-29 03:01:57.242 9 INFO neutron.api.wsgi [req-a8d7bcae-26b5-4b3c-ba75-3ce01bb68be7 req-745b05af-415a-4554-b75b-e469371fc50e 4e6447db778146f49bfbeb7548b8e022 dbe0977cdcca4661b8cb39cdea1aecfb - - default default] 10.0.0.46 "GET /v2.0/security-groups?id=a4b465c7-1248-4adb-86f6-23c7febcf219&fields=id&fields=name HTTP/1.1" status: 200 len: 313 time: 0.0504334
2026-04-29 03:01:57.301 10 INFO neutron.api.wsgi [req-a04dc143-b213-4e97-abd4-8f29b929014b req-098d43bf-9b9d-40ae-9538-56c1e678ccf6 4e6447db778146f49bfbeb7548b8e022 dbe0977cdcca4661b8cb39cdea1aecfb - - default default] 199.204.45.25 "DELETE /v2.0/ports/10c5bcf5-a208-4e5b-8562-c4dfdecee40b HTTP/1.1" status: 204 len: 173 time: 0.6449583
2026-04-29 03:01:57.315 9 INFO neutron.db.ovn_revision_numbers_db [None req-9b1118e8-f1cf-4dbc-bc23-3db70da7be1b 0d17a3b6a9b5451492e66aefd4f235dc 3308dde9f672402eae73c63366cc0f4e - - default default] Successfully bumped revision number for resource 5b557bf7-2c02-4052-9ca9-305c442b1191 (type: security_groups) to 1
2026-04-29 03:01:57.327 9 INFO neutron.db.ovn_revision_numbers_db [None req-9b1118e8-f1cf-4dbc-bc23-3db70da7be1b 0d17a3b6a9b5451492e66aefd4f235dc 3308dde9f672402eae73c63366cc0f4e - - default default] Successfully bumped revision number for resource 0a3d9a56-37ce-4dc5-af6e-2fa753d8757a (type: security_group_rules) to 0
2026-04-29 03:01:57.334 10 INFO neutron.notifiers.nova [-] Nova event matching ['req-98417d69-f274-4570-969c-d55888bc9097'] response: {'server_uuid': '9edbcad6-5342-4165-a501-83583669a565', 'name': 'network-vif-deleted', 'tag': '10c5bcf5-a208-4e5b-8562-c4dfdecee40b', 'status': 'completed', 'code': 200}
2026-04-29 03:01:57.339 9 INFO neutron.db.ovn_revision_numbers_db [None req-9b1118e8-f1cf-4dbc-bc23-3db70da7be1b 0d17a3b6a9b5451492e66aefd4f235dc 3308dde9f672402eae73c63366cc0f4e - - default default] Successfully bumped revision number for resource 88fb52e4-1eb7-4ea3-ade0-f7fd54e042ca (type: security_group_rules) to 0
2026-04-29 03:01:57.352 9 INFO neutron.db.ovn_revision_numbers_db [None req-9b1118e8-f1cf-4dbc-bc23-3db70da7be1b 0d17a3b6a9b5451492e66aefd4f235dc 3308dde9f672402eae73c63366cc0f4e - - default default] Successfully bumped revision number for resource a1c7cd91-19b5-46af-a72f-5ac5bb4bf032 (type: security_group_rules) to 0
2026-04-29 03:01:57.364 9 INFO neutron.db.ovn_revision_numbers_db [None req-9b1118e8-f1cf-4dbc-bc23-3db70da7be1b 0d17a3b6a9b5451492e66aefd4f235dc 3308dde9f672402eae73c63366cc0f4e - - default default] Successfully bumped revision number for resource e326a0b2-a675-43cc-8a0d-28e7782d5f44 (type: security_group_rules) to 0
2026-04-29 03:01:57.469 9 INFO neutron.db.segments_db [None req-9b1118e8-f1cf-4dbc-bc23-3db70da7be1b 0d17a3b6a9b5451492e66aefd4f235dc 3308dde9f672402eae73c63366cc0f4e - - default default] Added segment 737859f9-8da2-4880-8674-ca26c567761c of type geneve for network aaa86047-3765-40c4-83e0-b6915e2b32a9
2026-04-29 03:01:57.573 9 INFO neutron.db.ovn_revision_numbers_db [None req-9b1118e8-f1cf-4dbc-bc23-3db70da7be1b 0d17a3b6a9b5451492e66aefd4f235dc 3308dde9f672402eae73c63366cc0f4e - - default default] Successfully bumped revision number for resource aaa86047-3765-40c4-83e0-b6915e2b32a9 (type: networks) to 1
2026-04-29 03:01:57.711 9 WARNING neutron.scheduler.dhcp_agent_scheduler [None req-9b1118e8-f1cf-4dbc-bc23-3db70da7be1b 0d17a3b6a9b5451492e66aefd4f235dc 3308dde9f672402eae73c63366cc0f4e - - default default] No more DHCP agents
2026-04-29 03:01:57.712 9 WARNING neutron.api.rpc.agentnotifiers.dhcp_rpc_agent_api [None req-9b1118e8-f1cf-4dbc-bc23-3db70da7be1b 0d17a3b6a9b5451492e66aefd4f235dc 3308dde9f672402eae73c63366cc0f4e - - default default] Unable to schedule network aaa86047-3765-40c4-83e0-b6915e2b32a9: no agents available; will retry on subsequent port and subnet creation events.
2026-04-29 03:01:57.753 9 WARNING neutron.plugins.ml2.drivers.ovn.mech_driver.ovsdb.ovn_client [None req-1f56a0af-bfbb-418d-ab74-051dcf4f4885 - - - - - -] No hosting information found for port 571843cb-9f83-4534-a2c4-285dd835a087: RuntimeError: No hosting information found for port 571843cb-9f83-4534-a2c4-285dd835a087
2026-04-29 03:01:57.800 9 INFO neutron.api.wsgi [req-69930034-dcc9-4890-b14f-b37baca072dd req-056e95cc-769f-4a04-88b6-55b7872a5a50 bfaecb8be00e47a792f032ea1703f401 977475054c794086af548a6010620800 - - default default] 10.0.0.46 "GET /v2.0/ports?device_id=499b2971-b7e5-4d5c-b207-bd1e2db3e3c4 HTTP/1.1" status: 200 len: 210 time: 0.0214958
2026-04-29 03:01:57.810 9 INFO neutron.db.ovn_revision_numbers_db [None req-9b1118e8-f1cf-4dbc-bc23-3db70da7be1b 0d17a3b6a9b5451492e66aefd4f235dc 3308dde9f672402eae73c63366cc0f4e - - default default] Successfully bumped revision number for resource 500fd61d-f675-4c4f-ac0f-9d99f0bcbc07 (type: ports) to 1
2026-04-29 03:01:57.834 9 INFO neutron.api.wsgi [None req-9b1118e8-f1cf-4dbc-bc23-3db70da7be1b 0d17a3b6a9b5451492e66aefd4f235dc 3308dde9f672402eae73c63366cc0f4e - - default default] 10.0.0.12 "POST /v2.0/networks HTTP/1.1" status: 201 len: 943 time: 0.8764591
2026-04-29 03:01:57.841 9 INFO neutron.db.ovn_revision_numbers_db [None req-1f56a0af-bfbb-418d-ab74-051dcf4f4885 - - - - - -] Successfully bumped revision number for resource 571843cb-9f83-4534-a2c4-285dd835a087 (type: router_ports) to 2
2026-04-29 03:01:57.875 9 INFO neutron.plugins.ml2.drivers.ovn.mech_driver.mech_driver [None req-1f56a0af-bfbb-418d-ab74-051dcf4f4885 - - - - - -] OVN reports status down for port: 10c5bcf5-a208-4e5b-8562-c4dfdecee40b /var/lib/openstack/lib/python3.12/site-packages/pycadf/identifier.py:71: UserWarning: Invalid uuid: neutron. To ensure interoperability, identifiers should be a valid uuid. warnings.warn(('Invalid uuid: %s. To ensure interoperability, '
2026-04-29 03:01:57.942 9 INFO neutron.api.wsgi [req-10379a62-3e88-4873-bb2e-e94f7ce79718 req-9a2085d7-6c91-43ae-9256-f333003faa3a a207bab2bbc74e5ba716a7cb533ad16b c6a60eb2b549430282d5dc082f0aa6c0 - - default default] 10.0.0.46 "GET /v2.0/ports?device_id=db1f80c3-0024-402e-ba85-1c4b134cc3a2 HTTP/1.1" status: 200 len: 1168 time: 0.0367665
2026-04-29 03:01:57.983 10 WARNING neutron.scheduler.dhcp_agent_scheduler [None req-c14d50aa-4af2-4dbf-9cc8-7922ad14576b 0d17a3b6a9b5451492e66aefd4f235dc 3308dde9f672402eae73c63366cc0f4e - - default default] No more DHCP agents
2026-04-29 03:01:57.999 10 WARNING neutron.api.rpc.agentnotifiers.dhcp_rpc_agent_api [None req-c14d50aa-4af2-4dbf-9cc8-7922ad14576b 0d17a3b6a9b5451492e66aefd4f235dc 3308dde9f672402eae73c63366cc0f4e - - default default] Unable to schedule network aaa86047-3765-40c4-83e0-b6915e2b32a9: no agents available; will retry on subsequent port and subnet creation events.
2026-04-29 03:01:58.064 9 INFO neutron.api.wsgi [req-10379a62-3e88-4873-bb2e-e94f7ce79718 req-78c7b745-0301-4c8c-8084-6a61cf144c0e a207bab2bbc74e5ba716a7cb533ad16b c6a60eb2b549430282d5dc082f0aa6c0 - - default default] 10.0.0.46 "GET /v2.0/security-groups?id=16b6cc7d-b4c6-44f5-82cf-819d7f6988bd&fields=id&fields=name HTTP/1.1" status: 200 len: 286 time: 0.1164789
2026-04-29 03:01:58.328 9 INFO neutron.api.wsgi [req-a6eb263a-cc4c-4f83-b76c-4e070870c976 req-02be2815-7e93-472e-91bc-1d7cd5955c98 4e6447db778146f49bfbeb7548b8e022 dbe0977cdcca4661b8cb39cdea1aecfb - - default default] 10.0.0.46 "GET /v2.0/ports?device_id=9edbcad6-5342-4165-a501-83583669a565 HTTP/1.1" status: 200 len: 210 time: 0.0175626
2026-04-29 03:01:58.335 9 INFO neutron.plugins.ml2.drivers.ovn.mech_driver.mech_driver [None req-1f56a0af-bfbb-418d-ab74-051dcf4f4885 - - - - - -] OVN reports status up for port: 98d10101-f253-44de-8a64-eb31211d2992
2026-04-29 03:01:58.369 9 INFO neutron.plugins.ml2.plugin [None req-1f56a0af-bfbb-418d-ab74-051dcf4f4885 - - - - - -] Attempt 1 to provision port 98d10101-f253-44de-8a64-eb31211d2992
2026-04-29 03:01:58.414 10 INFO neutron.db.ovn_revision_numbers_db [None req-00a7a75f-e67e-44a6-b90f-843423e0b960 - - - - - -] Successfully bumped revision number for resource 500fd61d-f675-4c4f-ac0f-9d99f0bcbc07 (type: ports) to 2
2026-04-29 03:01:58.447 10 INFO neutron.db.ovn_revision_numbers_db [None req-00a7a75f-e67e-44a6-b90f-843423e0b960 - - - - - -] Successfully bumped revision number for resource 4be4b62f-a997-4968-a1f4-583f3be04db9 (type: subnets) to 0
2026-04-29 03:01:58.460 10 INFO neutron.api.wsgi [None req-c14d50aa-4af2-4dbf-9cc8-7922ad14576b 0d17a3b6a9b5451492e66aefd4f235dc 3308dde9f672402eae73c63366cc0f4e - - default default] 10.0.0.12 "POST /v2.0/subnets HTTP/1.1" status: 201 len: 887 time: 0.6172922
2026-04-29 03:01:58.473 9 INFO neutron.notifiers.nova [-] Nova event matching ['req-ef8c1fa7-8f73-4e6b-9f62-1ad14bf26d3b'] response: {'server_uuid': 'db1f80c3-0024-402e-ba85-1c4b134cc3a2', 'name': 'network-vif-plugged', 'status': 'completed', 'tag': '98d10101-f253-44de-8a64-eb31211d2992', 'code': 200}
2026-04-29 03:01:58.614 9 INFO neutron.db.ovn_revision_numbers_db [None req-1f56a0af-bfbb-418d-ab74-051dcf4f4885 - - - - - -] Successfully bumped revision number for resource 98d10101-f253-44de-8a64-eb31211d2992 (type: ports) to 5
2026-04-29 03:01:58.863 10 WARNING neutron.scheduler.dhcp_agent_scheduler [None req-a9ee6548-ac8e-4490-9350-e4b6e5ded92a 0d17a3b6a9b5451492e66aefd4f235dc 3308dde9f672402eae73c63366cc0f4e - - default default] No more DHCP agents
2026-04-29 03:01:58.865 10 WARNING neutron.api.rpc.agentnotifiers.dhcp_rpc_agent_api [None req-a9ee6548-ac8e-4490-9350-e4b6e5ded92a 0d17a3b6a9b5451492e66aefd4f235dc 3308dde9f672402eae73c63366cc0f4e - - default default] Unable to schedule network 94738971-21a3-414a-ba70-2dd4ce24c361: no agents available; will retry on subsequent port and subnet creation events. /var/lib/openstack/lib/python3.12/site-packages/pycadf/identifier.py:71: UserWarning: Invalid uuid: neutron. To ensure interoperability, identifiers should be a valid uuid. warnings.warn(('Invalid uuid: %s. To ensure interoperability, '
2026-04-29 03:01:58.903 9 INFO neutron.api.wsgi [req-ffa7dfec-504e-4f95-8974-e7913b8b034c req-07e55012-0f57-4c5f-8ea1-bb4749680c86 bfaecb8be00e47a792f032ea1703f401 977475054c794086af548a6010620800 - - default default] 10.0.0.46 "GET /v2.0/ports?device_id=499b2971-b7e5-4d5c-b207-bd1e2db3e3c4 HTTP/1.1" status: 200 len: 210 time: 0.0227375
2026-04-29 03:01:58.974 10 INFO neutron.db.ovn_revision_numbers_db [None req-a9ee6548-ac8e-4490-9350-e4b6e5ded92a 0d17a3b6a9b5451492e66aefd4f235dc 3308dde9f672402eae73c63366cc0f4e - - default default] Successfully bumped revision number for resource 1a951fe2-7117-4e23-a3da-c8bc849ec93e (type: ports) to 1
2026-04-29 03:01:59.166 9 INFO neutron.api.wsgi [req-55af32f4-365f-4f27-8e76-287ac836deb9 req-006a206b-9bde-48b8-a289-094c5388197e a207bab2bbc74e5ba716a7cb533ad16b c6a60eb2b549430282d5dc082f0aa6c0 - - default default] 10.0.0.46 "GET /v2.0/ports?device_id=db1f80c3-0024-402e-ba85-1c4b134cc3a2 HTTP/1.1" status: 200 len: 1170 time: 0.0381212
2026-04-29 03:01:59.205 9 INFO neutron.api.wsgi [req-55af32f4-365f-4f27-8e76-287ac836deb9 req-3705eaee-c35c-4f79-b793-940a48cd9a3e a207bab2bbc74e5ba716a7cb533ad16b c6a60eb2b549430282d5dc082f0aa6c0 - - default default] 10.0.0.46 "GET /v2.0/security-groups?id=16b6cc7d-b4c6-44f5-82cf-819d7f6988bd&fields=id&fields=name HTTP/1.1" status: 200 len: 286 time: 0.0326362
2026-04-29 03:01:59.411 9 INFO neutron.api.wsgi [req-226aefba-f912-41f4-a8dd-290400baeece req-770f8ae9-8ecf-46e3-ac12-38356bdbdf38 4e6447db778146f49bfbeb7548b8e022 dbe0977cdcca4661b8cb39cdea1aecfb - - default default] 10.0.0.46 "GET /v2.0/ports?device_id=9edbcad6-5342-4165-a501-83583669a565 HTTP/1.1" status: 200 len: 210 time: 0.0159762
2026-04-29 03:01:59.507 10 INFO neutron.plugins.ml2.drivers.ovn.mech_driver.ovsdb.commands [None req-f12e17e7-9a0f-447d-a372-91c6bc07b33f - - - - - -] Schedule LRP lrp-1a951fe2-7117-4e23-a3da-c8bc849ec93e on gateway 93a177b5-79a8-4dd7-9ffa-9a3d49f1cc5b with priority 1
2026-04-29 03:01:59.525 10 INFO neutron.plugins.ml2.drivers.ovn.mech_driver.mech_driver [None req-1a411d67-c887-4e4d-a8b6-bece4733e2fc - - - - - -] OVN reports status up for port: 1a951fe2-7117-4e23-a3da-c8bc849ec93e
2026-04-29 03:01:59.532 10 INFO neutron.plugins.ml2.plugin [None req-1a411d67-c887-4e4d-a8b6-bece4733e2fc - - - - - -] Attempt 1 to provision port 1a951fe2-7117-4e23-a3da-c8bc849ec93e
2026-04-29 03:01:59.540 10 INFO neutron.plugins.ml2.drivers.ovn.mech_driver.ovsdb.ovsdb_monitor [None req-2da40cfc-bdb5-49cb-9c66-f71683c5dd9b - - - - - -] Router aa5d487d-d180-439b-85e9-c167340e6727 is bound to host instance
2026-04-29 03:01:59.560 10 INFO neutron.db.ovn_revision_numbers_db [None req-a9ee6548-ac8e-4490-9350-e4b6e5ded92a 0d17a3b6a9b5451492e66aefd4f235dc 3308dde9f672402eae73c63366cc0f4e - - default default] Successfully bumped revision number for resource 1a951fe2-7117-4e23-a3da-c8bc849ec93e (type: router_ports) to 1
2026-04-29 03:01:59.645 10 INFO neutron.db.ovn_revision_numbers_db [None req-a9ee6548-ac8e-4490-9350-e4b6e5ded92a 0d17a3b6a9b5451492e66aefd4f235dc 3308dde9f672402eae73c63366cc0f4e - - default default] Successfully bumped revision number for resource aa5d487d-d180-439b-85e9-c167340e6727 (type: routers) to 2
2026-04-29 03:01:59.667 10 INFO neutron.api.wsgi [None req-a9ee6548-ac8e-4490-9350-e4b6e5ded92a 0d17a3b6a9b5451492e66aefd4f235dc 3308dde9f672402eae73c63366cc0f4e - - default default] 10.0.0.12 "POST /v2.0/routers HTTP/1.1" status: 201 len: 1165 time: 1.1966739
2026-04-29 03:02:00.003 10 INFO neutron.db.ovn_revision_numbers_db [None req-09135b34-cf5a-4085-ad1d-5947753f6ad8 - - - - - -] Successfully bumped revision number for resource 1a951fe2-7117-4e23-a3da-c8bc849ec93e (type: ports) to 1
2026-04-29 03:02:00.020 9 INFO neutron.api.wsgi [req-313e4e01-7cfc-4d81-955f-fb74016e040c req-750a2cb6-ea7d-4294-8918-a3620f6afde3 bfaecb8be00e47a792f032ea1703f401 977475054c794086af548a6010620800 - - default default] 10.0.0.46 "GET /v2.0/ports?device_id=499b2971-b7e5-4d5c-b207-bd1e2db3e3c4 HTTP/1.1" status: 200 len: 210 time: 0.0283720
2026-04-29 03:02:00.092 10 INFO neutron.api.wsgi [req-3f7c152a-a286-4a3b-a5d7-e815303dcbae req-25718ffd-7ef1-4009-a03c-73c79da8d5d0 bfaecb8be00e47a792f032ea1703f401 977475054c794086af548a6010620800 - - default default] 199.204.45.25 "GET /v2.0/networks?id=475de5e1-50f9-41bd-b0dc-019ba28f99d6 HTTP/1.1" status: 200 len: 875 time: 0.0501997
2026-04-29 03:02:00.164 10 INFO neutron.api.wsgi [req-3f7c152a-a286-4a3b-a5d7-e815303dcbae req-6adcfea4-76c4-46a0-b14a-c34b1e0443e1 bfaecb8be00e47a792f032ea1703f401 977475054c794086af548a6010620800 - - default default] 199.204.45.25 "GET /v2.0/security-groups?fields=id&fields=name&tenant_id=977475054c794086af548a6010620800 HTTP/1.1" status: 200 len: 380 time: 0.0674484
2026-04-29 03:02:00.175 10 WARNING neutron_lib.context [req-3f7c152a-a286-4a3b-a5d7-e815303dcbae req-b08414e9-1641-4ba6-925e-5951e622c3d1 bfaecb8be00e47a792f032ea1703f401 977475054c794086af548a6010620800 - - default default] Method 'is_advsvc' is deprecated since 2023.2 release (neutron-lib 3.8.0) and will be removed once support for the old RBAC API policies will be removed from Neutron. Please use method 'is_service_role' instead.
2026-04-29 03:02:00.187 9 WARNING neutron.scheduler.dhcp_agent_scheduler [None req-6f1b1b4a-1e63-4b34-8023-752dbec3a3b4 0d17a3b6a9b5451492e66aefd4f235dc 3308dde9f672402eae73c63366cc0f4e - - default default] No more DHCP agents
2026-04-29 03:02:00.189 9 WARNING neutron.api.rpc.agentnotifiers.dhcp_rpc_agent_api [None req-6f1b1b4a-1e63-4b34-8023-752dbec3a3b4 0d17a3b6a9b5451492e66aefd4f235dc 3308dde9f672402eae73c63366cc0f4e - - default default] Unable to schedule network aaa86047-3765-40c4-83e0-b6915e2b32a9: no agents available; will retry on subsequent port and subnet creation events.
2026-04-29 03:02:00.342 9 INFO neutron.db.ovn_revision_numbers_db [None req-6f1b1b4a-1e63-4b34-8023-752dbec3a3b4 0d17a3b6a9b5451492e66aefd4f235dc 3308dde9f672402eae73c63366cc0f4e - - default default] Successfully bumped revision number for resource a46e4c94-3961-4a57-8600-c842ede83dea (type: ports) to 1
2026-04-29 03:02:00.382 9 INFO neutron.api.wsgi [req-2b284332-5934-4d70-961d-f9536e8345fd req-8fb7d915-a816-408a-af15-21ce56b39d69 a207bab2bbc74e5ba716a7cb533ad16b c6a60eb2b549430282d5dc082f0aa6c0 - - default default] 10.0.0.46 "GET /v2.0/ports?device_id=db1f80c3-0024-402e-ba85-1c4b134cc3a2 HTTP/1.1" status: 200 len: 1170 time: 0.0935323
2026-04-29 03:02:00.427 9 INFO neutron.api.wsgi [req-2b284332-5934-4d70-961d-f9536e8345fd req-6a617e32-1acf-4915-b5c5-6189905ad04d a207bab2bbc74e5ba716a7cb533ad16b c6a60eb2b549430282d5dc082f0aa6c0 - - default default] 10.0.0.46 "GET /v2.0/security-groups?id=16b6cc7d-b4c6-44f5-82cf-819d7f6988bd&fields=id&fields=name HTTP/1.1" status: 200 len: 286 time: 0.0388842
2026-04-29 03:02:00.466 10 INFO neutron.db.ovn_revision_numbers_db [None req-09135b34-cf5a-4085-ad1d-5947753f6ad8 - - - - - -] Successfully bumped revision number for resource 1a951fe2-7117-4e23-a3da-c8bc849ec93e (type: ports) to 4
2026-04-29 03:02:00.510 9 INFO neutron.api.wsgi [req-0e70b424-a337-42e4-a668-1b946914ae6a req-21343e5b-8b39-4cd3-97e9-16998a2d515d 4e6447db778146f49bfbeb7548b8e022 dbe0977cdcca4661b8cb39cdea1aecfb - - default default] 10.0.0.46 "GET /v2.0/ports?device_id=9edbcad6-5342-4165-a501-83583669a565 HTTP/1.1" status: 200 len: 210 time: 0.0257692
2026-04-29 03:02:00.511 9 INFO neutron.notifiers.nova [-] Nova event matching ['req-e603a24a-e41e-4eee-b80c-d095c7232faf'] response: {'server_uuid': 'db1f80c3-0024-402e-ba85-1c4b134cc3a2', 'name': 'network-vif-plugged', 'status': 'completed', 'tag': '98d10101-f253-44de-8a64-eb31211d2992', 'code': 200}
2026-04-29 03:02:00.530 10 WARNING neutron.scheduler.dhcp_agent_scheduler [req-3f7c152a-a286-4a3b-a5d7-e815303dcbae req-b08414e9-1641-4ba6-925e-5951e622c3d1 bfaecb8be00e47a792f032ea1703f401 977475054c794086af548a6010620800 - - default default] No more DHCP agents
2026-04-29 03:02:00.536 10 WARNING neutron.api.rpc.agentnotifiers.dhcp_rpc_agent_api [req-3f7c152a-a286-4a3b-a5d7-e815303dcbae req-b08414e9-1641-4ba6-925e-5951e622c3d1 bfaecb8be00e47a792f032ea1703f401 977475054c794086af548a6010620800 - - default default] Unable to schedule network 475de5e1-50f9-41bd-b0dc-019ba28f99d6: no agents available; will retry on subsequent port and subnet creation events.
2026-04-29 03:02:00.677 10 INFO neutron.db.ovn_revision_numbers_db [req-3f7c152a-a286-4a3b-a5d7-e815303dcbae req-b08414e9-1641-4ba6-925e-5951e622c3d1 bfaecb8be00e47a792f032ea1703f401 977475054c794086af548a6010620800 - - default default] Successfully bumped revision number for resource d1dc7a10-1f5f-4aae-af0a-eeec2767485d (type: ports) to 1
2026-04-29 03:02:00.703 10 INFO neutron.api.wsgi [req-3f7c152a-a286-4a3b-a5d7-e815303dcbae req-b08414e9-1641-4ba6-925e-5951e622c3d1 bfaecb8be00e47a792f032ea1703f401 977475054c794086af548a6010620800 - - default default] 199.204.45.25 "POST /v2.0/ports HTTP/1.1" status: 201 len: 1158 time: 0.5331743 /var/lib/openstack/lib/python3.12/site-packages/pycadf/identifier.py:71: UserWarning: Invalid uuid: neutron. To ensure interoperability, identifiers should be a valid uuid. warnings.warn(('Invalid uuid: %s. To ensure interoperability, '
2026-04-29 03:02:00.833 10 INFO neutron.db.ovn_revision_numbers_db [None req-09135b34-cf5a-4085-ad1d-5947753f6ad8 - - - - - -] Successfully bumped revision number for resource 1a951fe2-7117-4e23-a3da-c8bc849ec93e (type: ports) to 5
2026-04-29 03:02:00.929 9 INFO neutron.api.wsgi [req-5ee29c36-b873-459d-a255-5ad8c8d9b1cd req-ec61b173-ddcc-4fb5-9611-0fbcc462147f a207bab2bbc74e5ba716a7cb533ad16b c6a60eb2b549430282d5dc082f0aa6c0 - - default default] 10.0.0.46 "GET /v2.0/ports?device_id=db1f80c3-0024-402e-ba85-1c4b134cc3a2 HTTP/1.1" status: 200 len: 1170 time: 0.0366542
2026-04-29 03:02:00.973 9 INFO neutron.api.wsgi [req-5ee29c36-b873-459d-a255-5ad8c8d9b1cd req-61877186-e1e2-4528-b1a7-cf04ec99644b a207bab2bbc74e5ba716a7cb533ad16b c6a60eb2b549430282d5dc082f0aa6c0 - - default default] 10.0.0.46 "GET /v2.0/security-groups?id=16b6cc7d-b4c6-44f5-82cf-819d7f6988bd&fields=id&fields=name HTTP/1.1" status: 200 len: 286 time: 0.0388882
2026-04-29 03:02:01.117 10 INFO neutron.db.ovn_revision_numbers_db [req-3f7c152a-a286-4a3b-a5d7-e815303dcbae req-72825696-d0a4-488c-bae9-c10a9876cebd 12fffdedbb1647be8e3aa7315a4eb847 e771c9caa2f9493cbfaba4d0ad4608ac - - c893072840914529953fbcb8af47df1e c893072840914529953fbcb8af47df1e] Successfully bumped revision number for resource d1dc7a10-1f5f-4aae-af0a-eeec2767485d (type: ports) to 2
2026-04-29 03:02:01.189 9 INFO neutron.api.wsgi [req-8ed33b88-b525-44b2-b7eb-9da303bafce6 req-f3c74097-1b46-490d-9650-3abe85353867 bfaecb8be00e47a792f032ea1703f401 977475054c794086af548a6010620800 - - default default] 10.0.0.46 "GET /v2.0/ports?device_id=499b2971-b7e5-4d5c-b207-bd1e2db3e3c4 HTTP/1.1" status: 200 len: 1168 time: 0.0764406
2026-04-29 03:02:01.243 9 INFO neutron.api.wsgi [req-8ed33b88-b525-44b2-b7eb-9da303bafce6 req-b11657c0-c56b-4309-899d-941187c2e05f bfaecb8be00e47a792f032ea1703f401 977475054c794086af548a6010620800 - - default default] 10.0.0.46 "GET /v2.0/security-groups?id=6006e147-bc47-4c82-9e4c-eda712a7ce35&fields=id&fields=name HTTP/1.1" status: 200 len: 313 time: 0.0456750
2026-04-29 03:02:01.260 9 INFO neutron.plugins.ml2.drivers.ovn.mech_driver.mech_driver [None req-61845bad-5308-4850-9f83-dcd4dee5b913 - - - - - -] OVN reports status up for port: a46e4c94-3961-4a57-8600-c842ede83dea
2026-04-29 03:02:01.274 9 INFO neutron.plugins.ml2.plugin [None req-61845bad-5308-4850-9f83-dcd4dee5b913 - - - - - -] Attempt 1 to provision port a46e4c94-3961-4a57-8600-c842ede83dea
2026-04-29 03:02:01.287 9 INFO neutron.db.ovn_revision_numbers_db [None req-6f1b1b4a-1e63-4b34-8023-752dbec3a3b4 0d17a3b6a9b5451492e66aefd4f235dc 3308dde9f672402eae73c63366cc0f4e - - default default] Successfully bumped revision number for resource a46e4c94-3961-4a57-8600-c842ede83dea (type: ports) to 1
2026-04-29 03:02:01.330 10 INFO neutron.db.ovn_revision_numbers_db [req-3f7c152a-a286-4a3b-a5d7-e815303dcbae req-72825696-d0a4-488c-bae9-c10a9876cebd 12fffdedbb1647be8e3aa7315a4eb847 e771c9caa2f9493cbfaba4d0ad4608ac - - c893072840914529953fbcb8af47df1e c893072840914529953fbcb8af47df1e] Successfully bumped revision number for resource d1dc7a10-1f5f-4aae-af0a-eeec2767485d (type: ports) to 4
2026-04-29 03:02:01.342 10 INFO neutron.api.wsgi [req-3f7c152a-a286-4a3b-a5d7-e815303dcbae req-72825696-d0a4-488c-bae9-c10a9876cebd 12fffdedbb1647be8e3aa7315a4eb847 e771c9caa2f9493cbfaba4d0ad4608ac - - c893072840914529953fbcb8af47df1e c893072840914529953fbcb8af47df1e] 199.204.45.25 "PUT /v2.0/ports/d1dc7a10-1f5f-4aae-af0a-eeec2767485d HTTP/1.1" status: 200 len: 1404 time: 0.6336706
2026-04-29 03:02:01.345 9 WARNING neutron.scheduler.dhcp_agent_scheduler [None req-6f1b1b4a-1e63-4b34-8023-752dbec3a3b4 0d17a3b6a9b5451492e66aefd4f235dc 3308dde9f672402eae73c63366cc0f4e - - default default] No more DHCP agents
2026-04-29 03:02:01.348 9 WARNING neutron.api.rpc.agentnotifiers.dhcp_rpc_agent_api [None req-6f1b1b4a-1e63-4b34-8023-752dbec3a3b4 0d17a3b6a9b5451492e66aefd4f235dc 3308dde9f672402eae73c63366cc0f4e - - default default] Unable to schedule network aaa86047-3765-40c4-83e0-b6915e2b32a9: no agents available; will retry on subsequent port and subnet creation events.
2026-04-29 03:02:01.378 10 INFO neutron.notifiers.nova [-] Nova event matching ['req-a3dc059f-7b28-49c2-b9ea-acf09e6d04d0'] response: {'name': 'network-changed', 'server_uuid': '499b2971-b7e5-4d5c-b207-bd1e2db3e3c4', 'tag': 'd1dc7a10-1f5f-4aae-af0a-eeec2767485d', 'status': 'completed', 'code': 200}
2026-04-29 03:02:01.710 9 INFO neutron.db.ovn_revision_numbers_db [None req-61845bad-5308-4850-9f83-dcd4dee5b913 - - - - - -] Successfully bumped revision number for resource a46e4c94-3961-4a57-8600-c842ede83dea (type: ports) to 2
2026-04-29 03:02:01.789 9 INFO neutron.api.wsgi [None req-60121f20-abb1-42ea-b6c9-7d27a6f0e334 4e6447db778146f49bfbeb7548b8e022 dbe0977cdcca4661b8cb39cdea1aecfb - - default default] 10.0.0.12 "DELETE /v2.0/security-groups/a4b465c7-1248-4adb-86f6-23c7febcf219 HTTP/1.1" status: 204 len: 168 time: 0.1954796 /var/lib/openstack/lib/python3.12/site-packages/pycadf/identifier.py:71: UserWarning: Invalid uuid: neutron. To ensure interoperability, identifiers should be a valid uuid. warnings.warn(('Invalid uuid: %s. To ensure interoperability, '
2026-04-29 03:02:01.807 10 INFO neutron.api.v2.resource [None req-7199869b-231a-4e5c-854c-c383e7b7b81c 4e6447db778146f49bfbeb7548b8e022 dbe0977cdcca4661b8cb39cdea1aecfb - - default default] show failed (client error): The resource could not be found.
2026-04-29 03:02:01.808 10 INFO neutron.api.wsgi [None req-7199869b-231a-4e5c-854c-c383e7b7b81c 4e6447db778146f49bfbeb7548b8e022 dbe0977cdcca4661b8cb39cdea1aecfb - - default default] 10.0.0.12 "GET /v2.0/security-groups/a4b465c7-1248-4adb-86f6-23c7febcf219 HTTP/1.1" status: 404 len: 347 time: 0.0123997
2026-04-29 03:02:01.921 10 INFO neutron.api.wsgi [req-e7238606-d0b2-4548-8f01-c0d6755d8cbb req-559f9fef-f3d5-46c0-894a-02e735c12f5f 12fffdedbb1647be8e3aa7315a4eb847 e771c9caa2f9493cbfaba4d0ad4608ac - - c893072840914529953fbcb8af47df1e c893072840914529953fbcb8af47df1e] 199.204.45.25 "GET /v2.0/ports?tenant_id=977475054c794086af548a6010620800&device_id=499b2971-b7e5-4d5c-b207-bd1e2db3e3c4 HTTP/1.1" status: 200 len: 1407 time: 0.0366788
2026-04-29 03:02:01.979 10 INFO neutron.api.wsgi [req-e7238606-d0b2-4548-8f01-c0d6755d8cbb req-19c1d3b6-74d2-4709-9355-951570e4568f 12fffdedbb1647be8e3aa7315a4eb847 e771c9caa2f9493cbfaba4d0ad4608ac - - c893072840914529953fbcb8af47df1e c893072840914529953fbcb8af47df1e] 199.204.45.25 "GET /v2.0/networks?tenant_id=977475054c794086af548a6010620800&shared=False HTTP/1.1" status: 200 len: 973 time: 0.0524018
2026-04-29 03:02:02.026 10 INFO neutron.api.wsgi [req-e7238606-d0b2-4548-8f01-c0d6755d8cbb req-ab5de51a-46da-48a3-84d2-601a82cb684a 12fffdedbb1647be8e3aa7315a4eb847 e771c9caa2f9493cbfaba4d0ad4608ac - - c893072840914529953fbcb8af47df1e c893072840914529953fbcb8af47df1e] 199.204.45.25 "GET /v2.0/networks?shared=True HTTP/1.1" status: 200 len: 952 time: 0.0427842
2026-04-29 03:02:02.078 9 INFO neutron.api.wsgi [req-2f8fcbf4-9bea-4850-91a6-870ca08c3fbe req-6d0ff20e-9c07-4e53-9352-10518e733790 a207bab2bbc74e5ba716a7cb533ad16b c6a60eb2b549430282d5dc082f0aa6c0 - - default default] 10.0.0.46 "GET /v2.0/ports?device_id=db1f80c3-0024-402e-ba85-1c4b134cc3a2 HTTP/1.1" status: 200 len: 1170 time: 0.0423315
2026-04-29 03:02:02.097 10 INFO neutron.api.wsgi [None req-21c6c477-5ac0-4690-a118-d079d9ce03d3 4e6447db778146f49bfbeb7548b8e022 dbe0977cdcca4661b8cb39cdea1aecfb - - default default] 10.0.0.12 "DELETE /v2.0/floatingips/0eee2031-77eb-4cb5-8d5d-445466f7784f HTTP/1.1" status: 204 len: 168 time: 0.2841969
2026-04-29 03:02:02.137 9 INFO neutron.api.wsgi [req-2f8fcbf4-9bea-4850-91a6-870ca08c3fbe req-16a4bf73-7a5a-48c4-8907-c7061baba764 a207bab2bbc74e5ba716a7cb533ad16b c6a60eb2b549430282d5dc082f0aa6c0 - - default default] 10.0.0.46 "GET /v2.0/security-groups?id=16b6cc7d-b4c6-44f5-82cf-819d7f6988bd&fields=id&fields=name HTTP/1.1" status: 200 len: 286 time: 0.0528591
2026-04-29 03:02:02.261 9 INFO neutron.db.ovn_revision_numbers_db [None req-6f1b1b4a-1e63-4b34-8023-752dbec3a3b4 0d17a3b6a9b5451492e66aefd4f235dc 3308dde9f672402eae73c63366cc0f4e - - default default] Successfully bumped revision number for resource a46e4c94-3961-4a57-8600-c842ede83dea (type: router_ports) to 1
2026-04-29 03:02:02.265 9 INFO neutron.api.wsgi [None req-6f1b1b4a-1e63-4b34-8023-752dbec3a3b4 0d17a3b6a9b5451492e66aefd4f235dc 3308dde9f672402eae73c63366cc0f4e - - default default] 10.0.0.12 "PUT /v2.0/routers/aa5d487d-d180-439b-85e9-c167340e6727/add_router_interface HTTP/1.1" status: 200 len: 503 time: 2.5939732
2026-04-29 03:02:02.335 9 INFO neutron.api.wsgi [req-b5b7ac2e-6d86-46ab-83d1-b31d86a76f60 req-05511aba-7bd1-44ab-94b0-a6e87e27273f bfaecb8be00e47a792f032ea1703f401 977475054c794086af548a6010620800 - - default default] 10.0.0.46 "GET /v2.0/ports?device_id=499b2971-b7e5-4d5c-b207-bd1e2db3e3c4 HTTP/1.1" status: 200 len: 1168 time: 0.0342824
