Jun 26 01:32:13.713680 np0000183030 systemd[1]: Starting devstack@n-api.service - Devstack devstack@n-api.service...
Jun 26 01:32:13.721057 np0000183030 devstack@n-api.service[99844]: [uWSGI] getting INI configuration from /etc/nova/nova-api-uwsgi.ini
Jun 26 01:32:13.724335 np0000183030 devstack@n-api.service[99844]: *** Starting uWSGI 2.0.24-debian (64bit) on [Fri Jun 26 01:32:13 2026] ***
Jun 26 01:32:13.724335 np0000183030 devstack@n-api.service[99844]: compiled with version: 13.2.0 on 17 April 2024 16:23:48
Jun 26 01:32:13.724335 np0000183030 devstack@n-api.service[99844]: os: Linux-6.8.0-124-generic #124-Ubuntu SMP PREEMPT_DYNAMIC Tue May 26 13:00:45 UTC 2026
Jun 26 01:32:13.724335 np0000183030 devstack@n-api.service[99844]: nodename: np0000183030
Jun 26 01:32:13.724335 np0000183030 devstack@n-api.service[99844]: machine: x86_64
Jun 26 01:32:13.724335 np0000183030 devstack@n-api.service[99844]: clock source: unix
Jun 26 01:32:13.724335 np0000183030 devstack@n-api.service[99844]: pcre jit disabled
Jun 26 01:32:13.724335 np0000183030 devstack@n-api.service[99844]: detected number of CPU cores: 16
Jun 26 01:32:13.724335 np0000183030 devstack@n-api.service[99844]: current working directory: /
Jun 26 01:32:13.724335 np0000183030 devstack@n-api.service[99844]: detected binary path: /usr/bin/uwsgi-core
Jun 26 01:32:13.724335 np0000183030 devstack@n-api.service[99844]: your processes number limit is 256917
Jun 26 01:32:13.724335 np0000183030 devstack@n-api.service[99844]: your memory page size is 4096 bytes
Jun 26 01:32:13.724335 np0000183030 devstack@n-api.service[99844]: detected max file descriptor number: 2048
Jun 26 01:32:13.724335 np0000183030 devstack@n-api.service[99844]: lock engine: pthread robust mutexes
Jun 26 01:32:13.724781 np0000183030 devstack@n-api.service[99844]: thunder lock: enabled
Jun 26 01:32:13.724781 np0000183030 devstack@n-api.service[99844]: uwsgi socket 0 bound to UNIX address /var/run/uwsgi/nova-api.socket fd 4
Jun 26 01:32:13.724781 np0000183030 devstack@n-api.service[99844]: Python version: 3.12.3 (main, Mar 23 2026, 19:04:32) [GCC 13.3.0]
Jun 26 01:32:13.724781 np0000183030 devstack@n-api.service[99844]: PEP 405 virtualenv detected: /opt/stack/data/venv
Jun 26 01:32:13.724781 np0000183030 devstack@n-api.service[99844]: Set PythonHome to /opt/stack/data/venv
Jun 26 01:32:13.758830 np0000183030 devstack@n-api.service[99844]: Python main interpreter initialized at 0x78bd0e0a3668
Jun 26 01:32:13.758830 np0000183030 devstack@n-api.service[99844]: python threads support enabled
Jun 26 01:32:13.758830 np0000183030 devstack@n-api.service[99844]: your server socket listen backlog is limited to 100 connections
Jun 26 01:32:13.758830 np0000183030 devstack@n-api.service[99844]: your mercy for graceful operations on workers is 80 seconds
Jun 26 01:32:13.759438 np0000183030 devstack@n-api.service[99844]: mapped 671795 bytes (656 KB) for 4 cores
Jun 26 01:32:13.759596 np0000183030 devstack@n-api.service[99844]: *** Operational MODE: preforking ***
Jun 26 01:32:13.759770 np0000183030 devstack@n-api.service[99844]: *** uWSGI is running in multiple interpreter mode ***
Jun 26 01:32:13.759770 np0000183030 devstack@n-api.service[99844]: spawned uWSGI master process (pid: 99844)
Jun 26 01:32:13.759970 np0000183030 systemd[1]: Started devstack@n-api.service - Devstack devstack@n-api.service.
Jun 26 01:32:13.760602 np0000183030 devstack@n-api.service[99844]: spawned uWSGI worker 1 (pid: 99845, cores: 1)
Jun 26 01:32:13.761225 np0000183030 devstack@n-api.service[99844]: spawned uWSGI worker 2 (pid: 99846, cores: 1)
Jun 26 01:32:13.761747 np0000183030 devstack@n-api.service[99844]: spawned uWSGI worker 3 (pid: 99847, cores: 1)
Jun 26 01:32:13.762330 np0000183030 devstack@n-api.service[99844]: spawned uWSGI worker 4 (pid: 99848, cores: 1)
Jun 26 01:32:13.762417 np0000183030 devstack@n-api.service[99844]: running "unix_signal:15 gracefully_kill_them_all" (master-start)...
Jun 26 01:32:15.471697 np0000183030 devstack@n-api.service[99848]: INFO dbcounter [None req-0213fccd-a2f2-400a-b85d-c14f1ca452a6 None None] Registered counter for database nova_api
Jun 26 01:32:15.490171 np0000183030 devstack@n-api.service[99846]: INFO dbcounter [None req-244b027f-ff0c-472c-95d9-a6a6f3405bb7 None None] Registered counter for database nova_api
Jun 26 01:32:15.516033 np0000183030 devstack@n-api.service[99848]: DEBUG oslo_db.sqlalchemy.engines [None req-0213fccd-a2f2-400a-b85d-c14f1ca452a6 None None] MySQL server mode set to STRICT_TRANS_TABLES,STRICT_ALL_TABLES,NO_ZERO_IN_DATE,NO_ZERO_DATE,ERROR_FOR_DIVISION_BY_ZERO,TRADITIONAL,NO_ENGINE_SUBSTITUTION {{(pid=99848) _check_effective_sql_mode /opt/stack/data/venv/lib/python3.12/site-packages/oslo_db/sqlalchemy/engines.py:325}}
Jun 26 01:32:15.535899 np0000183030 devstack@n-api.service[99846]: DEBUG oslo_db.sqlalchemy.engines [None req-244b027f-ff0c-472c-95d9-a6a6f3405bb7 None None] MySQL server mode set to STRICT_TRANS_TABLES,STRICT_ALL_TABLES,NO_ZERO_IN_DATE,NO_ZERO_DATE,ERROR_FOR_DIVISION_BY_ZERO,TRADITIONAL,NO_ENGINE_SUBSTITUTION {{(pid=99846) _check_effective_sql_mode /opt/stack/data/venv/lib/python3.12/site-packages/oslo_db/sqlalchemy/engines.py:325}}
Jun 26 01:32:15.548575 np0000183030 devstack@n-api.service[99848]: DEBUG dbcounter [-] [99848] Writer thread running {{(pid=99848) stat_writer /opt/stack/data/venv/lib/python3.12/site-packages/dbcounter.py:102}}
Jun 26 01:32:15.551144 np0000183030 devstack@n-api.service[99848]: DEBUG nova.context [None req-0213fccd-a2f2-400a-b85d-c14f1ca452a6 None None] Found 2 cells: 00000000-0000-0000-0000-000000000000(cell0),b97bbf01-a45c-4115-8260-19f628c780cc(cell1) {{(pid=99848) load_cells /opt/stack/nova/nova/context.py:509}}
Jun 26 01:32:15.551421 np0000183030 devstack@n-api.service[99848]: INFO nova.utils [None req-0213fccd-a2f2-400a-b85d-c14f1ca452a6 None None] The cell worker thread pool MainProcess.cell_worker is initialized
Jun 26 01:32:15.553424 np0000183030 devstack@n-api.service[99848]: DEBUG oslo_concurrency.lockutils [None req-0213fccd-a2f2-400a-b85d-c14f1ca452a6 None None] Acquiring lock "00000000-0000-0000-0000-000000000000" by "nova.context.set_target_cell..get_or_set_cached_cell_and_set_connections" {{(pid=99848) inner /opt/stack/data/venv/lib/python3.12/site-packages/oslo_concurrency/lockutils.py:511}}
Jun 26 01:32:15.553583 np0000183030 devstack@n-api.service[99848]: DEBUG oslo_concurrency.lockutils [None req-0213fccd-a2f2-400a-b85d-c14f1ca452a6 None None] Lock "00000000-0000-0000-0000-000000000000" acquired by "nova.context.set_target_cell..get_or_set_cached_cell_and_set_connections" :: waited 0.000s {{(pid=99848) inner /opt/stack/data/venv/lib/python3.12/site-packages/oslo_concurrency/lockutils.py:524}}
Jun 26 01:32:15.554011 np0000183030 devstack@n-api.service[99848]: DEBUG oslo_concurrency.lockutils [None req-0213fccd-a2f2-400a-b85d-c14f1ca452a6 None None] Lock "00000000-0000-0000-0000-000000000000" "released" by "nova.context.set_target_cell..get_or_set_cached_cell_and_set_connections" :: held 0.000s {{(pid=99848) inner /opt/stack/data/venv/lib/python3.12/site-packages/oslo_concurrency/lockutils.py:543}}
Jun 26 01:32:15.555042 np0000183030 devstack@n-api.service[99848]: DEBUG oslo_concurrency.lockutils [None req-0213fccd-a2f2-400a-b85d-c14f1ca452a6 None None] Acquiring lock "b97bbf01-a45c-4115-8260-19f628c780cc" by "nova.context.set_target_cell..get_or_set_cached_cell_and_set_connections" {{(pid=99848) inner /opt/stack/data/venv/lib/python3.12/site-packages/oslo_concurrency/lockutils.py:511}}
Jun 26 01:32:15.555220 np0000183030 devstack@n-api.service[99848]: DEBUG oslo_concurrency.lockutils [None req-0213fccd-a2f2-400a-b85d-c14f1ca452a6 None None] Lock "b97bbf01-a45c-4115-8260-19f628c780cc" acquired by "nova.context.set_target_cell..get_or_set_cached_cell_and_set_connections" :: waited 0.000s {{(pid=99848) inner /opt/stack/data/venv/lib/python3.12/site-packages/oslo_concurrency/lockutils.py:524}}
Jun 26 01:32:15.556163 np0000183030 devstack@n-api.service[99848]: DEBUG oslo_concurrency.lockutils [None req-0213fccd-a2f2-400a-b85d-c14f1ca452a6 None None] Lock "b97bbf01-a45c-4115-8260-19f628c780cc" "released" by "nova.context.set_target_cell..get_or_set_cached_cell_and_set_connections" :: held 0.001s {{(pid=99848) inner /opt/stack/data/venv/lib/python3.12/site-packages/oslo_concurrency/lockutils.py:543}}
Jun 26 01:32:15.560159 np0000183030 devstack@n-api.service[99848]: INFO dbcounter [None req-0213fccd-a2f2-400a-b85d-c14f1ca452a6 None None] Registered counter for database nova_cell0
Jun 26 01:32:15.569223 np0000183030 devstack@n-api.service[99848]: INFO dbcounter [None req-0213fccd-a2f2-400a-b85d-c14f1ca452a6 None None] Registered counter for database nova_cell1
Jun 26 01:32:15.576135 np0000183030 devstack@n-api.service[99846]: DEBUG dbcounter [-] [99846] Writer thread running {{(pid=99846) stat_writer /opt/stack/data/venv/lib/python3.12/site-packages/dbcounter.py:102}}
Jun 26 01:32:15.578745 np0000183030 devstack@n-api.service[99846]: DEBUG nova.context [None req-244b027f-ff0c-472c-95d9-a6a6f3405bb7 None None] Found 2 cells: 00000000-0000-0000-0000-000000000000(cell0),b97bbf01-a45c-4115-8260-19f628c780cc(cell1) {{(pid=99846) load_cells /opt/stack/nova/nova/context.py:509}}
Jun 26 01:32:15.579006 np0000183030 devstack@n-api.service[99846]: INFO nova.utils [None req-244b027f-ff0c-472c-95d9-a6a6f3405bb7 None None] The cell worker thread pool MainProcess.cell_worker is initialized
Jun 26 01:32:15.581134 np0000183030 devstack@n-api.service[99846]: DEBUG oslo_concurrency.lockutils [None req-244b027f-ff0c-472c-95d9-a6a6f3405bb7 None None] Acquiring lock "00000000-0000-0000-0000-000000000000" by "nova.context.set_target_cell..get_or_set_cached_cell_and_set_connections" {{(pid=99846) inner /opt/stack/data/venv/lib/python3.12/site-packages/oslo_concurrency/lockutils.py:511}}
Jun 26 01:32:15.581330 np0000183030 devstack@n-api.service[99846]: DEBUG oslo_concurrency.lockutils [None req-244b027f-ff0c-472c-95d9-a6a6f3405bb7 None None] Lock "00000000-0000-0000-0000-000000000000" acquired by "nova.context.set_target_cell..get_or_set_cached_cell_and_set_connections" :: waited 0.000s {{(pid=99846) inner /opt/stack/data/venv/lib/python3.12/site-packages/oslo_concurrency/lockutils.py:524}}
Jun 26 01:32:15.581757 np0000183030 devstack@n-api.service[99846]: DEBUG oslo_concurrency.lockutils [None req-244b027f-ff0c-472c-95d9-a6a6f3405bb7 None None] Lock "00000000-0000-0000-0000-000000000000" "released" by "nova.context.set_target_cell..get_or_set_cached_cell_and_set_connections" :: held 0.000s {{(pid=99846) inner /opt/stack/data/venv/lib/python3.12/site-packages/oslo_concurrency/lockutils.py:543}}
Jun 26 01:32:15.582687 np0000183030 devstack@n-api.service[99846]: DEBUG oslo_concurrency.lockutils [None req-244b027f-ff0c-472c-95d9-a6a6f3405bb7 None None] Acquiring lock "b97bbf01-a45c-4115-8260-19f628c780cc" by "nova.context.set_target_cell..get_or_set_cached_cell_and_set_connections" {{(pid=99846) inner /opt/stack/data/venv/lib/python3.12/site-packages/oslo_concurrency/lockutils.py:511}}
Jun 26 01:32:15.582829 np0000183030 devstack@n-api.service[99846]: DEBUG oslo_concurrency.lockutils [None req-244b027f-ff0c-472c-95d9-a6a6f3405bb7 None None] Lock "b97bbf01-a45c-4115-8260-19f628c780cc" acquired by "nova.context.set_target_cell..get_or_set_cached_cell_and_set_connections" :: waited 0.000s {{(pid=99846) inner /opt/stack/data/venv/lib/python3.12/site-packages/oslo_concurrency/lockutils.py:524}}
Jun 26 01:32:15.583889 np0000183030 devstack@n-api.service[99846]: DEBUG oslo_concurrency.lockutils [None req-244b027f-ff0c-472c-95d9-a6a6f3405bb7 None None] Lock "b97bbf01-a45c-4115-8260-19f628c780cc" "released" by "nova.context.set_target_cell..get_or_set_cached_cell_and_set_connections" :: held 0.001s {{(pid=99846) inner /opt/stack/data/venv/lib/python3.12/site-packages/oslo_concurrency/lockutils.py:543}}
Jun 26 01:32:15.587276 np0000183030 devstack@n-api.service[99845]: INFO dbcounter [None req-849696d6-fb33-492e-9de5-0ce7db1bb0a1 None None] Registered counter for database nova_api
Jun 26 01:32:15.587677 np0000183030 devstack@n-api.service[99846]: INFO dbcounter [None req-244b027f-ff0c-472c-95d9-a6a6f3405bb7 None None] Registered counter for database nova_cell0
Jun 26 01:32:15.593949 np0000183030 devstack@n-api.service[99846]: INFO dbcounter [None req-244b027f-ff0c-472c-95d9-a6a6f3405bb7 None None] Registered counter for database nova_cell1
Jun 26 01:32:15.612615 np0000183030 devstack@n-api.service[99847]: INFO dbcounter [None req-f3d39855-deba-4ad8-ae24-65e9c7f36bfc None None] Registered counter for database nova_api
Jun 26 01:32:15.630952 np0000183030 devstack@n-api.service[99845]: DEBUG oslo_db.sqlalchemy.engines [None req-849696d6-fb33-492e-9de5-0ce7db1bb0a1 None None] MySQL server mode set to STRICT_TRANS_TABLES,STRICT_ALL_TABLES,NO_ZERO_IN_DATE,NO_ZERO_DATE,ERROR_FOR_DIVISION_BY_ZERO,TRADITIONAL,NO_ENGINE_SUBSTITUTION {{(pid=99845) _check_effective_sql_mode /opt/stack/data/venv/lib/python3.12/site-packages/oslo_db/sqlalchemy/engines.py:325}}
Jun 26 01:32:15.637480 np0000183030 devstack@n-api.service[99848]: DEBUG oslo_db.sqlalchemy.engines [None req-0213fccd-a2f2-400a-b85d-c14f1ca452a6 None None] MySQL server mode set to STRICT_TRANS_TABLES,STRICT_ALL_TABLES,NO_ZERO_IN_DATE,NO_ZERO_DATE,ERROR_FOR_DIVISION_BY_ZERO,TRADITIONAL,NO_ENGINE_SUBSTITUTION {{(pid=99848) _check_effective_sql_mode /opt/stack/data/venv/lib/python3.12/site-packages/oslo_db/sqlalchemy/engines.py:325}}
Jun 26 01:32:15.641461 np0000183030 devstack@n-api.service[99848]: DEBUG oslo_db.sqlalchemy.engines [None req-0213fccd-a2f2-400a-b85d-c14f1ca452a6 None None] MySQL server mode set to STRICT_TRANS_TABLES,STRICT_ALL_TABLES,NO_ZERO_IN_DATE,NO_ZERO_DATE,ERROR_FOR_DIVISION_BY_ZERO,TRADITIONAL,NO_ENGINE_SUBSTITUTION {{(pid=99848) _check_effective_sql_mode /opt/stack/data/venv/lib/python3.12/site-packages/oslo_db/sqlalchemy/engines.py:325}}
Jun 26 01:32:15.658601 np0000183030 devstack@n-api.service[99847]: DEBUG oslo_db.sqlalchemy.engines [None req-f3d39855-deba-4ad8-ae24-65e9c7f36bfc None None] MySQL server mode set to STRICT_TRANS_TABLES,STRICT_ALL_TABLES,NO_ZERO_IN_DATE,NO_ZERO_DATE,ERROR_FOR_DIVISION_BY_ZERO,TRADITIONAL,NO_ENGINE_SUBSTITUTION {{(pid=99847) _check_effective_sql_mode /opt/stack/data/venv/lib/python3.12/site-packages/oslo_db/sqlalchemy/engines.py:325}}
Jun 26 01:32:15.665492 np0000183030 devstack@n-api.service[99846]: DEBUG oslo_db.sqlalchemy.engines [None req-244b027f-ff0c-472c-95d9-a6a6f3405bb7 None None] MySQL server mode set to STRICT_TRANS_TABLES,STRICT_ALL_TABLES,NO_ZERO_IN_DATE,NO_ZERO_DATE,ERROR_FOR_DIVISION_BY_ZERO,TRADITIONAL,NO_ENGINE_SUBSTITUTION {{(pid=99846) _check_effective_sql_mode /opt/stack/data/venv/lib/python3.12/site-packages/oslo_db/sqlalchemy/engines.py:325}}
Jun 26 01:32:15.670047 np0000183030 devstack@n-api.service[99845]: DEBUG dbcounter [-] [99845] Writer thread running {{(pid=99845) stat_writer /opt/stack/data/venv/lib/python3.12/site-packages/dbcounter.py:102}}
Jun 26 01:32:15.672787 np0000183030 devstack@n-api.service[99845]: DEBUG nova.context [None req-849696d6-fb33-492e-9de5-0ce7db1bb0a1 None None] Found 2 cells: 00000000-0000-0000-0000-000000000000(cell0),b97bbf01-a45c-4115-8260-19f628c780cc(cell1) {{(pid=99845) load_cells /opt/stack/nova/nova/context.py:509}}
Jun 26 01:32:15.673026 np0000183030 devstack@n-api.service[99845]: INFO nova.utils [None req-849696d6-fb33-492e-9de5-0ce7db1bb0a1 None None] The cell worker thread pool MainProcess.cell_worker is initialized
Jun 26 01:32:15.674905 np0000183030 devstack@n-api.service[99845]: DEBUG oslo_concurrency.lockutils [None req-849696d6-fb33-492e-9de5-0ce7db1bb0a1 None None] Acquiring lock "00000000-0000-0000-0000-000000000000" by "nova.context.set_target_cell..get_or_set_cached_cell_and_set_connections" {{(pid=99845) inner /opt/stack/data/venv/lib/python3.12/site-packages/oslo_concurrency/lockutils.py:511}}
Jun 26 01:32:15.675084 np0000183030 devstack@n-api.service[99845]: DEBUG oslo_concurrency.lockutils [None req-849696d6-fb33-492e-9de5-0ce7db1bb0a1 None None] Lock "00000000-0000-0000-0000-000000000000" acquired by "nova.context.set_target_cell..get_or_set_cached_cell_and_set_connections" :: waited 0.000s {{(pid=99845) inner /opt/stack/data/venv/lib/python3.12/site-packages/oslo_concurrency/lockutils.py:524}}
Jun 26 01:32:15.675467 np0000183030 devstack@n-api.service[99845]: DEBUG oslo_concurrency.lockutils [None req-849696d6-fb33-492e-9de5-0ce7db1bb0a1 None None] Lock "00000000-0000-0000-0000-000000000000" "released" by "nova.context.set_target_cell..get_or_set_cached_cell_and_set_connections" :: held 0.000s {{(pid=99845) inner /opt/stack/data/venv/lib/python3.12/site-packages/oslo_concurrency/lockutils.py:543}}
Jun 26 01:32:15.676212 np0000183030 devstack@n-api.service[99845]: DEBUG oslo_concurrency.lockutils [None req-849696d6-fb33-492e-9de5-0ce7db1bb0a1 None None] Acquiring lock "b97bbf01-a45c-4115-8260-19f628c780cc" by "nova.context.set_target_cell..get_or_set_cached_cell_and_set_connections" {{(pid=99845) inner /opt/stack/data/venv/lib/python3.12/site-packages/oslo_concurrency/lockutils.py:511}}
Jun 26 01:32:15.676314 np0000183030 devstack@n-api.service[99846]: DEBUG oslo_db.sqlalchemy.engines [None req-244b027f-ff0c-472c-95d9-a6a6f3405bb7 None None] MySQL server mode set to STRICT_TRANS_TABLES,STRICT_ALL_TABLES,NO_ZERO_IN_DATE,NO_ZERO_DATE,ERROR_FOR_DIVISION_BY_ZERO,TRADITIONAL,NO_ENGINE_SUBSTITUTION {{(pid=99846) _check_effective_sql_mode /opt/stack/data/venv/lib/python3.12/site-packages/oslo_db/sqlalchemy/engines.py:325}}
Jun 26 01:32:15.676374 np0000183030 devstack@n-api.service[99845]: DEBUG oslo_concurrency.lockutils [None req-849696d6-fb33-492e-9de5-0ce7db1bb0a1 None None] Lock "b97bbf01-a45c-4115-8260-19f628c780cc" acquired by "nova.context.set_target_cell..get_or_set_cached_cell_and_set_connections" :: waited 0.000s {{(pid=99845) inner /opt/stack/data/venv/lib/python3.12/site-packages/oslo_concurrency/lockutils.py:524}}
Jun 26 01:32:15.677272 np0000183030 devstack@n-api.service[99845]: DEBUG oslo_concurrency.lockutils [None req-849696d6-fb33-492e-9de5-0ce7db1bb0a1 None None] Lock "b97bbf01-a45c-4115-8260-19f628c780cc" "released" by "nova.context.set_target_cell..get_or_set_cached_cell_and_set_connections" :: held 0.001s {{(pid=99845) inner /opt/stack/data/venv/lib/python3.12/site-packages/oslo_concurrency/lockutils.py:543}}
Jun 26 01:32:15.680610 np0000183030 devstack@n-api.service[99845]: INFO dbcounter [None req-849696d6-fb33-492e-9de5-0ce7db1bb0a1 None None] Registered counter for database nova_cell0
Jun 26 01:32:15.686428 np0000183030 devstack@n-api.service[99845]: INFO dbcounter [None req-849696d6-fb33-492e-9de5-0ce7db1bb0a1 None None] Registered counter for database nova_cell1
Jun 26 01:32:15.695321 np0000183030 devstack@n-api.service[99847]: DEBUG dbcounter [-] [99847] Writer thread running {{(pid=99847) stat_writer /opt/stack/data/venv/lib/python3.12/site-packages/dbcounter.py:102}}
Jun 26 01:32:15.697891 np0000183030 devstack@n-api.service[99847]: DEBUG nova.context [None req-f3d39855-deba-4ad8-ae24-65e9c7f36bfc None None] Found 2 cells: 00000000-0000-0000-0000-000000000000(cell0),b97bbf01-a45c-4115-8260-19f628c780cc(cell1) {{(pid=99847) load_cells /opt/stack/nova/nova/context.py:509}}
Jun 26 01:32:15.698154 np0000183030 devstack@n-api.service[99847]: INFO nova.utils [None req-f3d39855-deba-4ad8-ae24-65e9c7f36bfc None None] The cell worker thread pool MainProcess.cell_worker is initialized
Jun 26 01:32:15.700040 np0000183030 devstack@n-api.service[99847]: DEBUG oslo_concurrency.lockutils [None req-f3d39855-deba-4ad8-ae24-65e9c7f36bfc None None] Acquiring lock "00000000-0000-0000-0000-000000000000" by "nova.context.set_target_cell..get_or_set_cached_cell_and_set_connections" {{(pid=99847) inner /opt/stack/data/venv/lib/python3.12/site-packages/oslo_concurrency/lockutils.py:511}}
Jun 26 01:32:15.700227 np0000183030 devstack@n-api.service[99847]: DEBUG oslo_concurrency.lockutils [None req-f3d39855-deba-4ad8-ae24-65e9c7f36bfc None None] Lock "00000000-0000-0000-0000-000000000000" acquired by "nova.context.set_target_cell..get_or_set_cached_cell_and_set_connections" :: waited 0.000s {{(pid=99847) inner /opt/stack/data/venv/lib/python3.12/site-packages/oslo_concurrency/lockutils.py:524}}
Jun 26 01:32:15.700658 np0000183030 devstack@n-api.service[99847]: DEBUG oslo_concurrency.lockutils [None req-f3d39855-deba-4ad8-ae24-65e9c7f36bfc None None] Lock "00000000-0000-0000-0000-000000000000" "released" by "nova.context.set_target_cell..get_or_set_cached_cell_and_set_connections" :: held 0.000s {{(pid=99847) inner /opt/stack/data/venv/lib/python3.12/site-packages/oslo_concurrency/lockutils.py:543}}
Jun 26 01:32:15.701721 np0000183030 devstack@n-api.service[99847]: DEBUG oslo_concurrency.lockutils [None req-f3d39855-deba-4ad8-ae24-65e9c7f36bfc None None] Acquiring lock "b97bbf01-a45c-4115-8260-19f628c780cc" by "nova.context.set_target_cell..get_or_set_cached_cell_and_set_connections" {{(pid=99847) inner /opt/stack/data/venv/lib/python3.12/site-packages/oslo_concurrency/lockutils.py:511}}
Jun 26 01:32:15.701936 np0000183030 devstack@n-api.service[99847]: DEBUG oslo_concurrency.lockutils [None req-f3d39855-deba-4ad8-ae24-65e9c7f36bfc None None] Lock "b97bbf01-a45c-4115-8260-19f628c780cc" acquired by "nova.context.set_target_cell..get_or_set_cached_cell_and_set_connections" :: waited 0.000s {{(pid=99847) inner /opt/stack/data/venv/lib/python3.12/site-packages/oslo_concurrency/lockutils.py:524}}
Jun 26 01:32:15.703159 np0000183030 devstack@n-api.service[99847]: DEBUG oslo_concurrency.lockutils [None req-f3d39855-deba-4ad8-ae24-65e9c7f36bfc None None] Lock "b97bbf01-a45c-4115-8260-19f628c780cc" "released" by "nova.context.set_target_cell..get_or_set_cached_cell_and_set_connections" :: held 0.001s {{(pid=99847) inner /opt/stack/data/venv/lib/python3.12/site-packages/oslo_concurrency/lockutils.py:543}}
Jun 26 01:32:15.707151 np0000183030 devstack@n-api.service[99847]: INFO dbcounter [None req-f3d39855-deba-4ad8-ae24-65e9c7f36bfc None None] Registered counter for database nova_cell0
Jun 26 01:32:15.713395 np0000183030 devstack@n-api.service[99847]: INFO dbcounter [None req-f3d39855-deba-4ad8-ae24-65e9c7f36bfc None None] Registered counter for database nova_cell1
Jun 26 01:32:15.752256 np0000183030 devstack@n-api.service[99848]: DEBUG dbcounter [-] [99848] Writer thread running {{(pid=99848) stat_writer /opt/stack/data/venv/lib/python3.12/site-packages/dbcounter.py:102}}
Jun 26 01:32:15.753711 np0000183030 devstack@n-api.service[99848]: DEBUG dbcounter [-] [99848] Writer thread running {{(pid=99848) stat_writer /opt/stack/data/venv/lib/python3.12/site-packages/dbcounter.py:102}}
Jun 26 01:32:15.760733 np0000183030 devstack@n-api.service[99848]: INFO dbcounter [None req-0213fccd-a2f2-400a-b85d-c14f1ca452a6 None None] Registered counter for database nova_cell0
Jun 26 01:32:15.761828 np0000183030 devstack@n-api.service[99846]: DEBUG dbcounter [-] [99846] Writer thread running {{(pid=99846) stat_writer /opt/stack/data/venv/lib/python3.12/site-packages/dbcounter.py:102}}
Jun 26 01:32:15.761878 np0000183030 devstack@n-api.service[99845]: DEBUG oslo_db.sqlalchemy.engines [None req-849696d6-fb33-492e-9de5-0ce7db1bb0a1 None None] MySQL server mode set to STRICT_TRANS_TABLES,STRICT_ALL_TABLES,NO_ZERO_IN_DATE,NO_ZERO_DATE,ERROR_FOR_DIVISION_BY_ZERO,TRADITIONAL,NO_ENGINE_SUBSTITUTION {{(pid=99845) _check_effective_sql_mode /opt/stack/data/venv/lib/python3.12/site-packages/oslo_db/sqlalchemy/engines.py:325}}
Jun 26 01:32:15.763745 np0000183030 devstack@n-api.service[99845]: DEBUG oslo_db.sqlalchemy.engines [None req-849696d6-fb33-492e-9de5-0ce7db1bb0a1 None None] MySQL server mode set to STRICT_TRANS_TABLES,STRICT_ALL_TABLES,NO_ZERO_IN_DATE,NO_ZERO_DATE,ERROR_FOR_DIVISION_BY_ZERO,TRADITIONAL,NO_ENGINE_SUBSTITUTION {{(pid=99845) _check_effective_sql_mode /opt/stack/data/venv/lib/python3.12/site-packages/oslo_db/sqlalchemy/engines.py:325}}
Jun 26 01:32:15.769049 np0000183030 devstack@n-api.service[99846]: DEBUG dbcounter [-] [99846] Writer thread running {{(pid=99846) stat_writer /opt/stack/data/venv/lib/python3.12/site-packages/dbcounter.py:102}}
Jun 26 01:32:15.775442 np0000183030 devstack@n-api.service[99846]: INFO dbcounter [None req-244b027f-ff0c-472c-95d9-a6a6f3405bb7 None None] Registered counter for database nova_cell0
Jun 26 01:32:15.788279 np0000183030 devstack@n-api.service[99847]: DEBUG oslo_db.sqlalchemy.engines [None req-f3d39855-deba-4ad8-ae24-65e9c7f36bfc None None] MySQL server mode set to STRICT_TRANS_TABLES,STRICT_ALL_TABLES,NO_ZERO_IN_DATE,NO_ZERO_DATE,ERROR_FOR_DIVISION_BY_ZERO,TRADITIONAL,NO_ENGINE_SUBSTITUTION {{(pid=99847) _check_effective_sql_mode /opt/stack/data/venv/lib/python3.12/site-packages/oslo_db/sqlalchemy/engines.py:325}}
Jun 26 01:32:15.794738 np0000183030 devstack@n-api.service[99847]: DEBUG oslo_db.sqlalchemy.engines [None req-f3d39855-deba-4ad8-ae24-65e9c7f36bfc None None] MySQL server mode set to STRICT_TRANS_TABLES,STRICT_ALL_TABLES,NO_ZERO_IN_DATE,NO_ZERO_DATE,ERROR_FOR_DIVISION_BY_ZERO,TRADITIONAL,NO_ENGINE_SUBSTITUTION {{(pid=99847) _check_effective_sql_mode /opt/stack/data/venv/lib/python3.12/site-packages/oslo_db/sqlalchemy/engines.py:325}}
Jun 26 01:32:15.813478 np0000183030 devstack@n-api.service[99848]: DEBUG oslo_db.sqlalchemy.engines [None req-0213fccd-a2f2-400a-b85d-c14f1ca452a6 None None] MySQL server mode set to STRICT_TRANS_TABLES,STRICT_ALL_TABLES,NO_ZERO_IN_DATE,NO_ZERO_DATE,ERROR_FOR_DIVISION_BY_ZERO,TRADITIONAL,NO_ENGINE_SUBSTITUTION {{(pid=99848) _check_effective_sql_mode /opt/stack/data/venv/lib/python3.12/site-packages/oslo_db/sqlalchemy/engines.py:325}}
Jun 26 01:32:15.821246 np0000183030 devstack@n-api.service[99846]: DEBUG oslo_db.sqlalchemy.engines [None req-244b027f-ff0c-472c-95d9-a6a6f3405bb7 None None] MySQL server mode set to STRICT_TRANS_TABLES,STRICT_ALL_TABLES,NO_ZERO_IN_DATE,NO_ZERO_DATE,ERROR_FOR_DIVISION_BY_ZERO,TRADITIONAL,NO_ENGINE_SUBSTITUTION {{(pid=99846) _check_effective_sql_mode /opt/stack/data/venv/lib/python3.12/site-packages/oslo_db/sqlalchemy/engines.py:325}}
Jun 26 01:32:15.824990 np0000183030 devstack@n-api.service[99848]: DEBUG dbcounter [-] [99848] Writer thread running {{(pid=99848) stat_writer /opt/stack/data/venv/lib/python3.12/site-packages/dbcounter.py:102}}
Jun 26 01:32:15.831812 np0000183030 devstack@n-api.service[99846]: DEBUG dbcounter [-] [99846] Writer thread running {{(pid=99846) stat_writer /opt/stack/data/venv/lib/python3.12/site-packages/dbcounter.py:102}}
Jun 26 01:32:15.858724 np0000183030 devstack@n-api.service[99845]: DEBUG dbcounter [-] [99845] Writer thread running {{(pid=99845) stat_writer /opt/stack/data/venv/lib/python3.12/site-packages/dbcounter.py:102}}
Jun 26 01:32:15.859886 np0000183030 devstack@n-api.service[99845]: DEBUG dbcounter [-] [99845] Writer thread running {{(pid=99845) stat_writer /opt/stack/data/venv/lib/python3.12/site-packages/dbcounter.py:102}}
Jun 26 01:32:15.882508 np0000183030 devstack@n-api.service[99845]: INFO dbcounter [None req-849696d6-fb33-492e-9de5-0ce7db1bb0a1 None None] Registered counter for database nova_cell0
Jun 26 01:32:15.895632 np0000183030 devstack@n-api.service[99847]: DEBUG dbcounter [-] [99847] Writer thread running {{(pid=99847) stat_writer /opt/stack/data/venv/lib/python3.12/site-packages/dbcounter.py:102}}
Jun 26 01:32:15.903629 np0000183030 devstack@n-api.service[99847]: DEBUG dbcounter [-] [99847] Writer thread running {{(pid=99847) stat_writer /opt/stack/data/venv/lib/python3.12/site-packages/dbcounter.py:102}}
Jun 26 01:32:15.909728 np0000183030 devstack@n-api.service[99847]: INFO dbcounter [None req-f3d39855-deba-4ad8-ae24-65e9c7f36bfc None None] Registered counter for database nova_cell0
Jun 26 01:32:15.925767 np0000183030 devstack@n-api.service[99845]: DEBUG oslo_db.sqlalchemy.engines [None req-849696d6-fb33-492e-9de5-0ce7db1bb0a1 None None] MySQL server mode set to STRICT_TRANS_TABLES,STRICT_ALL_TABLES,NO_ZERO_IN_DATE,NO_ZERO_DATE,ERROR_FOR_DIVISION_BY_ZERO,TRADITIONAL,NO_ENGINE_SUBSTITUTION {{(pid=99845) _check_effective_sql_mode /opt/stack/data/venv/lib/python3.12/site-packages/oslo_db/sqlalchemy/engines.py:325}}
Jun 26 01:32:15.937982 np0000183030 devstack@n-api.service[99845]: DEBUG dbcounter [-] [99845] Writer thread running {{(pid=99845) stat_writer /opt/stack/data/venv/lib/python3.12/site-packages/dbcounter.py:102}}
Jun 26 01:32:15.955215 np0000183030 devstack@n-api.service[99847]: DEBUG oslo_db.sqlalchemy.engines [None req-f3d39855-deba-4ad8-ae24-65e9c7f36bfc None None] MySQL server mode set to STRICT_TRANS_TABLES,STRICT_ALL_TABLES,NO_ZERO_IN_DATE,NO_ZERO_DATE,ERROR_FOR_DIVISION_BY_ZERO,TRADITIONAL,NO_ENGINE_SUBSTITUTION {{(pid=99847) _check_effective_sql_mode /opt/stack/data/venv/lib/python3.12/site-packages/oslo_db/sqlalchemy/engines.py:325}}
Jun 26 01:32:15.964808 np0000183030 devstack@n-api.service[99847]: DEBUG dbcounter [-] [99847] Writer thread running {{(pid=99847) stat_writer /opt/stack/data/venv/lib/python3.12/site-packages/dbcounter.py:102}}
Jun 26 01:32:16.270784 np0000183030 devstack@n-api.service[99848]: DEBUG oslo_concurrency.processutils [None req-0213fccd-a2f2-400a-b85d-c14f1ca452a6 None None] Running cmd (subprocess): grep -F node.session.scan /sbin/iscsiadm {{(pid=99848) execute /opt/stack/data/venv/lib/python3.12/site-packages/oslo_concurrency/processutils.py:440}}
Jun 26 01:32:16.285037 np0000183030 devstack@n-api.service[99846]: DEBUG oslo_concurrency.processutils [None req-244b027f-ff0c-472c-95d9-a6a6f3405bb7 None None] Running cmd (subprocess): grep -F node.session.scan /sbin/iscsiadm {{(pid=99846) execute /opt/stack/data/venv/lib/python3.12/site-packages/oslo_concurrency/processutils.py:440}}
Jun 26 01:32:16.292753 np0000183030 devstack@n-api.service[99848]: DEBUG oslo_concurrency.processutils [None req-0213fccd-a2f2-400a-b85d-c14f1ca452a6 None None] CMD "grep -F node.session.scan /sbin/iscsiadm" returned: 0 in 0.022s {{(pid=99848) execute /opt/stack/data/venv/lib/python3.12/site-packages/oslo_concurrency/processutils.py:468}}
Jun 26 01:32:16.293025 np0000183030 devstack@n-api.service[99845]: DEBUG oslo_concurrency.processutils [None req-849696d6-fb33-492e-9de5-0ce7db1bb0a1 None None] Running cmd (subprocess): grep -F node.session.scan /sbin/iscsiadm {{(pid=99845) execute /opt/stack/data/venv/lib/python3.12/site-packages/oslo_concurrency/processutils.py:440}}
Jun 26 01:32:16.308025 np0000183030 devstack@n-api.service[99846]: DEBUG oslo_concurrency.processutils [None req-244b027f-ff0c-472c-95d9-a6a6f3405bb7 None None] CMD "grep -F node.session.scan /sbin/iscsiadm" returned: 0 in 0.023s {{(pid=99846) execute /opt/stack/data/venv/lib/python3.12/site-packages/oslo_concurrency/processutils.py:468}}
Jun 26 01:32:16.315115 np0000183030 devstack@n-api.service[99845]: DEBUG oslo_concurrency.processutils [None req-849696d6-fb33-492e-9de5-0ce7db1bb0a1 None None] CMD "grep -F node.session.scan /sbin/iscsiadm" returned: 0 in 0.022s {{(pid=99845) execute /opt/stack/data/venv/lib/python3.12/site-packages/oslo_concurrency/processutils.py:468}}
Jun 26 01:32:16.331329 np0000183030 devstack@n-api.service[99847]: DEBUG oslo_concurrency.processutils [None req-f3d39855-deba-4ad8-ae24-65e9c7f36bfc None None] Running cmd (subprocess): grep -F node.session.scan /sbin/iscsiadm {{(pid=99847) execute /opt/stack/data/venv/lib/python3.12/site-packages/oslo_concurrency/processutils.py:440}}
Jun 26 01:32:16.353744 np0000183030 devstack@n-api.service[99847]: DEBUG oslo_concurrency.processutils [None req-f3d39855-deba-4ad8-ae24-65e9c7f36bfc None None] CMD "grep -F node.session.scan /sbin/iscsiadm" returned: 0 in 0.022s {{(pid=99847) execute /opt/stack/data/venv/lib/python3.12/site-packages/oslo_concurrency/processutils.py:468}}
Jun 26 01:32:16.915554 np0000183030 devstack@n-api.service[99845]: DEBUG nova.api.openstack.wsgi_app [None req-849696d6-fb33-492e-9de5-0ce7db1bb0a1 None None] ******************************************************************************** {{(pid=99845) log_opt_values /opt/stack/data/venv/lib/python3.12/site-packages/oslo_config/cfg.py:3226}}
Jun 26 01:32:16.916553 np0000183030 devstack@n-api.service[99845]: DEBUG nova.api.openstack.wsgi_app [None req-849696d6-fb33-492e-9de5-0ce7db1bb0a1 None None] Configuration options gathered from: {{(pid=99845) log_opt_values /opt/stack/data/venv/lib/python3.12/site-packages/oslo_config/cfg.py:3227}}
Jun 26 01:32:16.916553 np0000183030 devstack@n-api.service[99845]: DEBUG nova.api.openstack.wsgi_app [None req-849696d6-fb33-492e-9de5-0ce7db1bb0a1 None None] command line args: [] {{(pid=99845) log_opt_values /opt/stack/data/venv/lib/python3.12/site-packages/oslo_config/cfg.py:3228}}
Jun 26 01:32:16.916553 np0000183030 devstack@n-api.service[99845]: DEBUG nova.api.openstack.wsgi_app [None req-849696d6-fb33-492e-9de5-0ce7db1bb0a1 None None] config files: ['/etc/nova/api-paste.ini', '/etc/nova/nova.conf'] {{(pid=99845) log_opt_values /opt/stack/data/venv/lib/python3.12/site-packages/oslo_config/cfg.py:3229}}
Jun 26 01:32:16.916553 np0000183030 devstack@n-api.service[99845]: DEBUG nova.api.openstack.wsgi_app [None req-849696d6-fb33-492e-9de5-0ce7db1bb0a1 None None] ================================================================================ {{(pid=99845) log_opt_values /opt/stack/data/venv/lib/python3.12/site-packages/oslo_config/cfg.py:3234}}
Jun 26 01:32:16.916553 np0000183030 devstack@n-api.service[99845]: DEBUG nova.api.openstack.wsgi_app [None req-849696d6-fb33-492e-9de5-0ce7db1bb0a1 None None] allow_resize_to_same_host = True {{(pid=99845) log_opt_values /opt/stack/data/venv/lib/python3.12/site-packages/oslo_config/cfg.py:3242}}
Jun 26 01:32:16.916855 np0000183030 devstack@n-api.service[99845]: DEBUG nova.api.openstack.wsgi_app [None req-849696d6-fb33-492e-9de5-0ce7db1bb0a1 None None] arq_binding_timeout = 300 {{(pid=99845) log_opt_values /opt/stack/data/venv/lib/python3.12/site-packages/oslo_config/cfg.py:3242}}
Jun 26 01:32:16.916855 np0000183030 devstack@n-api.service[99845]: DEBUG nova.api.openstack.wsgi_app [None req-849696d6-fb33-492e-9de5-0ce7db1bb0a1 None None] block_device_allocate_retries = 60 {{(pid=99845) log_opt_values /opt/stack/data/venv/lib/python3.12/site-packages/oslo_config/cfg.py:3242}}
Jun 26 01:32:16.916979 np0000183030 devstack@n-api.service[99845]: DEBUG nova.api.openstack.wsgi_app [None req-849696d6-fb33-492e-9de5-0ce7db1bb0a1 None None] block_device_allocate_retries_interval = 3 {{(pid=99845) log_opt_values /opt/stack/data/venv/lib/python3.12/site-packages/oslo_config/cfg.py:3242}}
Jun 26 01:32:16.917330 np0000183030 devstack@n-api.service[99845]: DEBUG nova.api.openstack.wsgi_app [None req-849696d6-fb33-492e-9de5-0ce7db1bb0a1 None None] cell_worker_thread_pool_size = 5 {{(pid=99845) log_opt_values /opt/stack/data/venv/lib/python3.12/site-packages/oslo_config/cfg.py:3242}}
Jun 26 01:32:16.917330 np0000183030 devstack@n-api.service[99845]: DEBUG nova.api.openstack.wsgi_app [None req-849696d6-fb33-492e-9de5-0ce7db1bb0a1 None None] cert = self.pem {{(pid=99845) log_opt_values /opt/stack/data/venv/lib/python3.12/site-packages/oslo_config/cfg.py:3242}}
Jun 26 01:32:16.917603 np0000183030 devstack@n-api.service[99845]: DEBUG nova.api.openstack.wsgi_app [None req-849696d6-fb33-492e-9de5-0ce7db1bb0a1 None None] compute_driver = libvirt.LibvirtDriver {{(pid=99845) log_opt_values /opt/stack/data/venv/lib/python3.12/site-packages/oslo_config/cfg.py:3242}}
Jun 26 01:32:16.917603 np0000183030 devstack@n-api.service[99845]: DEBUG nova.api.openstack.wsgi_app [None req-849696d6-fb33-492e-9de5-0ce7db1bb0a1 None None] compute_monitors = [] {{(pid=99845) log_opt_values /opt/stack/data/venv/lib/python3.12/site-packages/oslo_config/cfg.py:3242}}
Jun 26 01:32:16.917828 np0000183030 devstack@n-api.service[99845]: DEBUG nova.api.openstack.wsgi_app [None req-849696d6-fb33-492e-9de5-0ce7db1bb0a1 None None] config_dir = [] {{(pid=99845) log_opt_values /opt/stack/data/venv/lib/python3.12/site-packages/oslo_config/cfg.py:3242}}
Jun 26 01:32:16.917992 np0000183030 devstack@n-api.service[99845]: DEBUG nova.api.openstack.wsgi_app [None req-849696d6-fb33-492e-9de5-0ce7db1bb0a1 None None] config_drive_format = iso9660 {{(pid=99845) log_opt_values /opt/stack/data/venv/lib/python3.12/site-packages/oslo_config/cfg.py:3242}}
Jun 26 01:32:16.918115 np0000183030 devstack@n-api.service[99845]: DEBUG nova.api.openstack.wsgi_app [None req-849696d6-fb33-492e-9de5-0ce7db1bb0a1 None None] config_file = ['/etc/nova/api-paste.ini', '/etc/nova/nova.conf'] {{(pid=99845) log_opt_values /opt/stack/data/venv/lib/python3.12/site-packages/oslo_config/cfg.py:3242}}
Jun 26 01:32:16.918330 np0000183030 devstack@n-api.service[99845]: DEBUG nova.api.openstack.wsgi_app [None req-849696d6-fb33-492e-9de5-0ce7db1bb0a1 None None] config_source = [] {{(pid=99845) log_opt_values /opt/stack/data/venv/lib/python3.12/site-packages/oslo_config/cfg.py:3242}}
Jun 26 01:32:16.918512 np0000183030 devstack@n-api.service[99845]: DEBUG nova.api.openstack.wsgi_app [None req-849696d6-fb33-492e-9de5-0ce7db1bb0a1 None None] console_host = np0000183030 {{(pid=99845) log_opt_values /opt/stack/data/venv/lib/python3.12/site-packages/oslo_config/cfg.py:3242}}
Jun 26 01:32:16.918686 np0000183030 devstack@n-api.service[99845]: DEBUG nova.api.openstack.wsgi_app [None req-849696d6-fb33-492e-9de5-0ce7db1bb0a1 None None] control_exchange = nova {{(pid=99845) log_opt_values /opt/stack/data/venv/lib/python3.12/site-packages/oslo_config/cfg.py:3242}}
Jun 26 01:32:16.918864 np0000183030 devstack@n-api.service[99845]: DEBUG nova.api.openstack.wsgi_app [None req-849696d6-fb33-492e-9de5-0ce7db1bb0a1 None None] cpu_allocation_ratio = None {{(pid=99845) log_opt_values /opt/stack/data/venv/lib/python3.12/site-packages/oslo_config/cfg.py:3242}}
Jun 26 01:32:16.919035 np0000183030 devstack@n-api.service[99845]: DEBUG nova.api.openstack.wsgi_app [None req-849696d6-fb33-492e-9de5-0ce7db1bb0a1 None None] daemon = False {{(pid=99845) log_opt_values /opt/stack/data/venv/lib/python3.12/site-packages/oslo_config/cfg.py:3242}}
Jun 26 01:32:16.919234 np0000183030 devstack@n-api.service[99845]: DEBUG nova.api.openstack.wsgi_app [None req-849696d6-fb33-492e-9de5-0ce7db1bb0a1 None None] debug = True {{(pid=99845) log_opt_values /opt/stack/data/venv/lib/python3.12/site-packages/oslo_config/cfg.py:3242}}
Jun 26 01:32:16.919408 np0000183030 devstack@n-api.service[99845]: DEBUG nova.api.openstack.wsgi_app [None req-849696d6-fb33-492e-9de5-0ce7db1bb0a1 None None] default_access_ip_network_name = None {{(pid=99845) log_opt_values /opt/stack/data/venv/lib/python3.12/site-packages/oslo_config/cfg.py:3242}}
Jun 26 01:32:16.919587 np0000183030 devstack@n-api.service[99845]: DEBUG nova.api.openstack.wsgi_app [None req-849696d6-fb33-492e-9de5-0ce7db1bb0a1 None None] default_availability_zone = nova {{(pid=99845) log_opt_values /opt/stack/data/venv/lib/python3.12/site-packages/oslo_config/cfg.py:3242}}
Jun 26 01:32:16.919764 np0000183030 devstack@n-api.service[99845]: DEBUG nova.api.openstack.wsgi_app [None req-849696d6-fb33-492e-9de5-0ce7db1bb0a1 None None] default_ephemeral_format = ext4 {{(pid=99845) log_opt_values /opt/stack/data/venv/lib/python3.12/site-packages/oslo_config/cfg.py:3242}}
Jun 26 01:32:16.919936 np0000183030 devstack@n-api.service[99845]: DEBUG nova.api.openstack.wsgi_app [None req-849696d6-fb33-492e-9de5-0ce7db1bb0a1 None None] default_green_pool_size = 1000 {{(pid=99845) log_opt_values /opt/stack/data/venv/lib/python3.12/site-packages/oslo_config/cfg.py:3242}}
Jun 26 01:32:16.920242 np0000183030 devstack@n-api.service[99845]: DEBUG nova.api.openstack.wsgi_app [None req-849696d6-fb33-492e-9de5-0ce7db1bb0a1 None None] default_log_levels = ['amqp=WARN', 'boto=WARN', 'sqlalchemy=WARN', 'suds=INFO', 'oslo.messaging=INFO', 'oslo_messaging=INFO', 'iso8601=WARN', 'requests.packages.urllib3.connectionpool=WARN', 'urllib3.connectionpool=WARN', 'websocket=WARN', 'requests.packages.urllib3.util.retry=WARN', 'urllib3.util.retry=WARN', 'keystonemiddleware=WARN', 'routes.middleware=WARN', 'stevedore=WARN', 'taskflow=WARN', 'keystoneauth=WARN', 'oslo.cache=INFO', 'oslo_policy=INFO', 'dogpile.core.dogpile=INFO', 'glanceclient=WARN', 'oslo.privsep.daemon=INFO'] {{(pid=99845) log_opt_values /opt/stack/data/venv/lib/python3.12/site-packages/oslo_config/cfg.py:3242}}
Jun 26 01:32:16.920462 np0000183030 devstack@n-api.service[99845]: DEBUG nova.api.openstack.wsgi_app [None req-849696d6-fb33-492e-9de5-0ce7db1bb0a1 None None] default_schedule_zone = None {{(pid=99845) log_opt_values /opt/stack/data/venv/lib/python3.12/site-packages/oslo_config/cfg.py:3242}}
Jun 26 01:32:16.920554 np0000183030 devstack@n-api.service[99845]: DEBUG nova.api.openstack.wsgi_app [None req-849696d6-fb33-492e-9de5-0ce7db1bb0a1 None None] default_thread_pool_size = 10 {{(pid=99845) log_opt_values /opt/stack/data/venv/lib/python3.12/site-packages/oslo_config/cfg.py:3242}}
Jun 26 01:32:16.920696 np0000183030 devstack@n-api.service[99845]: DEBUG nova.api.openstack.wsgi_app [None req-849696d6-fb33-492e-9de5-0ce7db1bb0a1 None None] disk_allocation_ratio = None {{(pid=99845) log_opt_values /opt/stack/data/venv/lib/python3.12/site-packages/oslo_config/cfg.py:3242}}
Jun 26 01:32:16.920859 np0000183030 devstack@n-api.service[99845]: DEBUG nova.api.openstack.wsgi_app [None req-849696d6-fb33-492e-9de5-0ce7db1bb0a1 None None] enable_new_services = True {{(pid=99845) log_opt_values /opt/stack/data/venv/lib/python3.12/site-packages/oslo_config/cfg.py:3242}}
Jun 26 01:32:16.921014 np0000183030 devstack@n-api.service[99845]: DEBUG nova.api.openstack.wsgi_app [None req-849696d6-fb33-492e-9de5-0ce7db1bb0a1 None None] flat_injected = False {{(pid=99845) log_opt_values /opt/stack/data/venv/lib/python3.12/site-packages/oslo_config/cfg.py:3242}}
Jun 26 01:32:16.921177 np0000183030 devstack@n-api.service[99845]: DEBUG nova.api.openstack.wsgi_app [None req-849696d6-fb33-492e-9de5-0ce7db1bb0a1 None None] force_config_drive = False {{(pid=99845) log_opt_values /opt/stack/data/venv/lib/python3.12/site-packages/oslo_config/cfg.py:3242}}
Jun 26 01:32:16.921388 np0000183030 devstack@n-api.service[99845]: DEBUG nova.api.openstack.wsgi_app [None req-849696d6-fb33-492e-9de5-0ce7db1bb0a1 None None] force_raw_images = True {{(pid=99845) log_opt_values /opt/stack/data/venv/lib/python3.12/site-packages/oslo_config/cfg.py:3242}}
Jun 26 01:32:16.921571 np0000183030 devstack@n-api.service[99845]: DEBUG nova.api.openstack.wsgi_app [None req-849696d6-fb33-492e-9de5-0ce7db1bb0a1 None None] graceful_shutdown_timeout = 5 {{(pid=99845) log_opt_values /opt/stack/data/venv/lib/python3.12/site-packages/oslo_config/cfg.py:3242}}
Jun 26 01:32:16.921712 np0000183030 devstack@n-api.service[99845]: DEBUG nova.api.openstack.wsgi_app [None req-849696d6-fb33-492e-9de5-0ce7db1bb0a1 None None] heal_instance_info_cache_interval = -1 {{(pid=99845) log_opt_values /opt/stack/data/venv/lib/python3.12/site-packages/oslo_config/cfg.py:3242}}
Jun 26 01:32:16.921881 np0000183030 devstack@n-api.service[99845]: DEBUG nova.api.openstack.wsgi_app [None req-849696d6-fb33-492e-9de5-0ce7db1bb0a1 None None] host = np0000183030 {{(pid=99845) log_opt_values /opt/stack/data/venv/lib/python3.12/site-packages/oslo_config/cfg.py:3242}}
Jun 26 01:32:16.922027 np0000183030 devstack@n-api.service[99845]: DEBUG nova.api.openstack.wsgi_app [None req-849696d6-fb33-492e-9de5-0ce7db1bb0a1 None None] initial_cpu_allocation_ratio = 4.0 {{(pid=99845) log_opt_values /opt/stack/data/venv/lib/python3.12/site-packages/oslo_config/cfg.py:3242}}
Jun 26 01:32:16.922164 np0000183030 devstack@n-api.service[99845]: DEBUG nova.api.openstack.wsgi_app [None req-849696d6-fb33-492e-9de5-0ce7db1bb0a1 None None] initial_disk_allocation_ratio = 1.0 {{(pid=99845) log_opt_values /opt/stack/data/venv/lib/python3.12/site-packages/oslo_config/cfg.py:3242}}
Jun 26 01:32:16.922322 np0000183030 devstack@n-api.service[99845]: DEBUG nova.api.openstack.wsgi_app [None req-849696d6-fb33-492e-9de5-0ce7db1bb0a1 None None] initial_ram_allocation_ratio = 1.0 {{(pid=99845) log_opt_values /opt/stack/data/venv/lib/python3.12/site-packages/oslo_config/cfg.py:3242}}
Jun 26 01:32:16.922495 np0000183030 devstack@n-api.service[99845]: DEBUG nova.api.openstack.wsgi_app [None req-849696d6-fb33-492e-9de5-0ce7db1bb0a1 None None] injected_network_template = /opt/stack/nova/nova/virt/interfaces.template {{(pid=99845) log_opt_values /opt/stack/data/venv/lib/python3.12/site-packages/oslo_config/cfg.py:3242}}
Jun 26 01:32:16.922630 np0000183030 devstack@n-api.service[99845]: DEBUG nova.api.openstack.wsgi_app [None req-849696d6-fb33-492e-9de5-0ce7db1bb0a1 None None] instance_build_timeout = 0 {{(pid=99845) log_opt_values /opt/stack/data/venv/lib/python3.12/site-packages/oslo_config/cfg.py:3242}}
Jun 26 01:32:16.922768 np0000183030 devstack@n-api.service[99845]: DEBUG nova.api.openstack.wsgi_app [None req-849696d6-fb33-492e-9de5-0ce7db1bb0a1 None None] instance_delete_interval = 300 {{(pid=99845) log_opt_values /opt/stack/data/venv/lib/python3.12/site-packages/oslo_config/cfg.py:3242}}
Jun 26 01:32:16.922902 np0000183030 devstack@n-api.service[99845]: DEBUG nova.api.openstack.wsgi_app [None req-849696d6-fb33-492e-9de5-0ce7db1bb0a1 None None] instance_format = [instance: %(uuid)s] {{(pid=99845) log_opt_values /opt/stack/data/venv/lib/python3.12/site-packages/oslo_config/cfg.py:3242}}
Jun 26 01:32:16.923035 np0000183030 devstack@n-api.service[99845]: DEBUG nova.api.openstack.wsgi_app [None req-849696d6-fb33-492e-9de5-0ce7db1bb0a1 None None] instance_name_template = instance-%08x {{(pid=99845) log_opt_values /opt/stack/data/venv/lib/python3.12/site-packages/oslo_config/cfg.py:3242}}
Jun 26 01:32:16.923147 np0000183030 devstack@n-api.service[99845]: DEBUG nova.api.openstack.wsgi_app [None req-849696d6-fb33-492e-9de5-0ce7db1bb0a1 None None] instance_usage_audit = False {{(pid=99845) log_opt_values /opt/stack/data/venv/lib/python3.12/site-packages/oslo_config/cfg.py:3242}}
Jun 26 01:32:16.923311 np0000183030 devstack@n-api.service[99845]: DEBUG nova.api.openstack.wsgi_app [None req-849696d6-fb33-492e-9de5-0ce7db1bb0a1 None None] instance_usage_audit_period = month {{(pid=99845) log_opt_values /opt/stack/data/venv/lib/python3.12/site-packages/oslo_config/cfg.py:3242}}
Jun 26 01:32:16.923448 np0000183030 devstack@n-api.service[99845]: DEBUG nova.api.openstack.wsgi_app [None req-849696d6-fb33-492e-9de5-0ce7db1bb0a1 None None] instance_uuid_format = [instance: %(uuid)s] {{(pid=99845) log_opt_values /opt/stack/data/venv/lib/python3.12/site-packages/oslo_config/cfg.py:3242}}
Jun 26 01:32:16.923580 np0000183030 devstack@n-api.service[99845]: DEBUG nova.api.openstack.wsgi_app [None req-849696d6-fb33-492e-9de5-0ce7db1bb0a1 None None] instances_path = /opt/stack/data/nova/instances {{(pid=99845) log_opt_values /opt/stack/data/venv/lib/python3.12/site-packages/oslo_config/cfg.py:3242}}
Jun 26 01:32:16.923714 np0000183030 devstack@n-api.service[99845]: DEBUG nova.api.openstack.wsgi_app [None req-849696d6-fb33-492e-9de5-0ce7db1bb0a1 None None] internal_service_availability_zone = internal {{(pid=99845) log_opt_values /opt/stack/data/venv/lib/python3.12/site-packages/oslo_config/cfg.py:3242}}
Jun 26 01:32:16.923845 np0000183030 devstack@n-api.service[99845]: DEBUG nova.api.openstack.wsgi_app [None req-849696d6-fb33-492e-9de5-0ce7db1bb0a1 None None] key = None {{(pid=99845) log_opt_values /opt/stack/data/venv/lib/python3.12/site-packages/oslo_config/cfg.py:3242}}
Jun 26 01:32:16.923976 np0000183030 devstack@n-api.service[99845]: DEBUG nova.api.openstack.wsgi_app [None req-849696d6-fb33-492e-9de5-0ce7db1bb0a1 None None] live_migration_retry_count = 30 {{(pid=99845) log_opt_values /opt/stack/data/venv/lib/python3.12/site-packages/oslo_config/cfg.py:3242}}
Jun 26 01:32:16.924090 np0000183030 devstack@n-api.service[99845]: DEBUG nova.api.openstack.wsgi_app [None req-849696d6-fb33-492e-9de5-0ce7db1bb0a1 None None] log_color = False {{(pid=99845) log_opt_values /opt/stack/data/venv/lib/python3.12/site-packages/oslo_config/cfg.py:3242}}
Jun 26 01:32:16.924245 np0000183030 devstack@n-api.service[99845]: DEBUG nova.api.openstack.wsgi_app [None req-849696d6-fb33-492e-9de5-0ce7db1bb0a1 None None] log_config_append = None {{(pid=99845) log_opt_values /opt/stack/data/venv/lib/python3.12/site-packages/oslo_config/cfg.py:3242}}
Jun 26 01:32:16.924390 np0000183030 devstack@n-api.service[99845]: DEBUG nova.api.openstack.wsgi_app [None req-849696d6-fb33-492e-9de5-0ce7db1bb0a1 None None] log_date_format = %Y-%m-%d %H:%M:%S {{(pid=99845) log_opt_values /opt/stack/data/venv/lib/python3.12/site-packages/oslo_config/cfg.py:3242}}
Jun 26 01:32:16.924512 np0000183030 devstack@n-api.service[99845]: DEBUG nova.api.openstack.wsgi_app [None req-849696d6-fb33-492e-9de5-0ce7db1bb0a1 None None] log_dir = None {{(pid=99845) log_opt_values /opt/stack/data/venv/lib/python3.12/site-packages/oslo_config/cfg.py:3242}}
Jun 26 01:32:16.924639 np0000183030 devstack@n-api.service[99845]: DEBUG nova.api.openstack.wsgi_app [None req-849696d6-fb33-492e-9de5-0ce7db1bb0a1 None None] log_file = None {{(pid=99845) log_opt_values /opt/stack/data/venv/lib/python3.12/site-packages/oslo_config/cfg.py:3242}}
Jun 26 01:32:16.924770 np0000183030 devstack@n-api.service[99845]: DEBUG nova.api.openstack.wsgi_app [None req-849696d6-fb33-492e-9de5-0ce7db1bb0a1 None None] log_options = True {{(pid=99845) log_opt_values /opt/stack/data/venv/lib/python3.12/site-packages/oslo_config/cfg.py:3242}}
Jun 26 01:32:16.924901 np0000183030 devstack@n-api.service[99848]: DEBUG nova.api.openstack.wsgi_app [None req-0213fccd-a2f2-400a-b85d-c14f1ca452a6 None None] ******************************************************************************** {{(pid=99848) log_opt_values /opt/stack/data/venv/lib/python3.12/site-packages/oslo_config/cfg.py:3226}}
