Apr 27 08:09:52.549883 np0000170429 devstack@n-api-meta.service[109231]: DEBUG nova.api.openstack.wsgi_app [None req-188c975e-7c65-4412-acef-3344c117befd None None] oslo_limit.endpoint_service_type = None {{(pid=109231) log_opt_values /opt/stack/data/venv/lib/python3.12/site-packages/oslo_config/cfg.py:3006}}
Apr 27 08:09:52.550014 np0000170429 devstack@n-api-meta.service[109231]: DEBUG nova.api.openstack.wsgi_app [None req-188c975e-7c65-4412-acef-3344c117befd None None] oslo_limit.insecure = False {{(pid=109231) log_opt_values /opt/stack/data/venv/lib/python3.12/site-packages/oslo_config/cfg.py:3006}}
Apr 27 08:09:52.550168 np0000170429 devstack@n-api-meta.service[109231]: DEBUG nova.api.openstack.wsgi_app [None req-188c975e-7c65-4412-acef-3344c117befd None None] oslo_limit.keyfile = None {{(pid=109231) log_opt_values /opt/stack/data/venv/lib/python3.12/site-packages/oslo_config/cfg.py:3006}}
Apr 27 08:09:52.550285 np0000170429 devstack@n-api-meta.service[109231]: DEBUG nova.api.openstack.wsgi_app [None req-188c975e-7c65-4412-acef-3344c117befd None None] oslo_limit.max_version = None {{(pid=109231) log_opt_values /opt/stack/data/venv/lib/python3.12/site-packages/oslo_config/cfg.py:3006}}
Apr 27 08:09:52.550414 np0000170429 devstack@n-api-meta.service[109231]: DEBUG nova.api.openstack.wsgi_app [None req-188c975e-7c65-4412-acef-3344c117befd None None] oslo_limit.min_version = None {{(pid=109231) log_opt_values /opt/stack/data/venv/lib/python3.12/site-packages/oslo_config/cfg.py:3006}}
Apr 27 08:09:52.550559 np0000170429 devstack@n-api-meta.service[109231]: DEBUG nova.api.openstack.wsgi_app [None req-188c975e-7c65-4412-acef-3344c117befd None None] oslo_limit.region_name = None {{(pid=109231) log_opt_values /opt/stack/data/venv/lib/python3.12/site-packages/oslo_config/cfg.py:3006}}
Apr 27 08:09:52.550681 np0000170429 devstack@n-api-meta.service[109231]: DEBUG nova.api.openstack.wsgi_app [None req-188c975e-7c65-4412-acef-3344c117befd None None] oslo_limit.retriable_status_codes = None {{(pid=109231) log_opt_values /opt/stack/data/venv/lib/python3.12/site-packages/oslo_config/cfg.py:3006}}
Apr 27 08:09:52.550831 np0000170429 devstack@n-api-meta.service[109231]: DEBUG nova.api.openstack.wsgi_app [None req-188c975e-7c65-4412-acef-3344c117befd None None] oslo_limit.service_name = None {{(pid=109231) log_opt_values /opt/stack/data/venv/lib/python3.12/site-packages/oslo_config/cfg.py:3006}}
Apr 27 08:09:52.550960 np0000170429 devstack@n-api-meta.service[109231]: DEBUG nova.api.openstack.wsgi_app [None req-188c975e-7c65-4412-acef-3344c117befd None None] oslo_limit.service_type = None {{(pid=109231) log_opt_values /opt/stack/data/venv/lib/python3.12/site-packages/oslo_config/cfg.py:3006}}
Apr 27 08:09:52.551100 np0000170429 devstack@n-api-meta.service[109231]: DEBUG nova.api.openstack.wsgi_app [None req-188c975e-7c65-4412-acef-3344c117befd None None] oslo_limit.split_loggers = False {{(pid=109231) log_opt_values /opt/stack/data/venv/lib/python3.12/site-packages/oslo_config/cfg.py:3006}}
Apr 27 08:09:52.551230 np0000170429 devstack@n-api-meta.service[109231]: DEBUG nova.api.openstack.wsgi_app [None req-188c975e-7c65-4412-acef-3344c117befd None None] oslo_limit.status_code_retries = None {{(pid=109231) log_opt_values /opt/stack/data/venv/lib/python3.12/site-packages/oslo_config/cfg.py:3006}}
Apr 27 08:09:52.551356 np0000170429 devstack@n-api-meta.service[109231]: DEBUG nova.api.openstack.wsgi_app [None req-188c975e-7c65-4412-acef-3344c117befd None None] oslo_limit.status_code_retry_delay = None {{(pid=109231) log_opt_values /opt/stack/data/venv/lib/python3.12/site-packages/oslo_config/cfg.py:3006}}
Apr 27 08:09:52.551484 np0000170429 devstack@n-api-meta.service[109231]: DEBUG nova.api.openstack.wsgi_app [None req-188c975e-7c65-4412-acef-3344c117befd None None] oslo_limit.timeout = None {{(pid=109231) log_opt_values /opt/stack/data/venv/lib/python3.12/site-packages/oslo_config/cfg.py:3006}}
Apr 27 08:09:52.551614 np0000170429 devstack@n-api-meta.service[109231]: DEBUG nova.api.openstack.wsgi_app [None req-188c975e-7c65-4412-acef-3344c117befd None None] oslo_limit.valid_interfaces = None {{(pid=109231) log_opt_values /opt/stack/data/venv/lib/python3.12/site-packages/oslo_config/cfg.py:3006}}
Apr 27 08:09:52.551733 np0000170429 devstack@n-api-meta.service[109231]: DEBUG nova.api.openstack.wsgi_app [None req-188c975e-7c65-4412-acef-3344c117befd None None] oslo_limit.version = None {{(pid=109231) log_opt_values /opt/stack/data/venv/lib/python3.12/site-packages/oslo_config/cfg.py:3006}}
Apr 27 08:09:52.551893 np0000170429 devstack@n-api-meta.service[109231]: DEBUG nova.api.openstack.wsgi_app [None req-188c975e-7c65-4412-acef-3344c117befd None None] oslo_messaging_rabbit.amqp_auto_delete = False {{(pid=109231) log_opt_values /opt/stack/data/venv/lib/python3.12/site-packages/oslo_config/cfg.py:3006}}
Apr 27 08:09:52.552023 np0000170429 devstack@n-api-meta.service[109231]: DEBUG nova.api.openstack.wsgi_app [None req-188c975e-7c65-4412-acef-3344c117befd None None] oslo_messaging_rabbit.amqp_durable_queues = False {{(pid=109231) log_opt_values /opt/stack/data/venv/lib/python3.12/site-packages/oslo_config/cfg.py:3006}}
Apr 27 08:09:52.552154 np0000170429 devstack@n-api-meta.service[109231]: DEBUG nova.api.openstack.wsgi_app [None req-188c975e-7c65-4412-acef-3344c117befd None None] oslo_messaging_rabbit.conn_pool_min_size = 2 {{(pid=109231) log_opt_values /opt/stack/data/venv/lib/python3.12/site-packages/oslo_config/cfg.py:3006}}
Apr 27 08:09:52.552283 np0000170429 devstack@n-api-meta.service[109231]: DEBUG nova.api.openstack.wsgi_app [None req-188c975e-7c65-4412-acef-3344c117befd None None] oslo_messaging_rabbit.conn_pool_ttl = 1200 {{(pid=109231) log_opt_values /opt/stack/data/venv/lib/python3.12/site-packages/oslo_config/cfg.py:3006}}
Apr 27 08:09:52.552412 np0000170429 devstack@n-api-meta.service[109231]: DEBUG nova.api.openstack.wsgi_app [None req-188c975e-7c65-4412-acef-3344c117befd None None] oslo_messaging_rabbit.direct_mandatory_flag = True {{(pid=109231) log_opt_values /opt/stack/data/venv/lib/python3.12/site-packages/oslo_config/cfg.py:3006}}
Apr 27 08:09:52.552540 np0000170429 devstack@n-api-meta.service[109231]: DEBUG nova.api.openstack.wsgi_app [None req-188c975e-7c65-4412-acef-3344c117befd None None] oslo_messaging_rabbit.enable_cancel_on_failover = False {{(pid=109231) log_opt_values /opt/stack/data/venv/lib/python3.12/site-packages/oslo_config/cfg.py:3006}}
Apr 27 08:09:52.552675 np0000170429 devstack@n-api-meta.service[109231]: DEBUG nova.api.openstack.wsgi_app [None req-188c975e-7c65-4412-acef-3344c117befd None None] oslo_messaging_rabbit.heartbeat_in_pthread = False {{(pid=109231) log_opt_values /opt/stack/data/venv/lib/python3.12/site-packages/oslo_config/cfg.py:3006}}
Apr 27 08:09:52.552803 np0000170429 devstack@n-api-meta.service[109231]: DEBUG nova.api.openstack.wsgi_app [None req-188c975e-7c65-4412-acef-3344c117befd None None] oslo_messaging_rabbit.heartbeat_rate = 3 {{(pid=109231) log_opt_values /opt/stack/data/venv/lib/python3.12/site-packages/oslo_config/cfg.py:3006}}
Apr 27 08:09:52.552949 np0000170429 devstack@n-api-meta.service[109231]: DEBUG nova.api.openstack.wsgi_app [None req-188c975e-7c65-4412-acef-3344c117befd None None] oslo_messaging_rabbit.heartbeat_timeout_threshold = 60 {{(pid=109231) log_opt_values /opt/stack/data/venv/lib/python3.12/site-packages/oslo_config/cfg.py:3006}}
Apr 27 08:09:52.553084 np0000170429 devstack@n-api-meta.service[109231]: DEBUG nova.api.openstack.wsgi_app [None req-188c975e-7c65-4412-acef-3344c117befd None None] oslo_messaging_rabbit.hostname = np0000170429 {{(pid=109231) log_opt_values /opt/stack/data/venv/lib/python3.12/site-packages/oslo_config/cfg.py:3006}}
Apr 27 08:09:52.553210 np0000170429 devstack@n-api-meta.service[109231]: DEBUG nova.api.openstack.wsgi_app [None req-188c975e-7c65-4412-acef-3344c117befd None None] oslo_messaging_rabbit.kombu_compression = None {{(pid=109231) log_opt_values /opt/stack/data/venv/lib/python3.12/site-packages/oslo_config/cfg.py:3006}}
Apr 27 08:09:52.553345 np0000170429 devstack@n-api-meta.service[109231]: DEBUG nova.api.openstack.wsgi_app [None req-188c975e-7c65-4412-acef-3344c117befd None None] oslo_messaging_rabbit.kombu_failover_strategy = round-robin {{(pid=109231) log_opt_values /opt/stack/data/venv/lib/python3.12/site-packages/oslo_config/cfg.py:3006}}
Apr 27 08:09:52.553478 np0000170429 devstack@n-api-meta.service[109231]: DEBUG nova.api.openstack.wsgi_app [None req-188c975e-7c65-4412-acef-3344c117befd None None] oslo_messaging_rabbit.kombu_missing_consumer_retry_timeout = 60 {{(pid=109231) log_opt_values /opt/stack/data/venv/lib/python3.12/site-packages/oslo_config/cfg.py:3006}}
Apr 27 08:09:52.553615 np0000170429 devstack@n-api-meta.service[109231]: DEBUG nova.api.openstack.wsgi_app [None req-188c975e-7c65-4412-acef-3344c117befd None None] oslo_messaging_rabbit.kombu_reconnect_delay = 1.0 {{(pid=109231) log_opt_values /opt/stack/data/venv/lib/python3.12/site-packages/oslo_config/cfg.py:3006}}
Apr 27 08:09:52.553737 np0000170429 devstack@n-api-meta.service[109231]: DEBUG nova.api.openstack.wsgi_app [None req-188c975e-7c65-4412-acef-3344c117befd None None] oslo_messaging_rabbit.kombu_reconnect_splay = 0.0 {{(pid=109231) log_opt_values /opt/stack/data/venv/lib/python3.12/site-packages/oslo_config/cfg.py:3006}}
Apr 27 08:09:52.553892 np0000170429 devstack@n-api-meta.service[109231]: DEBUG nova.api.openstack.wsgi_app [None req-188c975e-7c65-4412-acef-3344c117befd None None] oslo_messaging_rabbit.processname = uwsgi {{(pid=109231) log_opt_values /opt/stack/data/venv/lib/python3.12/site-packages/oslo_config/cfg.py:3006}}
Apr 27 08:09:52.554021 np0000170429 devstack@n-api-meta.service[109231]: DEBUG nova.api.openstack.wsgi_app [None req-188c975e-7c65-4412-acef-3344c117befd None None] oslo_messaging_rabbit.rabbit_ha_queues = False {{(pid=109231) log_opt_values /opt/stack/data/venv/lib/python3.12/site-packages/oslo_config/cfg.py:3006}}
Apr 27 08:09:52.554223 np0000170429 devstack@n-api-meta.service[109231]: DEBUG nova.api.openstack.wsgi_app [None req-188c975e-7c65-4412-acef-3344c117befd None None] oslo_messaging_rabbit.rabbit_interval_max = 30 {{(pid=109231) log_opt_values /opt/stack/data/venv/lib/python3.12/site-packages/oslo_config/cfg.py:3006}}
Apr 27 08:09:52.554430 np0000170429 devstack@n-api-meta.service[109231]: DEBUG nova.api.openstack.wsgi_app [None req-188c975e-7c65-4412-acef-3344c117befd None None] oslo_messaging_rabbit.rabbit_login_method = AMQPLAIN {{(pid=109231) log_opt_values /opt/stack/data/venv/lib/python3.12/site-packages/oslo_config/cfg.py:3006}}
Apr 27 08:09:52.554595 np0000170429 devstack@n-api-meta.service[109231]: DEBUG nova.api.openstack.wsgi_app [None req-188c975e-7c65-4412-acef-3344c117befd None None] oslo_messaging_rabbit.rabbit_qos_prefetch_count = 0 {{(pid=109231) log_opt_values /opt/stack/data/venv/lib/python3.12/site-packages/oslo_config/cfg.py:3006}}
Apr 27 08:09:52.554733 np0000170429 devstack@n-api-meta.service[109231]: DEBUG nova.api.openstack.wsgi_app [None req-188c975e-7c65-4412-acef-3344c117befd None None] oslo_messaging_rabbit.rabbit_quorum_delivery_limit = 0 {{(pid=109231) log_opt_values /opt/stack/data/venv/lib/python3.12/site-packages/oslo_config/cfg.py:3006}}
Apr 27 08:09:52.554876 np0000170429 devstack@n-api-meta.service[109231]: DEBUG nova.api.openstack.wsgi_app [None req-188c975e-7c65-4412-acef-3344c117befd None None] oslo_messaging_rabbit.rabbit_quorum_max_memory_bytes = 0 {{(pid=109231) log_opt_values /opt/stack/data/venv/lib/python3.12/site-packages/oslo_config/cfg.py:3006}}
Apr 27 08:09:52.554999 np0000170429 devstack@n-api-meta.service[109231]: DEBUG nova.api.openstack.wsgi_app [None req-188c975e-7c65-4412-acef-3344c117befd None None] oslo_messaging_rabbit.rabbit_quorum_max_memory_length = 0 {{(pid=109231) log_opt_values /opt/stack/data/venv/lib/python3.12/site-packages/oslo_config/cfg.py:3006}}
Apr 27 08:09:52.555127 np0000170429 devstack@n-api-meta.service[109231]: DEBUG nova.api.openstack.wsgi_app [None req-188c975e-7c65-4412-acef-3344c117befd None None] oslo_messaging_rabbit.rabbit_quorum_queue = False {{(pid=109231) log_opt_values /opt/stack/data/venv/lib/python3.12/site-packages/oslo_config/cfg.py:3006}}
Apr 27 08:09:52.555255 np0000170429 devstack@n-api-meta.service[109231]: DEBUG nova.api.openstack.wsgi_app [None req-188c975e-7c65-4412-acef-3344c117befd None None] oslo_messaging_rabbit.rabbit_retry_backoff = 2 {{(pid=109231) log_opt_values /opt/stack/data/venv/lib/python3.12/site-packages/oslo_config/cfg.py:3006}}
Apr 27 08:09:52.555384 np0000170429 devstack@n-api-meta.service[109231]: DEBUG nova.api.openstack.wsgi_app [None req-188c975e-7c65-4412-acef-3344c117befd None None] oslo_messaging_rabbit.rabbit_retry_interval = 1 {{(pid=109231) log_opt_values /opt/stack/data/venv/lib/python3.12/site-packages/oslo_config/cfg.py:3006}}
Apr 27 08:09:52.555512 np0000170429 devstack@n-api-meta.service[109231]: DEBUG nova.api.openstack.wsgi_app [None req-188c975e-7c65-4412-acef-3344c117befd None None] oslo_messaging_rabbit.rabbit_stream_fanout = False {{(pid=109231) log_opt_values /opt/stack/data/venv/lib/python3.12/site-packages/oslo_config/cfg.py:3006}}
Apr 27 08:09:52.555643 np0000170429 devstack@n-api-meta.service[109231]: DEBUG nova.api.openstack.wsgi_app [None req-188c975e-7c65-4412-acef-3344c117befd None None] oslo_messaging_rabbit.rabbit_transient_queues_ttl = 1800 {{(pid=109231) log_opt_values /opt/stack/data/venv/lib/python3.12/site-packages/oslo_config/cfg.py:3006}}
Apr 27 08:09:52.555771 np0000170429 devstack@n-api-meta.service[109231]: DEBUG nova.api.openstack.wsgi_app [None req-188c975e-7c65-4412-acef-3344c117befd None None] oslo_messaging_rabbit.rabbit_transient_quorum_queue = False {{(pid=109231) log_opt_values /opt/stack/data/venv/lib/python3.12/site-packages/oslo_config/cfg.py:3006}}
Apr 27 08:09:52.555915 np0000170429 devstack@n-api-meta.service[109231]: DEBUG nova.api.openstack.wsgi_app [None req-188c975e-7c65-4412-acef-3344c117befd None None] oslo_messaging_rabbit.rpc_conn_pool_size = 30 {{(pid=109231) log_opt_values /opt/stack/data/venv/lib/python3.12/site-packages/oslo_config/cfg.py:3006}}
Apr 27 08:09:52.556047 np0000170429 devstack@n-api-meta.service[109231]: DEBUG nova.api.openstack.wsgi_app [None req-188c975e-7c65-4412-acef-3344c117befd None None] oslo_messaging_rabbit.ssl = False {{(pid=109231) log_opt_values /opt/stack/data/venv/lib/python3.12/site-packages/oslo_config/cfg.py:3006}}
Apr 27 08:09:52.556180 np0000170429 devstack@n-api-meta.service[109231]: DEBUG nova.api.openstack.wsgi_app [None req-188c975e-7c65-4412-acef-3344c117befd None None] oslo_messaging_rabbit.ssl_ca_file = {{(pid=109231) log_opt_values /opt/stack/data/venv/lib/python3.12/site-packages/oslo_config/cfg.py:3006}}
Apr 27 08:09:52.556313 np0000170429 devstack@n-api-meta.service[109231]: DEBUG nova.api.openstack.wsgi_app [None req-188c975e-7c65-4412-acef-3344c117befd None None] oslo_messaging_rabbit.ssl_cert_file = {{(pid=109231) log_opt_values /opt/stack/data/venv/lib/python3.12/site-packages/oslo_config/cfg.py:3006}}
Apr 27 08:09:52.556442 np0000170429 devstack@n-api-meta.service[109231]: DEBUG nova.api.openstack.wsgi_app [None req-188c975e-7c65-4412-acef-3344c117befd None None] oslo_messaging_rabbit.ssl_enforce_fips_mode = False {{(pid=109231) log_opt_values /opt/stack/data/venv/lib/python3.12/site-packages/oslo_config/cfg.py:3006}}
Apr 27 08:09:52.556575 np0000170429 devstack@n-api-meta.service[109231]: DEBUG nova.api.openstack.wsgi_app [None req-188c975e-7c65-4412-acef-3344c117befd None None] oslo_messaging_rabbit.ssl_key_file = {{(pid=109231) log_opt_values /opt/stack/data/venv/lib/python3.12/site-packages/oslo_config/cfg.py:3006}}
Apr 27 08:09:52.556709 np0000170429 devstack@n-api-meta.service[109231]: DEBUG nova.api.openstack.wsgi_app [None req-188c975e-7c65-4412-acef-3344c117befd None None] oslo_messaging_rabbit.ssl_version = {{(pid=109231) log_opt_values /opt/stack/data/venv/lib/python3.12/site-packages/oslo_config/cfg.py:3006}}
Apr 27 08:09:52.556848 np0000170429 devstack@n-api-meta.service[109231]: DEBUG nova.api.openstack.wsgi_app [None req-188c975e-7c65-4412-acef-3344c117befd None None] oslo_messaging_rabbit.use_queue_manager = False {{(pid=109231) log_opt_values /opt/stack/data/venv/lib/python3.12/site-packages/oslo_config/cfg.py:3006}}
Apr 27 08:09:52.556999 np0000170429 devstack@n-api-meta.service[109231]: DEBUG nova.api.openstack.wsgi_app [None req-188c975e-7c65-4412-acef-3344c117befd None None] oslo_messaging_notifications.driver = ['messagingv2'] {{(pid=109231) log_opt_values /opt/stack/data/venv/lib/python3.12/site-packages/oslo_config/cfg.py:3006}}
Apr 27 08:09:52.557130 np0000170429 devstack@n-api-meta.service[109231]: DEBUG nova.api.openstack.wsgi_app [None req-188c975e-7c65-4412-acef-3344c117befd None None] oslo_messaging_notifications.retry = -1 {{(pid=109231) log_opt_values /opt/stack/data/venv/lib/python3.12/site-packages/oslo_config/cfg.py:3006}}
Apr 27 08:09:52.557268 np0000170429 devstack@n-api-meta.service[109231]: DEBUG nova.api.openstack.wsgi_app [None req-188c975e-7c65-4412-acef-3344c117befd None None] oslo_messaging_notifications.topics = ['notifications'] {{(pid=109231) log_opt_values /opt/stack/data/venv/lib/python3.12/site-packages/oslo_config/cfg.py:3006}}
Apr 27 08:09:52.557404 np0000170429 devstack@n-api-meta.service[109231]: DEBUG nova.api.openstack.wsgi_app [None req-188c975e-7c65-4412-acef-3344c117befd None None] oslo_messaging_notifications.transport_url = **** {{(pid=109231) log_opt_values /opt/stack/data/venv/lib/python3.12/site-packages/oslo_config/cfg.py:3006}}
Apr 27 08:09:52.557539 np0000170429 devstack@n-api-meta.service[109231]: DEBUG nova.api.openstack.wsgi_app [None req-188c975e-7c65-4412-acef-3344c117befd None None] oslo_reports.file_event_handler = None {{(pid=109231) log_opt_values /opt/stack/data/venv/lib/python3.12/site-packages/oslo_config/cfg.py:3006}}
Apr 27 08:09:52.557669 np0000170429 devstack@n-api-meta.service[109231]: DEBUG nova.api.openstack.wsgi_app [None req-188c975e-7c65-4412-acef-3344c117befd None None] oslo_reports.file_event_handler_interval = 1 {{(pid=109231) log_opt_values /opt/stack/data/venv/lib/python3.12/site-packages/oslo_config/cfg.py:3006}}
Apr 27 08:09:52.557824 np0000170429 devstack@n-api-meta.service[109231]: DEBUG nova.api.openstack.wsgi_app [None req-188c975e-7c65-4412-acef-3344c117befd None None] oslo_reports.log_dir = None {{(pid=109231) log_opt_values /opt/stack/data/venv/lib/python3.12/site-packages/oslo_config/cfg.py:3006}}
Apr 27 08:09:52.557957 np0000170429 devstack@n-api-meta.service[109231]: DEBUG nova.api.openstack.wsgi_app [None req-188c975e-7c65-4412-acef-3344c117befd None None] ******************************************************************************** {{(pid=109231) log_opt_values /opt/stack/data/venv/lib/python3.12/site-packages/oslo_config/cfg.py:3013}}
Apr 27 08:09:52.558119 np0000170429 devstack@n-api-meta.service[109231]: WSGI app 0 (mountpoint='') ready in 2 seconds on interpreter 0x7adf62ca3668 pid: 109231 (default app)
Apr 27 08:10:01.911660 np0000170429 devstack@n-api-meta.service[109229]: DEBUG dbcounter [-] [109229] Writing DB stats nova_api:SELECT=1 {{(pid=109229) stat_writer /opt/stack/data/venv/lib/python3.12/site-packages/dbcounter.py:115}}
Apr 27 08:10:02.012085 np0000170429 devstack@n-api-meta.service[109232]: DEBUG dbcounter [-] [109232] Writing DB stats nova_api:SELECT=1 {{(pid=109232) stat_writer /opt/stack/data/venv/lib/python3.12/site-packages/dbcounter.py:115}}
Apr 27 08:10:02.039420 np0000170429 devstack@n-api-meta.service[109230]: DEBUG dbcounter [-] [109230] Writing DB stats nova_api:SELECT=1 {{(pid=109230) stat_writer /opt/stack/data/venv/lib/python3.12/site-packages/dbcounter.py:115}}
Apr 27 08:10:02.089670 np0000170429 devstack@n-api-meta.service[109229]: DEBUG dbcounter [-] [109229] Writing DB stats nova_cell0:SELECT=1 {{(pid=109229) stat_writer /opt/stack/data/venv/lib/python3.12/site-packages/dbcounter.py:115}}
Apr 27 08:10:02.091293 np0000170429 devstack@n-api-meta.service[109229]: DEBUG dbcounter [-] [109229] Writing DB stats nova_cell1:SELECT=1 {{(pid=109229) stat_writer /opt/stack/data/venv/lib/python3.12/site-packages/dbcounter.py:115}}
Apr 27 08:10:02.121448 np0000170429 devstack@n-api-meta.service[109229]: DEBUG dbcounter [-] [109229] Writing DB stats nova_cell0:SELECT=2,nova_cell0:INSERT=1 {{(pid=109229) stat_writer /opt/stack/data/venv/lib/python3.12/site-packages/dbcounter.py:115}}
Apr 27 08:10:02.146788 np0000170429 devstack@n-api-meta.service[109232]: DEBUG dbcounter [-] [109232] Writing DB stats nova_cell0:SELECT=1 {{(pid=109232) stat_writer /opt/stack/data/venv/lib/python3.12/site-packages/dbcounter.py:115}}
Apr 27 08:10:02.152646 np0000170429 devstack@n-api-meta.service[109232]: DEBUG dbcounter [-] [109232] Writing DB stats nova_cell1:SELECT=1 {{(pid=109232) stat_writer /opt/stack/data/venv/lib/python3.12/site-packages/dbcounter.py:115}}
Apr 27 08:10:02.169462 np0000170429 devstack@n-api-meta.service[109230]: DEBUG dbcounter [-] [109230] Writing DB stats nova_cell0:SELECT=1 {{(pid=109230) stat_writer /opt/stack/data/venv/lib/python3.12/site-packages/dbcounter.py:115}}
Apr 27 08:10:02.172169 np0000170429 devstack@n-api-meta.service[109230]: DEBUG dbcounter [-] [109230] Writing DB stats nova_cell1:SELECT=1 {{(pid=109230) stat_writer /opt/stack/data/venv/lib/python3.12/site-packages/dbcounter.py:115}}
Apr 27 08:10:02.179251 np0000170429 devstack@n-api-meta.service[109232]: DEBUG dbcounter [-] [109232] Writing DB stats nova_cell0:SELECT=1 {{(pid=109232) stat_writer /opt/stack/data/venv/lib/python3.12/site-packages/dbcounter.py:115}}
Apr 27 08:10:02.207246 np0000170429 devstack@n-api-meta.service[109230]: DEBUG dbcounter [-] [109230] Writing DB stats nova_cell0:SELECT=1 {{(pid=109230) stat_writer /opt/stack/data/venv/lib/python3.12/site-packages/dbcounter.py:115}}
Apr 27 08:10:02.221341 np0000170429 devstack@n-api-meta.service[109231]: DEBUG dbcounter [-] [109231] Writing DB stats nova_api:SELECT=1 {{(pid=109231) stat_writer /opt/stack/data/venv/lib/python3.12/site-packages/dbcounter.py:115}}
Apr 27 08:10:02.349416 np0000170429 devstack@n-api-meta.service[109231]: DEBUG dbcounter [-] [109231] Writing DB stats nova_cell0:SELECT=1 {{(pid=109231) stat_writer /opt/stack/data/venv/lib/python3.12/site-packages/dbcounter.py:115}}
Apr 27 08:10:02.353055 np0000170429 devstack@n-api-meta.service[109231]: DEBUG dbcounter [-] [109231] Writing DB stats nova_cell1:SELECT=1 {{(pid=109231) stat_writer /opt/stack/data/venv/lib/python3.12/site-packages/dbcounter.py:115}}
Apr 27 08:10:02.375894 np0000170429 devstack@n-api-meta.service[109231]: DEBUG dbcounter [-] [109231] Writing DB stats nova_cell0:SELECT=1 {{(pid=109231) stat_writer /opt/stack/data/venv/lib/python3.12/site-packages/dbcounter.py:115}}
Apr 27 08:16:47.094036 np0000170429 devstack@n-api-meta.service[109229]: DEBUG nova.api.metadata.handler [None req-9f741878-fe6e-4a82-b869-53692d5310a2 None None] Metadata request headers: {'Host': '199.204.45.22:8775', 'User-Agent': 'python-requests/2.33.1', 'Accept-Encoding': 'gzip, deflate', 'Accept': '*/*', 'Connection': 'keep-alive', 'X-Forwarded-For': '192.168.24.45', 'X-Instance-Id': 'bf2c6989-5c9c-438e-84ba-5dc1ba75e0d7', 'X-Tenant-Id': 'a9550a5ca831415d97ee292c871d58a8', 'X-Instance-Id-Signature': 'ccfefd7cf685175e8befd932ecdfdeb87869d98c24353f1221ade884aeb185d9'} {{(pid=109229) __call__ /opt/stack/nova/nova/api/metadata/handler.py:109}}
Apr 27 08:16:47.111407 np0000170429 devstack@n-api-meta.service[109229]: DEBUG oslo_concurrency.lockutils [None req-8967ebcf-2af3-49f3-9653-cf8f5681306f None None] Acquiring lock "da3032b4-0693-4d63-8ed5-014bcf167df6" by "nova.context.set_target_cell..get_or_set_cached_cell_and_set_connections" {{(pid=109229) inner /opt/stack/data/venv/lib/python3.12/site-packages/oslo_concurrency/lockutils.py:506}}
Apr 27 08:16:47.111797 np0000170429 devstack@n-api-meta.service[109229]: DEBUG oslo_concurrency.lockutils [None req-8967ebcf-2af3-49f3-9653-cf8f5681306f None None] Lock "da3032b4-0693-4d63-8ed5-014bcf167df6" acquired by "nova.context.set_target_cell..get_or_set_cached_cell_and_set_connections" :: waited 0.000s {{(pid=109229) inner /opt/stack/data/venv/lib/python3.12/site-packages/oslo_concurrency/lockutils.py:519}}
Apr 27 08:16:47.111797 np0000170429 devstack@n-api-meta.service[109229]: DEBUG oslo_concurrency.lockutils [None req-8967ebcf-2af3-49f3-9653-cf8f5681306f None None] Lock "da3032b4-0693-4d63-8ed5-014bcf167df6" "released" by "nova.context.set_target_cell..get_or_set_cached_cell_and_set_connections" :: held 0.000s {{(pid=109229) inner /opt/stack/data/venv/lib/python3.12/site-packages/oslo_concurrency/lockutils.py:538}}
Apr 27 08:16:47.168071 np0000170429 devstack@n-api-meta.service[109229]: WARNING neutronclient.v2_0.client [None req-8967ebcf-2af3-49f3-9653-cf8f5681306f None None] The python binding code in neutronclient is deprecated in favor of OpenstackSDK, please use that as this will be removed in a future release.
Apr 27 08:16:47.854021 np0000170429 devstack@n-api-meta.service[109229]: [pid: 109229|app: 0|req: 1/1] 199.204.45.22 () {40 vars in 639 bytes} [Mon Apr 27 08:16:47 2026] GET /openstack => generated 116 bytes in 762 msecs (HTTP/1.1 200) 3 headers in 100 bytes (1 switches on core 0)
Apr 27 08:16:47.867025 np0000170429 devstack@n-api-meta.service[109232]: DEBUG nova.api.metadata.handler [None req-d61097ad-203e-48b2-95d8-d19557ccb83b None None] Metadata request headers: {'Host': '199.204.45.22:8775', 'User-Agent': 'python-requests/2.33.1', 'Accept-Encoding': 'gzip, deflate', 'Accept': '*/*', 'Connection': 'keep-alive', 'X-Forwarded-For': '192.168.24.45', 'X-Instance-Id': 'bf2c6989-5c9c-438e-84ba-5dc1ba75e0d7', 'X-Tenant-Id': 'a9550a5ca831415d97ee292c871d58a8', 'X-Instance-Id-Signature': 'ccfefd7cf685175e8befd932ecdfdeb87869d98c24353f1221ade884aeb185d9'} {{(pid=109232) __call__ /opt/stack/nova/nova/api/metadata/handler.py:109}}
Apr 27 08:16:47.870716 np0000170429 devstack@n-api-meta.service[109232]: DEBUG nova.api.metadata.handler [None req-d61097ad-203e-48b2-95d8-d19557ccb83b None None] Using cached metadata for instance bf2c6989-5c9c-438e-84ba-5dc1ba75e0d7 {{(pid=109232) get_metadata_by_instance_id /opt/stack/nova/nova/api/metadata/handler.py:84}}
Apr 27 08:16:47.871154 np0000170429 devstack@n-api-meta.service[109232]: [pid: 109232|app: 0|req: 1/2] 199.204.45.22 () {40 vars in 639 bytes} [Mon Apr 27 08:16:47 2026] GET /openstack => generated 116 bytes in 4 msecs (HTTP/1.1 200) 3 headers in 100 bytes (1 switches on core 0)
Apr 27 08:16:47.879392 np0000170429 devstack@n-api-meta.service[109230]: DEBUG nova.api.metadata.handler [None req-5a60358e-14f1-4510-ae39-af2caf9a4359 None None] Metadata request headers: {'Host': '199.204.45.22:8775', 'User-Agent': 'python-requests/2.33.1', 'Accept-Encoding': 'gzip, deflate', 'Accept': '*/*', 'Connection': 'keep-alive', 'X-Forwarded-For': '192.168.24.45', 'X-Instance-Id': 'bf2c6989-5c9c-438e-84ba-5dc1ba75e0d7', 'X-Tenant-Id': 'a9550a5ca831415d97ee292c871d58a8', 'X-Instance-Id-Signature': 'ccfefd7cf685175e8befd932ecdfdeb87869d98c24353f1221ade884aeb185d9'} {{(pid=109230) __call__ /opt/stack/nova/nova/api/metadata/handler.py:109}}
Apr 27 08:16:47.885195 np0000170429 devstack@n-api-meta.service[109230]: DEBUG nova.api.metadata.handler [None req-5a60358e-14f1-4510-ae39-af2caf9a4359 None None] Using cached metadata for instance bf2c6989-5c9c-438e-84ba-5dc1ba75e0d7 {{(pid=109230) get_metadata_by_instance_id /opt/stack/nova/nova/api/metadata/handler.py:84}}
Apr 27 08:16:47.885909 np0000170429 devstack@n-api-meta.service[109230]: [pid: 109230|app: 0|req: 1/3] 199.204.45.22 () {40 vars in 691 bytes} [Mon Apr 27 08:16:47 2026] GET /openstack/2018-08-27/meta_data.json => generated 946 bytes in 7 msecs (HTTP/1.1 200) 3 headers in 91 bytes (1 switches on core 0)
Apr 27 08:16:47.898112 np0000170429 devstack@n-api-meta.service[109231]: DEBUG nova.api.metadata.handler [None req-188c975e-7c65-4412-acef-3344c117befd None None] Metadata request headers: {'Host': '199.204.45.22:8775', 'User-Agent': 'python-requests/2.33.1', 'Accept-Encoding': 'gzip, deflate', 'Accept': '*/*', 'Connection': 'keep-alive', 'X-Forwarded-For': '192.168.24.45', 'X-Instance-Id': 'bf2c6989-5c9c-438e-84ba-5dc1ba75e0d7', 'X-Tenant-Id': 'a9550a5ca831415d97ee292c871d58a8', 'X-Instance-Id-Signature': 'ccfefd7cf685175e8befd932ecdfdeb87869d98c24353f1221ade884aeb185d9'} {{(pid=109231) __call__ /opt/stack/nova/nova/api/metadata/handler.py:109}}
Apr 27 08:16:47.902099 np0000170429 devstack@n-api-meta.service[109231]: DEBUG nova.api.metadata.handler [None req-188c975e-7c65-4412-acef-3344c117befd None None] Using cached metadata for instance bf2c6989-5c9c-438e-84ba-5dc1ba75e0d7 {{(pid=109231) get_metadata_by_instance_id /opt/stack/nova/nova/api/metadata/handler.py:84}}
Apr 27 08:16:47.902534 np0000170429 devstack@n-api-meta.service[109231]: [pid: 109231|app: 0|req: 1/4] 199.204.45.22 () {40 vars in 682 bytes} [Mon Apr 27 08:16:47 2026] GET /openstack/2018-08-27/user_data => generated 26437 bytes in 6 msecs (HTTP/1.1 200) 3 headers in 102 bytes (1 switches on core 0)
Apr 27 08:16:47.912196 np0000170429 devstack@n-api-meta.service[109229]: DEBUG nova.api.metadata.handler [None req-8967ebcf-2af3-49f3-9653-cf8f5681306f None None] Metadata request headers: {'Host': '199.204.45.22:8775', 'User-Agent': 'python-requests/2.33.1', 'Accept-Encoding': 'gzip, deflate', 'Accept': '*/*', 'Connection': 'keep-alive', 'X-Forwarded-For': '192.168.24.45', 'X-Instance-Id': 'bf2c6989-5c9c-438e-84ba-5dc1ba75e0d7', 'X-Tenant-Id': 'a9550a5ca831415d97ee292c871d58a8', 'X-Instance-Id-Signature': 'ccfefd7cf685175e8befd932ecdfdeb87869d98c24353f1221ade884aeb185d9'} {{(pid=109229) __call__ /opt/stack/nova/nova/api/metadata/handler.py:109}}
Apr 27 08:16:47.915905 np0000170429 devstack@n-api-meta.service[109229]: DEBUG nova.api.metadata.handler [None req-8967ebcf-2af3-49f3-9653-cf8f5681306f None None] Using cached metadata for instance bf2c6989-5c9c-438e-84ba-5dc1ba75e0d7 {{(pid=109229) get_metadata_by_instance_id /opt/stack/nova/nova/api/metadata/handler.py:84}}
Apr 27 08:16:47.916811 np0000170429 devstack@n-api-meta.service[109229]: [pid: 109229|app: 0|req: 2/5] 199.204.45.22 () {40 vars in 696 bytes} [Mon Apr 27 08:16:47 2026] GET /openstack/2018-08-27/vendor_data.json => generated 2 bytes in 6 msecs (HTTP/1.1 200) 3 headers in 89 bytes (1 switches on core 0)
Apr 27 08:16:47.924301 np0000170429 devstack@n-api-meta.service[109232]: DEBUG nova.api.metadata.handler [None req-d61097ad-203e-48b2-95d8-d19557ccb83b None None] Metadata request headers: {'Host': '199.204.45.22:8775', 'User-Agent': 'python-requests/2.33.1', 'Accept-Encoding': 'gzip, deflate', 'Accept': '*/*', 'Connection': 'keep-alive', 'X-Forwarded-For': '192.168.24.45', 'X-Instance-Id': 'bf2c6989-5c9c-438e-84ba-5dc1ba75e0d7', 'X-Tenant-Id': 'a9550a5ca831415d97ee292c871d58a8', 'X-Instance-Id-Signature': 'ccfefd7cf685175e8befd932ecdfdeb87869d98c24353f1221ade884aeb185d9'} {{(pid=109232) __call__ /opt/stack/nova/nova/api/metadata/handler.py:109}}
Apr 27 08:16:47.926621 np0000170429 devstack@n-api-meta.service[109232]: DEBUG nova.api.metadata.handler [None req-d61097ad-203e-48b2-95d8-d19557ccb83b None None] Using cached metadata for instance bf2c6989-5c9c-438e-84ba-5dc1ba75e0d7 {{(pid=109232) get_metadata_by_instance_id /opt/stack/nova/nova/api/metadata/handler.py:84}}
Apr 27 08:16:47.927327 np0000170429 devstack@n-api-meta.service[109232]: [pid: 109232|app: 0|req: 2/6] 199.204.45.22 () {40 vars in 698 bytes} [Mon Apr 27 08:16:47 2026] GET /openstack/2018-08-27/vendor_data2.json => generated 14 bytes in 3 msecs (HTTP/1.1 200) 3 headers in 90 bytes (1 switches on core 0)
Apr 27 08:16:47.933837 np0000170429 devstack@n-api-meta.service[109230]: DEBUG nova.api.metadata.handler [None req-5a60358e-14f1-4510-ae39-af2caf9a4359 None None] Metadata request headers: {'Host': '199.204.45.22:8775', 'User-Agent': 'python-requests/2.33.1', 'Accept-Encoding': 'gzip, deflate', 'Accept': '*/*', 'Connection': 'keep-alive', 'X-Forwarded-For': '192.168.24.45', 'X-Instance-Id': 'bf2c6989-5c9c-438e-84ba-5dc1ba75e0d7', 'X-Tenant-Id': 'a9550a5ca831415d97ee292c871d58a8', 'X-Instance-Id-Signature': 'ccfefd7cf685175e8befd932ecdfdeb87869d98c24353f1221ade884aeb185d9'} {{(pid=109230) __call__ /opt/stack/nova/nova/api/metadata/handler.py:109}}
Apr 27 08:16:47.936801 np0000170429 devstack@n-api-meta.service[109230]: DEBUG nova.api.metadata.handler [None req-5a60358e-14f1-4510-ae39-af2caf9a4359 None None] Using cached metadata for instance bf2c6989-5c9c-438e-84ba-5dc1ba75e0d7 {{(pid=109230) get_metadata_by_instance_id /opt/stack/nova/nova/api/metadata/handler.py:84}}
Apr 27 08:16:47.937461 np0000170429 devstack@n-api-meta.service[109230]: [pid: 109230|app: 0|req: 2/7] 199.204.45.22 () {40 vars in 698 bytes} [Mon Apr 27 08:16:47 2026] GET /openstack/2018-08-27/network_data.json => generated 348 bytes in 4 msecs (HTTP/1.1 200) 3 headers in 100 bytes (1 switches on core 0)
Apr 27 08:16:47.943464 np0000170429 devstack@n-api-meta.service[109231]: DEBUG nova.api.metadata.handler [None req-188c975e-7c65-4412-acef-3344c117befd None None] Metadata request headers: {'Host': '199.204.45.22:8775', 'User-Agent': 'python-requests/2.33.1', 'Accept-Encoding': 'gzip, deflate', 'Accept': '*/*', 'Connection': 'keep-alive', 'X-Forwarded-For': '192.168.24.45', 'X-Instance-Id': 'bf2c6989-5c9c-438e-84ba-5dc1ba75e0d7', 'X-Tenant-Id': 'a9550a5ca831415d97ee292c871d58a8', 'X-Instance-Id-Signature': 'ccfefd7cf685175e8befd932ecdfdeb87869d98c24353f1221ade884aeb185d9'} {{(pid=109231) __call__ /opt/stack/nova/nova/api/metadata/handler.py:109}}
Apr 27 08:16:47.946851 np0000170429 devstack@n-api-meta.service[109231]: DEBUG nova.api.metadata.handler [None req-188c975e-7c65-4412-acef-3344c117befd None None] Using cached metadata for instance bf2c6989-5c9c-438e-84ba-5dc1ba75e0d7 {{(pid=109231) get_metadata_by_instance_id /opt/stack/nova/nova/api/metadata/handler.py:84}}
Apr 27 08:16:47.948040 np0000170429 devstack@n-api-meta.service[109231]: [pid: 109231|app: 0|req: 2/8] 199.204.45.22 () {40 vars in 656 bytes} [Mon Apr 27 08:16:47 2026] GET /latest/meta-data/ => generated 210 bytes in 5 msecs (HTTP/1.1 200) 3 headers in 100 bytes (1 switches on core 0)
Apr 27 08:16:47.955295 np0000170429 devstack@n-api-meta.service[109229]: DEBUG nova.api.metadata.handler [None req-8967ebcf-2af3-49f3-9653-cf8f5681306f None None] Metadata request headers: {'Host': '199.204.45.22:8775', 'User-Agent': 'python-requests/2.33.1', 'Accept-Encoding': 'gzip, deflate', 'Accept': '*/*', 'Connection': 'keep-alive', 'X-Forwarded-For': '192.168.24.45', 'X-Instance-Id': 'bf2c6989-5c9c-438e-84ba-5dc1ba75e0d7', 'X-Tenant-Id': 'a9550a5ca831415d97ee292c871d58a8', 'X-Instance-Id-Signature': 'ccfefd7cf685175e8befd932ecdfdeb87869d98c24353f1221ade884aeb185d9'} {{(pid=109229) __call__ /opt/stack/nova/nova/api/metadata/handler.py:109}}
Apr 27 08:16:47.958080 np0000170429 devstack@n-api-meta.service[109229]: DEBUG nova.api.metadata.handler [None req-8967ebcf-2af3-49f3-9653-cf8f5681306f None None] Using cached metadata for instance bf2c6989-5c9c-438e-84ba-5dc1ba75e0d7 {{(pid=109229) get_metadata_by_instance_id /opt/stack/nova/nova/api/metadata/handler.py:84}}
Apr 27 08:16:47.958924 np0000170429 devstack@n-api-meta.service[109229]: [pid: 109229|app: 0|req: 3/9] 199.204.45.22 () {40 vars in 698 bytes} [Mon Apr 27 08:16:47 2026] GET /latest/meta-data/block-device-mapping/ => generated 8 bytes in 4 msecs (HTTP/1.1 200) 3 headers in 98 bytes (1 switches on core 0)
Apr 27 08:16:47.965635 np0000170429 devstack@n-api-meta.service[109232]: DEBUG nova.api.metadata.handler [None req-d61097ad-203e-48b2-95d8-d19557ccb83b None None] Metadata request headers: {'Host': '199.204.45.22:8775', 'User-Agent': 'python-requests/2.33.1', 'Accept-Encoding': 'gzip, deflate', 'Accept': '*/*', 'Connection': 'keep-alive', 'X-Forwarded-For': '192.168.24.45', 'X-Instance-Id': 'bf2c6989-5c9c-438e-84ba-5dc1ba75e0d7', 'X-Tenant-Id': 'a9550a5ca831415d97ee292c871d58a8', 'X-Instance-Id-Signature': 'ccfefd7cf685175e8befd932ecdfdeb87869d98c24353f1221ade884aeb185d9'} {{(pid=109232) __call__ /opt/stack/nova/nova/api/metadata/handler.py:109}}
Apr 27 08:16:47.967579 np0000170429 devstack@n-api-meta.service[109232]: DEBUG nova.api.metadata.handler [None req-d61097ad-203e-48b2-95d8-d19557ccb83b None None] Using cached metadata for instance bf2c6989-5c9c-438e-84ba-5dc1ba75e0d7 {{(pid=109232) get_metadata_by_instance_id /opt/stack/nova/nova/api/metadata/handler.py:84}}
Apr 27 08:16:47.968102 np0000170429 devstack@n-api-meta.service[109232]: [pid: 109232|app: 0|req: 3/10] 199.204.45.22 () {40 vars in 704 bytes} [Mon Apr 27 08:16:47 2026] GET /latest/meta-data/block-device-mapping/ami => generated 3 bytes in 3 msecs (HTTP/1.1 200) 3 headers in 98 bytes (1 switches on core 0)
Apr 27 08:16:47.974183 np0000170429 devstack@n-api-meta.service[109230]: DEBUG nova.api.metadata.handler [None req-5a60358e-14f1-4510-ae39-af2caf9a4359 None None] Metadata request headers: {'Host': '199.204.45.22:8775', 'User-Agent': 'python-requests/2.33.1', 'Accept-Encoding': 'gzip, deflate', 'Accept': '*/*', 'Connection': 'keep-alive', 'X-Forwarded-For': '192.168.24.45', 'X-Instance-Id': 'bf2c6989-5c9c-438e-84ba-5dc1ba75e0d7', 'X-Tenant-Id': 'a9550a5ca831415d97ee292c871d58a8', 'X-Instance-Id-Signature': 'ccfefd7cf685175e8befd932ecdfdeb87869d98c24353f1221ade884aeb185d9'} {{(pid=109230) __call__ /opt/stack/nova/nova/api/metadata/handler.py:109}}
Apr 27 08:16:47.976857 np0000170429 devstack@n-api-meta.service[109230]: DEBUG nova.api.metadata.handler [None req-5a60358e-14f1-4510-ae39-af2caf9a4359 None None] Using cached metadata for instance bf2c6989-5c9c-438e-84ba-5dc1ba75e0d7 {{(pid=109230) get_metadata_by_instance_id /opt/stack/nova/nova/api/metadata/handler.py:84}}
Apr 27 08:16:47.977511 np0000170429 devstack@n-api-meta.service[109230]: [pid: 109230|app: 0|req: 3/11] 199.204.45.22 () {40 vars in 706 bytes} [Mon Apr 27 08:16:47 2026] GET /latest/meta-data/block-device-mapping/root => generated 8 bytes in 4 msecs (HTTP/1.1 200) 3 headers in 98 bytes (1 switches on core 0)
Apr 27 08:16:47.985741 np0000170429 devstack@n-api-meta.service[109231]: DEBUG nova.api.metadata.handler [None req-188c975e-7c65-4412-acef-3344c117befd None None] Metadata request headers: {'Host': '199.204.45.22:8775', 'User-Agent': 'python-requests/2.33.1', 'Accept-Encoding': 'gzip, deflate', 'Accept': '*/*', 'Connection': 'keep-alive', 'X-Forwarded-For': '192.168.24.45', 'X-Instance-Id': 'bf2c6989-5c9c-438e-84ba-5dc1ba75e0d7', 'X-Tenant-Id': 'a9550a5ca831415d97ee292c871d58a8', 'X-Instance-Id-Signature': 'ccfefd7cf685175e8befd932ecdfdeb87869d98c24353f1221ade884aeb185d9'} {{(pid=109231) __call__ /opt/stack/nova/nova/api/metadata/handler.py:109}}
Apr 27 08:16:47.988785 np0000170429 devstack@n-api-meta.service[109231]: DEBUG nova.api.metadata.handler [None req-188c975e-7c65-4412-acef-3344c117befd None None] Using cached metadata for instance bf2c6989-5c9c-438e-84ba-5dc1ba75e0d7 {{(pid=109231) get_metadata_by_instance_id /opt/stack/nova/nova/api/metadata/handler.py:84}}
Apr 27 08:16:47.989474 np0000170429 devstack@n-api-meta.service[109231]: [pid: 109231|app: 0|req: 3/12] 199.204.45.22 () {40 vars in 676 bytes} [Mon Apr 27 08:16:47 2026] GET /latest/meta-data/placement/ => generated 17 bytes in 4 msecs (HTTP/1.1 200) 3 headers in 99 bytes (1 switches on core 0)
Apr 27 08:16:47.996568 np0000170429 devstack@n-api-meta.service[109229]: DEBUG nova.api.metadata.handler [None req-8967ebcf-2af3-49f3-9653-cf8f5681306f None None] Metadata request headers: {'Host': '199.204.45.22:8775', 'User-Agent': 'python-requests/2.33.1', 'Accept-Encoding': 'gzip, deflate', 'Accept': '*/*', 'Connection': 'keep-alive', 'X-Forwarded-For': '192.168.24.45', 'X-Instance-Id': 'bf2c6989-5c9c-438e-84ba-5dc1ba75e0d7', 'X-Tenant-Id': 'a9550a5ca831415d97ee292c871d58a8', 'X-Instance-Id-Signature': 'ccfefd7cf685175e8befd932ecdfdeb87869d98c24353f1221ade884aeb185d9'} {{(pid=109229) __call__ /opt/stack/nova/nova/api/metadata/handler.py:109}}
Apr 27 08:16:47.999406 np0000170429 devstack@n-api-meta.service[109229]: DEBUG nova.api.metadata.handler [None req-8967ebcf-2af3-49f3-9653-cf8f5681306f None None] Using cached metadata for instance bf2c6989-5c9c-438e-84ba-5dc1ba75e0d7 {{(pid=109229) get_metadata_by_instance_id /opt/stack/nova/nova/api/metadata/handler.py:84}}
Apr 27 08:16:48.000085 np0000170429 devstack@n-api-meta.service[109229]: [pid: 109229|app: 0|req: 4/13] 199.204.45.22 () {40 vars in 710 bytes} [Mon Apr 27 08:16:47 2026] GET /latest/meta-data/placement/availability-zone => generated 4 bytes in 4 msecs (HTTP/1.1 200) 3 headers in 98 bytes (1 switches on core 0)
Apr 27 08:16:48.008791 np0000170429 devstack@n-api-meta.service[109232]: DEBUG nova.api.metadata.handler [None req-d61097ad-203e-48b2-95d8-d19557ccb83b None None] Metadata request headers: {'Host': '199.204.45.22:8775', 'User-Agent': 'python-requests/2.33.1', 'Accept-Encoding': 'gzip, deflate', 'Accept': '*/*', 'Connection': 'keep-alive', 'X-Forwarded-For': '192.168.24.45', 'X-Instance-Id': 'bf2c6989-5c9c-438e-84ba-5dc1ba75e0d7', 'X-Tenant-Id': 'a9550a5ca831415d97ee292c871d58a8', 'X-Instance-Id-Signature': 'ccfefd7cf685175e8befd932ecdfdeb87869d98c24353f1221ade884aeb185d9'} {{(pid=109232) __call__ /opt/stack/nova/nova/api/metadata/handler.py:109}}
Apr 27 08:16:48.011675 np0000170429 devstack@n-api-meta.service[109232]: DEBUG nova.api.metadata.handler [None req-d61097ad-203e-48b2-95d8-d19557ccb83b None None] Using cached metadata for instance bf2c6989-5c9c-438e-84ba-5dc1ba75e0d7 {{(pid=109232) get_metadata_by_instance_id /opt/stack/nova/nova/api/metadata/handler.py:84}}
Apr 27 08:16:48.012156 np0000170429 devstack@n-api-meta.service[109232]: [pid: 109232|app: 0|req: 4/14] 199.204.45.22 () {40 vars in 668 bytes} [Mon Apr 27 08:16:48 2026] GET /latest/meta-data/ami-id => generated 12 bytes in 5 msecs (HTTP/1.1 200) 3 headers in 99 bytes (1 switches on core 0)
Apr 27 08:16:48.019540 np0000170429 devstack@n-api-meta.service[109230]: DEBUG nova.api.metadata.handler [None req-5a60358e-14f1-4510-ae39-af2caf9a4359 None None] Metadata request headers: {'Host': '199.204.45.22:8775', 'User-Agent': 'python-requests/2.33.1', 'Accept-Encoding': 'gzip, deflate', 'Accept': '*/*', 'Connection': 'keep-alive', 'X-Forwarded-For': '192.168.24.45', 'X-Instance-Id': 'bf2c6989-5c9c-438e-84ba-5dc1ba75e0d7', 'X-Tenant-Id': 'a9550a5ca831415d97ee292c871d58a8', 'X-Instance-Id-Signature': 'ccfefd7cf685175e8befd932ecdfdeb87869d98c24353f1221ade884aeb185d9'} {{(pid=109230) __call__ /opt/stack/nova/nova/api/metadata/handler.py:109}}
Apr 27 08:16:48.022109 np0000170429 devstack@n-api-meta.service[109230]: DEBUG nova.api.metadata.handler [None req-5a60358e-14f1-4510-ae39-af2caf9a4359 None None] Using cached metadata for instance bf2c6989-5c9c-438e-84ba-5dc1ba75e0d7 {{(pid=109230) get_metadata_by_instance_id /opt/stack/nova/nova/api/metadata/handler.py:84}}
Apr 27 08:16:48.022732 np0000170429 devstack@n-api-meta.service[109230]: [pid: 109230|app: 0|req: 4/15] 199.204.45.22 () {40 vars in 688 bytes} [Mon Apr 27 08:16:48 2026] GET /latest/meta-data/ami-launch-index => generated 1 bytes in 4 msecs (HTTP/1.1 200) 3 headers in 98 bytes (1 switches on core 0)
Apr 27 08:16:48.028914 np0000170429 devstack@n-api-meta.service[109231]: DEBUG nova.api.metadata.handler [None req-188c975e-7c65-4412-acef-3344c117befd None None] Metadata request headers: {'Host': '199.204.45.22:8775', 'User-Agent': 'python-requests/2.33.1', 'Accept-Encoding': 'gzip, deflate', 'Accept': '*/*', 'Connection': 'keep-alive', 'X-Forwarded-For': '192.168.24.45', 'X-Instance-Id': 'bf2c6989-5c9c-438e-84ba-5dc1ba75e0d7', 'X-Tenant-Id': 'a9550a5ca831415d97ee292c871d58a8', 'X-Instance-Id-Signature': 'ccfefd7cf685175e8befd932ecdfdeb87869d98c24353f1221ade884aeb185d9'} {{(pid=109231) __call__ /opt/stack/nova/nova/api/metadata/handler.py:109}}
Apr 27 08:16:48.032114 np0000170429 devstack@n-api-meta.service[109231]: DEBUG nova.api.metadata.handler [None req-188c975e-7c65-4412-acef-3344c117befd None None] Using cached metadata for instance bf2c6989-5c9c-438e-84ba-5dc1ba75e0d7 {{(pid=109231) get_metadata_by_instance_id /opt/stack/nova/nova/api/metadata/handler.py:84}}
Apr 27 08:16:48.032648 np0000170429 devstack@n-api-meta.service[109231]: [pid: 109231|app: 0|req: 4/16] 199.204.45.22 () {40 vars in 690 bytes} [Mon Apr 27 08:16:48 2026] GET /latest/meta-data/ami-manifest-path => generated 5 bytes in 4 msecs (HTTP/1.1 200) 3 headers in 98 bytes (1 switches on core 0)
Apr 27 08:16:48.041249 np0000170429 devstack@n-api-meta.service[109229]: DEBUG nova.api.metadata.handler [None req-8967ebcf-2af3-49f3-9653-cf8f5681306f None None] Metadata request headers: {'Host': '199.204.45.22:8775', 'User-Agent': 'python-requests/2.33.1', 'Accept-Encoding': 'gzip, deflate', 'Accept': '*/*', 'Connection': 'keep-alive', 'X-Forwarded-For': '192.168.24.45', 'X-Instance-Id': 'bf2c6989-5c9c-438e-84ba-5dc1ba75e0d7', 'X-Tenant-Id': 'a9550a5ca831415d97ee292c871d58a8', 'X-Instance-Id-Signature': 'ccfefd7cf685175e8befd932ecdfdeb87869d98c24353f1221ade884aeb185d9'} {{(pid=109229) __call__ /opt/stack/nova/nova/api/metadata/handler.py:109}}
Apr 27 08:16:48.044053 np0000170429 devstack@n-api-meta.service[109229]: DEBUG nova.api.metadata.handler [None req-8967ebcf-2af3-49f3-9653-cf8f5681306f None None] Using cached metadata for instance bf2c6989-5c9c-438e-84ba-5dc1ba75e0d7 {{(pid=109229) get_metadata_by_instance_id /opt/stack/nova/nova/api/metadata/handler.py:84}}
Apr 27 08:16:48.044666 np0000170429 devstack@n-api-meta.service[109229]: [pid: 109229|app: 0|req: 5/17] 199.204.45.22 () {40 vars in 672 bytes} [Mon Apr 27 08:16:48 2026] GET /latest/meta-data/hostname => generated 32 bytes in 4 msecs (HTTP/1.1 200) 3 headers in 99 bytes (1 switches on core 0)
Apr 27 08:16:48.055038 np0000170429 devstack@n-api-meta.service[109232]: DEBUG nova.api.metadata.handler [None req-d61097ad-203e-48b2-95d8-d19557ccb83b None None] Metadata request headers: {'Host': '199.204.45.22:8775', 'User-Agent': 'python-requests/2.33.1', 'Accept-Encoding': 'gzip, deflate', 'Accept': '*/*', 'Connection': 'keep-alive', 'X-Forwarded-For': '192.168.24.45', 'X-Instance-Id': 'bf2c6989-5c9c-438e-84ba-5dc1ba75e0d7', 'X-Tenant-Id': 'a9550a5ca831415d97ee292c871d58a8', 'X-Instance-Id-Signature': 'ccfefd7cf685175e8befd932ecdfdeb87869d98c24353f1221ade884aeb185d9'} {{(pid=109232) __call__ /opt/stack/nova/nova/api/metadata/handler.py:109}}
Apr 27 08:16:48.057038 np0000170429 devstack@n-api-meta.service[109232]: DEBUG nova.api.metadata.handler [None req-d61097ad-203e-48b2-95d8-d19557ccb83b None None] Using cached metadata for instance bf2c6989-5c9c-438e-84ba-5dc1ba75e0d7 {{(pid=109232) get_metadata_by_instance_id /opt/stack/nova/nova/api/metadata/handler.py:84}}
Apr 27 08:16:48.057460 np0000170429 devstack@n-api-meta.service[109232]: [pid: 109232|app: 0|req: 5/18] 199.204.45.22 () {40 vars in 686 bytes} [Mon Apr 27 08:16:48 2026] GET /latest/meta-data/instance-action => generated 4 bytes in 3 msecs (HTTP/1.1 200) 3 headers in 98 bytes (1 switches on core 0)
Apr 27 08:16:48.066330 np0000170429 devstack@n-api-meta.service[109230]: DEBUG nova.api.metadata.handler [None req-5a60358e-14f1-4510-ae39-af2caf9a4359 None None] Metadata request headers: {'Host': '199.204.45.22:8775', 'User-Agent': 'python-requests/2.33.1', 'Accept-Encoding': 'gzip, deflate', 'Accept': '*/*', 'Connection': 'keep-alive', 'X-Forwarded-For': '192.168.24.45', 'X-Instance-Id': 'bf2c6989-5c9c-438e-84ba-5dc1ba75e0d7', 'X-Tenant-Id': 'a9550a5ca831415d97ee292c871d58a8', 'X-Instance-Id-Signature': 'ccfefd7cf685175e8befd932ecdfdeb87869d98c24353f1221ade884aeb185d9'} {{(pid=109230) __call__ /opt/stack/nova/nova/api/metadata/handler.py:109}}
Apr 27 08:16:48.069195 np0000170429 devstack@n-api-meta.service[109230]: DEBUG nova.api.metadata.handler [None req-5a60358e-14f1-4510-ae39-af2caf9a4359 None None] Using cached metadata for instance bf2c6989-5c9c-438e-84ba-5dc1ba75e0d7 {{(pid=109230) get_metadata_by_instance_id /opt/stack/nova/nova/api/metadata/handler.py:84}}
Apr 27 08:16:48.069925 np0000170429 devstack@n-api-meta.service[109230]: [pid: 109230|app: 0|req: 5/19] 199.204.45.22 () {40 vars in 678 bytes} [Mon Apr 27 08:16:48 2026] GET /latest/meta-data/instance-id => generated 10 bytes in 4 msecs (HTTP/1.1 200) 3 headers in 99 bytes (1 switches on core 0)
Apr 27 08:16:48.077478 np0000170429 devstack@n-api-meta.service[109231]: DEBUG nova.api.metadata.handler [None req-188c975e-7c65-4412-acef-3344c117befd None None] Metadata request headers: {'Host': '199.204.45.22:8775', 'User-Agent': 'python-requests/2.33.1', 'Accept-Encoding': 'gzip, deflate', 'Accept': '*/*', 'Connection': 'keep-alive', 'X-Forwarded-For': '192.168.24.45', 'X-Instance-Id': 'bf2c6989-5c9c-438e-84ba-5dc1ba75e0d7', 'X-Tenant-Id': 'a9550a5ca831415d97ee292c871d58a8', 'X-Instance-Id-Signature': 'ccfefd7cf685175e8befd932ecdfdeb87869d98c24353f1221ade884aeb185d9'} {{(pid=109231) __call__ /opt/stack/nova/nova/api/metadata/handler.py:109}}
Apr 27 08:16:48.080654 np0000170429 devstack@n-api-meta.service[109231]: DEBUG nova.api.metadata.handler [None req-188c975e-7c65-4412-acef-3344c117befd None None] Using cached metadata for instance bf2c6989-5c9c-438e-84ba-5dc1ba75e0d7 {{(pid=109231) get_metadata_by_instance_id /opt/stack/nova/nova/api/metadata/handler.py:84}}
Apr 27 08:16:48.081724 np0000170429 devstack@n-api-meta.service[109231]: [pid: 109231|app: 0|req: 5/20] 199.204.45.22 () {40 vars in 682 bytes} [Mon Apr 27 08:16:48 2026] GET /latest/meta-data/instance-type => generated 8 bytes in 5 msecs (HTTP/1.1 200) 3 headers in 98 bytes (1 switches on core 0)
