2026-04-28 15:04:24.135 7 INFO placement.requestlog [req-8f8f09df-8077-4c0f-bc5f-df784f742af2 req-27e1eb84-d138-42a6-a926-a45d05071882 8f5d68860a2c4ce690464c745733c00f 77bc3c9907f349c99211186be2b42d44 - - 701ee32802e14682af07d92f705a0218 701ee32802e14682af07d92f705a0218] 10.0.0.19 "PUT /allocations/e43020d3-3032-4a22-913f-4fb78f797eae" status: 204 len: 0 microversion: 1.36 [pid: 7|app: 0|req: 341/685] 10.0.0.19 () {38 vars in 913 bytes} [Tue Apr 28 15:04:24 2026] PUT /allocations/e43020d3-3032-4a22-913f-4fb78f797eae => generated 0 bytes in 57 msecs (HTTP/1.1 204) 5 headers in 199 bytes (1 switches on core 0)
2026-04-28 15:04:25.765 8 INFO placement.requestlog [req-8f8f09df-8077-4c0f-bc5f-df784f742af2 req-f61dedd5-cd6d-45d9-9642-215915592795 8f5d68860a2c4ce690464c745733c00f 77bc3c9907f349c99211186be2b42d44 - - 701ee32802e14682af07d92f705a0218 701ee32802e14682af07d92f705a0218] 199.204.45.210 "GET /allocations/e43020d3-3032-4a22-913f-4fb78f797eae" status: 200 len: 257 microversion: 1.28 [pid: 8|app: 0|req: 345/686] 199.204.45.210 () {34 vars in 863 bytes} [Tue Apr 28 15:04:25 2026] GET /allocations/e43020d3-3032-4a22-913f-4fb78f797eae => generated 257 bytes in 11 msecs (HTTP/1.1 200) 8 headers in 296 bytes (1 switches on core 0)
2026-04-28 15:04:25.809 7 INFO placement.requestlog [req-7d45359c-d5ee-48f4-8d14-eb97a537b9bb req-2188024c-b2a3-4da7-8610-d81535a40afe 8f5d68860a2c4ce690464c745733c00f 77bc3c9907f349c99211186be2b42d44 - - 701ee32802e14682af07d92f705a0218 701ee32802e14682af07d92f705a0218] 10.0.0.19 "GET /allocation_candidates?limit=1000&resources=DISK_GB%3A1%2CMEMORY_MB%3A512%2CVCPU%3A1&root_required=%21COMPUTE_STATUS_DISABLED" status: 200 len: 2784 microversion: 1.36 [pid: 7|app: 0|req: 342/687] 10.0.0.19 () {34 vars in 1011 bytes} [Tue Apr 28 15:04:25 2026] GET /allocation_candidates?limit=1000&resources=DISK_GB%3A1%2CMEMORY_MB%3A512%2CVCPU%3A1&root_required=%21COMPUTE_STATUS_DISABLED => generated 2784 bytes in 49 msecs (HTTP/1.1 200) 8 headers in 297 bytes (1 switches on core 0)
2026-04-28 15:04:25.839 8 INFO placement.requestlog [req-7d45359c-d5ee-48f4-8d14-eb97a537b9bb req-899bcf9e-1c4e-4a47-aac6-d2fa551a25a5 8f5d68860a2c4ce690464c745733c00f 77bc3c9907f349c99211186be2b42d44 - - 701ee32802e14682af07d92f705a0218 701ee32802e14682af07d92f705a0218] 10.0.0.19 "GET /allocations/ff430f51-b3a0-4f1a-b973-92949399c5f5" status: 200 len: 19 microversion: 1.28 [pid: 8|app: 0|req: 346/688] 10.0.0.19 () {34 vars in 860 bytes} [Tue Apr 28 15:04:25 2026] GET /allocations/ff430f51-b3a0-4f1a-b973-92949399c5f5 => generated 19 bytes in 12 msecs (HTTP/1.1 200) 8 headers in 295 bytes (1 switches on core 0)
2026-04-28 15:04:25.907 7 INFO placement.requestlog [req-7d45359c-d5ee-48f4-8d14-eb97a537b9bb req-eed103a7-1f17-4fa6-a1a5-19071cc8c259 8f5d68860a2c4ce690464c745733c00f 77bc3c9907f349c99211186be2b42d44 - - 701ee32802e14682af07d92f705a0218 701ee32802e14682af07d92f705a0218] 10.0.0.19 "PUT /allocations/ff430f51-b3a0-4f1a-b973-92949399c5f5" status: 204 len: 0 microversion: 1.36 [pid: 7|app: 0|req: 343/689] 10.0.0.19 () {38 vars in 913 bytes} [Tue Apr 28 15:04:25 2026] PUT /allocations/ff430f51-b3a0-4f1a-b973-92949399c5f5 => generated 0 bytes in 60 msecs (HTTP/1.1 204) 5 headers in 199 bytes (1 switches on core 0)
2026-04-28 15:04:26.809 8 INFO placement.requestlog [req-8f8f09df-8077-4c0f-bc5f-df784f742af2 req-c297c983-4b3f-4913-8ecc-03a34ad427f6 8f5d68860a2c4ce690464c745733c00f 77bc3c9907f349c99211186be2b42d44 - - 701ee32802e14682af07d92f705a0218 701ee32802e14682af07d92f705a0218] 199.204.45.210 "GET /resource_providers/7b7ec520-f853-404a-b5f3-fb929a38e815/allocations" status: 200 len: 452 microversion: 1.0 [pid: 8|app: 0|req: 347/690] 199.204.45.210 () {32 vars in 857 bytes} [Tue Apr 28 15:04:26 2026] GET /resource_providers/7b7ec520-f853-404a-b5f3-fb929a38e815/allocations => generated 452 bytes in 17 msecs (HTTP/1.1 200) 6 headers in 224 bytes (1 switches on core 0)
2026-04-28 15:04:26.830 7 INFO placement.requestlog [req-8f8f09df-8077-4c0f-bc5f-df784f742af2 req-2b67d581-b764-4182-ac5d-5e38e8b16e56 8f5d68860a2c4ce690464c745733c00f 77bc3c9907f349c99211186be2b42d44 - - 701ee32802e14682af07d92f705a0218 701ee32802e14682af07d92f705a0218] 199.204.45.210 "GET /allocations/4c00fb6b-65a1-4be4-8235-b6ef8d56132f" status: 200 len: 257 microversion: 1.28 [pid: 7|app: 0|req: 344/691] 199.204.45.210 () {34 vars in 863 bytes} [Tue Apr 28 15:04:26 2026] GET /allocations/4c00fb6b-65a1-4be4-8235-b6ef8d56132f => generated 257 bytes in 16 msecs (HTTP/1.1 200) 8 headers in 296 bytes (1 switches on core 0)
2026-04-28 15:04:26.849 8 INFO placement.requestlog [req-8f8f09df-8077-4c0f-bc5f-df784f742af2 req-ea3b4fd8-baae-4b51-a1d2-2cb842ce7e83 8f5d68860a2c4ce690464c745733c00f 77bc3c9907f349c99211186be2b42d44 - - 701ee32802e14682af07d92f705a0218 701ee32802e14682af07d92f705a0218] 199.204.45.210 "GET /allocations/e43020d3-3032-4a22-913f-4fb78f797eae" status: 200 len: 257 microversion: 1.28 [pid: 8|app: 0|req: 348/692] 199.204.45.210 () {34 vars in 863 bytes} [Tue Apr 28 15:04:26 2026] GET /allocations/e43020d3-3032-4a22-913f-4fb78f797eae => generated 257 bytes in 11 msecs (HTTP/1.1 200) 8 headers in 296 bytes (1 switches on core 0)
2026-04-28 15:04:26.873 7 INFO placement.requestlog [req-8f8f09df-8077-4c0f-bc5f-df784f742af2 req-da0b1d62-838d-40f9-be6f-8addd357542c 8f5d68860a2c4ce690464c745733c00f 77bc3c9907f349c99211186be2b42d44 - - 701ee32802e14682af07d92f705a0218 701ee32802e14682af07d92f705a0218] 199.204.45.210 "GET /allocations/7434a192-5498-4e5f-8bc4-748f4a7eceb8" status: 200 len: 257 microversion: 1.28 [pid: 7|app: 0|req: 345/693] 199.204.45.210 () {34 vars in 863 bytes} [Tue Apr 28 15:04:26 2026] GET /allocations/7434a192-5498-4e5f-8bc4-748f4a7eceb8 => generated 257 bytes in 17 msecs (HTTP/1.1 200) 8 headers in 296 bytes (1 switches on core 0)
2026-04-28 15:04:26.894 7 INFO placement.requestlog [None req-df811555-3af3-4723-9693-37cfaa516c6b - - - - - -] 10.0.0.95 "GET /" status: 200 len: 136 microversion: 1.0
2026-04-28 15:04:26.896 7 INFO placement.requestlog [None req-cb560ce8-b3b7-47cc-b5f7-32b1a97bf277 - - - - - -] 10.0.0.95 "GET /" status: 200 len: 136 microversion: 1.0
2026-04-28 15:04:26.901 8 INFO placement.requestlog [req-8f8f09df-8077-4c0f-bc5f-df784f742af2 req-e41e20e9-9d9d-4b4b-b19b-88e7a59a1acd 8f5d68860a2c4ce690464c745733c00f 77bc3c9907f349c99211186be2b42d44 - - 701ee32802e14682af07d92f705a0218 701ee32802e14682af07d92f705a0218] 199.204.45.210 "GET /allocations/ff430f51-b3a0-4f1a-b973-92949399c5f5" status: 200 len: 257 microversion: 1.28 [pid: 8|app: 0|req: 349/696] 199.204.45.210 () {34 vars in 863 bytes} [Tue Apr 28 15:04:26 2026] GET /allocations/ff430f51-b3a0-4f1a-b973-92949399c5f5 => generated 257 bytes in 18 msecs (HTTP/1.1 200) 8 headers in 296 bytes (1 switches on core 0)
2026-04-28 15:04:27.445 7 INFO placement.requestlog [req-7d45359c-d5ee-48f4-8d14-eb97a537b9bb req-df9897ac-0fe7-44a5-9da1-f5e77b2ae2fd 8f5d68860a2c4ce690464c745733c00f 77bc3c9907f349c99211186be2b42d44 - - 701ee32802e14682af07d92f705a0218 701ee32802e14682af07d92f705a0218] 199.204.45.210 "GET /allocations/ff430f51-b3a0-4f1a-b973-92949399c5f5" status: 200 len: 257 microversion: 1.28 [pid: 7|app: 0|req: 348/697] 199.204.45.210 () {34 vars in 863 bytes} [Tue Apr 28 15:04:27 2026] GET /allocations/ff430f51-b3a0-4f1a-b973-92949399c5f5 => generated 257 bytes in 15 msecs (HTTP/1.1 200) 8 headers in 296 bytes (1 switches on core 0)
2026-04-28 15:04:28.984 8 INFO placement.requestlog [req-7d45359c-d5ee-48f4-8d14-eb97a537b9bb req-8604af1c-aaf0-443e-bb16-93909c948184 8f5d68860a2c4ce690464c745733c00f 77bc3c9907f349c99211186be2b42d44 - - 701ee32802e14682af07d92f705a0218 701ee32802e14682af07d92f705a0218] 199.204.45.210 "GET /resource_providers/7b7ec520-f853-404a-b5f3-fb929a38e815/allocations" status: 200 len: 452 microversion: 1.0 [pid: 8|app: 0|req: 350/698] 199.204.45.210 () {32 vars in 857 bytes} [Tue Apr 28 15:04:28 2026] GET /resource_providers/7b7ec520-f853-404a-b5f3-fb929a38e815/allocations => generated 452 bytes in 22 msecs (HTTP/1.1 200) 6 headers in 224 bytes (1 switches on core 0)
2026-04-28 15:04:29.010 7 INFO placement.requestlog [req-7d45359c-d5ee-48f4-8d14-eb97a537b9bb req-a37c4998-0a5c-4d14-ad17-6822aa9eb10f 8f5d68860a2c4ce690464c745733c00f 77bc3c9907f349c99211186be2b42d44 - - 701ee32802e14682af07d92f705a0218 701ee32802e14682af07d92f705a0218] 199.204.45.210 "GET /allocations/4c00fb6b-65a1-4be4-8235-b6ef8d56132f" status: 200 len: 257 microversion: 1.28 [pid: 7|app: 0|req: 349/699] 199.204.45.210 () {34 vars in 863 bytes} [Tue Apr 28 15:04:28 2026] GET /allocations/4c00fb6b-65a1-4be4-8235-b6ef8d56132f => generated 257 bytes in 15 msecs (HTTP/1.1 200) 8 headers in 296 bytes (1 switches on core 0)
2026-04-28 15:04:29.030 8 INFO placement.requestlog [req-7d45359c-d5ee-48f4-8d14-eb97a537b9bb req-a260d3c3-2703-48a3-b9a6-65973724219f 8f5d68860a2c4ce690464c745733c00f 77bc3c9907f349c99211186be2b42d44 - - 701ee32802e14682af07d92f705a0218 701ee32802e14682af07d92f705a0218] 199.204.45.210 "GET /allocations/e43020d3-3032-4a22-913f-4fb78f797eae" status: 200 len: 257 microversion: 1.28 [pid: 8|app: 0|req: 351/700] 199.204.45.210 () {34 vars in 863 bytes} [Tue Apr 28 15:04:29 2026] GET /allocations/e43020d3-3032-4a22-913f-4fb78f797eae => generated 257 bytes in 13 msecs (HTTP/1.1 200) 8 headers in 296 bytes (1 switches on core 0)
2026-04-28 15:04:29.054 7 INFO placement.requestlog [req-7d45359c-d5ee-48f4-8d14-eb97a537b9bb req-49346658-aaea-4b2c-bb58-a319ca761dfb 8f5d68860a2c4ce690464c745733c00f 77bc3c9907f349c99211186be2b42d44 - - 701ee32802e14682af07d92f705a0218 701ee32802e14682af07d92f705a0218] 199.204.45.210 "GET /allocations/7434a192-5498-4e5f-8bc4-748f4a7eceb8" status: 200 len: 257 microversion: 1.28 [pid: 7|app: 0|req: 350/701] 199.204.45.210 () {34 vars in 863 bytes} [Tue Apr 28 15:04:29 2026] GET /allocations/7434a192-5498-4e5f-8bc4-748f4a7eceb8 => generated 257 bytes in 17 msecs (HTTP/1.1 200) 8 headers in 296 bytes (1 switches on core 0)
2026-04-28 15:04:29.073 8 INFO placement.requestlog [req-7d45359c-d5ee-48f4-8d14-eb97a537b9bb req-d8b84362-95b7-45c5-99c3-0bc44328e2ee 8f5d68860a2c4ce690464c745733c00f 77bc3c9907f349c99211186be2b42d44 - - 701ee32802e14682af07d92f705a0218 701ee32802e14682af07d92f705a0218] 199.204.45.210 "GET /allocations/ff430f51-b3a0-4f1a-b973-92949399c5f5" status: 200 len: 257 microversion: 1.28 [pid: 8|app: 0|req: 352/702] 199.204.45.210 () {34 vars in 863 bytes} [Tue Apr 28 15:04:29 2026] GET /allocations/ff430f51-b3a0-4f1a-b973-92949399c5f5 => generated 257 bytes in 10 msecs (HTTP/1.1 200) 8 headers in 296 bytes (1 switches on core 0)
2026-04-28 15:04:30.126 7 INFO placement.requestlog [req-f52823c4-3ed0-458b-b85f-33e0cfe74281 req-d0858ac0-9e12-4552-97eb-d840fd9c2810 8f5d68860a2c4ce690464c745733c00f 77bc3c9907f349c99211186be2b42d44 - - 701ee32802e14682af07d92f705a0218 701ee32802e14682af07d92f705a0218] 199.204.45.210 "GET /resource_providers/7b7ec520-f853-404a-b5f3-fb929a38e815/allocations" status: 200 len: 452 microversion: 1.0 [pid: 7|app: 0|req: 351/703] 199.204.45.210 () {32 vars in 857 bytes} [Tue Apr 28 15:04:30 2026] GET /resource_providers/7b7ec520-f853-404a-b5f3-fb929a38e815/allocations => generated 452 bytes in 18 msecs (HTTP/1.1 200) 6 headers in 224 bytes (1 switches on core 0)
2026-04-28 15:04:30.146 8 INFO placement.requestlog [req-f52823c4-3ed0-458b-b85f-33e0cfe74281 req-437a418b-da27-4555-8825-3230730f93f9 8f5d68860a2c4ce690464c745733c00f 77bc3c9907f349c99211186be2b42d44 - - 701ee32802e14682af07d92f705a0218 701ee32802e14682af07d92f705a0218] 199.204.45.210 "GET /allocations/4c00fb6b-65a1-4be4-8235-b6ef8d56132f" status: 200 len: 257 microversion: 1.28 [pid: 8|app: 0|req: 353/704] 199.204.45.210 () {34 vars in 863 bytes} [Tue Apr 28 15:04:30 2026] GET /allocations/4c00fb6b-65a1-4be4-8235-b6ef8d56132f => generated 257 bytes in 15 msecs (HTTP/1.1 200) 8 headers in 296 bytes (1 switches on core 0)
2026-04-28 15:04:30.166 7 INFO placement.requestlog [req-f52823c4-3ed0-458b-b85f-33e0cfe74281 req-5e9b676c-f3aa-47ac-b12c-3cf95a0bf6b7 8f5d68860a2c4ce690464c745733c00f 77bc3c9907f349c99211186be2b42d44 - - 701ee32802e14682af07d92f705a0218 701ee32802e14682af07d92f705a0218] 199.204.45.210 "GET /allocations/e43020d3-3032-4a22-913f-4fb78f797eae" status: 200 len: 257 microversion: 1.28 [pid: 7|app: 0|req: 352/705] 199.204.45.210 () {34 vars in 863 bytes} [Tue Apr 28 15:04:30 2026] GET /allocations/e43020d3-3032-4a22-913f-4fb78f797eae => generated 257 bytes in 13 msecs (HTTP/1.1 200) 8 headers in 296 bytes (1 switches on core 0)
2026-04-28 15:04:30.183 8 INFO placement.requestlog [req-f52823c4-3ed0-458b-b85f-33e0cfe74281 req-466bbedb-8c61-40c2-beb3-ddc9831aee78 8f5d68860a2c4ce690464c745733c00f 77bc3c9907f349c99211186be2b42d44 - - 701ee32802e14682af07d92f705a0218 701ee32802e14682af07d92f705a0218] 199.204.45.210 "GET /allocations/7434a192-5498-4e5f-8bc4-748f4a7eceb8" status: 200 len: 257 microversion: 1.28 [pid: 8|app: 0|req: 354/706] 199.204.45.210 () {34 vars in 863 bytes} [Tue Apr 28 15:04:30 2026] GET /allocations/7434a192-5498-4e5f-8bc4-748f4a7eceb8 => generated 257 bytes in 11 msecs (HTTP/1.1 200) 8 headers in 296 bytes (1 switches on core 0)
2026-04-28 15:04:30.203 7 INFO placement.requestlog [req-f52823c4-3ed0-458b-b85f-33e0cfe74281 req-6ebf46d4-bce1-48f9-96ee-ec09f78f5d86 8f5d68860a2c4ce690464c745733c00f 77bc3c9907f349c99211186be2b42d44 - - 701ee32802e14682af07d92f705a0218 701ee32802e14682af07d92f705a0218] 199.204.45.210 "GET /allocations/ff430f51-b3a0-4f1a-b973-92949399c5f5" status: 200 len: 257 microversion: 1.28 [pid: 7|app: 0|req: 353/707] 199.204.45.210 () {34 vars in 863 bytes} [Tue Apr 28 15:04:30 2026] GET /allocations/ff430f51-b3a0-4f1a-b973-92949399c5f5 => generated 257 bytes in 15 msecs (HTTP/1.1 200) 8 headers in 296 bytes (1 switches on core 0)
2026-04-28 15:04:31.275 7 INFO placement.requestlog [req-dfa8f039-a9b5-4342-8993-804b5884f064 req-ce000a61-efca-4af4-8d0f-b01160b5d338 8f5d68860a2c4ce690464c745733c00f 77bc3c9907f349c99211186be2b42d44 - - 701ee32802e14682af07d92f705a0218 701ee32802e14682af07d92f705a0218] 199.204.45.210 "GET /resource_providers/7b7ec520-f853-404a-b5f3-fb929a38e815/allocations" status: 200 len: 452 microversion: 1.0 [pid: 7|app: 0|req: 354/708] 199.204.45.210 () {32 vars in 857 bytes} [Tue Apr 28 15:04:31 2026] GET /resource_providers/7b7ec520-f853-404a-b5f3-fb929a38e815/allocations => generated 452 bytes in 41 msecs (HTTP/1.1 200) 6 headers in 224 bytes (1 switches on core 0)
2026-04-28 15:04:31.278 8 INFO placement.requestlog [req-f52823c4-3ed0-458b-b85f-33e0cfe74281 req-b481e718-1b29-4af6-a38e-7acb6cb772b3 8f5d68860a2c4ce690464c745733c00f 77bc3c9907f349c99211186be2b42d44 - - 701ee32802e14682af07d92f705a0218 701ee32802e14682af07d92f705a0218] 199.204.45.210 "DELETE /allocations/4c00fb6b-65a1-4be4-8235-b6ef8d56132f" status: 204 len: 0 microversion: 1.0 [pid: 8|app: 0|req: 355/709] 199.204.45.210 () {34 vars in 841 bytes} [Tue Apr 28 15:04:31 2026] DELETE /allocations/4c00fb6b-65a1-4be4-8235-b6ef8d56132f => generated 0 bytes in 46 msecs (HTTP/1.1 204) 5 headers in 198 bytes (1 switches on core 0)
2026-04-28 15:04:31.295 7 INFO placement.requestlog [req-dfa8f039-a9b5-4342-8993-804b5884f064 req-0d3e220f-684f-4ad3-8f0d-8efa188b1f84 8f5d68860a2c4ce690464c745733c00f 77bc3c9907f349c99211186be2b42d44 - - 701ee32802e14682af07d92f705a0218 701ee32802e14682af07d92f705a0218] 199.204.45.210 "GET /allocations/4c00fb6b-65a1-4be4-8235-b6ef8d56132f" status: 200 len: 19 microversion: 1.28 [pid: 7|app: 0|req: 355/710] 199.204.45.210 () {34 vars in 863 bytes} [Tue Apr 28 15:04:31 2026] GET /allocations/4c00fb6b-65a1-4be4-8235-b6ef8d56132f => generated 19 bytes in 11 msecs (HTTP/1.1 200) 8 headers in 295 bytes (1 switches on core 0)
2026-04-28 15:04:31.317 8 INFO placement.requestlog [req-dfa8f039-a9b5-4342-8993-804b5884f064 req-987de193-47b3-4421-a8ca-4043feba32c4 8f5d68860a2c4ce690464c745733c00f 77bc3c9907f349c99211186be2b42d44 - - 701ee32802e14682af07d92f705a0218 701ee32802e14682af07d92f705a0218] 199.204.45.210 "GET /allocations/e43020d3-3032-4a22-913f-4fb78f797eae" status: 200 len: 257 microversion: 1.28 [pid: 8|app: 0|req: 356/711] 199.204.45.210 () {34 vars in 863 bytes} [Tue Apr 28 15:04:31 2026] GET /allocations/e43020d3-3032-4a22-913f-4fb78f797eae => generated 257 bytes in 14 msecs (HTTP/1.1 200) 8 headers in 296 bytes (1 switches on core 0)
2026-04-28 15:04:31.335 7 INFO placement.requestlog [req-dfa8f039-a9b5-4342-8993-804b5884f064 req-ba8d5bd0-6aea-42a1-a193-d4adf032881b 8f5d68860a2c4ce690464c745733c00f 77bc3c9907f349c99211186be2b42d44 - - 701ee32802e14682af07d92f705a0218 701ee32802e14682af07d92f705a0218] 199.204.45.210 "GET /allocations/7434a192-5498-4e5f-8bc4-748f4a7eceb8" status: 200 len: 257 microversion: 1.28 [pid: 7|app: 0|req: 356/712] 199.204.45.210 () {34 vars in 863 bytes} [Tue Apr 28 15:04:31 2026] GET /allocations/7434a192-5498-4e5f-8bc4-748f4a7eceb8 => generated 257 bytes in 12 msecs (HTTP/1.1 200) 8 headers in 296 bytes (1 switches on core 0)
2026-04-28 15:04:31.353 8 INFO placement.requestlog [req-dfa8f039-a9b5-4342-8993-804b5884f064 req-a2f7d99e-0bf5-408b-bef1-c68b64de32dd 8f5d68860a2c4ce690464c745733c00f 77bc3c9907f349c99211186be2b42d44 - - 701ee32802e14682af07d92f705a0218 701ee32802e14682af07d92f705a0218] 199.204.45.210 "GET /allocations/ff430f51-b3a0-4f1a-b973-92949399c5f5" status: 200 len: 257 microversion: 1.28 [pid: 8|app: 0|req: 357/713] 199.204.45.210 () {34 vars in 863 bytes} [Tue Apr 28 15:04:31 2026] GET /allocations/ff430f51-b3a0-4f1a-b973-92949399c5f5 => generated 257 bytes in 11 msecs (HTTP/1.1 200) 8 headers in 296 bytes (1 switches on core 0)
2026-04-28 15:04:32.403 7 INFO placement.requestlog [req-dfa8f039-a9b5-4342-8993-804b5884f064 req-74e5cf8d-92ee-4f3e-89a4-b9da17c68c22 8f5d68860a2c4ce690464c745733c00f 77bc3c9907f349c99211186be2b42d44 - - 701ee32802e14682af07d92f705a0218 701ee32802e14682af07d92f705a0218] 199.204.45.210 "DELETE /allocations/7434a192-5498-4e5f-8bc4-748f4a7eceb8" status: 204 len: 0 microversion: 1.0 [pid: 7|app: 0|req: 357/714] 199.204.45.210 () {34 vars in 841 bytes} [Tue Apr 28 15:04:32 2026] DELETE /allocations/7434a192-5498-4e5f-8bc4-748f4a7eceb8 => generated 0 bytes in 25 msecs (HTTP/1.1 204) 5 headers in 198 bytes (1 switches on core 0)
2026-04-28 15:04:36.506 7 INFO placement.requestlog [None req-024b41dc-5f44-4c1c-9619-5999a7e5f8f1 c911cb5d89784f7499c1d2b3ae1297bb 77bc3c9907f349c99211186be2b42d44 - - 701ee32802e14682af07d92f705a0218 701ee32802e14682af07d92f705a0218] 10.0.0.147 "GET /resource_providers/958b1c4a-32ca-4ab5-80a7-355ff46197db/aggregates" status: 404 len: 235 microversion: 1.1 [pid: 7|app: 0|req: 358/715] 10.0.0.147 () {32 vars in 816 bytes} [Tue Apr 28 15:04:36 2026] GET /resource_providers/958b1c4a-32ca-4ab5-80a7-355ff46197db/aggregates => generated 235 bytes in 15 msecs (HTTP/1.1 404) 5 headers in 202 bytes (1 switches on core 0)
2026-04-28 15:04:36.509 8 INFO placement.requestlog [None req-8e4b3bef-24c3-43c6-af0f-130b2d1e6451 c911cb5d89784f7499c1d2b3ae1297bb 77bc3c9907f349c99211186be2b42d44 - - 701ee32802e14682af07d92f705a0218 701ee32802e14682af07d92f705a0218] 10.0.0.147 "GET /resource_providers/958b1c4a-32ca-4ab5-80a7-355ff46197db/aggregates" status: 404 len: 235 microversion: 1.1 [pid: 8|app: 0|req: 358/716] 10.0.0.147 () {32 vars in 816 bytes} [Tue Apr 28 15:04:36 2026] GET /resource_providers/958b1c4a-32ca-4ab5-80a7-355ff46197db/aggregates => generated 235 bytes in 20 msecs (HTTP/1.1 404) 5 headers in 202 bytes (1 switches on core 0)
2026-04-28 15:04:36.545 7 INFO placement.requestlog [None req-1e96e362-1e79-4e5c-baab-5c9adada4576 c911cb5d89784f7499c1d2b3ae1297bb 77bc3c9907f349c99211186be2b42d44 - - 701ee32802e14682af07d92f705a0218 701ee32802e14682af07d92f705a0218] 10.0.0.147 "DELETE /resource_providers/958b1c4a-32ca-4ab5-80a7-355ff46197db" status: 404 len: 246 microversion: 1.1 [pid: 7|app: 0|req: 359/717] 10.0.0.147 () {34 vars in 816 bytes} [Tue Apr 28 15:04:36 2026] DELETE /resource_providers/958b1c4a-32ca-4ab5-80a7-355ff46197db => generated 246 bytes in 13 msecs (HTTP/1.1 404) 6 headers in 231 bytes (1 switches on core 0)
2026-04-28 15:04:36.552 8 INFO placement.requestlog [None req-e2ddc570-0379-4061-bdce-3f9cc62e7a24 c911cb5d89784f7499c1d2b3ae1297bb 77bc3c9907f349c99211186be2b42d44 - - 701ee32802e14682af07d92f705a0218 701ee32802e14682af07d92f705a0218] 10.0.0.147 "DELETE /resource_providers/958b1c4a-32ca-4ab5-80a7-355ff46197db" status: 404 len: 246 microversion: 1.1 [pid: 8|app: 0|req: 359/718] 10.0.0.147 () {34 vars in 816 bytes} [Tue Apr 28 15:04:36 2026] DELETE /resource_providers/958b1c4a-32ca-4ab5-80a7-355ff46197db => generated 246 bytes in 18 msecs (HTTP/1.1 404) 6 headers in 231 bytes (1 switches on core 0)
2026-04-28 15:04:36.895 7 INFO placement.requestlog [None req-4133a749-b140-445a-accc-40b0bed5af9d - - - - - -] 10.0.0.95 "GET /" status: 200 len: 136 microversion: 1.0
2026-04-28 15:04:36.895 8 INFO placement.requestlog [None req-6fd6b01c-4bc3-415f-ae05-a7609521c200 - - - - - -] 10.0.0.95 "GET /" status: 200 len: 136 microversion: 1.0
2026-04-28 15:04:37.285 7 INFO placement.requestlog [None req-dfab16b4-6c19-4fcf-878b-970ee2f42b16 c911cb5d89784f7499c1d2b3ae1297bb 77bc3c9907f349c99211186be2b42d44 - - 701ee32802e14682af07d92f705a0218 701ee32802e14682af07d92f705a0218] 10.0.0.147 "GET /resource_providers/bcc16b81-71f7-43f2-ac28-13848d102491/aggregates" status: 404 len: 235 microversion: 1.1 [pid: 7|app: 0|req: 361/721] 10.0.0.147 () {32 vars in 816 bytes} [Tue Apr 28 15:04:37 2026] GET /resource_providers/bcc16b81-71f7-43f2-ac28-13848d102491/aggregates => generated 235 bytes in 9 msecs (HTTP/1.1 404) 5 headers in 202 bytes (1 switches on core 0)
2026-04-28 15:04:37.292 8 INFO placement.requestlog [None req-78b47a2e-2773-430e-95f4-3f69abbcb73f c911cb5d89784f7499c1d2b3ae1297bb 77bc3c9907f349c99211186be2b42d44 - - 701ee32802e14682af07d92f705a0218 701ee32802e14682af07d92f705a0218] 10.0.0.147 "GET /resource_providers/bcc16b81-71f7-43f2-ac28-13848d102491/aggregates" status: 404 len: 235 microversion: 1.1 [pid: 8|app: 0|req: 361/722] 10.0.0.147 () {32 vars in 816 bytes} [Tue Apr 28 15:04:37 2026] GET /resource_providers/bcc16b81-71f7-43f2-ac28-13848d102491/aggregates => generated 235 bytes in 17 msecs (HTTP/1.1 404) 5 headers in 202 bytes (1 switches on core 0)
2026-04-28 15:04:37.304 7 INFO placement.requestlog [None req-50179dd2-0104-4a60-b937-df9cde570946 c911cb5d89784f7499c1d2b3ae1297bb 77bc3c9907f349c99211186be2b42d44 - - 701ee32802e14682af07d92f705a0218 701ee32802e14682af07d92f705a0218] 10.0.0.147 "DELETE /resource_providers/bcc16b81-71f7-43f2-ac28-13848d102491" status: 404 len: 246 microversion: 1.1 [pid: 7|app: 0|req: 362/723] 10.0.0.147 () {34 vars in 816 bytes} [Tue Apr 28 15:04:37 2026] DELETE /resource_providers/bcc16b81-71f7-43f2-ac28-13848d102491 => generated 246 bytes in 9 msecs (HTTP/1.1 404) 6 headers in 231 bytes (1 switches on core 0)
2026-04-28 15:04:37.312 8 INFO placement.requestlog [None req-e1cef521-4848-4c35-a641-f177e941d805 c911cb5d89784f7499c1d2b3ae1297bb 77bc3c9907f349c99211186be2b42d44 - - 701ee32802e14682af07d92f705a0218 701ee32802e14682af07d92f705a0218] 10.0.0.147 "DELETE /resource_providers/bcc16b81-71f7-43f2-ac28-13848d102491" status: 404 len: 246 microversion: 1.1 [pid: 8|app: 0|req: 362/724] 10.0.0.147 () {34 vars in 816 bytes} [Tue Apr 28 15:04:37 2026] DELETE /resource_providers/bcc16b81-71f7-43f2-ac28-13848d102491 => generated 246 bytes in 9 msecs (HTTP/1.1 404) 6 headers in 231 bytes (1 switches on core 0)
2026-04-28 15:04:42.406 7 INFO placement.requestlog [req-2c89ccb7-eb3a-4786-964c-dd2995ce73da req-643c7667-634c-48db-96c9-417a6492470c 8f5d68860a2c4ce690464c745733c00f 77bc3c9907f349c99211186be2b42d44 - - 701ee32802e14682af07d92f705a0218 701ee32802e14682af07d92f705a0218] 199.204.45.210 "GET /resource_providers/7b7ec520-f853-404a-b5f3-fb929a38e815/allocations" status: 200 len: 252 microversion: 1.0 [pid: 7|app: 0|req: 363/725] 199.204.45.210 () {32 vars in 857 bytes} [Tue Apr 28 15:04:42 2026] GET /resource_providers/7b7ec520-f853-404a-b5f3-fb929a38e815/allocations => generated 252 bytes in 20 msecs (HTTP/1.1 200) 6 headers in 224 bytes (1 switches on core 0)
2026-04-28 15:04:42.427 8 INFO placement.requestlog [req-2c89ccb7-eb3a-4786-964c-dd2995ce73da req-3969dcfa-b41a-4598-8dfa-181c1c84d019 8f5d68860a2c4ce690464c745733c00f 77bc3c9907f349c99211186be2b42d44 - - 701ee32802e14682af07d92f705a0218 701ee32802e14682af07d92f705a0218] 199.204.45.210 "GET /allocations/e43020d3-3032-4a22-913f-4fb78f797eae" status: 200 len: 257 microversion: 1.28 [pid: 8|app: 0|req: 363/726] 199.204.45.210 () {34 vars in 863 bytes} [Tue Apr 28 15:04:42 2026] GET /allocations/e43020d3-3032-4a22-913f-4fb78f797eae => generated 257 bytes in 13 msecs (HTTP/1.1 200) 8 headers in 296 bytes (1 switches on core 0)
2026-04-28 15:04:42.450 7 INFO placement.requestlog [req-2c89ccb7-eb3a-4786-964c-dd2995ce73da req-7afb34ec-d710-42bf-bd8a-d8688b1cce21 8f5d68860a2c4ce690464c745733c00f 77bc3c9907f349c99211186be2b42d44 - - 701ee32802e14682af07d92f705a0218 701ee32802e14682af07d92f705a0218] 199.204.45.210 "GET /allocations/ff430f51-b3a0-4f1a-b973-92949399c5f5" status: 200 len: 257 microversion: 1.28 [pid: 7|app: 0|req: 364/727] 199.204.45.210 () {34 vars in 863 bytes} [Tue Apr 28 15:04:42 2026] GET /allocations/ff430f51-b3a0-4f1a-b973-92949399c5f5 => generated 257 bytes in 15 msecs (HTTP/1.1 200) 8 headers in 296 bytes (1 switches on core 0)
2026-04-28 15:04:43.498 8 INFO placement.requestlog [req-2c89ccb7-eb3a-4786-964c-dd2995ce73da req-9f1566d3-3aa8-458e-811b-0ca38bada9bc 8f5d68860a2c4ce690464c745733c00f 77bc3c9907f349c99211186be2b42d44 - - 701ee32802e14682af07d92f705a0218 701ee32802e14682af07d92f705a0218] 199.204.45.210 "DELETE /allocations/e43020d3-3032-4a22-913f-4fb78f797eae" status: 204 len: 0 microversion: 1.0 [pid: 8|app: 0|req: 364/728] 199.204.45.210 () {34 vars in 841 bytes} [Tue Apr 28 15:04:43 2026] DELETE /allocations/e43020d3-3032-4a22-913f-4fb78f797eae => generated 0 bytes in 25 msecs (HTTP/1.1 204) 5 headers in 198 bytes (1 switches on core 0)
2026-04-28 15:04:46.365 7 INFO placement.requestlog [None req-e3ee6c10-0364-4fdc-a152-801fbf35e06b c911cb5d89784f7499c1d2b3ae1297bb 77bc3c9907f349c99211186be2b42d44 - - 701ee32802e14682af07d92f705a0218 701ee32802e14682af07d92f705a0218] 10.0.0.147 "GET /resource_providers/b4a76163-0091-45b6-891a-2caaac03edfe/aggregates" status: 404 len: 235 microversion: 1.1 [pid: 7|app: 0|req: 365/729] 10.0.0.147 () {32 vars in 816 bytes} [Tue Apr 28 15:04:46 2026] GET /resource_providers/b4a76163-0091-45b6-891a-2caaac03edfe/aggregates => generated 235 bytes in 15 msecs (HTTP/1.1 404) 5 headers in 202 bytes (1 switches on core 0)
2026-04-28 15:04:46.369 8 INFO placement.requestlog [None req-aa0d5bc5-1648-4a6b-b736-b84a17f5b14b c911cb5d89784f7499c1d2b3ae1297bb 77bc3c9907f349c99211186be2b42d44 - - 701ee32802e14682af07d92f705a0218 701ee32802e14682af07d92f705a0218] 10.0.0.147 "GET /resource_providers/b4a76163-0091-45b6-891a-2caaac03edfe/aggregates" status: 404 len: 235 microversion: 1.1 [pid: 8|app: 0|req: 365/730] 10.0.0.147 () {32 vars in 816 bytes} [Tue Apr 28 15:04:46 2026] GET /resource_providers/b4a76163-0091-45b6-891a-2caaac03edfe/aggregates => generated 235 bytes in 11 msecs (HTTP/1.1 404) 5 headers in 202 bytes (1 switches on core 0)
2026-04-28 15:04:46.396 7 INFO placement.requestlog [None req-79c77ed1-6bfd-46e4-8552-954a6d107edb c911cb5d89784f7499c1d2b3ae1297bb 77bc3c9907f349c99211186be2b42d44 - - 701ee32802e14682af07d92f705a0218 701ee32802e14682af07d92f705a0218] 10.0.0.147 "DELETE /resource_providers/b4a76163-0091-45b6-891a-2caaac03edfe" status: 404 len: 246 microversion: 1.1 [pid: 7|app: 0|req: 366/731] 10.0.0.147 () {34 vars in 816 bytes} [Tue Apr 28 15:04:46 2026] DELETE /resource_providers/b4a76163-0091-45b6-891a-2caaac03edfe => generated 246 bytes in 19 msecs (HTTP/1.1 404) 6 headers in 231 bytes (1 switches on core 0)
2026-04-28 15:04:46.406 8 INFO placement.requestlog [None req-3c1cf789-fc99-4c04-9563-2a095288e5cd c911cb5d89784f7499c1d2b3ae1297bb 77bc3c9907f349c99211186be2b42d44 - - 701ee32802e14682af07d92f705a0218 701ee32802e14682af07d92f705a0218] 10.0.0.147 "DELETE /resource_providers/b4a76163-0091-45b6-891a-2caaac03edfe" status: 404 len: 246 microversion: 1.1 [pid: 8|app: 0|req: 366/732] 10.0.0.147 () {34 vars in 816 bytes} [Tue Apr 28 15:04:46 2026] DELETE /resource_providers/b4a76163-0091-45b6-891a-2caaac03edfe => generated 246 bytes in 15 msecs (HTTP/1.1 404) 6 headers in 231 bytes (1 switches on core 0)
2026-04-28 15:04:46.894 7 INFO placement.requestlog [None req-33c5c667-702b-4dcc-b909-dc9d0c5513a9 - - - - - -] 10.0.0.95 "GET /" status: 200 len: 136 microversion: 1.0
2026-04-28 15:04:46.894 8 INFO placement.requestlog [None req-708b3a86-8dc4-4c32-bd53-fe087019ac37 - - - - - -] 10.0.0.95 "GET /" status: 200 len: 136 microversion: 1.0
2026-04-28 15:04:48.566 7 INFO placement.requestlog [req-7d05bde5-98ec-486b-9b6d-96bcf1571632 req-d7714787-0b57-4145-9b52-fe176147a57c 8f5d68860a2c4ce690464c745733c00f 77bc3c9907f349c99211186be2b42d44 - - 701ee32802e14682af07d92f705a0218 701ee32802e14682af07d92f705a0218] 199.204.45.210 "GET /resource_providers/7b7ec520-f853-404a-b5f3-fb929a38e815/allocations" status: 200 len: 152 microversion: 1.0 [pid: 7|app: 0|req: 368/735] 199.204.45.210 () {32 vars in 857 bytes} [Tue Apr 28 15:04:48 2026] GET /resource_providers/7b7ec520-f853-404a-b5f3-fb929a38e815/allocations => generated 152 bytes in 17 msecs (HTTP/1.1 200) 6 headers in 224 bytes (1 switches on core 0)
2026-04-28 15:04:48.589 8 INFO placement.requestlog [req-7d05bde5-98ec-486b-9b6d-96bcf1571632 req-56d9fb90-d785-4601-998f-13055d94b631 8f5d68860a2c4ce690464c745733c00f 77bc3c9907f349c99211186be2b42d44 - - 701ee32802e14682af07d92f705a0218 701ee32802e14682af07d92f705a0218] 199.204.45.210 "GET /resource_providers/7b7ec520-f853-404a-b5f3-fb929a38e815/allocations" status: 200 len: 152 microversion: 1.0 [pid: 8|app: 0|req: 368/736] 199.204.45.210 () {32 vars in 857 bytes} [Tue Apr 28 15:04:48 2026] GET /resource_providers/7b7ec520-f853-404a-b5f3-fb929a38e815/allocations => generated 152 bytes in 15 msecs (HTTP/1.1 200) 6 headers in 224 bytes (1 switches on core 0)
2026-04-28 15:04:48.604 7 INFO placement.requestlog [req-7d05bde5-98ec-486b-9b6d-96bcf1571632 req-d0c5f297-a77b-417e-867d-39ad335dda3a 8f5d68860a2c4ce690464c745733c00f 77bc3c9907f349c99211186be2b42d44 - - 701ee32802e14682af07d92f705a0218 701ee32802e14682af07d92f705a0218] 199.204.45.210 "GET /allocations/ff430f51-b3a0-4f1a-b973-92949399c5f5" status: 200 len: 257 microversion: 1.28 [pid: 7|app: 0|req: 369/737] 199.204.45.210 () {34 vars in 863 bytes} [Tue Apr 28 15:04:48 2026] GET /allocations/ff430f51-b3a0-4f1a-b973-92949399c5f5 => generated 257 bytes in 9 msecs (HTTP/1.1 200) 8 headers in 296 bytes (1 switches on core 0)
2026-04-28 15:04:56.894 7 INFO placement.requestlog [None req-8863ce4e-7203-456d-960e-87803083f417 - - - - - -] 10.0.0.95 "GET /" status: 200 len: 136 microversion: 1.0
2026-04-28 15:04:56.895 8 INFO placement.requestlog [None req-3989b788-74f0-4cf9-b212-f7f17feba661 - - - - - -] 10.0.0.95 "GET /" status: 200 len: 136 microversion: 1.0
2026-04-28 15:05:04.615 8 INFO placement.requestlog [None req-82698a23-b165-43d3-9616-2f1a439d4001 c911cb5d89784f7499c1d2b3ae1297bb 77bc3c9907f349c99211186be2b42d44 - - 701ee32802e14682af07d92f705a0218 701ee32802e14682af07d92f705a0218] 10.0.0.147 "GET /resource_providers/55dd54ba-07f5-4308-b0f4-1074bc44dd00/aggregates" status: 404 len: 235 microversion: 1.1 [pid: 8|app: 0|req: 370/740] 10.0.0.147 () {32 vars in 816 bytes} [Tue Apr 28 15:05:04 2026] GET /resource_providers/55dd54ba-07f5-4308-b0f4-1074bc44dd00/aggregates => generated 235 bytes in 8 msecs (HTTP/1.1 404) 5 headers in 202 bytes (1 switches on core 0)
2026-04-28 15:05:04.622 7 INFO placement.requestlog [None req-5c4d446d-7f93-429c-b179-c4a0e9fa977b c911cb5d89784f7499c1d2b3ae1297bb 77bc3c9907f349c99211186be2b42d44 - - 701ee32802e14682af07d92f705a0218 701ee32802e14682af07d92f705a0218] 10.0.0.147 "GET /resource_providers/55dd54ba-07f5-4308-b0f4-1074bc44dd00/aggregates" status: 404 len: 235 microversion: 1.1 [pid: 7|app: 0|req: 371/741] 10.0.0.147 () {32 vars in 816 bytes} [Tue Apr 28 15:05:04 2026] GET /resource_providers/55dd54ba-07f5-4308-b0f4-1074bc44dd00/aggregates => generated 235 bytes in 22 msecs (HTTP/1.1 404) 5 headers in 202 bytes (1 switches on core 0)
2026-04-28 15:05:04.637 8 INFO placement.requestlog [None req-e93f8eb3-5743-4b06-a5ac-ea2c4bca58bd c911cb5d89784f7499c1d2b3ae1297bb 77bc3c9907f349c99211186be2b42d44 - - 701ee32802e14682af07d92f705a0218 701ee32802e14682af07d92f705a0218] 10.0.0.147 "DELETE /resource_providers/55dd54ba-07f5-4308-b0f4-1074bc44dd00" status: 404 len: 246 microversion: 1.1 [pid: 8|app: 0|req: 371/742] 10.0.0.147 () {34 vars in 816 bytes} [Tue Apr 28 15:05:04 2026] DELETE /resource_providers/55dd54ba-07f5-4308-b0f4-1074bc44dd00 => generated 246 bytes in 11 msecs (HTTP/1.1 404) 6 headers in 231 bytes (1 switches on core 0)
2026-04-28 15:05:04.653 7 INFO placement.requestlog [None req-80d7fd89-d9f9-422c-994c-53ea99851269 c911cb5d89784f7499c1d2b3ae1297bb 77bc3c9907f349c99211186be2b42d44 - - 701ee32802e14682af07d92f705a0218 701ee32802e14682af07d92f705a0218] 10.0.0.147 "DELETE /resource_providers/55dd54ba-07f5-4308-b0f4-1074bc44dd00" status: 404 len: 246 microversion: 1.1 [pid: 7|app: 0|req: 372/743] 10.0.0.147 () {34 vars in 816 bytes} [Tue Apr 28 15:05:04 2026] DELETE /resource_providers/55dd54ba-07f5-4308-b0f4-1074bc44dd00 => generated 246 bytes in 22 msecs (HTTP/1.1 404) 6 headers in 231 bytes (1 switches on core 0)
2026-04-28 15:05:05.402 8 INFO placement.requestlog [None req-0d738cf3-3eca-4102-a2e6-2b28e7dc3452 c911cb5d89784f7499c1d2b3ae1297bb 77bc3c9907f349c99211186be2b42d44 - - 701ee32802e14682af07d92f705a0218 701ee32802e14682af07d92f705a0218] 10.0.0.147 "GET /resource_providers/010417e2-d9f9-49e6-b402-4b9a5d3a4b14/aggregates" status: 404 len: 235 microversion: 1.1 [pid: 8|app: 0|req: 372/744] 10.0.0.147 () {32 vars in 816 bytes} [Tue Apr 28 15:05:05 2026] GET /resource_providers/010417e2-d9f9-49e6-b402-4b9a5d3a4b14/aggregates => generated 235 bytes in 15 msecs (HTTP/1.1 404) 5 headers in 202 bytes (1 switches on core 0)
2026-04-28 15:05:05.403 7 INFO placement.requestlog [None req-549ed222-2c5a-40b6-962c-295ef822f0e7 c911cb5d89784f7499c1d2b3ae1297bb 77bc3c9907f349c99211186be2b42d44 - - 701ee32802e14682af07d92f705a0218 701ee32802e14682af07d92f705a0218] 10.0.0.147 "GET /resource_providers/010417e2-d9f9-49e6-b402-4b9a5d3a4b14/aggregates" status: 404 len: 235 microversion: 1.1 [pid: 7|app: 0|req: 373/745] 10.0.0.147 () {32 vars in 816 bytes} [Tue Apr 28 15:05:05 2026] GET /resource_providers/010417e2-d9f9-49e6-b402-4b9a5d3a4b14/aggregates => generated 235 bytes in 10 msecs (HTTP/1.1 404) 5 headers in 202 bytes (1 switches on core 0)
2026-04-28 15:05:05.431 8 INFO placement.requestlog [None req-166538d6-b986-4af7-90fb-d4d2ffc12987 c911cb5d89784f7499c1d2b3ae1297bb 77bc3c9907f349c99211186be2b42d44 - - 701ee32802e14682af07d92f705a0218 701ee32802e14682af07d92f705a0218] 10.0.0.147 "DELETE /resource_providers/010417e2-d9f9-49e6-b402-4b9a5d3a4b14" status: 404 len: 246 microversion: 1.1 [pid: 8|app: 0|req: 373/746] 10.0.0.147 () {34 vars in 816 bytes} [Tue Apr 28 15:05:05 2026] DELETE /resource_providers/010417e2-d9f9-49e6-b402-4b9a5d3a4b14 => generated 246 bytes in 16 msecs (HTTP/1.1 404) 6 headers in 231 bytes (1 switches on core 0)
2026-04-28 15:05:05.444 7 INFO placement.requestlog [None req-3f29a8f5-e5a8-44f1-b413-ac2d6041dd01 c911cb5d89784f7499c1d2b3ae1297bb 77bc3c9907f349c99211186be2b42d44 - - 701ee32802e14682af07d92f705a0218 701ee32802e14682af07d92f705a0218] 10.0.0.147 "DELETE /resource_providers/010417e2-d9f9-49e6-b402-4b9a5d3a4b14" status: 404 len: 246 microversion: 1.1 [pid: 7|app: 0|req: 374/747] 10.0.0.147 () {34 vars in 816 bytes} [Tue Apr 28 15:05:05 2026] DELETE /resource_providers/010417e2-d9f9-49e6-b402-4b9a5d3a4b14 => generated 246 bytes in 23 msecs (HTTP/1.1 404) 6 headers in 231 bytes (1 switches on core 0)
2026-04-28 15:05:06.893 8 INFO placement.requestlog [None req-1828ad0d-ee83-4f30-83db-c08cf3627f18 - - - - - -] 10.0.0.95 "GET /" status: 200 len: 136 microversion: 1.0
2026-04-28 15:05:06.894 7 INFO placement.requestlog [None req-5a06b717-7f80-4bfa-ae87-fb44ea4630e4 - - - - - -] 10.0.0.95 "GET /" status: 200 len: 136 microversion: 1.0
2026-04-28 15:05:10.093 8 INFO placement.requestlog [None req-8c56b299-49dc-4312-bd05-93dcf3ff8194 c911cb5d89784f7499c1d2b3ae1297bb 77bc3c9907f349c99211186be2b42d44 - - 701ee32802e14682af07d92f705a0218 701ee32802e14682af07d92f705a0218] 10.0.0.147 "GET /resource_providers/98d304e2-0f52-4c60-8c88-c44418844b0b/aggregates" status: 404 len: 235 microversion: 1.1 [pid: 8|app: 0|req: 375/750] 10.0.0.147 () {32 vars in 816 bytes} [Tue Apr 28 15:05:10 2026] GET /resource_providers/98d304e2-0f52-4c60-8c88-c44418844b0b/aggregates => generated 235 bytes in 15 msecs (HTTP/1.1 404) 5 headers in 202 bytes (1 switches on core 0)
2026-04-28 15:05:10.097 7 INFO placement.requestlog [None req-fbb9ecc3-afa9-4bba-9b2c-742cc49a2254 c911cb5d89784f7499c1d2b3ae1297bb 77bc3c9907f349c99211186be2b42d44 - - 701ee32802e14682af07d92f705a0218 701ee32802e14682af07d92f705a0218] 10.0.0.147 "GET /resource_providers/98d304e2-0f52-4c60-8c88-c44418844b0b/aggregates" status: 404 len: 235 microversion: 1.1 [pid: 7|app: 0|req: 376/751] 10.0.0.147 () {32 vars in 816 bytes} [Tue Apr 28 15:05:10 2026] GET /resource_providers/98d304e2-0f52-4c60-8c88-c44418844b0b/aggregates => generated 235 bytes in 11 msecs (HTTP/1.1 404) 5 headers in 202 bytes (1 switches on core 0)
2026-04-28 15:05:10.134 8 INFO placement.requestlog [None req-dd0f7b76-8c7d-411a-91bc-4b923e09776a c911cb5d89784f7499c1d2b3ae1297bb 77bc3c9907f349c99211186be2b42d44 - - 701ee32802e14682af07d92f705a0218 701ee32802e14682af07d92f705a0218] 10.0.0.147 "DELETE /resource_providers/98d304e2-0f52-4c60-8c88-c44418844b0b" status: 404 len: 246 microversion: 1.1 [pid: 8|app: 0|req: 376/752] 10.0.0.147 () {34 vars in 816 bytes} [Tue Apr 28 15:05:10 2026] DELETE /resource_providers/98d304e2-0f52-4c60-8c88-c44418844b0b => generated 246 bytes in 11 msecs (HTTP/1.1 404) 6 headers in 231 bytes (1 switches on core 0)
2026-04-28 15:05:10.138 7 INFO placement.requestlog [None req-ed9f7447-be38-4b87-9e94-eec52638953e c911cb5d89784f7499c1d2b3ae1297bb 77bc3c9907f349c99211186be2b42d44 - - 701ee32802e14682af07d92f705a0218 701ee32802e14682af07d92f705a0218] 10.0.0.147 "DELETE /resource_providers/98d304e2-0f52-4c60-8c88-c44418844b0b" status: 404 len: 246 microversion: 1.1 [pid: 7|app: 0|req: 377/753] 10.0.0.147 () {34 vars in 816 bytes} [Tue Apr 28 15:05:10 2026] DELETE /resource_providers/98d304e2-0f52-4c60-8c88-c44418844b0b => generated 246 bytes in 13 msecs (HTTP/1.1 404) 6 headers in 231 bytes (1 switches on core 0)
2026-04-28 15:05:14.712 8 INFO placement.requestlog [None req-abfa24a5-7133-43b1-ae30-244a73c52449 c911cb5d89784f7499c1d2b3ae1297bb 77bc3c9907f349c99211186be2b42d44 - - 701ee32802e14682af07d92f705a0218 701ee32802e14682af07d92f705a0218] 10.0.0.147 "GET /resource_providers/6a75dbbe-abb8-4ce7-9489-9a6fbe412995/aggregates" status: 404 len: 235 microversion: 1.1 [pid: 8|app: 0|req: 377/754] 10.0.0.147 () {32 vars in 816 bytes} [Tue Apr 28 15:05:14 2026] GET /resource_providers/6a75dbbe-abb8-4ce7-9489-9a6fbe412995/aggregates => generated 235 bytes in 9 msecs (HTTP/1.1 404) 5 headers in 202 bytes (1 switches on core 0)
2026-04-28 15:05:14.721 7 INFO placement.requestlog [None req-a8f8ef37-478a-4a53-9c1a-0ef6e70ade16 c911cb5d89784f7499c1d2b3ae1297bb 77bc3c9907f349c99211186be2b42d44 - - 701ee32802e14682af07d92f705a0218 701ee32802e14682af07d92f705a0218] 10.0.0.147 "GET /resource_providers/6a75dbbe-abb8-4ce7-9489-9a6fbe412995/aggregates" status: 404 len: 235 microversion: 1.1 [pid: 7|app: 0|req: 378/755] 10.0.0.147 () {32 vars in 816 bytes} [Tue Apr 28 15:05:14 2026] GET /resource_providers/6a75dbbe-abb8-4ce7-9489-9a6fbe412995/aggregates => generated 235 bytes in 11 msecs (HTTP/1.1 404) 5 headers in 202 bytes (1 switches on core 0)
2026-04-28 15:05:14.740 8 INFO placement.requestlog [None req-7c4f9936-a4c0-4a6e-88a6-7b79516e6557 c911cb5d89784f7499c1d2b3ae1297bb 77bc3c9907f349c99211186be2b42d44 - - 701ee32802e14682af07d92f705a0218 701ee32802e14682af07d92f705a0218] 10.0.0.147 "DELETE /resource_providers/6a75dbbe-abb8-4ce7-9489-9a6fbe412995" status: 404 len: 246 microversion: 1.1 [pid: 8|app: 0|req: 378/756] 10.0.0.147 () {34 vars in 816 bytes} [Tue Apr 28 15:05:14 2026] DELETE /resource_providers/6a75dbbe-abb8-4ce7-9489-9a6fbe412995 => generated 246 bytes in 9 msecs (HTTP/1.1 404) 6 headers in 231 bytes (1 switches on core 0)
2026-04-28 15:05:14.744 7 INFO placement.requestlog [None req-a3f489ae-a587-4e31-9b90-8aa145afa3cd c911cb5d89784f7499c1d2b3ae1297bb 77bc3c9907f349c99211186be2b42d44 - - 701ee32802e14682af07d92f705a0218 701ee32802e14682af07d92f705a0218] 10.0.0.147 "DELETE /resource_providers/6a75dbbe-abb8-4ce7-9489-9a6fbe412995" status: 404 len: 246 microversion: 1.1 [pid: 7|app: 0|req: 379/757] 10.0.0.147 () {34 vars in 816 bytes} [Tue Apr 28 15:05:14 2026] DELETE /resource_providers/6a75dbbe-abb8-4ce7-9489-9a6fbe412995 => generated 246 bytes in 9 msecs (HTTP/1.1 404) 6 headers in 231 bytes (1 switches on core 0)
2026-04-28 15:05:15.720 7 INFO placement.requestlog [None req-8377a6ce-8cc6-4a5c-9bc4-3c436a661d89 c911cb5d89784f7499c1d2b3ae1297bb 77bc3c9907f349c99211186be2b42d44 - - 701ee32802e14682af07d92f705a0218 701ee32802e14682af07d92f705a0218] 10.0.0.147 "GET /resource_providers/aaf52068-8130-4a8f-906a-0a13ba26a115/aggregates" status: 404 len: 235 microversion: 1.1 [pid: 7|app: 0|req: 380/758] 10.0.0.147 () {32 vars in 816 bytes} [Tue Apr 28 15:05:15 2026] GET /resource_providers/aaf52068-8130-4a8f-906a-0a13ba26a115/aggregates => generated 235 bytes in 12 msecs (HTTP/1.1 404) 5 headers in 202 bytes (1 switches on core 0)
2026-04-28 15:05:15.723 8 INFO placement.requestlog [None req-ccda7d25-f108-4d1e-b328-ac276cb05648 c911cb5d89784f7499c1d2b3ae1297bb 77bc3c9907f349c99211186be2b42d44 - - 701ee32802e14682af07d92f705a0218 701ee32802e14682af07d92f705a0218] 10.0.0.147 "GET /resource_providers/aaf52068-8130-4a8f-906a-0a13ba26a115/aggregates" status: 404 len: 235 microversion: 1.1 [pid: 8|app: 0|req: 379/759] 10.0.0.147 () {32 vars in 816 bytes} [Tue Apr 28 15:05:15 2026] GET /resource_providers/aaf52068-8130-4a8f-906a-0a13ba26a115/aggregates => generated 235 bytes in 18 msecs (HTTP/1.1 404) 5 headers in 202 bytes (1 switches on core 0)
2026-04-28 15:05:15.744 7 INFO placement.requestlog [None req-2dd8912b-3eb3-47f3-a230-46e0f6a3323e c911cb5d89784f7499c1d2b3ae1297bb 77bc3c9907f349c99211186be2b42d44 - - 701ee32802e14682af07d92f705a0218 701ee32802e14682af07d92f705a0218] 10.0.0.147 "DELETE /resource_providers/aaf52068-8130-4a8f-906a-0a13ba26a115" status: 404 len: 246 microversion: 1.1 [pid: 7|app: 0|req: 381/760] 10.0.0.147 () {34 vars in 816 bytes} [Tue Apr 28 15:05:15 2026] DELETE /resource_providers/aaf52068-8130-4a8f-906a-0a13ba26a115 => generated 246 bytes in 14 msecs (HTTP/1.1 404) 6 headers in 231 bytes (1 switches on core 0)
2026-04-28 15:05:15.759 8 INFO placement.requestlog [None req-fce96afb-a6fb-46c2-bfac-f0d09b7646d6 c911cb5d89784f7499c1d2b3ae1297bb 77bc3c9907f349c99211186be2b42d44 - - 701ee32802e14682af07d92f705a0218 701ee32802e14682af07d92f705a0218] 10.0.0.147 "DELETE /resource_providers/aaf52068-8130-4a8f-906a-0a13ba26a115" status: 404 len: 246 microversion: 1.1 [pid: 8|app: 0|req: 380/761] 10.0.0.147 () {34 vars in 816 bytes} [Tue Apr 28 15:05:15 2026] DELETE /resource_providers/aaf52068-8130-4a8f-906a-0a13ba26a115 => generated 246 bytes in 23 msecs (HTTP/1.1 404) 6 headers in 231 bytes (1 switches on core 0)
2026-04-28 15:05:16.766 7 INFO placement.requestlog [None req-140cf5bf-aa02-489f-b7c4-30873c735467 c911cb5d89784f7499c1d2b3ae1297bb 77bc3c9907f349c99211186be2b42d44 - - 701ee32802e14682af07d92f705a0218 701ee32802e14682af07d92f705a0218] 10.0.0.147 "GET /resource_providers/747d3de0-c9fb-42f0-ba1f-fcb82fbfce60/aggregates" status: 404 len: 235 microversion: 1.1 [pid: 7|app: 0|req: 382/762] 10.0.0.147 () {32 vars in 816 bytes} [Tue Apr 28 15:05:16 2026] GET /resource_providers/747d3de0-c9fb-42f0-ba1f-fcb82fbfce60/aggregates => generated 235 bytes in 10 msecs (HTTP/1.1 404) 5 headers in 202 bytes (1 switches on core 0)
2026-04-28 15:05:16.768 8 INFO placement.requestlog [None req-379e08ce-0b25-4bfd-be27-02bd2585175f c911cb5d89784f7499c1d2b3ae1297bb 77bc3c9907f349c99211186be2b42d44 - - 701ee32802e14682af07d92f705a0218 701ee32802e14682af07d92f705a0218] 10.0.0.147 "GET /resource_providers/747d3de0-c9fb-42f0-ba1f-fcb82fbfce60/aggregates" status: 404 len: 235 microversion: 1.1 [pid: 8|app: 0|req: 381/763] 10.0.0.147 () {32 vars in 816 bytes} [Tue Apr 28 15:05:16 2026] GET /resource_providers/747d3de0-c9fb-42f0-ba1f-fcb82fbfce60/aggregates => generated 235 bytes in 12 msecs (HTTP/1.1 404) 5 headers in 202 bytes (1 switches on core 0)
2026-04-28 15:05:16.795 8 INFO placement.requestlog [None req-4913c1ba-b4cb-4a32-9370-0c1bc2f184fb c911cb5d89784f7499c1d2b3ae1297bb 77bc3c9907f349c99211186be2b42d44 - - 701ee32802e14682af07d92f705a0218 701ee32802e14682af07d92f705a0218] 10.0.0.147 "DELETE /resource_providers/747d3de0-c9fb-42f0-ba1f-fcb82fbfce60" status: 404 len: 246 microversion: 1.1 [pid: 8|app: 0|req: 382/764] 10.0.0.147 () {34 vars in 816 bytes} [Tue Apr 28 15:05:16 2026] DELETE /resource_providers/747d3de0-c9fb-42f0-ba1f-fcb82fbfce60 => generated 246 bytes in 9 msecs (HTTP/1.1 404) 6 headers in 231 bytes (1 switches on core 0)
2026-04-28 15:05:16.798 7 INFO placement.requestlog [None req-f280a5a2-bbdf-4feb-9863-12fae4239b02 c911cb5d89784f7499c1d2b3ae1297bb 77bc3c9907f349c99211186be2b42d44 - - 701ee32802e14682af07d92f705a0218 701ee32802e14682af07d92f705a0218] 10.0.0.147 "DELETE /resource_providers/747d3de0-c9fb-42f0-ba1f-fcb82fbfce60" status: 404 len: 246 microversion: 1.1 [pid: 7|app: 0|req: 383/765] 10.0.0.147 () {34 vars in 816 bytes} [Tue Apr 28 15:05:16 2026] DELETE /resource_providers/747d3de0-c9fb-42f0-ba1f-fcb82fbfce60 => generated 246 bytes in 13 msecs (HTTP/1.1 404) 6 headers in 231 bytes (1 switches on core 0)
2026-04-28 15:05:16.815 7 INFO placement.requestlog [None req-9a179d34-119d-45a4-a480-e21585a4fe0d c911cb5d89784f7499c1d2b3ae1297bb 77bc3c9907f349c99211186be2b42d44 - - 701ee32802e14682af07d92f705a0218 701ee32802e14682af07d92f705a0218] 10.0.0.147 "GET /resource_providers/fff90af4-f8d0-4374-bf9f-6ff68433b3dc/aggregates" status: 404 len: 235 microversion: 1.1 [pid: 7|app: 0|req: 384/766] 10.0.0.147 () {32 vars in 816 bytes} [Tue Apr 28 15:05:16 2026] GET /resource_providers/fff90af4-f8d0-4374-bf9f-6ff68433b3dc/aggregates => generated 235 bytes in 9 msecs (HTTP/1.1 404) 5 headers in 202 bytes (1 switches on core 0)
2026-04-28 15:05:16.820 8 INFO placement.requestlog [None req-a6b675a9-f4bc-45dc-b21c-c5512269858d c911cb5d89784f7499c1d2b3ae1297bb 77bc3c9907f349c99211186be2b42d44 - - 701ee32802e14682af07d92f705a0218 701ee32802e14682af07d92f705a0218] 10.0.0.147 "GET /resource_providers/fff90af4-f8d0-4374-bf9f-6ff68433b3dc/aggregates" status: 404 len: 235 microversion: 1.1 [pid: 8|app: 0|req: 383/767] 10.0.0.147 () {32 vars in 816 bytes} [Tue Apr 28 15:05:16 2026] GET /resource_providers/fff90af4-f8d0-4374-bf9f-6ff68433b3dc/aggregates => generated 235 bytes in 13 msecs (HTTP/1.1 404) 5 headers in 202 bytes (1 switches on core 0)
2026-04-28 15:05:16.844 7 INFO placement.requestlog [None req-0b838848-e7c1-4811-bf04-4c9be42c9e9f c911cb5d89784f7499c1d2b3ae1297bb 77bc3c9907f349c99211186be2b42d44 - - 701ee32802e14682af07d92f705a0218 701ee32802e14682af07d92f705a0218] 10.0.0.147 "DELETE /resource_providers/fff90af4-f8d0-4374-bf9f-6ff68433b3dc" status: 404 len: 246 microversion: 1.1
2026-04-28 15:05:16.845 8 INFO placement.requestlog [None req-afcd9205-734a-4918-ae9d-ec396b4505f8 c911cb5d89784f7499c1d2b3ae1297bb 77bc3c9907f349c99211186be2b42d44 - - 701ee32802e14682af07d92f705a0218 701ee32802e14682af07d92f705a0218] 10.0.0.147 "DELETE /resource_providers/fff90af4-f8d0-4374-bf9f-6ff68433b3dc" status: 404 len: 246 microversion: 1.1 [pid: 7|app: 0|req: 385/768] 10.0.0.147 () {34 vars in 816 bytes} [Tue Apr 28 15:05:16 2026] DELETE /resource_providers/fff90af4-f8d0-4374-bf9f-6ff68433b3dc => generated 246 bytes in 11 msecs (HTTP/1.1 404) 6 headers in 231 bytes (1 switches on core 0) [pid: 8|app: 0|req: 384/769] 10.0.0.147 () {34 vars in 816 bytes} [Tue Apr 28 15:05:16 2026] DELETE /resource_providers/fff90af4-f8d0-4374-bf9f-6ff68433b3dc => generated 246 bytes in 10 msecs (HTTP/1.1 404) 6 headers in 231 bytes (1 switches on core 0)
2026-04-28 15:05:16.879 7 INFO placement.requestlog [None req-8f76cadc-0d2e-488e-912b-1124ef509c8f c911cb5d89784f7499c1d2b3ae1297bb 77bc3c9907f349c99211186be2b42d44 - - 701ee32802e14682af07d92f705a0218 701ee32802e14682af07d92f705a0218] 10.0.0.147 "GET /resource_providers/561c666b-c17d-419b-931b-e352b86104f8/aggregates" status: 404 len: 235 microversion: 1.1 [pid: 7|app: 0|req: 386/770] 10.0.0.147 () {32 vars in 816 bytes} [Tue Apr 28 15:05:16 2026] GET /resource_providers/561c666b-c17d-419b-931b-e352b86104f8/aggregates => generated 235 bytes in 13 msecs (HTTP/1.1 404) 5 headers in 202 bytes (1 switches on core 0)
2026-04-28 15:05:16.880 8 INFO placement.requestlog [None req-912e53a2-1cf1-4916-8ce4-da0884c8fa0a c911cb5d89784f7499c1d2b3ae1297bb 77bc3c9907f349c99211186be2b42d44 - - 701ee32802e14682af07d92f705a0218 701ee32802e14682af07d92f705a0218] 10.0.0.147 "GET /resource_providers/561c666b-c17d-419b-931b-e352b86104f8/aggregates" status: 404 len: 235 microversion: 1.1 [pid: 8|app: 0|req: 385/771] 10.0.0.147 () {32 vars in 816 bytes} [Tue Apr 28 15:05:16 2026] GET /resource_providers/561c666b-c17d-419b-931b-e352b86104f8/aggregates => generated 235 bytes in 9 msecs (HTTP/1.1 404) 5 headers in 202 bytes (1 switches on core 0)
