2026-04-28 15:06:00.451 7 WARNING neutron.db.securitygroups_db [None req-6166cb5f-47c5-42f4-8890-27106d0fbd19 57ba5fce9e454dbb98803391a41cc754 25d1aff6cdd24cc7adf7ee12ed99bc12 - - default default] project_id key not found in filters, using tenant_id instead. This support has been deprecated and will be removed in a future release. [pid: 8|app: 0|req: 826/1719] 10.0.0.32 () {32 vars in 725 bytes} [Tue Apr 28 15:06:00 2026] DELETE /v2.0/networks/c9a2f2a1-567e-462c-a49e-a170167f7279 => generated 0 bytes in 331 msecs (HTTP/1.1 204) 3 headers in 131 bytes (1 switches on core 0)
2026-04-28 15:06:00.596 7 INFO neutron.db.ovn_revision_numbers_db [None req-6166cb5f-47c5-42f4-8890-27106d0fbd19 57ba5fce9e454dbb98803391a41cc754 25d1aff6cdd24cc7adf7ee12ed99bc12 - - default default] Successfully bumped revision number for resource 57a42c8f-06db-4744-8779-7d7794ff3f51 (type: security_groups) to 1
2026-04-28 15:06:00.612 7 INFO neutron.db.ovn_revision_numbers_db [None req-6166cb5f-47c5-42f4-8890-27106d0fbd19 57ba5fce9e454dbb98803391a41cc754 25d1aff6cdd24cc7adf7ee12ed99bc12 - - default default] Successfully bumped revision number for resource 1b41c9ad-4432-48fb-adb3-09e435694de2 (type: security_group_rules) to 0
2026-04-28 15:06:00.623 7 INFO neutron.db.ovn_revision_numbers_db [None req-6166cb5f-47c5-42f4-8890-27106d0fbd19 57ba5fce9e454dbb98803391a41cc754 25d1aff6cdd24cc7adf7ee12ed99bc12 - - default default] Successfully bumped revision number for resource 3f8565b1-7d15-4408-a260-e0e08f241e1d (type: security_group_rules) to 0
2026-04-28 15:06:00.640 7 INFO neutron.db.ovn_revision_numbers_db [None req-6166cb5f-47c5-42f4-8890-27106d0fbd19 57ba5fce9e454dbb98803391a41cc754 25d1aff6cdd24cc7adf7ee12ed99bc12 - - default default] Successfully bumped revision number for resource d176deb3-203d-4674-bf9c-b80fc6ad25ab (type: security_group_rules) to 0
2026-04-28 15:06:00.650 7 INFO neutron.db.ovn_revision_numbers_db [None req-6166cb5f-47c5-42f4-8890-27106d0fbd19 57ba5fce9e454dbb98803391a41cc754 25d1aff6cdd24cc7adf7ee12ed99bc12 - - default default] Successfully bumped revision number for resource f64f4686-5fb2-42eb-a086-7001cc9386a7 (type: security_group_rules) to 0 [pid: 7|app: 0|req: 894/1720] 10.0.0.32 () {32 vars in 773 bytes} [Tue Apr 28 15:06:00 2026] GET /v2.0/security-groups?tenant_id=cc89356a6438407387f912246271a98d&name=default => generated 2925 bytes in 450 msecs (HTTP/1.1 200) 4 headers in 158 bytes (1 switches on core 0)
2026-04-28 15:06:00.774 8 INFO neutron.services.segments.plugin [-] Segment e6e53b6b-167e-47d2-ba2b-21695b54dd95 resource provider aggregate not found
2026-04-28 15:06:00.780 8 INFO neutron.services.segments.plugin [-] Segment e6e53b6b-167e-47d2-ba2b-21695b54dd95 resource provider aggregate not found
2026-04-28 15:06:00.801 8 INFO neutron.services.segments.plugin [-] Segment e6e53b6b-167e-47d2-ba2b-21695b54dd95 resource provider not found; error: Placement Client Error (4xx): {"errors": [{"status": 404, "title": "Not Found", "detail": "The resource could not be found.\n\n No resource provider with uuid e6e53b6b-167e-47d2-ba2b-21695b54dd95 found for delete ", "request_id": "req-9e995f03-5510-45de-94fd-6518d3c52745"}]}
2026-04-28 15:06:00.806 8 INFO neutron.services.segments.plugin [-] Segment e6e53b6b-167e-47d2-ba2b-21695b54dd95 resource provider not found; error: Placement Client Error (4xx): {"errors": [{"status": 404, "title": "Not Found", "detail": "The resource could not be found.\n\n No resource provider with uuid e6e53b6b-167e-47d2-ba2b-21695b54dd95 found for delete ", "request_id": "req-7ceac6a0-175c-43b4-ad37-2222569091af"}]}
2026-04-28 15:06:00.816 8 INFO neutron.services.segments.plugin [-] Segment 0cf4e5dd-497b-491a-87bf-dac63ca333ff resource provider aggregate not found
2026-04-28 15:06:00.832 8 INFO neutron.services.segments.plugin [-] Segment 0cf4e5dd-497b-491a-87bf-dac63ca333ff resource provider not found; error: Placement Client Error (4xx): {"errors": [{"status": 404, "title": "Not Found", "detail": "The resource could not be found.\n\n No resource provider with uuid 0cf4e5dd-497b-491a-87bf-dac63ca333ff found for delete ", "request_id": "req-c5674c3b-252b-4970-a1a0-8dc187e5c01b"}]} [pid: 7|app: 0|req: 895/1721] 10.0.0.32 () {32 vars in 739 bytes} [Tue Apr 28 15:06:00 2026] DELETE /v2.0/security-groups/57a42c8f-06db-4744-8779-7d7794ff3f51 => generated 0 bytes in 144 msecs (HTTP/1.1 204) 2 headers in 112 bytes (1 switches on core 0)
2026-04-28 15:06:00.840 8 INFO neutron.services.segments.plugin [-] Segment 0cf4e5dd-497b-491a-87bf-dac63ca333ff resource provider aggregate not found
2026-04-28 15:06:00.860 8 INFO neutron.services.segments.plugin [-] Segment 0cf4e5dd-497b-491a-87bf-dac63ca333ff resource provider not found; error: Placement Client Error (4xx): {"errors": [{"status": 404, "title": "Not Found", "detail": "The resource could not be found.\n\n No resource provider with uuid 0cf4e5dd-497b-491a-87bf-dac63ca333ff found for delete ", "request_id": "req-b34e7cb7-8f51-4f77-a028-3fb06ce8d35b"}]}
2026-04-28 15:06:00.890 8 WARNING neutron.scheduler.dhcp_agent_scheduler [None req-2652ceb7-cf7e-4fba-99ae-5416e9b955bb 19985d078dd9478996e54559d5f6518a b58259d9d8db4bd1833185a533d14155 - - default default] No more DHCP agents
2026-04-28 15:06:00.892 8 WARNING neutron.api.rpc.agentnotifiers.dhcp_rpc_agent_api [None req-2652ceb7-cf7e-4fba-99ae-5416e9b955bb 19985d078dd9478996e54559d5f6518a b58259d9d8db4bd1833185a533d14155 - - default default] Unable to schedule network d97cc99c-c905-461f-8154-b2266dd7af95: no agents available; will retry on subsequent port and subnet creation events.
2026-04-28 15:06:00.961 8 INFO neutron.plugins.ml2.drivers.ovn.mech_driver.mech_driver [None req-bb5d6ee5-e6c4-4473-804b-d4727ea67cb2 - - - - - -] OVN reports status down for port: e1ffc73b-f6c7-4775-94db-7ac1723c7ae6
2026-04-28 15:06:01.030 8 INFO neutron.db.ovn_revision_numbers_db [None req-2652ceb7-cf7e-4fba-99ae-5416e9b955bb 19985d078dd9478996e54559d5f6518a b58259d9d8db4bd1833185a533d14155 - - default default] Successfully bumped revision number for resource e1ffc73b-f6c7-4775-94db-7ac1723c7ae6 (type: ports) to 1 [pid: 8|app: 0|req: 827/1722] 10.0.0.32 () {34 vars in 664 bytes} [Tue Apr 28 15:06:00 2026] POST /v2.0/ports => generated 960 bytes in 577 msecs (HTTP/1.1 201) 4 headers in 162 bytes (1 switches on core 0) /var/lib/openstack/lib/python3.12/site-packages/pycadf/identifier.py:70: UserWarning: Invalid uuid: neutron. To ensure interoperability, identifiers should be a valid uuid. warnings.warn(('Invalid uuid: %s. To ensure interoperability, '
2026-04-28 15:06:01.112 7 WARNING neutron.db.securitygroups_db [None req-19740cac-e35d-4d76-8762-b01de0a227da 57ba5fce9e454dbb98803391a41cc754 25d1aff6cdd24cc7adf7ee12ed99bc12 - - default default] project_id key not found in filters, using tenant_id instead. This support has been deprecated and will be removed in a future release. [pid: 7|app: 0|req: 896/1723] 10.0.0.32 () {32 vars in 773 bytes} [Tue Apr 28 15:06:00 2026] GET /v2.0/security-groups?tenant_id=8863af2e8d924beaa7ad155be51c73ae&name=default => generated 2925 bytes in 196 msecs (HTTP/1.1 200) 4 headers in 158 bytes (1 switches on core 0) [pid: 7|app: 0|req: 897/1724] 10.0.0.32 () {32 vars in 739 bytes} [Tue Apr 28 15:06:01 2026] DELETE /v2.0/security-groups/8d711a2b-ef02-455a-98bd-0799a3cd7c9d => generated 0 bytes in 166 msecs (HTTP/1.1 204) 2 headers in 112 bytes (1 switches on core 0)
2026-04-28 15:06:01.577 8 INFO neutron.plugins.ml2.drivers.ovn.mech_driver.mech_driver [None req-bb5d6ee5-e6c4-4473-804b-d4727ea67cb2 - - - - - -] OVN reports status up for port: e1ffc73b-f6c7-4775-94db-7ac1723c7ae6
2026-04-28 15:06:01.616 8 INFO neutron.plugins.ml2.plugin [None req-bb5d6ee5-e6c4-4473-804b-d4727ea67cb2 - - - - - -] Attempt 1 to provision port e1ffc73b-f6c7-4775-94db-7ac1723c7ae6
2026-04-28 15:06:01.631 8 INFO neutron.db.ovn_revision_numbers_db [None req-e5a80d44-7f82-45cd-a145-3906172e92bd 19985d078dd9478996e54559d5f6518a b58259d9d8db4bd1833185a533d14155 - - default default] Successfully bumped revision number for resource e1ffc73b-f6c7-4775-94db-7ac1723c7ae6 (type: ports) to 2
2026-04-28 15:06:02.368 8 INFO neutron.db.ovn_revision_numbers_db [None req-bb5d6ee5-e6c4-4473-804b-d4727ea67cb2 - - - - - -] Successfully bumped revision number for resource e1ffc73b-f6c7-4775-94db-7ac1723c7ae6 (type: ports) to 3
2026-04-28 15:06:02.594 8 WARNING neutron.scheduler.dhcp_agent_scheduler [None req-e5a80d44-7f82-45cd-a145-3906172e92bd 19985d078dd9478996e54559d5f6518a b58259d9d8db4bd1833185a533d14155 - - default default] No more DHCP agents
2026-04-28 15:06:02.600 8 WARNING neutron.api.rpc.agentnotifiers.dhcp_rpc_agent_api [None req-e5a80d44-7f82-45cd-a145-3906172e92bd 19985d078dd9478996e54559d5f6518a b58259d9d8db4bd1833185a533d14155 - - default default] Unable to schedule network d97cc99c-c905-461f-8154-b2266dd7af95: no agents available; will retry on subsequent port and subnet creation events.
2026-04-28 15:06:02.817 8 INFO neutron.db.ovn_revision_numbers_db [None req-e5a80d44-7f82-45cd-a145-3906172e92bd 19985d078dd9478996e54559d5f6518a b58259d9d8db4bd1833185a533d14155 - - default default] Successfully bumped revision number for resource e1ffc73b-f6c7-4775-94db-7ac1723c7ae6 (type: router_ports) to 3 [pid: 8|app: 0|req: 828/1727] 10.0.0.32 () {34 vars in 782 bytes} [Tue Apr 28 15:06:01 2026] PUT /v2.0/routers/e27804d3-d97c-4cb4-b3d1-6e67e7e90d8b/add_router_interface => generated 310 bytes in 1718 msecs (HTTP/1.1 200) 4 headers in 157 bytes (1 switches on core 0) [pid: 7|app: 0|req: 900/1728] 10.0.0.32 () {32 vars in 716 bytes} [Tue Apr 28 15:06:02 2026] GET /v2.0/ports/e1ffc73b-f6c7-4775-94db-7ac1723c7ae6 => generated 1022 bytes in 88 msecs (HTTP/1.1 200) 4 headers in 158 bytes (1 switches on core 0) /var/lib/openstack/lib/python3.12/site-packages/pycadf/identifier.py:70: UserWarning: Invalid uuid: neutron. To ensure interoperability, identifiers should be a valid uuid. warnings.warn(('Invalid uuid: %s. To ensure interoperability, '
2026-04-28 15:06:03.159 8 INFO neutron_taas.services.taas.taas_plugin [None req-e71cc7c1-ed36-405b-91ce-b2f922381e82 19985d078dd9478996e54559d5f6518a b58259d9d8db4bd1833185a533d14155 - - default default] TaaS: Handle Delete Port: e1ffc73b-f6c7-4775-94db-7ac1723c7ae6
2026-04-28 15:06:03.162 8 INFO neutron_taas.services.taas.tap_mirror_plugin [None req-e71cc7c1-ed36-405b-91ce-b2f922381e82 19985d078dd9478996e54559d5f6518a b58259d9d8db4bd1833185a533d14155 - - default default] Tap Mirror: Handle Delete Port: e1ffc73b-f6c7-4775-94db-7ac1723c7ae6 [pid: 8|app: 0|req: 829/1729] 10.0.0.32 () {34 vars in 788 bytes} [Tue Apr 28 15:06:02 2026] PUT /v2.0/routers/e27804d3-d97c-4cb4-b3d1-6e67e7e90d8b/remove_router_interface => generated 310 bytes in 533 msecs (HTTP/1.1 200) 4 headers in 157 bytes (1 switches on core 0) /var/lib/openstack/lib/python3.12/site-packages/pycadf/identifier.py:70: UserWarning: Invalid uuid: neutron. To ensure interoperability, identifiers should be a valid uuid. warnings.warn(('Invalid uuid: %s. To ensure interoperability, '
2026-04-28 15:06:03.546 7 INFO neutron.db.ovn_revision_numbers_db [None req-4a40b8c6-ff3e-4be6-901a-4b039e6a43fd 173a025d26254f15a98b5e15c23727a0 455bfdaf3a054e72aebf58b03125a866 - - default default] Successfully bumped revision number for resource 39053ee5-920a-4acf-b24e-5c66b7d8dba1 (type: security_groups) to 1
2026-04-28 15:06:03.547 8 INFO neutron.api.v2.resource [None req-04eee0cf-79d5-4384-9b26-735d41f403d9 19985d078dd9478996e54559d5f6518a b58259d9d8db4bd1833185a533d14155 - - default default] remove_router_interface failed (client error): The resource could not be found. [pid: 8|app: 0|req: 830/1730] 10.0.0.32 () {34 vars in 788 bytes} [Tue Apr 28 15:06:03 2026] PUT /v2.0/routers/e27804d3-d97c-4cb4-b3d1-6e67e7e90d8b/remove_router_interface => generated 197 bytes in 89 msecs (HTTP/1.1 404) 4 headers in 164 bytes (1 switches on core 0)
2026-04-28 15:06:03.557 7 INFO neutron.db.ovn_revision_numbers_db [None req-4a40b8c6-ff3e-4be6-901a-4b039e6a43fd 173a025d26254f15a98b5e15c23727a0 455bfdaf3a054e72aebf58b03125a866 - - default default] Successfully bumped revision number for resource 39ec8c5a-7a7b-4d76-833b-3c2d983b8b7e (type: security_group_rules) to 0
2026-04-28 15:06:03.569 7 INFO neutron.db.ovn_revision_numbers_db [None req-4a40b8c6-ff3e-4be6-901a-4b039e6a43fd 173a025d26254f15a98b5e15c23727a0 455bfdaf3a054e72aebf58b03125a866 - - default default] Successfully bumped revision number for resource 44a07f66-67a6-46ab-a0ad-b4b438e3a1d2 (type: security_group_rules) to 0 [pid: 8|app: 0|req: 831/1731] 10.0.0.32 () {32 vars in 735 bytes} [Tue Apr 28 15:06:03 2026] GET /v2.0/ports?device_id=e27804d3-d97c-4cb4-b3d1-6e67e7e90d8b => generated 12 bytes in 21 msecs (HTTP/1.1 200) 4 headers in 156 bytes (1 switches on core 0)
2026-04-28 15:06:03.583 7 INFO neutron.db.ovn_revision_numbers_db [None req-4a40b8c6-ff3e-4be6-901a-4b039e6a43fd 173a025d26254f15a98b5e15c23727a0 455bfdaf3a054e72aebf58b03125a866 - - default default] Successfully bumped revision number for resource 7440eb2e-3fb5-4519-8c3e-9534bf888689 (type: security_group_rules) to 0
2026-04-28 15:06:03.596 7 INFO neutron.db.ovn_revision_numbers_db [None req-4a40b8c6-ff3e-4be6-901a-4b039e6a43fd 173a025d26254f15a98b5e15c23727a0 455bfdaf3a054e72aebf58b03125a866 - - default default] Successfully bumped revision number for resource a49b78d9-2a09-4bf0-b4fb-72257d416075 (type: security_group_rules) to 0
2026-04-28 15:06:03.667 7 INFO neutron.db.segments_db [None req-4a40b8c6-ff3e-4be6-901a-4b039e6a43fd 173a025d26254f15a98b5e15c23727a0 455bfdaf3a054e72aebf58b03125a866 - - default default] Added segment bbd5b989-724a-4d80-b2d0-8ce6aed1f35b of type geneve for network a0b5d7cf-0f3f-4bdf-a66d-eb121c097d0e
2026-04-28 15:06:03.768 7 INFO neutron.db.ovn_revision_numbers_db [None req-4a40b8c6-ff3e-4be6-901a-4b039e6a43fd 173a025d26254f15a98b5e15c23727a0 455bfdaf3a054e72aebf58b03125a866 - - default default] Successfully bumped revision number for resource a0b5d7cf-0f3f-4bdf-a66d-eb121c097d0e (type: networks) to 1 [pid: 8|app: 0|req: 832/1732] 10.0.0.32 () {32 vars in 723 bytes} [Tue Apr 28 15:06:03 2026] DELETE /v2.0/routers/e27804d3-d97c-4cb4-b3d1-6e67e7e90d8b => generated 0 bytes in 207 msecs (HTTP/1.1 204) 2 headers in 112 bytes (1 switches on core 0) [pid: 8|app: 0|req: 833/1733] 10.0.0.32 () {32 vars in 723 bytes} [Tue Apr 28 15:06:03 2026] DELETE /v2.0/subnets/9e7a0cd8-e3da-42c1-8d91-e0b9f78d9729 => generated 0 bytes in 149 msecs (HTTP/1.1 204) 3 headers in 131 bytes (1 switches on core 0)
2026-04-28 15:06:03.953 7 WARNING neutron.scheduler.dhcp_agent_scheduler [None req-4a40b8c6-ff3e-4be6-901a-4b039e6a43fd 173a025d26254f15a98b5e15c23727a0 455bfdaf3a054e72aebf58b03125a866 - - default default] No more DHCP agents
2026-04-28 15:06:03.958 7 WARNING neutron.api.rpc.agentnotifiers.dhcp_rpc_agent_api [None req-4a40b8c6-ff3e-4be6-901a-4b039e6a43fd 173a025d26254f15a98b5e15c23727a0 455bfdaf3a054e72aebf58b03125a866 - - default default] Unable to schedule network a0b5d7cf-0f3f-4bdf-a66d-eb121c097d0e: no agents available; will retry on subsequent port and subnet creation events.
2026-04-28 15:06:04.057 7 INFO neutron.db.ovn_revision_numbers_db [None req-4a40b8c6-ff3e-4be6-901a-4b039e6a43fd 173a025d26254f15a98b5e15c23727a0 455bfdaf3a054e72aebf58b03125a866 - - default default] Successfully bumped revision number for resource 167349a1-b282-4f93-82b8-1c913a30fb81 (type: ports) to 1
2026-04-28 15:06:04.073 8 INFO neutron_taas.services.taas.taas_plugin [None req-94985713-affd-43ca-a076-960db0fc65b8 19985d078dd9478996e54559d5f6518a b58259d9d8db4bd1833185a533d14155 - - default default] TaaS: Handle Delete Port: d30dcb93-60e3-40a9-95b9-91c31d6b8a73
2026-04-28 15:06:04.075 8 INFO neutron_taas.services.taas.tap_mirror_plugin [None req-94985713-affd-43ca-a076-960db0fc65b8 19985d078dd9478996e54559d5f6518a b58259d9d8db4bd1833185a533d14155 - - default default] Tap Mirror: Handle Delete Port: d30dcb93-60e3-40a9-95b9-91c31d6b8a73 [pid: 7|app: 0|req: 901/1734] 10.0.0.32 () {34 vars in 669 bytes} [Tue Apr 28 15:06:03 2026] POST /v2.0/networks => generated 682 bytes in 915 msecs (HTTP/1.1 201) 4 headers in 162 bytes (1 switches on core 0)
2026-04-28 15:06:04.263 8 INFO neutron.services.segments.plugin [-] Segment 546ce383-d80d-460a-9e24-dcfe09d73b89 resource provider aggregate not found
2026-04-28 15:06:04.263 8 INFO neutron.services.segments.plugin [-] Segment 546ce383-d80d-460a-9e24-dcfe09d73b89 resource provider aggregate not found
2026-04-28 15:06:04.292 8 INFO neutron.services.segments.plugin [-] Segment 546ce383-d80d-460a-9e24-dcfe09d73b89 resource provider not found; error: Placement Client Error (4xx): {"errors": [{"status": 404, "title": "Not Found", "detail": "The resource could not be found.\n\n No resource provider with uuid 546ce383-d80d-460a-9e24-dcfe09d73b89 found for delete ", "request_id": "req-9f3f63f1-0eb3-48c8-88f3-dafce7298fe8"}]}
2026-04-28 15:06:04.295 8 INFO neutron.services.segments.plugin [-] Segment 546ce383-d80d-460a-9e24-dcfe09d73b89 resource provider not found; error: Placement Client Error (4xx): {"errors": [{"status": 404, "title": "Not Found", "detail": "The resource could not be found.\n\n No resource provider with uuid 546ce383-d80d-460a-9e24-dcfe09d73b89 found for delete ", "request_id": "req-d53b19ac-fc4e-4cb4-a932-2dcb589c337e"}]} [pid: 8|app: 0|req: 834/1735] 10.0.0.32 () {32 vars in 725 bytes} [Tue Apr 28 15:06:03 2026] DELETE /v2.0/networks/d97cc99c-c905-461f-8154-b2266dd7af95 => generated 0 bytes in 372 msecs (HTTP/1.1 204) 3 headers in 131 bytes (1 switches on core 0)
2026-04-28 15:06:04.324 7 WARNING neutron.scheduler.dhcp_agent_scheduler [None req-31e4eb17-ac3c-4005-a1d0-484e5279e4fb 173a025d26254f15a98b5e15c23727a0 455bfdaf3a054e72aebf58b03125a866 - - default default] No more DHCP agents
2026-04-28 15:06:04.326 7 WARNING neutron.api.rpc.agentnotifiers.dhcp_rpc_agent_api [None req-31e4eb17-ac3c-4005-a1d0-484e5279e4fb 173a025d26254f15a98b5e15c23727a0 455bfdaf3a054e72aebf58b03125a866 - - default default] Unable to schedule network a0b5d7cf-0f3f-4bdf-a66d-eb121c097d0e: no agents available; will retry on subsequent port and subnet creation events.
2026-04-28 15:06:04.402 7 INFO neutron.db.ovn_revision_numbers_db [None req-31e4eb17-ac3c-4005-a1d0-484e5279e4fb 173a025d26254f15a98b5e15c23727a0 455bfdaf3a054e72aebf58b03125a866 - - default default] Successfully bumped revision number for resource 37bfdec7-fe41-43d9-bb9e-971f3057768d (type: ports) to 1
2026-04-28 15:06:04.434 8 INFO neutron.db.segments_db [None req-e0f4e442-4d3e-4938-ad03-7fa646b0d6a4 19985d078dd9478996e54559d5f6518a b58259d9d8db4bd1833185a533d14155 - - default default] Added segment a8cc01a1-867c-4e0e-ad4d-419aca583d12 of type geneve for network 553eb8ea-b1d2-47fe-b4ef-8daa2e578e14 [pid: 7|app: 0|req: 902/1736] 10.0.0.32 () {34 vars in 664 bytes} [Tue Apr 28 15:06:04 2026] POST /v2.0/ports => generated 774 bytes in 370 msecs (HTTP/1.1 201) 4 headers in 162 bytes (1 switches on core 0)
2026-04-28 15:06:04.565 8 INFO neutron.db.ovn_revision_numbers_db [None req-e0f4e442-4d3e-4938-ad03-7fa646b0d6a4 19985d078dd9478996e54559d5f6518a b58259d9d8db4bd1833185a533d14155 - - default default] Successfully bumped revision number for resource 553eb8ea-b1d2-47fe-b4ef-8daa2e578e14 (type: networks) to 1 /var/lib/openstack/lib/python3.12/site-packages/pycadf/identifier.py:70: UserWarning: Invalid uuid: neutron. To ensure interoperability, identifiers should be a valid uuid. warnings.warn(('Invalid uuid: %s. To ensure interoperability, '
2026-04-28 15:06:04.761 7 INFO neutron.db.ovn_revision_numbers_db [None req-b122204a-98f7-452b-bf76-aa1de29d4921 e7217aa5931948798cfe55ab9ca67c95 58a939b5f06c4b419f038e1f6349d855 - - default default] Successfully bumped revision number for resource 047c4c9a-399f-4a58-ad5a-65a1857abf59 (type: routers) to 1
2026-04-28 15:06:04.772 8 WARNING neutron.scheduler.dhcp_agent_scheduler [None req-e0f4e442-4d3e-4938-ad03-7fa646b0d6a4 19985d078dd9478996e54559d5f6518a b58259d9d8db4bd1833185a533d14155 - - default default] No more DHCP agents
2026-04-28 15:06:04.773 8 WARNING neutron.api.rpc.agentnotifiers.dhcp_rpc_agent_api [None req-e0f4e442-4d3e-4938-ad03-7fa646b0d6a4 19985d078dd9478996e54559d5f6518a b58259d9d8db4bd1833185a533d14155 - - default default] Unable to schedule network 553eb8ea-b1d2-47fe-b4ef-8daa2e578e14: no agents available; will retry on subsequent port and subnet creation events. [pid: 7|app: 0|req: 903/1737] 10.0.0.32 () {34 vars in 667 bytes} [Tue Apr 28 15:06:04 2026] POST /v2.0/routers => generated 591 bytes in 316 msecs (HTTP/1.1 201) 4 headers in 162 bytes (1 switches on core 0)
2026-04-28 15:06:04.826 7 INFO neutron.plugins.ml2.drivers.ovn.mech_driver.mech_driver [None req-b1489e45-3a0a-4a16-904a-09147e7d2a2e - - - - - -] OVN reports status down for port: 3f444d38-0907-40cb-ba86-29f2cfb9bdb2
2026-04-28 15:06:04.860 8 INFO neutron.db.ovn_revision_numbers_db [None req-e0f4e442-4d3e-4938-ad03-7fa646b0d6a4 19985d078dd9478996e54559d5f6518a b58259d9d8db4bd1833185a533d14155 - - default default] Successfully bumped revision number for resource 3f444d38-0907-40cb-ba86-29f2cfb9bdb2 (type: ports) to 1 [pid: 8|app: 0|req: 835/1738] 10.0.0.32 () {34 vars in 669 bytes} [Tue Apr 28 15:06:04 2026] POST /v2.0/networks => generated 672 bytes in 560 msecs (HTTP/1.1 201) 4 headers in 162 bytes (1 switches on core 0)
2026-04-28 15:06:04.913 7 INFO neutron.db.segments_db [None req-e5d380d7-9e17-4309-9387-e919367ec685 173a025d26254f15a98b5e15c23727a0 455bfdaf3a054e72aebf58b03125a866 - - default default] Added segment 83665f3d-56de-481c-86cb-2c5787f4d1c1 of type geneve for network 367089d1-954a-4860-a319-a551c5adf525
2026-04-28 15:06:05.021 7 INFO neutron.db.ovn_revision_numbers_db [None req-e5d380d7-9e17-4309-9387-e919367ec685 173a025d26254f15a98b5e15c23727a0 455bfdaf3a054e72aebf58b03125a866 - - default default] Successfully bumped revision number for resource 367089d1-954a-4860-a319-a551c5adf525 (type: networks) to 1
2026-04-28 15:06:05.027 8 INFO neutron.db.ovn_revision_numbers_db [None req-30e03669-3795-43b5-a8ce-e58117cc05c1 e7217aa5931948798cfe55ab9ca67c95 58a939b5f06c4b419f038e1f6349d855 - - default default] Successfully bumped revision number for resource e1c2fdf7-874b-4a8e-9868-400fe5e90276 (type: routers) to 1 [pid: 8|app: 0|req: 836/1739] 10.0.0.32 () {34 vars in 667 bytes} [Tue Apr 28 15:06:04 2026] POST /v2.0/routers => generated 591 bytes in 158 msecs (HTTP/1.1 201) 4 headers in 162 bytes (1 switches on core 0)
2026-04-28 15:06:05.207 7 WARNING neutron.scheduler.dhcp_agent_scheduler [None req-e5d380d7-9e17-4309-9387-e919367ec685 173a025d26254f15a98b5e15c23727a0 455bfdaf3a054e72aebf58b03125a866 - - default default] No more DHCP agents
2026-04-28 15:06:05.208 7 WARNING neutron.api.rpc.agentnotifiers.dhcp_rpc_agent_api [None req-e5d380d7-9e17-4309-9387-e919367ec685 173a025d26254f15a98b5e15c23727a0 455bfdaf3a054e72aebf58b03125a866 - - default default] Unable to schedule network 367089d1-954a-4860-a319-a551c5adf525: no agents available; will retry on subsequent port and subnet creation events.
2026-04-28 15:06:05.260 8 WARNING neutron.scheduler.dhcp_agent_scheduler [None req-0620aad6-17a4-4255-9d50-03765aa4a9c2 19985d078dd9478996e54559d5f6518a b58259d9d8db4bd1833185a533d14155 - - default default] No more DHCP agents
2026-04-28 15:06:05.261 8 WARNING neutron.api.rpc.agentnotifiers.dhcp_rpc_agent_api [None req-0620aad6-17a4-4255-9d50-03765aa4a9c2 19985d078dd9478996e54559d5f6518a b58259d9d8db4bd1833185a533d14155 - - default default] Unable to schedule network 553eb8ea-b1d2-47fe-b4ef-8daa2e578e14: no agents available; will retry on subsequent port and subnet creation events.
2026-04-28 15:06:05.285 8 INFO neutron.db.ovn_revision_numbers_db [None req-0620aad6-17a4-4255-9d50-03765aa4a9c2 19985d078dd9478996e54559d5f6518a b58259d9d8db4bd1833185a533d14155 - - default default] Successfully bumped revision number for resource 94089593-5765-4496-ae87-f98361cd41f7 (type: subnets) to 0
2026-04-28 15:06:05.287 7 INFO neutron.db.ovn_revision_numbers_db [None req-e5d380d7-9e17-4309-9387-e919367ec685 173a025d26254f15a98b5e15c23727a0 455bfdaf3a054e72aebf58b03125a866 - - default default] Successfully bumped revision number for resource 55ad5390-32f3-4a97-a73f-94aa2adddb3b (type: ports) to 1 [pid: 8|app: 0|req: 837/1740] 10.0.0.32 () {34 vars in 668 bytes} [Tue Apr 28 15:06:05 2026] POST /v2.0/subnets => generated 646 bytes in 258 msecs (HTTP/1.1 201) 4 headers in 162 bytes (1 switches on core 0) [pid: 7|app: 0|req: 904/1741] 10.0.0.32 () {34 vars in 669 bytes} [Tue Apr 28 15:06:04 2026] POST /v2.0/networks => generated 670 bytes in 532 msecs (HTTP/1.1 201) 4 headers in 162 bytes (1 switches on core 0)
2026-04-28 15:06:05.409 8 INFO neutron.db.ovn_revision_numbers_db [None req-eda8d5fd-c1c9-4ea1-9d62-5a9f0ca000eb e7217aa5931948798cfe55ab9ca67c95 58a939b5f06c4b419f038e1f6349d855 - - default default] Successfully bumped revision number for resource e95423a6-bfdf-4b7e-bc77-a2686957f423 (type: routers) to 1 [pid: 8|app: 0|req: 838/1742] 10.0.0.32 () {34 vars in 667 bytes} [Tue Apr 28 15:06:05 2026] POST /v2.0/routers => generated 591 bytes in 122 msecs (HTTP/1.1 201) 4 headers in 162 bytes (1 switches on core 0)
2026-04-28 15:06:05.429 7 INFO neutron.db.ovn_revision_numbers_db [None req-ea120eb5-649b-4414-a63f-27de66ae291e 19985d078dd9478996e54559d5f6518a b58259d9d8db4bd1833185a533d14155 - - default default] Successfully bumped revision number for resource fedfbb89-3dd6-4b71-9c92-2fe6dbc54f52 (type: routers) to 1 [pid: 7|app: 0|req: 905/1743] 10.0.0.32 () {34 vars in 668 bytes} [Tue Apr 28 15:06:05 2026] POST /v2.0/routers => generated 627 bytes in 136 msecs (HTTP/1.1 201) 4 headers in 162 bytes (1 switches on core 0)
2026-04-28 15:06:05.556 7 INFO neutron.db.ovn_revision_numbers_db [None req-b0c665f3-5c62-429e-8cdf-d1e9a647cb6b e7217aa5931948798cfe55ab9ca67c95 58a939b5f06c4b419f038e1f6349d855 - - default default] Successfully bumped revision number for resource 81665690-e56b-485d-bad4-299b5ddf235b (type: routers) to 1 [pid: 7|app: 0|req: 906/1744] 10.0.0.32 () {34 vars in 667 bytes} [Tue Apr 28 15:06:05 2026] POST /v2.0/routers => generated 591 bytes in 127 msecs (HTTP/1.1 201) 4 headers in 162 bytes (1 switches on core 0)
2026-04-28 15:06:05.591 8 WARNING neutron.scheduler.dhcp_agent_scheduler [None req-416fa8ea-3a7c-4123-8d56-3d5203e85e66 173a025d26254f15a98b5e15c23727a0 455bfdaf3a054e72aebf58b03125a866 - - default default] No more DHCP agents
2026-04-28 15:06:05.592 8 WARNING neutron.api.rpc.agentnotifiers.dhcp_rpc_agent_api [None req-416fa8ea-3a7c-4123-8d56-3d5203e85e66 173a025d26254f15a98b5e15c23727a0 455bfdaf3a054e72aebf58b03125a866 - - default default] Unable to schedule network 367089d1-954a-4860-a319-a551c5adf525: no agents available; will retry on subsequent port and subnet creation events.
2026-04-28 15:06:05.935 7 WARNING neutron.scheduler.dhcp_agent_scheduler [None req-2d54104b-979c-4093-9bec-22dfe449e074 19985d078dd9478996e54559d5f6518a b58259d9d8db4bd1833185a533d14155 - - default default] No more DHCP agents
2026-04-28 15:06:05.937 7 WARNING neutron.api.rpc.agentnotifiers.dhcp_rpc_agent_api [None req-2d54104b-979c-4093-9bec-22dfe449e074 19985d078dd9478996e54559d5f6518a b58259d9d8db4bd1833185a533d14155 - - default default] Unable to schedule network 553eb8ea-b1d2-47fe-b4ef-8daa2e578e14: no agents available; will retry on subsequent port and subnet creation events.
2026-04-28 15:06:06.018 7 INFO neutron.plugins.ml2.drivers.ovn.mech_driver.mech_driver [None req-b1489e45-3a0a-4a16-904a-09147e7d2a2e - - - - - -] OVN reports status down for port: 97aee559-acb2-46d8-a6a8-ad4e17fbf7c8
2026-04-28 15:06:06.047 8 INFO neutron.db.ovn_revision_numbers_db [None req-416fa8ea-3a7c-4123-8d56-3d5203e85e66 173a025d26254f15a98b5e15c23727a0 455bfdaf3a054e72aebf58b03125a866 - - default default] Successfully bumped revision number for resource 55ad5390-32f3-4a97-a73f-94aa2adddb3b (type: ports) to 2
2026-04-28 15:06:06.072 7 INFO neutron.db.ovn_revision_numbers_db [None req-2d54104b-979c-4093-9bec-22dfe449e074 19985d078dd9478996e54559d5f6518a b58259d9d8db4bd1833185a533d14155 - - default default] Successfully bumped revision number for resource 97aee559-acb2-46d8-a6a8-ad4e17fbf7c8 (type: ports) to 1
2026-04-28 15:06:06.074 8 INFO neutron.db.ovn_revision_numbers_db [None req-416fa8ea-3a7c-4123-8d56-3d5203e85e66 173a025d26254f15a98b5e15c23727a0 455bfdaf3a054e72aebf58b03125a866 - - default default] Successfully bumped revision number for resource 6eaae582-ae61-4cf2-9fef-9a9a04598523 (type: subnets) to 0 [pid: 8|app: 0|req: 839/1745] 10.0.0.32 () {34 vars in 668 bytes} [Tue Apr 28 15:06:05 2026] POST /v2.0/subnets => generated 626 bytes in 667 msecs (HTTP/1.1 201) 4 headers in 162 bytes (1 switches on core 0)
2026-04-28 15:06:06.232 8 INFO neutron.db.ovn_revision_numbers_db [None req-cc10acbb-1df8-43b6-a456-65d78022935b e7217aa5931948798cfe55ab9ca67c95 58a939b5f06c4b419f038e1f6349d855 - - default default] Successfully bumped revision number for resource 3507c776-50fb-4340-93c8-cbcb75dc7635 (type: routers) to 1 [pid: 8|app: 0|req: 840/1746] 10.0.0.32 () {34 vars in 667 bytes} [Tue Apr 28 15:06:06 2026] POST /v2.0/routers => generated 591 bytes in 155 msecs (HTTP/1.1 201) 4 headers in 162 bytes (1 switches on core 0)
2026-04-28 15:06:06.529 8 WARNING neutron.scheduler.dhcp_agent_scheduler [None req-b8436b0a-ea33-4485-9e98-9134b892bfb2 173a025d26254f15a98b5e15c23727a0 455bfdaf3a054e72aebf58b03125a866 - - default default] No more DHCP agents
2026-04-28 15:06:06.530 8 WARNING neutron.api.rpc.agentnotifiers.dhcp_rpc_agent_api [None req-b8436b0a-ea33-4485-9e98-9134b892bfb2 173a025d26254f15a98b5e15c23727a0 455bfdaf3a054e72aebf58b03125a866 - - default default] Unable to schedule network 367089d1-954a-4860-a319-a551c5adf525: no agents available; will retry on subsequent port and subnet creation events.
2026-04-28 15:06:06.651 7 INFO neutron.plugins.ml2.drivers.ovn.mech_driver.mech_driver [None req-b1489e45-3a0a-4a16-904a-09147e7d2a2e - - - - - -] OVN reports status down for port: 8271d9db-3035-4840-90c2-237c962de75b
2026-04-28 15:06:06.670 8 INFO neutron.db.ovn_revision_numbers_db [None req-b8436b0a-ea33-4485-9e98-9134b892bfb2 173a025d26254f15a98b5e15c23727a0 455bfdaf3a054e72aebf58b03125a866 - - default default] Successfully bumped revision number for resource 8271d9db-3035-4840-90c2-237c962de75b (type: ports) to 1 [pid: 8|app: 0|req: 841/1747] 10.0.0.32 () {34 vars in 664 bytes} [Tue Apr 28 15:06:06 2026] POST /v2.0/ports => generated 949 bytes in 444 msecs (HTTP/1.1 201) 4 headers in 162 bytes (1 switches on core 0) /var/lib/openstack/lib/python3.12/site-packages/pycadf/identifier.py:70: UserWarning: Invalid uuid: neutron. To ensure interoperability, identifiers should be a valid uuid. warnings.warn(('Invalid uuid: %s. To ensure interoperability, '
2026-04-28 15:06:06.725 8 WARNING tagging [None req-3987ee73-4a94-489b-802e-d20b4aecad92 e7217aa5931948798cfe55ab9ca67c95 58a939b5f06c4b419f038e1f6349d855 - - default default] project_id key not found in request, using tenant_id instead. This support has been deprecated and will be removed in a future release. [pid: 8|app: 0|req: 842/1748] 10.0.0.32 () {34 vars in 750 bytes} [Tue Apr 28 15:06:06 2026] PUT /v2.0/routers/047c4c9a-399f-4a58-ad5a-65a1857abf59/tags => generated 17 bytes in 63 msecs (HTTP/1.1 200) 4 headers in 156 bytes (1 switches on core 0)
2026-04-28 15:06:06.783 7 INFO neutron.plugins.ml2.drivers.ovn.mech_driver.mech_driver [None req-b1489e45-3a0a-4a16-904a-09147e7d2a2e - - - - - -] OVN reports status up for port: 97aee559-acb2-46d8-a6a8-ad4e17fbf7c8
2026-04-28 15:06:06.805 7 WARNING neutron.scheduler.dhcp_agent_scheduler [None req-2d54104b-979c-4093-9bec-22dfe449e074 19985d078dd9478996e54559d5f6518a b58259d9d8db4bd1833185a533d14155 - - default default] No more DHCP agents
2026-04-28 15:06:06.806 7 INFO neutron.plugins.ml2.plugin [None req-b1489e45-3a0a-4a16-904a-09147e7d2a2e - - - - - -] Attempt 1 to provision port 97aee559-acb2-46d8-a6a8-ad4e17fbf7c8
2026-04-28 15:06:06.807 7 WARNING neutron.api.rpc.agentnotifiers.dhcp_rpc_agent_api [None req-2d54104b-979c-4093-9bec-22dfe449e074 19985d078dd9478996e54559d5f6518a b58259d9d8db4bd1833185a533d14155 - - default default] Unable to schedule network 553eb8ea-b1d2-47fe-b4ef-8daa2e578e14: no agents available; will retry on subsequent port and subnet creation events.
2026-04-28 15:06:06.874 8 INFO neutron_taas.services.taas.taas_plugin [None req-2e577b07-fd65-43ba-a5e4-3d36f65089ce 173a025d26254f15a98b5e15c23727a0 455bfdaf3a054e72aebf58b03125a866 - - default default] TaaS: Handle Delete Port: 8271d9db-3035-4840-90c2-237c962de75b
2026-04-28 15:06:06.877 8 INFO neutron_taas.services.taas.tap_mirror_plugin [None req-2e577b07-fd65-43ba-a5e4-3d36f65089ce 173a025d26254f15a98b5e15c23727a0 455bfdaf3a054e72aebf58b03125a866 - - default default] Tap Mirror: Handle Delete Port: 8271d9db-3035-4840-90c2-237c962de75b [pid: 8|app: 0|req: 843/1749] 10.0.0.32 () {32 vars in 719 bytes} [Tue Apr 28 15:06:06 2026] DELETE /v2.0/ports/8271d9db-3035-4840-90c2-237c962de75b => generated 0 bytes in 294 msecs (HTTP/1.1 204) 3 headers in 131 bytes (1 switches on core 0)
2026-04-28 15:06:07.098 8 WARNING tagging [None req-3d9c062a-7b23-4c56-a671-ded8c08c9a6c e7217aa5931948798cfe55ab9ca67c95 58a939b5f06c4b419f038e1f6349d855 - - default default] project_id key not found in request, using tenant_id instead. This support has been deprecated and will be removed in a future release. [pid: 8|app: 0|req: 844/1750] 10.0.0.32 () {34 vars in 750 bytes} [Tue Apr 28 15:06:07 2026] PUT /v2.0/routers/e1c2fdf7-874b-4a8e-9868-400fe5e90276/tags => generated 25 bytes in 85 msecs (HTTP/1.1 200) 4 headers in 156 bytes (1 switches on core 0)
2026-04-28 15:06:07.153 8 INFO neutron.pecan_wsgi.hooks.translation [None req-072f0346-8c97-460f-a117-0a0355d769f1 173a025d26254f15a98b5e15c23727a0 455bfdaf3a054e72aebf58b03125a866 - - default default] DELETE failed (client error): The resource could not be found. [pid: 8|app: 0|req: 845/1751] 10.0.0.32 () {32 vars in 719 bytes} [Tue Apr 28 15:06:07 2026] DELETE /v2.0/ports/8271d9db-3035-4840-90c2-237c962de75b => generated 132 bytes in 19 msecs (HTTP/1.1 404) 4 headers in 164 bytes (1 switches on core 0)
2026-04-28 15:06:07.188 8 WARNING tagging [None req-a2b9cb07-b0d0-488e-a54a-b91ccde78bb6 e7217aa5931948798cfe55ab9ca67c95 58a939b5f06c4b419f038e1f6349d855 - - default default] project_id key not found in request, using tenant_id instead. This support has been deprecated and will be removed in a future release. [pid: 8|app: 0|req: 846/1752] 10.0.0.32 () {34 vars in 750 bytes} [Tue Apr 28 15:06:07 2026] PUT /v2.0/routers/e95423a6-bfdf-4b7e-bc77-a2686957f423/tags => generated 34 bytes in 80 msecs (HTTP/1.1 200) 4 headers in 156 bytes (1 switches on core 0)
2026-04-28 15:06:07.251 8 INFO neutron.pecan_wsgi.hooks.translation [None req-4b8c3338-19e8-4d9a-829d-d326ad70439d 173a025d26254f15a98b5e15c23727a0 455bfdaf3a054e72aebf58b03125a866 - - default default] GET failed (client error): The resource could not be found. [pid: 8|app: 0|req: 847/1753] 10.0.0.32 () {32 vars in 716 bytes} [Tue Apr 28 15:06:07 2026] GET /v2.0/ports/8271d9db-3035-4840-90c2-237c962de75b => generated 132 bytes in 15 msecs (HTTP/1.1 404) 4 headers in 164 bytes (1 switches on core 0)
2026-04-28 15:06:07.285 7 INFO neutron.db.ovn_revision_numbers_db [None req-2d54104b-979c-4093-9bec-22dfe449e074 19985d078dd9478996e54559d5f6518a b58259d9d8db4bd1833185a533d14155 - - default default] Successfully bumped revision number for resource 97aee559-acb2-46d8-a6a8-ad4e17fbf7c8 (type: router_ports) to 1
2026-04-28 15:06:07.288 8 WARNING tagging [None req-e70b27c4-deda-4fa0-818b-b3d65fbbd4d9 e7217aa5931948798cfe55ab9ca67c95 58a939b5f06c4b419f038e1f6349d855 - - default default] project_id key not found in request, using tenant_id instead. This support has been deprecated and will be removed in a future release. [pid: 7|app: 0|req: 907/1754] 10.0.0.32 () {34 vars in 782 bytes} [Tue Apr 28 15:06:05 2026] PUT /v2.0/routers/fedfbb89-3dd6-4b71-9c92-2fe6dbc54f52/add_router_interface => generated 310 bytes in 1718 msecs (HTTP/1.1 200) 4 headers in 157 bytes (1 switches on core 0) [pid: 8|app: 0|req: 848/1755] 10.0.0.32 () {34 vars in 750 bytes} [Tue Apr 28 15:06:07 2026] PUT /v2.0/routers/81665690-e56b-485d-bad4-299b5ddf235b/tags => generated 19 bytes in 75 msecs (HTTP/1.1 200) 4 headers in 156 bytes (1 switches on core 0) [pid: 8|app: 0|req: 849/1756] 10.0.0.32 () {32 vars in 716 bytes} [Tue Apr 28 15:06:07 2026] GET /v2.0/ports/97aee559-acb2-46d8-a6a8-ad4e17fbf7c8 => generated 947 bytes in 39 msecs (HTTP/1.1 200) 4 headers in 157 bytes (1 switches on core 0) [pid: 8|app: 0|req: 850/1757] 10.0.0.32 () {32 vars in 663 bytes} [Tue Apr 28 15:06:07 2026] GET /v2.0/routers?tags=red => generated 1814 bytes in 62 msecs (HTTP/1.1 200) 4 headers in 158 bytes (1 switches on core 0) [pid: 8|app: 0|req: 851/1758] 10.0.0.32 () {32 vars in 716 bytes} [Tue Apr 28 15:06:07 2026] GET /v2.0/ports/97aee559-acb2-46d8-a6a8-ad4e17fbf7c8 => generated 947 bytes in 33 msecs (HTTP/1.1 200) 4 headers in 157 bytes (1 switches on core 0) [pid: 8|app: 0|req: 852/1759] 10.0.0.32 () {32 vars in 677 bytes} [Tue Apr 28 15:06:07 2026] GET /v2.0/routers?tags=red%2Cblue => generated 1222 bytes in 75 msecs (HTTP/1.1 200) 4 headers in 158 bytes (1 switches on core 0)
2026-04-28 15:06:07.678 8 WARNING neutron.plugins.ml2.drivers.ovn.mech_driver.ovsdb.ovn_client [None req-429ad73a-ca55-4259-8084-52ab17095de1 - - - - - -] No port found with ID e1ffc73b-f6c7-4775-94db-7ac1723c7ae6: RuntimeError: No port found with ID e1ffc73b-f6c7-4775-94db-7ac1723c7ae6
2026-04-28 15:06:07.697 7 INFO neutron.db.ovn_revision_numbers_db [None req-b1489e45-3a0a-4a16-904a-09147e7d2a2e - - - - - -] Successfully bumped revision number for resource 97aee559-acb2-46d8-a6a8-ad4e17fbf7c8 (type: ports) to 2
2026-04-28 15:06:07.699 8 INFO neutron.plugins.ml2.drivers.ovn.mech_driver.mech_driver [None req-429ad73a-ca55-4259-8084-52ab17095de1 - - - - - -] OVN reports status down for port: 167349a1-b282-4f93-82b8-1c913a30fb81 [pid: 7|app: 0|req: 908/1760] 10.0.0.32 () {32 vars in 723 bytes} [Tue Apr 28 15:06:07 2026] DELETE /v2.0/subnets/6eaae582-ae61-4cf2-9fef-9a9a04598523 => generated 0 bytes in 422 msecs (HTTP/1.1 204) 3 headers in 131 bytes (1 switches on core 0) [pid: 7|app: 0|req: 909/1761] 10.0.0.32 () {32 vars in 673 bytes} [Tue Apr 28 15:06:07 2026] GET /v2.0/routers?tags-any=blue => generated 1222 bytes in 104 msecs (HTTP/1.1 200) 4 headers in 158 bytes (1 switches on core 0)
2026-04-28 15:06:07.827 8 INFO neutron.plugins.ml2.drivers.ovn.mech_driver.mech_driver [None req-429ad73a-ca55-4259-8084-52ab17095de1 - - - - - -] OVN reports status down for port: 37bfdec7-fe41-43d9-bb9e-971f3057768d
2026-04-28 15:06:07.926 7 INFO neutron_taas.services.taas.taas_plugin [None req-02d71d30-0d6e-4741-a783-9773109da994 173a025d26254f15a98b5e15c23727a0 455bfdaf3a054e72aebf58b03125a866 - - default default] TaaS: Handle Delete Port: 55ad5390-32f3-4a97-a73f-94aa2adddb3b
2026-04-28 15:06:07.929 7 INFO neutron_taas.services.taas.tap_mirror_plugin [None req-02d71d30-0d6e-4741-a783-9773109da994 173a025d26254f15a98b5e15c23727a0 455bfdaf3a054e72aebf58b03125a866 - - default default] Tap Mirror: Handle Delete Port: 55ad5390-32f3-4a97-a73f-94aa2adddb3b
2026-04-28 15:06:07.940 8 INFO neutron.plugins.ml2.drivers.ovn.mech_driver.mech_driver [None req-429ad73a-ca55-4259-8084-52ab17095de1 - - - - - -] OVN reports status down for port: 55ad5390-32f3-4a97-a73f-94aa2adddb3b
2026-04-28 15:06:07.963 8 INFO neutron_taas.services.taas.taas_plugin [None req-16e3862b-48e4-44d0-aea4-dea27936efae 19985d078dd9478996e54559d5f6518a b58259d9d8db4bd1833185a533d14155 - - default default] TaaS: Handle Delete Port: 97aee559-acb2-46d8-a6a8-ad4e17fbf7c8
2026-04-28 15:06:07.970 8 INFO neutron_taas.services.taas.tap_mirror_plugin [None req-16e3862b-48e4-44d0-aea4-dea27936efae 19985d078dd9478996e54559d5f6518a b58259d9d8db4bd1833185a533d14155 - - default default] Tap Mirror: Handle Delete Port: 97aee559-acb2-46d8-a6a8-ad4e17fbf7c8
2026-04-28 15:06:08.003 8 INFO neutron.plugins.ml2.db [None req-429ad73a-ca55-4259-8084-52ab17095de1 - - - - - -] No ports have port_id starting with 55ad5390-32f3-4a97-a73f-94aa2adddb3b
2026-04-28 15:06:08.143 7 INFO neutron.services.segments.plugin [-] Segment 83665f3d-56de-481c-86cb-2c5787f4d1c1 resource provider aggregate not found
2026-04-28 15:06:08.148 7 INFO neutron.services.segments.plugin [-] Segment 83665f3d-56de-481c-86cb-2c5787f4d1c1 resource provider aggregate not found
2026-04-28 15:06:08.168 7 INFO neutron.services.segments.plugin [-] Segment 83665f3d-56de-481c-86cb-2c5787f4d1c1 resource provider not found; error: Placement Client Error (4xx): {"errors": [{"status": 404, "title": "Not Found", "detail": "The resource could not be found.\n\n No resource provider with uuid 83665f3d-56de-481c-86cb-2c5787f4d1c1 found for delete ", "request_id": "req-e36e73db-4e58-428f-b5d3-f4c72fc3472e"}]}
2026-04-28 15:06:08.176 7 INFO neutron.services.segments.plugin [-] Segment 83665f3d-56de-481c-86cb-2c5787f4d1c1 resource provider not found; error: Placement Client Error (4xx): {"errors": [{"status": 404, "title": "Not Found", "detail": "The resource could not be found.\n\n No resource provider with uuid 83665f3d-56de-481c-86cb-2c5787f4d1c1 found for delete ", "request_id": "req-b6fe3816-d88c-4d3f-8464-7b920c85c3b5"}]} [pid: 7|app: 0|req: 910/1762] 10.0.0.32 () {32 vars in 725 bytes} [Tue Apr 28 15:06:07 2026] DELETE /v2.0/networks/367089d1-954a-4860-a319-a551c5adf525 => generated 0 bytes in 401 msecs (HTTP/1.1 204) 3 headers in 131 bytes (1 switches on core 0) [pid: 7|app: 0|req: 911/1763] 10.0.0.32 () {32 vars in 685 bytes} [Tue Apr 28 15:06:08 2026] GET /v2.0/routers?tags-any=red%2Cblue => generated 1814 bytes in 44 msecs (HTTP/1.1 200) 4 headers in 158 bytes (1 switches on core 0) [pid: 8|app: 0|req: 853/1764] 10.0.0.32 () {34 vars in 788 bytes} [Tue Apr 28 15:06:07 2026] PUT /v2.0/routers/fedfbb89-3dd6-4b71-9c92-2fe6dbc54f52/remove_router_interface => generated 310 bytes in 811 msecs (HTTP/1.1 200) 4 headers in 157 bytes (1 switches on core 0) /var/lib/openstack/lib/python3.12/site-packages/pycadf/identifier.py:70: UserWarning: Invalid uuid: neutron. To ensure interoperability, identifiers should be a valid uuid. warnings.warn(('Invalid uuid: %s. To ensure interoperability, '
2026-04-28 15:06:08.354 7 INFO neutron.db.segments_db [None req-0f4d5322-f106-45e7-85bf-1b2cd692490e 173a025d26254f15a98b5e15c23727a0 455bfdaf3a054e72aebf58b03125a866 - - default default] Added segment d71b4d2d-3875-4af2-ba35-5fa0e8371d22 of type geneve for network e78694de-7091-49f9-b109-4f451ffacc4b [pid: 8|app: 0|req: 854/1765] 10.0.0.32 () {32 vars in 671 bytes} [Tue Apr 28 15:06:08 2026] GET /v2.0/routers?not-tags=red => generated 1194 bytes in 62 msecs (HTTP/1.1 200) 4 headers in 158 bytes (1 switches on core 0) [pid: 8|app: 0|req: 855/1766] 10.0.0.32 () {32 vars in 735 bytes} [Tue Apr 28 15:06:08 2026] GET /v2.0/ports?device_id=fedfbb89-3dd6-4b71-9c92-2fe6dbc54f52 => generated 12 bytes in 26 msecs (HTTP/1.1 200) 4 headers in 156 bytes (1 switches on core 0)
2026-04-28 15:06:08.465 7 INFO neutron.db.ovn_revision_numbers_db [None req-0f4d5322-f106-45e7-85bf-1b2cd692490e 173a025d26254f15a98b5e15c23727a0 455bfdaf3a054e72aebf58b03125a866 - - default default] Successfully bumped revision number for resource e78694de-7091-49f9-b109-4f451ffacc4b (type: networks) to 1 [pid: 8|app: 0|req: 856/1767] 10.0.0.32 () {32 vars in 685 bytes} [Tue Apr 28 15:06:08 2026] GET /v2.0/routers?not-tags=red%2Cblue => generated 1786 bytes in 104 msecs (HTTP/1.1 200) 4 headers in 158 bytes (1 switches on core 0)
2026-04-28 15:06:08.703 7 WARNING neutron.scheduler.dhcp_agent_scheduler [None req-0f4d5322-f106-45e7-85bf-1b2cd692490e 173a025d26254f15a98b5e15c23727a0 455bfdaf3a054e72aebf58b03125a866 - - default default] No more DHCP agents
2026-04-28 15:06:08.705 7 WARNING neutron.api.rpc.agentnotifiers.dhcp_rpc_agent_api [None req-0f4d5322-f106-45e7-85bf-1b2cd692490e 173a025d26254f15a98b5e15c23727a0 455bfdaf3a054e72aebf58b03125a866 - - default default] Unable to schedule network e78694de-7091-49f9-b109-4f451ffacc4b: no agents available; will retry on subsequent port and subnet creation events. [pid: 8|app: 0|req: 857/1768] 10.0.0.32 () {32 vars in 723 bytes} [Tue Apr 28 15:06:08 2026] DELETE /v2.0/routers/fedfbb89-3dd6-4b71-9c92-2fe6dbc54f52 => generated 0 bytes in 217 msecs (HTTP/1.1 204) 2 headers in 112 bytes (1 switches on core 0)
2026-04-28 15:06:08.810 7 INFO neutron.db.ovn_revision_numbers_db [None req-0f4d5322-f106-45e7-85bf-1b2cd692490e 173a025d26254f15a98b5e15c23727a0 455bfdaf3a054e72aebf58b03125a866 - - default default] Successfully bumped revision number for resource 3e9496e4-cda4-478f-ad2a-c975ab42af34 (type: ports) to 1 [pid: 8|app: 0|req: 858/1769] 10.0.0.32 () {32 vars in 681 bytes} [Tue Apr 28 15:06:08 2026] GET /v2.0/routers?not-tags-any=blue => generated 1786 bytes in 64 msecs (HTTP/1.1 200) 4 headers in 158 bytes (1 switches on core 0) [pid: 7|app: 0|req: 912/1770] 10.0.0.32 () {34 vars in 669 bytes} [Tue Apr 28 15:06:08 2026] POST /v2.0/networks => generated 670 bytes in 567 msecs (HTTP/1.1 201) 4 headers in 162 bytes (1 switches on core 0) [pid: 7|app: 0|req: 913/1771] 10.0.0.32 () {32 vars in 693 bytes} [Tue Apr 28 15:06:08 2026] GET /v2.0/routers?not-tags-any=red%2Cblue => generated 1194 bytes in 64 msecs (HTTP/1.1 200) 4 headers in 158 bytes (1 switches on core 0) [pid: 8|app: 0|req: 859/1772] 10.0.0.32 () {32 vars in 723 bytes} [Tue Apr 28 15:06:08 2026] DELETE /v2.0/subnets/94089593-5765-4496-ae87-f98361cd41f7 => generated 0 bytes in 128 msecs (HTTP/1.1 204) 3 headers in 131 bytes (1 switches on core 0) [pid: 8|app: 0|req: 860/1773] 10.0.0.32 () {32 vars in 720 bytes} [Tue Apr 28 15:06:08 2026] GET /v2.0/routers/047c4c9a-399f-4a58-ad5a-65a1857abf59 => generated 602 bytes in 49 msecs (HTTP/1.1 200) 4 headers in 157 bytes (1 switches on core 0)
2026-04-28 15:06:09.109 8 INFO neutron_taas.services.taas.taas_plugin [None req-f52b54e4-61b9-4a85-8102-1c59f912cc58 19985d078dd9478996e54559d5f6518a b58259d9d8db4bd1833185a533d14155 - - default default] TaaS: Handle Delete Port: 3f444d38-0907-40cb-ba86-29f2cfb9bdb2
2026-04-28 15:06:09.113 8 INFO neutron_taas.services.taas.tap_mirror_plugin [None req-f52b54e4-61b9-4a85-8102-1c59f912cc58 19985d078dd9478996e54559d5f6518a b58259d9d8db4bd1833185a533d14155 - - default default] Tap Mirror: Handle Delete Port: 3f444d38-0907-40cb-ba86-29f2cfb9bdb2
2026-04-28 15:06:09.123 7 WARNING neutron.scheduler.dhcp_agent_scheduler [None req-25bb5d96-ba33-4115-93a5-8a29cff83f7e 173a025d26254f15a98b5e15c23727a0 455bfdaf3a054e72aebf58b03125a866 - - default default] No more DHCP agents
2026-04-28 15:06:09.124 7 WARNING neutron.api.rpc.agentnotifiers.dhcp_rpc_agent_api [None req-25bb5d96-ba33-4115-93a5-8a29cff83f7e 173a025d26254f15a98b5e15c23727a0 455bfdaf3a054e72aebf58b03125a866 - - default default] Unable to schedule network e78694de-7091-49f9-b109-4f451ffacc4b: no agents available; will retry on subsequent port and subnet creation events.
2026-04-28 15:06:09.290 8 INFO neutron.services.segments.plugin [-] Segment a8cc01a1-867c-4e0e-ad4d-419aca583d12 resource provider aggregate not found
2026-04-28 15:06:09.291 8 INFO neutron.services.segments.plugin [-] Segment a8cc01a1-867c-4e0e-ad4d-419aca583d12 resource provider aggregate not found
2026-04-28 15:06:09.315 8 INFO neutron.services.segments.plugin [-] Segment a8cc01a1-867c-4e0e-ad4d-419aca583d12 resource provider not found; error: Placement Client Error (4xx): {"errors": [{"status": 404, "title": "Not Found", "detail": "The resource could not be found.\n\n No resource provider with uuid a8cc01a1-867c-4e0e-ad4d-419aca583d12 found for delete ", "request_id": "req-2135bfd6-8bf4-4f1c-a4d4-d96d3dcb8f9a"}]}
2026-04-28 15:06:09.317 8 INFO neutron.services.segments.plugin [-] Segment a8cc01a1-867c-4e0e-ad4d-419aca583d12 resource provider not found; error: Placement Client Error (4xx): {"errors": [{"status": 404, "title": "Not Found", "detail": "The resource could not be found.\n\n No resource provider with uuid a8cc01a1-867c-4e0e-ad4d-419aca583d12 found for delete ", "request_id": "req-7079edee-7fa9-495c-b9e3-d2d5f74d7324"}]} [pid: 8|app: 0|req: 861/1774] 10.0.0.32 () {32 vars in 725 bytes} [Tue Apr 28 15:06:09 2026] DELETE /v2.0/networks/553eb8ea-b1d2-47fe-b4ef-8daa2e578e14 => generated 0 bytes in 331 msecs (HTTP/1.1 204) 3 headers in 131 bytes (1 switches on core 0)
2026-04-28 15:06:09.618 7 INFO neutron.db.ovn_revision_numbers_db [None req-25bb5d96-ba33-4115-93a5-8a29cff83f7e 173a025d26254f15a98b5e15c23727a0 455bfdaf3a054e72aebf58b03125a866 - - default default] Successfully bumped revision number for resource 3e9496e4-cda4-478f-ad2a-c975ab42af34 (type: ports) to 2
2026-04-28 15:06:09.645 7 INFO neutron.db.ovn_revision_numbers_db [None req-25bb5d96-ba33-4115-93a5-8a29cff83f7e 173a025d26254f15a98b5e15c23727a0 455bfdaf3a054e72aebf58b03125a866 - - default default] Successfully bumped revision number for resource 4133dd2d-d0e2-4b6e-9d09-baf03e3468e2 (type: subnets) to 0 [pid: 7|app: 0|req: 914/1775] 10.0.0.32 () {34 vars in 668 bytes} [Tue Apr 28 15:06:08 2026] POST /v2.0/subnets => generated 626 bytes in 761 msecs (HTTP/1.1 201) 4 headers in 162 bytes (1 switches on core 0)
2026-04-28 15:06:10.088 7 WARNING neutron.scheduler.dhcp_agent_scheduler [None req-5786157b-064f-4249-b42c-bf12450eb2ce 19985d078dd9478996e54559d5f6518a b58259d9d8db4bd1833185a533d14155 - - default default] No more DHCP agents
