2026-04-28 15:06:26.225 7 INFO neutron.db.ovn_revision_numbers_db [None req-7c5b9195-fd03-436e-9cf4-e831f7c074c8 0d091c6e84d2472d95d2e8c6f8e7fc1e 662aa6e166ee4f2a81058af043c2bc98 - - default default] Successfully bumped revision number for resource 5a9e2b3a-71c6-4aec-80c2-57d44371323f (type: networks) to 1
2026-04-28 15:06:26.249 8 WARNING neutron.db.securitygroups_db [None req-e472f009-3b14-49fb-8a57-1fd36dec6543 57ba5fce9e454dbb98803391a41cc754 25d1aff6cdd24cc7adf7ee12ed99bc12 - - default default] project_id key not found in filters, using tenant_id instead. This support has been deprecated and will be removed in a future release.
2026-04-28 15:06:26.384 8 INFO neutron.db.ovn_revision_numbers_db [None req-e472f009-3b14-49fb-8a57-1fd36dec6543 57ba5fce9e454dbb98803391a41cc754 25d1aff6cdd24cc7adf7ee12ed99bc12 - - default default] Successfully bumped revision number for resource 48cdcc2f-52d0-4947-84b7-e01204cf4abb (type: security_groups) to 1
2026-04-28 15:06:26.397 8 INFO neutron.db.ovn_revision_numbers_db [None req-e472f009-3b14-49fb-8a57-1fd36dec6543 57ba5fce9e454dbb98803391a41cc754 25d1aff6cdd24cc7adf7ee12ed99bc12 - - default default] Successfully bumped revision number for resource 7841b746-320f-4297-bfaf-e3cc91cd5067 (type: security_group_rules) to 0
2026-04-28 15:06:26.410 8 INFO neutron.db.ovn_revision_numbers_db [None req-e472f009-3b14-49fb-8a57-1fd36dec6543 57ba5fce9e454dbb98803391a41cc754 25d1aff6cdd24cc7adf7ee12ed99bc12 - - default default] Successfully bumped revision number for resource c5583cba-e6d8-482c-a313-71f8310b9c8e (type: security_group_rules) to 0
2026-04-28 15:06:26.422 7 WARNING neutron.scheduler.dhcp_agent_scheduler [None req-7c5b9195-fd03-436e-9cf4-e831f7c074c8 0d091c6e84d2472d95d2e8c6f8e7fc1e 662aa6e166ee4f2a81058af043c2bc98 - - default default] No more DHCP agents
2026-04-28 15:06:26.423 8 INFO neutron.db.ovn_revision_numbers_db [None req-e472f009-3b14-49fb-8a57-1fd36dec6543 57ba5fce9e454dbb98803391a41cc754 25d1aff6cdd24cc7adf7ee12ed99bc12 - - default default] Successfully bumped revision number for resource e0736308-4dbb-42e9-b3c8-b523566c6768 (type: security_group_rules) to 0
2026-04-28 15:06:26.423 7 WARNING neutron.api.rpc.agentnotifiers.dhcp_rpc_agent_api [None req-7c5b9195-fd03-436e-9cf4-e831f7c074c8 0d091c6e84d2472d95d2e8c6f8e7fc1e 662aa6e166ee4f2a81058af043c2bc98 - - default default] Unable to schedule network 5a9e2b3a-71c6-4aec-80c2-57d44371323f: no agents available; will retry on subsequent port and subnet creation events.
2026-04-28 15:06:26.434 8 INFO neutron.db.ovn_revision_numbers_db [None req-e472f009-3b14-49fb-8a57-1fd36dec6543 57ba5fce9e454dbb98803391a41cc754 25d1aff6cdd24cc7adf7ee12ed99bc12 - - default default] Successfully bumped revision number for resource fb585858-53e9-4c34-b421-490bbaccf694 (type: security_group_rules) to 0 [pid: 8|app: 0|req: 945/1912] 10.0.0.32 () {32 vars in 773 bytes} [Tue Apr 28 15:06:26 2026] GET /v2.0/security-groups?tenant_id=fd38cbf868f34261b3602666779ddbe8&name=default => generated 2925 bytes in 247 msecs (HTTP/1.1 200) 4 headers in 158 bytes (1 switches on core 0)
2026-04-28 15:06:26.494 8 INFO neutron.plugins.ml2.drivers.ovn.mech_driver.mech_driver [None req-429ad73a-ca55-4259-8084-52ab17095de1 - - - - - -] OVN reports status down for port: 63b952de-1867-40b6-8a86-69c33e800cb4
2026-04-28 15:06:26.496 7 INFO neutron.db.ovn_revision_numbers_db [None req-7c5b9195-fd03-436e-9cf4-e831f7c074c8 0d091c6e84d2472d95d2e8c6f8e7fc1e 662aa6e166ee4f2a81058af043c2bc98 - - default default] Successfully bumped revision number for resource 63b952de-1867-40b6-8a86-69c33e800cb4 (type: ports) to 1 [pid: 7|app: 0|req: 968/1913] 10.0.0.32 () {34 vars in 669 bytes} [Tue Apr 28 15:06:25 2026] POST /v2.0/networks => generated 670 bytes in 532 msecs (HTTP/1.1 201) 4 headers in 162 bytes (1 switches on core 0)
2026-04-28 15:06:26.692 7 WARNING neutron.scheduler.dhcp_agent_scheduler [None req-31bf0473-6073-4425-8488-dc46b3e5cc21 0d091c6e84d2472d95d2e8c6f8e7fc1e 662aa6e166ee4f2a81058af043c2bc98 - - default default] No more DHCP agents
2026-04-28 15:06:26.694 7 WARNING neutron.api.rpc.agentnotifiers.dhcp_rpc_agent_api [None req-31bf0473-6073-4425-8488-dc46b3e5cc21 0d091c6e84d2472d95d2e8c6f8e7fc1e 662aa6e166ee4f2a81058af043c2bc98 - - default default] Unable to schedule network 5a9e2b3a-71c6-4aec-80c2-57d44371323f: no agents available; will retry on subsequent port and subnet creation events. [pid: 8|app: 0|req: 946/1914] 10.0.0.32 () {32 vars in 739 bytes} [Tue Apr 28 15:06:26 2026] DELETE /v2.0/security-groups/48cdcc2f-52d0-4947-84b7-e01204cf4abb => generated 0 bytes in 237 msecs (HTTP/1.1 204) 2 headers in 112 bytes (1 switches on core 0)
2026-04-28 15:06:26.824 8 WARNING neutron.db.securitygroups_db [None req-4137dfb7-8705-4f20-a7ab-72fb8efec8b4 57ba5fce9e454dbb98803391a41cc754 25d1aff6cdd24cc7adf7ee12ed99bc12 - - default default] project_id key not found in filters, using tenant_id instead. This support has been deprecated and will be removed in a future release. [pid: 8|app: 0|req: 947/1915] 10.0.0.32 () {32 vars in 773 bytes} [Tue Apr 28 15:06:26 2026] GET /v2.0/security-groups?tenant_id=53c96eb9e46f405ba66dfde37d430fa5&name=default => generated 2925 bytes in 24 msecs (HTTP/1.1 200) 4 headers in 158 bytes (1 switches on core 0) [pid: 8|app: 0|req: 948/1916] 10.0.0.32 () {32 vars in 739 bytes} [Tue Apr 28 15:06:26 2026] DELETE /v2.0/security-groups/919a52f7-d063-4ad8-8f80-d84890b0c09e => generated 0 bytes in 154 msecs (HTTP/1.1 204) 2 headers in 112 bytes (1 switches on core 0)
2026-04-28 15:06:27.153 7 INFO neutron.db.ovn_revision_numbers_db [None req-31bf0473-6073-4425-8488-dc46b3e5cc21 0d091c6e84d2472d95d2e8c6f8e7fc1e 662aa6e166ee4f2a81058af043c2bc98 - - default default] Successfully bumped revision number for resource 63b952de-1867-40b6-8a86-69c33e800cb4 (type: ports) to 2
2026-04-28 15:06:27.185 7 INFO neutron.db.ovn_revision_numbers_db [None req-31bf0473-6073-4425-8488-dc46b3e5cc21 0d091c6e84d2472d95d2e8c6f8e7fc1e 662aa6e166ee4f2a81058af043c2bc98 - - default default] Successfully bumped revision number for resource 8da7142e-73b1-4805-9b17-d22ac08577e7 (type: subnets) to 0 [pid: 7|app: 0|req: 969/1917] 10.0.0.32 () {34 vars in 668 bytes} [Tue Apr 28 15:06:26 2026] POST /v2.0/subnets => generated 629 bytes in 679 msecs (HTTP/1.1 201) 4 headers in 162 bytes (1 switches on core 0)
2026-04-28 15:06:27.305 8 INFO neutron.db.segments_db [None req-20c611a1-d992-4a13-b420-25e00bd26bde 0d091c6e84d2472d95d2e8c6f8e7fc1e 662aa6e166ee4f2a81058af043c2bc98 - - default default] Added segment 97ab49ec-d7c2-4653-9716-227bd15e7d5d of type geneve for network 113bdbd3-c3a7-4a02-8d0a-f6c6720859ed
2026-04-28 15:06:27.430 8 INFO neutron.db.ovn_revision_numbers_db [None req-20c611a1-d992-4a13-b420-25e00bd26bde 0d091c6e84d2472d95d2e8c6f8e7fc1e 662aa6e166ee4f2a81058af043c2bc98 - - default default] Successfully bumped revision number for resource 113bdbd3-c3a7-4a02-8d0a-f6c6720859ed (type: networks) to 1
2026-04-28 15:06:27.596 8 WARNING neutron.scheduler.dhcp_agent_scheduler [None req-20c611a1-d992-4a13-b420-25e00bd26bde 0d091c6e84d2472d95d2e8c6f8e7fc1e 662aa6e166ee4f2a81058af043c2bc98 - - default default] No more DHCP agents
2026-04-28 15:06:27.617 8 WARNING neutron.api.rpc.agentnotifiers.dhcp_rpc_agent_api [None req-20c611a1-d992-4a13-b420-25e00bd26bde 0d091c6e84d2472d95d2e8c6f8e7fc1e 662aa6e166ee4f2a81058af043c2bc98 - - default default] Unable to schedule network 113bdbd3-c3a7-4a02-8d0a-f6c6720859ed: no agents available; will retry on subsequent port and subnet creation events.
2026-04-28 15:06:27.700 8 INFO neutron.plugins.ml2.drivers.ovn.mech_driver.mech_driver [None req-429ad73a-ca55-4259-8084-52ab17095de1 - - - - - -] OVN reports status down for port: 94fce658-4839-4a6d-840b-7af4d853163a
2026-04-28 15:06:27.748 8 INFO neutron.db.ovn_revision_numbers_db [None req-20c611a1-d992-4a13-b420-25e00bd26bde 0d091c6e84d2472d95d2e8c6f8e7fc1e 662aa6e166ee4f2a81058af043c2bc98 - - default default] Successfully bumped revision number for resource 94fce658-4839-4a6d-840b-7af4d853163a (type: ports) to 1 [pid: 8|app: 0|req: 949/1918] 10.0.0.32 () {34 vars in 669 bytes} [Tue Apr 28 15:06:27 2026] POST /v2.0/networks => generated 669 bytes in 575 msecs (HTTP/1.1 201) 4 headers in 162 bytes (1 switches on core 0)
2026-04-28 15:06:27.837 7 INFO neutron.db.ovn_revision_numbers_db [None req-4cf37cef-30a7-4fde-a31e-d10b257f0023 57ba5fce9e454dbb98803391a41cc754 25d1aff6cdd24cc7adf7ee12ed99bc12 - - default default] Successfully bumped revision number for resource b6f256ca-4c1c-425a-9c7a-191178468cc6 (type: security_groups) to 1
2026-04-28 15:06:27.848 7 INFO neutron.db.ovn_revision_numbers_db [None req-4cf37cef-30a7-4fde-a31e-d10b257f0023 57ba5fce9e454dbb98803391a41cc754 25d1aff6cdd24cc7adf7ee12ed99bc12 - - default default] Successfully bumped revision number for resource 126f3240-9dba-4974-8c2e-bf98f1f523d3 (type: security_group_rules) to 0
2026-04-28 15:06:27.860 7 INFO neutron.db.ovn_revision_numbers_db [None req-4cf37cef-30a7-4fde-a31e-d10b257f0023 57ba5fce9e454dbb98803391a41cc754 25d1aff6cdd24cc7adf7ee12ed99bc12 - - default default] Successfully bumped revision number for resource 18e43395-c1ad-4ab5-9d1a-a0df82a01e4d (type: security_group_rules) to 0
2026-04-28 15:06:27.874 7 INFO neutron.db.ovn_revision_numbers_db [None req-4cf37cef-30a7-4fde-a31e-d10b257f0023 57ba5fce9e454dbb98803391a41cc754 25d1aff6cdd24cc7adf7ee12ed99bc12 - - default default] Successfully bumped revision number for resource 3971a51f-9a56-4e63-8f15-6bc2da071516 (type: security_group_rules) to 0
2026-04-28 15:06:27.896 7 INFO neutron.db.ovn_revision_numbers_db [None req-4cf37cef-30a7-4fde-a31e-d10b257f0023 57ba5fce9e454dbb98803391a41cc754 25d1aff6cdd24cc7adf7ee12ed99bc12 - - default default] Successfully bumped revision number for resource fd7f589c-1a5e-4f15-81d3-66b6a28722f0 (type: security_group_rules) to 0
2026-04-28 15:06:27.962 7 INFO neutron.db.segments_db [None req-4cf37cef-30a7-4fde-a31e-d10b257f0023 57ba5fce9e454dbb98803391a41cc754 25d1aff6cdd24cc7adf7ee12ed99bc12 - - default default] Added segment db2dca48-6272-4ba4-8874-73a7585a0669 of type geneve for network 5561ad0f-64a4-4897-bbb3-bf5a8d6c17ba
2026-04-28 15:06:28.014 8 WARNING neutron.scheduler.dhcp_agent_scheduler [None req-04e07756-d2ca-41be-aa5d-716f0a28b34f 0d091c6e84d2472d95d2e8c6f8e7fc1e 662aa6e166ee4f2a81058af043c2bc98 - - default default] No more DHCP agents
2026-04-28 15:06:28.015 8 WARNING neutron.api.rpc.agentnotifiers.dhcp_rpc_agent_api [None req-04e07756-d2ca-41be-aa5d-716f0a28b34f 0d091c6e84d2472d95d2e8c6f8e7fc1e 662aa6e166ee4f2a81058af043c2bc98 - - default default] Unable to schedule network 113bdbd3-c3a7-4a02-8d0a-f6c6720859ed: no agents available; will retry on subsequent port and subnet creation events.
2026-04-28 15:06:28.085 7 INFO neutron.db.ovn_revision_numbers_db [None req-4cf37cef-30a7-4fde-a31e-d10b257f0023 57ba5fce9e454dbb98803391a41cc754 25d1aff6cdd24cc7adf7ee12ed99bc12 - - default default] Successfully bumped revision number for resource 5561ad0f-64a4-4897-bbb3-bf5a8d6c17ba (type: networks) to 1
2026-04-28 15:06:28.245 7 WARNING neutron.scheduler.dhcp_agent_scheduler [None req-4cf37cef-30a7-4fde-a31e-d10b257f0023 57ba5fce9e454dbb98803391a41cc754 25d1aff6cdd24cc7adf7ee12ed99bc12 - - default default] No more DHCP agents
2026-04-28 15:06:28.247 7 WARNING neutron.api.rpc.agentnotifiers.dhcp_rpc_agent_api [None req-4cf37cef-30a7-4fde-a31e-d10b257f0023 57ba5fce9e454dbb98803391a41cc754 25d1aff6cdd24cc7adf7ee12ed99bc12 - - default default] Unable to schedule network 5561ad0f-64a4-4897-bbb3-bf5a8d6c17ba: no agents available; will retry on subsequent port and subnet creation events.
2026-04-28 15:06:28.308 7 INFO neutron.plugins.ml2.drivers.ovn.mech_driver.mech_driver [None req-5f2e5be4-28f5-4ed7-b65b-4162d53225ea - - - - - -] OVN reports status down for port: 743d37e7-9035-46a7-b737-ae1d2a8438b7
2026-04-28 15:06:28.367 7 INFO neutron.db.ovn_revision_numbers_db [None req-4cf37cef-30a7-4fde-a31e-d10b257f0023 57ba5fce9e454dbb98803391a41cc754 25d1aff6cdd24cc7adf7ee12ed99bc12 - - default default] Successfully bumped revision number for resource 743d37e7-9035-46a7-b737-ae1d2a8438b7 (type: ports) to 1 [pid: 7|app: 0|req: 970/1919] 10.0.0.32 () {34 vars in 670 bytes} [Tue Apr 28 15:06:27 2026] POST /v2.0/networks => generated 782 bytes in 849 msecs (HTTP/1.1 201) 4 headers in 162 bytes (1 switches on core 0)
2026-04-28 15:06:28.463 8 INFO neutron.db.ovn_revision_numbers_db [None req-04e07756-d2ca-41be-aa5d-716f0a28b34f 0d091c6e84d2472d95d2e8c6f8e7fc1e 662aa6e166ee4f2a81058af043c2bc98 - - default default] Successfully bumped revision number for resource 94fce658-4839-4a6d-840b-7af4d853163a (type: ports) to 2
2026-04-28 15:06:28.497 8 INFO neutron.db.ovn_revision_numbers_db [None req-04e07756-d2ca-41be-aa5d-716f0a28b34f 0d091c6e84d2472d95d2e8c6f8e7fc1e 662aa6e166ee4f2a81058af043c2bc98 - - default default] Successfully bumped revision number for resource d203f75e-8a19-4fde-8281-4ffc865a8aa1 (type: subnets) to 0 [pid: 8|app: 0|req: 950/1920] 10.0.0.32 () {34 vars in 668 bytes} [Tue Apr 28 15:06:27 2026] POST /v2.0/subnets => generated 629 bytes in 721 msecs (HTTP/1.1 201) 4 headers in 162 bytes (1 switches on core 0)
2026-04-28 15:06:28.588 7 WARNING neutron.scheduler.dhcp_agent_scheduler [None req-dc7130c9-041e-43aa-927d-823a2698838d 57ba5fce9e454dbb98803391a41cc754 25d1aff6cdd24cc7adf7ee12ed99bc12 - - default default] No more DHCP agents
2026-04-28 15:06:28.590 7 WARNING neutron.api.rpc.agentnotifiers.dhcp_rpc_agent_api [None req-dc7130c9-041e-43aa-927d-823a2698838d 57ba5fce9e454dbb98803391a41cc754 25d1aff6cdd24cc7adf7ee12ed99bc12 - - default default] Unable to schedule network 5561ad0f-64a4-4897-bbb3-bf5a8d6c17ba: no agents available; will retry on subsequent port and subnet creation events.
2026-04-28 15:06:28.604 8 INFO neutron.db.segments_db [None req-ed69ccba-8380-4470-8f86-f9f2202a57ff 0d091c6e84d2472d95d2e8c6f8e7fc1e 662aa6e166ee4f2a81058af043c2bc98 - - default default] Added segment 52eb820b-7044-4d24-ae8c-721f7160e72f of type geneve for network 61ba9a78-48d2-46a1-8aeb-1f30e459ca71
2026-04-28 15:06:28.736 8 INFO neutron.db.ovn_revision_numbers_db [None req-ed69ccba-8380-4470-8f86-f9f2202a57ff 0d091c6e84d2472d95d2e8c6f8e7fc1e 662aa6e166ee4f2a81058af043c2bc98 - - default default] Successfully bumped revision number for resource 61ba9a78-48d2-46a1-8aeb-1f30e459ca71 (type: networks) to 1
2026-04-28 15:06:28.915 8 WARNING neutron.scheduler.dhcp_agent_scheduler [None req-ed69ccba-8380-4470-8f86-f9f2202a57ff 0d091c6e84d2472d95d2e8c6f8e7fc1e 662aa6e166ee4f2a81058af043c2bc98 - - default default] No more DHCP agents
2026-04-28 15:06:28.917 8 WARNING neutron.api.rpc.agentnotifiers.dhcp_rpc_agent_api [None req-ed69ccba-8380-4470-8f86-f9f2202a57ff 0d091c6e84d2472d95d2e8c6f8e7fc1e 662aa6e166ee4f2a81058af043c2bc98 - - default default] Unable to schedule network 61ba9a78-48d2-46a1-8aeb-1f30e459ca71: no agents available; will retry on subsequent port and subnet creation events.
2026-04-28 15:06:28.975 8 INFO neutron.plugins.ml2.drivers.ovn.mech_driver.mech_driver [None req-429ad73a-ca55-4259-8084-52ab17095de1 - - - - - -] OVN reports status down for port: d644f42f-406f-451b-b797-ed3d376f00d0
2026-04-28 15:06:29.049 8 INFO neutron.db.ovn_revision_numbers_db [None req-ed69ccba-8380-4470-8f86-f9f2202a57ff 0d091c6e84d2472d95d2e8c6f8e7fc1e 662aa6e166ee4f2a81058af043c2bc98 - - default default] Successfully bumped revision number for resource d644f42f-406f-451b-b797-ed3d376f00d0 (type: ports) to 1 [pid: 8|app: 0|req: 951/1921] 10.0.0.32 () {34 vars in 669 bytes} [Tue Apr 28 15:06:28 2026] POST /v2.0/networks => generated 669 bytes in 594 msecs (HTTP/1.1 201) 4 headers in 162 bytes (1 switches on core 0)
2026-04-28 15:06:29.119 7 INFO neutron.db.ovn_revision_numbers_db [None req-dc7130c9-041e-43aa-927d-823a2698838d 57ba5fce9e454dbb98803391a41cc754 25d1aff6cdd24cc7adf7ee12ed99bc12 - - default default] Successfully bumped revision number for resource 743d37e7-9035-46a7-b737-ae1d2a8438b7 (type: ports) to 2
2026-04-28 15:06:29.151 7 INFO neutron.db.ovn_revision_numbers_db [None req-dc7130c9-041e-43aa-927d-823a2698838d 57ba5fce9e454dbb98803391a41cc754 25d1aff6cdd24cc7adf7ee12ed99bc12 - - default default] Successfully bumped revision number for resource b7235808-3a8c-4bae-a8f4-2143d14d9d13 (type: subnets) to 0 [pid: 7|app: 0|req: 971/1922] 10.0.0.32 () {34 vars in 668 bytes} [Tue Apr 28 15:06:28 2026] POST /v2.0/subnets => generated 688 bytes in 764 msecs (HTTP/1.1 201) 4 headers in 162 bytes (1 switches on core 0)
2026-04-28 15:06:29.326 8 WARNING neutron.scheduler.dhcp_agent_scheduler [None req-37393f3b-fb10-4957-9629-8ea22ccd23db 0d091c6e84d2472d95d2e8c6f8e7fc1e 662aa6e166ee4f2a81058af043c2bc98 - - default default] No more DHCP agents
2026-04-28 15:06:29.329 8 WARNING neutron.api.rpc.agentnotifiers.dhcp_rpc_agent_api [None req-37393f3b-fb10-4957-9629-8ea22ccd23db 0d091c6e84d2472d95d2e8c6f8e7fc1e 662aa6e166ee4f2a81058af043c2bc98 - - default default] Unable to schedule network 61ba9a78-48d2-46a1-8aeb-1f30e459ca71: no agents available; will retry on subsequent port and subnet creation events.
2026-04-28 15:06:29.627 7 WARNING neutron.scheduler.dhcp_agent_scheduler [None req-aeb4117a-d50f-4539-96f0-3722f624997d 57ba5fce9e454dbb98803391a41cc754 25d1aff6cdd24cc7adf7ee12ed99bc12 - - default default] No more DHCP agents
2026-04-28 15:06:29.629 7 WARNING neutron.api.rpc.agentnotifiers.dhcp_rpc_agent_api [None req-aeb4117a-d50f-4539-96f0-3722f624997d 57ba5fce9e454dbb98803391a41cc754 25d1aff6cdd24cc7adf7ee12ed99bc12 - - default default] Unable to schedule network 5e1fe4fe-7532-44dd-85c4-0619df3e8723: no agents available; will retry on subsequent port and subnet creation events.
2026-04-28 15:06:29.758 7 INFO neutron.plugins.ml2.drivers.ovn.mech_driver.mech_driver [None req-5f2e5be4-28f5-4ed7-b65b-4162d53225ea - - - - - -] OVN reports status down for port: b9cf00a9-f28c-468b-a9ae-372ecbc8859b
2026-04-28 15:06:29.825 8 INFO neutron.db.ovn_revision_numbers_db [None req-37393f3b-fb10-4957-9629-8ea22ccd23db 0d091c6e84d2472d95d2e8c6f8e7fc1e 662aa6e166ee4f2a81058af043c2bc98 - - default default] Successfully bumped revision number for resource d644f42f-406f-451b-b797-ed3d376f00d0 (type: ports) to 2
2026-04-28 15:06:29.851 7 INFO neutron.db.ovn_revision_numbers_db [None req-aeb4117a-d50f-4539-96f0-3722f624997d 57ba5fce9e454dbb98803391a41cc754 25d1aff6cdd24cc7adf7ee12ed99bc12 - - default default] Successfully bumped revision number for resource b9cf00a9-f28c-468b-a9ae-372ecbc8859b (type: ports) to 1
2026-04-28 15:06:29.867 8 INFO neutron.db.ovn_revision_numbers_db [None req-37393f3b-fb10-4957-9629-8ea22ccd23db 0d091c6e84d2472d95d2e8c6f8e7fc1e 662aa6e166ee4f2a81058af043c2bc98 - - default default] Successfully bumped revision number for resource 286d239e-1384-4e47-a55a-a3499e17ea6c (type: subnets) to 0 [pid: 8|app: 0|req: 952/1923] 10.0.0.32 () {34 vars in 668 bytes} [Tue Apr 28 15:06:29 2026] POST /v2.0/subnets => generated 629 bytes in 767 msecs (HTTP/1.1 201) 4 headers in 162 bytes (1 switches on core 0) [pid: 8|app: 0|req: 953/1924] 10.0.0.32 () {34 vars in 750 bytes} [Tue Apr 28 15:06:29 2026] PUT /v2.0/subnets/91197c1c-9936-4110-8571-506122629939/tags => generated 17 bytes in 63 msecs (HTTP/1.1 200) 4 headers in 156 bytes (1 switches on core 0) [pid: 8|app: 0|req: 954/1925] 10.0.0.32 () {34 vars in 750 bytes} [Tue Apr 28 15:06:29 2026] PUT /v2.0/subnets/3b3b7fd3-3c30-4e03-bfdb-d6715c70dd47/tags => generated 25 bytes in 53 msecs (HTTP/1.1 200) 4 headers in 156 bytes (1 switches on core 0) [pid: 8|app: 0|req: 955/1926] 10.0.0.32 () {34 vars in 750 bytes} [Tue Apr 28 15:06:30 2026] PUT /v2.0/subnets/8da7142e-73b1-4805-9b17-d22ac08577e7/tags => generated 34 bytes in 43 msecs (HTTP/1.1 200) 4 headers in 156 bytes (1 switches on core 0)
2026-04-28 15:06:30.195 8 WARNING neutron.db.securitygroups_db [None req-8d28b6fa-09be-4439-995a-7c3ae4d80a4a 57ba5fce9e454dbb98803391a41cc754 25d1aff6cdd24cc7adf7ee12ed99bc12 - - default default] project_id key not found in filters, using tenant_id instead. This support has been deprecated and will be removed in a future release.
2026-04-28 15:06:30.326 8 INFO neutron.db.ovn_revision_numbers_db [None req-8d28b6fa-09be-4439-995a-7c3ae4d80a4a 57ba5fce9e454dbb98803391a41cc754 25d1aff6cdd24cc7adf7ee12ed99bc12 - - default default] Successfully bumped revision number for resource 1dad4bc4-17d7-4cdd-b221-010cdc6aeac4 (type: security_groups) to 1
2026-04-28 15:06:30.337 8 INFO neutron.db.ovn_revision_numbers_db [None req-8d28b6fa-09be-4439-995a-7c3ae4d80a4a 57ba5fce9e454dbb98803391a41cc754 25d1aff6cdd24cc7adf7ee12ed99bc12 - - default default] Successfully bumped revision number for resource 5fad0503-ff38-4d35-bb0d-e0992084495b (type: security_group_rules) to 0
2026-04-28 15:06:30.348 8 INFO neutron.db.ovn_revision_numbers_db [None req-8d28b6fa-09be-4439-995a-7c3ae4d80a4a 57ba5fce9e454dbb98803391a41cc754 25d1aff6cdd24cc7adf7ee12ed99bc12 - - default default] Successfully bumped revision number for resource 788ab2e6-775d-4b8a-849a-512dde53982e (type: security_group_rules) to 0
2026-04-28 15:06:30.361 8 INFO neutron.db.ovn_revision_numbers_db [None req-8d28b6fa-09be-4439-995a-7c3ae4d80a4a 57ba5fce9e454dbb98803391a41cc754 25d1aff6cdd24cc7adf7ee12ed99bc12 - - default default] Successfully bumped revision number for resource aa68db80-9cdc-4532-84fa-fc91f0ea7ffc (type: security_group_rules) to 0
2026-04-28 15:06:30.373 8 INFO neutron.db.ovn_revision_numbers_db [None req-8d28b6fa-09be-4439-995a-7c3ae4d80a4a 57ba5fce9e454dbb98803391a41cc754 25d1aff6cdd24cc7adf7ee12ed99bc12 - - default default] Successfully bumped revision number for resource b7e7f89f-be6b-47be-a34e-2c75735204a1 (type: security_group_rules) to 0 [pid: 8|app: 0|req: 956/1927] 10.0.0.32 () {32 vars in 773 bytes} [Tue Apr 28 15:06:30 2026] GET /v2.0/security-groups?tenant_id=3224a42b30d2474b811e18324e517ce9&name=default => generated 2925 bytes in 344 msecs (HTTP/1.1 200) 4 headers in 158 bytes (1 switches on core 0) [pid: 8|app: 0|req: 957/1928] 10.0.0.32 () {34 vars in 750 bytes} [Tue Apr 28 15:06:30 2026] PUT /v2.0/subnets/d203f75e-8a19-4fde-8281-4ffc865a8aa1/tags => generated 19 bytes in 43 msecs (HTTP/1.1 200) 4 headers in 156 bytes (1 switches on core 0)
2026-04-28 15:06:30.528 7 INFO neutron.plugins.ml2.drivers.ovn.mech_driver.mech_driver [None req-5f2e5be4-28f5-4ed7-b65b-4162d53225ea - - - - - -] OVN reports status up for port: b9cf00a9-f28c-468b-a9ae-372ecbc8859b
2026-04-28 15:06:30.555 7 INFO neutron.plugins.ml2.plugin [None req-5f2e5be4-28f5-4ed7-b65b-4162d53225ea - - - - - -] Attempt 1 to provision port b9cf00a9-f28c-468b-a9ae-372ecbc8859b
2026-04-28 15:06:30.599 8 INFO neutron.plugins.ml2.drivers.ovn.mech_driver.ovsdb.ovsdb_monitor [None req-e5d93a26-fdae-4e13-b45d-9c98d1dffd13 - - - - - -] Router 25f94b8b-4952-4861-84e1-d7c14ea663c6 is bound to host instance
2026-04-28 15:06:30.602 7 INFO neutron.db.ovn_revision_numbers_db [None req-aeb4117a-d50f-4539-96f0-3722f624997d 57ba5fce9e454dbb98803391a41cc754 25d1aff6cdd24cc7adf7ee12ed99bc12 - - default default] Successfully bumped revision number for resource b9cf00a9-f28c-468b-a9ae-372ecbc8859b (type: router_ports) to 1
2026-04-28 15:06:30.724 7 INFO neutron.db.ovn_revision_numbers_db [None req-aeb4117a-d50f-4539-96f0-3722f624997d 57ba5fce9e454dbb98803391a41cc754 25d1aff6cdd24cc7adf7ee12ed99bc12 - - default default] Successfully bumped revision number for resource 25f94b8b-4952-4861-84e1-d7c14ea663c6 (type: routers) to 2 [pid: 7|app: 0|req: 972/1929] 10.0.0.32 () {34 vars in 668 bytes} [Tue Apr 28 15:06:29 2026] POST /v2.0/routers => generated 987 bytes in 1569 msecs (HTTP/1.1 201) 4 headers in 162 bytes (1 switches on core 0) [pid: 7|app: 0|req: 973/1930] 10.0.0.32 () {32 vars in 663 bytes} [Tue Apr 28 15:06:30 2026] GET /v2.0/subnets?tags=red => generated 1904 bytes in 44 msecs (HTTP/1.1 200) 4 headers in 158 bytes (1 switches on core 0) [pid: 8|app: 0|req: 958/1931] 10.0.0.32 () {32 vars in 739 bytes} [Tue Apr 28 15:06:30 2026] DELETE /v2.0/security-groups/1dad4bc4-17d7-4cdd-b221-010cdc6aeac4 => generated 0 bytes in 387 msecs (HTTP/1.1 204) 2 headers in 112 bytes (1 switches on core 0) [pid: 8|app: 0|req: 959/1932] 10.0.0.32 () {32 vars in 677 bytes} [Tue Apr 28 15:06:30 2026] GET /v2.0/subnets?tags=red%2Cblue => generated 1283 bytes in 88 msecs (HTTP/1.1 200) 4 headers in 158 bytes (1 switches on core 0) [pid: 8|app: 0|req: 960/1933] 10.0.0.32 () {32 vars in 673 bytes} [Tue Apr 28 15:06:30 2026] GET /v2.0/subnets?tags-any=blue => generated 1283 bytes in 93 msecs (HTTP/1.1 200) 4 headers in 158 bytes (1 switches on core 0) [pid: 8|app: 0|req: 961/1934] 10.0.0.32 () {32 vars in 685 bytes} [Tue Apr 28 15:06:31 2026] GET /v2.0/subnets?tags-any=red%2Cblue => generated 1904 bytes in 66 msecs (HTTP/1.1 200) 4 headers in 158 bytes (1 switches on core 0) [pid: 8|app: 0|req: 962/1935] 10.0.0.32 () {32 vars in 671 bytes} [Tue Apr 28 15:06:31 2026] GET /v2.0/subnets?not-tags=red => generated 1894 bytes in 83 msecs (HTTP/1.1 200) 4 headers in 158 bytes (1 switches on core 0)
2026-04-28 15:06:31.227 7 WARNING neutron.scheduler.dhcp_agent_scheduler [None req-7f5f3697-382e-4288-837a-24d5637bf738 57ba5fce9e454dbb98803391a41cc754 25d1aff6cdd24cc7adf7ee12ed99bc12 - - default default] No more DHCP agents
2026-04-28 15:06:31.229 7 WARNING neutron.api.rpc.agentnotifiers.dhcp_rpc_agent_api [None req-7f5f3697-382e-4288-837a-24d5637bf738 57ba5fce9e454dbb98803391a41cc754 25d1aff6cdd24cc7adf7ee12ed99bc12 - - default default] Unable to schedule network 5561ad0f-64a4-4897-bbb3-bf5a8d6c17ba: no agents available; will retry on subsequent port and subnet creation events.
2026-04-28 15:06:31.370 8 INFO neutron.plugins.ml2.drivers.ovn.mech_driver.mech_driver [None req-429ad73a-ca55-4259-8084-52ab17095de1 - - - - - -] OVN reports status down for port: e7c0f5c1-0d44-44ab-9fce-4de84d5861fc
2026-04-28 15:06:31.389 7 INFO neutron.db.ovn_revision_numbers_db [None req-7f5f3697-382e-4288-837a-24d5637bf738 57ba5fce9e454dbb98803391a41cc754 25d1aff6cdd24cc7adf7ee12ed99bc12 - - default default] Successfully bumped revision number for resource e7c0f5c1-0d44-44ab-9fce-4de84d5861fc (type: ports) to 1
2026-04-28 15:06:31.727 8 INFO neutron.db.ovn_revision_numbers_db [None req-4b3a1677-ee52-44d1-ac07-ff176244a959 a33b1b16379b46478664e5ccb56e4bad fe95e0bed85c41249e2245a8372d79b7 - - default default] Successfully bumped revision number for resource faaf97f4-e430-4e30-880d-733d2a873c19 (type: security_groups) to 1
2026-04-28 15:06:31.751 8 INFO neutron.db.ovn_revision_numbers_db [None req-4b3a1677-ee52-44d1-ac07-ff176244a959 a33b1b16379b46478664e5ccb56e4bad fe95e0bed85c41249e2245a8372d79b7 - - default default] Successfully bumped revision number for resource 253b6ebe-37c9-4dad-bedd-8cb2d540ca16 (type: security_group_rules) to 0
2026-04-28 15:06:31.775 8 INFO neutron.db.ovn_revision_numbers_db [None req-4b3a1677-ee52-44d1-ac07-ff176244a959 a33b1b16379b46478664e5ccb56e4bad fe95e0bed85c41249e2245a8372d79b7 - - default default] Successfully bumped revision number for resource e27cb871-8013-4437-b8bd-45494cae07bb (type: security_group_rules) to 0
2026-04-28 15:06:31.799 8 INFO neutron.db.ovn_revision_numbers_db [None req-4b3a1677-ee52-44d1-ac07-ff176244a959 a33b1b16379b46478664e5ccb56e4bad fe95e0bed85c41249e2245a8372d79b7 - - default default] Successfully bumped revision number for resource f48bed67-a46f-44e8-a00e-17d5bc89e313 (type: security_group_rules) to 0
2026-04-28 15:06:31.825 8 INFO neutron.db.ovn_revision_numbers_db [None req-4b3a1677-ee52-44d1-ac07-ff176244a959 a33b1b16379b46478664e5ccb56e4bad fe95e0bed85c41249e2245a8372d79b7 - - default default] Successfully bumped revision number for resource ff42f874-28d1-4956-965e-032d05a3a216 (type: security_group_rules) to 0
2026-04-28 15:06:32.040 8 INFO neutron.plugins.ml2.drivers.ovn.mech_driver.mech_driver [None req-429ad73a-ca55-4259-8084-52ab17095de1 - - - - - -] OVN reports status up for port: e7c0f5c1-0d44-44ab-9fce-4de84d5861fc
2026-04-28 15:06:32.086 7 WARNING neutron.scheduler.dhcp_agent_scheduler [None req-7f5f3697-382e-4288-837a-24d5637bf738 57ba5fce9e454dbb98803391a41cc754 25d1aff6cdd24cc7adf7ee12ed99bc12 - - default default] No more DHCP agents
2026-04-28 15:06:32.089 7 WARNING neutron.api.rpc.agentnotifiers.dhcp_rpc_agent_api [None req-7f5f3697-382e-4288-837a-24d5637bf738 57ba5fce9e454dbb98803391a41cc754 25d1aff6cdd24cc7adf7ee12ed99bc12 - - default default] Unable to schedule network 5561ad0f-64a4-4897-bbb3-bf5a8d6c17ba: no agents available; will retry on subsequent port and subnet creation events.
2026-04-28 15:06:32.127 8 INFO neutron.plugins.ml2.plugin [None req-429ad73a-ca55-4259-8084-52ab17095de1 - - - - - -] Attempt 1 to provision port e7c0f5c1-0d44-44ab-9fce-4de84d5861fc
2026-04-28 15:06:32.136 8 INFO neutron.db.ovn_revision_numbers_db [None req-4b3a1677-ee52-44d1-ac07-ff176244a959 a33b1b16379b46478664e5ccb56e4bad fe95e0bed85c41249e2245a8372d79b7 - - default default] Successfully bumped revision number for resource 1a337f3c-1825-4054-ac6d-2aa05c30cee4 (type: security_groups) to 1
2026-04-28 15:06:32.173 8 INFO neutron.db.ovn_revision_numbers_db [None req-4b3a1677-ee52-44d1-ac07-ff176244a959 a33b1b16379b46478664e5ccb56e4bad fe95e0bed85c41249e2245a8372d79b7 - - default default] Successfully bumped revision number for resource 0517e262-7304-4aef-bd8d-7bcd0daf8986 (type: security_group_rules) to 0
2026-04-28 15:06:32.190 8 INFO neutron.db.ovn_revision_numbers_db [None req-fe57ea57-242b-40f2-bb1c-a527c19ab61a - - - - - -] Successfully bumped revision number for resource b9cf00a9-f28c-468b-a9ae-372ecbc8859b (type: ports) to 4
2026-04-28 15:06:32.198 8 INFO neutron.db.ovn_revision_numbers_db [None req-4b3a1677-ee52-44d1-ac07-ff176244a959 a33b1b16379b46478664e5ccb56e4bad fe95e0bed85c41249e2245a8372d79b7 - - default default] Successfully bumped revision number for resource 864e3492-1999-4cdd-8561-eaacd8e5d0d9 (type: security_group_rules) to 0 [pid: 8|app: 0|req: 963/1936] 10.0.0.32 () {34 vars in 683 bytes} [Tue Apr 28 15:06:31 2026] POST /v2.0/security-groups => generated 1601 bytes in 1122 msecs (HTTP/1.1 201) 4 headers in 163 bytes (1 switches on core 0) [pid: 8|app: 0|req: 964/1937] 10.0.0.32 () {32 vars in 685 bytes} [Tue Apr 28 15:06:32 2026] GET /v2.0/subnets?not-tags=red%2Cblue => generated 2515 bytes in 185 msecs (HTTP/1.1 200) 4 headers in 158 bytes (1 switches on core 0)
2026-04-28 15:06:32.583 7 INFO neutron.db.ovn_revision_numbers_db [None req-7f5f3697-382e-4288-837a-24d5637bf738 57ba5fce9e454dbb98803391a41cc754 25d1aff6cdd24cc7adf7ee12ed99bc12 - - default default] Successfully bumped revision number for resource e7c0f5c1-0d44-44ab-9fce-4de84d5861fc (type: router_ports) to 1 [pid: 7|app: 0|req: 974/1938] 10.0.0.32 () {34 vars in 782 bytes} [Tue Apr 28 15:06:30 2026] PUT /v2.0/routers/25f94b8b-4952-4861-84e1-d7c14ea663c6/add_router_interface => generated 310 bytes in 1802 msecs (HTTP/1.1 200) 4 headers in 157 bytes (1 switches on core 0) [pid: 7|app: 0|req: 977/1941] 10.0.0.32 () {32 vars in 681 bytes} [Tue Apr 28 15:06:32 2026] GET /v2.0/subnets?not-tags-any=blue => generated 2515 bytes in 41 msecs (HTTP/1.1 200) 4 headers in 158 bytes (1 switches on core 0) [pid: 7|app: 0|req: 978/1942] 10.0.0.32 () {32 vars in 693 bytes} [Tue Apr 28 15:06:32 2026] GET /v2.0/subnets?not-tags-any=red%2Cblue => generated 1894 bytes in 36 msecs (HTTP/1.1 200) 4 headers in 158 bytes (1 switches on core 0) [pid: 7|app: 0|req: 979/1943] 10.0.0.32 () {32 vars in 723 bytes} [Tue Apr 28 15:06:32 2026] DELETE /v2.0/subnets/91197c1c-9936-4110-8571-506122629939 => generated 0 bytes in 162 msecs (HTTP/1.1 204) 3 headers in 131 bytes (1 switches on core 0) [pid: 7|app: 0|req: 980/1944] 10.0.0.32 () {32 vars in 723 bytes} [Tue Apr 28 15:06:32 2026] DELETE /v2.0/subnets/3b3b7fd3-3c30-4e03-bfdb-d6715c70dd47 => generated 0 bytes in 180 msecs (HTTP/1.1 204) 3 headers in 131 bytes (1 switches on core 0)
2026-04-28 15:06:33.133 8 INFO neutron.db.ovn_revision_numbers_db [None req-7498eda9-8611-41c3-b90a-f954515ecd07 a33b1b16379b46478664e5ccb56e4bad fe95e0bed85c41249e2245a8372d79b7 - - default default] Successfully bumped revision number for resource 25ba4257-0c44-49e0-ad60-9771873dbc0c (type: security_groups) to 1
2026-04-28 15:06:33.204 8 INFO neutron.db.ovn_revision_numbers_db [None req-7498eda9-8611-41c3-b90a-f954515ecd07 a33b1b16379b46478664e5ccb56e4bad fe95e0bed85c41249e2245a8372d79b7 - - default default] Successfully bumped revision number for resource 26ddaf4a-aa30-4937-9fbf-ab0cae188c8f (type: security_group_rules) to 0 [pid: 7|app: 0|req: 981/1945] 10.0.0.32 () {32 vars in 723 bytes} [Tue Apr 28 15:06:33 2026] DELETE /v2.0/subnets/8da7142e-73b1-4805-9b17-d22ac08577e7 => generated 0 bytes in 181 msecs (HTTP/1.1 204) 3 headers in 131 bytes (1 switches on core 0)
2026-04-28 15:06:33.264 8 INFO neutron.db.ovn_revision_numbers_db [None req-7498eda9-8611-41c3-b90a-f954515ecd07 a33b1b16379b46478664e5ccb56e4bad fe95e0bed85c41249e2245a8372d79b7 - - default default] Successfully bumped revision number for resource e26ac52a-5732-487e-aea3-aefc8e465deb (type: security_group_rules) to 0 [pid: 8|app: 0|req: 965/1946] 10.0.0.32 () {34 vars in 683 bytes} [Tue Apr 28 15:06:32 2026] POST /v2.0/security-groups => generated 1601 bytes in 914 msecs (HTTP/1.1 201) 4 headers in 163 bytes (1 switches on core 0) [pid: 7|app: 0|req: 982/1947] 10.0.0.32 () {32 vars in 723 bytes} [Tue Apr 28 15:06:33 2026] DELETE /v2.0/subnets/d203f75e-8a19-4fde-8281-4ffc865a8aa1 => generated 0 bytes in 196 msecs (HTTP/1.1 204) 3 headers in 131 bytes (1 switches on core 0)
2026-04-28 15:06:33.460 8 INFO neutron.db.ovn_revision_numbers_db [None req-fe57ea57-242b-40f2-bb1c-a527c19ab61a - - - - - -] Successfully bumped revision number for resource b9cf00a9-f28c-468b-a9ae-372ecbc8859b (type: ports) to 5 [pid: 7|app: 0|req: 983/1948] 10.0.0.32 () {32 vars in 723 bytes} [Tue Apr 28 15:06:33 2026] DELETE /v2.0/subnets/286d239e-1384-4e47-a55a-a3499e17ea6c => generated 0 bytes in 164 msecs (HTTP/1.1 204) 3 headers in 131 bytes (1 switches on core 0)
2026-04-28 15:06:33.661 8 INFO neutron.db.ovn_revision_numbers_db [None req-429ad73a-ca55-4259-8084-52ab17095de1 - - - - - -] Successfully bumped revision number for resource e7c0f5c1-0d44-44ab-9fce-4de84d5861fc (type: ports) to 2
2026-04-28 15:06:33.757 7 INFO neutron_taas.services.taas.taas_plugin [None req-63f89689-c3df-46f9-9660-539b162539f8 0d091c6e84d2472d95d2e8c6f8e7fc1e 662aa6e166ee4f2a81058af043c2bc98 - - default default] TaaS: Handle Delete Port: eab69407-a787-4469-b1e6-bf8f5c4b2ebf
2026-04-28 15:06:33.759 8 INFO neutron.db.ovn_revision_numbers_db [None req-0cd08331-d66f-4502-8d4a-1174103b9316 a33b1b16379b46478664e5ccb56e4bad fe95e0bed85c41249e2245a8372d79b7 - - default default] Successfully bumped revision number for resource a1b97d66-7822-41bc-9eb8-b25c71d1c6f3 (type: security_groups) to 1
2026-04-28 15:06:33.760 7 INFO neutron_taas.services.taas.tap_mirror_plugin [None req-63f89689-c3df-46f9-9660-539b162539f8 0d091c6e84d2472d95d2e8c6f8e7fc1e 662aa6e166ee4f2a81058af043c2bc98 - - default default] Tap Mirror: Handle Delete Port: eab69407-a787-4469-b1e6-bf8f5c4b2ebf
2026-04-28 15:06:33.792 8 INFO neutron.db.ovn_revision_numbers_db [None req-0cd08331-d66f-4502-8d4a-1174103b9316 a33b1b16379b46478664e5ccb56e4bad fe95e0bed85c41249e2245a8372d79b7 - - default default] Successfully bumped revision number for resource 1d6ba31a-45c5-4f47-bcae-93846af3a04e (type: security_group_rules) to 0
2026-04-28 15:06:33.823 8 INFO neutron.db.ovn_revision_numbers_db [None req-0cd08331-d66f-4502-8d4a-1174103b9316 a33b1b16379b46478664e5ccb56e4bad fe95e0bed85c41249e2245a8372d79b7 - - default default] Successfully bumped revision number for resource 58a3bab8-b5ce-4af9-99ad-fbb83fbbb6f3 (type: security_group_rules) to 0 [pid: 8|app: 0|req: 966/1949] 10.0.0.32 () {34 vars in 683 bytes} [Tue Apr 28 15:06:33 2026] POST /v2.0/security-groups => generated 1601 bytes in 497 msecs (HTTP/1.1 201) 4 headers in 163 bytes (1 switches on core 0)
2026-04-28 15:06:33.939 7 INFO neutron.services.segments.plugin [-] Segment 9dbb8eb3-d7cb-430b-893d-e0421d6120e3 resource provider aggregate not found
2026-04-28 15:06:33.941 7 INFO neutron.services.segments.plugin [-] Segment 9dbb8eb3-d7cb-430b-893d-e0421d6120e3 resource provider aggregate not found
2026-04-28 15:06:33.956 7 INFO neutron.services.segments.plugin [-] Segment 9dbb8eb3-d7cb-430b-893d-e0421d6120e3 resource provider not found; error: Placement Client Error (4xx): {"errors": [{"status": 404, "title": "Not Found", "detail": "The resource could not be found.\n\n No resource provider with uuid 9dbb8eb3-d7cb-430b-893d-e0421d6120e3 found for delete ", "request_id": "req-903be827-0943-4366-9216-b3b1e9d49feb"}]}
2026-04-28 15:06:33.962 7 INFO neutron.services.segments.plugin [-] Segment 9dbb8eb3-d7cb-430b-893d-e0421d6120e3 resource provider not found; error: Placement Client Error (4xx): {"errors": [{"status": 404, "title": "Not Found", "detail": "The resource could not be found.\n\n No resource provider with uuid 9dbb8eb3-d7cb-430b-893d-e0421d6120e3 found for delete ", "request_id": "req-9afaae35-91d2-438d-9427-9b76ea3e4186"}]} [pid: 7|app: 0|req: 984/1950] 10.0.0.32 () {32 vars in 725 bytes} [Tue Apr 28 15:06:33 2026] DELETE /v2.0/networks/6b364ca2-92f2-4902-8269-a3202fd36976 => generated 0 bytes in 403 msecs (HTTP/1.1 204) 3 headers in 131 bytes (1 switches on core 0)
2026-04-28 15:06:34.066 8 INFO neutron.db.ovn_revision_numbers_db [None req-95812bc5-94d3-42ed-b6cf-f66aac5cbe3f a33b1b16379b46478664e5ccb56e4bad fe95e0bed85c41249e2245a8372d79b7 - - default default] Successfully bumped revision number for resource e72db310-c3e1-4799-9c03-72353f579b83 (type: security_groups) to 1
2026-04-28 15:06:34.081 8 INFO neutron.db.ovn_revision_numbers_db [None req-95812bc5-94d3-42ed-b6cf-f66aac5cbe3f a33b1b16379b46478664e5ccb56e4bad fe95e0bed85c41249e2245a8372d79b7 - - default default] Successfully bumped revision number for resource 719cd056-da1d-40cc-8cf9-0b0e320c3916 (type: security_group_rules) to 0
2026-04-28 15:06:34.099 8 INFO neutron.db.ovn_revision_numbers_db [None req-95812bc5-94d3-42ed-b6cf-f66aac5cbe3f a33b1b16379b46478664e5ccb56e4bad fe95e0bed85c41249e2245a8372d79b7 - - default default] Successfully bumped revision number for resource cc8d6748-3d52-442a-b874-c135838a54bb (type: security_group_rules) to 0
2026-04-28 15:06:34.108 7 INFO neutron_taas.services.taas.taas_plugin [None req-1cd47598-f1fb-4b4e-a94d-e837947a91ee 0d091c6e84d2472d95d2e8c6f8e7fc1e 662aa6e166ee4f2a81058af043c2bc98 - - default default] TaaS: Handle Delete Port: 1d088384-2f15-444e-b56f-84a1d0411653
2026-04-28 15:06:34.110 7 INFO neutron_taas.services.taas.tap_mirror_plugin [None req-1cd47598-f1fb-4b4e-a94d-e837947a91ee 0d091c6e84d2472d95d2e8c6f8e7fc1e 662aa6e166ee4f2a81058af043c2bc98 - - default default] Tap Mirror: Handle Delete Port: 1d088384-2f15-444e-b56f-84a1d0411653 [pid: 8|app: 0|req: 967/1951] 10.0.0.32 () {34 vars in 683 bytes} [Tue Apr 28 15:06:33 2026] POST /v2.0/security-groups => generated 1601 bytes in 234 msecs (HTTP/1.1 201) 4 headers in 163 bytes (1 switches on core 0) [pid: 7|app: 0|req: 985/1952] 10.0.0.32 () {32 vars in 725 bytes} [Tue Apr 28 15:06:33 2026] DELETE /v2.0/networks/6f61a66e-6cf4-40e3-96c3-4c26b71febf4 => generated 0 bytes in 346 msecs (HTTP/1.1 204) 3 headers in 131 bytes (1 switches on core 0)
2026-04-28 15:06:34.353 8 INFO neutron.db.ovn_revision_numbers_db [None req-318b0fd5-d726-4990-b953-449bc450b7d5 a33b1b16379b46478664e5ccb56e4bad fe95e0bed85c41249e2245a8372d79b7 - - default default] Successfully bumped revision number for resource cec4e955-ec5d-4ade-a005-c995a933b3b5 (type: security_groups) to 1
2026-04-28 15:06:34.364 8 INFO neutron.db.ovn_revision_numbers_db [None req-318b0fd5-d726-4990-b953-449bc450b7d5 a33b1b16379b46478664e5ccb56e4bad fe95e0bed85c41249e2245a8372d79b7 - - default default] Successfully bumped revision number for resource 83f64b4f-e01d-4116-b36a-1f237c7060cf (type: security_group_rules) to 0
2026-04-28 15:06:34.407 8 INFO neutron.db.ovn_revision_numbers_db [None req-318b0fd5-d726-4990-b953-449bc450b7d5 a33b1b16379b46478664e5ccb56e4bad fe95e0bed85c41249e2245a8372d79b7 - - default default] Successfully bumped revision number for resource a5dd7d20-fe58-45a6-b28e-e1f1eaaf313c (type: security_group_rules) to 0 [pid: 8|app: 0|req: 968/1953] 10.0.0.32 () {34 vars in 683 bytes} [Tue Apr 28 15:06:34 2026] POST /v2.0/security-groups => generated 1601 bytes in 305 msecs (HTTP/1.1 201) 4 headers in 163 bytes (1 switches on core 0)
2026-04-28 15:06:34.461 7 INFO neutron_taas.services.taas.taas_plugin [None req-5d07db7f-8fc7-413f-bd1f-8c5c8324354e 0d091c6e84d2472d95d2e8c6f8e7fc1e 662aa6e166ee4f2a81058af043c2bc98 - - default default] TaaS: Handle Delete Port: 63b952de-1867-40b6-8a86-69c33e800cb4
2026-04-28 15:06:34.464 7 INFO neutron_taas.services.taas.tap_mirror_plugin [None req-5d07db7f-8fc7-413f-bd1f-8c5c8324354e 0d091c6e84d2472d95d2e8c6f8e7fc1e 662aa6e166ee4f2a81058af043c2bc98 - - default default] Tap Mirror: Handle Delete Port: 63b952de-1867-40b6-8a86-69c33e800cb4
2026-04-28 15:06:34.494 8 WARNING tagging [None req-ec4ce5c7-7baf-4ae8-8307-ac1ba8367ff7 a33b1b16379b46478664e5ccb56e4bad fe95e0bed85c41249e2245a8372d79b7 - - default default] project_id key not found in request, using tenant_id instead. This support has been deprecated and will be removed in a future release. [pid: 8|app: 0|req: 969/1954] 10.0.0.32 () {34 vars in 766 bytes} [Tue Apr 28 15:06:34 2026] PUT /v2.0/security-groups/1a337f3c-1825-4054-ac6d-2aa05c30cee4/tags => generated 17 bytes in 64 msecs (HTTP/1.1 200) 4 headers in 156 bytes (1 switches on core 0)
2026-04-28 15:06:34.588 8 WARNING tagging [None req-4a7135ed-b1ac-4fdc-9993-03229491f044 a33b1b16379b46478664e5ccb56e4bad fe95e0bed85c41249e2245a8372d79b7 - - default default] project_id key not found in request, using tenant_id instead. This support has been deprecated and will be removed in a future release. [pid: 8|app: 0|req: 970/1955] 10.0.0.32 () {34 vars in 766 bytes} [Tue Apr 28 15:06:34 2026] PUT /v2.0/security-groups/25ba4257-0c44-49e0-ad60-9771873dbc0c/tags => generated 25 bytes in 76 msecs (HTTP/1.1 200) 4 headers in 156 bytes (1 switches on core 0) [pid: 7|app: 0|req: 986/1956] 10.0.0.32 () {32 vars in 725 bytes} [Tue Apr 28 15:06:34 2026] DELETE /v2.0/networks/5a9e2b3a-71c6-4aec-80c2-57d44371323f => generated 0 bytes in 299 msecs (HTTP/1.1 204) 3 headers in 131 bytes (1 switches on core 0)
2026-04-28 15:06:34.658 8 WARNING tagging [None req-57c55d38-ee93-4336-9e86-958e879c8416 a33b1b16379b46478664e5ccb56e4bad fe95e0bed85c41249e2245a8372d79b7 - - default default] project_id key not found in request, using tenant_id instead. This support has been deprecated and will be removed in a future release. [pid: 8|app: 0|req: 971/1957] 10.0.0.32 () {34 vars in 766 bytes} [Tue Apr 28 15:06:34 2026] PUT /v2.0/security-groups/a1b97d66-7822-41bc-9eb8-b25c71d1c6f3/tags => generated 34 bytes in 67 msecs (HTTP/1.1 200) 4 headers in 156 bytes (1 switches on core 0) [pid: 8|app: 0|req: 972/1958] 10.0.0.38 () {34 vars in 981 bytes} [Tue Apr 28 15:06:34 2026] GET /v2.0/networks?id=5561ad0f-64a4-4897-bbb3-bf5a8d6c17ba => generated 711 bytes in 59 msecs (HTTP/1.1 200) 4 headers in 157 bytes (1 switches on core 0)
2026-04-28 15:06:34.768 8 WARNING tagging [None req-79431697-00fd-4452-9a5c-d360e19ae978 a33b1b16379b46478664e5ccb56e4bad fe95e0bed85c41249e2245a8372d79b7 - - default default] project_id key not found in request, using tenant_id instead. This support has been deprecated and will be removed in a future release.
2026-04-28 15:06:34.784 7 INFO neutron_taas.services.taas.taas_plugin [None req-9f31241d-66d4-476e-85b0-1600931f6397 0d091c6e84d2472d95d2e8c6f8e7fc1e 662aa6e166ee4f2a81058af043c2bc98 - - default default] TaaS: Handle Delete Port: 94fce658-4839-4a6d-840b-7af4d853163a
2026-04-28 15:06:34.787 7 INFO neutron_taas.services.taas.tap_mirror_plugin [None req-9f31241d-66d4-476e-85b0-1600931f6397 0d091c6e84d2472d95d2e8c6f8e7fc1e 662aa6e166ee4f2a81058af043c2bc98 - - default default] Tap Mirror: Handle Delete Port: 94fce658-4839-4a6d-840b-7af4d853163a [pid: 8|app: 0|req: 973/1959] 10.0.0.32 () {34 vars in 766 bytes} [Tue Apr 28 15:06:34 2026] PUT /v2.0/security-groups/e72db310-c3e1-4799-9c03-72353f579b83/tags => generated 19 bytes in 52 msecs (HTTP/1.1 200) 4 headers in 156 bytes (1 switches on core 0) [pid: 8|app: 0|req: 974/1960] 10.0.0.38 () {34 vars in 964 bytes} [Tue Apr 28 15:06:34 2026] GET /v2.0/quotas/133879d685d84fb2b243daaa5e8dcac9 => generated 292 bytes in 11 msecs (HTTP/1.1 200) 4 headers in 157 bytes (1 switches on core 0) [pid: 8|app: 0|req: 975/1961] 10.0.0.32 () {32 vars in 679 bytes} [Tue Apr 28 15:06:34 2026] GET /v2.0/security-groups?tags=red => generated 4804 bytes in 59 msecs (HTTP/1.1 200) 4 headers in 158 bytes (1 switches on core 0) [pid: 8|app: 0|req: 976/1962] 10.0.0.38 () {34 vars in 1001 bytes} [Tue Apr 28 15:06:34 2026] GET /v2.0/ports?tenant_id=133879d685d84fb2b243daaa5e8dcac9&fields=id => generated 103 bytes in 122 msecs (HTTP/1.1 200) 4 headers in 157 bytes (1 switches on core 0) [pid: 8|app: 0|req: 977/1963] 10.0.0.32 () {32 vars in 693 bytes} [Tue Apr 28 15:06:34 2026] GET /v2.0/security-groups?tags=red%2Cblue => generated 3218 bytes in 40 msecs (HTTP/1.1 200) 4 headers in 158 bytes (1 switches on core 0) [pid: 8|app: 0|req: 978/1964] 10.0.0.38 () {34 vars in 1007 bytes} [Tue Apr 28 15:06:35 2026] GET /v2.0/networks/5561ad0f-64a4-4897-bbb3-bf5a8d6c17ba?fields=segments => generated 14 bytes in 44 msecs (HTTP/1.1 200) 4 headers in 156 bytes (1 switches on core 0) [pid: 7|app: 0|req: 987/1965] 10.0.0.32 () {32 vars in 725 bytes} [Tue Apr 28 15:06:34 2026] DELETE /v2.0/networks/113bdbd3-c3a7-4a02-8d0a-f6c6720859ed => generated 0 bytes in 422 msecs (HTTP/1.1 204) 3 headers in 131 bytes (1 switches on core 0) [pid: 8|app: 0|req: 979/1966] 10.0.0.32 () {32 vars in 689 bytes} [Tue Apr 28 15:06:35 2026] GET /v2.0/security-groups?tags-any=blue => generated 3218 bytes in 44 msecs (HTTP/1.1 200) 4 headers in 158 bytes (1 switches on core 0) [pid: 7|app: 0|req: 988/1967] 10.0.0.38 () {34 vars in 1107 bytes} [Tue Apr 28 15:06:35 2026] GET /v2.0/networks/5561ad0f-64a4-4897-bbb3-bf5a8d6c17ba?fields=provider%3Aphysical_network&fields=provider%3Anetwork_type => generated 79 bytes in 40 msecs (HTTP/1.1 200) 4 headers in 156 bytes (1 switches on core 0) [pid: 7|app: 0|req: 989/1968] 10.0.0.32 () {32 vars in 701 bytes} [Tue Apr 28 15:06:35 2026] GET /v2.0/security-groups?tags-any=red%2Cblue => generated 4804 bytes in 44 msecs (HTTP/1.1 200) 4 headers in 158 bytes (1 switches on core 0) [pid: 7|app: 0|req: 990/1969] 10.0.0.32 () {32 vars in 687 bytes} [Tue Apr 28 15:06:35 2026] GET /v2.0/security-groups?not-tags=red => generated 6094 bytes in 36 msecs (HTTP/1.1 200) 4 headers in 158 bytes (1 switches on core 0)
2026-04-28 15:06:35.244 8 INFO neutron_taas.services.taas.taas_plugin [None req-3f9db1fb-6a95-4f4c-a977-a48a1f0a3b54 0d091c6e84d2472d95d2e8c6f8e7fc1e 662aa6e166ee4f2a81058af043c2bc98 - - default default] TaaS: Handle Delete Port: d644f42f-406f-451b-b797-ed3d376f00d0
2026-04-28 15:06:35.249 8 INFO neutron_taas.services.taas.tap_mirror_plugin [None req-3f9db1fb-6a95-4f4c-a977-a48a1f0a3b54 0d091c6e84d2472d95d2e8c6f8e7fc1e 662aa6e166ee4f2a81058af043c2bc98 - - default default] Tap Mirror: Handle Delete Port: d644f42f-406f-451b-b797-ed3d376f00d0 [pid: 7|app: 0|req: 991/1970] 10.0.0.32 () {32 vars in 701 bytes} [Tue Apr 28 15:06:35 2026] GET /v2.0/security-groups?not-tags=red%2Cblue => generated 7680 bytes in 47 msecs (HTTP/1.1 200) 4 headers in 158 bytes (1 switches on core 0) [pid: 7|app: 0|req: 992/1971] 10.0.0.32 () {32 vars in 697 bytes} [Tue Apr 28 15:06:35 2026] GET /v2.0/security-groups?not-tags-any=blue => generated 7680 bytes in 38 msecs (HTTP/1.1 200) 4 headers in 158 bytes (1 switches on core 0) [pid: 7|app: 0|req: 993/1972] 10.0.0.38 () {34 vars in 989 bytes} [Tue Apr 28 15:06:35 2026] GET /v2.0/ports?device_id=ec9f4fa6-139d-4f46-b687-5dd61ea05146 => generated 12 bytes in 22 msecs (HTTP/1.1 200) 4 headers in 156 bytes (1 switches on core 0) [pid: 7|app: 0|req: 994/1973] 10.0.0.32 () {32 vars in 709 bytes} [Tue Apr 28 15:06:35 2026] GET /v2.0/security-groups?not-tags-any=red%2Cblue => generated 6094 bytes in 56 msecs (HTTP/1.1 200) 4 headers in 158 bytes (1 switches on core 0)
2026-04-28 15:06:35.455 8 INFO neutron.services.segments.plugin [-] Segment 52eb820b-7044-4d24-ae8c-721f7160e72f resource provider aggregate not found
2026-04-28 15:06:35.467 8 INFO neutron.services.segments.plugin [-] Segment 52eb820b-7044-4d24-ae8c-721f7160e72f resource provider aggregate not found
2026-04-28 15:06:35.483 8 INFO neutron.services.segments.plugin [-] Segment 52eb820b-7044-4d24-ae8c-721f7160e72f resource provider not found; error: Placement Client Error (4xx): {"errors": [{"status": 404, "title": "Not Found", "detail": "The resource could not be found.\n\n No resource provider with uuid 52eb820b-7044-4d24-ae8c-721f7160e72f found for delete ", "request_id": "req-93abdee7-a1b4-4428-825a-735b74110fe2"}]}
