2026-04-28 15:06:10.089 7 WARNING neutron.api.rpc.agentnotifiers.dhcp_rpc_agent_api [None req-5786157b-064f-4249-b42c-bf12450eb2ce 19985d078dd9478996e54559d5f6518a b58259d9d8db4bd1833185a533d14155 - - default default] Unable to schedule network 5e1fe4fe-7532-44dd-85c4-0619df3e8723: no agents available; will retry on subsequent port and subnet creation events.
2026-04-28 15:06:10.092 8 INFO neutron.db.ovn_revision_numbers_db [None req-c932ba4f-3e16-4790-ae4a-aa70ae0a58b3 e7217aa5931948798cfe55ab9ca67c95 58a939b5f06c4b419f038e1f6349d855 - - default default] Successfully bumped revision number for resource 047c4c9a-399f-4a58-ad5a-65a1857abf59 (type: routers) to 2 [pid: 8|app: 0|req: 862/1776] 10.0.0.32 () {34 vars in 741 bytes} [Tue Apr 28 15:06:09 2026] PUT /v2.0/routers/047c4c9a-399f-4a58-ad5a-65a1857abf59 => generated 602 bytes in 761 msecs (HTTP/1.1 200) 4 headers in 157 bytes (1 switches on core 0)
2026-04-28 15:06:10.356 7 INFO neutron.db.ovn_revision_numbers_db [None req-5786157b-064f-4249-b42c-bf12450eb2ce 19985d078dd9478996e54559d5f6518a b58259d9d8db4bd1833185a533d14155 - - default default] Successfully bumped revision number for resource 77c91db0-41c9-4045-b3ed-9e6254e2561e (type: ports) to 1
2026-04-28 15:06:10.361 8 INFO neutron.plugins.ml2.drivers.ovn.mech_driver.mech_driver [None req-429ad73a-ca55-4259-8084-52ab17095de1 - - - - - -] OVN reports status down for port: 77c91db0-41c9-4045-b3ed-9e6254e2561e
2026-04-28 15:06:10.512 8 WARNING neutron.scheduler.dhcp_agent_scheduler [None req-c149a810-195f-4ca0-b832-51b4ead4bab4 173a025d26254f15a98b5e15c23727a0 455bfdaf3a054e72aebf58b03125a866 - - default default] No more DHCP agents
2026-04-28 15:06:10.513 8 WARNING neutron.api.rpc.agentnotifiers.dhcp_rpc_agent_api [None req-c149a810-195f-4ca0-b832-51b4ead4bab4 173a025d26254f15a98b5e15c23727a0 455bfdaf3a054e72aebf58b03125a866 - - default default] Unable to schedule network e78694de-7091-49f9-b109-4f451ffacc4b: no agents available; will retry on subsequent port and subnet creation events.
2026-04-28 15:06:10.682 8 INFO neutron.db.ovn_revision_numbers_db [None req-c149a810-195f-4ca0-b832-51b4ead4bab4 173a025d26254f15a98b5e15c23727a0 455bfdaf3a054e72aebf58b03125a866 - - default default] Successfully bumped revision number for resource 51fbfd98-865e-46ee-9014-31a92132b6b7 (type: ports) to 1 [pid: 8|app: 0|req: 863/1777] 10.0.0.32 () {34 vars in 664 bytes} [Tue Apr 28 15:06:10 2026] POST /v2.0/ports => generated 915 bytes in 641 msecs (HTTP/1.1 201) 4 headers in 162 bytes (1 switches on core 0) [pid: 8|app: 0|req: 864/1778] 10.0.0.32 () {32 vars in 735 bytes} [Tue Apr 28 15:06:10 2026] GET /v2.0/ports?device_id=047c4c9a-399f-4a58-ad5a-65a1857abf59 => generated 12 bytes in 24 msecs (HTTP/1.1 200) 4 headers in 156 bytes (1 switches on core 0)
2026-04-28 15:06:10.877 8 INFO neutron_taas.services.taas.taas_plugin [None req-6f21e78d-d7e9-4a52-a847-f773089a72a2 173a025d26254f15a98b5e15c23727a0 455bfdaf3a054e72aebf58b03125a866 - - default default] TaaS: Handle Delete Port: 51fbfd98-865e-46ee-9014-31a92132b6b7
2026-04-28 15:06:10.880 8 INFO neutron_taas.services.taas.tap_mirror_plugin [None req-6f21e78d-d7e9-4a52-a847-f773089a72a2 173a025d26254f15a98b5e15c23727a0 455bfdaf3a054e72aebf58b03125a866 - - default default] Tap Mirror: Handle Delete Port: 51fbfd98-865e-46ee-9014-31a92132b6b7
2026-04-28 15:06:11.008 7 INFO neutron.db.ovn_revision_numbers_db [None req-5786157b-064f-4249-b42c-bf12450eb2ce 19985d078dd9478996e54559d5f6518a b58259d9d8db4bd1833185a533d14155 - - default default] Successfully bumped revision number for resource 77c91db0-41c9-4045-b3ed-9e6254e2561e (type: router_ports) to 1
2026-04-28 15:06:11.022 8 INFO neutron.plugins.ml2.drivers.ovn.mech_driver.mech_driver [None req-429ad73a-ca55-4259-8084-52ab17095de1 - - - - - -] OVN reports status up for port: 77c91db0-41c9-4045-b3ed-9e6254e2561e
2026-04-28 15:06:11.043 8 INFO neutron.plugins.ml2.plugin [None req-429ad73a-ca55-4259-8084-52ab17095de1 - - - - - -] Attempt 1 to provision port 77c91db0-41c9-4045-b3ed-9e6254e2561e
2026-04-28 15:06:11.074 7 INFO neutron.db.ovn_revision_numbers_db [None req-5786157b-064f-4249-b42c-bf12450eb2ce 19985d078dd9478996e54559d5f6518a b58259d9d8db4bd1833185a533d14155 - - default default] Successfully bumped revision number for resource bdcde3c5-000e-4c9a-86c2-9313eb93e385 (type: routers) to 2 [pid: 7|app: 0|req: 915/1779] 10.0.0.32 () {34 vars in 668 bytes} [Tue Apr 28 15:06:09 2026] POST /v2.0/routers => generated 973 bytes in 1438 msecs (HTTP/1.1 201) 4 headers in 162 bytes (1 switches on core 0) [pid: 8|app: 0|req: 865/1780] 10.0.0.32 () {32 vars in 719 bytes} [Tue Apr 28 15:06:10 2026] DELETE /v2.0/ports/51fbfd98-865e-46ee-9014-31a92132b6b7 => generated 0 bytes in 375 msecs (HTTP/1.1 204) 3 headers in 131 bytes (1 switches on core 0) [pid: 8|app: 0|req: 866/1781] 10.0.0.32 () {32 vars in 720 bytes} [Tue Apr 28 15:06:11 2026] GET /v2.0/routers/bdcde3c5-000e-4c9a-86c2-9313eb93e385 => generated 979 bytes in 76 msecs (HTTP/1.1 200) 4 headers in 157 bytes (1 switches on core 0)
2026-04-28 15:06:11.233 8 INFO neutron.pecan_wsgi.hooks.translation [None req-84abb111-00a3-4b86-9161-f01c5a978d76 173a025d26254f15a98b5e15c23727a0 455bfdaf3a054e72aebf58b03125a866 - - default default] GET failed (client error): The resource could not be found. [pid: 8|app: 0|req: 867/1782] 10.0.0.32 () {32 vars in 716 bytes} [Tue Apr 28 15:06:11 2026] GET /v2.0/ports/51fbfd98-865e-46ee-9014-31a92132b6b7 => generated 132 bytes in 16 msecs (HTTP/1.1 404) 4 headers in 164 bytes (1 switches on core 0) [pid: 7|app: 0|req: 916/1783] 10.0.0.32 () {32 vars in 723 bytes} [Tue Apr 28 15:06:11 2026] DELETE /v2.0/routers/047c4c9a-399f-4a58-ad5a-65a1857abf59 => generated 0 bytes in 208 msecs (HTTP/1.1 204) 2 headers in 112 bytes (1 switches on core 0) [pid: 8|app: 0|req: 868/1784] 10.0.0.32 () {32 vars in 646 bytes} [Tue Apr 28 15:06:11 2026] GET /v2.0/routers => generated 982 bytes in 101 msecs (HTTP/1.1 200) 4 headers in 157 bytes (1 switches on core 0)
2026-04-28 15:06:11.440 8 WARNING neutron.db.securitygroups_db [None req-8b5d81e5-9655-410d-be8f-b84daa086c0a 57ba5fce9e454dbb98803391a41cc754 25d1aff6cdd24cc7adf7ee12ed99bc12 - - default default] project_id key not found in filters, using tenant_id instead. This support has been deprecated and will be removed in a future release. [pid: 7|app: 0|req: 917/1785] 10.0.0.32 () {32 vars in 723 bytes} [Tue Apr 28 15:06:11 2026] DELETE /v2.0/subnets/4133dd2d-d0e2-4b6e-9d09-baf03e3468e2 => generated 0 bytes in 155 msecs (HTTP/1.1 204) 3 headers in 131 bytes (1 switches on core 0) [pid: 7|app: 0|req: 918/1786] 10.0.0.32 () {32 vars in 720 bytes} [Tue Apr 28 15:06:11 2026] GET /v2.0/routers/e1c2fdf7-874b-4a8e-9868-400fe5e90276 => generated 610 bytes in 34 msecs (HTTP/1.1 200) 4 headers in 157 bytes (1 switches on core 0)
2026-04-28 15:06:11.572 8 INFO neutron.db.ovn_revision_numbers_db [None req-8b5d81e5-9655-410d-be8f-b84daa086c0a 57ba5fce9e454dbb98803391a41cc754 25d1aff6cdd24cc7adf7ee12ed99bc12 - - default default] Successfully bumped revision number for resource 96dcf921-b71c-432b-8b93-8a2f05ef8cc7 (type: security_groups) to 1
2026-04-28 15:06:11.582 8 INFO neutron.db.ovn_revision_numbers_db [None req-8b5d81e5-9655-410d-be8f-b84daa086c0a 57ba5fce9e454dbb98803391a41cc754 25d1aff6cdd24cc7adf7ee12ed99bc12 - - default default] Successfully bumped revision number for resource 02fa5a9b-e308-4f55-b913-e70e8ed22d4f (type: security_group_rules) to 0
2026-04-28 15:06:11.593 8 INFO neutron.db.ovn_revision_numbers_db [None req-8b5d81e5-9655-410d-be8f-b84daa086c0a 57ba5fce9e454dbb98803391a41cc754 25d1aff6cdd24cc7adf7ee12ed99bc12 - - default default] Successfully bumped revision number for resource 4176fe8e-a0d7-42ec-97ae-7f2b3ab07faf (type: security_group_rules) to 0
2026-04-28 15:06:11.604 8 INFO neutron.db.ovn_revision_numbers_db [None req-8b5d81e5-9655-410d-be8f-b84daa086c0a 57ba5fce9e454dbb98803391a41cc754 25d1aff6cdd24cc7adf7ee12ed99bc12 - - default default] Successfully bumped revision number for resource 998bb502-9b7c-4f68-a62d-6bae34a02f0b (type: security_group_rules) to 0
2026-04-28 15:06:11.615 8 INFO neutron.db.ovn_revision_numbers_db [None req-8b5d81e5-9655-410d-be8f-b84daa086c0a 57ba5fce9e454dbb98803391a41cc754 25d1aff6cdd24cc7adf7ee12ed99bc12 - - default default] Successfully bumped revision number for resource c1d29f37-36d9-463f-9ad4-1b64802bfc7a (type: security_group_rules) to 0 [pid: 8|app: 0|req: 869/1787] 10.0.0.32 () {32 vars in 773 bytes} [Tue Apr 28 15:06:11 2026] GET /v2.0/security-groups?tenant_id=6d8ef7730d024319afa734c85cbbe54d&name=default => generated 2925 bytes in 312 msecs (HTTP/1.1 200) 4 headers in 158 bytes (1 switches on core 0)
2026-04-28 15:06:11.750 8 INFO neutron_taas.services.taas.taas_plugin [None req-238e1afa-39c5-43cb-ba7f-033034c4afe9 173a025d26254f15a98b5e15c23727a0 455bfdaf3a054e72aebf58b03125a866 - - default default] TaaS: Handle Delete Port: 3e9496e4-cda4-478f-ad2a-c975ab42af34
2026-04-28 15:06:11.753 8 INFO neutron_taas.services.taas.tap_mirror_plugin [None req-238e1afa-39c5-43cb-ba7f-033034c4afe9 173a025d26254f15a98b5e15c23727a0 455bfdaf3a054e72aebf58b03125a866 - - default default] Tap Mirror: Handle Delete Port: 3e9496e4-cda4-478f-ad2a-c975ab42af34
2026-04-28 15:06:11.902 7 INFO neutron.db.ovn_revision_numbers_db [None req-01972ecb-bc77-43c8-8da0-93cd11bc7464 19985d078dd9478996e54559d5f6518a b58259d9d8db4bd1833185a533d14155 - - default default] Successfully bumped revision number for resource bdcde3c5-000e-4c9a-86c2-9313eb93e385 (type: routers) to 3 [pid: 7|app: 0|req: 919/1788] 10.0.0.32 () {34 vars in 740 bytes} [Tue Apr 28 15:06:11 2026] PUT /v2.0/routers/bdcde3c5-000e-4c9a-86c2-9313eb93e385 => generated 986 bytes in 409 msecs (HTTP/1.1 200) 4 headers in 157 bytes (1 switches on core 0)
2026-04-28 15:06:11.916 8 INFO neutron.services.segments.plugin [-] Segment d71b4d2d-3875-4af2-ba35-5fa0e8371d22 resource provider aggregate not found
2026-04-28 15:06:11.921 8 INFO neutron.services.segments.plugin [-] Segment d71b4d2d-3875-4af2-ba35-5fa0e8371d22 resource provider aggregate not found
2026-04-28 15:06:11.939 8 INFO neutron.services.segments.plugin [-] Segment d71b4d2d-3875-4af2-ba35-5fa0e8371d22 resource provider not found; error: Placement Client Error (4xx): {"errors": [{"status": 404, "title": "Not Found", "detail": "The resource could not be found.\n\n No resource provider with uuid d71b4d2d-3875-4af2-ba35-5fa0e8371d22 found for delete ", "request_id": "req-fa265a5a-903c-4cc1-8514-5b9b61b1e63c"}]}
2026-04-28 15:06:11.943 8 INFO neutron.services.segments.plugin [-] Segment d71b4d2d-3875-4af2-ba35-5fa0e8371d22 resource provider not found; error: Placement Client Error (4xx): {"errors": [{"status": 404, "title": "Not Found", "detail": "The resource could not be found.\n\n No resource provider with uuid d71b4d2d-3875-4af2-ba35-5fa0e8371d22 found for delete ", "request_id": "req-f52bf208-0e6d-486f-b838-a5fd0a1f88dd"}]} [pid: 8|app: 0|req: 870/1789] 10.0.0.32 () {32 vars in 725 bytes} [Tue Apr 28 15:06:11 2026] DELETE /v2.0/networks/e78694de-7091-49f9-b109-4f451ffacc4b => generated 0 bytes in 319 msecs (HTTP/1.1 204) 3 headers in 131 bytes (1 switches on core 0) [pid: 8|app: 0|req: 871/1790] 10.0.0.32 () {32 vars in 739 bytes} [Tue Apr 28 15:06:11 2026] DELETE /v2.0/security-groups/96dcf921-b71c-432b-8b93-8a2f05ef8cc7 => generated 0 bytes in 165 msecs (HTTP/1.1 204) 2 headers in 112 bytes (1 switches on core 0) [pid: 8|app: 0|req: 872/1791] 10.0.0.32 () {32 vars in 720 bytes} [Tue Apr 28 15:06:12 2026] GET /v2.0/routers/bdcde3c5-000e-4c9a-86c2-9313eb93e385 => generated 986 bytes in 48 msecs (HTTP/1.1 200) 4 headers in 157 bytes (1 switches on core 0)
2026-04-28 15:06:12.234 7 INFO neutron.db.ovn_revision_numbers_db [None req-cc77bcbe-ab67-45fb-814d-e8732f604187 e7217aa5931948798cfe55ab9ca67c95 58a939b5f06c4b419f038e1f6349d855 - - default default] Successfully bumped revision number for resource e1c2fdf7-874b-4a8e-9868-400fe5e90276 (type: routers) to 2 [pid: 7|app: 0|req: 920/1792] 10.0.0.32 () {34 vars in 741 bytes} [Tue Apr 28 15:06:11 2026] PUT /v2.0/routers/e1c2fdf7-874b-4a8e-9868-400fe5e90276 => generated 610 bytes in 331 msecs (HTTP/1.1 200) 4 headers in 157 bytes (1 switches on core 0) [pid: 7|app: 0|req: 921/1793] 10.0.0.32 () {32 vars in 735 bytes} [Tue Apr 28 15:06:12 2026] GET /v2.0/ports?device_id=bdcde3c5-000e-4c9a-86c2-9313eb93e385 => generated 12 bytes in 20 msecs (HTTP/1.1 200) 4 headers in 156 bytes (1 switches on core 0) [pid: 7|app: 0|req: 922/1794] 10.0.0.32 () {32 vars in 735 bytes} [Tue Apr 28 15:06:12 2026] GET /v2.0/ports?device_id=e1c2fdf7-874b-4a8e-9868-400fe5e90276 => generated 12 bytes in 25 msecs (HTTP/1.1 200) 4 headers in 156 bytes (1 switches on core 0)
2026-04-28 15:06:12.387 8 WARNING neutron.scheduler.dhcp_agent_scheduler [None req-3f1f22c0-e94c-4879-b872-60a6f2ac1ae0 173a025d26254f15a98b5e15c23727a0 455bfdaf3a054e72aebf58b03125a866 - - default default] No more DHCP agents
2026-04-28 15:06:12.389 8 WARNING neutron.api.rpc.agentnotifiers.dhcp_rpc_agent_api [None req-3f1f22c0-e94c-4879-b872-60a6f2ac1ae0 173a025d26254f15a98b5e15c23727a0 455bfdaf3a054e72aebf58b03125a866 - - default default] Unable to schedule network a0b5d7cf-0f3f-4bdf-a66d-eb121c097d0e: no agents available; will retry on subsequent port and subnet creation events.
2026-04-28 15:06:12.485 8 INFO neutron.db.ovn_revision_numbers_db [None req-3f1f22c0-e94c-4879-b872-60a6f2ac1ae0 173a025d26254f15a98b5e15c23727a0 455bfdaf3a054e72aebf58b03125a866 - - default default] Successfully bumped revision number for resource 15c4a12a-5fab-4790-9ad6-999290be3ca4 (type: ports) to 1 [pid: 8|app: 0|req: 873/1795] 10.0.0.32 () {34 vars in 664 bytes} [Tue Apr 28 15:06:12 2026] POST /v2.0/ports => generated 775 bytes in 343 msecs (HTTP/1.1 201) 4 headers in 162 bytes (1 switches on core 0) /var/lib/openstack/lib/python3.12/site-packages/pycadf/identifier.py:70: UserWarning: Invalid uuid: neutron. To ensure interoperability, identifiers should be a valid uuid. warnings.warn(('Invalid uuid: %s. To ensure interoperability, ' [pid: 8|app: 0|req: 874/1796] 10.0.0.32 () {32 vars in 723 bytes} [Tue Apr 28 15:06:12 2026] DELETE /v2.0/routers/e1c2fdf7-874b-4a8e-9868-400fe5e90276 => generated 0 bytes in 184 msecs (HTTP/1.1 204) 2 headers in 112 bytes (1 switches on core 0)
2026-04-28 15:06:12.968 8 INFO neutron.db.ovn_revision_numbers_db [None req-93b8a72d-6506-48d7-bd20-01169da5960a 173a025d26254f15a98b5e15c23727a0 455bfdaf3a054e72aebf58b03125a866 - - default default] Successfully bumped revision number for resource 15c4a12a-5fab-4790-9ad6-999290be3ca4 (type: ports) to 2 [pid: 8|app: 0|req: 875/1797] 10.0.0.32 () {34 vars in 736 bytes} [Tue Apr 28 15:06:12 2026] PUT /v2.0/ports/15c4a12a-5fab-4790-9ad6-999290be3ca4 => generated 752 bytes in 270 msecs (HTTP/1.1 200) 4 headers in 157 bytes (1 switches on core 0) /var/lib/openstack/lib/python3.12/site-packages/pycadf/identifier.py:70: UserWarning: Invalid uuid: neutron. To ensure interoperability, identifiers should be a valid uuid. warnings.warn(('Invalid uuid: %s. To ensure interoperability, ' [pid: 8|app: 0|req: 876/1798] 10.0.0.32 () {32 vars in 720 bytes} [Tue Apr 28 15:06:12 2026] GET /v2.0/routers/e95423a6-bfdf-4b7e-bc77-a2686957f423 => generated 619 bytes in 33 msecs (HTTP/1.1 200) 4 headers in 157 bytes (1 switches on core 0)
2026-04-28 15:06:13.140 8 INFO neutron_taas.services.taas.taas_plugin [None req-2a75a187-074b-4b18-bfd7-174859ce5944 173a025d26254f15a98b5e15c23727a0 455bfdaf3a054e72aebf58b03125a866 - - default default] TaaS: Handle Delete Port: 15c4a12a-5fab-4790-9ad6-999290be3ca4
2026-04-28 15:06:13.143 8 INFO neutron_taas.services.taas.tap_mirror_plugin [None req-2a75a187-074b-4b18-bfd7-174859ce5944 173a025d26254f15a98b5e15c23727a0 455bfdaf3a054e72aebf58b03125a866 - - default default] Tap Mirror: Handle Delete Port: 15c4a12a-5fab-4790-9ad6-999290be3ca4 [pid: 8|app: 0|req: 877/1799] 10.0.0.32 () {32 vars in 719 bytes} [Tue Apr 28 15:06:13 2026] DELETE /v2.0/ports/15c4a12a-5fab-4790-9ad6-999290be3ca4 => generated 0 bytes in 247 msecs (HTTP/1.1 204) 3 headers in 131 bytes (1 switches on core 0)
2026-04-28 15:06:13.444 7 WARNING neutron.plugins.ml2.drivers.ovn.mech_driver.ovsdb.ovn_client [None req-5f2e5be4-28f5-4ed7-b65b-4162d53225ea - - - - - -] No port found with ID 97aee559-acb2-46d8-a6a8-ad4e17fbf7c8: RuntimeError: No port found with ID 97aee559-acb2-46d8-a6a8-ad4e17fbf7c8
2026-04-28 15:06:13.533 8 INFO neutron.db.ovn_revision_numbers_db [None req-6704a6c6-fdd5-4af5-a036-f3f9d9a65933 e7217aa5931948798cfe55ab9ca67c95 58a939b5f06c4b419f038e1f6349d855 - - default default] Successfully bumped revision number for resource e95423a6-bfdf-4b7e-bc77-a2686957f423 (type: routers) to 2 [pid: 8|app: 0|req: 878/1800] 10.0.0.32 () {34 vars in 741 bytes} [Tue Apr 28 15:06:13 2026] PUT /v2.0/routers/e95423a6-bfdf-4b7e-bc77-a2686957f423 => generated 619 bytes in 277 msecs (HTTP/1.1 200) 4 headers in 157 bytes (1 switches on core 0)
2026-04-28 15:06:13.553 7 INFO neutron.plugins.ml2.drivers.ovn.mech_driver.mech_driver [None req-5f2e5be4-28f5-4ed7-b65b-4162d53225ea - - - - - -] OVN reports status down for port: 3e9496e4-cda4-478f-ad2a-c975ab42af34
2026-04-28 15:06:13.565 7 INFO neutron.plugins.ml2.drivers.ovn.mech_driver.mech_driver [None req-5f2e5be4-28f5-4ed7-b65b-4162d53225ea - - - - - -] OVN reports status down for port: 51fbfd98-865e-46ee-9014-31a92132b6b7 [pid: 8|app: 0|req: 879/1801] 10.0.0.32 () {32 vars in 642 bytes} [Tue Apr 28 15:06:13 2026] GET /v2.0/ports => generated 1533 bytes in 38 msecs (HTTP/1.1 200) 4 headers in 158 bytes (1 switches on core 0)
2026-04-28 15:06:13.589 7 INFO neutron.plugins.ml2.drivers.ovn.mech_driver.mech_driver [None req-5f2e5be4-28f5-4ed7-b65b-4162d53225ea - - - - - -] OVN reports status down for port: 15c4a12a-5fab-4790-9ad6-999290be3ca4 [pid: 8|app: 0|req: 880/1802] 10.0.0.32 () {32 vars in 735 bytes} [Tue Apr 28 15:06:13 2026] GET /v2.0/ports?device_id=e95423a6-bfdf-4b7e-bc77-a2686957f423 => generated 12 bytes in 14 msecs (HTTP/1.1 200) 4 headers in 156 bytes (1 switches on core 0)
2026-04-28 15:06:13.605 8 INFO neutron.pecan_wsgi.hooks.translation [None req-d1cdaaf3-9977-4571-afc3-2d4166ed06c2 173a025d26254f15a98b5e15c23727a0 455bfdaf3a054e72aebf58b03125a866 - - default default] GET failed (client error): The resource could not be found. [pid: 8|app: 0|req: 881/1803] 10.0.0.32 () {32 vars in 716 bytes} [Tue Apr 28 15:06:13 2026] GET /v2.0/ports/15c4a12a-5fab-4790-9ad6-999290be3ca4 => generated 132 bytes in 13 msecs (HTTP/1.1 404) 4 headers in 164 bytes (1 switches on core 0)
2026-04-28 15:06:13.606 7 INFO neutron.plugins.ml2.drivers.ovn.mech_driver.mech_driver [None req-5f2e5be4-28f5-4ed7-b65b-4162d53225ea - - - - - -] OVN reports status down for port: 15c4a12a-5fab-4790-9ad6-999290be3ca4
2026-04-28 15:06:13.679 7 INFO neutron_taas.services.taas.taas_plugin [None req-62e1e009-034b-4bec-b791-db2529ce268d 19985d078dd9478996e54559d5f6518a b58259d9d8db4bd1833185a533d14155 - - default default] TaaS: Handle Delete Port: 77c91db0-41c9-4045-b3ed-9e6254e2561e
2026-04-28 15:06:13.682 7 INFO neutron_taas.services.taas.tap_mirror_plugin [None req-62e1e009-034b-4bec-b791-db2529ce268d 19985d078dd9478996e54559d5f6518a b58259d9d8db4bd1833185a533d14155 - - default default] Tap Mirror: Handle Delete Port: 77c91db0-41c9-4045-b3ed-9e6254e2561e [pid: 8|app: 0|req: 882/1804] 10.0.0.32 () {32 vars in 723 bytes} [Tue Apr 28 15:06:13 2026] DELETE /v2.0/routers/e95423a6-bfdf-4b7e-bc77-a2686957f423 => generated 0 bytes in 167 msecs (HTTP/1.1 204) 2 headers in 112 bytes (1 switches on core 0) [pid: 8|app: 0|req: 883/1805] 10.0.0.32 () {32 vars in 642 bytes} [Tue Apr 28 15:06:13 2026] GET /v2.0/ports => generated 1533 bytes in 37 msecs (HTTP/1.1 200) 4 headers in 158 bytes (1 switches on core 0) [pid: 8|app: 0|req: 884/1806] 10.0.0.32 () {32 vars in 720 bytes} [Tue Apr 28 15:06:13 2026] GET /v2.0/routers/81665690-e56b-485d-bad4-299b5ddf235b => generated 604 bytes in 29 msecs (HTTP/1.1 200) 4 headers in 157 bytes (1 switches on core 0) [pid: 8|app: 0|req: 885/1807] 10.0.0.32 () {32 vars in 716 bytes} [Tue Apr 28 15:06:13 2026] GET /v2.0/ports/37bfdec7-fe41-43d9-bb9e-971f3057768d => generated 774 bytes in 60 msecs (HTTP/1.1 200) 4 headers in 157 bytes (1 switches on core 0) [pid: 7|app: 0|req: 923/1808] 10.0.0.32 () {32 vars in 723 bytes} [Tue Apr 28 15:06:12 2026] DELETE /v2.0/routers/bdcde3c5-000e-4c9a-86c2-9313eb93e385 => generated 0 bytes in 1806 msecs (HTTP/1.1 204) 2 headers in 112 bytes (1 switches on core 0)
2026-04-28 15:06:14.108 7 INFO neutron.pecan_wsgi.hooks.translation [None req-dac9ec91-3be1-4535-a0e6-dbb6e449adc3 173a025d26254f15a98b5e15c23727a0 455bfdaf3a054e72aebf58b03125a866 - - default default] DELETE failed (client error): The resource could not be found. [pid: 7|app: 0|req: 924/1809] 10.0.0.32 () {32 vars in 719 bytes} [Tue Apr 28 15:06:14 2026] DELETE /v2.0/ports/51fbfd98-865e-46ee-9014-31a92132b6b7 => generated 132 bytes in 16 msecs (HTTP/1.1 404) 4 headers in 164 bytes (1 switches on core 0) [pid: 7|app: 0|req: 925/1810] 10.0.0.32 () {32 vars in 735 bytes} [Tue Apr 28 15:06:14 2026] GET /v2.0/ports?device_id=bdcde3c5-000e-4c9a-86c2-9313eb93e385 => generated 12 bytes in 16 msecs (HTTP/1.1 200) 4 headers in 156 bytes (1 switches on core 0)
2026-04-28 15:06:14.136 7 INFO neutron.pecan_wsgi.hooks.translation [None req-e95b019e-42fa-4817-bf81-4a74179e8e10 173a025d26254f15a98b5e15c23727a0 455bfdaf3a054e72aebf58b03125a866 - - default default] DELETE failed (client error): The resource could not be found. [pid: 7|app: 0|req: 926/1811] 10.0.0.32 () {32 vars in 723 bytes} [Tue Apr 28 15:06:14 2026] DELETE /v2.0/subnets/4133dd2d-d0e2-4b6e-9d09-baf03e3468e2 => generated 136 bytes in 11 msecs (HTTP/1.1 404) 4 headers in 164 bytes (1 switches on core 0)
2026-04-28 15:06:14.154 7 INFO neutron.api.v2.resource [None req-1e17fdf8-4e29-47b5-b946-892b41497652 19985d078dd9478996e54559d5f6518a b58259d9d8db4bd1833185a533d14155 - - default default] delete failed (client error): The resource could not be found. [pid: 7|app: 0|req: 927/1812] 10.0.0.32 () {32 vars in 723 bytes} [Tue Apr 28 15:06:14 2026] DELETE /v2.0/routers/bdcde3c5-000e-4c9a-86c2-9313eb93e385 => generated 135 bytes in 17 msecs (HTTP/1.1 404) 4 headers in 164 bytes (1 switches on core 0)
2026-04-28 15:06:14.166 7 INFO neutron.pecan_wsgi.hooks.translation [None req-b61157e0-6e86-4e1f-b356-ff8915a2381e 173a025d26254f15a98b5e15c23727a0 455bfdaf3a054e72aebf58b03125a866 - - default default] DELETE failed (client error): The resource could not be found. [pid: 7|app: 0|req: 928/1813] 10.0.0.32 () {32 vars in 723 bytes} [Tue Apr 28 15:06:14 2026] DELETE /v2.0/subnets/6eaae582-ae61-4cf2-9fef-9a9a04598523 => generated 136 bytes in 11 msecs (HTTP/1.1 404) 4 headers in 164 bytes (1 switches on core 0) [pid: 7|app: 0|req: 929/1814] 10.0.0.32 () {32 vars in 735 bytes} [Tue Apr 28 15:06:14 2026] GET /v2.0/ports?device_id=fedfbb89-3dd6-4b71-9c92-2fe6dbc54f52 => generated 12 bytes in 15 msecs (HTTP/1.1 200) 4 headers in 156 bytes (1 switches on core 0)
2026-04-28 15:06:14.201 8 INFO neutron.db.ovn_revision_numbers_db [None req-ac02d22d-f356-435d-b0ea-256831c3d377 e7217aa5931948798cfe55ab9ca67c95 58a939b5f06c4b419f038e1f6349d855 - - default default] Successfully bumped revision number for resource 81665690-e56b-485d-bad4-299b5ddf235b (type: routers) to 2 [pid: 8|app: 0|req: 886/1815] 10.0.0.32 () {34 vars in 741 bytes} [Tue Apr 28 15:06:13 2026] PUT /v2.0/routers/81665690-e56b-485d-bad4-299b5ddf235b => generated 604 bytes in 306 msecs (HTTP/1.1 200) 4 headers in 157 bytes (1 switches on core 0)
2026-04-28 15:06:14.230 8 INFO neutron.api.v2.resource [None req-81226267-8340-49d9-9b24-00825451e782 19985d078dd9478996e54559d5f6518a b58259d9d8db4bd1833185a533d14155 - - default default] delete failed (client error): The resource could not be found. [pid: 8|app: 0|req: 887/1816] 10.0.0.32 () {32 vars in 723 bytes} [Tue Apr 28 15:06:14 2026] DELETE /v2.0/routers/fedfbb89-3dd6-4b71-9c92-2fe6dbc54f52 => generated 135 bytes in 23 msecs (HTTP/1.1 404) 4 headers in 164 bytes (1 switches on core 0) [pid: 8|app: 0|req: 888/1817] 10.0.0.32 () {32 vars in 735 bytes} [Tue Apr 28 15:06:14 2026] GET /v2.0/ports?device_id=81665690-e56b-485d-bad4-299b5ddf235b => generated 12 bytes in 16 msecs (HTTP/1.1 200) 4 headers in 156 bytes (1 switches on core 0)
2026-04-28 15:06:14.264 8 INFO neutron.pecan_wsgi.hooks.translation [None req-bdc13fe8-fcae-4c03-bb2f-96cb2a848e19 19985d078dd9478996e54559d5f6518a b58259d9d8db4bd1833185a533d14155 - - default default] DELETE failed (client error): The resource could not be found. [pid: 8|app: 0|req: 889/1818] 10.0.0.32 () {32 vars in 723 bytes} [Tue Apr 28 15:06:14 2026] DELETE /v2.0/subnets/94089593-5765-4496-ae87-f98361cd41f7 => generated 136 bytes in 20 msecs (HTTP/1.1 404) 4 headers in 164 bytes (1 switches on core 0)
2026-04-28 15:06:14.330 7 INFO neutron_taas.services.taas.taas_plugin [None req-0bb6a3d5-0e0b-4ca7-8b03-c04ef374ca37 173a025d26254f15a98b5e15c23727a0 455bfdaf3a054e72aebf58b03125a866 - - default default] TaaS: Handle Delete Port: 37bfdec7-fe41-43d9-bb9e-971f3057768d
2026-04-28 15:06:14.333 7 INFO neutron_taas.services.taas.tap_mirror_plugin [None req-0bb6a3d5-0e0b-4ca7-8b03-c04ef374ca37 173a025d26254f15a98b5e15c23727a0 455bfdaf3a054e72aebf58b03125a866 - - default default] Tap Mirror: Handle Delete Port: 37bfdec7-fe41-43d9-bb9e-971f3057768d [pid: 7|app: 0|req: 930/1819] 10.0.0.32 () {32 vars in 719 bytes} [Tue Apr 28 15:06:14 2026] DELETE /v2.0/ports/37bfdec7-fe41-43d9-bb9e-971f3057768d => generated 0 bytes in 288 msecs (HTTP/1.1 204) 3 headers in 131 bytes (1 switches on core 0) [pid: 7|app: 0|req: 931/1820] 10.0.0.32 () {32 vars in 735 bytes} [Tue Apr 28 15:06:14 2026] GET /v2.0/ports?device_id=e27804d3-d97c-4cb4-b3d1-6e67e7e90d8b => generated 12 bytes in 17 msecs (HTTP/1.1 200) 4 headers in 156 bytes (1 switches on core 0) [pid: 8|app: 0|req: 890/1821] 10.0.0.32 () {32 vars in 723 bytes} [Tue Apr 28 15:06:14 2026] DELETE /v2.0/routers/81665690-e56b-485d-bad4-299b5ddf235b => generated 0 bytes in 258 msecs (HTTP/1.1 204) 2 headers in 112 bytes (1 switches on core 0)
2026-04-28 15:06:14.543 8 INFO neutron.api.v2.resource [None req-ad63b5c0-67ac-4622-baee-ce89d85f255f 19985d078dd9478996e54559d5f6518a b58259d9d8db4bd1833185a533d14155 - - default default] delete failed (client error): The resource could not be found. [pid: 8|app: 0|req: 891/1822] 10.0.0.32 () {32 vars in 723 bytes} [Tue Apr 28 15:06:14 2026] DELETE /v2.0/routers/e27804d3-d97c-4cb4-b3d1-6e67e7e90d8b => generated 135 bytes in 17 msecs (HTTP/1.1 404) 4 headers in 164 bytes (1 switches on core 0) [pid: 8|app: 0|req: 892/1823] 10.0.0.32 () {32 vars in 720 bytes} [Tue Apr 28 15:06:14 2026] GET /v2.0/routers/3507c776-50fb-4340-93c8-cbcb75dc7635 => generated 597 bytes in 29 msecs (HTTP/1.1 200) 4 headers in 157 bytes (1 switches on core 0)
2026-04-28 15:06:14.590 8 INFO neutron.pecan_wsgi.hooks.translation [None req-72c5ef58-3750-4c49-a161-3b0edfef4bb8 19985d078dd9478996e54559d5f6518a b58259d9d8db4bd1833185a533d14155 - - default default] DELETE failed (client error): The resource could not be found. [pid: 8|app: 0|req: 893/1824] 10.0.0.32 () {32 vars in 723 bytes} [Tue Apr 28 15:06:14 2026] DELETE /v2.0/subnets/9e7a0cd8-e3da-42c1-8d91-e0b9f78d9729 => generated 136 bytes in 18 msecs (HTTP/1.1 404) 4 headers in 164 bytes (1 switches on core 0)
2026-04-28 15:06:14.613 7 INFO neutron_taas.services.taas.taas_plugin [None req-63fa3bab-e9f3-4fc3-ba80-fde22fa190c4 173a025d26254f15a98b5e15c23727a0 455bfdaf3a054e72aebf58b03125a866 - - default default] TaaS: Handle Delete Port: 167349a1-b282-4f93-82b8-1c913a30fb81
2026-04-28 15:06:14.616 7 INFO neutron_taas.services.taas.tap_mirror_plugin [None req-63fa3bab-e9f3-4fc3-ba80-fde22fa190c4 173a025d26254f15a98b5e15c23727a0 455bfdaf3a054e72aebf58b03125a866 - - default default] Tap Mirror: Handle Delete Port: 167349a1-b282-4f93-82b8-1c913a30fb81
2026-04-28 15:06:14.801 7 INFO neutron.services.segments.plugin [-] Segment bbd5b989-724a-4d80-b2d0-8ce6aed1f35b resource provider aggregate not found
2026-04-28 15:06:14.807 7 INFO neutron.services.segments.plugin [-] Segment bbd5b989-724a-4d80-b2d0-8ce6aed1f35b resource provider aggregate not found
2026-04-28 15:06:14.821 7 INFO neutron.services.segments.plugin [-] Segment bbd5b989-724a-4d80-b2d0-8ce6aed1f35b resource provider not found; error: Placement Client Error (4xx): {"errors": [{"status": 404, "title": "Not Found", "detail": "The resource could not be found.\n\n No resource provider with uuid bbd5b989-724a-4d80-b2d0-8ce6aed1f35b found for delete ", "request_id": "req-9dd00f87-060e-426c-b3f6-6e8a4ae03674"}]}
2026-04-28 15:06:14.826 7 INFO neutron.services.segments.plugin [-] Segment bbd5b989-724a-4d80-b2d0-8ce6aed1f35b resource provider not found; error: Placement Client Error (4xx): {"errors": [{"status": 404, "title": "Not Found", "detail": "The resource could not be found.\n\n No resource provider with uuid bbd5b989-724a-4d80-b2d0-8ce6aed1f35b found for delete ", "request_id": "req-1df0a33a-ed99-4f71-9ea2-7f0c2df0fa92"}]} [pid: 7|app: 0|req: 932/1825] 10.0.0.32 () {32 vars in 725 bytes} [Tue Apr 28 15:06:14 2026] DELETE /v2.0/networks/a0b5d7cf-0f3f-4bdf-a66d-eb121c097d0e => generated 0 bytes in 369 msecs (HTTP/1.1 204) 3 headers in 131 bytes (1 switches on core 0) [pid: 7|app: 0|req: 933/1826] 10.0.0.32 () {32 vars in 735 bytes} [Tue Apr 28 15:06:14 2026] GET /v2.0/ports?device_id=72e87ba3-53ec-4f11-a760-b3da755ebc49 => generated 12 bytes in 16 msecs (HTTP/1.1 200) 4 headers in 156 bytes (1 switches on core 0)
2026-04-28 15:06:14.901 7 INFO neutron.api.v2.resource [None req-23245c54-ac37-4746-bc99-c49518010f9f 19985d078dd9478996e54559d5f6518a b58259d9d8db4bd1833185a533d14155 - - default default] delete failed (client error): The resource could not be found. [pid: 7|app: 0|req: 934/1827] 10.0.0.32 () {32 vars in 723 bytes} [Tue Apr 28 15:06:14 2026] DELETE /v2.0/routers/72e87ba3-53ec-4f11-a760-b3da755ebc49 => generated 135 bytes in 21 msecs (HTTP/1.1 404) 4 headers in 164 bytes (1 switches on core 0) [pid: 8|app: 0|req: 894/1828] 10.0.0.32 () {34 vars in 741 bytes} [Tue Apr 28 15:06:14 2026] PUT /v2.0/routers/3507c776-50fb-4340-93c8-cbcb75dc7635 => generated 597 bytes in 320 msecs (HTTP/1.1 200) 4 headers in 157 bytes (1 switches on core 0)
2026-04-28 15:06:14.917 7 INFO neutron.pecan_wsgi.hooks.translation [None req-3996c1bf-750c-4f26-b5be-42b4000282dd 19985d078dd9478996e54559d5f6518a b58259d9d8db4bd1833185a533d14155 - - default default] DELETE failed (client error): The resource could not be found. [pid: 7|app: 0|req: 935/1829] 10.0.0.32 () {32 vars in 723 bytes} [Tue Apr 28 15:06:14 2026] DELETE /v2.0/subnets/d8d1a4e7-6f10-442c-99d6-a525dfee49a0 => generated 136 bytes in 12 msecs (HTTP/1.1 404) 4 headers in 164 bytes (1 switches on core 0)
2026-04-28 15:06:14.938 7 INFO neutron.pecan_wsgi.hooks.translation [None req-7594a414-0be5-4a81-9a5e-24547d3f7de1 19985d078dd9478996e54559d5f6518a b58259d9d8db4bd1833185a533d14155 - - default default] DELETE failed (client error): The resource could not be found. [pid: 8|app: 0|req: 895/1830] 10.0.0.32 () {32 vars in 735 bytes} [Tue Apr 28 15:06:14 2026] GET /v2.0/ports?device_id=3507c776-50fb-4340-93c8-cbcb75dc7635 => generated 12 bytes in 19 msecs (HTTP/1.1 200) 4 headers in 156 bytes (1 switches on core 0) [pid: 7|app: 0|req: 936/1831] 10.0.0.32 () {32 vars in 723 bytes} [Tue Apr 28 15:06:14 2026] DELETE /v2.0/subnets/d48a01b9-1c2a-4cad-9d88-0c71a11dc540 => generated 136 bytes in 18 msecs (HTTP/1.1 404) 4 headers in 164 bytes (1 switches on core 0) [pid: 8|app: 0|req: 896/1832] 10.0.0.32 () {32 vars in 723 bytes} [Tue Apr 28 15:06:14 2026] DELETE /v2.0/routers/3507c776-50fb-4340-93c8-cbcb75dc7635 => generated 0 bytes in 227 msecs (HTTP/1.1 204) 2 headers in 112 bytes (1 switches on core 0)
2026-04-28 15:06:15.535 7 WARNING neutron.db.securitygroups_db [None req-e5a6c72d-fdfe-4c5d-bd38-ea77b6d45af8 57ba5fce9e454dbb98803391a41cc754 25d1aff6cdd24cc7adf7ee12ed99bc12 - - default default] project_id key not found in filters, using tenant_id instead. This support has been deprecated and will be removed in a future release.
2026-04-28 15:06:15.564 8 WARNING neutron.db.securitygroups_db [None req-361150d1-9749-42f5-9464-3c6f26d681ad 57ba5fce9e454dbb98803391a41cc754 25d1aff6cdd24cc7adf7ee12ed99bc12 - - default default] project_id key not found in filters, using tenant_id instead. This support has been deprecated and will be removed in a future release. [pid: 7|app: 0|req: 937/1833] 10.0.0.32 () {32 vars in 773 bytes} [Tue Apr 28 15:06:15 2026] GET /v2.0/security-groups?tenant_id=b58259d9d8db4bd1833185a533d14155&name=default => generated 2925 bytes in 183 msecs (HTTP/1.1 200) 4 headers in 158 bytes (1 switches on core 0) [pid: 8|app: 0|req: 897/1834] 10.0.0.32 () {32 vars in 773 bytes} [Tue Apr 28 15:06:15 2026] GET /v2.0/security-groups?tenant_id=455bfdaf3a054e72aebf58b03125a866&name=default => generated 2925 bytes in 177 msecs (HTTP/1.1 200) 4 headers in 158 bytes (1 switches on core 0) [pid: 7|app: 0|req: 938/1835] 10.0.0.32 () {32 vars in 739 bytes} [Tue Apr 28 15:06:15 2026] DELETE /v2.0/security-groups/7e148e70-00b8-4a5f-873d-a7ed3102558a => generated 0 bytes in 183 msecs (HTTP/1.1 204) 2 headers in 112 bytes (1 switches on core 0) [pid: 8|app: 0|req: 898/1836] 10.0.0.32 () {32 vars in 739 bytes} [Tue Apr 28 15:06:15 2026] DELETE /v2.0/security-groups/39053ee5-920a-4acf-b24e-5c66b7d8dba1 => generated 0 bytes in 200 msecs (HTTP/1.1 204) 2 headers in 112 bytes (1 switches on core 0)
2026-04-28 15:06:16.153 7 WARNING neutron.db.securitygroups_db [None req-763724f5-a5d1-488c-b011-1445fe6d7e3f 57ba5fce9e454dbb98803391a41cc754 25d1aff6cdd24cc7adf7ee12ed99bc12 - - default default] project_id key not found in filters, using tenant_id instead. This support has been deprecated and will be removed in a future release.
2026-04-28 15:06:16.215 8 WARNING neutron.plugins.ml2.drivers.ovn.mech_driver.ovsdb.ovn_client [None req-429ad73a-ca55-4259-8084-52ab17095de1 - - - - - -] No port found with ID 77c91db0-41c9-4045-b3ed-9e6254e2561e: RuntimeError: No port found with ID 77c91db0-41c9-4045-b3ed-9e6254e2561e
2026-04-28 15:06:16.326 7 INFO neutron.db.ovn_revision_numbers_db [None req-763724f5-a5d1-488c-b011-1445fe6d7e3f 57ba5fce9e454dbb98803391a41cc754 25d1aff6cdd24cc7adf7ee12ed99bc12 - - default default] Successfully bumped revision number for resource b12d989e-aa0b-487c-99dd-0a8eb1c1ff48 (type: security_groups) to 1
2026-04-28 15:06:16.337 7 INFO neutron.db.ovn_revision_numbers_db [None req-763724f5-a5d1-488c-b011-1445fe6d7e3f 57ba5fce9e454dbb98803391a41cc754 25d1aff6cdd24cc7adf7ee12ed99bc12 - - default default] Successfully bumped revision number for resource 8b5b6e18-debc-458b-8fef-f57b5566f45c (type: security_group_rules) to 0
2026-04-28 15:06:16.348 7 INFO neutron.db.ovn_revision_numbers_db [None req-763724f5-a5d1-488c-b011-1445fe6d7e3f 57ba5fce9e454dbb98803391a41cc754 25d1aff6cdd24cc7adf7ee12ed99bc12 - - default default] Successfully bumped revision number for resource 8cd43ee8-20f3-48b9-9e79-04434fce01d9 (type: security_group_rules) to 0
2026-04-28 15:06:16.360 7 INFO neutron.db.ovn_revision_numbers_db [None req-763724f5-a5d1-488c-b011-1445fe6d7e3f 57ba5fce9e454dbb98803391a41cc754 25d1aff6cdd24cc7adf7ee12ed99bc12 - - default default] Successfully bumped revision number for resource d904a4eb-cd58-444f-8b74-ecb506f56845 (type: security_group_rules) to 0
2026-04-28 15:06:16.371 7 INFO neutron.db.ovn_revision_numbers_db [None req-763724f5-a5d1-488c-b011-1445fe6d7e3f 57ba5fce9e454dbb98803391a41cc754 25d1aff6cdd24cc7adf7ee12ed99bc12 - - default default] Successfully bumped revision number for resource e410781e-0547-44b6-a07d-e3ed896dad15 (type: security_group_rules) to 0 [pid: 7|app: 0|req: 939/1837] 10.0.0.32 () {32 vars in 773 bytes} [Tue Apr 28 15:06:15 2026] GET /v2.0/security-groups?tenant_id=58a939b5f06c4b419f038e1f6349d855&name=default => generated 2925 bytes in 481 msecs (HTTP/1.1 200) 4 headers in 158 bytes (1 switches on core 0)
2026-04-28 15:06:16.502 8 INFO neutron.db.ovn_revision_numbers_db [None req-709f06f4-f410-4a9e-bec6-a94f9ad0db75 fdac6ce2573545a692b0eb017b16dc84 53c96eb9e46f405ba66dfde37d430fa5 - - default default] Successfully bumped revision number for resource 919a52f7-d063-4ad8-8f80-d84890b0c09e (type: security_groups) to 1
2026-04-28 15:06:16.519 8 INFO neutron.db.ovn_revision_numbers_db [None req-709f06f4-f410-4a9e-bec6-a94f9ad0db75 fdac6ce2573545a692b0eb017b16dc84 53c96eb9e46f405ba66dfde37d430fa5 - - default default] Successfully bumped revision number for resource 08673682-2642-43bd-a84a-43534c304167 (type: security_group_rules) to 0
2026-04-28 15:06:16.534 8 INFO neutron.db.ovn_revision_numbers_db [None req-709f06f4-f410-4a9e-bec6-a94f9ad0db75 fdac6ce2573545a692b0eb017b16dc84 53c96eb9e46f405ba66dfde37d430fa5 - - default default] Successfully bumped revision number for resource 153a5544-2caf-4314-8fb8-7cd697c9a2aa (type: security_group_rules) to 0
2026-04-28 15:06:16.547 8 INFO neutron.db.ovn_revision_numbers_db [None req-709f06f4-f410-4a9e-bec6-a94f9ad0db75 fdac6ce2573545a692b0eb017b16dc84 53c96eb9e46f405ba66dfde37d430fa5 - - default default] Successfully bumped revision number for resource 2448a42c-32e2-4e0e-94c3-bb5ef8fd964e (type: security_group_rules) to 0
2026-04-28 15:06:16.558 8 INFO neutron.db.ovn_revision_numbers_db [None req-709f06f4-f410-4a9e-bec6-a94f9ad0db75 fdac6ce2573545a692b0eb017b16dc84 53c96eb9e46f405ba66dfde37d430fa5 - - default default] Successfully bumped revision number for resource 7be01c2f-eed4-4d47-acab-80c81a40b170 (type: security_group_rules) to 0 [pid: 7|app: 0|req: 940/1838] 10.0.0.32 () {32 vars in 739 bytes} [Tue Apr 28 15:06:16 2026] DELETE /v2.0/security-groups/b12d989e-aa0b-487c-99dd-0a8eb1c1ff48 => generated 0 bytes in 212 msecs (HTTP/1.1 204) 2 headers in 112 bytes (1 switches on core 0)
2026-04-28 15:06:16.642 8 INFO neutron.db.segments_db [None req-709f06f4-f410-4a9e-bec6-a94f9ad0db75 fdac6ce2573545a692b0eb017b16dc84 53c96eb9e46f405ba66dfde37d430fa5 - - default default] Added segment 79da3fd7-8b97-4008-a5f8-cf0588662c74 of type geneve for network 492d60c7-34e6-47c0-bc22-c2f61daf133c
2026-04-28 15:06:16.756 8 INFO neutron.db.ovn_revision_numbers_db [None req-709f06f4-f410-4a9e-bec6-a94f9ad0db75 fdac6ce2573545a692b0eb017b16dc84 53c96eb9e46f405ba66dfde37d430fa5 - - default default] Successfully bumped revision number for resource 492d60c7-34e6-47c0-bc22-c2f61daf133c (type: networks) to 1
2026-04-28 15:06:16.804 7 WARNING neutron.db.securitygroups_db [None req-f6cf3da8-0441-4fb5-a746-9343a1bffef7 57ba5fce9e454dbb98803391a41cc754 25d1aff6cdd24cc7adf7ee12ed99bc12 - - default default] project_id key not found in filters, using tenant_id instead. This support has been deprecated and will be removed in a future release.
2026-04-28 15:06:16.937 7 INFO neutron.db.ovn_revision_numbers_db [None req-f6cf3da8-0441-4fb5-a746-9343a1bffef7 57ba5fce9e454dbb98803391a41cc754 25d1aff6cdd24cc7adf7ee12ed99bc12 - - default default] Successfully bumped revision number for resource efee1b17-260a-419d-ba59-823a5901ea6f (type: security_groups) to 1
2026-04-28 15:06:16.949 7 INFO neutron.db.ovn_revision_numbers_db [None req-f6cf3da8-0441-4fb5-a746-9343a1bffef7 57ba5fce9e454dbb98803391a41cc754 25d1aff6cdd24cc7adf7ee12ed99bc12 - - default default] Successfully bumped revision number for resource a21490c1-a1b8-437d-ba9e-11b201df568c (type: security_group_rules) to 0
2026-04-28 15:06:16.963 7 INFO neutron.db.ovn_revision_numbers_db [None req-f6cf3da8-0441-4fb5-a746-9343a1bffef7 57ba5fce9e454dbb98803391a41cc754 25d1aff6cdd24cc7adf7ee12ed99bc12 - - default default] Successfully bumped revision number for resource a3c5fd85-6421-43b4-a714-a4dda3bba0a6 (type: security_group_rules) to 0
2026-04-28 15:06:16.967 8 WARNING neutron.scheduler.dhcp_agent_scheduler [None req-709f06f4-f410-4a9e-bec6-a94f9ad0db75 fdac6ce2573545a692b0eb017b16dc84 53c96eb9e46f405ba66dfde37d430fa5 - - default default] No more DHCP agents
2026-04-28 15:06:16.969 8 WARNING neutron.api.rpc.agentnotifiers.dhcp_rpc_agent_api [None req-709f06f4-f410-4a9e-bec6-a94f9ad0db75 fdac6ce2573545a692b0eb017b16dc84 53c96eb9e46f405ba66dfde37d430fa5 - - default default] Unable to schedule network 492d60c7-34e6-47c0-bc22-c2f61daf133c: no agents available; will retry on subsequent port and subnet creation events.
2026-04-28 15:06:16.975 7 INFO neutron.db.ovn_revision_numbers_db [None req-f6cf3da8-0441-4fb5-a746-9343a1bffef7 57ba5fce9e454dbb98803391a41cc754 25d1aff6cdd24cc7adf7ee12ed99bc12 - - default default] Successfully bumped revision number for resource b427e1ed-7338-4afd-8dce-b2e615a05c97 (type: security_group_rules) to 0
2026-04-28 15:06:16.988 7 INFO neutron.db.ovn_revision_numbers_db [None req-f6cf3da8-0441-4fb5-a746-9343a1bffef7 57ba5fce9e454dbb98803391a41cc754 25d1aff6cdd24cc7adf7ee12ed99bc12 - - default default] Successfully bumped revision number for resource db014f76-250f-4de2-a2cf-57743518df25 (type: security_group_rules) to 0
2026-04-28 15:06:17.031 8 INFO neutron.plugins.ml2.drivers.ovn.mech_driver.mech_driver [None req-429ad73a-ca55-4259-8084-52ab17095de1 - - - - - -] OVN reports status down for port: 9e25de05-0087-47d5-8c98-3265b3b05464 [pid: 7|app: 0|req: 941/1839] 10.0.0.32 () {32 vars in 773 bytes} [Tue Apr 28 15:06:16 2026] GET /v2.0/security-groups?tenant_id=511822870a4a4a1b8ecbb748346212c7&name=default => generated 2925 bytes in 249 msecs (HTTP/1.1 200) 4 headers in 158 bytes (1 switches on core 0)
2026-04-28 15:06:17.081 8 INFO neutron.db.ovn_revision_numbers_db [None req-709f06f4-f410-4a9e-bec6-a94f9ad0db75 fdac6ce2573545a692b0eb017b16dc84 53c96eb9e46f405ba66dfde37d430fa5 - - default default] Successfully bumped revision number for resource 9e25de05-0087-47d5-8c98-3265b3b05464 (type: ports) to 1 [pid: 8|app: 0|req: 899/1840] 10.0.0.32 () {34 vars in 669 bytes} [Tue Apr 28 15:06:16 2026] POST /v2.0/networks => generated 767 bytes in 837 msecs (HTTP/1.1 201) 4 headers in 162 bytes (1 switches on core 0) [pid: 7|app: 0|req: 942/1841] 10.0.0.32 () {32 vars in 739 bytes} [Tue Apr 28 15:06:17 2026] DELETE /v2.0/security-groups/efee1b17-260a-419d-ba59-823a5901ea6f => generated 0 bytes in 170 msecs (HTTP/1.1 204) 2 headers in 112 bytes (1 switches on core 0)
2026-04-28 15:06:17.267 8 WARNING neutron.scheduler.dhcp_agent_scheduler [None req-e52223da-ab98-4f6f-ae42-5cb598baa728 fdac6ce2573545a692b0eb017b16dc84 53c96eb9e46f405ba66dfde37d430fa5 - - default default] No more DHCP agents
2026-04-28 15:06:17.268 8 WARNING neutron.api.rpc.agentnotifiers.dhcp_rpc_agent_api [None req-e52223da-ab98-4f6f-ae42-5cb598baa728 fdac6ce2573545a692b0eb017b16dc84 53c96eb9e46f405ba66dfde37d430fa5 - - default default] Unable to schedule network 492d60c7-34e6-47c0-bc22-c2f61daf133c: no agents available; will retry on subsequent port and subnet creation events.
2026-04-28 15:06:17.459 7 WARNING neutron.db.securitygroups_db [None req-0198ce07-8392-4cd3-b872-907d47e5461a 57ba5fce9e454dbb98803391a41cc754 25d1aff6cdd24cc7adf7ee12ed99bc12 - - default default] project_id key not found in filters, using tenant_id instead. This support has been deprecated and will be removed in a future release.
2026-04-28 15:06:17.624 7 INFO neutron.db.ovn_revision_numbers_db [None req-0198ce07-8392-4cd3-b872-907d47e5461a 57ba5fce9e454dbb98803391a41cc754 25d1aff6cdd24cc7adf7ee12ed99bc12 - - default default] Successfully bumped revision number for resource 44c96e4d-68bd-4a7d-b4b5-c1d08f01dc40 (type: security_groups) to 1
2026-04-28 15:06:17.635 7 INFO neutron.db.ovn_revision_numbers_db [None req-0198ce07-8392-4cd3-b872-907d47e5461a 57ba5fce9e454dbb98803391a41cc754 25d1aff6cdd24cc7adf7ee12ed99bc12 - - default default] Successfully bumped revision number for resource 12221cd6-81f8-489f-a8c8-9b02eabb8270 (type: security_group_rules) to 0
2026-04-28 15:06:17.648 7 INFO neutron.db.ovn_revision_numbers_db [None req-0198ce07-8392-4cd3-b872-907d47e5461a 57ba5fce9e454dbb98803391a41cc754 25d1aff6cdd24cc7adf7ee12ed99bc12 - - default default] Successfully bumped revision number for resource 1320118f-626a-4f18-8cc2-0f4c460bd5e2 (type: security_group_rules) to 0
2026-04-28 15:06:17.659 7 INFO neutron.db.ovn_revision_numbers_db [None req-0198ce07-8392-4cd3-b872-907d47e5461a 57ba5fce9e454dbb98803391a41cc754 25d1aff6cdd24cc7adf7ee12ed99bc12 - - default default] Successfully bumped revision number for resource 2c6149a3-50f8-4450-b865-ff600323579c (type: security_group_rules) to 0
2026-04-28 15:06:17.674 7 INFO neutron.db.ovn_revision_numbers_db [None req-0198ce07-8392-4cd3-b872-907d47e5461a 57ba5fce9e454dbb98803391a41cc754 25d1aff6cdd24cc7adf7ee12ed99bc12 - - default default] Successfully bumped revision number for resource a6b8292b-d142-4534-86c9-7f2efeeb06c0 (type: security_group_rules) to 0 [pid: 7|app: 0|req: 945/1844] 10.0.0.32 () {32 vars in 773 bytes} [Tue Apr 28 15:06:17 2026] GET /v2.0/security-groups?tenant_id=3f5e9d0519214178909751da03d10917&name=default => generated 2925 bytes in 267 msecs (HTTP/1.1 200) 4 headers in 158 bytes (1 switches on core 0) [pid: 7|app: 0|req: 946/1845] 10.0.0.32 () {32 vars in 622 bytes} [Tue Apr 28 15:06:17 2026] GET / => generated 151 bytes in 2 msecs (HTTP/1.1 200) 3 headers in 91 bytes (1 switches on core 0)
2026-04-28 15:06:17.843 8 INFO neutron.db.ovn_revision_numbers_db [None req-e52223da-ab98-4f6f-ae42-5cb598baa728 fdac6ce2573545a692b0eb017b16dc84 53c96eb9e46f405ba66dfde37d430fa5 - - default default] Successfully bumped revision number for resource 9e25de05-0087-47d5-8c98-3265b3b05464 (type: ports) to 2
2026-04-28 15:06:17.903 8 INFO neutron.db.ovn_revision_numbers_db [None req-e52223da-ab98-4f6f-ae42-5cb598baa728 fdac6ce2573545a692b0eb017b16dc84 53c96eb9e46f405ba66dfde37d430fa5 - - default default] Successfully bumped revision number for resource c1b0354b-f8ef-4cce-943b-536af22dca25 (type: subnets) to 0 [pid: 8|app: 0|req: 900/1846] 10.0.0.32 () {34 vars in 668 bytes} [Tue Apr 28 15:06:17 2026] POST /v2.0/subnets => generated 644 bytes in 800 msecs (HTTP/1.1 201) 4 headers in 162 bytes (1 switches on core 0)
2026-04-28 15:06:18.077 7 INFO neutron.db.ovn_revision_numbers_db [None req-75601c99-cdb9-4d94-947d-a4fdfdf367ce 0fa140eb91074fe587e2749a52f587fc c49cb42fd2594b3698e5d0c21e6e44d5 - - default default] Successfully bumped revision number for resource 82dd6adf-13c4-4104-a715-cb417791ab3f (type: security_groups) to 1
2026-04-28 15:06:18.088 7 INFO neutron.db.ovn_revision_numbers_db [None req-75601c99-cdb9-4d94-947d-a4fdfdf367ce 0fa140eb91074fe587e2749a52f587fc c49cb42fd2594b3698e5d0c21e6e44d5 - - default default] Successfully bumped revision number for resource 83ddc464-3255-4734-9bcd-7b9149d3417a (type: security_group_rules) to 0
2026-04-28 15:06:18.107 7 INFO neutron.db.ovn_revision_numbers_db [None req-75601c99-cdb9-4d94-947d-a4fdfdf367ce 0fa140eb91074fe587e2749a52f587fc c49cb42fd2594b3698e5d0c21e6e44d5 - - default default] Successfully bumped revision number for resource 94f2a47f-b7b2-49ec-af92-25b1906a28a9 (type: security_group_rules) to 0
2026-04-28 15:06:18.120 7 INFO neutron.db.ovn_revision_numbers_db [None req-75601c99-cdb9-4d94-947d-a4fdfdf367ce 0fa140eb91074fe587e2749a52f587fc c49cb42fd2594b3698e5d0c21e6e44d5 - - default default] Successfully bumped revision number for resource 9ab4b88c-cfa9-4c95-9ea5-e5e915d826bb (type: security_group_rules) to 0 [pid: 8|app: 0|req: 901/1847] 10.0.0.32 () {32 vars in 739 bytes} [Tue Apr 28 15:06:17 2026] DELETE /v2.0/security-groups/44c96e4d-68bd-4a7d-b4b5-c1d08f01dc40 => generated 0 bytes in 203 msecs (HTTP/1.1 204) 2 headers in 112 bytes (1 switches on core 0)
2026-04-28 15:06:18.130 7 INFO neutron.db.ovn_revision_numbers_db [None req-75601c99-cdb9-4d94-947d-a4fdfdf367ce 0fa140eb91074fe587e2749a52f587fc c49cb42fd2594b3698e5d0c21e6e44d5 - - default default] Successfully bumped revision number for resource b4f549af-ac42-480c-9f17-607b6418f7cb (type: security_group_rules) to 0 [pid: 8|app: 0|req: 902/1848] 10.0.0.32 () {32 vars in 632 bytes} [Tue Apr 28 15:06:18 2026] GET /v2.0/ => generated 632 bytes in 50 msecs (HTTP/1.1 200) 4 headers in 157 bytes (1 switches on core 0)
2026-04-28 15:06:18.184 8 WARNING neutron.api.v2.base [None req-479bb2a9-e724-4dc2-b0b0-79245c19981b fdac6ce2573545a692b0eb017b16dc84 53c96eb9e46f405ba66dfde37d430fa5 - - default default] An exception happened while processing the request body. The exception message is [Invalid input for target_tenant. Reason: 'None' is not a valid string.].: webob.exc.HTTPBadRequest: Invalid input for target_tenant. Reason: 'None' is not a valid string.
2026-04-28 15:06:18.185 8 INFO neutron.api.v2.resource [None req-479bb2a9-e724-4dc2-b0b0-79245c19981b fdac6ce2573545a692b0eb017b16dc84 53c96eb9e46f405ba66dfde37d430fa5 - - default default] create failed (client error): Invalid input for target_tenant. Reason: 'None' is not a valid string. [pid: 8|app: 0|req: 903/1849] 10.0.0.32 () {34 vars in 680 bytes} [Tue Apr 28 15:06:18 2026] POST /v2.0/rbac-policies => generated 143 bytes in 6 msecs (HTTP/1.1 400) 4 headers in 166 bytes (1 switches on core 0)
2026-04-28 15:06:18.241 7 INFO neutron.db.ovn_revision_numbers_db [None req-75601c99-cdb9-4d94-947d-a4fdfdf367ce 0fa140eb91074fe587e2749a52f587fc c49cb42fd2594b3698e5d0c21e6e44d5 - - default default] Successfully bumped revision number for resource be4347b0-793a-4654-8f71-5964051c53db (type: security_groups) to 1
2026-04-28 15:06:18.253 7 INFO neutron.db.ovn_revision_numbers_db [None req-75601c99-cdb9-4d94-947d-a4fdfdf367ce 0fa140eb91074fe587e2749a52f587fc c49cb42fd2594b3698e5d0c21e6e44d5 - - default default] Successfully bumped revision number for resource 0a7c1604-6dcf-45bb-bf16-f4a4fe029480 (type: security_group_rules) to 0
