2026-05-25 15:33:52.048 8 INFO neutron_taas.services.taas.tap_mirror_plugin [None req-2f68fedd-d2af-497b-87df-cc7fb79a0565 90b4b7bca32340528f1b096dce876fff 218cc961765f4095a7fcef084674ea61 - - default default] Tap Mirror: Handle Delete Port: 94511d80-b71e-407d-9da1-c3b9451b1806
2026-05-25 15:33:52.202 7 WARNING neutron.scheduler.dhcp_agent_scheduler [None req-88381626-19f2-4785-a552-98068191ee52 9247f57bcffd479e8e654474436a5261 adc015c4be0449b295d08674736b1b7c - - default default] No more DHCP agents
2026-05-25 15:33:52.203 7 WARNING neutron.api.rpc.agentnotifiers.dhcp_rpc_agent_api [None req-88381626-19f2-4785-a552-98068191ee52 9247f57bcffd479e8e654474436a5261 adc015c4be0449b295d08674736b1b7c - - default default] Unable to schedule network 1751e532-3106-4077-824c-6b82030532b4: no agents available; will retry on subsequent port and subnet creation events.
2026-05-25 15:33:52.212 8 INFO neutron.services.segments.plugin [-] Segment 03184d11-1a07-4be3-8cfc-814d5ecc146b resource provider aggregate not found
2026-05-25 15:33:52.220 8 INFO neutron.services.segments.plugin [-] Segment 03184d11-1a07-4be3-8cfc-814d5ecc146b resource provider aggregate not found
2026-05-25 15:33:52.232 8 INFO neutron.services.segments.plugin [-] Segment 03184d11-1a07-4be3-8cfc-814d5ecc146b resource provider not found; error: Placement Client Error (4xx): {"errors": [{"status": 404, "title": "Not Found", "detail": "The resource could not be found.\n\n No resource provider with uuid 03184d11-1a07-4be3-8cfc-814d5ecc146b found for delete ", "request_id": "req-0a14fc94-25e2-4df3-b44d-255dc68adfc8"}]}
2026-05-25 15:33:52.242 8 INFO neutron.services.segments.plugin [-] Segment 03184d11-1a07-4be3-8cfc-814d5ecc146b resource provider not found; error: Placement Client Error (4xx): {"errors": [{"status": 404, "title": "Not Found", "detail": "The resource could not be found.\n\n No resource provider with uuid 03184d11-1a07-4be3-8cfc-814d5ecc146b found for delete ", "request_id": "req-5c4c8f4f-cbd8-4b33-8560-db51e9368874"}]} [pid: 8|app: 0|req: 703/1434] 10.0.0.159 () {32 vars in 726 bytes} [Mon May 25 15:33:51 2026] DELETE /v2.0/networks/f501f696-2073-46de-8486-89c5ba96b8b8 => generated 0 bytes in 324 msecs (HTTP/1.1 204) 3 headers in 131 bytes (1 switches on core 0)
2026-05-25 15:33:52.347 7 INFO neutron.db.ovn_revision_numbers_db [None req-88381626-19f2-4785-a552-98068191ee52 9247f57bcffd479e8e654474436a5261 adc015c4be0449b295d08674736b1b7c - - default default] Successfully bumped revision number for resource b19403c4-ffaa-44c4-88ef-abc8985ca3ec (type: ports) to 1 [pid: 7|app: 0|req: 732/1435] 10.0.0.159 () {34 vars in 665 bytes} [Mon May 25 15:33:51 2026] POST /v2.0/ports => generated 954 bytes in 425 msecs (HTTP/1.1 201) 4 headers in 162 bytes (1 switches on core 0) /var/lib/openstack/lib/python3.12/site-packages/pycadf/identifier.py:70: UserWarning: Invalid uuid: neutron. To ensure interoperability, identifiers should be a valid uuid. warnings.warn(('Invalid uuid: %s. To ensure interoperability, ' [pid: 8|app: 0|req: 704/1436] 10.0.0.159 () {32 vars in 740 bytes} [Mon May 25 15:33:52 2026] DELETE /v2.0/security-groups/31b1be47-0b2c-47ff-95f4-64ebf9da45d6 => generated 0 bytes in 239 msecs (HTTP/1.1 204) 2 headers in 112 bytes (1 switches on core 0)
2026-05-25 15:33:52.596 8 INFO neutron_taas.services.taas.taas_plugin [None req-1addd522-c81e-41d9-98c1-092ecf96f363 90b4b7bca32340528f1b096dce876fff 218cc961765f4095a7fcef084674ea61 - - default default] TaaS: Handle Delete Port: a9146d0e-1c96-44f4-b465-a35056a97d59
2026-05-25 15:33:52.598 8 INFO neutron_taas.services.taas.tap_mirror_plugin [None req-1addd522-c81e-41d9-98c1-092ecf96f363 90b4b7bca32340528f1b096dce876fff 218cc961765f4095a7fcef084674ea61 - - default default] Tap Mirror: Handle Delete Port: a9146d0e-1c96-44f4-b465-a35056a97d59
2026-05-25 15:33:52.718 7 WARNING neutron.scheduler.dhcp_agent_scheduler [None req-c7c8e45e-fef3-4688-bc27-ca7e999cdd52 e0dd1b65e8124e008af58b6c66723897 6c17aa4a907d497ea867b449da09bac0 - - default default] No more DHCP agents
2026-05-25 15:33:52.719 7 WARNING neutron.api.rpc.agentnotifiers.dhcp_rpc_agent_api [None req-c7c8e45e-fef3-4688-bc27-ca7e999cdd52 e0dd1b65e8124e008af58b6c66723897 6c17aa4a907d497ea867b449da09bac0 - - default default] Unable to schedule network d75f7906-23c7-474b-9f9f-978e1674f706: no agents available; will retry on subsequent port and subnet creation events. [pid: 8|app: 0|req: 705/1437] 10.0.0.159 () {32 vars in 726 bytes} [Mon May 25 15:33:52 2026] DELETE /v2.0/networks/bf1b9c14-87fa-4c29-b38f-4efa47eeef21 => generated 0 bytes in 277 msecs (HTTP/1.1 204) 3 headers in 131 bytes (1 switches on core 0)
2026-05-25 15:33:52.803 7 INFO neutron.plugins.ml2.drivers.ovn.mech_driver.mech_driver [None req-0308a3c2-e63d-4e96-92fe-9a7355b1e8cb - - - - - -] OVN reports status down for port: 86ca5446-d721-4641-b928-8818c6615245
2026-05-25 15:33:52.861 7 INFO neutron.db.ovn_revision_numbers_db [None req-c7c8e45e-fef3-4688-bc27-ca7e999cdd52 e0dd1b65e8124e008af58b6c66723897 6c17aa4a907d497ea867b449da09bac0 - - default default] Successfully bumped revision number for resource 86ca5446-d721-4641-b928-8818c6615245 (type: ports) to 1
2026-05-25 15:33:53.006 8 WARNING neutron.scheduler.dhcp_agent_scheduler [None req-305e3313-08a7-441c-92b8-e91266dbfc15 9247f57bcffd479e8e654474436a5261 adc015c4be0449b295d08674736b1b7c - - default default] No more DHCP agents
2026-05-25 15:33:53.007 8 WARNING neutron.api.rpc.agentnotifiers.dhcp_rpc_agent_api [None req-305e3313-08a7-441c-92b8-e91266dbfc15 9247f57bcffd479e8e654474436a5261 adc015c4be0449b295d08674736b1b7c - - default default] Unable to schedule network 2e0d457d-d1bb-48d2-8a5c-ed23bfcb4f28: no agents available; will retry on subsequent port and subnet creation events.
2026-05-25 15:33:53.293 8 WARNING neutron.plugins.ml2.drivers.ovn.mech_driver.ovsdb.ovn_client [None req-a7261899-2c3b-4eef-aa2d-7b1d0cf94d84 - - - - - -] No hosting information found for port 7c7514ce-8623-4d37-a8a6-2655d951ffdf: RuntimeError: No hosting information found for port 7c7514ce-8623-4d37-a8a6-2655d951ffdf
2026-05-25 15:33:53.293 8 INFO neutron.plugins.ml2.drivers.ovn.mech_driver.mech_driver [None req-a7261899-2c3b-4eef-aa2d-7b1d0cf94d84 - - - - - -] OVN reports status down for port: b48106b7-0b89-4676-be91-2dd774c14161
2026-05-25 15:33:53.361 7 INFO neutron.plugins.ml2.drivers.ovn.mech_driver.mech_driver [None req-0308a3c2-e63d-4e96-92fe-9a7355b1e8cb - - - - - -] OVN reports status up for port: 86ca5446-d721-4641-b928-8818c6615245
2026-05-25 15:33:53.391 7 INFO neutron.plugins.ml2.plugin [None req-0308a3c2-e63d-4e96-92fe-9a7355b1e8cb - - - - - -] Attempt 1 to provision port 86ca5446-d721-4641-b928-8818c6615245
2026-05-25 15:33:53.435 8 WARNING neutron.plugins.ml2.drivers.ovn.mech_driver.ovsdb.ovn_client [None req-a7261899-2c3b-4eef-aa2d-7b1d0cf94d84 - - - - - -] Logical_Switch_Port %s host information not removed, the port state is up
2026-05-25 15:33:53.435 8 INFO neutron.plugins.ml2.drivers.ovn.mech_driver.mech_driver [None req-a7261899-2c3b-4eef-aa2d-7b1d0cf94d84 - - - - - -] OVN reports status up for port: b48106b7-0b89-4676-be91-2dd774c14161
2026-05-25 15:33:53.459 8 INFO neutron.plugins.ml2.plugin [None req-a7261899-2c3b-4eef-aa2d-7b1d0cf94d84 - - - - - -] Attempt 1 to provision port b48106b7-0b89-4676-be91-2dd774c14161
2026-05-25 15:33:53.483 7 WARNING neutron.scheduler.dhcp_agent_scheduler [None req-c7c8e45e-fef3-4688-bc27-ca7e999cdd52 e0dd1b65e8124e008af58b6c66723897 6c17aa4a907d497ea867b449da09bac0 - - default default] No more DHCP agents
2026-05-25 15:33:53.485 7 WARNING neutron.api.rpc.agentnotifiers.dhcp_rpc_agent_api [None req-c7c8e45e-fef3-4688-bc27-ca7e999cdd52 e0dd1b65e8124e008af58b6c66723897 6c17aa4a907d497ea867b449da09bac0 - - default default] Unable to schedule network d75f7906-23c7-474b-9f9f-978e1674f706: no agents available; will retry on subsequent port and subnet creation events.
2026-05-25 15:33:53.841 7 INFO neutron.db.ovn_revision_numbers_db [None req-c7c8e45e-fef3-4688-bc27-ca7e999cdd52 e0dd1b65e8124e008af58b6c66723897 6c17aa4a907d497ea867b449da09bac0 - - default default] Successfully bumped revision number for resource 86ca5446-d721-4641-b928-8818c6615245 (type: router_ports) to 1 [pid: 7|app: 0|req: 733/1438] 10.0.0.159 () {34 vars in 783 bytes} [Mon May 25 15:33:52 2026] PUT /v2.0/routers/23cb21d2-032c-488d-abe7-022816ae3fd6/add_router_interface => generated 309 bytes in 1480 msecs (HTTP/1.1 200) 4 headers in 157 bytes (1 switches on core 0)
2026-05-25 15:33:54.093 7 INFO neutron_taas.services.taas.taas_plugin [None req-3165b60d-6575-42ad-aca3-b31f5eef7a7b 90b4b7bca32340528f1b096dce876fff 218cc961765f4095a7fcef084674ea61 - - default default] TaaS: Handle Delete Port: 305839ec-4457-4212-8eea-f384125da516
2026-05-25 15:33:54.096 7 INFO neutron_taas.services.taas.tap_mirror_plugin [None req-3165b60d-6575-42ad-aca3-b31f5eef7a7b 90b4b7bca32340528f1b096dce876fff 218cc961765f4095a7fcef084674ea61 - - default default] Tap Mirror: Handle Delete Port: 305839ec-4457-4212-8eea-f384125da516
2026-05-25 15:33:54.097 7 INFO neutron.db.ovn_revision_numbers_db [None req-0308a3c2-e63d-4e96-92fe-9a7355b1e8cb - - - - - -] Successfully bumped revision number for resource 86ca5446-d721-4641-b928-8818c6615245 (type: ports) to 2
2026-05-25 15:33:54.203 8 INFO neutron.db.ovn_revision_numbers_db [None req-a7261899-2c3b-4eef-aa2d-7b1d0cf94d84 - - - - - -] Successfully bumped revision number for resource b48106b7-0b89-4676-be91-2dd774c14161 (type: ports) to 2
2026-05-25 15:33:54.224 8 INFO neutron.db.ovn_revision_numbers_db [None req-305e3313-08a7-441c-92b8-e91266dbfc15 9247f57bcffd479e8e654474436a5261 adc015c4be0449b295d08674736b1b7c - - default default] Successfully bumped revision number for resource c738b739-e7d0-4992-8a86-a9b62cf97fb9 (type: floatingips) to 1
2026-05-25 15:33:54.225 8 INFO neutron.db.l3_db [None req-305e3313-08a7-441c-92b8-e91266dbfc15 9247f57bcffd479e8e654474436a5261 adc015c4be0449b295d08674736b1b7c - - default default] Floating IP c738b739-e7d0-4992-8a86-a9b62cf97fb9 associated. External IP: 10.96.250.207, port: b19403c4-ffaa-44c4-88ef-abc8985ca3ec.
2026-05-25 15:33:54.268 8 INFO neutron.services.segments.plugin [-] Segment 8293202b-ed29-449c-b859-86cf6a10b9be resource provider aggregate not found
2026-05-25 15:33:54.270 8 INFO neutron.services.segments.plugin [-] Segment 8293202b-ed29-449c-b859-86cf6a10b9be resource provider aggregate not found
2026-05-25 15:33:54.293 8 INFO neutron.services.segments.plugin [-] Segment 8293202b-ed29-449c-b859-86cf6a10b9be resource provider not found; error: Placement Client Error (4xx): {"errors": [{"status": 404, "title": "Not Found", "detail": "The resource could not be found.\n\n No resource provider with uuid 8293202b-ed29-449c-b859-86cf6a10b9be found for delete ", "request_id": "req-53defa09-15b5-4fb9-9c61-0c7bc742b311"}]}
2026-05-25 15:33:54.296 8 INFO neutron.services.segments.plugin [-] Segment 8293202b-ed29-449c-b859-86cf6a10b9be resource provider not found; error: Placement Client Error (4xx): {"errors": [{"status": 404, "title": "Not Found", "detail": "The resource could not be found.\n\n No resource provider with uuid 8293202b-ed29-449c-b859-86cf6a10b9be found for delete ", "request_id": "req-77bc890f-558c-4102-bf4d-c0648d014f5f"}]} [pid: 8|app: 0|req: 706/1439] 10.0.0.159 () {34 vars in 677 bytes} [Mon May 25 15:33:52 2026] POST /v2.0/floatingips => generated 841 bytes in 1551 msecs (HTTP/1.1 201) 4 headers in 162 bytes (1 switches on core 0)
2026-05-25 15:33:54.329 7 INFO neutron.services.segments.plugin [-] Segment 8a28772b-f653-4f60-8157-89e00478a082 resource provider aggregate not found
2026-05-25 15:33:54.335 7 INFO neutron.services.segments.plugin [-] Segment 8a28772b-f653-4f60-8157-89e00478a082 resource provider aggregate not found
2026-05-25 15:33:54.347 7 INFO neutron.services.segments.plugin [-] Segment 8a28772b-f653-4f60-8157-89e00478a082 resource provider not found; error: Placement Client Error (4xx): {"errors": [{"status": 404, "title": "Not Found", "detail": "The resource could not be found.\n\n No resource provider with uuid 8a28772b-f653-4f60-8157-89e00478a082 found for delete ", "request_id": "req-8dbb9602-52b7-4a67-91e3-8105ab768b3e"}]}
2026-05-25 15:33:54.353 7 INFO neutron.services.segments.plugin [-] Segment 8a28772b-f653-4f60-8157-89e00478a082 resource provider not found; error: Placement Client Error (4xx): {"errors": [{"status": 404, "title": "Not Found", "detail": "The resource could not be found.\n\n No resource provider with uuid 8a28772b-f653-4f60-8157-89e00478a082 found for delete ", "request_id": "req-9ad26dc7-07ae-4c71-8ca7-b269b0ac0116"}]} [pid: 7|app: 0|req: 734/1442] 10.0.0.159 () {32 vars in 726 bytes} [Mon May 25 15:33:53 2026] DELETE /v2.0/networks/f37a13f5-a6ad-45db-b576-d752a6f4195b => generated 0 bytes in 519 msecs (HTTP/1.1 204) 3 headers in 131 bytes (1 switches on core 0) [pid: 8|app: 0|req: 709/1443] 10.0.0.159 () {32 vars in 717 bytes} [Mon May 25 15:33:54 2026] GET /v2.0/ports/86ca5446-d721-4641-b928-8818c6615245 => generated 943 bytes in 84 msecs (HTTP/1.1 200) 4 headers in 157 bytes (1 switches on core 0)
2026-05-25 15:33:54.583 8 INFO neutron.db.ovn_revision_numbers_db [None req-47abec1d-0913-48d0-8888-a002a4d55fce 9247f57bcffd479e8e654474436a5261 adc015c4be0449b295d08674736b1b7c - - default default] Successfully bumped revision number for resource c738b739-e7d0-4992-8a86-a9b62cf97fb9 (type: floatingips) to 2
2026-05-25 15:33:54.625 8 INFO neutron.db.l3_db [None req-47abec1d-0913-48d0-8888-a002a4d55fce 9247f57bcffd479e8e654474436a5261 adc015c4be0449b295d08674736b1b7c - - default default] Floating IP c738b739-e7d0-4992-8a86-a9b62cf97fb9 disassociated. External IP: 10.96.250.207, port: b19403c4-ffaa-44c4-88ef-abc8985ca3ec. [pid: 8|app: 0|req: 710/1444] 10.0.0.159 () {34 vars in 749 bytes} [Mon May 25 15:33:54 2026] PUT /v2.0/floatingips/c738b739-e7d0-4992-8a86-a9b62cf97fb9 => generated 554 bytes in 242 msecs (HTTP/1.1 200) 4 headers in 157 bytes (1 switches on core 0)
2026-05-25 15:33:54.670 7 INFO neutron.db.ovn_revision_numbers_db [None req-83d5b7b7-1960-433e-86cd-14743c81170a 463dd05172154c5288d1cfcc78caabb1 92d3b2485757471d8e1f40bd0ad261b1 - - default default] Successfully bumped revision number for resource a576d24e-201b-48c4-860d-e841a7f0ab30 (type: security_groups) to 1
2026-05-25 15:33:54.681 7 INFO neutron.db.ovn_revision_numbers_db [None req-83d5b7b7-1960-433e-86cd-14743c81170a 463dd05172154c5288d1cfcc78caabb1 92d3b2485757471d8e1f40bd0ad261b1 - - default default] Successfully bumped revision number for resource 09a512d3-4c67-4131-9646-20fae7b63a39 (type: security_group_rules) to 0
2026-05-25 15:33:54.692 7 INFO neutron.db.ovn_revision_numbers_db [None req-83d5b7b7-1960-433e-86cd-14743c81170a 463dd05172154c5288d1cfcc78caabb1 92d3b2485757471d8e1f40bd0ad261b1 - - default default] Successfully bumped revision number for resource 13449ae1-451c-4f66-9ac1-5b353612af77 (type: security_group_rules) to 0
2026-05-25 15:33:54.704 7 INFO neutron.db.ovn_revision_numbers_db [None req-83d5b7b7-1960-433e-86cd-14743c81170a 463dd05172154c5288d1cfcc78caabb1 92d3b2485757471d8e1f40bd0ad261b1 - - default default] Successfully bumped revision number for resource 17954010-3242-47be-876b-c5b36e7cbd0a (type: security_group_rules) to 0
2026-05-25 15:33:54.715 7 INFO neutron.db.ovn_revision_numbers_db [None req-83d5b7b7-1960-433e-86cd-14743c81170a 463dd05172154c5288d1cfcc78caabb1 92d3b2485757471d8e1f40bd0ad261b1 - - default default] Successfully bumped revision number for resource 323493c7-f38d-4d6b-a835-e60f695aeeb4 (type: security_group_rules) to 0
2026-05-25 15:33:54.782 8 INFO neutron_taas.services.taas.taas_plugin [None req-77b0eb9f-4784-4b85-9ea0-973a7e992509 90b4b7bca32340528f1b096dce876fff 218cc961765f4095a7fcef084674ea61 - - default default] TaaS: Handle Delete Port: 7d494806-c489-4fb5-849b-e670b6e092b3
2026-05-25 15:33:54.784 8 INFO neutron_taas.services.taas.tap_mirror_plugin [None req-77b0eb9f-4784-4b85-9ea0-973a7e992509 90b4b7bca32340528f1b096dce876fff 218cc961765f4095a7fcef084674ea61 - - default default] Tap Mirror: Handle Delete Port: 7d494806-c489-4fb5-849b-e670b6e092b3
2026-05-25 15:33:54.796 7 INFO neutron.db.segments_db [None req-83d5b7b7-1960-433e-86cd-14743c81170a 463dd05172154c5288d1cfcc78caabb1 92d3b2485757471d8e1f40bd0ad261b1 - - default default] Added segment 86e05395-1527-4339-ab0b-78b704c6ff55 of type geneve for network cbb7b569-b36d-4340-9408-476c936e8fb9
2026-05-25 15:33:54.885 7 INFO neutron.db.segments_db [None req-83d5b7b7-1960-433e-86cd-14743c81170a 463dd05172154c5288d1cfcc78caabb1 92d3b2485757471d8e1f40bd0ad261b1 - - default default] Added segment 46e4d360-e013-4240-87ef-4ad78d4a27b2 of type geneve for network 09e9c6aa-3438-451a-a8a4-978cd9ffa717
2026-05-25 15:33:54.991 7 INFO neutron.db.ovn_revision_numbers_db [None req-83d5b7b7-1960-433e-86cd-14743c81170a 463dd05172154c5288d1cfcc78caabb1 92d3b2485757471d8e1f40bd0ad261b1 - - default default] Successfully bumped revision number for resource cbb7b569-b36d-4340-9408-476c936e8fb9 (type: networks) to 1 [pid: 8|app: 0|req: 711/1445] 10.0.0.159 () {32 vars in 726 bytes} [Mon May 25 15:33:54 2026] DELETE /v2.0/networks/2e1d4ca3-7913-47fa-aef5-af84a170effd => generated 0 bytes in 337 msecs (HTTP/1.1 204) 3 headers in 131 bytes (1 switches on core 0)
2026-05-25 15:33:55.150 7 WARNING neutron.scheduler.dhcp_agent_scheduler [None req-83d5b7b7-1960-433e-86cd-14743c81170a 463dd05172154c5288d1cfcc78caabb1 92d3b2485757471d8e1f40bd0ad261b1 - - default default] No more DHCP agents
2026-05-25 15:33:55.152 7 WARNING neutron.api.rpc.agentnotifiers.dhcp_rpc_agent_api [None req-83d5b7b7-1960-433e-86cd-14743c81170a 463dd05172154c5288d1cfcc78caabb1 92d3b2485757471d8e1f40bd0ad261b1 - - default default] Unable to schedule network cbb7b569-b36d-4340-9408-476c936e8fb9: no agents available; will retry on subsequent port and subnet creation events.
2026-05-25 15:33:55.221 7 INFO neutron.db.ovn_revision_numbers_db [None req-83d5b7b7-1960-433e-86cd-14743c81170a 463dd05172154c5288d1cfcc78caabb1 92d3b2485757471d8e1f40bd0ad261b1 - - default default] Successfully bumped revision number for resource 2468c97a-39ff-430b-aafb-b41dc8add0d4 (type: ports) to 1
2026-05-25 15:33:55.286 7 INFO neutron.db.ovn_revision_numbers_db [None req-83d5b7b7-1960-433e-86cd-14743c81170a 463dd05172154c5288d1cfcc78caabb1 92d3b2485757471d8e1f40bd0ad261b1 - - default default] Successfully bumped revision number for resource 09e9c6aa-3438-451a-a8a4-978cd9ffa717 (type: networks) to 1
2026-05-25 15:33:55.436 7 WARNING neutron.scheduler.dhcp_agent_scheduler [None req-83d5b7b7-1960-433e-86cd-14743c81170a 463dd05172154c5288d1cfcc78caabb1 92d3b2485757471d8e1f40bd0ad261b1 - - default default] No more DHCP agents
2026-05-25 15:33:55.438 7 WARNING neutron.api.rpc.agentnotifiers.dhcp_rpc_agent_api [None req-83d5b7b7-1960-433e-86cd-14743c81170a 463dd05172154c5288d1cfcc78caabb1 92d3b2485757471d8e1f40bd0ad261b1 - - default default] Unable to schedule network 09e9c6aa-3438-451a-a8a4-978cd9ffa717: no agents available; will retry on subsequent port and subnet creation events.
2026-05-25 15:33:55.469 8 WARNING neutron.scheduler.dhcp_agent_scheduler [None req-054a9ce2-acd3-4a34-b165-d4c393b3115b e0dd1b65e8124e008af58b6c66723897 6c17aa4a907d497ea867b449da09bac0 - - default default] No more DHCP agents
2026-05-25 15:33:55.484 8 WARNING neutron.api.rpc.agentnotifiers.dhcp_rpc_agent_api [None req-054a9ce2-acd3-4a34-b165-d4c393b3115b e0dd1b65e8124e008af58b6c66723897 6c17aa4a907d497ea867b449da09bac0 - - default default] Unable to schedule network a38d9936-751b-470e-8ef2-17978d9b0794: no agents available; will retry on subsequent port and subnet creation events.
2026-05-25 15:33:55.538 7 INFO neutron.db.ovn_revision_numbers_db [None req-83d5b7b7-1960-433e-86cd-14743c81170a 463dd05172154c5288d1cfcc78caabb1 92d3b2485757471d8e1f40bd0ad261b1 - - default default] Successfully bumped revision number for resource 8ac42d20-a403-43e1-9680-5fc43fb9ce43 (type: ports) to 1 [pid: 7|app: 0|req: 735/1446] 10.0.0.159 () {34 vars in 670 bytes} [Mon May 25 15:33:54 2026] POST /v2.0/networks => generated 1284 bytes in 1191 msecs (HTTP/1.1 201) 4 headers in 163 bytes (1 switches on core 0)
2026-05-25 15:33:55.621 8 INFO neutron.db.ovn_revision_numbers_db [None req-054a9ce2-acd3-4a34-b165-d4c393b3115b e0dd1b65e8124e008af58b6c66723897 6c17aa4a907d497ea867b449da09bac0 - - default default] Successfully bumped revision number for resource 26146021-cd57-4e17-a842-41757916dfff (type: ports) to 1
2026-05-25 15:33:55.717 7 INFO neutron_taas.services.taas.taas_plugin [None req-644d0522-a8b8-42e9-973b-01a9611be73d 9247f57bcffd479e8e654474436a5261 adc015c4be0449b295d08674736b1b7c - - default default] TaaS: Handle Delete Port: 87812407-f4e3-43fe-88d6-22b7f056a288
2026-05-25 15:33:55.720 7 INFO neutron_taas.services.taas.tap_mirror_plugin [None req-644d0522-a8b8-42e9-973b-01a9611be73d 9247f57bcffd479e8e654474436a5261 adc015c4be0449b295d08674736b1b7c - - default default] Tap Mirror: Handle Delete Port: 87812407-f4e3-43fe-88d6-22b7f056a288 [pid: 7|app: 0|req: 736/1447] 10.0.0.159 () {32 vars in 732 bytes} [Mon May 25 15:33:55 2026] DELETE /v2.0/floatingips/c738b739-e7d0-4992-8a86-a9b62cf97fb9 => generated 0 bytes in 306 msecs (HTTP/1.1 204) 2 headers in 112 bytes (1 switches on core 0) [pid: 7|app: 0|req: 737/1448] 10.0.0.159 () {32 vars in 774 bytes} [Mon May 25 15:33:55 2026] GET /v2.0/security-groups?tenant_id=218cc961765f4095a7fcef084674ea61&name=default => generated 2925 bytes in 116 msecs (HTTP/1.1 200) 4 headers in 158 bytes (1 switches on core 0) [pid: 7|app: 0|req: 738/1449] 10.0.0.159 () {32 vars in 649 bytes} [Mon May 25 15:33:55 2026] GET /v2.0/networks => generated 1971 bytes in 50 msecs (HTTP/1.1 200) 4 headers in 158 bytes (1 switches on core 0)
2026-05-25 15:33:56.210 8 WARNING neutron.scheduler.dhcp_agent_scheduler [None req-054a9ce2-acd3-4a34-b165-d4c393b3115b e0dd1b65e8124e008af58b6c66723897 6c17aa4a907d497ea867b449da09bac0 - - default default] No more DHCP agents
2026-05-25 15:33:56.211 8 WARNING neutron.api.rpc.agentnotifiers.dhcp_rpc_agent_api [None req-054a9ce2-acd3-4a34-b165-d4c393b3115b e0dd1b65e8124e008af58b6c66723897 6c17aa4a907d497ea867b449da09bac0 - - default default] Unable to schedule network a38d9936-751b-470e-8ef2-17978d9b0794: no agents available; will retry on subsequent port and subnet creation events.
2026-05-25 15:33:56.270 7 WARNING neutron.scheduler.dhcp_agent_scheduler [None req-7e9b5cb6-42a7-4cf0-b1d4-bfb538449845 9247f57bcffd479e8e654474436a5261 adc015c4be0449b295d08674736b1b7c - - default default] No more DHCP agents
2026-05-25 15:33:56.271 7 WARNING neutron.api.rpc.agentnotifiers.dhcp_rpc_agent_api [None req-7e9b5cb6-42a7-4cf0-b1d4-bfb538449845 9247f57bcffd479e8e654474436a5261 adc015c4be0449b295d08674736b1b7c - - default default] Unable to schedule network 2e0d457d-d1bb-48d2-8a5c-ed23bfcb4f28: no agents available; will retry on subsequent port and subnet creation events.
2026-05-25 15:33:56.312 8 INFO neutron.services.segments.plugin [-] Segment d67f5f42-b85f-4bb9-ae96-53dab47edacc resource provider aggregate not found
2026-05-25 15:33:56.318 8 INFO neutron.services.segments.plugin [-] Segment d67f5f42-b85f-4bb9-ae96-53dab47edacc resource provider aggregate not found
2026-05-25 15:33:56.329 8 INFO neutron.services.segments.plugin [-] Segment d67f5f42-b85f-4bb9-ae96-53dab47edacc resource provider not found; error: Placement Client Error (4xx): {"errors": [{"status": 404, "title": "Not Found", "detail": "The resource could not be found.\n\n No resource provider with uuid d67f5f42-b85f-4bb9-ae96-53dab47edacc found for delete ", "request_id": "req-923533c5-3e7a-444c-8e15-4d72292f4f54"}]}
2026-05-25 15:33:56.335 8 INFO neutron.services.segments.plugin [-] Segment d67f5f42-b85f-4bb9-ae96-53dab47edacc resource provider not found; error: Placement Client Error (4xx): {"errors": [{"status": 404, "title": "Not Found", "detail": "The resource could not be found.\n\n No resource provider with uuid d67f5f42-b85f-4bb9-ae96-53dab47edacc found for delete ", "request_id": "req-d85368f6-f2d7-4b1c-8f23-977e60bc87bd"}]}
2026-05-25 15:33:56.424 8 INFO neutron.db.ovn_revision_numbers_db [None req-054a9ce2-acd3-4a34-b165-d4c393b3115b e0dd1b65e8124e008af58b6c66723897 6c17aa4a907d497ea867b449da09bac0 - - default default] Successfully bumped revision number for resource 26146021-cd57-4e17-a842-41757916dfff (type: router_ports) to 1 [pid: 8|app: 0|req: 712/1450] 10.0.0.159 () {34 vars in 783 bytes} [Mon May 25 15:33:54 2026] PUT /v2.0/routers/23cb21d2-032c-488d-abe7-022816ae3fd6/add_router_interface => generated 309 bytes in 1432 msecs (HTTP/1.1 200) 4 headers in 157 bytes (1 switches on core 0) [pid: 8|app: 0|req: 713/1451] 10.0.0.159 () {32 vars in 740 bytes} [Mon May 25 15:33:56 2026] DELETE /v2.0/security-groups/763f38a6-2091-408a-803f-591a25e8ec4f => generated 0 bytes in 219 msecs (HTTP/1.1 204) 2 headers in 112 bytes (1 switches on core 0)
2026-05-25 15:33:56.741 8 INFO neutron_taas.services.taas.taas_plugin [None req-9f4c172c-61e9-4b14-a9d9-b65d2f7fd556 463dd05172154c5288d1cfcc78caabb1 92d3b2485757471d8e1f40bd0ad261b1 - - default default] TaaS: Handle Delete Port: 2468c97a-39ff-430b-aafb-b41dc8add0d4
2026-05-25 15:33:56.743 8 INFO neutron_taas.services.taas.tap_mirror_plugin [None req-9f4c172c-61e9-4b14-a9d9-b65d2f7fd556 463dd05172154c5288d1cfcc78caabb1 92d3b2485757471d8e1f40bd0ad261b1 - - default default] Tap Mirror: Handle Delete Port: 2468c97a-39ff-430b-aafb-b41dc8add0d4 [pid: 8|app: 0|req: 714/1452] 10.0.0.159 () {32 vars in 726 bytes} [Mon May 25 15:33:56 2026] DELETE /v2.0/networks/cbb7b569-b36d-4340-9408-476c936e8fb9 => generated 0 bytes in 320 msecs (HTTP/1.1 204) 3 headers in 131 bytes (1 switches on core 0) [pid: 8|app: 0|req: 715/1453] 10.0.0.159 () {32 vars in 717 bytes} [Mon May 25 15:33:56 2026] GET /v2.0/ports/26146021-cd57-4e17-a842-41757916dfff => generated 941 bytes in 76 msecs (HTTP/1.1 200) 4 headers in 157 bytes (1 switches on core 0)
2026-05-25 15:33:57.159 8 INFO neutron_taas.services.taas.taas_plugin [None req-f0121cf7-d9c8-4ca6-bfcc-7a239e6c3f2a 463dd05172154c5288d1cfcc78caabb1 92d3b2485757471d8e1f40bd0ad261b1 - - default default] TaaS: Handle Delete Port: 8ac42d20-a403-43e1-9680-5fc43fb9ce43
2026-05-25 15:33:57.162 8 INFO neutron_taas.services.taas.tap_mirror_plugin [None req-f0121cf7-d9c8-4ca6-bfcc-7a239e6c3f2a 463dd05172154c5288d1cfcc78caabb1 92d3b2485757471d8e1f40bd0ad261b1 - - default default] Tap Mirror: Handle Delete Port: 8ac42d20-a403-43e1-9680-5fc43fb9ce43
2026-05-25 15:33:57.218 7 INFO neutron.db.ovn_revision_numbers_db [None req-7e9b5cb6-42a7-4cf0-b1d4-bfb538449845 9247f57bcffd479e8e654474436a5261 adc015c4be0449b295d08674736b1b7c - - default default] Successfully bumped revision number for resource f84a51f7-d0ea-43f6-bf4c-2eb3da0b79ac (type: floatingips) to 1
2026-05-25 15:33:57.218 7 INFO neutron.db.l3_db [None req-7e9b5cb6-42a7-4cf0-b1d4-bfb538449845 9247f57bcffd479e8e654474436a5261 adc015c4be0449b295d08674736b1b7c - - default default] Floating IP f84a51f7-d0ea-43f6-bf4c-2eb3da0b79ac associated. External IP: 10.96.250.208, port: 8364860f-2d40-4a20-9a82-b3ec3f38a826. [pid: 7|app: 0|req: 739/1454] 10.0.0.159 () {34 vars in 677 bytes} [Mon May 25 15:33:56 2026] POST /v2.0/floatingips => generated 841 bytes in 1218 msecs (HTTP/1.1 201) 4 headers in 162 bytes (1 switches on core 0) [pid: 7|app: 0|req: 740/1455] 10.0.0.159 () {32 vars in 717 bytes} [Mon May 25 15:33:57 2026] GET /v2.0/ports/26146021-cd57-4e17-a842-41757916dfff => generated 941 bytes in 60 msecs (HTTP/1.1 200) 4 headers in 157 bytes (1 switches on core 0) [pid: 7|app: 0|req: 741/1456] 10.0.0.159 () {32 vars in 729 bytes} [Mon May 25 15:33:57 2026] GET /v2.0/floatingips/f84a51f7-d0ea-43f6-bf4c-2eb3da0b79ac => generated 843 bytes in 37 msecs (HTTP/1.1 200) 4 headers in 157 bytes (1 switches on core 0) [pid: 8|app: 0|req: 716/1457] 10.0.0.159 () {32 vars in 726 bytes} [Mon May 25 15:33:57 2026] DELETE /v2.0/networks/09e9c6aa-3438-451a-a8a4-978cd9ffa717 => generated 0 bytes in 314 msecs (HTTP/1.1 204) 3 headers in 131 bytes (1 switches on core 0) [pid: 7|app: 0|req: 742/1458] 10.0.0.159 () {32 vars in 655 bytes} [Mon May 25 15:33:57 2026] GET /v2.0/floatingips => generated 846 bytes in 52 msecs (HTTP/1.1 200) 4 headers in 157 bytes (1 switches on core 0) [pid: 8|app: 0|req: 717/1459] 10.0.0.159 () {32 vars in 649 bytes} [Mon May 25 15:33:57 2026] GET /v2.0/networks => generated 689 bytes in 62 msecs (HTTP/1.1 200) 4 headers in 157 bytes (1 switches on core 0)
2026-05-25 15:33:57.519 8 INFO neutron.db.segments_db [None req-e55ea115-004a-42c3-b54c-11e59c6b56d0 463dd05172154c5288d1cfcc78caabb1 92d3b2485757471d8e1f40bd0ad261b1 - - default default] Added segment 00e7f0d5-84ba-4e90-ac86-c2553b41da15 of type geneve for network 927b5e77-bbb2-4ab6-85ab-ad0cd1b78882
2026-05-25 15:33:57.625 8 INFO neutron.db.ovn_revision_numbers_db [None req-e55ea115-004a-42c3-b54c-11e59c6b56d0 463dd05172154c5288d1cfcc78caabb1 92d3b2485757471d8e1f40bd0ad261b1 - - default default] Successfully bumped revision number for resource 927b5e77-bbb2-4ab6-85ab-ad0cd1b78882 (type: networks) to 1
2026-05-25 15:33:57.802 8 WARNING neutron.scheduler.dhcp_agent_scheduler [None req-e55ea115-004a-42c3-b54c-11e59c6b56d0 463dd05172154c5288d1cfcc78caabb1 92d3b2485757471d8e1f40bd0ad261b1 - - default default] No more DHCP agents
2026-05-25 15:33:57.803 8 WARNING neutron.api.rpc.agentnotifiers.dhcp_rpc_agent_api [None req-e55ea115-004a-42c3-b54c-11e59c6b56d0 463dd05172154c5288d1cfcc78caabb1 92d3b2485757471d8e1f40bd0ad261b1 - - default default] Unable to schedule network 927b5e77-bbb2-4ab6-85ab-ad0cd1b78882: no agents available; will retry on subsequent port and subnet creation events.
2026-05-25 15:33:57.895 8 INFO neutron.db.ovn_revision_numbers_db [None req-e55ea115-004a-42c3-b54c-11e59c6b56d0 463dd05172154c5288d1cfcc78caabb1 92d3b2485757471d8e1f40bd0ad261b1 - - default default] Successfully bumped revision number for resource c68dfb25-be1e-4d34-b2ca-964b2f295f96 (type: ports) to 1 [pid: 8|app: 0|req: 718/1460] 10.0.0.159 () {34 vars in 670 bytes} [Mon May 25 15:33:57 2026] POST /v2.0/networks => generated 673 bytes in 487 msecs (HTTP/1.1 201) 4 headers in 162 bytes (1 switches on core 0)
2026-05-25 15:33:58.018 8 INFO neutron.db.segments_db [None req-e0acd28e-83bf-4510-b1a4-153f3525972d 463dd05172154c5288d1cfcc78caabb1 92d3b2485757471d8e1f40bd0ad261b1 - - default default] Added segment 26e37186-40cc-48c7-ae87-4fa7c4722fcb of type geneve for network aa09aff9-3fa1-4ff9-85d0-c803c1c04268
2026-05-25 15:33:58.128 8 INFO neutron.db.ovn_revision_numbers_db [None req-e0acd28e-83bf-4510-b1a4-153f3525972d 463dd05172154c5288d1cfcc78caabb1 92d3b2485757471d8e1f40bd0ad261b1 - - default default] Successfully bumped revision number for resource aa09aff9-3fa1-4ff9-85d0-c803c1c04268 (type: networks) to 1
2026-05-25 15:33:58.313 8 WARNING neutron.scheduler.dhcp_agent_scheduler [None req-e0acd28e-83bf-4510-b1a4-153f3525972d 463dd05172154c5288d1cfcc78caabb1 92d3b2485757471d8e1f40bd0ad261b1 - - default default] No more DHCP agents
2026-05-25 15:33:58.315 8 WARNING neutron.api.rpc.agentnotifiers.dhcp_rpc_agent_api [None req-e0acd28e-83bf-4510-b1a4-153f3525972d 463dd05172154c5288d1cfcc78caabb1 92d3b2485757471d8e1f40bd0ad261b1 - - default default] Unable to schedule network aa09aff9-3fa1-4ff9-85d0-c803c1c04268: no agents available; will retry on subsequent port and subnet creation events.
2026-05-25 15:33:58.322 7 INFO neutron.db.ovn_revision_numbers_db [None req-23252100-aace-4702-816a-534bb06ee646 9247f57bcffd479e8e654474436a5261 adc015c4be0449b295d08674736b1b7c - - default default] Successfully bumped revision number for resource f84a51f7-d0ea-43f6-bf4c-2eb3da0b79ac (type: floatingips) to 2
2026-05-25 15:33:58.351 8 INFO neutron.services.segments.plugin [-] Segment 86e05395-1527-4339-ab0b-78b704c6ff55 resource provider aggregate not found
2026-05-25 15:33:58.360 8 INFO neutron.services.segments.plugin [-] Segment 86e05395-1527-4339-ab0b-78b704c6ff55 resource provider aggregate not found
2026-05-25 15:33:58.385 8 INFO neutron.services.segments.plugin [-] Segment 86e05395-1527-4339-ab0b-78b704c6ff55 resource provider not found; error: Placement Client Error (4xx): {"errors": [{"status": 404, "title": "Not Found", "detail": "The resource could not be found.\n\n No resource provider with uuid 86e05395-1527-4339-ab0b-78b704c6ff55 found for delete ", "request_id": "req-d05a0f01-f395-4313-aa93-8803800c6519"}]}
2026-05-25 15:33:58.390 8 INFO neutron.services.segments.plugin [-] Segment 86e05395-1527-4339-ab0b-78b704c6ff55 resource provider not found; error: Placement Client Error (4xx): {"errors": [{"status": 404, "title": "Not Found", "detail": "The resource could not be found.\n\n No resource provider with uuid 86e05395-1527-4339-ab0b-78b704c6ff55 found for delete ", "request_id": "req-4fb5505a-7a26-4d06-be58-f409058c3b39"}]}
2026-05-25 15:33:58.414 8 INFO neutron.services.segments.plugin [-] Segment 46e4d360-e013-4240-87ef-4ad78d4a27b2 resource provider aggregate not found
2026-05-25 15:33:58.416 8 INFO neutron.services.segments.plugin [-] Segment 46e4d360-e013-4240-87ef-4ad78d4a27b2 resource provider aggregate not found
2026-05-25 15:33:58.437 8 INFO neutron.services.segments.plugin [-] Segment 46e4d360-e013-4240-87ef-4ad78d4a27b2 resource provider not found; error: Placement Client Error (4xx): {"errors": [{"status": 404, "title": "Not Found", "detail": "The resource could not be found.\n\n No resource provider with uuid 46e4d360-e013-4240-87ef-4ad78d4a27b2 found for delete ", "request_id": "req-cd027b84-c341-4f92-acfc-d80ae44d476b"}]}
2026-05-25 15:33:58.440 8 INFO neutron.services.segments.plugin [-] Segment 46e4d360-e013-4240-87ef-4ad78d4a27b2 resource provider not found; error: Placement Client Error (4xx): {"errors": [{"status": 404, "title": "Not Found", "detail": "The resource could not be found.\n\n No resource provider with uuid 46e4d360-e013-4240-87ef-4ad78d4a27b2 found for delete ", "request_id": "req-6f911e38-ec93-48a9-a1af-7e41760f0066"}]}
2026-05-25 15:33:58.442 7 INFO neutron.db.l3_db [None req-23252100-aace-4702-816a-534bb06ee646 9247f57bcffd479e8e654474436a5261 adc015c4be0449b295d08674736b1b7c - - default default] Floating IP f84a51f7-d0ea-43f6-bf4c-2eb3da0b79ac associated. External IP: 10.96.250.208, port: 8364860f-2d40-4a20-9a82-b3ec3f38a826.
2026-05-25 15:33:58.449 8 INFO neutron.db.ovn_revision_numbers_db [None req-e0acd28e-83bf-4510-b1a4-153f3525972d 463dd05172154c5288d1cfcc78caabb1 92d3b2485757471d8e1f40bd0ad261b1 - - default default] Successfully bumped revision number for resource 4d6f7f42-4f1c-4e56-8d7b-be8bd4ac4eec (type: ports) to 1 [pid: 8|app: 0|req: 719/1461] 10.0.0.159 () {34 vars in 670 bytes} [Mon May 25 15:33:57 2026] POST /v2.0/networks => generated 673 bytes in 549 msecs (HTTP/1.1 201) 4 headers in 162 bytes (1 switches on core 0) [pid: 7|app: 0|req: 743/1462] 10.0.0.159 () {34 vars in 749 bytes} [Mon May 25 15:33:57 2026] PUT /v2.0/floatingips/f84a51f7-d0ea-43f6-bf4c-2eb3da0b79ac => generated 843 bytes in 1068 msecs (HTTP/1.1 200) 4 headers in 157 bytes (1 switches on core 0) [pid: 8|app: 0|req: 720/1463] 10.0.0.159 () {32 vars in 717 bytes} [Mon May 25 15:33:58 2026] GET /v2.0/ports/26146021-cd57-4e17-a842-41757916dfff => generated 941 bytes in 35 msecs (HTTP/1.1 200) 4 headers in 157 bytes (1 switches on core 0)
2026-05-25 15:33:58.776 7 INFO neutron.db.ovn_revision_numbers_db [None req-44f3bf23-c557-4b96-ada2-91e0bcbbc649 1497cc0b484b434e99eff5f5aa355f51 b850f16f543941aaacc533a9f6e66490 - - default default] Successfully bumped revision number for resource fbc0c5b0-bb0e-4f0d-9ce0-870f887885fa (type: security_groups) to 1
2026-05-25 15:33:58.788 7 INFO neutron.db.ovn_revision_numbers_db [None req-44f3bf23-c557-4b96-ada2-91e0bcbbc649 1497cc0b484b434e99eff5f5aa355f51 b850f16f543941aaacc533a9f6e66490 - - default default] Successfully bumped revision number for resource 27e31f50-10c7-41a8-b870-fc2b962aa3dd (type: security_group_rules) to 0
2026-05-25 15:33:58.804 7 INFO neutron.db.ovn_revision_numbers_db [None req-44f3bf23-c557-4b96-ada2-91e0bcbbc649 1497cc0b484b434e99eff5f5aa355f51 b850f16f543941aaacc533a9f6e66490 - - default default] Successfully bumped revision number for resource 79e8cb73-9252-4cd6-866a-b1c973f21ca4 (type: security_group_rules) to 0
2026-05-25 15:33:58.817 7 INFO neutron.db.ovn_revision_numbers_db [None req-44f3bf23-c557-4b96-ada2-91e0bcbbc649 1497cc0b484b434e99eff5f5aa355f51 b850f16f543941aaacc533a9f6e66490 - - default default] Successfully bumped revision number for resource a21799f1-162b-4613-8c48-0a8daef19bfb (type: security_group_rules) to 0
2026-05-25 15:33:58.827 7 INFO neutron.db.ovn_revision_numbers_db [None req-44f3bf23-c557-4b96-ada2-91e0bcbbc649 1497cc0b484b434e99eff5f5aa355f51 b850f16f543941aaacc533a9f6e66490 - - default default] Successfully bumped revision number for resource e6913bea-a432-49d0-98f2-f7e60fef701b (type: security_group_rules) to 0
2026-05-25 15:33:58.876 7 WARNING neutron.plugins.ml2.drivers.ovn.mech_driver.ovsdb.ovn_client [None req-08643a09-594f-4cde-bbe8-e93222494040 - - - - - -] No hosting information found for port 86ca5446-d721-4641-b928-8818c6615245: RuntimeError: No hosting information found for port 86ca5446-d721-4641-b928-8818c6615245
2026-05-25 15:33:58.903 8 WARNING neutron.scheduler.dhcp_agent_scheduler [None req-ba6bf9ee-a955-41c4-a8ce-c87a983a33d9 463dd05172154c5288d1cfcc78caabb1 92d3b2485757471d8e1f40bd0ad261b1 - - default default] No more DHCP agents
2026-05-25 15:33:58.905 8 WARNING neutron.api.rpc.agentnotifiers.dhcp_rpc_agent_api [None req-ba6bf9ee-a955-41c4-a8ce-c87a983a33d9 463dd05172154c5288d1cfcc78caabb1 92d3b2485757471d8e1f40bd0ad261b1 - - default default] Unable to schedule network 927b5e77-bbb2-4ab6-85ab-ad0cd1b78882: no agents available; will retry on subsequent port and subnet creation events.
2026-05-25 15:33:58.916 8 WARNING neutron.plugins.ml2.drivers.ovn.mech_driver.ovsdb.ovn_client [None req-bd511afd-c7a8-41d3-bf12-1904dfa8096b - - - - - -] No hosting information found for port b48106b7-0b89-4676-be91-2dd774c14161: RuntimeError: No hosting information found for port b48106b7-0b89-4676-be91-2dd774c14161
2026-05-25 15:33:58.926 7 INFO neutron.db.segments_db [None req-44f3bf23-c557-4b96-ada2-91e0bcbbc649 1497cc0b484b434e99eff5f5aa355f51 b850f16f543941aaacc533a9f6e66490 - - default default] Added segment 75cfe3c0-4250-4c6f-a2b3-71cef90f8ba6 of type geneve for network e12578d5-fa99-43eb-aa2f-d76a3cb4632c
2026-05-25 15:33:59.006 7 INFO neutron.db.ovn_revision_numbers_db [None req-08643a09-594f-4cde-bbe8-e93222494040 - - - - - -] Successfully bumped revision number for resource 86ca5446-d721-4641-b928-8818c6615245 (type: router_ports) to 2
2026-05-25 15:33:59.045 8 INFO neutron.db.ovn_revision_numbers_db [None req-ba6bf9ee-a955-41c4-a8ce-c87a983a33d9 463dd05172154c5288d1cfcc78caabb1 92d3b2485757471d8e1f40bd0ad261b1 - - default default] Successfully bumped revision number for resource f4ea74da-abf7-47a9-92ad-ccff23c0a6fa (type: ports) to 1
2026-05-25 15:33:59.056 8 INFO neutron.db.ovn_revision_numbers_db [None req-bd511afd-c7a8-41d3-bf12-1904dfa8096b - - - - - -] Successfully bumped revision number for resource b48106b7-0b89-4676-be91-2dd774c14161 (type: router_ports) to 2
2026-05-25 15:33:59.057 8 INFO neutron.plugins.ml2.drivers.ovn.mech_driver.mech_driver [None req-bd511afd-c7a8-41d3-bf12-1904dfa8096b - - - - - -] OVN reports status down for port: 8364860f-2d40-4a20-9a82-b3ec3f38a826
2026-05-25 15:33:59.065 7 INFO neutron.plugins.ml2.drivers.ovn.mech_driver.mech_driver [None req-08643a09-594f-4cde-bbe8-e93222494040 - - - - - -] OVN reports status down for port: 8ac42d20-a403-43e1-9680-5fc43fb9ce43
2026-05-25 15:33:59.081 7 INFO neutron.plugins.ml2.drivers.ovn.mech_driver.mech_driver [None req-08643a09-594f-4cde-bbe8-e93222494040 - - - - - -] OVN reports status down for port: 26146021-cd57-4e17-a842-41757916dfff
2026-05-25 15:33:59.120 8 WARNING neutron.scheduler.dhcp_agent_scheduler [None req-ba6bf9ee-a955-41c4-a8ce-c87a983a33d9 463dd05172154c5288d1cfcc78caabb1 92d3b2485757471d8e1f40bd0ad261b1 - - default default] No more DHCP agents
2026-05-25 15:33:59.122 8 WARNING neutron.api.rpc.agentnotifiers.dhcp_rpc_agent_api [None req-ba6bf9ee-a955-41c4-a8ce-c87a983a33d9 463dd05172154c5288d1cfcc78caabb1 92d3b2485757471d8e1f40bd0ad261b1 - - default default] Unable to schedule network aa09aff9-3fa1-4ff9-85d0-c803c1c04268: no agents available; will retry on subsequent port and subnet creation events.
2026-05-25 15:33:59.152 7 INFO neutron.db.ovn_revision_numbers_db [None req-44f3bf23-c557-4b96-ada2-91e0bcbbc649 1497cc0b484b434e99eff5f5aa355f51 b850f16f543941aaacc533a9f6e66490 - - default default] Successfully bumped revision number for resource e12578d5-fa99-43eb-aa2f-d76a3cb4632c (type: networks) to 1
2026-05-25 15:33:59.174 8 INFO neutron.plugins.ml2.drivers.ovn.mech_driver.mech_driver [None req-bd511afd-c7a8-41d3-bf12-1904dfa8096b - - - - - -] OVN reports status down for port: b19403c4-ffaa-44c4-88ef-abc8985ca3ec
2026-05-25 15:33:59.239 8 INFO neutron.db.ovn_revision_numbers_db [None req-ba6bf9ee-a955-41c4-a8ce-c87a983a33d9 463dd05172154c5288d1cfcc78caabb1 92d3b2485757471d8e1f40bd0ad261b1 - - default default] Successfully bumped revision number for resource 7ac4b6f1-12cd-490e-9801-c6b1f605916a (type: ports) to 1
2026-05-25 15:33:59.265 7 WARNING neutron.plugins.ml2.drivers.ovn.mech_driver.ovsdb.ovn_client [None req-08643a09-594f-4cde-bbe8-e93222494040 - - - - - -] Logical_Switch_Port %s host information not removed, the port state is up
2026-05-25 15:33:59.265 7 INFO neutron.plugins.ml2.drivers.ovn.mech_driver.mech_driver [None req-08643a09-594f-4cde-bbe8-e93222494040 - - - - - -] OVN reports status up for port: 26146021-cd57-4e17-a842-41757916dfff
2026-05-25 15:33:59.286 7 INFO neutron.plugins.ml2.plugin [None req-08643a09-594f-4cde-bbe8-e93222494040 - - - - - -] Attempt 1 to provision port 26146021-cd57-4e17-a842-41757916dfff [pid: 8|app: 0|req: 721/1464] 10.0.0.159 () {34 vars in 665 bytes} [Mon May 25 15:33:58 2026] POST /v2.0/ports => generated 1506 bytes in 884 msecs (HTTP/1.1 201) 4 headers in 163 bytes (1 switches on core 0) /var/lib/openstack/lib/python3.12/site-packages/pycadf/identifier.py:70: UserWarning: Invalid uuid: neutron. To ensure interoperability, identifiers should be a valid uuid. warnings.warn(('Invalid uuid: %s. To ensure interoperability, '
2026-05-25 15:33:59.445 8 INFO neutron.plugins.ml2.drivers.ovn.mech_driver.mech_driver [None req-bd511afd-c7a8-41d3-bf12-1904dfa8096b - - - - - -] OVN reports status down for port: 2468c97a-39ff-430b-aafb-b41dc8add0d4
2026-05-25 15:33:59.462 8 INFO neutron.plugins.ml2.drivers.ovn.mech_driver.mech_driver [None req-bd511afd-c7a8-41d3-bf12-1904dfa8096b - - - - - -] OVN reports status down for port: f4ea74da-abf7-47a9-92ad-ccff23c0a6fa
2026-05-25 15:33:59.466 7 WARNING neutron.scheduler.dhcp_agent_scheduler [None req-44f3bf23-c557-4b96-ada2-91e0bcbbc649 1497cc0b484b434e99eff5f5aa355f51 b850f16f543941aaacc533a9f6e66490 - - default default] No more DHCP agents
2026-05-25 15:33:59.476 7 WARNING neutron.api.rpc.agentnotifiers.dhcp_rpc_agent_api [None req-44f3bf23-c557-4b96-ada2-91e0bcbbc649 1497cc0b484b434e99eff5f5aa355f51 b850f16f543941aaacc533a9f6e66490 - - default default] Unable to schedule network e12578d5-fa99-43eb-aa2f-d76a3cb4632c: no agents available; will retry on subsequent port and subnet creation events.
2026-05-25 15:33:59.604 7 INFO neutron.db.ovn_revision_numbers_db [None req-44f3bf23-c557-4b96-ada2-91e0bcbbc649 1497cc0b484b434e99eff5f5aa355f51 b850f16f543941aaacc533a9f6e66490 - - default default] Successfully bumped revision number for resource db838406-ebb7-4f67-a952-22f20a033289 (type: ports) to 1
2026-05-25 15:33:59.606 8 INFO neutron.plugins.ml2.drivers.ovn.mech_driver.mech_driver [None req-bd511afd-c7a8-41d3-bf12-1904dfa8096b - - - - - -] OVN reports status down for port: db838406-ebb7-4f67-a952-22f20a033289 [pid: 7|app: 0|req: 744/1465] 10.0.0.159 () {34 vars in 670 bytes} [Mon May 25 15:33:58 2026] POST /v2.0/networks => generated 667 bytes in 1172 msecs (HTTP/1.1 201) 4 headers in 162 bytes (1 switches on core 0)
2026-05-25 15:33:59.685 8 INFO neutron.db.ovn_revision_numbers_db [None req-60cf3676-697f-4255-9d82-2c40a4d893f8 9247f57bcffd479e8e654474436a5261 adc015c4be0449b295d08674736b1b7c - - default default] Successfully bumped revision number for resource f84a51f7-d0ea-43f6-bf4c-2eb3da0b79ac (type: floatingips) to 3
2026-05-25 15:33:59.745 8 INFO neutron.db.l3_db [None req-60cf3676-697f-4255-9d82-2c40a4d893f8 9247f57bcffd479e8e654474436a5261 adc015c4be0449b295d08674736b1b7c - - default default] Floating IP f84a51f7-d0ea-43f6-bf4c-2eb3da0b79ac disassociated. External IP: 10.96.250.208, port: b19403c4-ffaa-44c4-88ef-abc8985ca3ec. [pid: 8|app: 0|req: 722/1466] 10.0.0.159 () {34 vars in 749 bytes} [Mon May 25 15:33:59 2026] PUT /v2.0/floatingips/f84a51f7-d0ea-43f6-bf4c-2eb3da0b79ac => generated 554 bytes in 384 msecs (HTTP/1.1 200) 4 headers in 157 bytes (1 switches on core 0) /var/lib/openstack/lib/python3.12/site-packages/pycadf/identifier.py:70: UserWarning: Invalid uuid: neutron. To ensure interoperability, identifiers should be a valid uuid. warnings.warn(('Invalid uuid: %s. To ensure interoperability, ' [pid: 8|app: 0|req: 723/1467] 10.0.0.159 () {32 vars in 717 bytes} [Mon May 25 15:33:59 2026] GET /v2.0/ports/26146021-cd57-4e17-a842-41757916dfff => generated 943 bytes in 29 msecs (HTTP/1.1 200) 4 headers in 157 bytes (1 switches on core 0)
2026-05-25 15:33:59.930 8 INFO neutron_taas.services.taas.taas_plugin [None req-b46d3fac-95b1-4a58-a6ea-5888c558e664 9247f57bcffd479e8e654474436a5261 adc015c4be0449b295d08674736b1b7c - - default default] TaaS: Handle Delete Port: 4967b1c0-b4a8-4353-a47d-376f40291d60
2026-05-25 15:33:59.933 8 INFO neutron_taas.services.taas.tap_mirror_plugin [None req-b46d3fac-95b1-4a58-a6ea-5888c558e664 9247f57bcffd479e8e654474436a5261 adc015c4be0449b295d08674736b1b7c - - default default] Tap Mirror: Handle Delete Port: 4967b1c0-b4a8-4353-a47d-376f40291d60 [pid: 7|app: 0|req: 745/1468] 10.0.0.159 () {32 vars in 643 bytes} [Mon May 25 15:33:59 2026] GET /v2.0/ports => generated 3018 bytes in 276 msecs (HTTP/1.1 200) 4 headers in 158 bytes (1 switches on core 0)
2026-05-25 15:33:59.944 7 INFO neutron.db.ovn_revision_numbers_db [None req-08643a09-594f-4cde-bbe8-e93222494040 - - - - - -] Successfully bumped revision number for resource 26146021-cd57-4e17-a842-41757916dfff (type: ports) to 2 [pid: 8|app: 0|req: 724/1469] 10.0.0.159 () {32 vars in 732 bytes} [Mon May 25 15:33:59 2026] DELETE /v2.0/floatingips/f84a51f7-d0ea-43f6-bf4c-2eb3da0b79ac => generated 0 bytes in 317 msecs (HTTP/1.1 204) 2 headers in 112 bytes (1 switches on core 0)
2026-05-25 15:34:00.221 8 INFO neutron_taas.services.taas.taas_plugin [None req-2bc138eb-a258-4ba3-b781-1f6b84a153fd 463dd05172154c5288d1cfcc78caabb1 92d3b2485757471d8e1f40bd0ad261b1 - - default default] TaaS: Handle Delete Port: f4ea74da-abf7-47a9-92ad-ccff23c0a6fa
2026-05-25 15:34:00.223 8 INFO neutron_taas.services.taas.tap_mirror_plugin [None req-2bc138eb-a258-4ba3-b781-1f6b84a153fd 463dd05172154c5288d1cfcc78caabb1 92d3b2485757471d8e1f40bd0ad261b1 - - default default] Tap Mirror: Handle Delete Port: f4ea74da-abf7-47a9-92ad-ccff23c0a6fa
2026-05-25 15:34:00.286 7 INFO neutron_taas.services.taas.taas_plugin [None req-b34a2c3f-83e0-4491-8499-1fe17f91fe87 e0dd1b65e8124e008af58b6c66723897 6c17aa4a907d497ea867b449da09bac0 - - default default] TaaS: Handle Delete Port: 26146021-cd57-4e17-a842-41757916dfff
2026-05-25 15:34:00.292 7 INFO neutron_taas.services.taas.tap_mirror_plugin [None req-b34a2c3f-83e0-4491-8499-1fe17f91fe87 e0dd1b65e8124e008af58b6c66723897 6c17aa4a907d497ea867b449da09bac0 - - default default] Tap Mirror: Handle Delete Port: 26146021-cd57-4e17-a842-41757916dfff [pid: 8|app: 0|req: 725/1470] 10.0.0.159 () {32 vars in 720 bytes} [Mon May 25 15:34:00 2026] DELETE /v2.0/ports/f4ea74da-abf7-47a9-92ad-ccff23c0a6fa => generated 0 bytes in 177 msecs (HTTP/1.1 204) 3 headers in 131 bytes (1 switches on core 0)
2026-05-25 15:34:00.318 8 INFO neutron.api.v2.resource [None req-c8d86772-0f6e-4a84-bdf1-14370934904b 9247f57bcffd479e8e654474436a5261 adc015c4be0449b295d08674736b1b7c - - default default] delete failed (client error): The resource could not be found. [pid: 8|app: 0|req: 726/1471] 10.0.0.159 () {32 vars in 732 bytes} [Mon May 25 15:34:00 2026] DELETE /v2.0/floatingips/f84a51f7-d0ea-43f6-bf4c-2eb3da0b79ac => generated 144 bytes in 16 msecs (HTTP/1.1 404) 4 headers in 164 bytes (1 switches on core 0)
2026-05-25 15:34:00.503 8 WARNING neutron.scheduler.dhcp_agent_scheduler [None req-d84496b5-00fb-4f7d-acee-e3e8b1b6bebd 1497cc0b484b434e99eff5f5aa355f51 b850f16f543941aaacc533a9f6e66490 - - default default] No more DHCP agents
2026-05-25 15:34:00.504 8 WARNING neutron.api.rpc.agentnotifiers.dhcp_rpc_agent_api [None req-d84496b5-00fb-4f7d-acee-e3e8b1b6bebd 1497cc0b484b434e99eff5f5aa355f51 b850f16f543941aaacc533a9f6e66490 - - default default] Unable to schedule network e12578d5-fa99-43eb-aa2f-d76a3cb4632c: no agents available; will retry on subsequent port and subnet creation events.
