2026-05-25 15:34:00.533 8 INFO neutron.db.ovn_revision_numbers_db [None req-d84496b5-00fb-4f7d-acee-e3e8b1b6bebd 1497cc0b484b434e99eff5f5aa355f51 b850f16f543941aaacc533a9f6e66490 - - default default] Successfully bumped revision number for resource 48b32de8-6a47-419c-aa9a-7bd352ed1ead (type: subnets) to 0 [pid: 8|app: 0|req: 727/1472] 10.0.0.159 () {34 vars in 669 bytes} [Mon May 25 15:34:00 2026] POST /v2.0/subnets => generated 673 bytes in 232 msecs (HTTP/1.1 201) 4 headers in 162 bytes (1 switches on core 0) [pid: 7|app: 0|req: 746/1473] 10.0.0.159 () {34 vars in 789 bytes} [Mon May 25 15:33:59 2026] PUT /v2.0/routers/23cb21d2-032c-488d-abe7-022816ae3fd6/remove_router_interface => generated 309 bytes in 726 msecs (HTTP/1.1 200) 4 headers in 157 bytes (1 switches on core 0) /var/lib/openstack/lib/python3.12/site-packages/pycadf/identifier.py:70: UserWarning: Invalid uuid: neutron. To ensure interoperability, identifiers should be a valid uuid. warnings.warn(('Invalid uuid: %s. To ensure interoperability, '
2026-05-25 15:34:00.667 8 INFO neutron_taas.services.taas.taas_plugin [None req-bccda022-dc7c-4bd2-9e57-e625bcfd9654 463dd05172154c5288d1cfcc78caabb1 92d3b2485757471d8e1f40bd0ad261b1 - - default default] TaaS: Handle Delete Port: 7ac4b6f1-12cd-490e-9801-c6b1f605916a
2026-05-25 15:34:00.670 8 INFO neutron_taas.services.taas.tap_mirror_plugin [None req-bccda022-dc7c-4bd2-9e57-e625bcfd9654 463dd05172154c5288d1cfcc78caabb1 92d3b2485757471d8e1f40bd0ad261b1 - - default default] Tap Mirror: Handle Delete Port: 7ac4b6f1-12cd-490e-9801-c6b1f605916a [pid: 8|app: 0|req: 728/1474] 10.0.0.159 () {32 vars in 720 bytes} [Mon May 25 15:34:00 2026] DELETE /v2.0/ports/7ac4b6f1-12cd-490e-9801-c6b1f605916a => generated 0 bytes in 215 msecs (HTTP/1.1 204) 3 headers in 131 bytes (1 switches on core 0)
2026-05-25 15:34:00.853 8 INFO neutron.db.segments_db [None req-c7722bcd-9a50-4ea2-a264-55762b1275eb 1497cc0b484b434e99eff5f5aa355f51 b850f16f543941aaacc533a9f6e66490 - - default default] Added segment 41cf87ac-fe74-4d2b-84ba-349db64330a8 of type geneve for network 6579fae1-689d-4188-8d11-edfd266c2900
2026-05-25 15:34:00.858 7 INFO neutron_taas.services.taas.taas_plugin [None req-0a0cab3c-43b1-401f-86ea-a013410325bc 9247f57bcffd479e8e654474436a5261 adc015c4be0449b295d08674736b1b7c - - default default] TaaS: Handle Delete Port: b19403c4-ffaa-44c4-88ef-abc8985ca3ec
2026-05-25 15:34:00.862 7 INFO neutron_taas.services.taas.tap_mirror_plugin [None req-0a0cab3c-43b1-401f-86ea-a013410325bc 9247f57bcffd479e8e654474436a5261 adc015c4be0449b295d08674736b1b7c - - default default] Tap Mirror: Handle Delete Port: b19403c4-ffaa-44c4-88ef-abc8985ca3ec
2026-05-25 15:34:00.945 8 INFO neutron.db.ovn_revision_numbers_db [None req-c7722bcd-9a50-4ea2-a264-55762b1275eb 1497cc0b484b434e99eff5f5aa355f51 b850f16f543941aaacc533a9f6e66490 - - default default] Successfully bumped revision number for resource 6579fae1-689d-4188-8d11-edfd266c2900 (type: networks) to 1 [pid: 7|app: 0|req: 747/1475] 10.0.0.159 () {32 vars in 720 bytes} [Mon May 25 15:34:00 2026] DELETE /v2.0/ports/b19403c4-ffaa-44c4-88ef-abc8985ca3ec => generated 0 bytes in 346 msecs (HTTP/1.1 204) 3 headers in 131 bytes (1 switches on core 0) [pid: 7|app: 0|req: 748/1476] 10.0.0.159 () {32 vars in 717 bytes} [Mon May 25 15:34:01 2026] GET /v2.0/ports/86ca5446-d721-4641-b928-8818c6615245 => generated 943 bytes in 65 msecs (HTTP/1.1 200) 4 headers in 157 bytes (1 switches on core 0)
2026-05-25 15:34:01.100 8 WARNING neutron.scheduler.dhcp_agent_scheduler [None req-c7722bcd-9a50-4ea2-a264-55762b1275eb 1497cc0b484b434e99eff5f5aa355f51 b850f16f543941aaacc533a9f6e66490 - - default default] No more DHCP agents
2026-05-25 15:34:01.102 8 WARNING neutron.api.rpc.agentnotifiers.dhcp_rpc_agent_api [None req-c7722bcd-9a50-4ea2-a264-55762b1275eb 1497cc0b484b434e99eff5f5aa355f51 b850f16f543941aaacc533a9f6e66490 - - default default] Unable to schedule network 6579fae1-689d-4188-8d11-edfd266c2900: no agents available; will retry on subsequent port and subnet creation events. [pid: 7|app: 0|req: 749/1477] 10.0.0.159 () {32 vars in 643 bytes} [Mon May 25 15:34:01 2026] GET /v2.0/ports => generated 1523 bytes in 39 msecs (HTTP/1.1 200) 4 headers in 158 bytes (1 switches on core 0)
2026-05-25 15:34:01.181 8 INFO neutron.db.ovn_revision_numbers_db [None req-c7722bcd-9a50-4ea2-a264-55762b1275eb 1497cc0b484b434e99eff5f5aa355f51 b850f16f543941aaacc533a9f6e66490 - - default default] Successfully bumped revision number for resource 9992798f-84df-41d2-9944-be1e14a770fe (type: ports) to 1 [pid: 8|app: 0|req: 729/1478] 10.0.0.159 () {34 vars in 670 bytes} [Mon May 25 15:34:00 2026] POST /v2.0/networks => generated 666 bytes in 451 msecs (HTTP/1.1 201) 4 headers in 162 bytes (1 switches on core 0)
2026-05-25 15:34:01.274 7 INFO neutron_taas.services.taas.taas_plugin [None req-abece0ee-694c-4e84-86ba-9210a9f39d89 9247f57bcffd479e8e654474436a5261 adc015c4be0449b295d08674736b1b7c - - default default] TaaS: Handle Delete Port: 8364860f-2d40-4a20-9a82-b3ec3f38a826
2026-05-25 15:34:01.278 7 INFO neutron_taas.services.taas.tap_mirror_plugin [None req-abece0ee-694c-4e84-86ba-9210a9f39d89 9247f57bcffd479e8e654474436a5261 adc015c4be0449b295d08674736b1b7c - - default default] Tap Mirror: Handle Delete Port: 8364860f-2d40-4a20-9a82-b3ec3f38a826 [pid: 7|app: 0|req: 750/1479] 10.0.0.159 () {32 vars in 720 bytes} [Mon May 25 15:34:01 2026] DELETE /v2.0/ports/8364860f-2d40-4a20-9a82-b3ec3f38a826 => generated 0 bytes in 348 msecs (HTTP/1.1 204) 3 headers in 131 bytes (1 switches on core 0)
2026-05-25 15:34:01.504 8 INFO neutron_taas.services.taas.taas_plugin [None req-2539529c-48b6-4fdf-9b13-ac093af84b18 e0dd1b65e8124e008af58b6c66723897 6c17aa4a907d497ea867b449da09bac0 - - default default] TaaS: Handle Delete Port: 86ca5446-d721-4641-b928-8818c6615245
2026-05-25 15:34:01.508 8 INFO neutron_taas.services.taas.tap_mirror_plugin [None req-2539529c-48b6-4fdf-9b13-ac093af84b18 e0dd1b65e8124e008af58b6c66723897 6c17aa4a907d497ea867b449da09bac0 - - default default] Tap Mirror: Handle Delete Port: 86ca5446-d721-4641-b928-8818c6615245
2026-05-25 15:34:01.550 7 INFO neutron.db.segments_db [None req-49ddcd7f-177e-43ae-840d-46d0e7e24c27 463dd05172154c5288d1cfcc78caabb1 92d3b2485757471d8e1f40bd0ad261b1 - - default default] Added segment 66ad1836-c3f2-4eec-a868-bb111bbb6d34 of type geneve for network 6a798013-9b41-4d01-a113-8e42c2b838d4
2026-05-25 15:34:01.663 7 INFO neutron.db.ovn_revision_numbers_db [None req-49ddcd7f-177e-43ae-840d-46d0e7e24c27 463dd05172154c5288d1cfcc78caabb1 92d3b2485757471d8e1f40bd0ad261b1 - - default default] Successfully bumped revision number for resource 6a798013-9b41-4d01-a113-8e42c2b838d4 (type: networks) to 1 [pid: 8|app: 0|req: 730/1480] 10.0.0.159 () {34 vars in 789 bytes} [Mon May 25 15:34:01 2026] PUT /v2.0/routers/23cb21d2-032c-488d-abe7-022816ae3fd6/remove_router_interface => generated 309 bytes in 607 msecs (HTTP/1.1 200) 4 headers in 157 bytes (1 switches on core 0) /var/lib/openstack/lib/python3.12/site-packages/pycadf/identifier.py:70: UserWarning: Invalid uuid: neutron. To ensure interoperability, identifiers should be a valid uuid. warnings.warn(('Invalid uuid: %s. To ensure interoperability, '
2026-05-25 15:34:01.833 7 WARNING neutron.scheduler.dhcp_agent_scheduler [None req-49ddcd7f-177e-43ae-840d-46d0e7e24c27 463dd05172154c5288d1cfcc78caabb1 92d3b2485757471d8e1f40bd0ad261b1 - - default default] No more DHCP agents
2026-05-25 15:34:01.835 7 WARNING neutron.api.rpc.agentnotifiers.dhcp_rpc_agent_api [None req-49ddcd7f-177e-43ae-840d-46d0e7e24c27 463dd05172154c5288d1cfcc78caabb1 92d3b2485757471d8e1f40bd0ad261b1 - - default default] Unable to schedule network 6a798013-9b41-4d01-a113-8e42c2b838d4: no agents available; will retry on subsequent port and subnet creation events.
2026-05-25 15:34:01.929 7 INFO neutron.db.ovn_revision_numbers_db [None req-49ddcd7f-177e-43ae-840d-46d0e7e24c27 463dd05172154c5288d1cfcc78caabb1 92d3b2485757471d8e1f40bd0ad261b1 - - default default] Successfully bumped revision number for resource c6c714bc-727d-4e77-9a85-e0f37095788f (type: ports) to 1 [pid: 7|app: 0|req: 751/1481] 10.0.0.159 () {34 vars in 670 bytes} [Mon May 25 15:34:01 2026] POST /v2.0/networks => generated 673 bytes in 488 msecs (HTTP/1.1 201) 4 headers in 162 bytes (1 switches on core 0)
2026-05-25 15:34:01.977 8 INFO neutron.db.ovn_revision_numbers_db [None req-3394e0c2-54ea-4451-b326-ef2f3317a115 1497cc0b484b434e99eff5f5aa355f51 b850f16f543941aaacc533a9f6e66490 - - default default] Successfully bumped revision number for resource 6579fae1-689d-4188-8d11-edfd266c2900 (type: networks) to 2 [pid: 8|app: 0|req: 731/1482] 10.0.0.159 () {34 vars in 743 bytes} [Mon May 25 15:34:01 2026] PUT /v2.0/networks/6579fae1-689d-4188-8d11-edfd266c2900 => generated 636 bytes in 158 msecs (HTTP/1.1 200) 4 headers in 157 bytes (1 switches on core 0) [pid: 7|app: 0|req: 752/1483] 10.0.0.159 () {32 vars in 736 bytes} [Mon May 25 15:34:01 2026] GET /v2.0/ports?device_id=46e927ef-e03e-4eed-b88d-8d526b39cbbf => generated 946 bytes in 56 msecs (HTTP/1.1 200) 4 headers in 157 bytes (1 switches on core 0) [pid: 8|app: 0|req: 732/1484] 10.0.0.159 () {32 vars in 736 bytes} [Mon May 25 15:34:01 2026] GET /v2.0/ports?device_id=23cb21d2-032c-488d-abe7-022816ae3fd6 => generated 12 bytes in 24 msecs (HTTP/1.1 200) 4 headers in 156 bytes (1 switches on core 0)
2026-05-25 15:34:02.110 7 INFO neutron.db.segments_db [None req-b4ce2b30-4e28-41c6-9772-9f9f335addee 463dd05172154c5288d1cfcc78caabb1 92d3b2485757471d8e1f40bd0ad261b1 - - default default] Added segment 7b907df7-63eb-4f46-bcbb-48f8fd575314 of type geneve for network e7817e19-b143-4298-ba9e-5bc32a562bd7
2026-05-25 15:34:02.221 8 WARNING neutron.scheduler.dhcp_agent_scheduler [None req-751090d5-bb96-41b1-91d7-ef6da6402ad6 1497cc0b484b434e99eff5f5aa355f51 b850f16f543941aaacc533a9f6e66490 - - default default] No more DHCP agents
2026-05-25 15:34:02.223 8 WARNING neutron.api.rpc.agentnotifiers.dhcp_rpc_agent_api [None req-751090d5-bb96-41b1-91d7-ef6da6402ad6 1497cc0b484b434e99eff5f5aa355f51 b850f16f543941aaacc533a9f6e66490 - - default default] Unable to schedule network 6579fae1-689d-4188-8d11-edfd266c2900: no agents available; will retry on subsequent port and subnet creation events.
2026-05-25 15:34:02.232 7 INFO neutron.db.ovn_revision_numbers_db [None req-b4ce2b30-4e28-41c6-9772-9f9f335addee 463dd05172154c5288d1cfcc78caabb1 92d3b2485757471d8e1f40bd0ad261b1 - - default default] Successfully bumped revision number for resource e7817e19-b143-4298-ba9e-5bc32a562bd7 (type: networks) to 1
2026-05-25 15:34:02.245 8 INFO neutron.db.ovn_revision_numbers_db [None req-751090d5-bb96-41b1-91d7-ef6da6402ad6 1497cc0b484b434e99eff5f5aa355f51 b850f16f543941aaacc533a9f6e66490 - - default default] Successfully bumped revision number for resource c818e316-3233-4210-b252-834006a68776 (type: subnets) to 0 [pid: 8|app: 0|req: 733/1485] 10.0.0.159 () {34 vars in 669 bytes} [Mon May 25 15:34:02 2026] POST /v2.0/subnets => generated 646 bytes in 250 msecs (HTTP/1.1 201) 4 headers in 162 bytes (1 switches on core 0)
2026-05-25 15:34:02.395 7 WARNING neutron.scheduler.dhcp_agent_scheduler [None req-b4ce2b30-4e28-41c6-9772-9f9f335addee 463dd05172154c5288d1cfcc78caabb1 92d3b2485757471d8e1f40bd0ad261b1 - - default default] No more DHCP agents
2026-05-25 15:34:02.396 7 WARNING neutron.api.rpc.agentnotifiers.dhcp_rpc_agent_api [None req-b4ce2b30-4e28-41c6-9772-9f9f335addee 463dd05172154c5288d1cfcc78caabb1 92d3b2485757471d8e1f40bd0ad261b1 - - default default] Unable to schedule network e7817e19-b143-4298-ba9e-5bc32a562bd7: no agents available; will retry on subsequent port and subnet creation events.
2026-05-25 15:34:02.484 7 INFO neutron.db.ovn_revision_numbers_db [None req-b4ce2b30-4e28-41c6-9772-9f9f335addee 463dd05172154c5288d1cfcc78caabb1 92d3b2485757471d8e1f40bd0ad261b1 - - default default] Successfully bumped revision number for resource 36069f26-83ef-4fa7-81bc-df31d40cc1b3 (type: ports) to 1 [pid: 7|app: 0|req: 753/1486] 10.0.0.159 () {34 vars in 670 bytes} [Mon May 25 15:34:02 2026] POST /v2.0/networks => generated 673 bytes in 497 msecs (HTTP/1.1 201) 4 headers in 162 bytes (1 switches on core 0)
2026-05-25 15:34:02.562 8 INFO neutron_taas.services.taas.taas_plugin [None req-842cd5d4-7878-4a14-a369-199a1aff3d31 9247f57bcffd479e8e654474436a5261 adc015c4be0449b295d08674736b1b7c - - default default] TaaS: Handle Delete Port: b48106b7-0b89-4676-be91-2dd774c14161
2026-05-25 15:34:02.566 8 INFO neutron_taas.services.taas.tap_mirror_plugin [None req-842cd5d4-7878-4a14-a369-199a1aff3d31 9247f57bcffd479e8e654474436a5261 adc015c4be0449b295d08674736b1b7c - - default default] Tap Mirror: Handle Delete Port: b48106b7-0b89-4676-be91-2dd774c14161 [pid: 7|app: 0|req: 754/1487] 10.0.0.159 () {32 vars in 724 bytes} [Mon May 25 15:34:02 2026] DELETE /v2.0/routers/23cb21d2-032c-488d-abe7-022816ae3fd6 => generated 0 bytes in 198 msecs (HTTP/1.1 204) 2 headers in 112 bytes (1 switches on core 0) [pid: 8|app: 0|req: 734/1488] 10.0.0.159 () {34 vars in 789 bytes} [Mon May 25 15:34:02 2026] PUT /v2.0/routers/46e927ef-e03e-4eed-b88d-8d526b39cbbf/remove_router_interface => generated 309 bytes in 815 msecs (HTTP/1.1 200) 4 headers in 157 bytes (1 switches on core 0) /var/lib/openstack/lib/python3.12/site-packages/pycadf/identifier.py:70: UserWarning: Invalid uuid: neutron. To ensure interoperability, identifiers should be a valid uuid. warnings.warn(('Invalid uuid: %s. To ensure interoperability, ' [pid: 8|app: 0|req: 735/1489] 10.0.0.159 () {32 vars in 724 bytes} [Mon May 25 15:34:03 2026] DELETE /v2.0/subnets/41ac656a-e8c0-433d-b3b0-b441efba6b47 => generated 0 bytes in 175 msecs (HTTP/1.1 204) 3 headers in 131 bytes (1 switches on core 0)
2026-05-25 15:34:03.267 7 INFO neutron.db.ovn_revision_numbers_db [None req-f81f3260-c059-4a21-a0c9-6adae0a75d0d - - - - - -] Successfully bumped revision number for resource 9992798f-84df-41d2-9944-be1e14a770fe (type: ports) to 2
2026-05-25 15:34:03.306 7 INFO neutron.db.ovn_revision_numbers_db [None req-f81f3260-c059-4a21-a0c9-6adae0a75d0d - - - - - -] Successfully bumped revision number for resource c818e316-3233-4210-b252-834006a68776 (type: subnets) to 1 [pid: 7|app: 0|req: 755/1490] 10.0.0.159 () {34 vars in 741 bytes} [Mon May 25 15:34:02 2026] PUT /v2.0/subnets/c818e316-3233-4210-b252-834006a68776 => generated 656 bytes in 605 msecs (HTTP/1.1 200) 4 headers in 157 bytes (1 switches on core 0)
2026-05-25 15:34:03.548 8 WARNING neutron.scheduler.dhcp_agent_scheduler [None req-5abe789c-2634-4719-97d0-f29e2d9b46a0 463dd05172154c5288d1cfcc78caabb1 92d3b2485757471d8e1f40bd0ad261b1 - - default default] No more DHCP agents
2026-05-25 15:34:03.550 8 WARNING neutron.api.rpc.agentnotifiers.dhcp_rpc_agent_api [None req-5abe789c-2634-4719-97d0-f29e2d9b46a0 463dd05172154c5288d1cfcc78caabb1 92d3b2485757471d8e1f40bd0ad261b1 - - default default] Unable to schedule network 6a798013-9b41-4d01-a113-8e42c2b838d4: no agents available; will retry on subsequent port and subnet creation events.
2026-05-25 15:34:03.582 8 INFO neutron.db.ovn_revision_numbers_db [None req-5abe789c-2634-4719-97d0-f29e2d9b46a0 463dd05172154c5288d1cfcc78caabb1 92d3b2485757471d8e1f40bd0ad261b1 - - default default] Successfully bumped revision number for resource 9d21acdf-976f-4635-8b3e-4ac5ea35896e (type: subnets) to 0
2026-05-25 15:34:03.611 8 WARNING neutron.scheduler.dhcp_agent_scheduler [None req-5abe789c-2634-4719-97d0-f29e2d9b46a0 463dd05172154c5288d1cfcc78caabb1 92d3b2485757471d8e1f40bd0ad261b1 - - default default] No more DHCP agents
2026-05-25 15:34:03.613 8 WARNING neutron.api.rpc.agentnotifiers.dhcp_rpc_agent_api [None req-5abe789c-2634-4719-97d0-f29e2d9b46a0 463dd05172154c5288d1cfcc78caabb1 92d3b2485757471d8e1f40bd0ad261b1 - - default default] Unable to schedule network e7817e19-b143-4298-ba9e-5bc32a562bd7: no agents available; will retry on subsequent port and subnet creation events.
2026-05-25 15:34:03.615 7 INFO neutron_taas.services.taas.taas_plugin [None req-0fbf0086-f369-4346-bca2-8ab919ad6dbf 9247f57bcffd479e8e654474436a5261 adc015c4be0449b295d08674736b1b7c - - default default] TaaS: Handle Delete Port: 7c7514ce-8623-4d37-a8a6-2655d951ffdf
2026-05-25 15:34:03.618 7 INFO neutron_taas.services.taas.tap_mirror_plugin [None req-0fbf0086-f369-4346-bca2-8ab919ad6dbf 9247f57bcffd479e8e654474436a5261 adc015c4be0449b295d08674736b1b7c - - default default] Tap Mirror: Handle Delete Port: 7c7514ce-8623-4d37-a8a6-2655d951ffdf
2026-05-25 15:34:03.649 8 INFO neutron.db.ovn_revision_numbers_db [None req-5abe789c-2634-4719-97d0-f29e2d9b46a0 463dd05172154c5288d1cfcc78caabb1 92d3b2485757471d8e1f40bd0ad261b1 - - default default] Successfully bumped revision number for resource cbfa5f37-243a-4a94-90b5-f1d0f1fb3b66 (type: subnets) to 0 [pid: 8|app: 0|req: 736/1491] 10.0.0.159 () {34 vars in 669 bytes} [Mon May 25 15:34:03 2026] POST /v2.0/subnets => generated 1323 bytes in 415 msecs (HTTP/1.1 201) 4 headers in 163 bytes (1 switches on core 0) [pid: 8|app: 0|req: 737/1492] 10.0.0.159 () {32 vars in 724 bytes} [Mon May 25 15:34:03 2026] DELETE /v2.0/subnets/cb8ddca0-9088-460a-95c4-12decca6ad2d => generated 0 bytes in 174 msecs (HTTP/1.1 204) 3 headers in 131 bytes (1 switches on core 0)
2026-05-25 15:34:03.982 8 INFO neutron_taas.services.taas.taas_plugin [None req-5cf6d840-60b0-41bf-bdbb-c4ce9f63d6a9 1497cc0b484b434e99eff5f5aa355f51 b850f16f543941aaacc533a9f6e66490 - - default default] TaaS: Handle Delete Port: 9992798f-84df-41d2-9944-be1e14a770fe
2026-05-25 15:34:03.987 8 INFO neutron_taas.services.taas.tap_mirror_plugin [None req-5cf6d840-60b0-41bf-bdbb-c4ce9f63d6a9 1497cc0b484b434e99eff5f5aa355f51 b850f16f543941aaacc533a9f6e66490 - - default default] Tap Mirror: Handle Delete Port: 9992798f-84df-41d2-9944-be1e14a770fe [pid: 7|app: 0|req: 756/1493] 10.0.0.159 () {32 vars in 724 bytes} [Mon May 25 15:34:03 2026] DELETE /v2.0/routers/46e927ef-e03e-4eed-b88d-8d526b39cbbf => generated 0 bytes in 714 msecs (HTTP/1.1 204) 2 headers in 112 bytes (1 switches on core 0) [pid: 7|app: 0|req: 757/1494] 10.0.0.159 () {32 vars in 647 bytes} [Mon May 25 15:34:04 2026] GET /v2.0/subnets => generated 1959 bytes in 31 msecs (HTTP/1.1 200) 4 headers in 158 bytes (1 switches on core 0)
2026-05-25 15:34:04.191 7 INFO neutron_taas.services.taas.taas_plugin [None req-f508e18e-1a83-4523-907c-65abaa2cfc20 e0dd1b65e8124e008af58b6c66723897 6c17aa4a907d497ea867b449da09bac0 - - default default] TaaS: Handle Delete Port: 71712fb1-c383-46a1-882c-2fa322c2db0c
2026-05-25 15:34:04.194 7 INFO neutron_taas.services.taas.tap_mirror_plugin [None req-f508e18e-1a83-4523-907c-65abaa2cfc20 e0dd1b65e8124e008af58b6c66723897 6c17aa4a907d497ea867b449da09bac0 - - default default] Tap Mirror: Handle Delete Port: 71712fb1-c383-46a1-882c-2fa322c2db0c
2026-05-25 15:34:04.256 8 INFO neutron.services.segments.plugin [-] Segment 41cf87ac-fe74-4d2b-84ba-349db64330a8 resource provider aggregate not found
2026-05-25 15:34:04.259 8 INFO neutron.services.segments.plugin [-] Segment 41cf87ac-fe74-4d2b-84ba-349db64330a8 resource provider aggregate not found
2026-05-25 15:34:04.280 8 INFO neutron.services.segments.plugin [-] Segment 41cf87ac-fe74-4d2b-84ba-349db64330a8 resource provider not found; error: Placement Client Error (4xx): {"errors": [{"status": 404, "title": "Not Found", "detail": "The resource could not be found.\n\n No resource provider with uuid 41cf87ac-fe74-4d2b-84ba-349db64330a8 found for delete ", "request_id": "req-293c4f48-66de-4604-9e20-21cc3b378a75"}]}
2026-05-25 15:34:04.280 8 INFO neutron.services.segments.plugin [-] Segment 41cf87ac-fe74-4d2b-84ba-349db64330a8 resource provider not found; error: Placement Client Error (4xx): {"errors": [{"status": 404, "title": "Not Found", "detail": "The resource could not be found.\n\n No resource provider with uuid 41cf87ac-fe74-4d2b-84ba-349db64330a8 found for delete ", "request_id": "req-c6def236-33a8-46f3-a4d3-43296d06362a"}]} [pid: 8|app: 0|req: 738/1495] 10.0.0.159 () {32 vars in 726 bytes} [Mon May 25 15:34:03 2026] DELETE /v2.0/networks/6579fae1-689d-4188-8d11-edfd266c2900 => generated 0 bytes in 455 msecs (HTTP/1.1 204) 3 headers in 131 bytes (1 switches on core 0)
2026-05-25 15:34:04.393 7 INFO neutron.services.segments.plugin [-] Segment 56335e43-396d-4857-ad66-329c21ab232f resource provider aggregate not found
2026-05-25 15:34:04.400 7 INFO neutron.services.segments.plugin [-] Segment 56335e43-396d-4857-ad66-329c21ab232f resource provider aggregate not found
2026-05-25 15:34:04.421 7 INFO neutron.services.segments.plugin [-] Segment 56335e43-396d-4857-ad66-329c21ab232f resource provider not found; error: Placement Client Error (4xx): {"errors": [{"status": 404, "title": "Not Found", "detail": "The resource could not be found.\n\n No resource provider with uuid 56335e43-396d-4857-ad66-329c21ab232f found for delete ", "request_id": "req-a64062da-ea2a-48b1-8fbb-17980191a48f"}]}
2026-05-25 15:34:04.421 7 INFO neutron.services.segments.plugin [-] Segment 56335e43-396d-4857-ad66-329c21ab232f resource provider not found; error: Placement Client Error (4xx): {"errors": [{"status": 404, "title": "Not Found", "detail": "The resource could not be found.\n\n No resource provider with uuid 56335e43-396d-4857-ad66-329c21ab232f found for delete ", "request_id": "req-2b48a6db-c5ab-4b86-80ce-ff46c6cf8829"}]} [pid: 8|app: 0|req: 739/1496] 10.0.0.159 () {32 vars in 724 bytes} [Mon May 25 15:34:04 2026] DELETE /v2.0/subnets/5d756e20-d11a-431c-8324-1d5dca268083 => generated 0 bytes in 143 msecs (HTTP/1.1 204) 3 headers in 131 bytes (1 switches on core 0) [pid: 7|app: 0|req: 758/1497] 10.0.0.159 () {32 vars in 726 bytes} [Mon May 25 15:34:04 2026] DELETE /v2.0/networks/a38d9936-751b-470e-8ef2-17978d9b0794 => generated 0 bytes in 409 msecs (HTTP/1.1 204) 3 headers in 131 bytes (1 switches on core 0)
2026-05-25 15:34:04.474 7 INFO neutron.pecan_wsgi.hooks.translation [None req-3599d266-4595-47b6-9211-7d7c8c97b033 1497cc0b484b434e99eff5f5aa355f51 b850f16f543941aaacc533a9f6e66490 - - default default] DELETE failed (client error): The resource could not be found. [pid: 7|app: 0|req: 759/1498] 10.0.0.159 () {32 vars in 726 bytes} [Mon May 25 15:34:04 2026] DELETE /v2.0/networks/6579fae1-689d-4188-8d11-edfd266c2900 => generated 138 bytes in 11 msecs (HTTP/1.1 404) 4 headers in 164 bytes (1 switches on core 0) [pid: 8|app: 0|req: 740/1499] 10.0.0.159 () {32 vars in 724 bytes} [Mon May 25 15:34:04 2026] DELETE /v2.0/subnets/9d21acdf-976f-4635-8b3e-4ac5ea35896e => generated 0 bytes in 107 msecs (HTTP/1.1 204) 3 headers in 131 bytes (1 switches on core 0)
2026-05-25 15:34:04.582 7 INFO neutron_taas.services.taas.taas_plugin [None req-a18ae3d9-e366-4773-91a9-940629858f31 9247f57bcffd479e8e654474436a5261 adc015c4be0449b295d08674736b1b7c - - default default] TaaS: Handle Delete Port: 9d81b73f-99c7-43c1-9659-e44a633c9d27
2026-05-25 15:34:04.584 7 INFO neutron_taas.services.taas.tap_mirror_plugin [None req-a18ae3d9-e366-4773-91a9-940629858f31 9247f57bcffd479e8e654474436a5261 adc015c4be0449b295d08674736b1b7c - - default default] Tap Mirror: Handle Delete Port: 9d81b73f-99c7-43c1-9659-e44a633c9d27
2026-05-25 15:34:04.637 8 INFO neutron_taas.services.taas.taas_plugin [None req-e26085e3-a270-4dfa-aa92-ea9dca466c29 e0dd1b65e8124e008af58b6c66723897 6c17aa4a907d497ea867b449da09bac0 - - default default] TaaS: Handle Delete Port: 5de32225-57ae-457b-a1ce-8d4a23d3a7a0
2026-05-25 15:34:04.639 8 INFO neutron_taas.services.taas.tap_mirror_plugin [None req-e26085e3-a270-4dfa-aa92-ea9dca466c29 e0dd1b65e8124e008af58b6c66723897 6c17aa4a907d497ea867b449da09bac0 - - default default] Tap Mirror: Handle Delete Port: 5de32225-57ae-457b-a1ce-8d4a23d3a7a0 [pid: 7|app: 0|req: 760/1500] 10.0.0.159 () {32 vars in 726 bytes} [Mon May 25 15:34:04 2026] DELETE /v2.0/networks/1751e532-3106-4077-824c-6b82030532b4 => generated 0 bytes in 322 msecs (HTTP/1.1 204) 3 headers in 131 bytes (1 switches on core 0) [pid: 8|app: 0|req: 741/1501] 10.0.0.159 () {32 vars in 726 bytes} [Mon May 25 15:34:04 2026] DELETE /v2.0/networks/d75f7906-23c7-474b-9f9f-978e1674f706 => generated 0 bytes in 286 msecs (HTTP/1.1 204) 3 headers in 131 bytes (1 switches on core 0) [pid: 7|app: 0|req: 761/1502] 10.0.0.159 () {32 vars in 694 bytes} [Mon May 25 15:34:04 2026] GET /v2.0/networks?router%3Aexternal=True => generated 689 bytes in 47 msecs (HTTP/1.1 200) 4 headers in 157 bytes (1 switches on core 0)
2026-05-25 15:34:04.925 7 INFO neutron.db.segments_db [None req-f2c1405b-6aac-4c65-a0ec-e652ddba794e e0dd1b65e8124e008af58b6c66723897 6c17aa4a907d497ea867b449da09bac0 - - default default] Added segment 90ad6247-ec99-4a8e-a179-1e9fc7ae8f8a of type geneve for network 53ff7f44-0290-4d99-83b8-afb162be8bc9 [pid: 8|app: 0|req: 742/1503] 10.0.0.159 () {32 vars in 724 bytes} [Mon May 25 15:34:04 2026] DELETE /v2.0/subnets/cbfa5f37-243a-4a94-90b5-f1d0f1fb3b66 => generated 0 bytes in 161 msecs (HTTP/1.1 204) 3 headers in 131 bytes (1 switches on core 0) [pid: 8|app: 0|req: 743/1504] 10.0.0.159 () {32 vars in 742 bytes} [Mon May 25 15:34:04 2026] GET /v2.0/subnets?network_id=2e0d457d-d1bb-48d2-8a5c-ed23bfcb4f28 => generated 649 bytes in 27 msecs (HTTP/1.1 200) 4 headers in 157 bytes (1 switches on core 0)
2026-05-25 15:34:05.044 7 INFO neutron.db.ovn_revision_numbers_db [None req-f2c1405b-6aac-4c65-a0ec-e652ddba794e e0dd1b65e8124e008af58b6c66723897 6c17aa4a907d497ea867b449da09bac0 - - default default] Successfully bumped revision number for resource 53ff7f44-0290-4d99-83b8-afb162be8bc9 (type: networks) to 1 [pid: 8|app: 0|req: 744/1505] 10.0.0.159 () {32 vars in 647 bytes} [Mon May 25 15:34:05 2026] GET /v2.0/subnets => generated 649 bytes in 26 msecs (HTTP/1.1 200) 4 headers in 157 bytes (1 switches on core 0) [pid: 8|app: 0|req: 745/1506] 10.0.0.159 () {32 vars in 653 bytes} [Mon May 25 15:34:05 2026] GET /v2.0/extensions => generated 20541 bytes in 5 msecs (HTTP/1.1 200) 4 headers in 159 bytes (1 switches on core 0)
2026-05-25 15:34:05.195 8 INFO neutron_taas.services.taas.taas_plugin [None req-96c14485-1652-4c1a-b50b-1fb5ae4ca751 463dd05172154c5288d1cfcc78caabb1 92d3b2485757471d8e1f40bd0ad261b1 - - default default] TaaS: Handle Delete Port: 36069f26-83ef-4fa7-81bc-df31d40cc1b3
2026-05-25 15:34:05.197 8 INFO neutron_taas.services.taas.tap_mirror_plugin [None req-96c14485-1652-4c1a-b50b-1fb5ae4ca751 463dd05172154c5288d1cfcc78caabb1 92d3b2485757471d8e1f40bd0ad261b1 - - default default] Tap Mirror: Handle Delete Port: 36069f26-83ef-4fa7-81bc-df31d40cc1b3
2026-05-25 15:34:05.225 7 WARNING neutron.scheduler.dhcp_agent_scheduler [None req-f2c1405b-6aac-4c65-a0ec-e652ddba794e e0dd1b65e8124e008af58b6c66723897 6c17aa4a907d497ea867b449da09bac0 - - default default] No more DHCP agents
2026-05-25 15:34:05.226 7 WARNING neutron.api.rpc.agentnotifiers.dhcp_rpc_agent_api [None req-f2c1405b-6aac-4c65-a0ec-e652ddba794e e0dd1b65e8124e008af58b6c66723897 6c17aa4a907d497ea867b449da09bac0 - - default default] Unable to schedule network 53ff7f44-0290-4d99-83b8-afb162be8bc9: no agents available; will retry on subsequent port and subnet creation events.
2026-05-25 15:34:05.272 8 INFO neutron.plugins.ml2.drivers.ovn.mech_driver.mech_driver [None req-bd511afd-c7a8-41d3-bf12-1904dfa8096b - - - - - -] OVN reports status down for port: 1228d807-5c69-4ca9-836b-2f6d3a6623b7
2026-05-25 15:34:05.334 7 INFO neutron.db.ovn_revision_numbers_db [None req-f2c1405b-6aac-4c65-a0ec-e652ddba794e e0dd1b65e8124e008af58b6c66723897 6c17aa4a907d497ea867b449da09bac0 - - default default] Successfully bumped revision number for resource 1228d807-5c69-4ca9-836b-2f6d3a6623b7 (type: ports) to 1 [pid: 7|app: 0|req: 762/1507] 10.0.0.159 () {34 vars in 670 bytes} [Mon May 25 15:34:04 2026] POST /v2.0/networks => generated 648 bytes in 517 msecs (HTTP/1.1 201) 4 headers in 162 bytes (1 switches on core 0) [pid: 7|app: 0|req: 763/1508] 10.0.0.159 () {32 vars in 649 bytes} [Mon May 25 15:34:05 2026] GET /v2.0/networks => generated 1389 bytes in 57 msecs (HTTP/1.1 200) 4 headers in 158 bytes (1 switches on core 0) [pid: 8|app: 0|req: 746/1509] 10.0.0.159 () {32 vars in 726 bytes} [Mon May 25 15:34:05 2026] DELETE /v2.0/networks/e7817e19-b143-4298-ba9e-5bc32a562bd7 => generated 0 bytes in 389 msecs (HTTP/1.1 204) 3 headers in 131 bytes (1 switches on core 0) [pid: 7|app: 0|req: 764/1510] 10.0.0.159 () {32 vars in 774 bytes} [Mon May 25 15:34:05 2026] GET /v2.0/security-groups?tenant_id=adc015c4be0449b295d08674736b1b7c&name=default => generated 2925 bytes in 121 msecs (HTTP/1.1 200) 4 headers in 158 bytes (1 switches on core 0) [pid: 7|app: 0|req: 765/1511] 10.0.0.159 () {32 vars in 647 bytes} [Mon May 25 15:34:05 2026] GET /v2.0/subnets => generated 1312 bytes in 27 msecs (HTTP/1.1 200) 4 headers in 158 bytes (1 switches on core 0)
2026-05-25 15:34:05.651 8 WARNING neutron.scheduler.dhcp_agent_scheduler [None req-f1e0a948-2149-4fd1-b25b-6e68d04703ce e0dd1b65e8124e008af58b6c66723897 6c17aa4a907d497ea867b449da09bac0 - - default default] No more DHCP agents
2026-05-25 15:34:05.652 8 WARNING neutron.api.rpc.agentnotifiers.dhcp_rpc_agent_api [None req-f1e0a948-2149-4fd1-b25b-6e68d04703ce e0dd1b65e8124e008af58b6c66723897 6c17aa4a907d497ea867b449da09bac0 - - default default] Unable to schedule network 53ff7f44-0290-4d99-83b8-afb162be8bc9: no agents available; will retry on subsequent port and subnet creation events.
2026-05-25 15:34:05.692 7 INFO neutron_taas.services.taas.taas_plugin [None req-7457dc27-0bb7-418e-9d7e-fda744a73804 463dd05172154c5288d1cfcc78caabb1 92d3b2485757471d8e1f40bd0ad261b1 - - default default] TaaS: Handle Delete Port: c6c714bc-727d-4e77-9a85-e0f37095788f
2026-05-25 15:34:05.697 7 INFO neutron_taas.services.taas.tap_mirror_plugin [None req-7457dc27-0bb7-418e-9d7e-fda744a73804 463dd05172154c5288d1cfcc78caabb1 92d3b2485757471d8e1f40bd0ad261b1 - - default default] Tap Mirror: Handle Delete Port: c6c714bc-727d-4e77-9a85-e0f37095788f [pid: 7|app: 0|req: 766/1512] 10.0.0.159 () {32 vars in 726 bytes} [Mon May 25 15:34:05 2026] DELETE /v2.0/networks/6a798013-9b41-4d01-a113-8e42c2b838d4 => generated 0 bytes in 345 msecs (HTTP/1.1 204) 3 headers in 131 bytes (1 switches on core 0)
2026-05-25 15:34:06.128 8 INFO neutron.db.ovn_revision_numbers_db [None req-ea5d3178-7978-4abf-b893-f6811fc91bb8 - - - - - -] Successfully bumped revision number for resource 1228d807-5c69-4ca9-836b-2f6d3a6623b7 (type: ports) to 2
2026-05-25 15:34:06.131 7 WARNING neutron.plugins.ml2.drivers.ovn.mech_driver.ovsdb.ovn_client [None req-a2eaf080-5aa3-4876-9be2-08ad31a37546 - - - - - -] No port found with ID 26146021-cd57-4e17-a842-41757916dfff: RuntimeError: No port found with ID 26146021-cd57-4e17-a842-41757916dfff
2026-05-25 15:34:06.170 8 INFO neutron.db.ovn_revision_numbers_db [None req-ea5d3178-7978-4abf-b893-f6811fc91bb8 - - - - - -] Successfully bumped revision number for resource 5ad25c3f-59d9-4f08-8b25-0d86884793d1 (type: subnets) to 0
2026-05-25 15:34:06.174 7 INFO neutron.plugins.ml2.drivers.ovn.mech_driver.mech_driver [None req-a2eaf080-5aa3-4876-9be2-08ad31a37546 - - - - - -] OVN reports status down for port: c68dfb25-be1e-4d34-b2ca-964b2f295f96 [pid: 8|app: 0|req: 747/1513] 10.0.0.159 () {34 vars in 669 bytes} [Mon May 25 15:34:05 2026] POST /v2.0/subnets => generated 626 bytes in 736 msecs (HTTP/1.1 201) 4 headers in 162 bytes (1 switches on core 0) [pid: 7|app: 0|req: 767/1514] 10.0.0.159 () {32 vars in 740 bytes} [Mon May 25 15:34:05 2026] DELETE /v2.0/security-groups/893a7f78-e5de-4fbb-bbb5-7eb8c164e2e2 => generated 0 bytes in 295 msecs (HTTP/1.1 204) 2 headers in 112 bytes (1 switches on core 0) /var/lib/openstack/lib/python3.12/site-packages/pycadf/identifier.py:70: UserWarning: Invalid uuid: neutron. To ensure interoperability, identifiers should be a valid uuid. warnings.warn(('Invalid uuid: %s. To ensure interoperability, ' [pid: 8|app: 0|req: 748/1515] 10.0.0.159 () {32 vars in 723 bytes} [Mon May 25 15:34:06 2026] GET /v2.0/networks/e12578d5-fa99-43eb-aa2f-d76a3cb4632c => generated 711 bytes in 42 msecs (HTTP/1.1 200) 4 headers in 157 bytes (1 switches on core 0)
2026-05-25 15:34:06.307 8 INFO neutron.services.segments.plugin [-] Segment 029c726b-226e-4113-9122-a9e2fa0c6644 resource provider aggregate not found
2026-05-25 15:34:06.314 8 INFO neutron.services.segments.plugin [-] Segment 029c726b-226e-4113-9122-a9e2fa0c6644 resource provider aggregate not found
2026-05-25 15:34:06.331 8 INFO neutron.services.segments.plugin [-] Segment 029c726b-226e-4113-9122-a9e2fa0c6644 resource provider not found; error: Placement Client Error (4xx): {"errors": [{"status": 404, "title": "Not Found", "detail": "The resource could not be found.\n\n No resource provider with uuid 029c726b-226e-4113-9122-a9e2fa0c6644 found for delete ", "request_id": "req-b756387d-c37d-4c23-932b-ba18b5124bbc"}]}
2026-05-25 15:34:06.331 8 INFO neutron.services.segments.plugin [-] Segment 029c726b-226e-4113-9122-a9e2fa0c6644 resource provider not found; error: Placement Client Error (4xx): {"errors": [{"status": 404, "title": "Not Found", "detail": "The resource could not be found.\n\n No resource provider with uuid 029c726b-226e-4113-9122-a9e2fa0c6644 found for delete ", "request_id": "req-07d97f89-8dd9-4062-87d3-76f7f6a8ffdf"}]}
2026-05-25 15:34:06.350 7 INFO neutron.plugins.ml2.drivers.ovn.mech_driver.mech_driver [None req-a2eaf080-5aa3-4876-9be2-08ad31a37546 - - - - - -] OVN reports status down for port: 4d6f7f42-4f1c-4e56-8d7b-be8bd4ac4eec
2026-05-25 15:34:06.350 8 INFO neutron.services.segments.plugin [-] Segment 7b907df7-63eb-4f46-bcbb-48f8fd575314 resource provider aggregate not found
2026-05-25 15:34:06.363 8 INFO neutron.services.segments.plugin [-] Segment 7b907df7-63eb-4f46-bcbb-48f8fd575314 resource provider aggregate not found
2026-05-25 15:34:06.368 8 INFO neutron.services.segments.plugin [-] Segment 7b907df7-63eb-4f46-bcbb-48f8fd575314 resource provider not found; error: Placement Client Error (4xx): {"errors": [{"status": 404, "title": "Not Found", "detail": "The resource could not be found.\n\n No resource provider with uuid 7b907df7-63eb-4f46-bcbb-48f8fd575314 found for delete ", "request_id": "req-a303b2ff-3ed8-4454-ac26-0c87ac18d470"}]}
2026-05-25 15:34:06.370 8 INFO neutron.db.ovn_revision_numbers_db [None req-f60c2066-a0d8-4679-bc1e-7c69ee3ecc73 e0dd1b65e8124e008af58b6c66723897 6c17aa4a907d497ea867b449da09bac0 - - default default] Successfully bumped revision number for resource 8e11f559-e60c-43e1-8ee7-e3810c8ec92c (type: routers) to 1
2026-05-25 15:34:06.377 8 INFO neutron.services.segments.plugin [-] Segment 7b907df7-63eb-4f46-bcbb-48f8fd575314 resource provider not found; error: Placement Client Error (4xx): {"errors": [{"status": 404, "title": "Not Found", "detail": "The resource could not be found.\n\n No resource provider with uuid 7b907df7-63eb-4f46-bcbb-48f8fd575314 found for delete ", "request_id": "req-3b5dcd43-1780-47e2-8c46-3de025d12533"}]} [pid: 8|app: 0|req: 749/1516] 10.0.0.159 () {34 vars in 669 bytes} [Mon May 25 15:34:06 2026] POST /v2.0/routers => generated 602 bytes in 158 msecs (HTTP/1.1 201) 4 headers in 162 bytes (1 switches on core 0) [pid: 8|app: 0|req: 750/1517] 10.0.0.159 () {32 vars in 721 bytes} [Mon May 25 15:34:06 2026] GET /v2.0/subnets/48b32de8-6a47-419c-aa9a-7bd352ed1ead => generated 673 bytes in 40 msecs (HTTP/1.1 200) 4 headers in 157 bytes (1 switches on core 0)
2026-05-25 15:34:06.451 7 INFO neutron_taas.services.taas.taas_plugin [None req-32aa3d6a-c61a-4bfb-9dca-62acfb3a0fc8 463dd05172154c5288d1cfcc78caabb1 92d3b2485757471d8e1f40bd0ad261b1 - - default default] TaaS: Handle Delete Port: 4d6f7f42-4f1c-4e56-8d7b-be8bd4ac4eec
2026-05-25 15:34:06.455 7 INFO neutron.services.segments.plugin [-] Segment 28be9763-3176-4ff8-b800-e96d1b94e0c9 resource provider aggregate not found
2026-05-25 15:34:06.460 7 INFO neutron_taas.services.taas.tap_mirror_plugin [None req-32aa3d6a-c61a-4bfb-9dca-62acfb3a0fc8 463dd05172154c5288d1cfcc78caabb1 92d3b2485757471d8e1f40bd0ad261b1 - - default default] Tap Mirror: Handle Delete Port: 4d6f7f42-4f1c-4e56-8d7b-be8bd4ac4eec
2026-05-25 15:34:06.463 7 INFO neutron.services.segments.plugin [-] Segment 28be9763-3176-4ff8-b800-e96d1b94e0c9 resource provider aggregate not found
2026-05-25 15:34:06.488 7 INFO neutron.services.segments.plugin [-] Segment 28be9763-3176-4ff8-b800-e96d1b94e0c9 resource provider not found; error: Placement Client Error (4xx): {"errors": [{"status": 404, "title": "Not Found", "detail": "The resource could not be found.\n\n No resource provider with uuid 28be9763-3176-4ff8-b800-e96d1b94e0c9 found for delete ", "request_id": "req-fa6d11a6-27ba-4ba1-8cae-7cd7831ac3a5"}]}
2026-05-25 15:34:06.499 7 INFO neutron.services.segments.plugin [-] Segment 28be9763-3176-4ff8-b800-e96d1b94e0c9 resource provider not found; error: Placement Client Error (4xx): {"errors": [{"status": 404, "title": "Not Found", "detail": "The resource could not be found.\n\n No resource provider with uuid 28be9763-3176-4ff8-b800-e96d1b94e0c9 found for delete ", "request_id": "req-c3a41dbc-ec69-441d-b348-d1b9af096015"}]}
2026-05-25 15:34:06.511 7 INFO neutron.services.segments.plugin [-] Segment 66ad1836-c3f2-4eec-a868-bb111bbb6d34 resource provider aggregate not found
2026-05-25 15:34:06.514 7 INFO neutron.plugins.ml2.drivers.ovn.mech_driver.mech_driver [None req-a2eaf080-5aa3-4876-9be2-08ad31a37546 - - - - - -] OVN reports status down for port: 7ac4b6f1-12cd-490e-9801-c6b1f605916a
2026-05-25 15:34:06.518 7 INFO neutron.services.segments.plugin [-] Segment 66ad1836-c3f2-4eec-a868-bb111bbb6d34 resource provider aggregate not found
2026-05-25 15:34:06.524 7 INFO neutron.services.segments.plugin [-] Segment 66ad1836-c3f2-4eec-a868-bb111bbb6d34 resource provider not found; error: Placement Client Error (4xx): {"errors": [{"status": 404, "title": "Not Found", "detail": "The resource could not be found.\n\n No resource provider with uuid 66ad1836-c3f2-4eec-a868-bb111bbb6d34 found for delete ", "request_id": "req-20208a3d-e417-404e-aec4-50f3e7599a78"}]}
2026-05-25 15:34:06.536 7 INFO neutron.services.segments.plugin [-] Segment 66ad1836-c3f2-4eec-a868-bb111bbb6d34 resource provider not found; error: Placement Client Error (4xx): {"errors": [{"status": 404, "title": "Not Found", "detail": "The resource could not be found.\n\n No resource provider with uuid 66ad1836-c3f2-4eec-a868-bb111bbb6d34 found for delete ", "request_id": "req-b28335ab-8d0e-4bc9-a862-03e3a33f1a9c"}]}
2026-05-25 15:34:06.602 7 INFO neutron.plugins.ml2.drivers.ovn.mech_driver.mech_driver [None req-a2eaf080-5aa3-4876-9be2-08ad31a37546 - - - - - -] OVN reports status down for port: 9992798f-84df-41d2-9944-be1e14a770fe
2026-05-25 15:34:06.617 7 INFO neutron.plugins.ml2.drivers.ovn.mech_driver.mech_driver [None req-a2eaf080-5aa3-4876-9be2-08ad31a37546 - - - - - -] OVN reports status down for port: c6c714bc-727d-4e77-9a85-e0f37095788f
2026-05-25 15:34:06.633 7 INFO neutron.plugins.ml2.drivers.ovn.mech_driver.mech_driver [None req-a2eaf080-5aa3-4876-9be2-08ad31a37546 - - - - - -] OVN reports status down for port: 36069f26-83ef-4fa7-81bc-df31d40cc1b3
2026-05-25 15:34:06.791 8 WARNING neutron.scheduler.dhcp_agent_scheduler [None req-7211459d-ecd6-486e-ae28-6e7f36b3c189 e0dd1b65e8124e008af58b6c66723897 6c17aa4a907d497ea867b449da09bac0 - - default default] No more DHCP agents
2026-05-25 15:34:06.794 8 WARNING neutron.api.rpc.agentnotifiers.dhcp_rpc_agent_api [None req-7211459d-ecd6-486e-ae28-6e7f36b3c189 e0dd1b65e8124e008af58b6c66723897 6c17aa4a907d497ea867b449da09bac0 - - default default] Unable to schedule network 53ff7f44-0290-4d99-83b8-afb162be8bc9: no agents available; will retry on subsequent port and subnet creation events. [pid: 7|app: 0|req: 768/1518] 10.0.0.159 () {32 vars in 726 bytes} [Mon May 25 15:34:06 2026] DELETE /v2.0/networks/aa09aff9-3fa1-4ff9-85d0-c803c1c04268 => generated 0 bytes in 605 msecs (HTTP/1.1 204) 3 headers in 131 bytes (1 switches on core 0) /var/lib/openstack/lib/python3.12/site-packages/pycadf/identifier.py:70: UserWarning: Invalid uuid: neutron. To ensure interoperability, identifiers should be a valid uuid. warnings.warn(('Invalid uuid: %s. To ensure interoperability, '
2026-05-25 15:34:06.828 7 INFO neutron.pecan_wsgi.hooks.translation [None req-3c5f3373-5db1-43b9-83ce-0e8af04cf52e 1497cc0b484b434e99eff5f5aa355f51 b850f16f543941aaacc533a9f6e66490 - - default default] DELETE failed (client error): The resource could not be found. [pid: 7|app: 0|req: 769/1519] 10.0.0.159 () {32 vars in 724 bytes} [Mon May 25 15:34:06 2026] DELETE /v2.0/subnets/c818e316-3233-4210-b252-834006a68776 => generated 136 bytes in 12 msecs (HTTP/1.1 404) 4 headers in 164 bytes (1 switches on core 0)
2026-05-25 15:34:06.878 8 INFO neutron.plugins.ml2.drivers.ovn.mech_driver.mech_driver [None req-bd511afd-c7a8-41d3-bf12-1904dfa8096b - - - - - -] OVN reports status down for port: 3c07c4d2-b8a8-4804-a243-a8d581b7ef0c
2026-05-25 15:34:06.942 8 INFO neutron.db.ovn_revision_numbers_db [None req-7211459d-ecd6-486e-ae28-6e7f36b3c189 e0dd1b65e8124e008af58b6c66723897 6c17aa4a907d497ea867b449da09bac0 - - default default] Successfully bumped revision number for resource 3c07c4d2-b8a8-4804-a243-a8d581b7ef0c (type: ports) to 1
2026-05-25 15:34:06.956 7 INFO neutron_taas.services.taas.taas_plugin [None req-2ca4cf22-36b2-4d1f-957d-394b9bb7e442 463dd05172154c5288d1cfcc78caabb1 92d3b2485757471d8e1f40bd0ad261b1 - - default default] TaaS: Handle Delete Port: c68dfb25-be1e-4d34-b2ca-964b2f295f96
2026-05-25 15:34:06.963 7 INFO neutron_taas.services.taas.tap_mirror_plugin [None req-2ca4cf22-36b2-4d1f-957d-394b9bb7e442 463dd05172154c5288d1cfcc78caabb1 92d3b2485757471d8e1f40bd0ad261b1 - - default default] Tap Mirror: Handle Delete Port: c68dfb25-be1e-4d34-b2ca-964b2f295f96 [pid: 8|app: 0|req: 751/1520] 10.0.0.159 () {34 vars in 665 bytes} [Mon May 25 15:34:06 2026] POST /v2.0/ports => generated 951 bytes in 555 msecs (HTTP/1.1 201) 4 headers in 162 bytes (1 switches on core 0) /var/lib/openstack/lib/python3.12/site-packages/pycadf/identifier.py:70: UserWarning: Invalid uuid: neutron. To ensure interoperability, identifiers should be a valid uuid. warnings.warn(('Invalid uuid: %s. To ensure interoperability, '
2026-05-25 15:34:07.002 8 INFO neutron.pecan_wsgi.hooks.translation [None req-d990135c-8514-4cd6-bfac-aa5cc451db9e 1497cc0b484b434e99eff5f5aa355f51 b850f16f543941aaacc533a9f6e66490 - - default default] DELETE failed (client error): The resource could not be found. [pid: 8|app: 0|req: 752/1521] 10.0.0.159 () {32 vars in 726 bytes} [Mon May 25 15:34:06 2026] DELETE /v2.0/networks/6579fae1-689d-4188-8d11-edfd266c2900 => generated 138 bytes in 20 msecs (HTTP/1.1 404) 4 headers in 164 bytes (1 switches on core 0) [pid: 7|app: 0|req: 770/1522] 10.0.0.159 () {32 vars in 726 bytes} [Mon May 25 15:34:06 2026] DELETE /v2.0/networks/927b5e77-bbb2-4ab6-85ab-ad0cd1b78882 => generated 0 bytes in 335 msecs (HTTP/1.1 204) 3 headers in 131 bytes (1 switches on core 0) [pid: 7|app: 0|req: 771/1523] 10.0.0.159 () {32 vars in 724 bytes} [Mon May 25 15:34:07 2026] DELETE /v2.0/subnets/48b32de8-6a47-419c-aa9a-7bd352ed1ead => generated 0 bytes in 137 msecs (HTTP/1.1 204) 3 headers in 131 bytes (1 switches on core 0)
2026-05-25 15:34:07.421 7 INFO neutron_taas.services.taas.taas_plugin [None req-5beb522c-e9fd-487a-8443-e5042bc53318 1497cc0b484b434e99eff5f5aa355f51 b850f16f543941aaacc533a9f6e66490 - - default default] TaaS: Handle Delete Port: db838406-ebb7-4f67-a952-22f20a033289
2026-05-25 15:34:07.423 7 INFO neutron_taas.services.taas.tap_mirror_plugin [None req-5beb522c-e9fd-487a-8443-e5042bc53318 1497cc0b484b434e99eff5f5aa355f51 b850f16f543941aaacc533a9f6e66490 - - default default] Tap Mirror: Handle Delete Port: db838406-ebb7-4f67-a952-22f20a033289
2026-05-25 15:34:07.483 8 INFO neutron.plugins.ml2.drivers.ovn.mech_driver.mech_driver [None req-bd511afd-c7a8-41d3-bf12-1904dfa8096b - - - - - -] OVN reports status up for port: 3c07c4d2-b8a8-4804-a243-a8d581b7ef0c
2026-05-25 15:34:07.515 8 INFO neutron.plugins.ml2.plugin [None req-bd511afd-c7a8-41d3-bf12-1904dfa8096b - - - - - -] Attempt 1 to provision port 3c07c4d2-b8a8-4804-a243-a8d581b7ef0c
2026-05-25 15:34:07.550 8 INFO neutron.db.ovn_revision_numbers_db [None req-233b05fd-8532-46d4-81b5-96018ac32ebf e0dd1b65e8124e008af58b6c66723897 6c17aa4a907d497ea867b449da09bac0 - - default default] Successfully bumped revision number for resource 3c07c4d2-b8a8-4804-a243-a8d581b7ef0c (type: ports) to 2 [pid: 7|app: 0|req: 772/1524] 10.0.0.159 () {32 vars in 726 bytes} [Mon May 25 15:34:07 2026] DELETE /v2.0/networks/e12578d5-fa99-43eb-aa2f-d76a3cb4632c => generated 0 bytes in 328 msecs (HTTP/1.1 204) 3 headers in 131 bytes (1 switches on core 0) [pid: 7|app: 0|req: 773/1525] 10.0.0.159 () {32 vars in 774 bytes} [Mon May 25 15:34:07 2026] GET /v2.0/security-groups?tenant_id=92d3b2485757471d8e1f40bd0ad261b1&name=default => generated 2925 bytes in 165 msecs (HTTP/1.1 200) 4 headers in 158 bytes (1 switches on core 0) [pid: 7|app: 0|req: 774/1526] 10.0.0.159 () {32 vars in 740 bytes} [Mon May 25 15:34:07 2026] DELETE /v2.0/security-groups/a576d24e-201b-48c4-860d-e841a7f0ab30 => generated 0 bytes in 199 msecs (HTTP/1.1 204) 2 headers in 112 bytes (1 switches on core 0)
2026-05-25 15:34:08.083 8 INFO neutron.db.ovn_revision_numbers_db [None req-bd511afd-c7a8-41d3-bf12-1904dfa8096b - - - - - -] Successfully bumped revision number for resource 3c07c4d2-b8a8-4804-a243-a8d581b7ef0c (type: ports) to 3
2026-05-25 15:34:08.233 7 INFO neutron.db.ovn_revision_numbers_db [None req-0f93862f-1117-4f18-bf1e-41e7d97cd7c2 f11c69a9f87c47069bdfaa271e2056fb cebfa5b5b9194ef4bad50bfb6beefe15 - - default default] Successfully bumped revision number for resource 9d3aff6d-68a1-4858-a5b5-a50d9ed2186b (type: security_groups) to 1
2026-05-25 15:34:08.244 7 INFO neutron.db.ovn_revision_numbers_db [None req-0f93862f-1117-4f18-bf1e-41e7d97cd7c2 f11c69a9f87c47069bdfaa271e2056fb cebfa5b5b9194ef4bad50bfb6beefe15 - - default default] Successfully bumped revision number for resource 07398b43-6a6c-4115-9a96-8eeff7170e9a (type: security_group_rules) to 0
2026-05-25 15:34:08.261 7 INFO neutron.db.ovn_revision_numbers_db [None req-0f93862f-1117-4f18-bf1e-41e7d97cd7c2 f11c69a9f87c47069bdfaa271e2056fb cebfa5b5b9194ef4bad50bfb6beefe15 - - default default] Successfully bumped revision number for resource 18f474ff-f650-4cf1-98bf-9ceb6d82e8c7 (type: security_group_rules) to 0
2026-05-25 15:34:08.272 7 INFO neutron.db.ovn_revision_numbers_db [None req-0f93862f-1117-4f18-bf1e-41e7d97cd7c2 f11c69a9f87c47069bdfaa271e2056fb cebfa5b5b9194ef4bad50bfb6beefe15 - - default default] Successfully bumped revision number for resource bc24bd84-d4a0-4501-887e-1cc3ae9a950d (type: security_group_rules) to 0
2026-05-25 15:34:08.283 7 INFO neutron.db.ovn_revision_numbers_db [None req-0f93862f-1117-4f18-bf1e-41e7d97cd7c2 f11c69a9f87c47069bdfaa271e2056fb cebfa5b5b9194ef4bad50bfb6beefe15 - - default default] Successfully bumped revision number for resource f6d73e8e-8b4f-47bc-8498-3d6332da3773 (type: security_group_rules) to 0
2026-05-25 15:34:08.368 7 INFO neutron.db.segments_db [None req-0f93862f-1117-4f18-bf1e-41e7d97cd7c2 f11c69a9f87c47069bdfaa271e2056fb cebfa5b5b9194ef4bad50bfb6beefe15 - - default default] Added segment edc11255-cd90-4482-b729-63ccf8d6f6d1 of type geneve for network 661e2bf8-fff5-451d-a321-73c2461def10
2026-05-25 15:34:08.481 7 INFO neutron.db.ovn_revision_numbers_db [None req-0f93862f-1117-4f18-bf1e-41e7d97cd7c2 f11c69a9f87c47069bdfaa271e2056fb cebfa5b5b9194ef4bad50bfb6beefe15 - - default default] Successfully bumped revision number for resource 661e2bf8-fff5-451d-a321-73c2461def10 (type: networks) to 1
2026-05-25 15:34:08.496 8 WARNING neutron.scheduler.dhcp_agent_scheduler [None req-233b05fd-8532-46d4-81b5-96018ac32ebf e0dd1b65e8124e008af58b6c66723897 6c17aa4a907d497ea867b449da09bac0 - - default default] No more DHCP agents
2026-05-25 15:34:08.498 8 WARNING neutron.api.rpc.agentnotifiers.dhcp_rpc_agent_api [None req-233b05fd-8532-46d4-81b5-96018ac32ebf e0dd1b65e8124e008af58b6c66723897 6c17aa4a907d497ea867b449da09bac0 - - default default] Unable to schedule network 53ff7f44-0290-4d99-83b8-afb162be8bc9: no agents available; will retry on subsequent port and subnet creation events.
2026-05-25 15:34:08.546 7 INFO neutron.services.segments.plugin [-] Segment 26e37186-40cc-48c7-ae87-4fa7c4722fcb resource provider aggregate not found
2026-05-25 15:34:08.556 7 INFO neutron.services.segments.plugin [-] Segment 26e37186-40cc-48c7-ae87-4fa7c4722fcb resource provider aggregate not found
2026-05-25 15:34:08.567 7 INFO neutron.services.segments.plugin [-] Segment 26e37186-40cc-48c7-ae87-4fa7c4722fcb resource provider not found; error: Placement Client Error (4xx): {"errors": [{"status": 404, "title": "Not Found", "detail": "The resource could not be found.\n\n No resource provider with uuid 26e37186-40cc-48c7-ae87-4fa7c4722fcb found for delete ", "request_id": "req-06043987-3020-477b-9406-20820ca582c4"}]}
2026-05-25 15:34:08.574 7 INFO neutron.services.segments.plugin [-] Segment 26e37186-40cc-48c7-ae87-4fa7c4722fcb resource provider not found; error: Placement Client Error (4xx): {"errors": [{"status": 404, "title": "Not Found", "detail": "The resource could not be found.\n\n No resource provider with uuid 26e37186-40cc-48c7-ae87-4fa7c4722fcb found for delete ", "request_id": "req-1871b29f-c80b-430d-bf2c-b0431685d892"}]}
2026-05-25 15:34:08.584 7 INFO neutron.services.segments.plugin [-] Segment 00e7f0d5-84ba-4e90-ac86-c2553b41da15 resource provider aggregate not found
2026-05-25 15:34:08.593 7 INFO neutron.services.segments.plugin [-] Segment 00e7f0d5-84ba-4e90-ac86-c2553b41da15 resource provider aggregate not found
