2026-05-25 15:33:43.517 8 INFO neutron_taas.services.taas.taas_plugin [None req-189a8b33-2a06-431d-ad3d-0491a1456852 90b4b7bca32340528f1b096dce876fff 218cc961765f4095a7fcef084674ea61 - - default default] TaaS: Handle Delete Port: 643bff04-c598-4ec6-b638-01e659af0bed
2026-05-25 15:33:43.519 8 INFO neutron_taas.services.taas.tap_mirror_plugin [None req-189a8b33-2a06-431d-ad3d-0491a1456852 90b4b7bca32340528f1b096dce876fff 218cc961765f4095a7fcef084674ea61 - - default default] Tap Mirror: Handle Delete Port: 643bff04-c598-4ec6-b638-01e659af0bed [pid: 7|app: 0|req: 706/1387] 10.0.0.159 () {32 vars in 774 bytes} [Mon May 25 15:33:43 2026] GET /v2.0/security-groups?tenant_id=8cb1121bbe81429d8e67f3613138dddc&name=default => generated 2925 bytes in 297 msecs (HTTP/1.1 200) 4 headers in 158 bytes (1 switches on core 0)
2026-05-25 15:33:43.535 7 INFO neutron.pecan_wsgi.hooks.translation [None req-c8b826c9-275e-4db3-8206-acb1d68ae929 4c4399c9c48541378c93bce61161d937 0106b73601f843d1a7fde718aa933243 - - default default] DELETE failed (client error): The resource could not be found. [pid: 7|app: 0|req: 707/1388] 10.0.0.159 () {32 vars in 726 bytes} [Mon May 25 15:33:43 2026] DELETE /v2.0/networks/eb634e11-39cc-4b13-b692-d47165db53c0 => generated 138 bytes in 12 msecs (HTTP/1.1 404) 4 headers in 164 bytes (1 switches on core 0)
2026-05-25 15:33:43.671 7 INFO neutron.db.ovn_revision_numbers_db [None req-1ee20193-1f9e-42fe-a382-b0819923143f 949d21acfcab472f83e63440aceb4d79 7a1908207500418c8f5511c683963274 - - default default] Successfully bumped revision number for resource 8f9aebcc-9823-46a7-aedf-306d830e9e73 (type: security_groups) to 1
2026-05-25 15:33:43.681 7 INFO neutron.db.ovn_revision_numbers_db [None req-1ee20193-1f9e-42fe-a382-b0819923143f 949d21acfcab472f83e63440aceb4d79 7a1908207500418c8f5511c683963274 - - default default] Successfully bumped revision number for resource 1570d923-b02e-48fd-afa3-c2d728c2b0a9 (type: security_group_rules) to 0
2026-05-25 15:33:43.695 7 INFO neutron.db.ovn_revision_numbers_db [None req-1ee20193-1f9e-42fe-a382-b0819923143f 949d21acfcab472f83e63440aceb4d79 7a1908207500418c8f5511c683963274 - - default default] Successfully bumped revision number for resource 809bbbbe-4bf0-4eda-8173-2804f5dc0e3f (type: security_group_rules) to 0
2026-05-25 15:33:43.706 7 INFO neutron.db.ovn_revision_numbers_db [None req-1ee20193-1f9e-42fe-a382-b0819923143f 949d21acfcab472f83e63440aceb4d79 7a1908207500418c8f5511c683963274 - - default default] Successfully bumped revision number for resource e7034fd8-785b-475d-b032-83e7d7c17571 (type: security_group_rules) to 0
2026-05-25 15:33:43.716 7 INFO neutron.db.ovn_revision_numbers_db [None req-1ee20193-1f9e-42fe-a382-b0819923143f 949d21acfcab472f83e63440aceb4d79 7a1908207500418c8f5511c683963274 - - default default] Successfully bumped revision number for resource fb529d26-c081-47a3-9bdc-0d5bf51dedd9 (type: security_group_rules) to 0 [pid: 8|app: 0|req: 682/1389] 10.0.0.159 () {32 vars in 726 bytes} [Mon May 25 15:33:43 2026] DELETE /v2.0/networks/a5b8bab1-1a2e-4cf0-982e-525c65323811 => generated 0 bytes in 322 msecs (HTTP/1.1 204) 3 headers in 131 bytes (1 switches on core 0) [pid: 7|app: 0|req: 708/1390] 10.0.0.159 () {32 vars in 774 bytes} [Mon May 25 15:33:43 2026] GET /v2.0/security-groups?tenant_id=7c1e2afbeddd4cfe84e84ff89acc09fc&name=default => generated 2925 bytes in 206 msecs (HTTP/1.1 200) 4 headers in 158 bytes (1 switches on core 0) [pid: 7|app: 0|req: 709/1391] 10.0.0.159 () {32 vars in 694 bytes} [Mon May 25 15:33:43 2026] GET /v2.0/networks?router%3Aexternal=True => generated 689 bytes in 49 msecs (HTTP/1.1 200) 4 headers in 157 bytes (1 switches on core 0) [pid: 7|app: 0|req: 710/1392] 10.0.0.159 () {32 vars in 649 bytes} [Mon May 25 15:33:43 2026] GET /v2.0/networks => generated 689 bytes in 50 msecs (HTTP/1.1 200) 4 headers in 157 bytes (1 switches on core 0) [pid: 8|app: 0|req: 683/1393] 10.0.0.159 () {32 vars in 740 bytes} [Mon May 25 15:33:43 2026] DELETE /v2.0/security-groups/710a295e-f309-4329-96d5-3b56f09c1d5d => generated 0 bytes in 192 msecs (HTTP/1.1 204) 2 headers in 112 bytes (1 switches on core 0) [pid: 8|app: 0|req: 684/1394] 10.0.0.159 () {32 vars in 742 bytes} [Mon May 25 15:33:43 2026] GET /v2.0/subnets?network_id=2e0d457d-d1bb-48d2-8a5c-ed23bfcb4f28 => generated 649 bytes in 49 msecs (HTTP/1.1 200) 4 headers in 157 bytes (1 switches on core 0) [pid: 7|app: 0|req: 711/1395] 10.0.0.159 () {32 vars in 740 bytes} [Mon May 25 15:33:43 2026] DELETE /v2.0/security-groups/8f9aebcc-9823-46a7-aedf-306d830e9e73 => generated 0 bytes in 201 msecs (HTTP/1.1 204) 2 headers in 112 bytes (1 switches on core 0)
2026-05-25 15:33:44.046 8 INFO neutron.db.segments_db [None req-295af982-29a9-44b2-8ca0-ba048dbd7a46 90b4b7bca32340528f1b096dce876fff 218cc961765f4095a7fcef084674ea61 - - default default] Added segment d67f5f42-b85f-4bb9-ae96-53dab47edacc of type geneve for network 2e1d4ca3-7913-47fa-aef5-af84a170effd [pid: 7|app: 0|req: 712/1396] 10.0.0.159 () {32 vars in 653 bytes} [Mon May 25 15:33:44 2026] GET /v2.0/extensions => generated 20541 bytes in 4 msecs (HTTP/1.1 200) 4 headers in 159 bytes (1 switches on core 0) [pid: 7|app: 0|req: 713/1397] 10.0.0.159 () {32 vars in 649 bytes} [Mon May 25 15:33:44 2026] GET /v2.0/networks => generated 1384 bytes in 32 msecs (HTTP/1.1 200) 4 headers in 158 bytes (1 switches on core 0) [pid: 7|app: 0|req: 714/1398] 10.0.0.159 () {32 vars in 647 bytes} [Mon May 25 15:33:44 2026] GET /v2.0/subnets => generated 1280 bytes in 49 msecs (HTTP/1.1 200) 4 headers in 158 bytes (1 switches on core 0)
2026-05-25 15:33:44.159 8 INFO neutron.db.ovn_revision_numbers_db [None req-295af982-29a9-44b2-8ca0-ba048dbd7a46 90b4b7bca32340528f1b096dce876fff 218cc961765f4095a7fcef084674ea61 - - default default] Successfully bumped revision number for resource 2e1d4ca3-7913-47fa-aef5-af84a170effd (type: networks) to 1 [pid: 7|app: 0|req: 715/1399] 10.0.0.159 () {32 vars in 723 bytes} [Mon May 25 15:33:44 2026] GET /v2.0/networks/40073942-801b-4651-8147-afbe985f193d => generated 706 bytes in 54 msecs (HTTP/1.1 200) 4 headers in 157 bytes (1 switches on core 0) [pid: 7|app: 0|req: 716/1400] 10.0.0.159 () {32 vars in 721 bytes} [Mon May 25 15:33:44 2026] GET /v2.0/subnets/92c83635-2475-49a8-8870-02abeba31ef6 => generated 641 bytes in 24 msecs (HTTP/1.1 200) 4 headers in 157 bytes (1 switches on core 0)
2026-05-25 15:33:44.250 7 INFO neutron.pecan_wsgi.hooks.translation [None req-7bf9aa9c-6817-4811-99f1-324f6ae4ada1 4c4399c9c48541378c93bce61161d937 0106b73601f843d1a7fde718aa933243 - - default default] DELETE failed (client error): The resource could not be found. [pid: 7|app: 0|req: 717/1401] 10.0.0.159 () {32 vars in 724 bytes} [Mon May 25 15:33:44 2026] DELETE /v2.0/subnets/7098d3c3-5009-446d-b863-7cdd820c9f5e => generated 136 bytes in 14 msecs (HTTP/1.1 404) 4 headers in 164 bytes (1 switches on core 0)
2026-05-25 15:33:44.266 7 INFO neutron.pecan_wsgi.hooks.translation [None req-e162b3cc-0ff1-4ed4-a4e2-c74e023ba867 4c4399c9c48541378c93bce61161d937 0106b73601f843d1a7fde718aa933243 - - default default] DELETE failed (client error): The resource could not be found. [pid: 7|app: 0|req: 718/1402] 10.0.0.159 () {32 vars in 726 bytes} [Mon May 25 15:33:44 2026] DELETE /v2.0/networks/eb634e11-39cc-4b13-b692-d47165db53c0 => generated 138 bytes in 13 msecs (HTTP/1.1 404) 4 headers in 164 bytes (1 switches on core 0)
2026-05-25 15:33:44.313 8 WARNING neutron.scheduler.dhcp_agent_scheduler [None req-295af982-29a9-44b2-8ca0-ba048dbd7a46 90b4b7bca32340528f1b096dce876fff 218cc961765f4095a7fcef084674ea61 - - default default] No more DHCP agents
2026-05-25 15:33:44.314 8 WARNING neutron.api.rpc.agentnotifiers.dhcp_rpc_agent_api [None req-295af982-29a9-44b2-8ca0-ba048dbd7a46 90b4b7bca32340528f1b096dce876fff 218cc961765f4095a7fcef084674ea61 - - default default] Unable to schedule network 2e1d4ca3-7913-47fa-aef5-af84a170effd: no agents available; will retry on subsequent port and subnet creation events.
2026-05-25 15:33:44.365 7 INFO neutron.plugins.ml2.drivers.ovn.mech_driver.mech_driver [None req-0308a3c2-e63d-4e96-92fe-9a7355b1e8cb - - - - - -] OVN reports status down for port: 7d494806-c489-4fb5-849b-e670b6e092b3
2026-05-25 15:33:44.404 8 INFO neutron.db.ovn_revision_numbers_db [None req-295af982-29a9-44b2-8ca0-ba048dbd7a46 90b4b7bca32340528f1b096dce876fff 218cc961765f4095a7fcef084674ea61 - - default default] Successfully bumped revision number for resource 7d494806-c489-4fb5-849b-e670b6e092b3 (type: ports) to 1 [pid: 8|app: 0|req: 685/1403] 10.0.0.159 () {34 vars in 670 bytes} [Mon May 25 15:33:43 2026] POST /v2.0/networks => generated 669 bytes in 468 msecs (HTTP/1.1 201) 4 headers in 162 bytes (1 switches on core 0) [pid: 7|app: 0|req: 719/1404] 10.0.0.159 () {32 vars in 724 bytes} [Mon May 25 15:33:44 2026] DELETE /v2.0/subnets/92c83635-2475-49a8-8870-02abeba31ef6 => generated 0 bytes in 208 msecs (HTTP/1.1 204) 3 headers in 131 bytes (1 switches on core 0)
2026-05-25 15:33:44.523 8 INFO neutron.db.segments_db [None req-848d0168-edb9-404c-ab80-3720c8db628c 90b4b7bca32340528f1b096dce876fff 218cc961765f4095a7fcef084674ea61 - - default default] Added segment 8a28772b-f653-4f60-8157-89e00478a082 of type geneve for network f37a13f5-a6ad-45db-b576-d752a6f4195b
2026-05-25 15:33:44.614 7 INFO neutron_taas.services.taas.taas_plugin [None req-def936aa-8bfe-49df-ae93-ca1bd02423fe 4c4399c9c48541378c93bce61161d937 0106b73601f843d1a7fde718aa933243 - - default default] TaaS: Handle Delete Port: f44a09c4-9247-47f7-93c5-b9c909633a29
2026-05-25 15:33:44.616 8 INFO neutron.db.ovn_revision_numbers_db [None req-848d0168-edb9-404c-ab80-3720c8db628c 90b4b7bca32340528f1b096dce876fff 218cc961765f4095a7fcef084674ea61 - - default default] Successfully bumped revision number for resource f37a13f5-a6ad-45db-b576-d752a6f4195b (type: networks) to 1
2026-05-25 15:33:44.617 7 INFO neutron_taas.services.taas.tap_mirror_plugin [None req-def936aa-8bfe-49df-ae93-ca1bd02423fe 4c4399c9c48541378c93bce61161d937 0106b73601f843d1a7fde718aa933243 - - default default] Tap Mirror: Handle Delete Port: f44a09c4-9247-47f7-93c5-b9c909633a29
2026-05-25 15:33:44.770 8 WARNING neutron.scheduler.dhcp_agent_scheduler [None req-848d0168-edb9-404c-ab80-3720c8db628c 90b4b7bca32340528f1b096dce876fff 218cc961765f4095a7fcef084674ea61 - - default default] No more DHCP agents
2026-05-25 15:33:44.771 8 WARNING neutron.api.rpc.agentnotifiers.dhcp_rpc_agent_api [None req-848d0168-edb9-404c-ab80-3720c8db628c 90b4b7bca32340528f1b096dce876fff 218cc961765f4095a7fcef084674ea61 - - default default] Unable to schedule network f37a13f5-a6ad-45db-b576-d752a6f4195b: no agents available; will retry on subsequent port and subnet creation events.
2026-05-25 15:33:44.818 7 INFO neutron.plugins.ml2.drivers.ovn.mech_driver.mech_driver [None req-0308a3c2-e63d-4e96-92fe-9a7355b1e8cb - - - - - -] OVN reports status down for port: 305839ec-4457-4212-8eea-f384125da516
2026-05-25 15:33:44.845 8 INFO neutron.db.ovn_revision_numbers_db [None req-848d0168-edb9-404c-ab80-3720c8db628c 90b4b7bca32340528f1b096dce876fff 218cc961765f4095a7fcef084674ea61 - - default default] Successfully bumped revision number for resource 305839ec-4457-4212-8eea-f384125da516 (type: ports) to 1 [pid: 7|app: 0|req: 720/1405] 10.0.0.159 () {32 vars in 726 bytes} [Mon May 25 15:33:44 2026] DELETE /v2.0/networks/40073942-801b-4651-8147-afbe985f193d => generated 0 bytes in 356 msecs (HTTP/1.1 204) 3 headers in 131 bytes (1 switches on core 0) [pid: 8|app: 0|req: 686/1406] 10.0.0.159 () {34 vars in 670 bytes} [Mon May 25 15:33:44 2026] POST /v2.0/networks => generated 669 bytes in 434 msecs (HTTP/1.1 201) 4 headers in 162 bytes (1 switches on core 0)
2026-05-25 15:33:45.134 8 INFO neutron.services.segments.plugin [-] Segment a3e3575e-e15b-4938-b776-e31f0b96be61 resource provider aggregate not found
2026-05-25 15:33:45.138 8 INFO neutron.services.segments.plugin [-] Segment a3e3575e-e15b-4938-b776-e31f0b96be61 resource provider aggregate not found
2026-05-25 15:33:45.149 8 INFO neutron.services.segments.plugin [-] Segment a3e3575e-e15b-4938-b776-e31f0b96be61 resource provider not found; error: Placement Client Error (4xx): {"errors": [{"status": 404, "title": "Not Found", "detail": "The resource could not be found.\n\n No resource provider with uuid a3e3575e-e15b-4938-b776-e31f0b96be61 found for delete ", "request_id": "req-8247c500-137a-4eaa-bf21-58e75120bdfa"}]}
2026-05-25 15:33:45.158 8 INFO neutron.services.segments.plugin [-] Segment a3e3575e-e15b-4938-b776-e31f0b96be61 resource provider not found; error: Placement Client Error (4xx): {"errors": [{"status": 404, "title": "Not Found", "detail": "The resource could not be found.\n\n No resource provider with uuid a3e3575e-e15b-4938-b776-e31f0b96be61 found for delete ", "request_id": "req-95573298-8529-4523-853b-33e2be33ba0a"}]}
2026-05-25 15:33:45.217 7 INFO neutron.services.segments.plugin [-] Segment 023b0fac-8eb0-4ddc-8ba4-28279d3f5155 resource provider aggregate not found
2026-05-25 15:33:45.221 7 INFO neutron.services.segments.plugin [-] Segment 023b0fac-8eb0-4ddc-8ba4-28279d3f5155 resource provider aggregate not found
2026-05-25 15:33:45.235 7 INFO neutron.services.segments.plugin [-] Segment 023b0fac-8eb0-4ddc-8ba4-28279d3f5155 resource provider not found; error: Placement Client Error (4xx): {"errors": [{"status": 404, "title": "Not Found", "detail": "The resource could not be found.\n\n No resource provider with uuid 023b0fac-8eb0-4ddc-8ba4-28279d3f5155 found for delete ", "request_id": "req-917bfcc8-2acd-4710-9f6e-041ccf8c2dac"}]}
2026-05-25 15:33:45.243 7 INFO neutron.services.segments.plugin [-] Segment 023b0fac-8eb0-4ddc-8ba4-28279d3f5155 resource provider not found; error: Placement Client Error (4xx): {"errors": [{"status": 404, "title": "Not Found", "detail": "The resource could not be found.\n\n No resource provider with uuid 023b0fac-8eb0-4ddc-8ba4-28279d3f5155 found for delete ", "request_id": "req-f265955c-4859-4832-87fc-c6616de2e2be"}]}
2026-05-25 15:33:45.274 7 WARNING neutron.scheduler.dhcp_agent_scheduler [None req-93242fce-ef1f-47d2-9be3-28fadf495bc5 90b4b7bca32340528f1b096dce876fff 218cc961765f4095a7fcef084674ea61 - - default default] No more DHCP agents
2026-05-25 15:33:45.276 7 WARNING neutron.api.rpc.agentnotifiers.dhcp_rpc_agent_api [None req-93242fce-ef1f-47d2-9be3-28fadf495bc5 90b4b7bca32340528f1b096dce876fff 218cc961765f4095a7fcef084674ea61 - - default default] Unable to schedule network 2e1d4ca3-7913-47fa-aef5-af84a170effd: no agents available; will retry on subsequent port and subnet creation events.
2026-05-25 15:33:45.342 8 INFO neutron.plugins.ml2.drivers.ovn.mech_driver.mech_driver [None req-a7261899-2c3b-4eef-aa2d-7b1d0cf94d84 - - - - - -] OVN reports status down for port: 7bd99041-8b59-4aed-88e3-1bee2a5e3daf
2026-05-25 15:33:45.362 7 INFO neutron.db.ovn_revision_numbers_db [None req-93242fce-ef1f-47d2-9be3-28fadf495bc5 90b4b7bca32340528f1b096dce876fff 218cc961765f4095a7fcef084674ea61 - - default default] Successfully bumped revision number for resource 7bd99041-8b59-4aed-88e3-1bee2a5e3daf (type: ports) to 1
2026-05-25 15:33:45.393 7 WARNING neutron.scheduler.dhcp_agent_scheduler [None req-93242fce-ef1f-47d2-9be3-28fadf495bc5 90b4b7bca32340528f1b096dce876fff 218cc961765f4095a7fcef084674ea61 - - default default] No more DHCP agents
2026-05-25 15:33:45.394 7 WARNING neutron.api.rpc.agentnotifiers.dhcp_rpc_agent_api [None req-93242fce-ef1f-47d2-9be3-28fadf495bc5 90b4b7bca32340528f1b096dce876fff 218cc961765f4095a7fcef084674ea61 - - default default] Unable to schedule network f37a13f5-a6ad-45db-b576-d752a6f4195b: no agents available; will retry on subsequent port and subnet creation events. [pid: 8|app: 0|req: 687/1407] 10.0.0.159 () {32 vars in 774 bytes} [Mon May 25 15:33:45 2026] GET /v2.0/security-groups?tenant_id=0106b73601f843d1a7fde718aa933243&name=default => generated 2925 bytes in 170 msecs (HTTP/1.1 200) 4 headers in 158 bytes (1 switches on core 0)
2026-05-25 15:33:45.463 8 INFO neutron.plugins.ml2.drivers.ovn.mech_driver.mech_driver [None req-a7261899-2c3b-4eef-aa2d-7b1d0cf94d84 - - - - - -] OVN reports status down for port: 7ef2a240-8362-4706-97ef-b69aa2e67fe3
2026-05-25 15:33:45.465 7 INFO neutron.db.ovn_revision_numbers_db [None req-93242fce-ef1f-47d2-9be3-28fadf495bc5 90b4b7bca32340528f1b096dce876fff 218cc961765f4095a7fcef084674ea61 - - default default] Successfully bumped revision number for resource 7ef2a240-8362-4706-97ef-b69aa2e67fe3 (type: ports) to 1 [pid: 7|app: 0|req: 721/1408] 10.0.0.159 () {34 vars in 665 bytes} [Mon May 25 15:33:44 2026] POST /v2.0/ports => generated 1505 bytes in 682 msecs (HTTP/1.1 201) 4 headers in 163 bytes (1 switches on core 0) /var/lib/openstack/lib/python3.12/site-packages/pycadf/identifier.py:70: UserWarning: Invalid uuid: neutron. To ensure interoperability, identifiers should be a valid uuid. warnings.warn(('Invalid uuid: %s. To ensure interoperability, ' [pid: 7|app: 0|req: 722/1409] 10.0.0.159 () {32 vars in 643 bytes} [Mon May 25 15:33:45 2026] GET /v2.0/ports => generated 3017 bytes in 91 msecs (HTTP/1.1 200) 4 headers in 158 bytes (1 switches on core 0) [pid: 8|app: 0|req: 688/1410] 10.0.0.159 () {32 vars in 740 bytes} [Mon May 25 15:33:45 2026] DELETE /v2.0/security-groups/9c2d9e85-83ce-4b08-824e-0868a0acce83 => generated 0 bytes in 311 msecs (HTTP/1.1 204) 2 headers in 112 bytes (1 switches on core 0)
2026-05-25 15:33:45.894 7 INFO neutron.db.ovn_revision_numbers_db [None req-c4ce0dc8-6b32-4160-b852-606007406ad4 9247f57bcffd479e8e654474436a5261 adc015c4be0449b295d08674736b1b7c - - default default] Successfully bumped revision number for resource 893a7f78-e5de-4fbb-bbb5-7eb8c164e2e2 (type: security_groups) to 1
2026-05-25 15:33:45.905 7 INFO neutron.db.ovn_revision_numbers_db [None req-c4ce0dc8-6b32-4160-b852-606007406ad4 9247f57bcffd479e8e654474436a5261 adc015c4be0449b295d08674736b1b7c - - default default] Successfully bumped revision number for resource 6f029c2b-426b-45c4-a731-556885516abe (type: security_group_rules) to 0
2026-05-25 15:33:45.915 8 INFO neutron_taas.services.taas.taas_plugin [None req-23951b15-983b-4ec1-892a-0b78632e189d 90b4b7bca32340528f1b096dce876fff 218cc961765f4095a7fcef084674ea61 - - default default] TaaS: Handle Delete Port: 7bd99041-8b59-4aed-88e3-1bee2a5e3daf
2026-05-25 15:33:45.918 7 INFO neutron.db.ovn_revision_numbers_db [None req-c4ce0dc8-6b32-4160-b852-606007406ad4 9247f57bcffd479e8e654474436a5261 adc015c4be0449b295d08674736b1b7c - - default default] Successfully bumped revision number for resource 9abb7854-a789-4808-a6d7-ca52a1468bc1 (type: security_group_rules) to 0
2026-05-25 15:33:45.918 8 INFO neutron_taas.services.taas.tap_mirror_plugin [None req-23951b15-983b-4ec1-892a-0b78632e189d 90b4b7bca32340528f1b096dce876fff 218cc961765f4095a7fcef084674ea61 - - default default] Tap Mirror: Handle Delete Port: 7bd99041-8b59-4aed-88e3-1bee2a5e3daf
2026-05-25 15:33:45.927 7 INFO neutron.db.ovn_revision_numbers_db [None req-c4ce0dc8-6b32-4160-b852-606007406ad4 9247f57bcffd479e8e654474436a5261 adc015c4be0449b295d08674736b1b7c - - default default] Successfully bumped revision number for resource cd836916-4433-49fd-9f3f-3ee0bc0ce7a1 (type: security_group_rules) to 0
2026-05-25 15:33:45.944 7 INFO neutron.db.ovn_revision_numbers_db [None req-c4ce0dc8-6b32-4160-b852-606007406ad4 9247f57bcffd479e8e654474436a5261 adc015c4be0449b295d08674736b1b7c - - default default] Successfully bumped revision number for resource ef818bf3-589c-464a-b0b0-7909563d46d0 (type: security_group_rules) to 0 [pid: 8|app: 0|req: 689/1411] 10.0.0.159 () {32 vars in 720 bytes} [Mon May 25 15:33:45 2026] DELETE /v2.0/ports/7bd99041-8b59-4aed-88e3-1bee2a5e3daf => generated 0 bytes in 246 msecs (HTTP/1.1 204) 3 headers in 131 bytes (1 switches on core 0)
2026-05-25 15:33:46.032 7 INFO neutron.db.segments_db [None req-c4ce0dc8-6b32-4160-b852-606007406ad4 9247f57bcffd479e8e654474436a5261 adc015c4be0449b295d08674736b1b7c - - default default] Added segment 28be9763-3176-4ff8-b800-e96d1b94e0c9 of type geneve for network 1751e532-3106-4077-824c-6b82030532b4
2026-05-25 15:33:46.149 7 INFO neutron.db.ovn_revision_numbers_db [None req-c4ce0dc8-6b32-4160-b852-606007406ad4 9247f57bcffd479e8e654474436a5261 adc015c4be0449b295d08674736b1b7c - - default default] Successfully bumped revision number for resource 1751e532-3106-4077-824c-6b82030532b4 (type: networks) to 1
2026-05-25 15:33:46.163 8 INFO neutron_taas.services.taas.taas_plugin [None req-89db8578-2bdf-48a0-ab9e-ab75025569c4 90b4b7bca32340528f1b096dce876fff 218cc961765f4095a7fcef084674ea61 - - default default] TaaS: Handle Delete Port: 7ef2a240-8362-4706-97ef-b69aa2e67fe3
2026-05-25 15:33:46.165 8 INFO neutron_taas.services.taas.tap_mirror_plugin [None req-89db8578-2bdf-48a0-ab9e-ab75025569c4 90b4b7bca32340528f1b096dce876fff 218cc961765f4095a7fcef084674ea61 - - default default] Tap Mirror: Handle Delete Port: 7ef2a240-8362-4706-97ef-b69aa2e67fe3 [pid: 8|app: 0|req: 690/1412] 10.0.0.159 () {32 vars in 720 bytes} [Mon May 25 15:33:46 2026] DELETE /v2.0/ports/7ef2a240-8362-4706-97ef-b69aa2e67fe3 => generated 0 bytes in 263 msecs (HTTP/1.1 204) 3 headers in 131 bytes (1 switches on core 0) [pid: 8|app: 0|req: 691/1413] 10.0.0.159 () {32 vars in 643 bytes} [Mon May 25 15:33:46 2026] GET /v2.0/ports => generated 1523 bytes in 83 msecs (HTTP/1.1 200) 4 headers in 158 bytes (1 switches on core 0)
2026-05-25 15:33:46.387 7 WARNING neutron.scheduler.dhcp_agent_scheduler [None req-c4ce0dc8-6b32-4160-b852-606007406ad4 9247f57bcffd479e8e654474436a5261 adc015c4be0449b295d08674736b1b7c - - default default] No more DHCP agents
2026-05-25 15:33:46.389 7 WARNING neutron.api.rpc.agentnotifiers.dhcp_rpc_agent_api [None req-c4ce0dc8-6b32-4160-b852-606007406ad4 9247f57bcffd479e8e654474436a5261 adc015c4be0449b295d08674736b1b7c - - default default] Unable to schedule network 1751e532-3106-4077-824c-6b82030532b4: no agents available; will retry on subsequent port and subnet creation events.
2026-05-25 15:33:46.453 8 INFO neutron.plugins.ml2.drivers.ovn.mech_driver.mech_driver [None req-a7261899-2c3b-4eef-aa2d-7b1d0cf94d84 - - - - - -] OVN reports status down for port: 9d81b73f-99c7-43c1-9659-e44a633c9d27
2026-05-25 15:33:46.467 7 INFO neutron.db.ovn_revision_numbers_db [None req-c4ce0dc8-6b32-4160-b852-606007406ad4 9247f57bcffd479e8e654474436a5261 adc015c4be0449b295d08674736b1b7c - - default default] Successfully bumped revision number for resource 9d81b73f-99c7-43c1-9659-e44a633c9d27 (type: ports) to 1 [pid: 7|app: 0|req: 723/1414] 10.0.0.159 () {34 vars in 670 bytes} [Mon May 25 15:33:45 2026] POST /v2.0/networks => generated 668 bytes in 840 msecs (HTTP/1.1 201) 4 headers in 162 bytes (1 switches on core 0)
2026-05-25 15:33:46.503 8 INFO neutron.db.segments_db [None req-09401dd5-23d5-4af5-a4af-0d7919e35bdf 90b4b7bca32340528f1b096dce876fff 218cc961765f4095a7fcef084674ea61 - - default default] Added segment 8293202b-ed29-449c-b859-86cf6a10b9be of type geneve for network bf1b9c14-87fa-4c29-b38f-4efa47eeef21
2026-05-25 15:33:46.642 8 INFO neutron.db.ovn_revision_numbers_db [None req-09401dd5-23d5-4af5-a4af-0d7919e35bdf 90b4b7bca32340528f1b096dce876fff 218cc961765f4095a7fcef084674ea61 - - default default] Successfully bumped revision number for resource bf1b9c14-87fa-4c29-b38f-4efa47eeef21 (type: networks) to 1
2026-05-25 15:33:46.713 7 WARNING neutron.scheduler.dhcp_agent_scheduler [None req-9ccb5fb8-a8ab-4f65-9634-90094f0e0d8a 9247f57bcffd479e8e654474436a5261 adc015c4be0449b295d08674736b1b7c - - default default] No more DHCP agents
2026-05-25 15:33:46.714 7 WARNING neutron.api.rpc.agentnotifiers.dhcp_rpc_agent_api [None req-9ccb5fb8-a8ab-4f65-9634-90094f0e0d8a 9247f57bcffd479e8e654474436a5261 adc015c4be0449b295d08674736b1b7c - - default default] Unable to schedule network 1751e532-3106-4077-824c-6b82030532b4: no agents available; will retry on subsequent port and subnet creation events.
2026-05-25 15:33:46.744 7 INFO neutron.db.ovn_revision_numbers_db [None req-9ccb5fb8-a8ab-4f65-9634-90094f0e0d8a 9247f57bcffd479e8e654474436a5261 adc015c4be0449b295d08674736b1b7c - - default default] Successfully bumped revision number for resource 5d756e20-d11a-431c-8324-1d5dca268083 (type: subnets) to 0 [pid: 7|app: 0|req: 724/1415] 10.0.0.159 () {34 vars in 669 bytes} [Mon May 25 15:33:46 2026] POST /v2.0/subnets => generated 627 bytes in 261 msecs (HTTP/1.1 201) 4 headers in 162 bytes (1 switches on core 0)
2026-05-25 15:33:46.832 8 WARNING neutron.scheduler.dhcp_agent_scheduler [None req-09401dd5-23d5-4af5-a4af-0d7919e35bdf 90b4b7bca32340528f1b096dce876fff 218cc961765f4095a7fcef084674ea61 - - default default] No more DHCP agents
2026-05-25 15:33:46.833 8 WARNING neutron.api.rpc.agentnotifiers.dhcp_rpc_agent_api [None req-09401dd5-23d5-4af5-a4af-0d7919e35bdf 90b4b7bca32340528f1b096dce876fff 218cc961765f4095a7fcef084674ea61 - - default default] Unable to schedule network bf1b9c14-87fa-4c29-b38f-4efa47eeef21: no agents available; will retry on subsequent port and subnet creation events.
2026-05-25 15:33:46.923 7 INFO neutron.plugins.ml2.drivers.ovn.mech_driver.mech_driver [None req-0308a3c2-e63d-4e96-92fe-9a7355b1e8cb - - - - - -] OVN reports status down for port: a9146d0e-1c96-44f4-b465-a35056a97d59
2026-05-25 15:33:46.928 8 INFO neutron.db.ovn_revision_numbers_db [None req-09401dd5-23d5-4af5-a4af-0d7919e35bdf 90b4b7bca32340528f1b096dce876fff 218cc961765f4095a7fcef084674ea61 - - default default] Successfully bumped revision number for resource a9146d0e-1c96-44f4-b465-a35056a97d59 (type: ports) to 1 [pid: 8|app: 0|req: 692/1416] 10.0.0.159 () {34 vars in 670 bytes} [Mon May 25 15:33:46 2026] POST /v2.0/networks => generated 669 bytes in 575 msecs (HTTP/1.1 201) 4 headers in 162 bytes (1 switches on core 0)
2026-05-25 15:33:47.062 8 INFO neutron.db.segments_db [None req-8591ce12-49ae-45f1-bfca-91fd7504ed89 90b4b7bca32340528f1b096dce876fff 218cc961765f4095a7fcef084674ea61 - - default default] Added segment 03184d11-1a07-4be3-8cfc-814d5ecc146b of type geneve for network f501f696-2073-46de-8486-89c5ba96b8b8
2026-05-25 15:33:47.172 8 INFO neutron.db.ovn_revision_numbers_db [None req-8591ce12-49ae-45f1-bfca-91fd7504ed89 90b4b7bca32340528f1b096dce876fff 218cc961765f4095a7fcef084674ea61 - - default default] Successfully bumped revision number for resource f501f696-2073-46de-8486-89c5ba96b8b8 (type: networks) to 1
2026-05-25 15:33:47.347 7 WARNING neutron.scheduler.dhcp_agent_scheduler [None req-08fbdaba-485c-405f-b55e-768674f9295e 9247f57bcffd479e8e654474436a5261 adc015c4be0449b295d08674736b1b7c - - default default] No more DHCP agents
2026-05-25 15:33:47.348 7 WARNING neutron.api.rpc.agentnotifiers.dhcp_rpc_agent_api [None req-08fbdaba-485c-405f-b55e-768674f9295e 9247f57bcffd479e8e654474436a5261 adc015c4be0449b295d08674736b1b7c - - default default] Unable to schedule network 2e0d457d-d1bb-48d2-8a5c-ed23bfcb4f28: no agents available; will retry on subsequent port and subnet creation events.
2026-05-25 15:33:47.351 8 WARNING neutron.scheduler.dhcp_agent_scheduler [None req-8591ce12-49ae-45f1-bfca-91fd7504ed89 90b4b7bca32340528f1b096dce876fff 218cc961765f4095a7fcef084674ea61 - - default default] No more DHCP agents
2026-05-25 15:33:47.352 8 WARNING neutron.api.rpc.agentnotifiers.dhcp_rpc_agent_api [None req-8591ce12-49ae-45f1-bfca-91fd7504ed89 90b4b7bca32340528f1b096dce876fff 218cc961765f4095a7fcef084674ea61 - - default default] Unable to schedule network f501f696-2073-46de-8486-89c5ba96b8b8: no agents available; will retry on subsequent port and subnet creation events.
2026-05-25 15:33:47.425 7 INFO neutron.plugins.ml2.drivers.ovn.mech_driver.mech_driver [None req-0308a3c2-e63d-4e96-92fe-9a7355b1e8cb - - - - - -] OVN reports status down for port: 94511d80-b71e-407d-9da1-c3b9451b1806
2026-05-25 15:33:47.426 8 INFO neutron.db.ovn_revision_numbers_db [None req-8591ce12-49ae-45f1-bfca-91fd7504ed89 90b4b7bca32340528f1b096dce876fff 218cc961765f4095a7fcef084674ea61 - - default default] Successfully bumped revision number for resource 94511d80-b71e-407d-9da1-c3b9451b1806 (type: ports) to 1 [pid: 8|app: 0|req: 693/1417] 10.0.0.159 () {34 vars in 670 bytes} [Mon May 25 15:33:46 2026] POST /v2.0/networks => generated 669 bytes in 508 msecs (HTTP/1.1 201) 4 headers in 162 bytes (1 switches on core 0)
2026-05-25 15:33:47.531 8 INFO neutron.plugins.ml2.drivers.ovn.mech_driver.mech_driver [None req-a7261899-2c3b-4eef-aa2d-7b1d0cf94d84 - - - - - -] OVN reports status down for port: 7c7514ce-8623-4d37-a8a6-2655d951ffdf
2026-05-25 15:33:47.578 7 INFO neutron.db.ovn_revision_numbers_db [None req-08fbdaba-485c-405f-b55e-768674f9295e 9247f57bcffd479e8e654474436a5261 adc015c4be0449b295d08674736b1b7c - - default default] Successfully bumped revision number for resource 7c7514ce-8623-4d37-a8a6-2655d951ffdf (type: ports) to 1
2026-05-25 15:33:48.151 7 INFO neutron.plugins.ml2.drivers.ovn.mech_driver.ovsdb.commands [None req-2b9e7dea-ce30-405e-8b39-c38d61742cf0 - - - - - -] Schedule LRP lrp-7c7514ce-8623-4d37-a8a6-2655d951ffdf on gateway 04d9bfde-a913-42b2-9af5-f88bffe51efc with priority 1
2026-05-25 15:33:48.197 8 INFO neutron.plugins.ml2.drivers.ovn.mech_driver.mech_driver [None req-a7261899-2c3b-4eef-aa2d-7b1d0cf94d84 - - - - - -] OVN reports status up for port: 7c7514ce-8623-4d37-a8a6-2655d951ffdf
2026-05-25 15:33:48.199 7 INFO neutron.db.ovn_revision_numbers_db [None req-08fbdaba-485c-405f-b55e-768674f9295e 9247f57bcffd479e8e654474436a5261 adc015c4be0449b295d08674736b1b7c - - default default] Successfully bumped revision number for resource 7c7514ce-8623-4d37-a8a6-2655d951ffdf (type: router_ports) to 1
2026-05-25 15:33:48.217 8 INFO neutron.plugins.ml2.plugin [None req-a7261899-2c3b-4eef-aa2d-7b1d0cf94d84 - - - - - -] Attempt 1 to provision port 7c7514ce-8623-4d37-a8a6-2655d951ffdf
2026-05-25 15:33:48.266 7 INFO neutron.db.ovn_revision_numbers_db [None req-08fbdaba-485c-405f-b55e-768674f9295e 9247f57bcffd479e8e654474436a5261 adc015c4be0449b295d08674736b1b7c - - default default] Successfully bumped revision number for resource 46e927ef-e03e-4eed-b88d-8d526b39cbbf (type: routers) to 2
2026-05-25 15:33:48.267 8 WARNING neutron.scheduler.dhcp_agent_scheduler [None req-c754f2f8-1fea-4b0c-b494-037d63ab34b2 90b4b7bca32340528f1b096dce876fff 218cc961765f4095a7fcef084674ea61 - - default default] No more DHCP agents
2026-05-25 15:33:48.269 8 WARNING neutron.api.rpc.agentnotifiers.dhcp_rpc_agent_api [None req-c754f2f8-1fea-4b0c-b494-037d63ab34b2 90b4b7bca32340528f1b096dce876fff 218cc961765f4095a7fcef084674ea61 - - default default] Unable to schedule network bf1b9c14-87fa-4c29-b38f-4efa47eeef21: no agents available; will retry on subsequent port and subnet creation events. [pid: 7|app: 0|req: 725/1418] 10.0.0.159 () {34 vars in 669 bytes} [Mon May 25 15:33:46 2026] POST /v2.0/routers => generated 954 bytes in 1515 msecs (HTTP/1.1 201) 4 headers in 162 bytes (1 switches on core 0)
2026-05-25 15:33:48.564 7 INFO neutron.db.ovn_revision_numbers_db [None req-3b3fc843-d5ed-4c13-9049-9ca13163eba0 e0dd1b65e8124e008af58b6c66723897 6c17aa4a907d497ea867b449da09bac0 - - default default] Successfully bumped revision number for resource 8d462c10-0404-425e-aa5e-35ade8672053 (type: security_groups) to 1
2026-05-25 15:33:48.576 7 INFO neutron.db.ovn_revision_numbers_db [None req-3b3fc843-d5ed-4c13-9049-9ca13163eba0 e0dd1b65e8124e008af58b6c66723897 6c17aa4a907d497ea867b449da09bac0 - - default default] Successfully bumped revision number for resource 8983238d-8852-4b48-ab50-2ed8841539fd (type: security_group_rules) to 0
2026-05-25 15:33:48.587 7 INFO neutron.db.ovn_revision_numbers_db [None req-3b3fc843-d5ed-4c13-9049-9ca13163eba0 e0dd1b65e8124e008af58b6c66723897 6c17aa4a907d497ea867b449da09bac0 - - default default] Successfully bumped revision number for resource 9ec266e9-4427-4fa1-984e-2096f2f8e063 (type: security_group_rules) to 0
2026-05-25 15:33:48.598 7 INFO neutron.db.ovn_revision_numbers_db [None req-3b3fc843-d5ed-4c13-9049-9ca13163eba0 e0dd1b65e8124e008af58b6c66723897 6c17aa4a907d497ea867b449da09bac0 - - default default] Successfully bumped revision number for resource d2e78ae1-e9f3-4749-a497-02267334e3e8 (type: security_group_rules) to 0
2026-05-25 15:33:48.614 7 INFO neutron.db.ovn_revision_numbers_db [None req-3b3fc843-d5ed-4c13-9049-9ca13163eba0 e0dd1b65e8124e008af58b6c66723897 6c17aa4a907d497ea867b449da09bac0 - - default default] Successfully bumped revision number for resource d5ef847a-d53d-430b-87b9-a7a3a96346d9 (type: security_group_rules) to 0
2026-05-25 15:33:48.691 8 INFO neutron.db.ovn_revision_numbers_db [None req-7856a2e1-a088-498c-b0ad-a16a848b4261 - - - - - -] Successfully bumped revision number for resource a9146d0e-1c96-44f4-b465-a35056a97d59 (type: ports) to 2
2026-05-25 15:33:48.695 7 INFO neutron.db.segments_db [None req-3b3fc843-d5ed-4c13-9049-9ca13163eba0 e0dd1b65e8124e008af58b6c66723897 6c17aa4a907d497ea867b449da09bac0 - - default default] Added segment 029c726b-226e-4113-9122-a9e2fa0c6644 of type geneve for network d75f7906-23c7-474b-9f9f-978e1674f706
2026-05-25 15:33:48.725 8 INFO neutron.db.ovn_revision_numbers_db [None req-7856a2e1-a088-498c-b0ad-a16a848b4261 - - - - - -] Successfully bumped revision number for resource 25bddf54-a0bd-4230-8e0b-38333697aa5f (type: subnets) to 0
2026-05-25 15:33:48.754 8 WARNING neutron.scheduler.dhcp_agent_scheduler [None req-c754f2f8-1fea-4b0c-b494-037d63ab34b2 90b4b7bca32340528f1b096dce876fff 218cc961765f4095a7fcef084674ea61 - - default default] No more DHCP agents
2026-05-25 15:33:48.755 8 WARNING neutron.api.rpc.agentnotifiers.dhcp_rpc_agent_api [None req-c754f2f8-1fea-4b0c-b494-037d63ab34b2 90b4b7bca32340528f1b096dce876fff 218cc961765f4095a7fcef084674ea61 - - default default] Unable to schedule network f501f696-2073-46de-8486-89c5ba96b8b8: no agents available; will retry on subsequent port and subnet creation events.
2026-05-25 15:33:48.793 7 INFO neutron.db.ovn_revision_numbers_db [None req-3b3fc843-d5ed-4c13-9049-9ca13163eba0 e0dd1b65e8124e008af58b6c66723897 6c17aa4a907d497ea867b449da09bac0 - - default default] Successfully bumped revision number for resource d75f7906-23c7-474b-9f9f-978e1674f706 (type: networks) to 1
2026-05-25 15:33:49.007 7 WARNING neutron.scheduler.dhcp_agent_scheduler [None req-3b3fc843-d5ed-4c13-9049-9ca13163eba0 e0dd1b65e8124e008af58b6c66723897 6c17aa4a907d497ea867b449da09bac0 - - default default] No more DHCP agents
2026-05-25 15:33:49.009 7 WARNING neutron.api.rpc.agentnotifiers.dhcp_rpc_agent_api [None req-3b3fc843-d5ed-4c13-9049-9ca13163eba0 e0dd1b65e8124e008af58b6c66723897 6c17aa4a907d497ea867b449da09bac0 - - default default] Unable to schedule network d75f7906-23c7-474b-9f9f-978e1674f706: no agents available; will retry on subsequent port and subnet creation events.
2026-05-25 15:33:49.061 7 INFO neutron.plugins.ml2.drivers.ovn.mech_driver.mech_driver [None req-0308a3c2-e63d-4e96-92fe-9a7355b1e8cb - - - - - -] OVN reports status down for port: 5de32225-57ae-457b-a1ce-8d4a23d3a7a0
2026-05-25 15:33:49.118 7 INFO neutron.db.ovn_revision_numbers_db [None req-3b3fc843-d5ed-4c13-9049-9ca13163eba0 e0dd1b65e8124e008af58b6c66723897 6c17aa4a907d497ea867b449da09bac0 - - default default] Successfully bumped revision number for resource 5de32225-57ae-457b-a1ce-8d4a23d3a7a0 (type: ports) to 1 [pid: 7|app: 0|req: 726/1419] 10.0.0.159 () {34 vars in 670 bytes} [Mon May 25 15:33:48 2026] POST /v2.0/networks => generated 648 bytes in 903 msecs (HTTP/1.1 201) 4 headers in 162 bytes (1 switches on core 0)
2026-05-25 15:33:49.196 8 INFO neutron.db.ovn_revision_numbers_db [None req-0efc040a-673d-41c3-a507-2135dffa3eb0 - - - - - -] Successfully bumped revision number for resource 94511d80-b71e-407d-9da1-c3b9451b1806 (type: ports) to 2
2026-05-25 15:33:49.234 8 INFO neutron.db.ovn_revision_numbers_db [None req-0efc040a-673d-41c3-a507-2135dffa3eb0 - - - - - -] Successfully bumped revision number for resource 940aca89-6220-4286-8bfd-1e4ff0244bb8 (type: subnets) to 0 [pid: 8|app: 0|req: 694/1420] 10.0.0.159 () {34 vars in 669 bytes} [Mon May 25 15:33:47 2026] POST /v2.0/subnets => generated 1273 bytes in 1743 msecs (HTTP/1.1 201) 4 headers in 163 bytes (1 switches on core 0)
2026-05-25 15:33:49.331 8 INFO neutron.db.segments_db [None req-a2fdfca6-b579-448b-8e49-53a54e30455d e0dd1b65e8124e008af58b6c66723897 6c17aa4a907d497ea867b449da09bac0 - - default default] Added segment 56335e43-396d-4857-ad66-329c21ab232f of type geneve for network a38d9936-751b-470e-8ef2-17978d9b0794
2026-05-25 15:33:49.432 8 INFO neutron.db.ovn_revision_numbers_db [None req-a2fdfca6-b579-448b-8e49-53a54e30455d e0dd1b65e8124e008af58b6c66723897 6c17aa4a907d497ea867b449da09bac0 - - default default] Successfully bumped revision number for resource a38d9936-751b-470e-8ef2-17978d9b0794 (type: networks) to 1
2026-05-25 15:33:49.583 8 WARNING neutron.scheduler.dhcp_agent_scheduler [None req-a2fdfca6-b579-448b-8e49-53a54e30455d e0dd1b65e8124e008af58b6c66723897 6c17aa4a907d497ea867b449da09bac0 - - default default] No more DHCP agents
2026-05-25 15:33:49.585 8 WARNING neutron.api.rpc.agentnotifiers.dhcp_rpc_agent_api [None req-a2fdfca6-b579-448b-8e49-53a54e30455d e0dd1b65e8124e008af58b6c66723897 6c17aa4a907d497ea867b449da09bac0 - - default default] Unable to schedule network a38d9936-751b-470e-8ef2-17978d9b0794: no agents available; will retry on subsequent port and subnet creation events.
2026-05-25 15:33:49.651 7 INFO neutron.plugins.ml2.drivers.ovn.mech_driver.mech_driver [None req-0308a3c2-e63d-4e96-92fe-9a7355b1e8cb - - - - - -] OVN reports status down for port: 71712fb1-c383-46a1-882c-2fa322c2db0c
2026-05-25 15:33:49.658 8 INFO neutron.db.ovn_revision_numbers_db [None req-a2fdfca6-b579-448b-8e49-53a54e30455d e0dd1b65e8124e008af58b6c66723897 6c17aa4a907d497ea867b449da09bac0 - - default default] Successfully bumped revision number for resource 71712fb1-c383-46a1-882c-2fa322c2db0c (type: ports) to 1 [pid: 8|app: 0|req: 695/1421] 10.0.0.159 () {34 vars in 670 bytes} [Mon May 25 15:33:49 2026] POST /v2.0/networks => generated 648 bytes in 429 msecs (HTTP/1.1 201) 4 headers in 162 bytes (1 switches on core 0)
2026-05-25 15:33:49.709 7 WARNING neutron.scheduler.dhcp_agent_scheduler [None req-6fcf08ec-4ee4-4cf3-be9f-6a75e2c0f1c3 9247f57bcffd479e8e654474436a5261 adc015c4be0449b295d08674736b1b7c - - default default] No more DHCP agents
2026-05-25 15:33:49.712 7 WARNING neutron.api.rpc.agentnotifiers.dhcp_rpc_agent_api [None req-6fcf08ec-4ee4-4cf3-be9f-6a75e2c0f1c3 9247f57bcffd479e8e654474436a5261 adc015c4be0449b295d08674736b1b7c - - default default] Unable to schedule network 1751e532-3106-4077-824c-6b82030532b4: no agents available; will retry on subsequent port and subnet creation events. [pid: 8|app: 0|req: 696/1422] 10.0.0.159 () {32 vars in 647 bytes} [Mon May 25 15:33:49 2026] GET /v2.0/subnets => generated 1909 bytes in 44 msecs (HTTP/1.1 200) 4 headers in 158 bytes (1 switches on core 0)
2026-05-25 15:33:49.881 7 INFO neutron.db.ovn_revision_numbers_db [None req-6fcf08ec-4ee4-4cf3-be9f-6a75e2c0f1c3 9247f57bcffd479e8e654474436a5261 adc015c4be0449b295d08674736b1b7c - - default default] Successfully bumped revision number for resource b48106b7-0b89-4676-be91-2dd774c14161 (type: ports) to 1
2026-05-25 15:33:49.914 8 WARNING neutron.scheduler.dhcp_agent_scheduler [None req-d02808ba-7562-419b-9174-de3f42274b6b e0dd1b65e8124e008af58b6c66723897 6c17aa4a907d497ea867b449da09bac0 - - default default] No more DHCP agents
2026-05-25 15:33:49.915 8 WARNING neutron.api.rpc.agentnotifiers.dhcp_rpc_agent_api [None req-d02808ba-7562-419b-9174-de3f42274b6b e0dd1b65e8124e008af58b6c66723897 6c17aa4a907d497ea867b449da09bac0 - - default default] Unable to schedule network d75f7906-23c7-474b-9f9f-978e1674f706: no agents available; will retry on subsequent port and subnet creation events.
2026-05-25 15:33:50.321 8 INFO neutron.db.ovn_revision_numbers_db [None req-64bd2f60-f967-4ca3-856b-c442ff9ce11d - - - - - -] Successfully bumped revision number for resource 5de32225-57ae-457b-a1ce-8d4a23d3a7a0 (type: ports) to 2
2026-05-25 15:33:50.353 8 INFO neutron.db.ovn_revision_numbers_db [None req-64bd2f60-f967-4ca3-856b-c442ff9ce11d - - - - - -] Successfully bumped revision number for resource cb8ddca0-9088-460a-95c4-12decca6ad2d (type: subnets) to 0 [pid: 8|app: 0|req: 697/1423] 10.0.0.159 () {34 vars in 669 bytes} [Mon May 25 15:33:49 2026] POST /v2.0/subnets => generated 626 bytes in 643 msecs (HTTP/1.1 201) 4 headers in 162 bytes (1 switches on core 0) [pid: 8|app: 0|req: 698/1424] 10.0.0.159 () {32 vars in 724 bytes} [Mon May 25 15:33:50 2026] DELETE /v2.0/subnets/25bddf54-a0bd-4230-8e0b-38333697aa5f => generated 0 bytes in 192 msecs (HTTP/1.1 204) 3 headers in 131 bytes (1 switches on core 0)
2026-05-25 15:33:50.602 7 WARNING neutron.scheduler.dhcp_agent_scheduler [None req-6fcf08ec-4ee4-4cf3-be9f-6a75e2c0f1c3 9247f57bcffd479e8e654474436a5261 adc015c4be0449b295d08674736b1b7c - - default default] No more DHCP agents
2026-05-25 15:33:50.603 7 WARNING neutron.api.rpc.agentnotifiers.dhcp_rpc_agent_api [None req-6fcf08ec-4ee4-4cf3-be9f-6a75e2c0f1c3 9247f57bcffd479e8e654474436a5261 adc015c4be0449b295d08674736b1b7c - - default default] Unable to schedule network 1751e532-3106-4077-824c-6b82030532b4: no agents available; will retry on subsequent port and subnet creation events.
2026-05-25 15:33:50.817 8 INFO neutron.db.ovn_revision_numbers_db [None req-74ed8eaf-9acf-4218-8bbc-1e34db53ce91 949d21acfcab472f83e63440aceb4d79 7a1908207500418c8f5511c683963274 - - default default] Successfully bumped revision number for resource 02ca5940-457e-4fc9-8beb-66a3a3fdcddf (type: security_groups) to 1
2026-05-25 15:33:50.830 8 INFO neutron.db.ovn_revision_numbers_db [None req-74ed8eaf-9acf-4218-8bbc-1e34db53ce91 949d21acfcab472f83e63440aceb4d79 7a1908207500418c8f5511c683963274 - - default default] Successfully bumped revision number for resource 03f443b5-6f01-4163-8cfa-ae56d4c1f5b4 (type: security_group_rules) to 0
2026-05-25 15:33:50.840 8 INFO neutron.db.ovn_revision_numbers_db [None req-74ed8eaf-9acf-4218-8bbc-1e34db53ce91 949d21acfcab472f83e63440aceb4d79 7a1908207500418c8f5511c683963274 - - default default] Successfully bumped revision number for resource 3c945490-3627-4f66-bd13-68a81673b193 (type: security_group_rules) to 0
2026-05-25 15:33:50.850 8 INFO neutron.db.ovn_revision_numbers_db [None req-74ed8eaf-9acf-4218-8bbc-1e34db53ce91 949d21acfcab472f83e63440aceb4d79 7a1908207500418c8f5511c683963274 - - default default] Successfully bumped revision number for resource 6e8c123b-6478-4bd4-ae8f-428334eb5275 (type: security_group_rules) to 0
2026-05-25 15:33:50.859 8 INFO neutron.db.ovn_revision_numbers_db [None req-74ed8eaf-9acf-4218-8bbc-1e34db53ce91 949d21acfcab472f83e63440aceb4d79 7a1908207500418c8f5511c683963274 - - default default] Successfully bumped revision number for resource b014c3fa-adf5-40cf-90aa-fd5643b88d3b (type: security_group_rules) to 0 [pid: 8|app: 0|req: 699/1425] 10.0.0.159 () {32 vars in 774 bytes} [Mon May 25 15:33:50 2026] GET /v2.0/security-groups?tenant_id=e2b4ac4745e44503aeba49f6bf51c846&name=default => generated 2925 bytes in 343 msecs (HTTP/1.1 200) 4 headers in 158 bytes (1 switches on core 0)
2026-05-25 15:33:50.924 7 INFO neutron.db.ovn_revision_numbers_db [None req-6fcf08ec-4ee4-4cf3-be9f-6a75e2c0f1c3 9247f57bcffd479e8e654474436a5261 adc015c4be0449b295d08674736b1b7c - - default default] Successfully bumped revision number for resource b48106b7-0b89-4676-be91-2dd774c14161 (type: router_ports) to 1 [pid: 7|app: 0|req: 727/1426] 10.0.0.159 () {34 vars in 783 bytes} [Mon May 25 15:33:49 2026] PUT /v2.0/routers/46e927ef-e03e-4eed-b88d-8d526b39cbbf/add_router_interface => generated 309 bytes in 1745 msecs (HTTP/1.1 200) 4 headers in 157 bytes (1 switches on core 0) [pid: 7|app: 0|req: 728/1427] 10.0.0.159 () {32 vars in 724 bytes} [Mon May 25 15:33:50 2026] DELETE /v2.0/subnets/940aca89-6220-4286-8bfd-1e4ff0244bb8 => generated 0 bytes in 168 msecs (HTTP/1.1 204) 3 headers in 131 bytes (1 switches on core 0)
2026-05-25 15:33:51.163 8 WARNING neutron.scheduler.dhcp_agent_scheduler [None req-87314633-98b5-4585-b2b2-c5d383984d43 e0dd1b65e8124e008af58b6c66723897 6c17aa4a907d497ea867b449da09bac0 - - default default] No more DHCP agents
2026-05-25 15:33:51.164 8 WARNING neutron.api.rpc.agentnotifiers.dhcp_rpc_agent_api [None req-87314633-98b5-4585-b2b2-c5d383984d43 e0dd1b65e8124e008af58b6c66723897 6c17aa4a907d497ea867b449da09bac0 - - default default] Unable to schedule network a38d9936-751b-470e-8ef2-17978d9b0794: no agents available; will retry on subsequent port and subnet creation events. [pid: 7|app: 0|req: 729/1428] 10.0.0.159 () {32 vars in 740 bytes} [Mon May 25 15:33:51 2026] DELETE /v2.0/security-groups/02ca5940-457e-4fc9-8beb-66a3a3fdcddf => generated 0 bytes in 227 msecs (HTTP/1.1 204) 2 headers in 112 bytes (1 switches on core 0)
2026-05-25 15:33:51.603 7 WARNING neutron.scheduler.dhcp_agent_scheduler [None req-7379b00a-32f5-4d57-bf61-c39ef0681e6f 9247f57bcffd479e8e654474436a5261 adc015c4be0449b295d08674736b1b7c - - default default] No more DHCP agents
2026-05-25 15:33:51.607 7 WARNING neutron.api.rpc.agentnotifiers.dhcp_rpc_agent_api [None req-7379b00a-32f5-4d57-bf61-c39ef0681e6f 9247f57bcffd479e8e654474436a5261 adc015c4be0449b295d08674736b1b7c - - default default] Unable to schedule network 1751e532-3106-4077-824c-6b82030532b4: no agents available; will retry on subsequent port and subnet creation events.
2026-05-25 15:33:51.631 8 INFO neutron.db.ovn_revision_numbers_db [None req-ea4b43e7-9f9a-47ad-b98b-afc164a77464 - - - - - -] Successfully bumped revision number for resource 71712fb1-c383-46a1-882c-2fa322c2db0c (type: ports) to 2
2026-05-25 15:33:51.663 8 INFO neutron.db.ovn_revision_numbers_db [None req-ea4b43e7-9f9a-47ad-b98b-afc164a77464 - - - - - -] Successfully bumped revision number for resource 41ac656a-e8c0-433d-b3b0-b441efba6b47 (type: subnets) to 0 [pid: 8|app: 0|req: 700/1429] 10.0.0.159 () {34 vars in 669 bytes} [Mon May 25 15:33:50 2026] POST /v2.0/subnets => generated 626 bytes in 771 msecs (HTTP/1.1 201) 4 headers in 162 bytes (1 switches on core 0) [pid: 8|app: 0|req: 701/1430] 10.0.0.159 () {32 vars in 647 bytes} [Mon May 25 15:33:51 2026] GET /v2.0/subnets => generated 649 bytes in 27 msecs (HTTP/1.1 200) 4 headers in 157 bytes (1 switches on core 0)
2026-05-25 15:33:51.753 7 INFO neutron.db.ovn_revision_numbers_db [None req-7379b00a-32f5-4d57-bf61-c39ef0681e6f 9247f57bcffd479e8e654474436a5261 adc015c4be0449b295d08674736b1b7c - - default default] Successfully bumped revision number for resource 8364860f-2d40-4a20-9a82-b3ec3f38a826 (type: ports) to 1 [pid: 7|app: 0|req: 730/1431] 10.0.0.159 () {34 vars in 665 bytes} [Mon May 25 15:33:51 2026] POST /v2.0/ports => generated 957 bytes in 488 msecs (HTTP/1.1 201) 4 headers in 162 bytes (1 switches on core 0) /var/lib/openstack/lib/python3.12/site-packages/pycadf/identifier.py:70: UserWarning: Invalid uuid: neutron. To ensure interoperability, identifiers should be a valid uuid. warnings.warn(('Invalid uuid: %s. To ensure interoperability, '
2026-05-25 15:33:51.845 8 INFO neutron.db.ovn_revision_numbers_db [None req-de9a7a3d-6bce-4e04-bcc8-95f0b880c4d8 949d21acfcab472f83e63440aceb4d79 7a1908207500418c8f5511c683963274 - - default default] Successfully bumped revision number for resource 31b1be47-0b2c-47ff-95f4-64ebf9da45d6 (type: security_groups) to 1
2026-05-25 15:33:51.855 8 INFO neutron.db.ovn_revision_numbers_db [None req-de9a7a3d-6bce-4e04-bcc8-95f0b880c4d8 949d21acfcab472f83e63440aceb4d79 7a1908207500418c8f5511c683963274 - - default default] Successfully bumped revision number for resource 2a3872e9-c746-46ff-90d4-cfc792f79dd7 (type: security_group_rules) to 0
2026-05-25 15:33:51.865 8 INFO neutron.db.ovn_revision_numbers_db [None req-de9a7a3d-6bce-4e04-bcc8-95f0b880c4d8 949d21acfcab472f83e63440aceb4d79 7a1908207500418c8f5511c683963274 - - default default] Successfully bumped revision number for resource 98847db7-c3ea-4c9a-b1aa-aa1d691d39e9 (type: security_group_rules) to 0
2026-05-25 15:33:51.876 8 INFO neutron.db.ovn_revision_numbers_db [None req-de9a7a3d-6bce-4e04-bcc8-95f0b880c4d8 949d21acfcab472f83e63440aceb4d79 7a1908207500418c8f5511c683963274 - - default default] Successfully bumped revision number for resource ca515b53-e511-40f2-98df-2f25949e9f98 (type: security_group_rules) to 0
2026-05-25 15:33:51.886 8 INFO neutron.db.ovn_revision_numbers_db [None req-de9a7a3d-6bce-4e04-bcc8-95f0b880c4d8 949d21acfcab472f83e63440aceb4d79 7a1908207500418c8f5511c683963274 - - default default] Successfully bumped revision number for resource d8194b4a-1d54-4b14-94b3-e61f25f61ebb (type: security_group_rules) to 0
2026-05-25 15:33:51.930 7 INFO neutron.db.ovn_revision_numbers_db [None req-849f694a-5a5e-4bd5-b40b-d314c2da9dec e0dd1b65e8124e008af58b6c66723897 6c17aa4a907d497ea867b449da09bac0 - - default default] Successfully bumped revision number for resource 23cb21d2-032c-488d-abe7-022816ae3fd6 (type: routers) to 1 [pid: 8|app: 0|req: 702/1432] 10.0.0.159 () {32 vars in 774 bytes} [Mon May 25 15:33:51 2026] GET /v2.0/security-groups?tenant_id=82a09b5d0d9f480597cae513083f4daf&name=default => generated 2925 bytes in 231 msecs (HTTP/1.1 200) 4 headers in 158 bytes (1 switches on core 0) [pid: 7|app: 0|req: 731/1433] 10.0.0.159 () {34 vars in 669 bytes} [Mon May 25 15:33:51 2026] POST /v2.0/routers => generated 603 bytes in 131 msecs (HTTP/1.1 201) 4 headers in 162 bytes (1 switches on core 0)
2026-05-25 15:33:52.045 8 INFO neutron_taas.services.taas.taas_plugin [None req-2f68fedd-d2af-497b-87df-cc7fb79a0565 90b4b7bca32340528f1b096dce876fff 218cc961765f4095a7fcef084674ea61 - - default default] TaaS: Handle Delete Port: 94511d80-b71e-407d-9da1-c3b9451b1806
