May 14 10:19:02.970035 np0000174127 devstack@neutron-api.service[103329]: DEBUG neutron.api.extensions [None req-7e6101a6-d8ed-4672-89ab-855c1439352d None None] Ext name="Subnet SegmentID (writable)" alias="subnet-segmentid-writable" description="Provides a writable segment_id attribute for a subnet resource." updated="2018-03-12T00:00:00-00:00" {{(pid=103329) _check_extension /opt/stack/neutron/neutron/api/extensions.py:415}}
May 14 10:19:02.970063 np0000174127 devstack@neutron-api.service[103332]: DEBUG neutron.api.extensions [None req-4f0fb6b6-f53f-486b-a454-a0b67f0b8e9b None None] Loading extension file: rbac_address_scope.py {{(pid=103332) _load_all_extensions_from_path /opt/stack/neutron/neutron/api/extensions.py:449}}
May 14 10:19:02.970087 np0000174127 devstack@neutron-api.service[103329]: INFO neutron.api.extensions [None req-7e6101a6-d8ed-4672-89ab-855c1439352d None None] Extension subnet-segmentid-writable not supported by any of loaded plugins
May 14 10:19:02.970112 np0000174127 devstack@neutron-api.service[103332]: DEBUG neutron.api.extensions [None req-4f0fb6b6-f53f-486b-a454-a0b67f0b8e9b None None] Ext name="Add address_scope type to RBAC" alias="rbac-address-scope" description="Add address_scope type to RBAC" updated="2020-02-12T00:00:00-00:00" {{(pid=103332) _check_extension /opt/stack/neutron/neutron/api/extensions.py:415}}
May 14 10:19:02.970209 np0000174127 devstack@neutron-api.service[103329]: DEBUG neutron.api.extensions [None req-7e6101a6-d8ed-4672-89ab-855c1439352d None None] Loading extension file: subnet_service_types.py {{(pid=103329) _load_all_extensions_from_path /opt/stack/neutron/neutron/api/extensions.py:449}}
May 14 10:19:02.970238 np0000174127 devstack@neutron-api.service[103332]: INFO neutron.api.extensions [None req-4f0fb6b6-f53f-486b-a454-a0b67f0b8e9b None None] Loaded extension: rbac-address-scope
May 14 10:19:02.970264 np0000174127 devstack@neutron-api.service[103329]: DEBUG neutron.api.extensions [None req-7e6101a6-d8ed-4672-89ab-855c1439352d None None] Ext name="Subnet service types" alias="subnet-service-types" description="Provides ability to set the subnet service_types field" updated="2016-03-15T18:00:00-00:00" {{(pid=103329) _check_extension /opt/stack/neutron/neutron/api/extensions.py:415}}
May 14 10:19:02.970293 np0000174127 devstack@neutron-api.service[103332]: DEBUG neutron.api.extensions [None req-4f0fb6b6-f53f-486b-a454-a0b67f0b8e9b None None] Loading extension file: rbac_security_groups.py {{(pid=103332) _load_all_extensions_from_path /opt/stack/neutron/neutron/api/extensions.py:449}}
May 14 10:19:02.970332 np0000174127 devstack@neutron-api.service[103329]: INFO neutron.api.extensions [None req-7e6101a6-d8ed-4672-89ab-855c1439352d None None] Loaded extension: subnet-service-types
May 14 10:19:02.970379 np0000174127 devstack@neutron-api.service[103332]: DEBUG neutron.api.extensions [None req-4f0fb6b6-f53f-486b-a454-a0b67f0b8e9b None None] Ext name="Add security_group type to network RBAC" alias="rbac-security-groups" description="Add security_group type to network RBAC" updated="2019-02-14T00:00:00-00:00" {{(pid=103332) _check_extension /opt/stack/neutron/neutron/api/extensions.py:415}}
May 14 10:19:02.970409 np0000174127 devstack@neutron-api.service[103329]: DEBUG neutron.api.extensions [None req-7e6101a6-d8ed-4672-89ab-855c1439352d None None] Loading extension file: subnetallocation.py {{(pid=103329) _load_all_extensions_from_path /opt/stack/neutron/neutron/api/extensions.py:449}}
May 14 10:19:02.970437 np0000174127 devstack@neutron-api.service[103332]: INFO neutron.api.extensions [None req-4f0fb6b6-f53f-486b-a454-a0b67f0b8e9b None None] Loaded extension: rbac-security-groups
May 14 10:19:02.970468 np0000174127 devstack@neutron-api.service[103330]: DEBUG neutron.plugins.ml2.plugin [None req-361a1a37-598b-41d5-8b83-04a8336436be None None] neutron.plugins.ml2.plugin.Ml2Plugin method _start_rpc_notifiers called with arguments () {} {{(pid=103330) wrapper /opt/stack/data/venv/lib/python3.12/site-packages/oslo_log/helpers.py:77}}
May 14 10:19:02.970522 np0000174127 devstack@neutron-api.service[103332]: DEBUG neutron.api.extensions [None req-4f0fb6b6-f53f-486b-a454-a0b67f0b8e9b None None] Loading extension file: rbac_subnetpool.py {{(pid=103332) _load_all_extensions_from_path /opt/stack/neutron/neutron/api/extensions.py:449}}
May 14 10:19:02.970549 np0000174127 devstack@neutron-api.service[103329]: DEBUG neutron.api.extensions [None req-7e6101a6-d8ed-4672-89ab-855c1439352d None None] Ext name="Subnet Allocation" alias="subnet_allocation" description="Enables allocation of subnets from a subnet pool" updated="2015-03-30T10:00:00-00:00" {{(pid=103329) _check_extension /opt/stack/neutron/neutron/api/extensions.py:415}}
May 14 10:19:02.970617 np0000174127 devstack@neutron-api.service[103332]: DEBUG neutron.api.extensions [None req-4f0fb6b6-f53f-486b-a454-a0b67f0b8e9b None None] Ext name="Add subnetpool type to RBAC" alias="rbac-subnetpool" description="Add subnetpool type to RBAC" updated="2020-02-05T00:00:00-00:00" {{(pid=103332) _check_extension /opt/stack/neutron/neutron/api/extensions.py:415}}
May 14 10:19:02.970657 np0000174127 devstack@neutron-api.service[103330]: DEBUG neutron_lib.callbacks.manager [None req-361a1a37-598b-41d5-8b83-04a8336436be None None] Subscribe: > port after_create 55550000, False {{(pid=103330) subscribe /opt/stack/data/venv/lib/python3.12/site-packages/neutron_lib/callbacks/manager.py:52}}
May 14 10:19:02.970690 np0000174127 devstack@neutron-api.service[103329]: INFO neutron.api.extensions [None req-7e6101a6-d8ed-4672-89ab-855c1439352d None None] Loaded extension: subnet_allocation
May 14 10:19:02.970716 np0000174127 devstack@neutron-api.service[103330]: DEBUG neutron_lib.callbacks.manager [None req-361a1a37-598b-41d5-8b83-04a8336436be None None] Subscribe: > port after_update 55550000, False {{(pid=103330) subscribe /opt/stack/data/venv/lib/python3.12/site-packages/neutron_lib/callbacks/manager.py:52}}
May 14 10:19:02.970742 np0000174127 devstack@neutron-api.service[103332]: INFO neutron.api.extensions [None req-4f0fb6b6-f53f-486b-a454-a0b67f0b8e9b None None] Extension rbac-subnetpool not supported by any of loaded plugins
May 14 10:19:02.970775 np0000174127 devstack@neutron-api.service[103329]: DEBUG neutron.api.extensions [None req-7e6101a6-d8ed-4672-89ab-855c1439352d None None] Loading extension file: subnetpool_prefix_ops.py {{(pid=103329) _load_all_extensions_from_path /opt/stack/neutron/neutron/api/extensions.py:449}}
May 14 10:19:02.970804 np0000174127 devstack@neutron-api.service[103332]: DEBUG neutron.api.extensions [None req-4f0fb6b6-f53f-486b-a454-a0b67f0b8e9b None None] Loading extension file: revisionifmatch.py {{(pid=103332) _load_all_extensions_from_path /opt/stack/neutron/neutron/api/extensions.py:449}}
May 14 10:19:02.970831 np0000174127 devstack@neutron-api.service[103330]: DEBUG neutron_lib.callbacks.manager [None req-361a1a37-598b-41d5-8b83-04a8336436be None None] Subscribe: > port after_delete 55550000, False {{(pid=103330) subscribe /opt/stack/data/venv/lib/python3.12/site-packages/neutron_lib/callbacks/manager.py:52}}
May 14 10:19:02.970831 np0000174127 devstack@neutron-api.service[103330]: DEBUG neutron_lib.callbacks.manager [None req-361a1a37-598b-41d5-8b83-04a8336436be None None] Subscribe: > subnet after_create 55550000, False {{(pid=103330) subscribe /opt/stack/data/venv/lib/python3.12/site-packages/neutron_lib/callbacks/manager.py:52}}
May 14 10:19:02.970831 np0000174127 devstack@neutron-api.service[103330]: DEBUG neutron_lib.callbacks.manager [None req-361a1a37-598b-41d5-8b83-04a8336436be None None] Subscribe: > subnet after_update 55550000, False {{(pid=103330) subscribe /opt/stack/data/venv/lib/python3.12/site-packages/neutron_lib/callbacks/manager.py:52}}
May 14 10:19:02.970908 np0000174127 devstack@neutron-api.service[103329]: DEBUG neutron.api.extensions [None req-7e6101a6-d8ed-4672-89ab-855c1439352d None None] Ext name="Subnet Pool Prefix Operations" alias="subnetpool-prefix-ops" description="Provides support for adjusting the prefix list of subnet pools" updated="2019-02-08T10:00:00-00:00" {{(pid=103329) _check_extension /opt/stack/neutron/neutron/api/extensions.py:415}}
May 14 10:19:02.970937 np0000174127 devstack@neutron-api.service[103332]: DEBUG neutron.api.extensions [None req-4f0fb6b6-f53f-486b-a454-a0b67f0b8e9b None None] Ext name="If-Match constraints based on revision_number" alias="revision-if-match" description="Extension indicating that If-Match based on revision_number is supported." updated="2016-12-11T00:00:00-00:00" {{(pid=103332) _check_extension /opt/stack/neutron/neutron/api/extensions.py:415}}
May 14 10:19:02.970971 np0000174127 devstack@neutron-api.service[103330]: DEBUG neutron_lib.callbacks.manager [None req-361a1a37-598b-41d5-8b83-04a8336436be None None] Subscribe: > subnet after_delete 55550000, False {{(pid=103330) subscribe /opt/stack/data/venv/lib/python3.12/site-packages/neutron_lib/callbacks/manager.py:52}}
May 14 10:19:02.971005 np0000174127 devstack@neutron-api.service[103329]: INFO neutron.api.extensions [None req-7e6101a6-d8ed-4672-89ab-855c1439352d None None] Loaded extension: subnetpool-prefix-ops
May 14 10:19:02.971029 np0000174127 devstack@neutron-api.service[103332]: INFO neutron.api.extensions [None req-4f0fb6b6-f53f-486b-a454-a0b67f0b8e9b None None] Loaded extension: revision-if-match
May 14 10:19:02.971055 np0000174127 devstack@neutron-api.service[103330]: DEBUG neutron_lib.callbacks.manager [None req-361a1a37-598b-41d5-8b83-04a8336436be None None] Subscribe: > network after_create 55550000, False {{(pid=103330) subscribe /opt/stack/data/venv/lib/python3.12/site-packages/neutron_lib/callbacks/manager.py:52}}
May 14 10:19:02.971085 np0000174127 devstack@neutron-api.service[103332]: DEBUG neutron.api.extensions [None req-4f0fb6b6-f53f-486b-a454-a0b67f0b8e9b None None] Loading extension file: revisions.py {{(pid=103332) _load_all_extensions_from_path /opt/stack/neutron/neutron/api/extensions.py:449}}
May 14 10:19:02.971112 np0000174127 devstack@neutron-api.service[103329]: DEBUG neutron.api.extensions [None req-7e6101a6-d8ed-4672-89ab-855c1439352d None None] Loading extension file: tag_creation.py {{(pid=103329) _load_all_extensions_from_path /opt/stack/neutron/neutron/api/extensions.py:449}}
May 14 10:19:02.971142 np0000174127 devstack@neutron-api.service[103330]: DEBUG neutron_lib.callbacks.manager [None req-361a1a37-598b-41d5-8b83-04a8336436be None None] Subscribe: > network after_update 55550000, False {{(pid=103330) subscribe /opt/stack/data/venv/lib/python3.12/site-packages/neutron_lib/callbacks/manager.py:52}}
May 14 10:19:02.971142 np0000174127 devstack@neutron-api.service[103330]: DEBUG neutron_lib.callbacks.manager [None req-361a1a37-598b-41d5-8b83-04a8336436be None None] Subscribe: > network after_delete 55550000, False {{(pid=103330) subscribe /opt/stack/data/venv/lib/python3.12/site-packages/neutron_lib/callbacks/manager.py:52}}
May 14 10:19:02.971142 np0000174127 devstack@neutron-api.service[103330]: DEBUG neutron_lib.callbacks.manager [None req-361a1a37-598b-41d5-8b83-04a8336436be None None] Subscribe: > security_group after_create 55550000, False {{(pid=103330) subscribe /opt/stack/data/venv/lib/python3.12/site-packages/neutron_lib/callbacks/manager.py:52}}
May 14 10:19:02.971261 np0000174127 devstack@neutron-api.service[103329]: DEBUG neutron.api.extensions [None req-7e6101a6-d8ed-4672-89ab-855c1439352d None None] Ext name="Tag creation extension" alias="tag-creation" description="Allow to create multiple tags for a resource" updated="2024-23-07T10:00:00-00:00" {{(pid=103329) _check_extension /opt/stack/neutron/neutron/api/extensions.py:415}}
May 14 10:19:02.971289 np0000174127 devstack@neutron-api.service[103330]: DEBUG neutron_lib.callbacks.manager [None req-361a1a37-598b-41d5-8b83-04a8336436be None None] Subscribe: > security_group after_update 55550000, False {{(pid=103330) subscribe /opt/stack/data/venv/lib/python3.12/site-packages/neutron_lib/callbacks/manager.py:52}}
May 14 10:19:02.971319 np0000174127 devstack@neutron-api.service[103332]: DEBUG neutron.api.extensions [None req-4f0fb6b6-f53f-486b-a454-a0b67f0b8e9b None None] Ext name="Resource revision numbers" alias="standard-attr-revisions" description="This extension will display the revision number of neutron resources." updated="2016-04-11T10:00:00-00:00" {{(pid=103332) _check_extension /opt/stack/neutron/neutron/api/extensions.py:415}}
May 14 10:19:02.971354 np0000174127 devstack@neutron-api.service[103330]: DEBUG neutron_lib.callbacks.manager [None req-361a1a37-598b-41d5-8b83-04a8336436be None None] Subscribe: > security_group after_delete 55550000, False {{(pid=103330) subscribe /opt/stack/data/venv/lib/python3.12/site-packages/neutron_lib/callbacks/manager.py:52}}
May 14 10:19:02.971418 np0000174127 devstack@neutron-api.service[103329]: INFO neutron.api.extensions [None req-7e6101a6-d8ed-4672-89ab-855c1439352d None None] Loaded extension: tag-creation
May 14 10:19:02.971457 np0000174127 devstack@neutron-api.service[103332]: INFO neutron.api.extensions [None req-4f0fb6b6-f53f-486b-a454-a0b67f0b8e9b None None] Loaded extension: standard-attr-revisions
May 14 10:19:02.971485 np0000174127 devstack@neutron-api.service[103330]: DEBUG neutron_lib.callbacks.manager [None req-361a1a37-598b-41d5-8b83-04a8336436be None None] Subscribe: > security_group_rule after_create 55550000, False {{(pid=103330) subscribe /opt/stack/data/venv/lib/python3.12/site-packages/neutron_lib/callbacks/manager.py:52}}
May 14 10:19:02.971514 np0000174127 devstack@neutron-api.service[103329]: DEBUG neutron.api.extensions [None req-7e6101a6-d8ed-4672-89ab-855c1439352d None None] Loading extension file: tag_ports_during_bulk_creation.py {{(pid=103329) _load_all_extensions_from_path /opt/stack/neutron/neutron/api/extensions.py:449}}
May 14 10:19:02.971543 np0000174127 devstack@neutron-api.service[103332]: DEBUG neutron.api.extensions [None req-4f0fb6b6-f53f-486b-a454-a0b67f0b8e9b None None] Loading extension file: router_availability_zone.py {{(pid=103332) _load_all_extensions_from_path /opt/stack/neutron/neutron/api/extensions.py:449}}
May 14 10:19:02.971598 np0000174127 devstack@neutron-api.service[103330]: DEBUG neutron_lib.callbacks.manager [None req-361a1a37-598b-41d5-8b83-04a8336436be None None] Subscribe: > security_group_rule after_update 55550000, False {{(pid=103330) subscribe /opt/stack/data/venv/lib/python3.12/site-packages/neutron_lib/callbacks/manager.py:52}}
May 14 10:19:02.971598 np0000174127 devstack@neutron-api.service[103330]: DEBUG neutron_lib.callbacks.manager [None req-361a1a37-598b-41d5-8b83-04a8336436be None None] Subscribe: > security_group_rule after_delete 55550000, False {{(pid=103330) subscribe /opt/stack/data/venv/lib/python3.12/site-packages/neutron_lib/callbacks/manager.py:52}}
May 14 10:19:02.971665 np0000174127 devstack@neutron-api.service[103329]: DEBUG neutron.api.extensions [None req-7e6101a6-d8ed-4672-89ab-855c1439352d None None] Ext name="Tag Ports During Bulk Creation" alias="tag-ports-during-bulk-creation" description="Allow to tag ports during bulk creation" updated="2019-12-29T19:00:00-00:00" {{(pid=103329) _check_extension /opt/stack/neutron/neutron/api/extensions.py:415}}
May 14 10:19:02.971696 np0000174127 devstack@neutron-api.service[103330]: DEBUG neutron_lib.callbacks.manager [None req-361a1a37-598b-41d5-8b83-04a8336436be None None] Subscribe: > address_group after_create 55550000, False {{(pid=103330) subscribe /opt/stack/data/venv/lib/python3.12/site-packages/neutron_lib/callbacks/manager.py:52}}
May 14 10:19:02.971722 np0000174127 devstack@neutron-api.service[103332]: DEBUG neutron.api.extensions [None req-4f0fb6b6-f53f-486b-a454-a0b67f0b8e9b None None] Ext name="Router Availability Zone" alias="router_availability_zone" description="Availability zone support for router." updated="2015-01-01T10:00:00-00:00" {{(pid=103332) _check_extension /opt/stack/neutron/neutron/api/extensions.py:415}}
May 14 10:19:02.971748 np0000174127 devstack@neutron-api.service[103330]: DEBUG neutron_lib.callbacks.manager [None req-361a1a37-598b-41d5-8b83-04a8336436be None None] Subscribe: > address_group after_update 55550000, False {{(pid=103330) subscribe /opt/stack/data/venv/lib/python3.12/site-packages/neutron_lib/callbacks/manager.py:52}}
May 14 10:19:02.971781 np0000174127 devstack@neutron-api.service[103329]: INFO neutron.api.extensions [None req-7e6101a6-d8ed-4672-89ab-855c1439352d None None] Extension tag-ports-during-bulk-creation not supported by any of loaded plugins
May 14 10:19:02.971813 np0000174127 devstack@neutron-api.service[103330]: DEBUG neutron_lib.callbacks.manager [None req-361a1a37-598b-41d5-8b83-04a8336436be None None] Subscribe: > address_group after_delete 55550000, False {{(pid=103330) subscribe /opt/stack/data/venv/lib/python3.12/site-packages/neutron_lib/callbacks/manager.py:52}}
May 14 10:19:02.971841 np0000174127 devstack@neutron-api.service[103332]: INFO neutron.api.extensions [None req-4f0fb6b6-f53f-486b-a454-a0b67f0b8e9b None None] Loaded extension: router_availability_zone
May 14 10:19:02.971868 np0000174127 devstack@neutron-api.service[103329]: DEBUG neutron.api.extensions [None req-7e6101a6-d8ed-4672-89ab-855c1439352d None None] Loading extension file: tagging.py {{(pid=103329) _load_all_extensions_from_path /opt/stack/neutron/neutron/api/extensions.py:449}}
May 14 10:19:02.971896 np0000174127 devstack@neutron-api.service[103332]: DEBUG neutron.api.extensions [None req-4f0fb6b6-f53f-486b-a454-a0b67f0b8e9b None None] Loading extension file: router_enable_snat.py {{(pid=103332) _load_all_extensions_from_path /opt/stack/neutron/neutron/api/extensions.py:449}}
May 14 10:19:02.971921 np0000174127 devstack@neutron-api.service[103330]: DEBUG neutron.plugins.ml2.ovo_rpc [None req-361a1a37-598b-41d5-8b83-04a8336436be None None] ML2 OVO RPC backend initialized. {{(pid=103330) __init__ /opt/stack/neutron/neutron/plugins/ml2/ovo_rpc.py:117}}
May 14 10:19:02.971952 np0000174127 devstack@neutron-api.service[103332]: DEBUG neutron.api.extensions [None req-4f0fb6b6-f53f-486b-a454-a0b67f0b8e9b None None] Ext name="Exposes the router "enable_snat" read-only configuration flag" alias="router-enable-snat" description="Exposes the router "enable_snat" read-only configuration flag" updated="2025-09-18T18:00:00-00:00" {{(pid=103332) _check_extension /opt/stack/neutron/neutron/api/extensions.py:415}}
May 14 10:19:02.971952 np0000174127 devstack@neutron-api.service[103332]: INFO neutron.api.extensions [None req-4f0fb6b6-f53f-486b-a454-a0b67f0b8e9b None None] Loaded extension: router-enable-snat
May 14 10:19:02.971952 np0000174127 devstack@neutron-api.service[103332]: DEBUG neutron.api.extensions [None req-4f0fb6b6-f53f-486b-a454-a0b67f0b8e9b None None] Loading extension file: routerservicetype.py {{(pid=103332) _load_all_extensions_from_path /opt/stack/neutron/neutron/api/extensions.py:449}}
May 14 10:19:02.971952 np0000174127 devstack@neutron-api.service[103332]: DEBUG neutron.api.extensions [None req-4f0fb6b6-f53f-486b-a454-a0b67f0b8e9b None None] Ext name="Router Service Type" alias="router-service-type" description="Provides router service type" updated="2013-01-29T00:00:00-00:00" {{(pid=103332) _check_extension /opt/stack/neutron/neutron/api/extensions.py:415}}
May 14 10:19:02.972051 np0000174127 devstack@neutron-api.service[103330]: INFO neutron.quota [None req-361a1a37-598b-41d5-8b83-04a8336436be None None] Loaded quota_driver: .
May 14 10:19:02.972076 np0000174127 devstack@neutron-api.service[103329]: DEBUG neutron.api.extensions [None req-7e6101a6-d8ed-4672-89ab-855c1439352d None None] Ext name="Tag support for resources with standard attribute: port, subnet, subnetpool, network, security_group, router, floatingip, policy, trunk, network_segment_range" alias="standard-attr-tag" description="Enables to set tag on resources with standard attribute." updated="2017-01-01T00:00:00-00:00" {{(pid=103329) _check_extension /opt/stack/neutron/neutron/api/extensions.py:415}}
May 14 10:19:02.972127 np0000174127 devstack@neutron-api.service[103332]: INFO neutron.api.extensions [None req-4f0fb6b6-f53f-486b-a454-a0b67f0b8e9b None None] Extension router-service-type not supported by any of loaded plugins
May 14 10:19:02.972156 np0000174127 devstack@neutron-api.service[103330]: INFO neutron.plugins.ml2.plugin [None req-361a1a37-598b-41d5-8b83-04a8336436be None None] Modular L2 Plugin initialization complete
May 14 10:19:02.972181 np0000174127 devstack@neutron-api.service[103332]: DEBUG neutron.api.extensions [None req-4f0fb6b6-f53f-486b-a454-a0b67f0b8e9b None None] Loading extension file: security_groups_default_rules.py {{(pid=103332) _load_all_extensions_from_path /opt/stack/neutron/neutron/api/extensions.py:449}}
May 14 10:19:02.972206 np0000174127 devstack@neutron-api.service[103329]: INFO neutron.api.extensions [None req-7e6101a6-d8ed-4672-89ab-855c1439352d None None] Loaded extension: standard-attr-tag
May 14 10:19:02.972231 np0000174127 devstack@neutron-api.service[103330]: DEBUG neutron.manager [None req-361a1a37-598b-41d5-8b83-04a8336436be None None] Loading services supported by the core plugin {{(pid=103330) _load_services_from_core_plugin /opt/stack/neutron/neutron/manager.py:170}}
May 14 10:19:02.972261 np0000174127 devstack@neutron-api.service[103329]: DEBUG neutron.api.extensions [None req-7e6101a6-d8ed-4672-89ab-855c1439352d None None] Loading extension file: timestamp.py {{(pid=103329) _load_all_extensions_from_path /opt/stack/neutron/neutron/api/extensions.py:449}}
May 14 10:19:02.972290 np0000174127 devstack@neutron-api.service[103330]: INFO neutron.plugins.ml2.managers [None req-361a1a37-598b-41d5-8b83-04a8336436be None None] Got port-security extension from driver 'port_security'
May 14 10:19:02.972315 np0000174127 devstack@neutron-api.service[103329]: DEBUG neutron.api.extensions [None req-7e6101a6-d8ed-4672-89ab-855c1439352d None None] Ext name="Resource timestamps" alias="standard-attr-timestamp" description="Adds created_at and updated_at fields to all Neutron resources that have Neutron standard attributes." updated="2016-09-12T10:00:00-00:00" {{(pid=103329) _check_extension /opt/stack/neutron/neutron/api/extensions.py:415}}
May 14 10:19:02.972340 np0000174127 devstack@neutron-api.service[103332]: DEBUG neutron.api.extensions [None req-4f0fb6b6-f53f-486b-a454-a0b67f0b8e9b None None] Ext name="Default rules for security groups" alias="security-groups-default-rules" description="Configure set of security group rules used as default rules for every new security group" updated="2022-12-19T10:00:00-00:00" {{(pid=103332) _check_extension /opt/stack/neutron/neutron/api/extensions.py:415}}
May 14 10:19:02.972383 np0000174127 devstack@neutron-api.service[103330]: DEBUG neutron.manager [None req-361a1a37-598b-41d5-8b83-04a8336436be None None] Loading service plugins: ['ovn-router', 'auto_allocate', 'tag', 'timestamp', 'network_ip_availability', 'flavors', 'revisions'] {{(pid=103330) _load_service_plugins /opt/stack/neutron/neutron/manager.py:195}}
May 14 10:19:02.972383 np0000174127 devstack@neutron-api.service[103330]: INFO neutron.manager [None req-361a1a37-598b-41d5-8b83-04a8336436be None None] Loading Plugin: ovn-router
May 14 10:19:02.972446 np0000174127 devstack@neutron-api.service[103329]: INFO neutron.api.extensions [None req-7e6101a6-d8ed-4672-89ab-855c1439352d None None] Loaded extension: standard-attr-timestamp
May 14 10:19:02.972471 np0000174127 devstack@neutron-api.service[103332]: INFO neutron.api.extensions [None req-4f0fb6b6-f53f-486b-a454-a0b67f0b8e9b None None] Loaded extension: security-groups-default-rules
May 14 10:19:02.972505 np0000174127 devstack@neutron-api.service[103329]: DEBUG neutron.api.extensions [None req-7e6101a6-d8ed-4672-89ab-855c1439352d None None] Loading extension file: trunk.py {{(pid=103329) _load_all_extensions_from_path /opt/stack/neutron/neutron/api/extensions.py:449}}
May 14 10:19:02.972532 np0000174127 devstack@neutron-api.service[103332]: DEBUG neutron.api.extensions [None req-4f0fb6b6-f53f-486b-a454-a0b67f0b8e9b None None] Loading extension file: security_groups_normalized_cidr.py {{(pid=103332) _load_all_extensions_from_path /opt/stack/neutron/neutron/api/extensions.py:449}}
May 14 10:19:02.972601 np0000174127 devstack@neutron-api.service[103329]: DEBUG neutron.api.extensions [None req-7e6101a6-d8ed-4672-89ab-855c1439352d None None] Ext name="Trunk Extension" alias="trunk" description="Provides support for trunk ports" updated="2016-01-01T10:00:00-00:00" {{(pid=103329) _check_extension /opt/stack/neutron/neutron/api/extensions.py:415}}
May 14 10:19:02.972641 np0000174127 devstack@neutron-api.service[103332]: DEBUG neutron.api.extensions [None req-4f0fb6b6-f53f-486b-a454-a0b67f0b8e9b None None] Ext name="Normalized CIDR field for security group rules" alias="security-groups-normalized-cidr" description="Add new field with normalized remote_ip_prefix cidr in SG rule" updated="2020-07-28T10:00:00-00:00" {{(pid=103332) _check_extension /opt/stack/neutron/neutron/api/extensions.py:415}}
May 14 10:19:02.972641 np0000174127 devstack@neutron-api.service[103332]: INFO neutron.api.extensions [None req-4f0fb6b6-f53f-486b-a454-a0b67f0b8e9b None None] Loaded extension: security-groups-normalized-cidr
May 14 10:19:02.972693 np0000174127 devstack@neutron-api.service[103329]: INFO neutron.api.extensions [None req-7e6101a6-d8ed-4672-89ab-855c1439352d None None] Extension trunk not supported by any of loaded plugins
May 14 10:19:02.972717 np0000174127 devstack@neutron-api.service[103332]: DEBUG neutron.api.extensions [None req-4f0fb6b6-f53f-486b-a454-a0b67f0b8e9b None None] Loading extension file: security_groups_port_filtering.py {{(pid=103332) _load_all_extensions_from_path /opt/stack/neutron/neutron/api/extensions.py:449}}
May 14 10:19:02.972743 np0000174127 devstack@neutron-api.service[103329]: DEBUG neutron.api.extensions [None req-7e6101a6-d8ed-4672-89ab-855c1439352d None None] Loading extension file: trunk_details.py {{(pid=103329) _load_all_extensions_from_path /opt/stack/neutron/neutron/api/extensions.py:449}}
May 14 10:19:02.972776 np0000174127 devstack@neutron-api.service[103332]: DEBUG neutron.api.extensions [None req-4f0fb6b6-f53f-486b-a454-a0b67f0b8e9b None None] Ext name="Port filtering on security groups" alias="port-security-groups-filtering" description="Provides security groups filtering when listing ports" updated="2018-01-09T09:00:00-00:00" {{(pid=103332) _check_extension /opt/stack/neutron/neutron/api/extensions.py:415}}
May 14 10:19:02.972805 np0000174127 devstack@neutron-api.service[103329]: DEBUG neutron.api.extensions [None req-7e6101a6-d8ed-4672-89ab-855c1439352d None None] Ext name="Trunk port details" alias="trunk-details" description="Expose trunk port details" updated="2016-01-01T10:00:00-00:00" {{(pid=103329) _check_extension /opt/stack/neutron/neutron/api/extensions.py:415}}
May 14 10:19:02.972837 np0000174127 devstack@neutron-api.service[103332]: INFO neutron.api.extensions [None req-4f0fb6b6-f53f-486b-a454-a0b67f0b8e9b None None] Extension port-security-groups-filtering not supported by any of loaded plugins
May 14 10:19:02.972865 np0000174127 devstack@neutron-api.service[103329]: INFO neutron.api.extensions [None req-7e6101a6-d8ed-4672-89ab-855c1439352d None None] Extension trunk-details not supported by any of loaded plugins
May 14 10:19:02.972894 np0000174127 devstack@neutron-api.service[103332]: DEBUG neutron.api.extensions [None req-4f0fb6b6-f53f-486b-a454-a0b67f0b8e9b None None] Loading extension file: security_groups_remote_address_group.py {{(pid=103332) _load_all_extensions_from_path /opt/stack/neutron/neutron/api/extensions.py:449}}
May 14 10:19:02.972921 np0000174127 devstack@neutron-api.service[103329]: DEBUG neutron.api.extensions [None req-7e6101a6-d8ed-4672-89ab-855c1439352d None None] Loading extension file: uplink_status_propagation.py {{(pid=103329) _load_all_extensions_from_path /opt/stack/neutron/neutron/api/extensions.py:449}}
May 14 10:19:02.972948 np0000174127 devstack@neutron-api.service[103332]: DEBUG neutron.api.extensions [None req-4f0fb6b6-f53f-486b-a454-a0b67f0b8e9b None None] Ext name="Remote address group id field for security group rules" alias="security-groups-remote-address-group" description="Add new field of remote address group id in SG rules" updated="2020-08-25T10:00:00-00:00" {{(pid=103332) _check_extension /opt/stack/neutron/neutron/api/extensions.py:415}}
May 14 10:19:02.972980 np0000174127 devstack@neutron-api.service[103329]: DEBUG neutron.api.extensions [None req-7e6101a6-d8ed-4672-89ab-855c1439352d None None] Ext name="Uplink status propagation extension" alias="uplink-status-propagation" description="Provides ability to propagate port uplink status." updated="2018-05-31T18:00:00-00:00" {{(pid=103329) _check_extension /opt/stack/neutron/neutron/api/extensions.py:415}}
May 14 10:19:02.973019 np0000174127 devstack@neutron-api.service[103332]: INFO neutron.api.extensions [None req-4f0fb6b6-f53f-486b-a454-a0b67f0b8e9b None None] Loaded extension: security-groups-remote-address-group
May 14 10:19:02.973046 np0000174127 devstack@neutron-api.service[103329]: INFO neutron.api.extensions [None req-7e6101a6-d8ed-4672-89ab-855c1439352d None None] Extension uplink-status-propagation not supported by any of loaded plugins
May 14 10:19:02.973072 np0000174127 devstack@neutron-api.service[103332]: DEBUG neutron.api.extensions [None req-4f0fb6b6-f53f-486b-a454-a0b67f0b8e9b None None] Loading extension file: security_groups_rules_belongs_to_default_sg.py {{(pid=103332) _load_all_extensions_from_path /opt/stack/neutron/neutron/api/extensions.py:449}}
May 14 10:19:02.973102 np0000174127 devstack@neutron-api.service[103329]: DEBUG neutron.api.extensions [None req-7e6101a6-d8ed-4672-89ab-855c1439352d None None] Loading extension file: uplink_status_propagation_updatable.py {{(pid=103329) _load_all_extensions_from_path /opt/stack/neutron/neutron/api/extensions.py:449}}
May 14 10:19:02.973125 np0000174127 devstack@neutron-api.service[103332]: DEBUG neutron.api.extensions [None req-4f0fb6b6-f53f-486b-a454-a0b67f0b8e9b None None] Ext name="Security group rule belongs to the project's default security group" alias="security-groups-rules-belongs-to-default-sg" description="Flag to determine if the security group rule belongs to the project's default security group" updated="2023-05-23T10:00:00-00:00" {{(pid=103332) _check_extension /opt/stack/neutron/neutron/api/extensions.py:415}}
May 14 10:19:02.973196 np0000174127 devstack@neutron-api.service[103329]: DEBUG neutron.api.extensions [None req-7e6101a6-d8ed-4672-89ab-855c1439352d None None] Ext name="Uplink status propagation updatable extension" alias="uplink-status-propagation-updatable" description="Provides ability to update the port uplink status." updated="2024-09-03T18:00:00-00:00" {{(pid=103329) _check_extension /opt/stack/neutron/neutron/api/extensions.py:415}}
May 14 10:19:02.973228 np0000174127 devstack@neutron-api.service[103332]: INFO neutron.api.extensions [None req-4f0fb6b6-f53f-486b-a454-a0b67f0b8e9b None None] Loaded extension: security-groups-rules-belongs-to-default-sg
May 14 10:19:02.973295 np0000174127 devstack@neutron-api.service[103332]: DEBUG neutron.api.extensions [None req-4f0fb6b6-f53f-486b-a454-a0b67f0b8e9b None None] Loading extension file: security_groups_shared_filtering.py {{(pid=103332) _load_all_extensions_from_path /opt/stack/neutron/neutron/api/extensions.py:449}}
May 14 10:19:02.973376 np0000174127 devstack@neutron-api.service[103329]: INFO neutron.api.extensions [None req-7e6101a6-d8ed-4672-89ab-855c1439352d None None] Extension uplink-status-propagation-updatable not supported by any of loaded plugins
May 14 10:19:02.973469 np0000174127 devstack@neutron-api.service[103329]: DEBUG neutron.api.extensions [None req-7e6101a6-d8ed-4672-89ab-855c1439352d None None] Loading extension file: vlantransparent.py {{(pid=103329) _load_all_extensions_from_path /opt/stack/neutron/neutron/api/extensions.py:449}}
May 14 10:19:02.973520 np0000174127 devstack@neutron-api.service[103332]: DEBUG neutron.api.extensions [None req-4f0fb6b6-f53f-486b-a454-a0b67f0b8e9b None None] Ext name="Security group filtering on the shared field" alias="security-groups-shared-filtering" description="Support filtering security groups on the shared field" updated="2021-10-05T09:00:00-00:00" {{(pid=103332) _check_extension /opt/stack/neutron/neutron/api/extensions.py:415}}
May 14 10:19:02.973708 np0000174127 devstack@neutron-api.service[103332]: INFO neutron.api.extensions [None req-4f0fb6b6-f53f-486b-a454-a0b67f0b8e9b None None] Loaded extension: security-groups-shared-filtering
May 14 10:19:02.973756 np0000174127 devstack@neutron-api.service[103329]: DEBUG neutron.api.extensions [None req-7e6101a6-d8ed-4672-89ab-855c1439352d None None] Ext name="Vlantransparent" alias="vlan-transparent" description="Provides Vlan Transparent Networks" updated="2015-03-23T09:00:00-00:00" {{(pid=103329) _check_extension /opt/stack/neutron/neutron/api/extensions.py:415}}
May 14 10:19:02.973788 np0000174127 devstack@neutron-api.service[103332]: DEBUG neutron.api.extensions [None req-4f0fb6b6-f53f-486b-a454-a0b67f0b8e9b None None] Loading extension file: securitygroup.py {{(pid=103332) _load_all_extensions_from_path /opt/stack/neutron/neutron/api/extensions.py:449}}
May 14 10:19:02.973933 np0000174127 devstack@neutron-api.service[103329]: INFO neutron.api.extensions [None req-7e6101a6-d8ed-4672-89ab-855c1439352d None None] Loaded extension: vlan-transparent
May 14 10:19:02.975614 np0000174127 devstack@neutron-api.service[103332]: DEBUG neutron.api.extensions [None req-4f0fb6b6-f53f-486b-a454-a0b67f0b8e9b None None] Ext name="security-group" alias="security-group" description="The security groups extension." updated="2012-10-05T10:00:00-00:00" {{(pid=103332) _check_extension /opt/stack/neutron/neutron/api/extensions.py:415}}
May 14 10:19:02.975771 np0000174127 devstack@neutron-api.service[103329]: INFO neutron.quota.resource_registry [None req-7e6101a6-d8ed-4672-89ab-855c1439352d None None] Creating instance of TrackedResource for resource:network
May 14 10:19:02.975805 np0000174127 devstack@neutron-api.service[103332]: INFO neutron.api.extensions [None req-4f0fb6b6-f53f-486b-a454-a0b67f0b8e9b None None] Loaded extension: security-group
May 14 10:19:02.975890 np0000174127 devstack@neutron-api.service[103332]: DEBUG neutron.api.extensions [None req-4f0fb6b6-f53f-486b-a454-a0b67f0b8e9b None None] Loading extension file: segment.py {{(pid=103332) _load_all_extensions_from_path /opt/stack/neutron/neutron/api/extensions.py:449}}
May 14 10:19:02.976040 np0000174127 devstack@neutron-api.service[103329]: INFO neutron.quota.resource_registry [None req-7e6101a6-d8ed-4672-89ab-855c1439352d None None] Creating instance of TrackedResource for resource:subnet
May 14 10:19:02.976153 np0000174127 devstack@neutron-api.service[103329]: INFO neutron.quota.resource_registry [None req-7e6101a6-d8ed-4672-89ab-855c1439352d None None] Creating instance of TrackedResource for resource:subnetpool
May 14 10:19:02.976183 np0000174127 devstack@neutron-api.service[103332]: DEBUG neutron.api.extensions [None req-4f0fb6b6-f53f-486b-a454-a0b67f0b8e9b None None] Ext name="Segment" alias="segment" description="Segments extension." updated="2016-02-24T17:00:00-00:00" {{(pid=103332) _check_extension /opt/stack/neutron/neutron/api/extensions.py:415}}
May 14 10:19:02.976297 np0000174127 devstack@neutron-api.service[103329]: INFO neutron.quota.resource_registry [None req-7e6101a6-d8ed-4672-89ab-855c1439352d None None] Creating instance of TrackedResource for resource:port
May 14 10:19:02.976381 np0000174127 devstack@neutron-api.service[103332]: INFO neutron.api.extensions [None req-4f0fb6b6-f53f-486b-a454-a0b67f0b8e9b None None] Extension segment not supported by any of loaded plugins
May 14 10:19:02.976438 np0000174127 devstack@neutron-api.service[103332]: DEBUG neutron.api.extensions [None req-4f0fb6b6-f53f-486b-a454-a0b67f0b8e9b None None] Loading extension file: segments_peer_subnet_host_routes.py {{(pid=103332) _load_all_extensions_from_path /opt/stack/neutron/neutron/api/extensions.py:449}}
May 14 10:19:02.976704 np0000174127 devstack@neutron-api.service[103332]: DEBUG neutron.api.extensions [None req-4f0fb6b6-f53f-486b-a454-a0b67f0b8e9b None None] Ext name="Segments peer-subnet host routes" alias="segments-peer-subnet-host-routes" description="Add host routes to subnets on a routed network (segments)" updated="2018-06-12T10:00:00-00:00" {{(pid=103332) _check_extension /opt/stack/neutron/neutron/api/extensions.py:415}}
May 14 10:19:02.976856 np0000174127 devstack@neutron-api.service[103332]: INFO neutron.api.extensions [None req-4f0fb6b6-f53f-486b-a454-a0b67f0b8e9b None None] Extension segments-peer-subnet-host-routes not supported by any of loaded plugins
May 14 10:19:02.976937 np0000174127 devstack@neutron-api.service[103332]: DEBUG neutron.api.extensions [None req-4f0fb6b6-f53f-486b-a454-a0b67f0b8e9b None None] Loading extension file: servicetype.py {{(pid=103332) _load_all_extensions_from_path /opt/stack/neutron/neutron/api/extensions.py:449}}
May 14 10:19:02.977185 np0000174127 devstack@neutron-api.service[103332]: DEBUG neutron.api.extensions [None req-4f0fb6b6-f53f-486b-a454-a0b67f0b8e9b None None] Ext name="Neutron Service Type Management" alias="service-type" description="API for retrieving service providers for Neutron advanced services" updated="2013-01-20T00:00:00-00:00" {{(pid=103332) _check_extension /opt/stack/neutron/neutron/api/extensions.py:415}}
May 14 10:19:02.977354 np0000174127 devstack@neutron-api.service[103332]: INFO neutron.api.extensions [None req-4f0fb6b6-f53f-486b-a454-a0b67f0b8e9b None None] Loaded extension: service-type
May 14 10:19:02.977466 np0000174127 devstack@neutron-api.service[103332]: DEBUG neutron.api.extensions [None req-4f0fb6b6-f53f-486b-a454-a0b67f0b8e9b None None] Loading extension file: sorting.py {{(pid=103332) _load_all_extensions_from_path /opt/stack/neutron/neutron/api/extensions.py:449}}
May 14 10:19:02.977691 np0000174127 devstack@neutron-api.service[103332]: DEBUG neutron.api.extensions [None req-4f0fb6b6-f53f-486b-a454-a0b67f0b8e9b None None] Ext name="Sorting support" alias="sorting" description="Extension that indicates that sorting is enabled." updated="2016-06-12T00:00:00-00:00" {{(pid=103332) _check_extension /opt/stack/neutron/neutron/api/extensions.py:415}}
May 14 10:19:02.977808 np0000174127 devstack@neutron-api.service[103332]: INFO neutron.api.extensions [None req-4f0fb6b6-f53f-486b-a454-a0b67f0b8e9b None None] Loaded extension: sorting
May 14 10:19:02.977871 np0000174127 devstack@neutron-api.service[103332]: DEBUG neutron.api.extensions [None req-4f0fb6b6-f53f-486b-a454-a0b67f0b8e9b None None] Loading extension file: standard_attr_segment.py {{(pid=103332) _load_all_extensions_from_path /opt/stack/neutron/neutron/api/extensions.py:449}}
May 14 10:19:02.977986 np0000174127 devstack@neutron-api.service[103329]: DEBUG neutron.api.v2.resource_helper [None req-7e6101a6-d8ed-4672-89ab-855c1439352d None None] Service L3_ROUTER_NAT assigned prefix: {{(pid=103329) build_resource_info /opt/stack/neutron/neutron/api/v2/resource_helper.py:77}}
May 14 10:19:02.978094 np0000174127 devstack@neutron-api.service[103332]: DEBUG neutron.api.extensions [None req-4f0fb6b6-f53f-486b-a454-a0b67f0b8e9b None None] Ext name="Standard Attribute Segment Extension" alias="standard-attr-segment" description="Add standard attributes to Segment resource" updated="2018-04-09T10:00:00-00:00" {{(pid=103332) _check_extension /opt/stack/neutron/neutron/api/extensions.py:415}}
May 14 10:19:02.978253 np0000174127 devstack@neutron-api.service[103332]: INFO neutron.api.extensions [None req-4f0fb6b6-f53f-486b-a454-a0b67f0b8e9b None None] Extension standard-attr-segment not supported by any of loaded plugins
May 14 10:19:02.978346 np0000174127 devstack@neutron-api.service[103332]: DEBUG neutron.api.extensions [None req-4f0fb6b6-f53f-486b-a454-a0b67f0b8e9b None None] Loading extension file: standardattrdescription.py {{(pid=103332) _load_all_extensions_from_path /opt/stack/neutron/neutron/api/extensions.py:449}}
May 14 10:19:02.978406 np0000174127 devstack@neutron-api.service[103329]: DEBUG neutron.api.v2.resource_helper [None req-7e6101a6-d8ed-4672-89ab-855c1439352d None None] Service FLAVORS assigned prefix: {{(pid=103329) build_resource_info /opt/stack/neutron/neutron/api/v2/resource_helper.py:77}}
May 14 10:19:02.978655 np0000174127 devstack@neutron-api.service[103332]: DEBUG neutron.api.extensions [None req-4f0fb6b6-f53f-486b-a454-a0b67f0b8e9b None None] Ext name="standard-attr-description" alias="standard-attr-description" description="Extension to add descriptions to standard attributes" updated="2016-02-10T10:00:00-00:00" {{(pid=103332) _check_extension /opt/stack/neutron/neutron/api/extensions.py:415}}
May 14 10:19:02.978873 np0000174127 devstack@neutron-api.service[103332]: INFO neutron.api.extensions [None req-4f0fb6b6-f53f-486b-a454-a0b67f0b8e9b None None] Loaded extension: standard-attr-description
May 14 10:19:02.978949 np0000174127 devstack@neutron-api.service[103332]: DEBUG neutron.api.extensions [None req-4f0fb6b6-f53f-486b-a454-a0b67f0b8e9b None None] Loading extension file: stateful_security_group.py {{(pid=103332) _load_all_extensions_from_path /opt/stack/neutron/neutron/api/extensions.py:449}}
May 14 10:19:02.979204 np0000174127 devstack@neutron-api.service[103332]: DEBUG neutron.api.extensions [None req-4f0fb6b6-f53f-486b-a454-a0b67f0b8e9b None None] Ext name="Stateful security group" alias="stateful-security-group" description="Indicates if the security group is stateful or not" updated="2019-11-26T09:00:00-00:00" {{(pid=103332) _check_extension /opt/stack/neutron/neutron/api/extensions.py:415}}
May 14 10:19:02.979342 np0000174127 devstack@neutron-api.service[103329]: DEBUG neutron.api.v2.resource_helper [None req-7e6101a6-d8ed-4672-89ab-855c1439352d None None] Service L3_ROUTER_NAT assigned prefix: {{(pid=103329) build_resource_info /opt/stack/neutron/neutron/api/v2/resource_helper.py:77}}
May 14 10:19:02.979370 np0000174127 devstack@neutron-api.service[103332]: INFO neutron.api.extensions [None req-4f0fb6b6-f53f-486b-a454-a0b67f0b8e9b None None] Loaded extension: stateful-security-group
May 14 10:19:02.979451 np0000174127 devstack@neutron-api.service[103332]: DEBUG neutron.api.extensions [None req-4f0fb6b6-f53f-486b-a454-a0b67f0b8e9b None None] Loading extension file: stdattrs_common.py {{(pid=103332) _load_all_extensions_from_path /opt/stack/neutron/neutron/api/extensions.py:449}}
May 14 10:19:02.979641 np0000174127 devstack@neutron-api.service[103332]: WARNING neutron.api.extensions [None req-4f0fb6b6-f53f-486b-a454-a0b67f0b8e9b None None] Did not find expected name "Stdattrs_common" in /opt/stack/neutron/neutron/extensions/stdattrs_common.py
May 14 10:19:02.979716 np0000174127 devstack@neutron-api.service[103329]: DEBUG neutron.api.v2.resource_helper [None req-7e6101a6-d8ed-4672-89ab-855c1439352d None None] Service L3_ROUTER_NAT assigned prefix: {{(pid=103329) build_resource_info /opt/stack/neutron/neutron/api/v2/resource_helper.py:77}}
May 14 10:19:02.979745 np0000174127 devstack@neutron-api.service[103332]: DEBUG neutron.api.extensions [None req-4f0fb6b6-f53f-486b-a454-a0b67f0b8e9b None None] Loading extension file: subnet_dns_publish_fixed_ip.py {{(pid=103332) _load_all_extensions_from_path /opt/stack/neutron/neutron/api/extensions.py:449}}
May 14 10:19:02.979866 np0000174127 devstack@neutron-api.service[103329]: INFO neutron.quota.resource_registry [None req-7e6101a6-d8ed-4672-89ab-855c1439352d None None] Creating instance of TrackedResource for resource:router
May 14 10:19:02.979953 np0000174127 devstack@neutron-api.service[103332]: DEBUG neutron.api.extensions [None req-4f0fb6b6-f53f-486b-a454-a0b67f0b8e9b None None] Ext name="Subnet DNS publish fixed IP" alias="subnet-dns-publish-fixed-ip" description="Support choosing to publish DNS records for IPs from a subnet" updated="2019-05-24T10:00:00-00:00" {{(pid=103332) _check_extension /opt/stack/neutron/neutron/api/extensions.py:415}}
May 14 10:19:02.980131 np0000174127 devstack@neutron-api.service[103332]: INFO neutron.api.extensions [None req-4f0fb6b6-f53f-486b-a454-a0b67f0b8e9b None None] Loaded extension: subnet-dns-publish-fixed-ip
May 14 10:19:02.980205 np0000174127 devstack@neutron-api.service[103332]: DEBUG neutron.api.extensions [None req-4f0fb6b6-f53f-486b-a454-a0b67f0b8e9b None None] Loading extension file: subnet_external_network.py {{(pid=103332) _load_all_extensions_from_path /opt/stack/neutron/neutron/api/extensions.py:449}}
May 14 10:19:02.980235 np0000174127 devstack@neutron-api.service[103329]: INFO neutron.quota.resource_registry [None req-7e6101a6-d8ed-4672-89ab-855c1439352d None None] Creating instance of TrackedResource for resource:floatingip
May 14 10:19:02.980457 np0000174127 devstack@neutron-api.service[103332]: DEBUG neutron.api.extensions [None req-4f0fb6b6-f53f-486b-a454-a0b67f0b8e9b None None] Ext name="Subnet belongs to an external network" alias="subnet-external-network" description="Informs if the subnet belongs to an external network" updated="2024-02-05T18:00:00-00:00" {{(pid=103332) _check_extension /opt/stack/neutron/neutron/api/extensions.py:415}}
May 14 10:19:02.980613 np0000174127 devstack@neutron-api.service[103332]: INFO neutron.api.extensions [None req-4f0fb6b6-f53f-486b-a454-a0b67f0b8e9b None None] Loaded extension: subnet-external-network
May 14 10:19:02.980738 np0000174127 devstack@neutron-api.service[103332]: DEBUG neutron.api.extensions [None req-4f0fb6b6-f53f-486b-a454-a0b67f0b8e9b None None] Loading extension file: subnet_onboard.py {{(pid=103332) _load_all_extensions_from_path /opt/stack/neutron/neutron/api/extensions.py:449}}
May 14 10:19:02.980950 np0000174127 devstack@neutron-api.service[103332]: DEBUG neutron.api.extensions [None req-4f0fb6b6-f53f-486b-a454-a0b67f0b8e9b None None] Ext name="Subnet Onboard" alias="subnet_onboard" description="Provides support for onboarding subnets into subnet pools" updated="2018-12-18T09:00:00-00:00" {{(pid=103332) _check_extension /opt/stack/neutron/neutron/api/extensions.py:415}}
May 14 10:19:02.981138 np0000174127 devstack@neutron-api.service[103332]: INFO neutron.api.extensions [None req-4f0fb6b6-f53f-486b-a454-a0b67f0b8e9b None None] Extension subnet_onboard not supported by any of loaded plugins
May 14 10:19:02.981219 np0000174127 devstack@neutron-api.service[103332]: DEBUG neutron.api.extensions [None req-4f0fb6b6-f53f-486b-a454-a0b67f0b8e9b None None] Loading extension file: subnet_segmentid_writable.py {{(pid=103332) _load_all_extensions_from_path /opt/stack/neutron/neutron/api/extensions.py:449}}
May 14 10:19:02.981301 np0000174127 devstack@neutron-api.service[103329]: INFO neutron.quota.resource_registry [None req-7e6101a6-d8ed-4672-89ab-855c1439352d None None] Creating instance of CountableResource for resource:rbac_policy
May 14 10:19:02.981449 np0000174127 devstack@neutron-api.service[103332]: DEBUG neutron.api.extensions [None req-4f0fb6b6-f53f-486b-a454-a0b67f0b8e9b None None] Ext name="Subnet SegmentID (writable)" alias="subnet-segmentid-writable" description="Provides a writable segment_id attribute for a subnet resource." updated="2018-03-12T00:00:00-00:00" {{(pid=103332) _check_extension /opt/stack/neutron/neutron/api/extensions.py:415}}
May 14 10:19:02.981536 np0000174127 devstack@neutron-api.service[103330]: DEBUG neutron_lib.callbacks.manager [None req-361a1a37-598b-41d5-8b83-04a8336436be None None] Subscribe: > router before_delete 55550000, False {{(pid=103330) subscribe /opt/stack/data/venv/lib/python3.12/site-packages/neutron_lib/callbacks/manager.py:52}}
May 14 10:19:02.981634 np0000174127 devstack@neutron-api.service[103332]: INFO neutron.api.extensions [None req-4f0fb6b6-f53f-486b-a454-a0b67f0b8e9b None None] Extension subnet-segmentid-writable not supported by any of loaded plugins
May 14 10:19:02.981671 np0000174127 devstack@neutron-api.service[103330]: DEBUG neutron_lib.callbacks.manager [None req-361a1a37-598b-41d5-8b83-04a8336436be None None] Subscribe: port before_update 55550000, False {{(pid=103330) subscribe /opt/stack/data/venv/lib/python3.12/site-packages/neutron_lib/callbacks/manager.py:52}}
May 14 10:19:02.981832 np0000174127 devstack@neutron-api.service[103332]: DEBUG neutron.api.extensions [None req-4f0fb6b6-f53f-486b-a454-a0b67f0b8e9b None None] Loading extension file: subnet_service_types.py {{(pid=103332) _load_all_extensions_from_path /opt/stack/neutron/neutron/api/extensions.py:449}}
May 14 10:19:02.981887 np0000174127 devstack@neutron-api.service[103330]: DEBUG neutron_lib.callbacks.manager [None req-361a1a37-598b-41d5-8b83-04a8336436be None None] Subscribe: port after_update 55550000, False {{(pid=103330) subscribe /opt/stack/data/venv/lib/python3.12/site-packages/neutron_lib/callbacks/manager.py:52}}
May 14 10:19:02.981887 np0000174127 devstack@neutron-api.service[103330]: DEBUG neutron_lib.callbacks.manager [None req-361a1a37-598b-41d5-8b83-04a8336436be None None] Subscribe: > port precommit_delete 55550000, False {{(pid=103330) subscribe /opt/stack/data/venv/lib/python3.12/site-packages/neutron_lib/callbacks/manager.py:52}}
May 14 10:19:02.981944 np0000174127 devstack@neutron-api.service[103332]: DEBUG neutron.api.extensions [None req-4f0fb6b6-f53f-486b-a454-a0b67f0b8e9b None None] Ext name="Subnet service types" alias="subnet-service-types" description="Provides ability to set the subnet service_types field" updated="2016-03-15T18:00:00-00:00" {{(pid=103332) _check_extension /opt/stack/neutron/neutron/api/extensions.py:415}}
