May 14 10:19:03.473630 np0000174127 devstack@neutron-api.service[103332]: DEBUG neutron.plugins.ml2.drivers.ovn.mech_driver.ovsdb.ovsdb_monitor [None req-4f0fb6b6-f53f-486b-a454-a0b67f0b8e9b None None] ChassisOVNAgentWriteEvent : Matched Chassis_Private, create, None None {{(pid=103332) matches /opt/stack/neutron/neutron/plugins/ml2/drivers/ovn/mech_driver/ovsdb/ovsdb_monitor.py:64}}
May 14 10:19:03.473938 np0000174127 devstack@neutron-api.service[103332]: DEBUG neutron.plugins.ml2.drivers.ovn.mech_driver.ovsdb.ovsdb_monitor [None req-4f0fb6b6-f53f-486b-a454-a0b67f0b8e9b None None] Hash Ring: Node 8e3b2f64a3235171b4a0bb6776cd29f6 (host: np0000174127) handling event "create" for row 59abe5f6-2d98-45c3-bede-c5da73ffdf49 (table: Chassis_Private) {{(pid=103332) notify /opt/stack/neutron/neutron/plugins/ml2/drivers/ovn/mech_driver/ovsdb/ovsdb_monitor.py:942}}
May 14 10:19:03.474958 np0000174127 devstack@neutron-api.service[103329]: DEBUG neutron.common.ovn.hash_ring_manager [None req-7e6101a6-d8ed-4672-89ab-855c1439352d None None] Hash Ring loaded. 4 active nodes. 0 offline nodes {{(pid=103329) _load_hash_ring /opt/stack/neutron/neutron/common/ovn/hash_ring_manager.py:102}}
May 14 10:19:03.475095 np0000174127 devstack@neutron-api.service[103329]: DEBUG neutron.plugins.ml2.drivers.ovn.mech_driver.ovsdb.ovsdb_monitor [None req-7e6101a6-d8ed-4672-89ab-855c1439352d None None] ChassisAgentWriteEvent : Matched Chassis_Private, create, None None {{(pid=103329) matches /opt/stack/neutron/neutron/plugins/ml2/drivers/ovn/mech_driver/ovsdb/ovsdb_monitor.py:64}}
May 14 10:19:03.475241 np0000174127 devstack@neutron-api.service[103329]: DEBUG neutron.plugins.ml2.drivers.ovn.mech_driver.ovsdb.ovsdb_monitor [None req-7e6101a6-d8ed-4672-89ab-855c1439352d None None] ChassisOVNAgentWriteEvent : Matched Chassis_Private, create, None None {{(pid=103329) matches /opt/stack/neutron/neutron/plugins/ml2/drivers/ovn/mech_driver/ovsdb/ovsdb_monitor.py:64}}
May 14 10:19:03.476119 np0000174127 devstack@neutron-api.service[103332]: INFO neutron.plugins.ml2.drivers.ovn.mech_driver.mech_driver [None req-4f0fb6b6-f53f-486b-a454-a0b67f0b8e9b None None] WorkerService process has finished the post initialization
May 14 10:19:03.477308 np0000174127 devstack@neutron-api.service[103332]: WSGI app 0 (mountpoint='') ready in 7 seconds on interpreter 0x73719dca3668 pid: 103332 (default app)
May 14 10:19:03.477838 np0000174127 devstack@neutron-api.service[103329]: INFO neutron.plugins.ml2.drivers.ovn.mech_driver.mech_driver [None req-7e6101a6-d8ed-4672-89ab-855c1439352d None None] WorkerService process has finished the post initialization
May 14 10:19:03.478907 np0000174127 devstack@neutron-api.service[103329]: WSGI app 0 (mountpoint='') ready in 7 seconds on interpreter 0x73719dca3668 pid: 103329 (default app)
May 14 10:19:03.499521 np0000174127 devstack@neutron-api.service[103330]: DEBUG ovsdbapp.backend.ovs_idl [None req-361a1a37-598b-41d5-8b83-04a8336436be None None] Created lookup_table index Logical_Switch.name {{(pid=103330) autocreate_indices /opt/stack/data/venv/lib/python3.12/site-packages/ovsdbapp/backend/ovs_idl/__init__.py:87}}
May 14 10:19:03.499710 np0000174127 devstack@neutron-api.service[103330]: DEBUG ovsdbapp.backend.ovs_idl [None req-361a1a37-598b-41d5-8b83-04a8336436be None None] Created lookup_table index Logical_Router.name {{(pid=103330) autocreate_indices /opt/stack/data/venv/lib/python3.12/site-packages/ovsdbapp/backend/ovs_idl/__init__.py:87}}
May 14 10:19:03.499848 np0000174127 devstack@neutron-api.service[103330]: DEBUG ovsdbapp.backend.ovs_idl [None req-361a1a37-598b-41d5-8b83-04a8336436be None None] Created lookup_table index Load_Balancer.name {{(pid=103330) autocreate_indices /opt/stack/data/venv/lib/python3.12/site-packages/ovsdbapp/backend/ovs_idl/__init__.py:87}}
May 14 10:19:03.500017 np0000174127 devstack@neutron-api.service[103330]: DEBUG ovsdbapp.backend.ovs_idl [None req-361a1a37-598b-41d5-8b83-04a8336436be None None] Created schema index Copp.name {{(pid=103330) autocreate_indices /opt/stack/data/venv/lib/python3.12/site-packages/ovsdbapp/backend/ovs_idl/__init__.py:106}}
May 14 10:19:03.500130 np0000174127 devstack@neutron-api.service[103330]: DEBUG ovsdbapp.backend.ovs_idl [None req-361a1a37-598b-41d5-8b83-04a8336436be None None] Created schema index Meter.name {{(pid=103330) autocreate_indices /opt/stack/data/venv/lib/python3.12/site-packages/ovsdbapp/backend/ovs_idl/__init__.py:106}}
May 14 10:19:03.500277 np0000174127 devstack@neutron-api.service[103330]: DEBUG ovsdbapp.backend.ovs_idl [None req-361a1a37-598b-41d5-8b83-04a8336436be None None] Created schema index Load_Balancer_Group.name {{(pid=103330) autocreate_indices /opt/stack/data/venv/lib/python3.12/site-packages/ovsdbapp/backend/ovs_idl/__init__.py:106}}
May 14 10:19:03.500402 np0000174127 devstack@neutron-api.service[103330]: DEBUG ovsdbapp.backend.ovs_idl [None req-361a1a37-598b-41d5-8b83-04a8336436be None None] Created schema index HA_Chassis_Group.name {{(pid=103330) autocreate_indices /opt/stack/data/venv/lib/python3.12/site-packages/ovsdbapp/backend/ovs_idl/__init__.py:106}}
May 14 10:19:03.500533 np0000174127 devstack@neutron-api.service[103330]: DEBUG ovsdbapp.backend.ovs_idl [None req-361a1a37-598b-41d5-8b83-04a8336436be None None] Created schema index Address_Set.name {{(pid=103330) autocreate_indices /opt/stack/data/venv/lib/python3.12/site-packages/ovsdbapp/backend/ovs_idl/__init__.py:106}}
May 14 10:19:03.500707 np0000174127 devstack@neutron-api.service[103330]: DEBUG ovsdbapp.backend.ovs_idl [None req-361a1a37-598b-41d5-8b83-04a8336436be None None] Created schema index Connection.target {{(pid=103330) autocreate_indices /opt/stack/data/venv/lib/python3.12/site-packages/ovsdbapp/backend/ovs_idl/__init__.py:106}}
May 14 10:19:03.500790 np0000174127 devstack@neutron-api.service[103330]: DEBUG ovsdbapp.backend.ovs_idl [None req-361a1a37-598b-41d5-8b83-04a8336436be None None] Created schema index Gateway_Chassis.name {{(pid=103330) autocreate_indices /opt/stack/data/venv/lib/python3.12/site-packages/ovsdbapp/backend/ovs_idl/__init__.py:106}}
May 14 10:19:03.501022 np0000174127 devstack@neutron-api.service[103330]: DEBUG ovsdbapp.backend.ovs_idl [None req-361a1a37-598b-41d5-8b83-04a8336436be None None] Created schema index Mirror.name {{(pid=103330) autocreate_indices /opt/stack/data/venv/lib/python3.12/site-packages/ovsdbapp/backend/ovs_idl/__init__.py:106}}
May 14 10:19:03.501076 np0000174127 devstack@neutron-api.service[103330]: DEBUG ovsdbapp.backend.ovs_idl [None req-361a1a37-598b-41d5-8b83-04a8336436be None None] Created schema index Chassis_Template_Var.chassis {{(pid=103330) autocreate_indices /opt/stack/data/venv/lib/python3.12/site-packages/ovsdbapp/backend/ovs_idl/__init__.py:106}}
May 14 10:19:03.501201 np0000174127 devstack@neutron-api.service[103330]: DEBUG ovsdbapp.backend.ovs_idl [None req-361a1a37-598b-41d5-8b83-04a8336436be None None] Created schema index Logical_Router_Port.name {{(pid=103330) autocreate_indices /opt/stack/data/venv/lib/python3.12/site-packages/ovsdbapp/backend/ovs_idl/__init__.py:106}}
May 14 10:19:03.501372 np0000174127 devstack@neutron-api.service[103330]: DEBUG ovsdbapp.backend.ovs_idl [None req-361a1a37-598b-41d5-8b83-04a8336436be None None] Created schema index Port_Group.name {{(pid=103330) autocreate_indices /opt/stack/data/venv/lib/python3.12/site-packages/ovsdbapp/backend/ovs_idl/__init__.py:106}}
May 14 10:19:03.501460 np0000174127 devstack@neutron-api.service[103330]: DEBUG ovsdbapp.backend.ovs_idl [None req-361a1a37-598b-41d5-8b83-04a8336436be None None] Created schema index Logical_Switch_Port.name {{(pid=103330) autocreate_indices /opt/stack/data/venv/lib/python3.12/site-packages/ovsdbapp/backend/ovs_idl/__init__.py:106}}
May 14 10:19:03.504517 np0000174127 devstack@neutron-api.service[103330]: INFO ovsdbapp.backend.ovs_idl.vlog [None req-361a1a37-598b-41d5-8b83-04a8336436be None None] ssl:199.204.45.242:6641: connecting...
May 14 10:19:03.508893 np0000174127 devstack@neutron-api.service[103330]: INFO ovsdbapp.backend.ovs_idl.vlog [None req-361a1a37-598b-41d5-8b83-04a8336436be None None] ssl:199.204.45.242:6641: connected
May 14 10:19:03.543680 np0000174127 devstack@neutron-api.service[103330]: DEBUG neutron.common.ovn.hash_ring_manager [None req-361a1a37-598b-41d5-8b83-04a8336436be None None] Allow caching, nodes 4>=4 {{(pid=103330) _wait_startup_before_caching /opt/stack/neutron/neutron/common/ovn/hash_ring_manager.py:65}}
May 14 10:19:03.549646 np0000174127 devstack@neutron-api.service[103330]: DEBUG neutron.common.ovn.hash_ring_manager [None req-361a1a37-598b-41d5-8b83-04a8336436be None None] Hash Ring loaded. 4 active nodes. 0 offline nodes {{(pid=103330) _load_hash_ring /opt/stack/neutron/neutron/common/ovn/hash_ring_manager.py:102}}
May 14 10:19:03.549985 np0000174127 devstack@neutron-api.service[103330]: DEBUG neutron.plugins.ml2.drivers.ovn.mech_driver.ovsdb.ovsdb_monitor [None req-361a1a37-598b-41d5-8b83-04a8336436be None None] Hash Ring: Node cb0ce522d2e5530eb96279a2cc9aedc2 (host: np0000174127) handling event "create" for row abff4496-df58-4147-b224-6a0bba825ba5 (table: ACL) {{(pid=103330) notify /opt/stack/neutron/neutron/plugins/ml2/drivers/ovn/mech_driver/ovsdb/ovsdb_monitor.py:942}}
May 14 10:19:03.551509 np0000174127 devstack@neutron-api.service[103330]: INFO neutron.plugins.ml2.drivers.ovn.mech_driver.ovsdb.impl_idl_ovn [None req-361a1a37-598b-41d5-8b83-04a8336436be None None] Getting OvsdbSbOvnIdl for WorkerService with retry
May 14 10:19:03.584629 np0000174127 devstack@neutron-api.service[103330]: DEBUG ovsdbapp.backend.ovs_idl [None req-361a1a37-598b-41d5-8b83-04a8336436be None None] Created lookup_table index Chassis.name {{(pid=103330) autocreate_indices /opt/stack/data/venv/lib/python3.12/site-packages/ovsdbapp/backend/ovs_idl/__init__.py:87}}
May 14 10:19:03.584629 np0000174127 devstack@neutron-api.service[103330]: DEBUG ovsdbapp.backend.ovs_idl [None req-361a1a37-598b-41d5-8b83-04a8336436be None None] Created lookup_table index Port_Binding.logical_port {{(pid=103330) autocreate_indices /opt/stack/data/venv/lib/python3.12/site-packages/ovsdbapp/backend/ovs_idl/__init__.py:87}}
May 14 10:19:03.584800 np0000174127 devstack@neutron-api.service[103330]: DEBUG ovsdbapp.backend.ovs_idl [None req-361a1a37-598b-41d5-8b83-04a8336436be None None] Created schema index Chassis_Private.name {{(pid=103330) autocreate_indices /opt/stack/data/venv/lib/python3.12/site-packages/ovsdbapp/backend/ovs_idl/__init__.py:106}}
May 14 10:19:03.584800 np0000174127 devstack@neutron-api.service[103330]: DEBUG ovsdbapp.backend.ovs_idl [None req-361a1a37-598b-41d5-8b83-04a8336436be None None] Created schema index Datapath_Binding.tunnel_key {{(pid=103330) autocreate_indices /opt/stack/data/venv/lib/python3.12/site-packages/ovsdbapp/backend/ovs_idl/__init__.py:106}}
May 14 10:19:03.587154 np0000174127 devstack@neutron-api.service[103330]: INFO ovsdbapp.backend.ovs_idl.vlog [None req-361a1a37-598b-41d5-8b83-04a8336436be None None] ssl:199.204.45.242:6642: connecting...
May 14 10:19:03.592443 np0000174127 devstack@neutron-api.service[103330]: INFO ovsdbapp.backend.ovs_idl.vlog [None req-361a1a37-598b-41d5-8b83-04a8336436be None None] ssl:199.204.45.242:6642: connected
May 14 10:19:03.622932 np0000174127 devstack@neutron-api.service[103330]: DEBUG neutron.common.ovn.hash_ring_manager [None req-361a1a37-598b-41d5-8b83-04a8336436be None None] Allow caching, nodes 4>=4 {{(pid=103330) _wait_startup_before_caching /opt/stack/neutron/neutron/common/ovn/hash_ring_manager.py:65}}
May 14 10:19:03.627327 np0000174127 devstack@neutron-api.service[103330]: DEBUG neutron.common.ovn.hash_ring_manager [None req-361a1a37-598b-41d5-8b83-04a8336436be None None] Hash Ring loaded. 4 active nodes. 0 offline nodes {{(pid=103330) _load_hash_ring /opt/stack/neutron/neutron/common/ovn/hash_ring_manager.py:102}}
May 14 10:19:03.627630 np0000174127 devstack@neutron-api.service[103330]: DEBUG neutron.plugins.ml2.drivers.ovn.mech_driver.ovsdb.ovsdb_monitor [None req-361a1a37-598b-41d5-8b83-04a8336436be None None] ChassisOVNAgentWriteEvent : Matched Chassis_Private, create, None None {{(pid=103330) matches /opt/stack/neutron/neutron/plugins/ml2/drivers/ovn/mech_driver/ovsdb/ovsdb_monitor.py:64}}
May 14 10:19:03.628127 np0000174127 devstack@neutron-api.service[103330]: DEBUG neutron.plugins.ml2.drivers.ovn.mech_driver.ovsdb.ovsdb_monitor [None req-361a1a37-598b-41d5-8b83-04a8336436be None None] ChassisAgentWriteEvent : Matched Chassis_Private, create, None None {{(pid=103330) matches /opt/stack/neutron/neutron/plugins/ml2/drivers/ovn/mech_driver/ovsdb/ovsdb_monitor.py:64}}
May 14 10:19:03.630872 np0000174127 devstack@neutron-api.service[103330]: INFO neutron.plugins.ml2.drivers.ovn.mech_driver.mech_driver [None req-361a1a37-598b-41d5-8b83-04a8336436be None None] WorkerService process has finished the post initialization
May 14 10:19:03.632145 np0000174127 devstack@neutron-api.service[103330]: WSGI app 0 (mountpoint='') ready in 7 seconds on interpreter 0x73719dca3668 pid: 103330 (default app)
May 14 10:19:05.328966 np0000174127 devstack@neutron-api.service[103332]: DEBUG neutron.common.ovn.hash_ring_manager [-] Allow caching, nodes 4>=4 {{(pid=103332) _wait_startup_before_caching /opt/stack/neutron/neutron/common/ovn/hash_ring_manager.py:65}}
May 14 10:19:05.330600 np0000174127 devstack@neutron-api.service[103331]: DEBUG neutron.common.ovn.hash_ring_manager [-] Allow caching, nodes 4>=4 {{(pid=103331) _wait_startup_before_caching /opt/stack/neutron/neutron/common/ovn/hash_ring_manager.py:65}}
May 14 10:19:05.330954 np0000174127 devstack@neutron-api.service[103331]: DEBUG neutron.plugins.ml2.drivers.ovn.mech_driver.ovsdb.ovsdb_monitor [-] Hash Ring: Node 66a71148db8f528aa47b8f97863dbd9c (host: np0000174127) handling event "update" for row 3bac84e4-8554-4abb-bfe1-f59e5a02b6da (table: Connection) {{(pid=103331) notify /opt/stack/neutron/neutron/plugins/ml2/drivers/ovn/mech_driver/ovsdb/ovsdb_monitor.py:942}}
May 14 10:19:05.335768 np0000174127 devstack@neutron-api.service[103329]: DEBUG neutron.common.ovn.hash_ring_manager [-] Allow caching, nodes 4>=4 {{(pid=103329) _wait_startup_before_caching /opt/stack/neutron/neutron/common/ovn/hash_ring_manager.py:65}}
May 14 10:19:07.826064 np0000174127 devstack@neutron-api.service[103331]: DEBUG neutron.plugins.ml2.drivers.ovn.mech_driver.ovsdb.ovsdb_monitor [-] Hash Ring: Node 66a71148db8f528aa47b8f97863dbd9c (host: np0000174127) handling event "update" for row 3bac84e4-8554-4abb-bfe1-f59e5a02b6da (table: Connection) {{(pid=103331) notify /opt/stack/neutron/neutron/plugins/ml2/drivers/ovn/mech_driver/ovsdb/ovsdb_monitor.py:942}}
May 14 10:19:09.789958 np0000174127 devstack@neutron-api.service[103331]: DEBUG neutron.api.wsgi [None req-cca7cb71-1b74-4045-8790-4435edfedfd7 admin admin] Missing Content-Type {{(pid=103331) get_content_type /opt/stack/neutron/neutron/api/wsgi.py:80}}
May 14 10:19:09.790741 np0000174127 devstack@neutron-api.service[103331]: DEBUG neutron.api.wsgi [None req-cca7cb71-1b74-4045-8790-4435edfedfd7 admin admin] https://199.204.45.242/networking/v2.0/extensions returned with HTTP 200 {{(pid=103331) __call__ /opt/stack/neutron/neutron/api/wsgi.py:540}}
May 14 10:19:09.791201 np0000174127 devstack@neutron-api.service[103331]: [pid: 103331|app: 0|req: 2/2] 199.204.45.242 () {64 vars in 1323 bytes} [Thu May 14 10:19:09 2026] GET /networking/v2.0/extensions => generated 15209 bytes in 271 msecs (HTTP/1.1 200) 4 headers in 159 bytes (1 switches on core 0)
May 14 10:19:10.191194 np0000174127 devstack@neutron-api.service[103332]: DEBUG neutron.api.v2.base [None req-d5763009-67dd-4bcb-86f4-277459589378 admin admin] Request body: {'subnetpool': {'is_default': True, 'prefixes': ['10.1.0.0/20'], 'name': 'shared-default-subnetpool-v4', 'shared': True, 'default_prefixlen': 26}} {{(pid=103332) prepare_request_body /opt/stack/neutron/neutron/api/v2/base.py:727}}
May 14 10:19:10.414043 np0000174127 devstack@neutron-api.service[103332]: DEBUG neutron.policy [None req-d5763009-67dd-4bcb-86f4-277459589378 admin admin] Loaded default policies from ['neutron'] under neutron.policies entry points {{(pid=103332) register_rules /opt/stack/neutron/neutron/policy.py:65}}
May 14 10:19:10.571873 np0000174127 devstack@neutron-api.service[103332]: DEBUG neutron_lib.callbacks.manager [None req-d5763009-67dd-4bcb-86f4-277459589378 admin admin] Publish callbacks ['neutron.objects.securitygroup.RbacNeutronDbObjectMixin.validate_rbac_policy_change-2949854752843', 'neutron.objects.address_group.RbacNeutronDbObjectMixin.validate_rbac_policy_change-2949854701693', 'neutron.objects.network.RbacNeutronDbObjectMixin.validate_rbac_policy_change-2949854305548', 'neutron.objects.qos.policy.RbacNeutronDbObjectMixin.validate_rbac_policy_change-2949854321991', 'neutron.objects.subnetpool.RbacNeutronDbObjectMixin.validate_rbac_policy_change-2949854271278', 'neutron.objects.address_scope.RbacNeutronDbObjectMixin.validate_rbac_policy_change-2949854271067', 'neutron.plugins.ml2.plugin.External_net_db_mixin._process_ext_policy_create-15102989', 'neutron.plugins.ml2.plugin.NeutronDbPluginV2.validate_network_rbac_policy_change-15074593'] for rbac-policy (None), before_create {{(pid=103332) _notify_loop /opt/stack/data/venv/lib/python3.12/site-packages/neutron_lib/callbacks/manager.py:184}}
May 14 10:19:10.625800 np0000174127 devstack@neutron-api.service[103332]: DEBUG neutron_lib.callbacks.manager [None req-d5763009-67dd-4bcb-86f4-277459589378 admin admin] Publish callbacks [] for subnetpool (None), before_response {{(pid=103332) _notify_loop /opt/stack/data/venv/lib/python3.12/site-packages/neutron_lib/callbacks/manager.py:184}}
May 14 10:19:10.626382 np0000174127 devstack@neutron-api.service[103332]: [pid: 103332|app: 0|req: 1/3] 199.204.45.242 () {68 vars in 1367 bytes} [Thu May 14 10:19:10 2026] POST /networking/v2.0/subnetpools => generated 533 bytes in 543 msecs (HTTP/1.1 201) 4 headers in 162 bytes (1 switches on core 0)
May 14 10:19:10.936541 np0000174127 devstack@neutron-api.service[103329]: DEBUG neutron.api.v2.base [None req-f9e22b10-c788-4190-b643-d81249632a91 admin admin] Request body: {'subnetpool': {'is_default': True, 'prefixes': ['fd07:101a:c4dc::/56'], 'name': 'shared-default-subnetpool-v6', 'shared': True, 'default_prefixlen': 64}} {{(pid=103329) prepare_request_body /opt/stack/neutron/neutron/api/v2/base.py:727}}
May 14 10:19:11.119959 np0000174127 devstack@neutron-api.service[103329]: DEBUG neutron.policy [None req-f9e22b10-c788-4190-b643-d81249632a91 admin admin] Loaded default policies from ['neutron'] under neutron.policies entry points {{(pid=103329) register_rules /opt/stack/neutron/neutron/policy.py:65}}
May 14 10:19:11.286597 np0000174127 devstack@neutron-api.service[103329]: DEBUG neutron_lib.callbacks.manager [None req-f9e22b10-c788-4190-b643-d81249632a91 admin admin] Publish callbacks ['neutron.objects.securitygroup.RbacNeutronDbObjectMixin.validate_rbac_policy_change-2949854354614', 'neutron.objects.address_group.RbacNeutronDbObjectMixin.validate_rbac_policy_change-2949854723043', 'neutron.objects.network.RbacNeutronDbObjectMixin.validate_rbac_policy_change-2949854320167', 'neutron.objects.qos.policy.RbacNeutronDbObjectMixin.validate_rbac_policy_change-2949854308581', 'neutron.objects.subnetpool.RbacNeutronDbObjectMixin.validate_rbac_policy_change-2949854295670', 'neutron.objects.address_scope.RbacNeutronDbObjectMixin.validate_rbac_policy_change-2949854294231', 'neutron.plugins.ml2.plugin.External_net_db_mixin._process_ext_policy_create-2036222', 'neutron.plugins.ml2.plugin.NeutronDbPluginV2.validate_network_rbac_policy_change-2062622'] for rbac-policy (None), before_create {{(pid=103329) _notify_loop /opt/stack/data/venv/lib/python3.12/site-packages/neutron_lib/callbacks/manager.py:184}}
May 14 10:19:11.334764 np0000174127 devstack@neutron-api.service[103329]: DEBUG neutron_lib.callbacks.manager [None req-f9e22b10-c788-4190-b643-d81249632a91 admin admin] Publish callbacks [] for subnetpool (None), before_response {{(pid=103329) _notify_loop /opt/stack/data/venv/lib/python3.12/site-packages/neutron_lib/callbacks/manager.py:184}}
May 14 10:19:11.335399 np0000174127 devstack@neutron-api.service[103329]: [pid: 103329|app: 0|req: 1/4] 199.204.45.242 () {68 vars in 1367 bytes} [Thu May 14 10:19:10 2026] POST /networking/v2.0/subnetpools => generated 543 bytes in 504 msecs (HTTP/1.1 201) 4 headers in 162 bytes (1 switches on core 0)
May 14 10:19:11.755445 np0000174127 devstack@neutron-api.service[103330]: DEBUG neutron.api.v2.base [None req-a85f541d-e6b7-46cd-a5fd-c66c27ab71da admin admin] Request body: {'network': {'admin_state_up': True, 'name': 'private'}} {{(pid=103330) prepare_request_body /opt/stack/neutron/neutron/api/v2/base.py:727}}
May 14 10:19:11.781793 np0000174127 devstack@neutron-api.service[103330]: DEBUG neutron.pecan_wsgi.hooks.quota_enforcement [None req-a85f541d-e6b7-46cd-a5fd-c66c27ab71da admin admin] Made reservation on behalf of f722f5ab1eba4bc194e3a9a2b6eaec2f for: {'network': 1} {{(pid=103330) before /opt/stack/neutron/neutron/pecan_wsgi/hooks/quota_enforcement.py:66}}
May 14 10:19:11.979639 np0000174127 devstack@neutron-api.service[103330]: DEBUG neutron.policy [None req-a85f541d-e6b7-46cd-a5fd-c66c27ab71da admin admin] Loaded default policies from ['neutron'] under neutron.policies entry points {{(pid=103330) register_rules /opt/stack/neutron/neutron/policy.py:65}}
May 14 10:19:12.089133 np0000174127 devstack@neutron-api.service[103330]: DEBUG neutron_lib.callbacks.manager [None req-a85f541d-e6b7-46cd-a5fd-c66c27ab71da admin admin] Publish callbacks ['neutron.plugins.ml2.plugin.SecurityGroupDbMixin._ensure_default_security_group_handler-214405'] for network (None), before_create {{(pid=103330) _notify_loop /opt/stack/data/venv/lib/python3.12/site-packages/neutron_lib/callbacks/manager.py:184}}
May 14 10:19:12.112679 np0000174127 devstack@neutron-api.service[103330]: DEBUG neutron_lib.callbacks.manager [None req-a85f541d-e6b7-46cd-a5fd-c66c27ab71da admin admin] Publish callbacks [] for security_group (None), before_create {{(pid=103330) _notify_loop /opt/stack/data/venv/lib/python3.12/site-packages/neutron_lib/callbacks/manager.py:184}}
May 14 10:19:12.216025 np0000174127 devstack@neutron-api.service[103330]: DEBUG neutron_lib.callbacks.manager [None req-a85f541d-e6b7-46cd-a5fd-c66c27ab71da admin admin] Publish callbacks ['neutron.plugins.ml2.drivers.ovn.mech_driver.mech_driver.OVNMechanismDriver._create_security_group_precommit-201079'] for security_group (5100d215-df50-43b2-b45b-d2e334f0a9f7), precommit_create {{(pid=103330) _notify_loop /opt/stack/data/venv/lib/python3.12/site-packages/neutron_lib/callbacks/manager.py:184}}
May 14 10:19:12.216225 np0000174127 devstack@neutron-api.service[103330]: DEBUG neutron.db.ovn_revision_numbers_db [None req-a85f541d-e6b7-46cd-a5fd-c66c27ab71da admin admin] create_initial_revision uuid=5100d215-df50-43b2-b45b-d2e334f0a9f7, type=security_groups, rev=-1 {{(pid=103330) create_initial_revision /opt/stack/neutron/neutron/db/ovn_revision_numbers_db.py:98}}
May 14 10:19:12.218951 np0000174127 devstack@neutron-api.service[103330]: DEBUG neutron.db.ovn_revision_numbers_db [None req-a85f541d-e6b7-46cd-a5fd-c66c27ab71da admin admin] create_initial_revision uuid=70512e14-7ac9-479d-9889-fc2223c91864, type=security_group_rules, rev=-1 {{(pid=103330) create_initial_revision /opt/stack/neutron/neutron/db/ovn_revision_numbers_db.py:98}}
May 14 10:19:12.219987 np0000174127 devstack@neutron-api.service[103330]: DEBUG neutron.db.ovn_revision_numbers_db [None req-a85f541d-e6b7-46cd-a5fd-c66c27ab71da admin admin] create_initial_revision uuid=70b0ea24-8f04-40d8-8dd5-dc3b8b7836a6, type=security_group_rules, rev=-1 {{(pid=103330) create_initial_revision /opt/stack/neutron/neutron/db/ovn_revision_numbers_db.py:98}}
May 14 10:19:12.221048 np0000174127 devstack@neutron-api.service[103330]: DEBUG neutron.db.ovn_revision_numbers_db [None req-a85f541d-e6b7-46cd-a5fd-c66c27ab71da admin admin] create_initial_revision uuid=74a9871f-7505-406c-a4e2-59196c662524, type=security_group_rules, rev=-1 {{(pid=103330) create_initial_revision /opt/stack/neutron/neutron/db/ovn_revision_numbers_db.py:98}}
May 14 10:19:12.222038 np0000174127 devstack@neutron-api.service[103330]: DEBUG neutron.db.ovn_revision_numbers_db [None req-a85f541d-e6b7-46cd-a5fd-c66c27ab71da admin admin] create_initial_revision uuid=b326c89a-6b65-4813-b763-e9d5dd82dd5c, type=security_group_rules, rev=-1 {{(pid=103330) create_initial_revision /opt/stack/neutron/neutron/db/ovn_revision_numbers_db.py:98}}
May 14 10:19:12.230932 np0000174127 devstack@neutron-api.service[103330]: DEBUG neutron_lib.callbacks.manager [None req-a85f541d-e6b7-46cd-a5fd-c66c27ab71da admin admin] Publish callbacks ['neutron.plugins.ml2.drivers.ovn.mech_driver.mech_driver.OVNMechanismDriver._create_security_group-201069', 'neutron.plugins.ml2.ovo_rpc._ObjectChangeHandler.handle_event-3899427'] for security_group (5100d215-df50-43b2-b45b-d2e334f0a9f7), after_create {{(pid=103330) _notify_loop /opt/stack/data/venv/lib/python3.12/site-packages/neutron_lib/callbacks/manager.py:184}}
May 14 10:19:12.231138 np0000174127 devstack@neutron-api.service[103330]: INFO neutron.plugins.ml2.drivers.ovn.mech_driver.ovsdb.extensions.qos [None req-a85f541d-e6b7-46cd-a5fd-c66c27ab71da admin admin] Starting OVNClientQosExtension
May 14 10:19:12.231287 np0000174127 devstack@neutron-api.service[103330]: INFO neutron.plugins.ml2.drivers.ovn.mech_driver.ovsdb.extensions.placement [None req-a85f541d-e6b7-46cd-a5fd-c66c27ab71da admin admin] Starting OVNClientPlacementExtension
May 14 10:19:12.233067 np0000174127 devstack@neutron-api.service[103330]: DEBUG ovsdbapp.backend.ovs_idl.transaction [-] Running txn n=1 command(idx=0): PgAddCommand(_result=None, name=pg_5100d215_df50_43b2_b45b_d2e334f0a9f7, may_exist=False, columns={'acls': [], 'external_ids': {'neutron:security_group_id': '5100d215-df50-43b2-b45b-d2e334f0a9f7'}}) {{(pid=103330) do_commit /opt/stack/data/venv/lib/python3.12/site-packages/ovsdbapp/backend/ovs_idl/transaction.py:89}}
May 14 10:19:12.235472 np0000174127 devstack@neutron-api.service[103330]: DEBUG ovsdbapp.backend.ovs_idl.transaction [-] Running txn n=1 command(idx=1): PgAclAddCommand(_result=None, entity=pg_5100d215_df50_43b2_b45b_d2e334f0a9f7, direction=from-lport, priority=1002, match=inport == @pg_5100d215_df50_43b2_b45b_d2e334f0a9f7 && ip6, action=allow-related, log=False, may_exist=True, severity=[], name=[], meter=[], external_ids={'neutron:security_group_rule_id': '70512e14-7ac9-479d-9889-fc2223c91864'}) {{(pid=103330) do_commit /opt/stack/data/venv/lib/python3.12/site-packages/ovsdbapp/backend/ovs_idl/transaction.py:89}}
May 14 10:19:12.236198 np0000174127 devstack@neutron-api.service[103330]: DEBUG ovsdbapp.backend.ovs_idl.transaction [-] Running txn n=1 command(idx=2): PgAclAddCommand(_result=None, entity=pg_5100d215_df50_43b2_b45b_d2e334f0a9f7, direction=from-lport, priority=1002, match=inport == @pg_5100d215_df50_43b2_b45b_d2e334f0a9f7 && ip4, action=allow-related, log=False, may_exist=True, severity=[], name=[], meter=[], external_ids={'neutron:security_group_rule_id': '70b0ea24-8f04-40d8-8dd5-dc3b8b7836a6'}) {{(pid=103330) do_commit /opt/stack/data/venv/lib/python3.12/site-packages/ovsdbapp/backend/ovs_idl/transaction.py:89}}
May 14 10:19:12.236815 np0000174127 devstack@neutron-api.service[103330]: DEBUG ovsdbapp.backend.ovs_idl.transaction [-] Running txn n=1 command(idx=3): PgAclAddCommand(_result=None, entity=pg_5100d215_df50_43b2_b45b_d2e334f0a9f7, direction=to-lport, priority=1002, match=outport == @pg_5100d215_df50_43b2_b45b_d2e334f0a9f7 && ip6 && ip6.src == $pg_5100d215_df50_43b2_b45b_d2e334f0a9f7_ip6, action=allow-related, log=False, may_exist=True, severity=[], name=[], meter=[], external_ids={'neutron:security_group_rule_id': '74a9871f-7505-406c-a4e2-59196c662524'}) {{(pid=103330) do_commit /opt/stack/data/venv/lib/python3.12/site-packages/ovsdbapp/backend/ovs_idl/transaction.py:89}}
May 14 10:19:12.237391 np0000174127 devstack@neutron-api.service[103330]: DEBUG ovsdbapp.backend.ovs_idl.transaction [-] Running txn n=1 command(idx=4): PgAclAddCommand(_result=None, entity=pg_5100d215_df50_43b2_b45b_d2e334f0a9f7, direction=to-lport, priority=1002, match=outport == @pg_5100d215_df50_43b2_b45b_d2e334f0a9f7 && ip4 && ip4.src == $pg_5100d215_df50_43b2_b45b_d2e334f0a9f7_ip4, action=allow-related, log=False, may_exist=True, severity=[], name=[], meter=[], external_ids={'neutron:security_group_rule_id': 'b326c89a-6b65-4813-b763-e9d5dd82dd5c'}) {{(pid=103330) do_commit /opt/stack/data/venv/lib/python3.12/site-packages/ovsdbapp/backend/ovs_idl/transaction.py:89}}
May 14 10:19:12.245992 np0000174127 devstack@neutron-api.service[103332]: DEBUG neutron.plugins.ml2.drivers.ovn.mech_driver.ovsdb.ovsdb_monitor [-] Hash Ring: Node 8e3b2f64a3235171b4a0bb6776cd29f6 (host: np0000174127) handling event "create" for row 08f5c62c-4689-4d87-8218-91c0c2ffa556 (table: ACL) {{(pid=103332) notify /opt/stack/neutron/neutron/plugins/ml2/drivers/ovn/mech_driver/ovsdb/ovsdb_monitor.py:942}}
May 14 10:19:12.246221 np0000174127 devstack@neutron-api.service[103330]: DEBUG neutron.plugins.ml2.drivers.ovn.mech_driver.ovsdb.ovsdb_monitor [-] Hash Ring: Node cb0ce522d2e5530eb96279a2cc9aedc2 (host: np0000174127) handling event "create" for row c3f7dd56-90ee-4415-a17b-0ddfa4110b1f (table: ACL) {{(pid=103330) notify /opt/stack/neutron/neutron/plugins/ml2/drivers/ovn/mech_driver/ovsdb/ovsdb_monitor.py:942}}
May 14 10:19:12.246253 np0000174127 devstack@neutron-api.service[103332]: DEBUG neutron.plugins.ml2.drivers.ovn.mech_driver.ovsdb.ovsdb_monitor [-] Hash Ring: Node 8e3b2f64a3235171b4a0bb6776cd29f6 (host: np0000174127) handling event "create" for row a63c15db-a2fb-42f7-80ce-c292982c5ba8 (table: ACL) {{(pid=103332) notify /opt/stack/neutron/neutron/plugins/ml2/drivers/ovn/mech_driver/ovsdb/ovsdb_monitor.py:942}}
May 14 10:19:12.246719 np0000174127 devstack@neutron-api.service[103331]: DEBUG neutron.plugins.ml2.drivers.ovn.mech_driver.ovsdb.ovsdb_monitor [-] Hash Ring: Node 66a71148db8f528aa47b8f97863dbd9c (host: np0000174127) handling event "create" for row 08f5c62c-4689-4d87-8218-91c0c2ffa556 (table: ACL) {{(pid=103331) notify /opt/stack/neutron/neutron/plugins/ml2/drivers/ovn/mech_driver/ovsdb/ovsdb_monitor.py:942}}
May 14 10:19:12.247113 np0000174127 devstack@neutron-api.service[103331]: DEBUG neutron.plugins.ml2.drivers.ovn.mech_driver.ovsdb.ovsdb_monitor [-] Hash Ring: Node 66a71148db8f528aa47b8f97863dbd9c (host: np0000174127) handling event "create" for row 39f1f634-002e-43f1-9448-ae4878d6cc09 (table: ACL) {{(pid=103331) notify /opt/stack/neutron/neutron/plugins/ml2/drivers/ovn/mech_driver/ovsdb/ovsdb_monitor.py:942}}
May 14 10:19:12.247503 np0000174127 devstack@neutron-api.service[103331]: DEBUG neutron.plugins.ml2.drivers.ovn.mech_driver.ovsdb.ovsdb_monitor [-] Hash Ring: Node 66a71148db8f528aa47b8f97863dbd9c (host: np0000174127) handling event "create" for row a63c15db-a2fb-42f7-80ce-c292982c5ba8 (table: ACL) {{(pid=103331) notify /opt/stack/neutron/neutron/plugins/ml2/drivers/ovn/mech_driver/ovsdb/ovsdb_monitor.py:942}}
May 14 10:19:12.247644 np0000174127 devstack@neutron-api.service[103329]: DEBUG neutron.plugins.ml2.drivers.ovn.mech_driver.ovsdb.ovsdb_monitor [-] Hash Ring: Node 5ce64705b97f581da4e0191216bd7d79 (host: np0000174127) handling event "create" for row 39f1f634-002e-43f1-9448-ae4878d6cc09 (table: ACL) {{(pid=103329) notify /opt/stack/neutron/neutron/plugins/ml2/drivers/ovn/mech_driver/ovsdb/ovsdb_monitor.py:942}}
May 14 10:19:12.247867 np0000174127 devstack@neutron-api.service[103331]: DEBUG neutron.plugins.ml2.drivers.ovn.mech_driver.ovsdb.ovsdb_monitor [-] Hash Ring: Node 66a71148db8f528aa47b8f97863dbd9c (host: np0000174127) handling event "create" for row c3f7dd56-90ee-4415-a17b-0ddfa4110b1f (table: ACL) {{(pid=103331) notify /opt/stack/neutron/neutron/plugins/ml2/drivers/ovn/mech_driver/ovsdb/ovsdb_monitor.py:942}}
May 14 10:19:12.248128 np0000174127 devstack@neutron-api.service[103329]: DEBUG neutron.plugins.ml2.drivers.ovn.mech_driver.ovsdb.ovsdb_monitor [-] Hash Ring: Node 5ce64705b97f581da4e0191216bd7d79 (host: np0000174127) handling event "create" for row b6d2d24d-4814-4b2a-a9fe-a28c01ed29c1 (table: Port_Group) {{(pid=103329) notify /opt/stack/neutron/neutron/plugins/ml2/drivers/ovn/mech_driver/ovsdb/ovsdb_monitor.py:942}}
May 14 10:19:12.248241 np0000174127 devstack@neutron-api.service[103331]: DEBUG neutron.plugins.ml2.drivers.ovn.mech_driver.ovsdb.ovsdb_monitor [-] Hash Ring: Node 66a71148db8f528aa47b8f97863dbd9c (host: np0000174127) handling event "create" for row b6d2d24d-4814-4b2a-a9fe-a28c01ed29c1 (table: Port_Group) {{(pid=103331) notify /opt/stack/neutron/neutron/plugins/ml2/drivers/ovn/mech_driver/ovsdb/ovsdb_monitor.py:942}}
May 14 10:19:12.279603 np0000174127 devstack@neutron-api.service[103330]: INFO neutron.db.ovn_revision_numbers_db [None req-a85f541d-e6b7-46cd-a5fd-c66c27ab71da admin admin] Successfully bumped revision number for resource 5100d215-df50-43b2-b45b-d2e334f0a9f7 (type: security_groups) to 1
May 14 10:19:12.299530 np0000174127 devstack@neutron-api.service[103330]: INFO neutron.db.ovn_revision_numbers_db [None req-a85f541d-e6b7-46cd-a5fd-c66c27ab71da admin admin] Successfully bumped revision number for resource 70512e14-7ac9-479d-9889-fc2223c91864 (type: security_group_rules) to 0
May 14 10:19:12.313586 np0000174127 devstack@neutron-api.service[103330]: INFO neutron.db.ovn_revision_numbers_db [None req-a85f541d-e6b7-46cd-a5fd-c66c27ab71da admin admin] Successfully bumped revision number for resource 70b0ea24-8f04-40d8-8dd5-dc3b8b7836a6 (type: security_group_rules) to 0
May 14 10:19:12.328129 np0000174127 devstack@neutron-api.service[103330]: INFO neutron.db.ovn_revision_numbers_db [None req-a85f541d-e6b7-46cd-a5fd-c66c27ab71da admin admin] Successfully bumped revision number for resource 74a9871f-7505-406c-a4e2-59196c662524 (type: security_group_rules) to 0
May 14 10:19:12.339871 np0000174127 devstack@neutron-api.service[103330]: INFO neutron.db.ovn_revision_numbers_db [None req-a85f541d-e6b7-46cd-a5fd-c66c27ab71da admin admin] Successfully bumped revision number for resource b326c89a-6b65-4813-b763-e9d5dd82dd5c (type: security_group_rules) to 0
May 14 10:19:12.367576 np0000174127 devstack@neutron-api.service[103330]: DEBUG neutron.api.rpc.handlers.resources_rpc [None req-a85f541d-e6b7-46cd-a5fd-c66c27ab71da admin admin] Pushing event updated for resources: {'SecurityGroup': ['ID=5100d215-df50-43b2-b45b-d2e334f0a9f7,revision_number=1']} {{(pid=103330) push /opt/stack/neutron/neutron/api/rpc/handlers/resources_rpc.py:237}}
May 14 10:19:12.376780 np0000174127 devstack@neutron-api.service[103330]: DEBUG ovsdbapp.backend.ovs_idl.transaction [-] Running txn n=1 command(idx=0): CheckLivenessCommand(_result=None) {{(pid=103330) do_commit /opt/stack/data/venv/lib/python3.12/site-packages/ovsdbapp/backend/ovs_idl/transaction.py:89}}
May 14 10:19:12.380396 np0000174127 devstack@neutron-api.service[103331]: DEBUG neutron.plugins.ml2.drivers.ovn.mech_driver.ovsdb.ovsdb_monitor [-] Hash Ring: Node 66a71148db8f528aa47b8f97863dbd9c (host: np0000174127) handling event "update" for row 2fd22ea4-0e2b-40b0-aadb-eab6aed8b51b (table: NB_Global) {{(pid=103331) notify /opt/stack/neutron/neutron/plugins/ml2/drivers/ovn/mech_driver/ovsdb/ovsdb_monitor.py:942}}
May 14 10:19:12.381345 np0000174127 devstack@neutron-api.service[103332]: DEBUG neutron.plugins.ml2.drivers.ovn.mech_driver.ovsdb.ovsdb_monitor [-] Hash Ring: Node 8e3b2f64a3235171b4a0bb6776cd29f6 (host: np0000174127) handling event "update" for row 2fd22ea4-0e2b-40b0-aadb-eab6aed8b51b (table: NB_Global) {{(pid=103332) notify /opt/stack/neutron/neutron/plugins/ml2/drivers/ovn/mech_driver/ovsdb/ovsdb_monitor.py:942}}
May 14 10:19:12.381515 np0000174127 devstack@neutron-api.service[103331]: DEBUG neutron.plugins.ml2.drivers.ovn.mech_driver.ovsdb.ovsdb_monitor [-] Hash Ring: Node 66a71148db8f528aa47b8f97863dbd9c (host: np0000174127) handling event "update" for row 2fd22ea4-0e2b-40b0-aadb-eab6aed8b51b (table: NB_Global) {{(pid=103331) notify /opt/stack/neutron/neutron/plugins/ml2/drivers/ovn/mech_driver/ovsdb/ovsdb_monitor.py:942}}
May 14 10:19:12.382540 np0000174127 devstack@neutron-api.service[103332]: DEBUG neutron.plugins.ml2.drivers.ovn.mech_driver.ovsdb.ovsdb_monitor [-] Hash Ring: Node 8e3b2f64a3235171b4a0bb6776cd29f6 (host: np0000174127) handling event "update" for row 2fd22ea4-0e2b-40b0-aadb-eab6aed8b51b (table: NB_Global) {{(pid=103332) notify /opt/stack/neutron/neutron/plugins/ml2/drivers/ovn/mech_driver/ovsdb/ovsdb_monitor.py:942}}
May 14 10:19:12.382696 np0000174127 devstack@neutron-api.service[103330]: DEBUG neutron.api.rpc.callbacks.version_manager [None req-a85f541d-e6b7-46cd-a5fd-c66c27ab71da admin admin] Tracked resource versions report:
May 14 10:19:12.382696 np0000174127 devstack@neutron-api.service[103330]: pushed versions:
May 14 10:19:12.382696 np0000174127 devstack@neutron-api.service[103330]: { 'AddressGroup': {'1.2'},
May 14 10:19:12.382696 np0000174127 devstack@neutron-api.service[103330]: 'Agent': {'1.1'},
May 14 10:19:12.382696 np0000174127 devstack@neutron-api.service[103330]: 'ConntrackHelper': {'1.0'},
May 14 10:19:12.382696 np0000174127 devstack@neutron-api.service[103330]: 'LocalIPAssociation': {'1.0'},
May 14 10:19:12.382696 np0000174127 devstack@neutron-api.service[103330]: 'Log': {'1.0'},
May 14 10:19:12.382696 np0000174127 devstack@neutron-api.service[103330]: 'NDPProxy': {'1.0'},
May 14 10:19:12.382696 np0000174127 devstack@neutron-api.service[103330]: 'Network': {'1.2'},
May 14 10:19:12.382696 np0000174127 devstack@neutron-api.service[103330]: 'Port': {'1.10'},
May 14 10:19:12.382696 np0000174127 devstack@neutron-api.service[103330]: 'PortForwarding': {'1.3'},
May 14 10:19:12.382696 np0000174127 devstack@neutron-api.service[103330]: 'QosPolicy': {'1.10'},
May 14 10:19:12.382696 np0000174127 devstack@neutron-api.service[103330]: 'SecurityGroup': {'1.6'},
May 14 10:19:12.382696 np0000174127 devstack@neutron-api.service[103330]: 'SecurityGroupRule': {'1.3'},
May 14 10:19:12.382696 np0000174127 devstack@neutron-api.service[103330]: 'SubPort': {'1.0'},
May 14 10:19:12.382696 np0000174127 devstack@neutron-api.service[103330]: 'Subnet': {'1.2'},
May 14 10:19:12.382696 np0000174127 devstack@neutron-api.service[103330]: 'Trunk': {'1.1'}}
May 14 10:19:12.382696 np0000174127 devstack@neutron-api.service[103330]: consumer versions:
May 14 10:19:12.382696 np0000174127 devstack@neutron-api.service[103330]: {}
May 14 10:19:12.382696 np0000174127 devstack@neutron-api.service[103330]: {{(pid=103330) report /opt/stack/neutron/neutron/api/rpc/callbacks/version_manager.py:183}}
May 14 10:19:12.384376 np0000174127 devstack@neutron-api.service[103331]: DEBUG neutron.plugins.ml2.drivers.ovn.mech_driver.ovsdb.ovsdb_monitor [-] ChassisAgentWriteEvent : Matched Chassis_Private, update, None None {{(pid=103331) matches /opt/stack/neutron/neutron/plugins/ml2/drivers/ovn/mech_driver/ovsdb/ovsdb_monitor.py:64}}
May 14 10:19:12.385077 np0000174127 devstack@neutron-api.service[103329]: DEBUG neutron.plugins.ml2.drivers.ovn.mech_driver.ovsdb.ovsdb_monitor [-] ChassisAgentWriteEvent : Matched Chassis_Private, update, None None {{(pid=103329) matches /opt/stack/neutron/neutron/plugins/ml2/drivers/ovn/mech_driver/ovsdb/ovsdb_monitor.py:64}}
May 14 10:19:12.385311 np0000174127 devstack@neutron-api.service[103332]: DEBUG neutron.plugins.ml2.drivers.ovn.mech_driver.ovsdb.ovsdb_monitor [-] ChassisAgentWriteEvent : Matched Chassis_Private, update, None None {{(pid=103332) matches /opt/stack/neutron/neutron/plugins/ml2/drivers/ovn/mech_driver/ovsdb/ovsdb_monitor.py:64}}
May 14 10:19:12.385897 np0000174127 devstack@neutron-api.service[103332]: DEBUG neutron.plugins.ml2.drivers.ovn.mech_driver.ovsdb.ovsdb_monitor [-] Hash Ring: Node 8e3b2f64a3235171b4a0bb6776cd29f6 (host: np0000174127) handling event "update" for row 59abe5f6-2d98-45c3-bede-c5da73ffdf49 (table: Chassis_Private) {{(pid=103332) notify /opt/stack/neutron/neutron/plugins/ml2/drivers/ovn/mech_driver/ovsdb/ovsdb_monitor.py:942}}
May 14 10:19:12.386539 np0000174127 devstack@neutron-api.service[103332]: DEBUG neutron.plugins.ml2.drivers.ovn.mech_driver.ovsdb.ovsdb_monitor [-] Hash Ring: Node 8e3b2f64a3235171b4a0bb6776cd29f6 (host: np0000174127) handling event "update" for row 2fd22ea4-0e2b-40b0-aadb-eab6aed8b51b (table: NB_Global) {{(pid=103332) notify /opt/stack/neutron/neutron/plugins/ml2/drivers/ovn/mech_driver/ovsdb/ovsdb_monitor.py:942}}
May 14 10:19:12.386761 np0000174127 devstack@neutron-api.service[103331]: DEBUG neutron.plugins.ml2.drivers.ovn.mech_driver.ovsdb.ovsdb_monitor [-] Hash Ring: Node 66a71148db8f528aa47b8f97863dbd9c (host: np0000174127) handling event "update" for row 2fd22ea4-0e2b-40b0-aadb-eab6aed8b51b (table: NB_Global) {{(pid=103331) notify /opt/stack/neutron/neutron/plugins/ml2/drivers/ovn/mech_driver/ovsdb/ovsdb_monitor.py:942}}
May 14 10:19:12.389059 np0000174127 devstack@neutron-api.service[103331]: DEBUG neutron.plugins.ml2.drivers.ovn.mech_driver.ovsdb.ovsdb_monitor [-] Hash Ring: Node 66a71148db8f528aa47b8f97863dbd9c (host: np0000174127) handling event "update" for row 2fd22ea4-0e2b-40b0-aadb-eab6aed8b51b (table: NB_Global) {{(pid=103331) notify /opt/stack/neutron/neutron/plugins/ml2/drivers/ovn/mech_driver/ovsdb/ovsdb_monitor.py:942}}
May 14 10:19:12.389696 np0000174127 devstack@neutron-api.service[103332]: DEBUG neutron.plugins.ml2.drivers.ovn.mech_driver.ovsdb.ovsdb_monitor [-] Hash Ring: Node 8e3b2f64a3235171b4a0bb6776cd29f6 (host: np0000174127) handling event "update" for row 2fd22ea4-0e2b-40b0-aadb-eab6aed8b51b (table: NB_Global) {{(pid=103332) notify /opt/stack/neutron/neutron/plugins/ml2/drivers/ovn/mech_driver/ovsdb/ovsdb_monitor.py:942}}
May 14 10:19:12.390485 np0000174127 devstack@neutron-api.service[103330]: DEBUG neutron.plugins.ml2.drivers.ovn.mech_driver.ovsdb.ovsdb_monitor [-] ChassisAgentWriteEvent : Matched Chassis_Private, update, None None {{(pid=103330) matches /opt/stack/neutron/neutron/plugins/ml2/drivers/ovn/mech_driver/ovsdb/ovsdb_monitor.py:64}}
May 14 10:19:12.391572 np0000174127 devstack@neutron-api.service[103331]: DEBUG neutron.common.ovn.hash_ring_manager [-] Allow caching, nodes 4>=4 {{(pid=103331) _wait_startup_before_caching /opt/stack/neutron/neutron/common/ovn/hash_ring_manager.py:65}}
May 14 10:19:12.391842 np0000174127 devstack@neutron-api.service[103331]: DEBUG neutron.plugins.ml2.drivers.ovn.mech_driver.ovsdb.ovsdb_monitor [-] Hash Ring: Node 66a71148db8f528aa47b8f97863dbd9c (host: np0000174127) handling event "update" for row 59abe5f6-2d98-45c3-bede-c5da73ffdf49 (table: Chassis_Private) {{(pid=103331) notify /opt/stack/neutron/neutron/plugins/ml2/drivers/ovn/mech_driver/ovsdb/ovsdb_monitor.py:942}}
May 14 10:19:12.392929 np0000174127 devstack@neutron-api.service[103332]: DEBUG neutron.plugins.ml2.drivers.ovn.mech_driver.ovsdb.ovsdb_monitor [-] ChassisOVNAgentWriteEvent : Matched Chassis_Private, update, None None {{(pid=103332) matches /opt/stack/neutron/neutron/plugins/ml2/drivers/ovn/mech_driver/ovsdb/ovsdb_monitor.py:64}}
May 14 10:19:12.393031 np0000174127 devstack@neutron-api.service[103329]: DEBUG neutron.plugins.ml2.drivers.ovn.mech_driver.ovsdb.ovsdb_monitor [-] ChassisOVNAgentWriteEvent : Matched Chassis_Private, update, None None {{(pid=103329) matches /opt/stack/neutron/neutron/plugins/ml2/drivers/ovn/mech_driver/ovsdb/ovsdb_monitor.py:64}}
May 14 10:19:12.393327 np0000174127 devstack@neutron-api.service[103332]: DEBUG neutron.plugins.ml2.drivers.ovn.mech_driver.ovsdb.ovsdb_monitor [-] Hash Ring: Node 8e3b2f64a3235171b4a0bb6776cd29f6 (host: np0000174127) handling event "update" for row 59abe5f6-2d98-45c3-bede-c5da73ffdf49 (table: Chassis_Private) {{(pid=103332) notify /opt/stack/neutron/neutron/plugins/ml2/drivers/ovn/mech_driver/ovsdb/ovsdb_monitor.py:942}}
May 14 10:19:12.393576 np0000174127 devstack@neutron-api.service[103331]: DEBUG neutron.plugins.ml2.drivers.ovn.mech_driver.ovsdb.ovsdb_monitor [-] ChassisOVNAgentWriteEvent : Matched Chassis_Private, update, None None {{(pid=103331) matches /opt/stack/neutron/neutron/plugins/ml2/drivers/ovn/mech_driver/ovsdb/ovsdb_monitor.py:64}}
May 14 10:19:12.393813 np0000174127 devstack@neutron-api.service[103331]: DEBUG neutron.plugins.ml2.drivers.ovn.mech_driver.ovsdb.ovsdb_monitor [-] Hash Ring: Node 66a71148db8f528aa47b8f97863dbd9c (host: np0000174127) handling event "update" for row 59abe5f6-2d98-45c3-bede-c5da73ffdf49 (table: Chassis_Private) {{(pid=103331) notify /opt/stack/neutron/neutron/plugins/ml2/drivers/ovn/mech_driver/ovsdb/ovsdb_monitor.py:942}}
May 14 10:19:12.397816 np0000174127 devstack@neutron-api.service[103330]: DEBUG neutron.plugins.ml2.drivers.ovn.mech_driver.ovsdb.ovsdb_monitor [-] ChassisOVNAgentWriteEvent : Matched Chassis_Private, update, None None {{(pid=103330) matches /opt/stack/neutron/neutron/plugins/ml2/drivers/ovn/mech_driver/ovsdb/ovsdb_monitor.py:64}}
May 14 10:19:12.447789 np0000174127 devstack@neutron-api.service[103330]: DEBUG neutron.plugins.ml2.drivers.helpers [None req-a85f541d-e6b7-46cd-a5fd-c66c27ab71da admin admin] geneve segment allocate from pool success with {'geneve_vni': 38755} {{(pid=103330) allocate_partially_specified_segment /opt/stack/neutron/neutron/plugins/ml2/drivers/helpers.py:142}}
May 14 10:19:12.458611 np0000174127 devstack@neutron-api.service[103330]: DEBUG neutron_lib.callbacks.manager [None req-a85f541d-e6b7-46cd-a5fd-c66c27ab71da admin admin] Publish callbacks ['neutron.services.segments.db._add_segment_host_mapping_for_segment-7933231288170', 'neutron.plugins.ml2.plugin.Ml2Plugin._handle_segment_change-473477'] for segment (ceca51c2-8ede-47bb-9720-eab8cc9cd4c4), precommit_create {{(pid=103330) _notify_loop /opt/stack/data/venv/lib/python3.12/site-packages/neutron_lib/callbacks/manager.py:184}}
May 14 10:19:12.458850 np0000174127 devstack@neutron-api.service[103330]: INFO neutron.db.segments_db [None req-a85f541d-e6b7-46cd-a5fd-c66c27ab71da admin admin] Added segment ceca51c2-8ede-47bb-9720-eab8cc9cd4c4 of type geneve for network ae6c4d6c-9491-472f-a61a-c12c5c7cc848
May 14 10:19:12.504389 np0000174127 devstack@neutron-api.service[103330]: DEBUG neutron_lib.callbacks.manager [None req-a85f541d-e6b7-46cd-a5fd-c66c27ab71da admin admin] Publish callbacks ['neutron.services.auto_allocate.db._ensure_external_network_default_value_callback-7933229375972'] for network (ae6c4d6c-9491-472f-a61a-c12c5c7cc848), precommit_create {{(pid=103330) _notify_loop /opt/stack/data/venv/lib/python3.12/site-packages/neutron_lib/callbacks/manager.py:184}}
May 14 10:19:12.522524 np0000174127 devstack@neutron-api.service[103330]: DEBUG neutron.plugins.ml2.drivers.ovn.mech_driver.mech_driver [None req-a85f541d-e6b7-46cd-a5fd-c66c27ab71da admin admin] Validating network segment with type geneve, segmentation ID 38755, physical network None {{(pid=103330) _validate_network_segments /opt/stack/neutron/neutron/plugins/ml2/drivers/ovn/mech_driver/mech_driver.py:641}}
May 14 10:19:12.522667 np0000174127 devstack@neutron-api.service[103330]: DEBUG neutron.db.ovn_revision_numbers_db [None req-a85f541d-e6b7-46cd-a5fd-c66c27ab71da admin admin] create_initial_revision uuid=ae6c4d6c-9491-472f-a61a-c12c5c7cc848, type=networks, rev=-1 {{(pid=103330) create_initial_revision /opt/stack/neutron/neutron/db/ovn_revision_numbers_db.py:98}}
May 14 10:19:12.537964 np0000174127 devstack@neutron-api.service[103330]: DEBUG neutron_lib.callbacks.manager [None req-a85f541d-e6b7-46cd-a5fd-c66c27ab71da admin admin] Publish callbacks ['neutron.plugins.ml2.ovo_rpc._ObjectChangeHandler.handle_event-3899454'] for network (ae6c4d6c-9491-472f-a61a-c12c5c7cc848), after_create {{(pid=103330) _notify_loop /opt/stack/data/venv/lib/python3.12/site-packages/neutron_lib/callbacks/manager.py:184}}
May 14 10:19:12.590141 np0000174127 devstack@neutron-api.service[103330]: DEBUG neutron.api.rpc.handlers.resources_rpc [None req-a85f541d-e6b7-46cd-a5fd-c66c27ab71da admin admin] Pushing event updated for resources: {'Network': ['ID=ae6c4d6c-9491-472f-a61a-c12c5c7cc848,revision_number=1']} {{(pid=103330) push /opt/stack/neutron/neutron/api/rpc/handlers/resources_rpc.py:237}}
May 14 10:19:12.600057 np0000174127 devstack@neutron-api.service[103330]: DEBUG ovsdbapp.backend.ovs_idl.transaction [-] Running txn n=1 command(idx=0): AddNetworkCommand(_result=None, network_uuid=ae6c4d6c-9491-472f-a61a-c12c5c7cc848, may_exist=True, columns={'external_ids': {'neutron:network_name': 'private', 'neutron:mtu': '1372', 'neutron:revision_number': '1', 'neutron:availability_zone_hints': '', 'neutron:provnet-network-type': 'geneve'}, 'other_config': {'mcast_snoop': 'false', 'mcast_flood_unregistered': 'false', 'vlan-passthru': 'false'}}) {{(pid=103330) do_commit /opt/stack/data/venv/lib/python3.12/site-packages/ovsdbapp/backend/ovs_idl/transaction.py:89}}
May 14 10:19:12.600920 np0000174127 devstack@neutron-api.service[103330]: DEBUG neutron.common.ovn.utils [-] OVS persist_uuid supported=True {{(pid=103330) ovs_persist_uuid_supported /opt/stack/neutron/neutron/common/ovn/utils.py:1537}}
May 14 10:19:12.605343 np0000174127 devstack@neutron-api.service[103331]: DEBUG neutron.plugins.ml2.drivers.ovn.mech_driver.ovsdb.ovsdb_monitor [-] Hash Ring: Node 66a71148db8f528aa47b8f97863dbd9c (host: np0000174127) handling event "create" for row ae6c4d6c-9491-472f-a61a-c12c5c7cc848 (table: Logical_Switch) {{(pid=103331) notify /opt/stack/neutron/neutron/plugins/ml2/drivers/ovn/mech_driver/ovsdb/ovsdb_monitor.py:942}}
