File "/var/lib/openstack/lib/python3.10/site-packages/neutron/plugins/ml2/managers.py", line 866, in _bind_port_level
2026-07-10 01:03:24.104 9 ERROR neutron.plugins.ml2.managers driver.obj.bind_port(context)
2026-07-10 01:03:24.104 9 ERROR neutron.plugins.ml2.managers
File "/var/lib/openstack/lib/python3.10/site-packages/neutron/plugins/ml2/drivers/openvswitch/mech_driver/mech_openvswitch.py", line 133, in bind_port
2026-07-10 01:03:24.104 9 ERROR neutron.plugins.ml2.managers super(OpenvswitchMechanismDriver, self).bind_port(context)
2026-07-10 01:03:24.104 9 ERROR neutron.plugins.ml2.managers
File "/var/lib/openstack/lib/python3.10/site-packages/neutron/plugins/ml2/drivers/mech_agent.py", line 104, in bind_port
2026-07-10 01:03:24.104 9 ERROR neutron.plugins.ml2.managers subnets = self.get_subnets_from_fixed_ips(context)
2026-07-10 01:03:24.104 9 ERROR neutron.plugins.ml2.managers
File "/var/lib/openstack/lib/python3.10/site-packages/neutron/plugins/ml2/drivers/mech_agent.py", line 149, in get_subnets_from_fixed_ips
2026-07-10 01:03:24.104 9 ERROR neutron.plugins.ml2.managers subnets.append(context._plugin.get_subnet(
2026-07-10 01:03:24.104 9 ERROR neutron.plugins.ml2.managers
File "/var/lib/openstack/lib/python3.10/site-packages/neutron_lib/db/api.py", line 226, in wrapped
2026-07-10 01:03:24.104 9 ERROR neutron.plugins.ml2.managers return f_with_retry(*args, **kwargs,
2026-07-10 01:03:24.104 9 ERROR neutron.plugins.ml2.managers
File "/var/lib/openstack/lib/python3.10/site-packages/neutron_lib/db/api.py", line 140, in wrapped
2026-07-10 01:03:24.104 9 ERROR neutron.plugins.ml2.managers with excutils.save_and_reraise_exception():
2026-07-10 01:03:24.104 9 ERROR neutron.plugins.ml2.managers
File "/var/lib/openstack/lib/python3.10/site-packages/oslo_utils/excutils.py", line 227, in __exit__
2026-07-10 01:03:24.104 9 ERROR neutron.plugins.ml2.managers self.force_reraise()
2026-07-10 01:03:24.104 9 ERROR neutron.plugins.ml2.managers
File "/var/lib/openstack/lib/python3.10/site-packages/oslo_utils/excutils.py", line 200, in force_reraise
2026-07-10 01:03:24.104 9 ERROR neutron.plugins.ml2.managers raise self.value
2026-07-10 01:03:24.104 9 ERROR neutron.plugins.ml2.managers
File "/var/lib/openstack/lib/python3.10/site-packages/neutron_lib/db/api.py", line 138, in wrapped
2026-07-10 01:03:24.104 9 ERROR neutron.plugins.ml2.managers return f(*args, **kwargs)
2026-07-10 01:03:24.104 9 ERROR neutron.plugins.ml2.managers
File "/var/lib/openstack/lib/python3.10/site-packages/oslo_db/api.py", line 144, in wrapper
2026-07-10 01:03:24.104 9 ERROR neutron.plugins.ml2.managers with excutils.save_and_reraise_exception() as ectxt:
2026-07-10 01:03:24.104 9 ERROR neutron.plugins.ml2.managers
File "/var/lib/openstack/lib/python3.10/site-packages/oslo_utils/excutils.py", line 227, in __exit__
2026-07-10 01:03:24.104 9 ERROR neutron.plugins.ml2.managers self.force_reraise()
2026-07-10 01:03:24.104 9 ERROR neutron.plugins.ml2.managers
File "/var/lib/openstack/lib/python3.10/site-packages/oslo_utils/excutils.py", line 200, in force_reraise
2026-07-10 01:03:24.104 9 ERROR neutron.plugins.ml2.managers raise self.value
2026-07-10 01:03:24.104 9 ERROR neutron.plugins.ml2.managers
File "/var/lib/openstack/lib/python3.10/site-packages/oslo_db/api.py", line 142, in wrapper
2026-07-10 01:03:24.104 9 ERROR neutron.plugins.ml2.managers return f(*args, **kwargs)
2026-07-10 01:03:24.104 9 ERROR neutron.plugins.ml2.managers
File "/var/lib/openstack/lib/python3.10/site-packages/neutron_lib/db/api.py", line 186, in wrapped
2026-07-10 01:03:24.104 9 ERROR neutron.plugins.ml2.managers with excutils.save_and_reraise_exception():
2026-07-10 01:03:24.104 9 ERROR neutron.plugins.ml2.managers
File "/var/lib/openstack/lib/python3.10/site-packages/oslo_utils/excutils.py", line 227, in __exit__
2026-07-10 01:03:24.104 9 ERROR neutron.plugins.ml2.managers self.force_reraise()
2026-07-10 01:03:24.104 9 ERROR neutron.plugins.ml2.managers
File "/var/lib/openstack/lib/python3.10/site-packages/oslo_utils/excutils.py", line 200, in force_reraise
2026-07-10 01:03:24.104 9 ERROR neutron.plugins.ml2.managers raise self.value
2026-07-10 01:03:24.104 9 ERROR neutron.plugins.ml2.managers
File "/var/lib/openstack/lib/python3.10/site-packages/neutron_lib/db/api.py", line 184, in wrapped
2026-07-10 01:03:24.104 9 ERROR neutron.plugins.ml2.managers return f(*dup_args, **dup_kwargs)
2026-07-10 01:03:24.104 9 ERROR neutron.plugins.ml2.managers
File "/var/lib/openstack/lib/python3.10/site-packages/neutron/db/db_base_plugin_v2.py", line 1121, in get_subnet
2026-07-10 01:03:24.104 9 ERROR neutron.plugins.ml2.managers subnet_obj = self._get_subnet_object(context, id)
2026-07-10 01:03:24.104 9 ERROR neutron.plugins.ml2.managers
File "/var/lib/openstack/lib/python3.10/site-packages/neutron/db/db_base_plugin_common.py", line 279, in _get_subnet_object
2026-07-10 01:03:24.104 9 ERROR neutron.plugins.ml2.managers raise exceptions.SubnetNotFound(subnet_id=id)
2026-07-10 01:03:24.104 9 ERROR neutron.plugins.ml2.managers neutron_lib.exceptions.SubnetNotFound: Subnet 025fb2b2-f65f-497e-bfb8-498641148828 could not be found.
2026-07-10 01:03:24.104 9 ERROR neutron.plugins.ml2.managers 
2026-07-10 01:03:24.105 9 ERROR neutron.plugins.ml2.managers [None req-fff92d0f-87fe-4499-9e9c-b866c7b6a762 - - - - - -] Failed to bind port c1856410-b77b-4b9e-9d95-4d4b900699ea on host instance for vnic_type normal using segments [{'id': '690235aa-a9d5-4e33-a618-6271e036d9dc', 'network_type': 'vxlan', 'physical_network': None, 'segmentation_id': 374, 'network_id': '0c2cabca-a90a-4e3d-8133-520f8769696a'}]
2026-07-10 01:03:24.105 9 INFO neutron.plugins.ml2.plugin [None req-fff92d0f-87fe-4499-9e9c-b866c7b6a762 - - - - - -] Attempt 10 to bind port c1856410-b77b-4b9e-9d95-4d4b900699ea
2026-07-10 01:03:24.126 9 ERROR neutron.plugins.ml2.managers [None req-fff92d0f-87fe-4499-9e9c-b866c7b6a762 - - - - - -] Mechanism driver openvswitch failed in bind_port: neutron_lib.exceptions.SubnetNotFound: Subnet 025fb2b2-f65f-497e-bfb8-498641148828 could not be found.
2026-07-10 01:03:24.126 9 ERROR neutron.plugins.ml2.managers
Traceback (most recent call last):
2026-07-10 01:03:24.126 9 ERROR neutron.plugins.ml2.managers
File "/var/lib/openstack/lib/python3.10/site-packages/neutron/plugins/ml2/managers.py", line 866, in _bind_port_level
2026-07-10 01:03:24.126 9 ERROR neutron.plugins.ml2.managers driver.obj.bind_port(context)
2026-07-10 01:03:24.126 9 ERROR neutron.plugins.ml2.managers
File "/var/lib/openstack/lib/python3.10/site-packages/neutron/plugins/ml2/drivers/openvswitch/mech_driver/mech_openvswitch.py", line 133, in bind_port
2026-07-10 01:03:24.126 9 ERROR neutron.plugins.ml2.managers super(OpenvswitchMechanismDriver, self).bind_port(context)
2026-07-10 01:03:24.126 9 ERROR neutron.plugins.ml2.managers
File "/var/lib/openstack/lib/python3.10/site-packages/neutron/plugins/ml2/drivers/mech_agent.py", line 104, in bind_port
2026-07-10 01:03:24.126 9 ERROR neutron.plugins.ml2.managers subnets = self.get_subnets_from_fixed_ips(context)
2026-07-10 01:03:24.126 9 ERROR neutron.plugins.ml2.managers
File "/var/lib/openstack/lib/python3.10/site-packages/neutron/plugins/ml2/drivers/mech_agent.py", line 149, in get_subnets_from_fixed_ips
2026-07-10 01:03:24.126 9 ERROR neutron.plugins.ml2.managers subnets.append(context._plugin.get_subnet(
2026-07-10 01:03:24.126 9 ERROR neutron.plugins.ml2.managers
File "/var/lib/openstack/lib/python3.10/site-packages/neutron_lib/db/api.py", line 226, in wrapped
2026-07-10 01:03:24.126 9 ERROR neutron.plugins.ml2.managers return f_with_retry(*args, **kwargs,
2026-07-10 01:03:24.126 9 ERROR neutron.plugins.ml2.managers
File "/var/lib/openstack/lib/python3.10/site-packages/neutron_lib/db/api.py", line 140, in wrapped
2026-07-10 01:03:24.126 9 ERROR neutron.plugins.ml2.managers with excutils.save_and_reraise_exception():
2026-07-10 01:03:24.126 9 ERROR neutron.plugins.ml2.managers
File "/var/lib/openstack/lib/python3.10/site-packages/oslo_utils/excutils.py", line 227, in __exit__
2026-07-10 01:03:24.126 9 ERROR neutron.plugins.ml2.managers self.force_reraise()
2026-07-10 01:03:24.126 9 ERROR neutron.plugins.ml2.managers
File "/var/lib/openstack/lib/python3.10/site-packages/oslo_utils/excutils.py", line 200, in force_reraise
2026-07-10 01:03:24.126 9 ERROR neutron.plugins.ml2.managers raise self.value
2026-07-10 01:03:24.126 9 ERROR neutron.plugins.ml2.managers
File "/var/lib/openstack/lib/python3.10/site-packages/neutron_lib/db/api.py", line 138, in wrapped
2026-07-10 01:03:24.126 9 ERROR neutron.plugins.ml2.managers return f(*args, **kwargs)
2026-07-10 01:03:24.126 9 ERROR neutron.plugins.ml2.managers
File "/var/lib/openstack/lib/python3.10/site-packages/oslo_db/api.py", line 144, in wrapper
2026-07-10 01:03:24.126 9 ERROR neutron.plugins.ml2.managers with excutils.save_and_reraise_exception() as ectxt:
2026-07-10 01:03:24.126 9 ERROR neutron.plugins.ml2.managers
File "/var/lib/openstack/lib/python3.10/site-packages/oslo_utils/excutils.py", line 227, in __exit__
2026-07-10 01:03:24.126 9 ERROR neutron.plugins.ml2.managers self.force_reraise()
2026-07-10 01:03:24.126 9 ERROR neutron.plugins.ml2.managers
File "/var/lib/openstack/lib/python3.10/site-packages/oslo_utils/excutils.py", line 200, in force_reraise
2026-07-10 01:03:24.126 9 ERROR neutron.plugins.ml2.managers raise self.value
2026-07-10 01:03:24.126 9 ERROR neutron.plugins.ml2.managers
File "/var/lib/openstack/lib/python3.10/site-packages/oslo_db/api.py", line 142, in wrapper
2026-07-10 01:03:24.126 9 ERROR neutron.plugins.ml2.managers return f(*args, **kwargs)
2026-07-10 01:03:24.126 9 ERROR neutron.plugins.ml2.managers
File "/var/lib/openstack/lib/python3.10/site-packages/neutron_lib/db/api.py", line 186, in wrapped
2026-07-10 01:03:24.126 9 ERROR neutron.plugins.ml2.managers with excutils.save_and_reraise_exception():
2026-07-10 01:03:24.126 9 ERROR neutron.plugins.ml2.managers
File "/var/lib/openstack/lib/python3.10/site-packages/oslo_utils/excutils.py", line 227, in __exit__
2026-07-10 01:03:24.126 9 ERROR neutron.plugins.ml2.managers self.force_reraise()
2026-07-10 01:03:24.126 9 ERROR neutron.plugins.ml2.managers
File "/var/lib/openstack/lib/python3.10/site-packages/oslo_utils/excutils.py", line 200, in force_reraise
2026-07-10 01:03:24.126 9 ERROR neutron.plugins.ml2.managers raise self.value
2026-07-10 01:03:24.126 9 ERROR neutron.plugins.ml2.managers
File "/var/lib/openstack/lib/python3.10/site-packages/neutron_lib/db/api.py", line 184, in wrapped
2026-07-10 01:03:24.126 9 ERROR neutron.plugins.ml2.managers return f(*dup_args, **dup_kwargs)
2026-07-10 01:03:24.126 9 ERROR neutron.plugins.ml2.managers
File "/var/lib/openstack/lib/python3.10/site-packages/neutron/db/db_base_plugin_v2.py", line 1121, in get_subnet
2026-07-10 01:03:24.126 9 ERROR neutron.plugins.ml2.managers subnet_obj = self._get_subnet_object(context, id)
2026-07-10 01:03:24.126 9 ERROR neutron.plugins.ml2.managers
File "/var/lib/openstack/lib/python3.10/site-packages/neutron/db/db_base_plugin_common.py", line 279, in _get_subnet_object
2026-07-10 01:03:24.126 9 ERROR neutron.plugins.ml2.managers raise exceptions.SubnetNotFound(subnet_id=id)
2026-07-10 01:03:24.126 9 ERROR neutron.plugins.ml2.managers neutron_lib.exceptions.SubnetNotFound: Subnet 025fb2b2-f65f-497e-bfb8-498641148828 could not be found.
2026-07-10 01:03:24.126 9 ERROR neutron.plugins.ml2.managers 
2026-07-10 01:03:24.127 9 ERROR neutron.plugins.ml2.managers [None req-fff92d0f-87fe-4499-9e9c-b866c7b6a762 - - - - - -] Failed to bind port c1856410-b77b-4b9e-9d95-4d4b900699ea on host instance for vnic_type normal using segments [{'id': '690235aa-a9d5-4e33-a618-6271e036d9dc', 'network_type': 'vxlan', 'physical_network': None, 'segmentation_id': 374, 'network_id': '0c2cabca-a90a-4e3d-8133-520f8769696a'}]
2026-07-10 01:03:25.507 10 INFO neutron.plugins.ml2.plugin [None req-159ff241-1abe-4707-b5ce-2ace64759f3a - - - - - -] Attempt 1 to provision port b2cfc12c-ce91-459a-97c6-79de58f87d0f
2026-07-10 01:03:25.997 10 INFO neutron.plugins.ml2.plugin [None req-159ff241-1abe-4707-b5ce-2ace64759f3a - - - - - -] Attempt 1 to provision port a2006f3f-aca4-45b6-ac6a-099dd83497d7
2026-07-10 01:03:26.108 10 INFO neutron.notifiers.nova [-] Nova event matching ['req-73488342-f783-4ce3-80b7-fa5db43fbefc'] response: {'server_uuid': '169ab7dd-77c6-41e6-ae15-5c045df7fcfe', 'name': 'network-vif-plugged', 'status': 'completed', 'tag': 'a2006f3f-aca4-45b6-ac6a-099dd83497d7', 'code': 200}
2026-07-10 01:03:27.270 10 INFO neutron.plugins.ml2.plugin [None req-159ff241-1abe-4707-b5ce-2ace64759f3a - - - - - -] Attempt 1 to provision port b2cfc12c-ce91-459a-97c6-79de58f87d0f
2026-07-10 01:03:27.468 9 INFO neutron.plugins.ml2.plugin [None req-9a99f45c-6105-4423-ba2a-ef3537c68121 - - - - - -] Attempt 1 to provision port b2cfc12c-ce91-459a-97c6-79de58f87d0f
2026-07-10 01:03:27.601 10 INFO neutron.plugins.ml2.plugin [None req-159ff241-1abe-4707-b5ce-2ace64759f3a - - - - - -] Attempt 1 to provision port a2006f3f-aca4-45b6-ac6a-099dd83497d7
2026-07-10 01:03:29.243 9 INFO neutron.plugins.ml2.plugin [None req-159ff241-1abe-4707-b5ce-2ace64759f3a - - - - - -] Attempt 1 to provision port 67726909-93a0-4e38-90e7-8126b6f8c2f6
2026-07-10 01:03:30.400 10 INFO neutron.plugins.ml2.plugin [None req-ceeece36-2d0a-42cb-a187-e53600b76d1d - - - - - -] Attempt 1 to provision port 67726909-93a0-4e38-90e7-8126b6f8c2f6
2026-07-10 01:03:30.727 10 INFO neutron.plugins.ml2.plugin [None req-712606be-de6b-4392-b25e-393895014fa6 - - - - - -] Attempt 1 to provision port 3843a97c-6b33-4e86-887d-8a5cad5689bb
2026-07-10 01:03:30.776 10 INFO neutron.plugins.ml2.plugin [None req-712606be-de6b-4392-b25e-393895014fa6 - - - - - -] Attempt 1 to provision port b2cfc12c-ce91-459a-97c6-79de58f87d0f
2026-07-10 01:03:31.175 9 INFO neutron.plugins.ml2.plugin [None req-1755959c-65c2-40f6-a86f-88a5df37a2c5 - - - - - -] Attempt 1 to provision port 3843a97c-6b33-4e86-887d-8a5cad5689bb
2026-07-10 01:03:31.288 10 INFO neutron.plugins.ml2.plugin [None req-159ff241-1abe-4707-b5ce-2ace64759f3a - - - - - -] Attempt 1 to provision port 67726909-93a0-4e38-90e7-8126b6f8c2f6
2026-07-10 01:03:31.442 10 INFO neutron.plugins.ml2.plugin [None req-d70a4b86-ed53-451b-8f87-7e294d01257e - - - - - -] Attempt 1 to provision port 67726909-93a0-4e38-90e7-8126b6f8c2f6
2026-07-10 01:03:31.822 9 INFO neutron.plugins.ml2.plugin [None req-63b56e3e-d24f-4266-9ee4-f198f8bc5622 - - - - - -] Attempt 1 to provision port 67726909-93a0-4e38-90e7-8126b6f8c2f6
2026-07-10 01:03:31.893 10 WARNING neutron.plugins.ml2.plugin [None req-da95a4a6-a531-44ef-a6ba-09ff240124b1 - - - - - -] Concurrent port binding operations failed on port 791db42f-aca9-4ac5-9bc6-2ae222ca3213
2026-07-10 01:03:31.896 10 INFO neutron.plugins.ml2.plugin [None req-da95a4a6-a531-44ef-a6ba-09ff240124b1 - - - - - -] Attempt 2 to bind port 791db42f-aca9-4ac5-9bc6-2ae222ca3213
2026-07-10 01:03:31.913 9 INFO neutron.plugins.ml2.plugin [None req-63b56e3e-d24f-4266-9ee4-f198f8bc5622 - - - - - -] Attempt 1 to provision port 3843a97c-6b33-4e86-887d-8a5cad5689bb
2026-07-10 01:03:33.309 9 INFO neutron.plugins.ml2.plugin [None req-159ff241-1abe-4707-b5ce-2ace64759f3a - - - - - -] Attempt 1 to provision port 45d3f395-d25b-42c1-a172-837d583874ba
2026-07-10 01:03:33.677 9 INFO neutron.plugins.ml2.plugin [None req-159ff241-1abe-4707-b5ce-2ace64759f3a - - - - - -] Attempt 1 to provision port 791db42f-aca9-4ac5-9bc6-2ae222ca3213
2026-07-10 01:03:35.266 9 INFO neutron.plugins.ml2.plugin [None req-159ff241-1abe-4707-b5ce-2ace64759f3a - - - - - -] Attempt 1 to provision port 45d3f395-d25b-42c1-a172-837d583874ba
2026-07-10 01:03:35.886 9 INFO neutron.plugins.ml2.plugin [None req-159ff241-1abe-4707-b5ce-2ace64759f3a - - - - - -] Attempt 1 to provision port 791db42f-aca9-4ac5-9bc6-2ae222ca3213
2026-07-10 01:03:37.275 9 INFO neutron.plugins.ml2.plugin [None req-159ff241-1abe-4707-b5ce-2ace64759f3a - - - - - -] Attempt 1 to provision port 2a9ef62e-6046-4b8f-b2a3-f22acfdb7f8a
2026-07-10 01:03:38.815 9 INFO neutron.plugins.ml2.plugin [None req-29966a9c-f69e-430a-bdac-bfade3304768 - - - - - -] Attempt 1 to provision port 2a9ef62e-6046-4b8f-b2a3-f22acfdb7f8a
2026-07-10 01:03:39.122 10 INFO neutron.plugins.ml2.plugin [None req-24d65453-bef4-4f9c-ad41-0c66e07efdb0 - - - - - -] Attempt 1 to provision port 01516f52-575e-48b3-b5fd-688a5c0cde50
2026-07-10 01:03:39.165 10 INFO neutron.plugins.ml2.plugin [None req-24d65453-bef4-4f9c-ad41-0c66e07efdb0 - - - - - -] Attempt 1 to provision port 2a9ef62e-6046-4b8f-b2a3-f22acfdb7f8a
2026-07-10 01:03:39.257 10 INFO neutron.plugins.ml2.plugin [None req-159ff241-1abe-4707-b5ce-2ace64759f3a - - - - - -] Attempt 1 to provision port 2a9ef62e-6046-4b8f-b2a3-f22acfdb7f8a
2026-07-10 01:03:39.369 9 INFO neutron.plugins.ml2.plugin [None req-b8953fd3-94dc-400d-b24c-f30248ede08b - - - - - -] Attempt 1 to provision port 01516f52-575e-48b3-b5fd-688a5c0cde50
2026-07-10 01:03:39.615 10 INFO neutron.plugins.ml2.plugin [None req-c79ad305-875b-4067-8d7e-dec8d9fb1d8a - - - - - -] Attempt 1 to provision port 01516f52-575e-48b3-b5fd-688a5c0cde50 /var/lib/openstack/lib/python3.10/site-packages/oslo_db/sqlalchemy/enginefacade.py:676: SAWarning: DELETE statement on table 'portsecuritybindings' expected to delete 1 row(s); 0 were matched. Please set confirm_deleted_rows=False within the mapper configuration to prevent this warning. self.session.flush() /var/lib/openstack/lib/python3.10/site-packages/oslo_db/sqlalchemy/enginefacade.py:676: SAWarning: DELETE statement on table 'ml2_port_bindings' expected to delete 1 row(s); 0 were matched. Please set confirm_deleted_rows=False within the mapper configuration to prevent this warning. self.session.flush() /var/lib/openstack/lib/python3.10/site-packages/oslo_db/sqlalchemy/enginefacade.py:676: SAWarning: DELETE statement on table 'ml2_port_binding_levels' expected to delete 1 row(s); 0 were matched. Please set confirm_deleted_rows=False within the mapper configuration to prevent this warning. self.session.flush() /var/lib/openstack/lib/python3.10/site-packages/oslo_db/sqlalchemy/enginefacade.py:676: SAWarning: DELETE statement on table 'ports' expected to delete 1 row(s); 0 were matched. Please set confirm_deleted_rows=False within the mapper configuration to prevent this warning. self.session.flush()
2026-07-10 01:03:45.266 9 INFO neutron.plugins.ml2.plugin [None req-159ff241-1abe-4707-b5ce-2ace64759f3a - - - - - -] Attempt 1 to provision port 2136d7c2-0601-4661-a5e3-14926663984c
2026-07-10 01:03:46.104 10 INFO neutron.plugins.ml2.plugin [None req-1ab84974-f5d4-4247-ba08-3c0e898282d0 - - - - - -] Attempt 1 to provision port 2136d7c2-0601-4661-a5e3-14926663984c
2026-07-10 01:03:46.432 9 INFO neutron.plugins.ml2.plugin [None req-64c32370-6035-42b2-8d60-86bd47ea3d5e - - - - - -] Attempt 1 to provision port 2136d7c2-0601-4661-a5e3-14926663984c
2026-07-10 01:03:46.551 9 INFO neutron.plugins.ml2.plugin [None req-64c32370-6035-42b2-8d60-86bd47ea3d5e - - - - - -] Attempt 1 to provision port 3b13ef22-12ee-4a9a-abde-a60ae868dc92
2026-07-10 01:03:46.723 9 INFO neutron.plugins.ml2.plugin [None req-4d8179f9-42f5-45d0-bf5e-7846fc35d5d3 - - - - - -] Attempt 1 to provision port 3b13ef22-12ee-4a9a-abde-a60ae868dc92
2026-07-10 01:03:46.880 10 INFO neutron.plugins.ml2.plugin [None req-db43cc68-e8f8-486e-8182-1998aed2d9d9 - - - - - -] Attempt 1 to provision port 3b13ef22-12ee-4a9a-abde-a60ae868dc92
2026-07-10 01:03:47.316 9 INFO neutron.plugins.ml2.plugin [None req-159ff241-1abe-4707-b5ce-2ace64759f3a - - - - - -] Attempt 1 to provision port 2136d7c2-0601-4661-a5e3-14926663984c
2026-07-10 01:03:50.237 9 INFO neutron.plugins.ml2.plugin [None req-301a7151-9d14-41ef-abcd-3df8dc5e9793 - - - - - -] Attempt 1 to provision port 15b5b322-665b-4148-a931-67a043c3cc72
2026-07-10 01:03:57.729 10 INFO neutron.plugins.ml2.plugin [None req-bd14d4cc-795b-4a11-a9b2-5b80bcd08843 - - - - - -] Attempt 1 to provision port f9cb8bcc-ae86-4c60-803a-f6843b39bd34
2026-07-10 01:03:59.352 10 INFO neutron.plugins.ml2.plugin [None req-159ff241-1abe-4707-b5ce-2ace64759f3a - - - - - -] Attempt 1 to provision port f9cb8bcc-ae86-4c60-803a-f6843b39bd34
2026-07-10 01:03:59.587 10 INFO neutron.notifiers.nova [-] Nova event matching ['req-0bb5aaa7-1a10-40a4-81bb-1bd934cf5c52'] response: {'server_uuid': '08f24190-d46c-4e2e-9052-31574ab51946', 'name': 'network-vif-plugged', 'status': 'completed', 'tag': 'f9cb8bcc-ae86-4c60-803a-f6843b39bd34', 'code': 200}
2026-07-10 01:04:01.280 10 INFO neutron.plugins.ml2.plugin [None req-159ff241-1abe-4707-b5ce-2ace64759f3a - - - - - -] Attempt 1 to provision port f9cb8bcc-ae86-4c60-803a-f6843b39bd34
2026-07-10 01:04:17.485 10 INFO neutron.plugins.ml2.plugin [None req-159ff241-1abe-4707-b5ce-2ace64759f3a - - - - - -] Attempt 1 to provision port b85c3cf2-8500-4f64-897d-c1f919be36dc
2026-07-10 01:04:17.751 9 INFO neutron.plugins.ml2.plugin [None req-1e12439b-dcca-48a3-899b-8c3d3b1fab17 - - - - - -] Attempt 1 to provision port b85c3cf2-8500-4f64-897d-c1f919be36dc
2026-07-10 01:04:18.108 10 INFO neutron.plugins.ml2.plugin [None req-159ff241-1abe-4707-b5ce-2ace64759f3a - - - - - -] Attempt 1 to provision port e913846e-b3eb-4092-bd23-54e9d6138a1f
2026-07-10 01:04:18.283 9 INFO neutron.plugins.ml2.plugin [None req-0ebc1bee-5574-4bec-9395-5f5ff525d62d - - - - - -] Attempt 1 to provision port b85c3cf2-8500-4f64-897d-c1f919be36dc
2026-07-10 01:04:18.646 10 INFO neutron.plugins.ml2.plugin [None req-21842f41-0a36-4127-aa00-503ed866c122 - - - - - -] Attempt 1 to provision port e913846e-b3eb-4092-bd23-54e9d6138a1f
2026-07-10 01:04:19.095 10 INFO neutron.plugins.ml2.plugin [None req-ca5e6645-0694-4a85-a6e7-5427a406f353 - - - - - -] Attempt 1 to provision port e913846e-b3eb-4092-bd23-54e9d6138a1f
2026-07-10 01:04:19.466 9 INFO neutron.plugins.ml2.plugin [None req-159ff241-1abe-4707-b5ce-2ace64759f3a - - - - - -] Attempt 1 to provision port 82ac2ea0-8f4e-4545-bde5-7ca0c3d900f6
2026-07-10 01:04:20.032 9 INFO neutron.plugins.ml2.plugin [None req-57fa32c2-a806-4169-8b3b-9938d4f581e8 - - - - - -] Attempt 1 to provision port 82ac2ea0-8f4e-4545-bde5-7ca0c3d900f6
2026-07-10 01:04:20.197 9 INFO neutron.plugins.ml2.plugin [None req-159ff241-1abe-4707-b5ce-2ace64759f3a - - - - - -] Attempt 1 to provision port e913846e-b3eb-4092-bd23-54e9d6138a1f
2026-07-10 01:04:20.442 10 INFO neutron.plugins.ml2.plugin [None req-46c840da-e62b-4327-922f-0a38dd09bb55 - - - - - -] Attempt 1 to provision port 82ac2ea0-8f4e-4545-bde5-7ca0c3d900f6
2026-07-10 01:04:20.597 9 INFO neutron.plugins.ml2.plugin [None req-159ff241-1abe-4707-b5ce-2ace64759f3a - - - - - -] Attempt 1 to provision port 821c0c03-88fd-496c-ab3a-bd6960ac3261
2026-07-10 01:04:21.170 10 INFO neutron.plugins.ml2.plugin [None req-f2fe093a-1485-45dc-bae7-e6dcf3b8a304 - - - - - -] Attempt 1 to provision port 821c0c03-88fd-496c-ab3a-bd6960ac3261
2026-07-10 01:04:21.481 9 INFO neutron.plugins.ml2.plugin [None req-159ff241-1abe-4707-b5ce-2ace64759f3a - - - - - -] Attempt 1 to provision port 5dfaa5ae-8491-444f-87b0-5184d5d67320
2026-07-10 01:04:21.989 9 INFO neutron.plugins.ml2.plugin [None req-7feedb6a-2180-4fc5-b9a2-63513757bcf0 - - - - - -] Attempt 1 to provision port 5dfaa5ae-8491-444f-87b0-5184d5d67320
2026-07-10 01:04:27.360 10 INFO neutron.plugins.ml2.plugin [None req-159ff241-1abe-4707-b5ce-2ace64759f3a - - - - - -] Attempt 1 to provision port ed88f093-bd44-41e7-9e7b-a698e64b4fd5
2026-07-10 01:04:28.620 10 INFO neutron.plugins.ml2.plugin [None req-dd4d0408-f9a3-46d4-947d-d4993e442b42 - - - - - -] Attempt 1 to provision port ed88f093-bd44-41e7-9e7b-a698e64b4fd5
2026-07-10 01:04:29.422 9 INFO neutron.plugins.ml2.plugin [None req-159ff241-1abe-4707-b5ce-2ace64759f3a - - - - - -] Attempt 1 to provision port d8e46a2f-6c97-45f4-b615-76dfaf00fa6a
2026-07-10 01:04:29.817 9 INFO neutron.plugins.ml2.plugin [None req-cbf933bc-5b23-470e-a7a6-89d8f3e1a9af - - - - - -] Attempt 1 to provision port ed88f093-bd44-41e7-9e7b-a698e64b4fd5
2026-07-10 01:04:30.116 9 INFO neutron.plugins.ml2.plugin [None req-159ff241-1abe-4707-b5ce-2ace64759f3a - - - - - -] Attempt 1 to provision port ed88f093-bd44-41e7-9e7b-a698e64b4fd5
2026-07-10 01:04:30.330 10 INFO neutron.plugins.ml2.plugin [None req-86c12689-6846-4550-90db-014e312c2c9e - - - - - -] Attempt 1 to provision port ed88f093-bd44-41e7-9e7b-a698e64b4fd5
2026-07-10 01:04:31.017 9 INFO neutron.plugins.ml2.plugin [None req-87048be5-aa97-4a7d-a286-9caff2db35ff - - - - - -] Attempt 1 to provision port d8e46a2f-6c97-45f4-b615-76dfaf00fa6a
2026-07-10 01:04:31.429 10 INFO neutron.plugins.ml2.plugin [None req-159ff241-1abe-4707-b5ce-2ace64759f3a - - - - - -] Attempt 1 to provision port d8e46a2f-6c97-45f4-b615-76dfaf00fa6a
2026-07-10 01:04:31.724 10 INFO neutron.plugins.ml2.plugin [None req-159ff241-1abe-4707-b5ce-2ace64759f3a - - - - - -] Attempt 1 to provision port 668b8844-c47a-4aa8-9458-b7434d2ea592
2026-07-10 01:04:32.114 9 INFO neutron.plugins.ml2.plugin [None req-8cbbffa6-edb2-48c3-a2e9-a2622fe0ab94 - - - - - -] Attempt 1 to provision port d8e46a2f-6c97-45f4-b615-76dfaf00fa6a
2026-07-10 01:04:32.514 9 INFO neutron.plugins.ml2.plugin [None req-a1201ab1-8fb6-4381-b820-b68b0a73b6a1 - - - - - -] Attempt 1 to provision port d8e46a2f-6c97-45f4-b615-76dfaf00fa6a
2026-07-10 01:04:32.894 9 INFO neutron.plugins.ml2.plugin [None req-00fd608b-1e07-437b-bc7c-b0e58cb1843b - - - - - -] Attempt 1 to provision port 25c62013-595f-4939-8b47-e7bd71f9ab81
2026-07-10 01:04:33.329 9 INFO neutron.plugins.ml2.plugin [None req-159ff241-1abe-4707-b5ce-2ace64759f3a - - - - - -] Attempt 1 to provision port d8e46a2f-6c97-45f4-b615-76dfaf00fa6a
2026-07-10 01:04:33.542 9 INFO neutron.plugins.ml2.plugin [None req-5dbe3969-bedd-4339-ab46-a3f2954f82e3 - - - - - -] Attempt 1 to provision port 668b8844-c47a-4aa8-9458-b7434d2ea592
2026-07-10 01:04:33.649 9 INFO neutron.plugins.ml2.plugin [None req-159ff241-1abe-4707-b5ce-2ace64759f3a - - - - - -] Attempt 1 to provision port 668b8844-c47a-4aa8-9458-b7434d2ea592
2026-07-10 01:04:34.463 9 INFO neutron.plugins.ml2.plugin [None req-09cae5e0-3998-4c94-bafd-590b73fe2ac9 - - - - - -] Attempt 1 to provision port 668b8844-c47a-4aa8-9458-b7434d2ea592
2026-07-10 01:04:34.831 9 INFO neutron.plugins.ml2.plugin [None req-b05497e3-e2c2-410f-94ff-77bc3e8754b1 - - - - - -] Attempt 1 to provision port 668b8844-c47a-4aa8-9458-b7434d2ea592
2026-07-10 01:04:35.317 9 INFO neutron.plugins.ml2.plugin [None req-159ff241-1abe-4707-b5ce-2ace64759f3a - - - - - -] Attempt 1 to provision port 668b8844-c47a-4aa8-9458-b7434d2ea592
2026-07-10 01:04:36.009 10 INFO neutron.plugins.ml2.plugin [None req-b5e97aa7-2642-48d8-98ad-8505dd59a0c2 - - - - - -] Attempt 1 to provision port d1f016a0-7ac2-403b-a09d-01ecce0429ce
2026-07-10 01:04:36.767 9 INFO neutron.plugins.ml2.plugin [None req-87ba312c-a592-47fe-8748-776c88ed6c40 - - - - - -] Attempt 1 to provision port d1f016a0-7ac2-403b-a09d-01ecce0429ce
2026-07-10 01:04:37.377 9 INFO neutron.plugins.ml2.plugin [None req-159ff241-1abe-4707-b5ce-2ace64759f3a - - - - - -] Attempt 1 to provision port db70960e-b1a7-48c0-84ea-637aed22af26
2026-07-10 01:04:38.023 10 INFO neutron.plugins.ml2.plugin [None req-f8420ac9-4ba2-4b47-9ed4-3238f7bca4dd - - - - - -] Attempt 1 to provision port 75d56dc2-683f-4075-bb4e-35b8a48939aa
2026-07-10 01:04:38.768 10 INFO neutron.plugins.ml2.plugin [None req-291e8bb7-ec14-48d7-8bf5-8c9f7079f090 - - - - - -] Attempt 1 to provision port 75d56dc2-683f-4075-bb4e-35b8a48939aa
2026-07-10 01:04:39.369 10 INFO neutron.plugins.ml2.plugin [None req-159ff241-1abe-4707-b5ce-2ace64759f3a - - - - - -] Attempt 1 to provision port db70960e-b1a7-48c0-84ea-637aed22af26
2026-07-10 01:04:39.814 10 INFO neutron.plugins.ml2.plugin [None req-ea20b1b5-876f-4488-96cd-1baa3d096f3a - - - - - -] Attempt 1 to provision port f48b0849-6b65-4a62-aaef-4dc71ff23e99
2026-07-10 01:04:40.664 9 INFO neutron.plugins.ml2.plugin [None req-faad3f66-3b5f-4276-82f3-140052fa228c - - - - - -] Attempt 1 to provision port f48b0849-6b65-4a62-aaef-4dc71ff23e99
2026-07-10 01:04:45.233 9 INFO neutron.plugins.ml2.plugin [None req-dc628578-9618-46dd-93cf-7da2170e1691 - - - - - -] Attempt 1 to provision port 28756023-b68d-4df3-a2ad-73ce0b52f496
2026-07-10 01:04:47.385 9 INFO neutron.plugins.ml2.plugin [None req-159ff241-1abe-4707-b5ce-2ace64759f3a - - - - - -] Attempt 1 to provision port 28756023-b68d-4df3-a2ad-73ce0b52f496
2026-07-10 01:04:47.496 9 INFO neutron.notifiers.nova [-] Nova event matching ['req-2952d301-e3ca-4914-8552-174600c575e4'] response: {'server_uuid': 'f2495fed-8aed-47c8-aff7-ed2d598c6f94', 'name': 'network-vif-plugged', 'status': 'completed', 'tag': '28756023-b68d-4df3-a2ad-73ce0b52f496', 'code': 200}
2026-07-10 01:04:49.338 10 INFO neutron.plugins.ml2.plugin [None req-159ff241-1abe-4707-b5ce-2ace64759f3a - - - - - -] Attempt 1 to provision port 28756023-b68d-4df3-a2ad-73ce0b52f496
2026-07-10 01:04:53.137 9 INFO neutron.plugins.ml2.plugin [None req-a8e47b6d-e4a5-4ac1-b609-61df4b706e24 - - - - - -] Attempt 1 to provision port 8294c778-8504-4943-a61c-4e52bf2939ac
2026-07-10 01:04:55.506 10 INFO neutron.plugins.ml2.plugin [None req-159ff241-1abe-4707-b5ce-2ace64759f3a - - - - - -] Attempt 1 to provision port 8294c778-8504-4943-a61c-4e52bf2939ac
2026-07-10 01:04:55.661 10 INFO neutron.notifiers.nova [-] Nova event matching ['req-950cdcd6-bf0c-414a-8dbc-307460bbcc30'] response: {'server_uuid': 'c531fb83-0e7e-4ef6-9f2d-3d316dd48d3f', 'name': 'network-vif-plugged', 'status': 'completed', 'tag': '8294c778-8504-4943-a61c-4e52bf2939ac', 'code': 200}
2026-07-10 01:04:56.222 10 INFO neutron.plugins.ml2.plugin [None req-159ff241-1abe-4707-b5ce-2ace64759f3a - - - - - -] Attempt 1 to provision port 25c62013-595f-4939-8b47-e7bd71f9ab81
2026-07-10 01:04:57.445 10 INFO neutron.plugins.ml2.plugin [None req-159ff241-1abe-4707-b5ce-2ace64759f3a - - - - - -] Attempt 1 to provision port d1f016a0-7ac2-403b-a09d-01ecce0429ce
2026-07-10 01:04:57.844 10 INFO neutron.plugins.ml2.plugin [None req-159ff241-1abe-4707-b5ce-2ace64759f3a - - - - - -] Attempt 1 to provision port f48b0849-6b65-4a62-aaef-4dc71ff23e99
2026-07-10 01:04:58.332 10 INFO neutron.plugins.ml2.plugin [None req-159ff241-1abe-4707-b5ce-2ace64759f3a - - - - - -] Attempt 1 to provision port 25c62013-595f-4939-8b47-e7bd71f9ab81
2026-07-10 01:04:58.584 10 INFO neutron.plugins.ml2.plugin [None req-159ff241-1abe-4707-b5ce-2ace64759f3a - - - - - -] Attempt 1 to provision port 75d56dc2-683f-4075-bb4e-35b8a48939aa
2026-07-10 01:04:59.035 10 INFO neutron.plugins.ml2.plugin [None req-159ff241-1abe-4707-b5ce-2ace64759f3a - - - - - -] Attempt 1 to provision port 8294c778-8504-4943-a61c-4e52bf2939ac
2026-07-10 01:04:59.433 10 INFO neutron.plugins.ml2.plugin [None req-159ff241-1abe-4707-b5ce-2ace64759f3a - - - - - -] Attempt 1 to provision port 75d56dc2-683f-4075-bb4e-35b8a48939aa
2026-07-10 01:04:59.740 10 INFO neutron.plugins.ml2.plugin [None req-159ff241-1abe-4707-b5ce-2ace64759f3a - - - - - -] Attempt 1 to provision port d1f016a0-7ac2-403b-a09d-01ecce0429ce
2026-07-10 01:05:00.008 10 INFO neutron.plugins.ml2.plugin [None req-159ff241-1abe-4707-b5ce-2ace64759f3a - - - - - -] Attempt 1 to provision port f48b0849-6b65-4a62-aaef-4dc71ff23e99
2026-07-10 01:05:14.853 9 INFO neutron.plugins.ml2.plugin [None req-12828e0a-8eac-405b-a2bd-3e42f05b1c3e - - - - - -] Attempt 1 to provision port df4ef137-5def-493e-9c8a-3161cecfa1ac
2026-07-10 01:05:26.599 10 INFO neutron.plugins.ml2.plugin [None req-82874ce5-c86b-4088-80ad-3eaea86e6cd1 - - - - - -] Attempt 1 to provision port cbfff625-e6f2-4db0-9a51-f87ecfdd7425
2026-07-10 01:05:29.477 10 INFO neutron.plugins.ml2.plugin [None req-159ff241-1abe-4707-b5ce-2ace64759f3a - - - - - -] Attempt 1 to provision port cbfff625-e6f2-4db0-9a51-f87ecfdd7425
2026-07-10 01:05:29.590 10 INFO neutron.notifiers.nova [-] Nova event matching ['req-b99abde4-fa70-417e-9123-be200e0c1a2f'] response: {'server_uuid': '8c677834-aa54-48b0-a658-1020e7054eff', 'name': 'network-vif-plugged', 'status': 'completed', 'tag': 'cbfff625-e6f2-4db0-9a51-f87ecfdd7425', 'code': 200}
2026-07-10 01:05:31.406 9 INFO neutron.plugins.ml2.plugin [None req-159ff241-1abe-4707-b5ce-2ace64759f3a - - - - - -] Attempt 1 to provision port cbfff625-e6f2-4db0-9a51-f87ecfdd7425
2026-07-10 01:06:04.843 10 INFO neutron.plugins.ml2.plugin [None req-55d17322-b26f-49eb-b803-6024b8aca980 - - - - - -] Attempt 1 to provision port 0ca0c829-fbec-4c46-9e7b-794c3488e39f
2026-07-10 01:06:07.602 10 INFO neutron.plugins.ml2.plugin [None req-159ff241-1abe-4707-b5ce-2ace64759f3a - - - - - -] Attempt 1 to provision port 0ca0c829-fbec-4c46-9e7b-794c3488e39f
2026-07-10 01:06:07.747 10 INFO neutron.notifiers.nova [-] Nova event matching ['req-fedafebf-17c0-4ef5-b63c-4f2458f2421e'] response: {'server_uuid': '8c677834-aa54-48b0-a658-1020e7054eff', 'name': 'network-vif-plugged', 'status': 'completed', 'tag': '0ca0c829-fbec-4c46-9e7b-794c3488e39f', 'code': 200}
2026-07-10 01:06:09.524 10 INFO neutron.plugins.ml2.plugin [None req-159ff241-1abe-4707-b5ce-2ace64759f3a - - - - - -] Attempt 1 to provision port 0ca0c829-fbec-4c46-9e7b-794c3488e39f
2026-07-10 01:06:31.068 9 INFO neutron.plugins.ml2.plugin [None req-a583c510-d529-467b-89bb-272dec7c531c - - - - - -] Attempt 1 to provision port c6b7694c-f6cb-47e8-bcfe-d0beeea1a052
2026-07-10 01:06:33.560 9 INFO neutron.plugins.ml2.plugin [None req-159ff241-1abe-4707-b5ce-2ace64759f3a - - - - - -] Attempt 1 to provision port c6b7694c-f6cb-47e8-bcfe-d0beeea1a052
2026-07-10 01:06:33.706 9 INFO neutron.notifiers.nova [-] Nova event matching ['req-8887f505-6740-43b5-8c36-8d6ac38624a2'] response: {'server_uuid': '8c677834-aa54-48b0-a658-1020e7054eff', 'name': 'network-vif-plugged', 'status': 'completed', 'tag': 'c6b7694c-f6cb-47e8-bcfe-d0beeea1a052', 'code': 200}
2026-07-10 01:06:35.463 10 INFO neutron.plugins.ml2.plugin [None req-159ff241-1abe-4707-b5ce-2ace64759f3a - - - - - -] Attempt 1 to provision port c6b7694c-f6cb-47e8-bcfe-d0beeea1a052
2026-07-10 01:06:45.571 9 INFO neutron.plugins.ml2.plugin [None req-159ff241-1abe-4707-b5ce-2ace64759f3a - - - - - -] Attempt 1 to provision port 905d8fcf-b91d-4b00-96f6-db543a853c62
2026-07-10 01:06:45.668 9 INFO neutron.notifiers.nova [-] Nova event matching ['req-d1076535-4d4a-42ce-994b-d89c5b6ebb84'] response: {'server_uuid': '8c677834-aa54-48b0-a658-1020e7054eff', 'name': 'network-vif-plugged', 'status': 'completed', 'tag': '905d8fcf-b91d-4b00-96f6-db543a853c62', 'code': 200}
2026-07-10 01:06:47.503 10 INFO neutron.plugins.ml2.plugin [None req-159ff241-1abe-4707-b5ce-2ace64759f3a - - - - - -] Attempt 1 to provision port 905d8fcf-b91d-4b00-96f6-db543a853c62
2026-07-10 01:06:55.254 9 INFO neutron.plugins.ml2.plugin [None req-c3e20d4b-bc08-4240-9f7c-c10cbd4837d0 - - - - - -] Attempt 1 to provision port 905d8fcf-b91d-4b00-96f6-db543a853c62
2026-07-10 01:06:55.543 10 INFO neutron.plugins.ml2.plugin [None req-159ff241-1abe-4707-b5ce-2ace64759f3a - - - - - -] Attempt 1 to provision port 905d8fcf-b91d-4b00-96f6-db543a853c62
2026-07-10 01:07:00.775 10 INFO neutron.plugins.ml2.plugin [None req-d865acc9-1f0a-4b12-a44e-43606f38a87f - - - - - -] Attempt 1 to provision port c6b7694c-f6cb-47e8-bcfe-d0beeea1a052
2026-07-10 01:07:23.705 10 INFO neutron.notifiers.nova [-] Nova event matching ['req-1d4a1072-ca0d-487d-96e8-9b88e024b67d'] response: {'server_uuid': 'c531fb83-0e7e-4ef6-9f2d-3d316dd48d3f', 'name': 'network-vif-unplugged', 'status': 'completed', 'tag': '8294c778-8504-4943-a61c-4e52bf2939ac', 'code': 200}