Jun 22 12:07:10.564466 np0000182466 devstack@neutron-api.service[103483]: INFO neutron.api.extensions [None req-d98f97be-02f4-417a-a328-50796d45bd27 None None] Loaded extension: security-groups-rules-belongs-to-default-sg
Jun 22 12:07:10.564542 np0000182466 devstack@neutron-api.service[103483]: DEBUG neutron.api.extensions [None req-d98f97be-02f4-417a-a328-50796d45bd27 None None] Loading extension file: security_groups_shared_filtering.py {{(pid=103483) _load_all_extensions_from_path /opt/stack/neutron/neutron/api/extensions.py:449}}
Jun 22 12:07:10.565420 np0000182466 devstack@neutron-api.service[103482]: DEBUG neutron.common.ovn.hash_ring_manager [-] Disallow caching, nodes 2<4 {{(pid=103482) _wait_startup_before_caching /opt/stack/neutron/neutron/common/ovn/hash_ring_manager.py:79}}
Jun 22 12:07:10.565842 np0000182466 devstack@neutron-api.service[103483]: DEBUG neutron.api.extensions [None req-d98f97be-02f4-417a-a328-50796d45bd27 None None] Ext name="Security group filtering on the shared field" alias="security-groups-shared-filtering" description="Support filtering security groups on the shared field" updated="2021-10-05T09:00:00-00:00" {{(pid=103483) _check_extension /opt/stack/neutron/neutron/api/extensions.py:415}}
Jun 22 12:07:10.565842 np0000182466 devstack@neutron-api.service[103483]: INFO neutron.api.extensions [None req-d98f97be-02f4-417a-a328-50796d45bd27 None None] Loaded extension: security-groups-shared-filtering
Jun 22 12:07:10.565842 np0000182466 devstack@neutron-api.service[103483]: DEBUG neutron.api.extensions [None req-d98f97be-02f4-417a-a328-50796d45bd27 None None] Loading extension file: securitygroup.py {{(pid=103483) _load_all_extensions_from_path /opt/stack/neutron/neutron/api/extensions.py:449}}
Jun 22 12:07:10.573501 np0000182466 devstack@neutron-api.service[103482]: DEBUG neutron.common.ovn.hash_ring_manager [-] Hash Ring loaded. 2 active nodes. 0 offline nodes {{(pid=103482) _load_hash_ring /opt/stack/neutron/neutron/common/ovn/hash_ring_manager.py:110}}
Jun 22 12:07:10.574383 np0000182466 devstack@neutron-api.service[103482]: DEBUG neutron.plugins.ml2.drivers.ovn.mech_driver.ovsdb.ovsdb_monitor [-] Hash Ring: Node 22a59f38002d5f40822a77aa5efe9357 (host: np0000182466) handling event "update" for row f8ad0e32-2be1-4d6d-9eee-70b14c449f2e (table: Connection) {{(pid=103482) notify /opt/stack/neutron/neutron/plugins/ml2/drivers/ovn/mech_driver/ovsdb/ovsdb_monitor.py:1015}}
Jun 22 12:07:10.577323 np0000182466 devstack@neutron-api.service[103483]: DEBUG neutron.api.extensions [None req-d98f97be-02f4-417a-a328-50796d45bd27 None None] Ext name="security-group" alias="security-group" description="The security groups extension." updated="2012-10-05T10:00:00-00:00" {{(pid=103483) _check_extension /opt/stack/neutron/neutron/api/extensions.py:415}}
Jun 22 12:07:10.580225 np0000182466 devstack@neutron-api.service[103483]: INFO neutron.api.extensions [None req-d98f97be-02f4-417a-a328-50796d45bd27 None None] Loaded extension: security-group
Jun 22 12:07:10.581859 np0000182466 devstack@neutron-api.service[103483]: DEBUG neutron.api.extensions [None req-d98f97be-02f4-417a-a328-50796d45bd27 None None] Loading extension file: segment.py {{(pid=103483) _load_all_extensions_from_path /opt/stack/neutron/neutron/api/extensions.py:449}}
Jun 22 12:07:10.582776 np0000182466 devstack@neutron-api.service[103483]: DEBUG neutron.api.extensions [None req-d98f97be-02f4-417a-a328-50796d45bd27 None None] Ext name="Segment" alias="segment" description="Segments extension." updated="2016-02-24T17:00:00-00:00" {{(pid=103483) _check_extension /opt/stack/neutron/neutron/api/extensions.py:415}}
Jun 22 12:07:10.583972 np0000182466 devstack@neutron-api.service[103483]: INFO neutron.api.extensions [None req-d98f97be-02f4-417a-a328-50796d45bd27 None None] Extension segment not supported by any of loaded plugins
Jun 22 12:07:10.584064 np0000182466 devstack@neutron-api.service[103483]: DEBUG neutron.api.extensions [None req-d98f97be-02f4-417a-a328-50796d45bd27 None None] Loading extension file: segments_peer_subnet_host_routes.py {{(pid=103483) _load_all_extensions_from_path /opt/stack/neutron/neutron/api/extensions.py:449}}
Jun 22 12:07:10.585754 np0000182466 devstack@neutron-api.service[103483]: DEBUG neutron.api.extensions [None req-d98f97be-02f4-417a-a328-50796d45bd27 None None] Ext name="Segments peer-subnet host routes" alias="segments-peer-subnet-host-routes" description="Add host routes to subnets on a routed network (segments)" updated="2018-06-12T10:00:00-00:00" {{(pid=103483) _check_extension /opt/stack/neutron/neutron/api/extensions.py:415}}
Jun 22 12:07:10.586679 np0000182466 devstack@neutron-api.service[103483]: INFO neutron.api.extensions [None req-d98f97be-02f4-417a-a328-50796d45bd27 None None] Extension segments-peer-subnet-host-routes not supported by any of loaded plugins
Jun 22 12:07:10.586775 np0000182466 devstack@neutron-api.service[103481]: DEBUG ovsdbapp.backend.ovs_idl [None req-256536b7-0f76-48e3-a9b6-9d9e189733d6 None None] Created lookup_table index Logical_Switch.name {{(pid=103481) autocreate_indices /opt/stack/data/venv/lib/python3.12/site-packages/ovsdbapp/backend/ovs_idl/__init__.py:87}}
Jun 22 12:07:10.586869 np0000182466 devstack@neutron-api.service[103481]: DEBUG ovsdbapp.backend.ovs_idl [None req-256536b7-0f76-48e3-a9b6-9d9e189733d6 None None] Created lookup_table index Logical_Router.name {{(pid=103481) autocreate_indices /opt/stack/data/venv/lib/python3.12/site-packages/ovsdbapp/backend/ovs_idl/__init__.py:87}}
Jun 22 12:07:10.586963 np0000182466 devstack@neutron-api.service[103481]: DEBUG ovsdbapp.backend.ovs_idl [None req-256536b7-0f76-48e3-a9b6-9d9e189733d6 None None] Created lookup_table index Load_Balancer.name {{(pid=103481) autocreate_indices /opt/stack/data/venv/lib/python3.12/site-packages/ovsdbapp/backend/ovs_idl/__init__.py:87}}
Jun 22 12:07:10.587105 np0000182466 devstack@neutron-api.service[103481]: DEBUG ovsdbapp.backend.ovs_idl [None req-256536b7-0f76-48e3-a9b6-9d9e189733d6 None None] Created schema index Copp.name {{(pid=103481) autocreate_indices /opt/stack/data/venv/lib/python3.12/site-packages/ovsdbapp/backend/ovs_idl/__init__.py:106}}
Jun 22 12:07:10.587229 np0000182466 devstack@neutron-api.service[103483]: DEBUG neutron.api.extensions [None req-d98f97be-02f4-417a-a328-50796d45bd27 None None] Loading extension file: servicetype.py {{(pid=103483) _load_all_extensions_from_path /opt/stack/neutron/neutron/api/extensions.py:449}}
Jun 22 12:07:10.587333 np0000182466 devstack@neutron-api.service[103481]: DEBUG ovsdbapp.backend.ovs_idl [None req-256536b7-0f76-48e3-a9b6-9d9e189733d6 None None] Created schema index Meter.name {{(pid=103481) autocreate_indices /opt/stack/data/venv/lib/python3.12/site-packages/ovsdbapp/backend/ovs_idl/__init__.py:106}}
Jun 22 12:07:10.587333 np0000182466 devstack@neutron-api.service[103481]: DEBUG ovsdbapp.backend.ovs_idl [None req-256536b7-0f76-48e3-a9b6-9d9e189733d6 None None] Created schema index Load_Balancer_Group.name {{(pid=103481) autocreate_indices /opt/stack/data/venv/lib/python3.12/site-packages/ovsdbapp/backend/ovs_idl/__init__.py:106}}
Jun 22 12:07:10.587548 np0000182466 devstack@neutron-api.service[103481]: DEBUG ovsdbapp.backend.ovs_idl [None req-256536b7-0f76-48e3-a9b6-9d9e189733d6 None None] Created schema index HA_Chassis_Group.name {{(pid=103481) autocreate_indices /opt/stack/data/venv/lib/python3.12/site-packages/ovsdbapp/backend/ovs_idl/__init__.py:106}}
Jun 22 12:07:10.587590 np0000182466 devstack@neutron-api.service[103481]: DEBUG ovsdbapp.backend.ovs_idl [None req-256536b7-0f76-48e3-a9b6-9d9e189733d6 None None] Created schema index Address_Set.name {{(pid=103481) autocreate_indices /opt/stack/data/venv/lib/python3.12/site-packages/ovsdbapp/backend/ovs_idl/__init__.py:106}}
Jun 22 12:07:10.587727 np0000182466 devstack@neutron-api.service[103481]: DEBUG ovsdbapp.backend.ovs_idl [None req-256536b7-0f76-48e3-a9b6-9d9e189733d6 None None] Created schema index Connection.target {{(pid=103481) autocreate_indices /opt/stack/data/venv/lib/python3.12/site-packages/ovsdbapp/backend/ovs_idl/__init__.py:106}}
Jun 22 12:07:10.587817 np0000182466 devstack@neutron-api.service[103481]: DEBUG ovsdbapp.backend.ovs_idl [None req-256536b7-0f76-48e3-a9b6-9d9e189733d6 None None] Created schema index Gateway_Chassis.name {{(pid=103481) autocreate_indices /opt/stack/data/venv/lib/python3.12/site-packages/ovsdbapp/backend/ovs_idl/__init__.py:106}}
Jun 22 12:07:10.588108 np0000182466 devstack@neutron-api.service[103481]: DEBUG ovsdbapp.backend.ovs_idl [None req-256536b7-0f76-48e3-a9b6-9d9e189733d6 None None] Created schema index Mirror.name {{(pid=103481) autocreate_indices /opt/stack/data/venv/lib/python3.12/site-packages/ovsdbapp/backend/ovs_idl/__init__.py:106}}
Jun 22 12:07:10.588243 np0000182466 devstack@neutron-api.service[103481]: DEBUG ovsdbapp.backend.ovs_idl [None req-256536b7-0f76-48e3-a9b6-9d9e189733d6 None None] Created schema index Chassis_Template_Var.chassis {{(pid=103481) autocreate_indices /opt/stack/data/venv/lib/python3.12/site-packages/ovsdbapp/backend/ovs_idl/__init__.py:106}}
Jun 22 12:07:10.588298 np0000182466 devstack@neutron-api.service[103483]: DEBUG neutron.api.extensions [None req-d98f97be-02f4-417a-a328-50796d45bd27 None None] Ext name="Neutron Service Type Management" alias="service-type" description="API for retrieving service providers for Neutron advanced services" updated="2013-01-20T00:00:00-00:00" {{(pid=103483) _check_extension /opt/stack/neutron/neutron/api/extensions.py:415}}
Jun 22 12:07:10.588350 np0000182466 devstack@neutron-api.service[103481]: DEBUG ovsdbapp.backend.ovs_idl [None req-256536b7-0f76-48e3-a9b6-9d9e189733d6 None None] Created schema index Logical_Router_Port.name {{(pid=103481) autocreate_indices /opt/stack/data/venv/lib/python3.12/site-packages/ovsdbapp/backend/ovs_idl/__init__.py:106}}
Jun 22 12:07:10.589087 np0000182466 devstack@neutron-api.service[103483]: INFO neutron.api.extensions [None req-d98f97be-02f4-417a-a328-50796d45bd27 None None] Loaded extension: service-type
Jun 22 12:07:10.589240 np0000182466 devstack@neutron-api.service[103483]: DEBUG neutron.api.extensions [None req-d98f97be-02f4-417a-a328-50796d45bd27 None None] Loading extension file: sorting.py {{(pid=103483) _load_all_extensions_from_path /opt/stack/neutron/neutron/api/extensions.py:449}}
Jun 22 12:07:10.589498 np0000182466 devstack@neutron-api.service[103483]: DEBUG neutron.api.extensions [None req-d98f97be-02f4-417a-a328-50796d45bd27 None None] Ext name="Sorting support" alias="sorting" description="Extension that indicates that sorting is enabled." updated="2016-06-12T00:00:00-00:00" {{(pid=103483) _check_extension /opt/stack/neutron/neutron/api/extensions.py:415}}
Jun 22 12:07:10.589592 np0000182466 devstack@neutron-api.service[103483]: INFO neutron.api.extensions [None req-d98f97be-02f4-417a-a328-50796d45bd27 None None] Loaded extension: sorting
Jun 22 12:07:10.589687 np0000182466 devstack@neutron-api.service[103483]: DEBUG neutron.api.extensions [None req-d98f97be-02f4-417a-a328-50796d45bd27 None None] Loading extension file: standard_attr_segment.py {{(pid=103483) _load_all_extensions_from_path /opt/stack/neutron/neutron/api/extensions.py:449}}
Jun 22 12:07:10.590103 np0000182466 devstack@neutron-api.service[103483]: DEBUG neutron.api.extensions [None req-d98f97be-02f4-417a-a328-50796d45bd27 None None] Ext name="Standard Attribute Segment Extension" alias="standard-attr-segment" description="Add standard attributes to Segment resource" updated="2018-04-09T10:00:00-00:00" {{(pid=103483) _check_extension /opt/stack/neutron/neutron/api/extensions.py:415}}
Jun 22 12:07:10.590400 np0000182466 devstack@neutron-api.service[103483]: INFO neutron.api.extensions [None req-d98f97be-02f4-417a-a328-50796d45bd27 None None] Extension standard-attr-segment not supported by any of loaded plugins
Jun 22 12:07:10.590500 np0000182466 devstack@neutron-api.service[103483]: DEBUG neutron.api.extensions [None req-d98f97be-02f4-417a-a328-50796d45bd27 None None] Loading extension file: standardattrdescription.py {{(pid=103483) _load_all_extensions_from_path /opt/stack/neutron/neutron/api/extensions.py:449}}
Jun 22 12:07:10.590707 np0000182466 devstack@neutron-api.service[103481]: DEBUG ovsdbapp.backend.ovs_idl [None req-256536b7-0f76-48e3-a9b6-9d9e189733d6 None None] Created schema index Port_Group.name {{(pid=103481) autocreate_indices /opt/stack/data/venv/lib/python3.12/site-packages/ovsdbapp/backend/ovs_idl/__init__.py:106}}
Jun 22 12:07:10.590999 np0000182466 devstack@neutron-api.service[103481]: DEBUG ovsdbapp.backend.ovs_idl [None req-256536b7-0f76-48e3-a9b6-9d9e189733d6 None None] Created schema index Logical_Switch_Port.name {{(pid=103481) autocreate_indices /opt/stack/data/venv/lib/python3.12/site-packages/ovsdbapp/backend/ovs_idl/__init__.py:106}}
Jun 22 12:07:10.591135 np0000182466 devstack@neutron-api.service[103483]: DEBUG neutron.api.extensions [None req-d98f97be-02f4-417a-a328-50796d45bd27 None None] Ext name="standard-attr-description" alias="standard-attr-description" description="Extension to add descriptions to standard attributes" updated="2016-02-10T10:00:00-00:00" {{(pid=103483) _check_extension /opt/stack/neutron/neutron/api/extensions.py:415}}
Jun 22 12:07:10.591490 np0000182466 devstack@neutron-api.service[103483]: INFO neutron.api.extensions [None req-d98f97be-02f4-417a-a328-50796d45bd27 None None] Loaded extension: standard-attr-description
Jun 22 12:07:10.591573 np0000182466 devstack@neutron-api.service[103483]: DEBUG neutron.api.extensions [None req-d98f97be-02f4-417a-a328-50796d45bd27 None None] Loading extension file: stateful_security_group.py {{(pid=103483) _load_all_extensions_from_path /opt/stack/neutron/neutron/api/extensions.py:449}}
Jun 22 12:07:10.591826 np0000182466 devstack@neutron-api.service[103483]: DEBUG neutron.api.extensions [None req-d98f97be-02f4-417a-a328-50796d45bd27 None None] Ext name="Stateful security group" alias="stateful-security-group" description="Indicates if the security group is stateful or not" updated="2019-11-26T09:00:00-00:00" {{(pid=103483) _check_extension /opt/stack/neutron/neutron/api/extensions.py:415}}
Jun 22 12:07:10.592005 np0000182466 devstack@neutron-api.service[103483]: INFO neutron.api.extensions [None req-d98f97be-02f4-417a-a328-50796d45bd27 None None] Loaded extension: stateful-security-group
Jun 22 12:07:10.592095 np0000182466 devstack@neutron-api.service[103483]: DEBUG neutron.api.extensions [None req-d98f97be-02f4-417a-a328-50796d45bd27 None None] Loading extension file: stdattrs_common.py {{(pid=103483) _load_all_extensions_from_path /opt/stack/neutron/neutron/api/extensions.py:449}}
Jun 22 12:07:10.592362 np0000182466 devstack@neutron-api.service[103483]: WARNING neutron.api.extensions [None req-d98f97be-02f4-417a-a328-50796d45bd27 None None] Did not find expected name "Stdattrs_common" in /opt/stack/neutron/neutron/extensions/stdattrs_common.py
Jun 22 12:07:10.592939 np0000182466 devstack@neutron-api.service[103483]: DEBUG neutron.api.extensions [None req-d98f97be-02f4-417a-a328-50796d45bd27 None None] Loading extension file: subnet_dns_publish_fixed_ip.py {{(pid=103483) _load_all_extensions_from_path /opt/stack/neutron/neutron/api/extensions.py:449}}
Jun 22 12:07:10.593265 np0000182466 devstack@neutron-api.service[103483]: DEBUG neutron.api.extensions [None req-d98f97be-02f4-417a-a328-50796d45bd27 None None] Ext name="Subnet DNS publish fixed IP" alias="subnet-dns-publish-fixed-ip" description="Support choosing to publish DNS records for IPs from a subnet" updated="2019-05-24T10:00:00-00:00" {{(pid=103483) _check_extension /opt/stack/neutron/neutron/api/extensions.py:415}}
Jun 22 12:07:10.593444 np0000182466 devstack@neutron-api.service[103483]: INFO neutron.api.extensions [None req-d98f97be-02f4-417a-a328-50796d45bd27 None None] Loaded extension: subnet-dns-publish-fixed-ip
Jun 22 12:07:10.593530 np0000182466 devstack@neutron-api.service[103483]: DEBUG neutron.api.extensions [None req-d98f97be-02f4-417a-a328-50796d45bd27 None None] Loading extension file: subnet_external_network.py {{(pid=103483) _load_all_extensions_from_path /opt/stack/neutron/neutron/api/extensions.py:449}}
Jun 22 12:07:10.593795 np0000182466 devstack@neutron-api.service[103481]: INFO ovsdbapp.backend.ovs_idl.vlog [None req-256536b7-0f76-48e3-a9b6-9d9e189733d6 None None] ssl:199.204.45.35:6641: connecting...
Jun 22 12:07:10.593890 np0000182466 devstack@neutron-api.service[103483]: DEBUG neutron.api.extensions [None req-d98f97be-02f4-417a-a328-50796d45bd27 None None] Ext name="Subnet belongs to an external network" alias="subnet-external-network" description="Informs if the subnet belongs to an external network" updated="2024-02-05T18:00:00-00:00" {{(pid=103483) _check_extension /opt/stack/neutron/neutron/api/extensions.py:415}}
Jun 22 12:07:10.593979 np0000182466 devstack@neutron-api.service[103483]: INFO neutron.api.extensions [None req-d98f97be-02f4-417a-a328-50796d45bd27 None None] Loaded extension: subnet-external-network
Jun 22 12:07:10.594083 np0000182466 devstack@neutron-api.service[103483]: DEBUG neutron.api.extensions [None req-d98f97be-02f4-417a-a328-50796d45bd27 None None] Loading extension file: subnet_onboard.py {{(pid=103483) _load_all_extensions_from_path /opt/stack/neutron/neutron/api/extensions.py:449}}
Jun 22 12:07:10.595310 np0000182466 devstack@neutron-api.service[103483]: DEBUG neutron.api.extensions [None req-d98f97be-02f4-417a-a328-50796d45bd27 None None] Ext name="Subnet Onboard" alias="subnet_onboard" description="Provides support for onboarding subnets into subnet pools" updated="2018-12-18T09:00:00-00:00" {{(pid=103483) _check_extension /opt/stack/neutron/neutron/api/extensions.py:415}}
Jun 22 12:07:10.595540 np0000182466 devstack@neutron-api.service[103483]: INFO neutron.api.extensions [None req-d98f97be-02f4-417a-a328-50796d45bd27 None None] Loaded extension: subnet_onboard
Jun 22 12:07:10.595540 np0000182466 devstack@neutron-api.service[103483]: DEBUG neutron.api.extensions [None req-d98f97be-02f4-417a-a328-50796d45bd27 None None] Loading extension file: subnet_segmentid_writable.py {{(pid=103483) _load_all_extensions_from_path /opt/stack/neutron/neutron/api/extensions.py:449}}
Jun 22 12:07:10.595806 np0000182466 devstack@neutron-api.service[103483]: DEBUG neutron.api.extensions [None req-d98f97be-02f4-417a-a328-50796d45bd27 None None] Ext name="Subnet SegmentID (writable)" alias="subnet-segmentid-writable" description="Provides a writable segment_id attribute for a subnet resource." updated="2018-03-12T00:00:00-00:00" {{(pid=103483) _check_extension /opt/stack/neutron/neutron/api/extensions.py:415}}
Jun 22 12:07:10.596035 np0000182466 devstack@neutron-api.service[103483]: INFO neutron.api.extensions [None req-d98f97be-02f4-417a-a328-50796d45bd27 None None] Extension subnet-segmentid-writable not supported by any of loaded plugins
Jun 22 12:07:10.596035 np0000182466 devstack@neutron-api.service[103483]: DEBUG neutron.api.extensions [None req-d98f97be-02f4-417a-a328-50796d45bd27 None None] Loading extension file: subnet_service_types.py {{(pid=103483) _load_all_extensions_from_path /opt/stack/neutron/neutron/api/extensions.py:449}}
Jun 22 12:07:10.597644 np0000182466 devstack@neutron-api.service[103483]: DEBUG neutron.api.extensions [None req-d98f97be-02f4-417a-a328-50796d45bd27 None None] Ext name="Subnet service types" alias="subnet-service-types" description="Provides ability to set the subnet service_types field" updated="2016-03-15T18:00:00-00:00" {{(pid=103483) _check_extension /opt/stack/neutron/neutron/api/extensions.py:415}}
Jun 22 12:07:10.597993 np0000182466 devstack@neutron-api.service[103483]: INFO neutron.api.extensions [None req-d98f97be-02f4-417a-a328-50796d45bd27 None None] Loaded extension: subnet-service-types
Jun 22 12:07:10.597993 np0000182466 devstack@neutron-api.service[103483]: DEBUG neutron.api.extensions [None req-d98f97be-02f4-417a-a328-50796d45bd27 None None] Loading extension file: subnetallocation.py {{(pid=103483) _load_all_extensions_from_path /opt/stack/neutron/neutron/api/extensions.py:449}}
Jun 22 12:07:10.598204 np0000182466 devstack@neutron-api.service[103480]: DEBUG oslo_concurrency.processutils [None req-b36def85-ea66-4e67-a8e7-82c198040768 None None] CMD "ovsdb-client transact ssl:199.204.45.35:6641 --timeout 180 -p /opt/stack/data/CA/int-ca/private/devstack-cert.key -c /opt/stack/data/CA/int-ca/devstack-cert.crt -C /opt/stack/data/CA/int-ca/ca-chain.pem ["OVN_Northbound", {"op": "wait", "timeout": 0, "table": "Port_Group", "where": [["name", "==", "neutron_pg_drop"]], "until": "==", "rows": []}, {"op": "insert", "table": "ACL", "row": {"action": "drop", "direction": "to-lport", "match": "outport == @neutron_pg_drop && ip", "priority": 1001}, "uuid-name": "droptoport"}, {"op": "insert", "table": "ACL", "row": {"action": "drop", "direction": "from-lport", "match": "inport == @neutron_pg_drop && ip", "priority": 1001}, "uuid-name": "dropfromport"}, {"op": "insert", "table": "Port_Group", "row": {"name": "neutron_pg_drop", "acls": ["set", [["named-uuid", "droptoport"], ["named-uuid", "dropfromport"]]]}}]" returned: 0 in 0.042s {{(pid=103480) execute /opt/stack/data/venv/lib/python3.12/site-packages/oslo_concurrency/processutils.py:468}}
Jun 22 12:07:10.598482 np0000182466 devstack@neutron-api.service[103483]: DEBUG neutron.api.extensions [None req-d98f97be-02f4-417a-a328-50796d45bd27 None None] Ext name="Subnet Allocation" alias="subnet_allocation" description="Enables allocation of subnets from a subnet pool" updated="2015-03-30T10:00:00-00:00" {{(pid=103483) _check_extension /opt/stack/neutron/neutron/api/extensions.py:415}}
Jun 22 12:07:10.598577 np0000182466 devstack@neutron-api.service[103481]: INFO ovsdbapp.backend.ovs_idl.vlog [None req-256536b7-0f76-48e3-a9b6-9d9e189733d6 None None] ssl:199.204.45.35:6641: connected
Jun 22 12:07:10.598770 np0000182466 devstack@neutron-api.service[103480]: DEBUG neutron_lib.callbacks.manager [None req-b36def85-ea66-4e67-a8e7-82c198040768 None None] Publish callbacks ['neutron.plugins.ml2.drivers.ovn.mech_driver.mech_driver.OVNMechanismDriver.post_fork_initialize-1919978', 'neutron.services.pvlan.drivers.ovn.driver._initialize_pvlan_pg_drop-8627449596008', 'neutron.services.ovn_l3.plugin.OVNL3RouterPlugin._post_fork_initialize-132804613'] for process (None), after_init {{(pid=103480) _notify_loop /opt/stack/data/venv/lib/python3.12/site-packages/neutron_lib/callbacks/manager.py:184}}
Jun 22 12:07:10.598853 np0000182466 devstack@neutron-api.service[103483]: INFO neutron.api.extensions [None req-d98f97be-02f4-417a-a328-50796d45bd27 None None] Loaded extension: subnet_allocation
Jun 22 12:07:10.598853 np0000182466 devstack@neutron-api.service[103483]: DEBUG neutron.api.extensions [None req-d98f97be-02f4-417a-a328-50796d45bd27 None None] Loading extension file: subnetpool_prefix_ops.py {{(pid=103483) _load_all_extensions_from_path /opt/stack/neutron/neutron/api/extensions.py:449}}
Jun 22 12:07:10.599238 np0000182466 devstack@neutron-api.service[103480]: DEBUG oslo_concurrency.lockutils [None req-b36def85-ea66-4e67-a8e7-82c198040768 None None] Acquiring lock "singleton_lock" {{(pid=103480) lock /opt/stack/data/venv/lib/python3.12/site-packages/oslo_concurrency/lockutils.py:395}}
Jun 22 12:07:10.599343 np0000182466 devstack@neutron-api.service[103480]: DEBUG oslo_concurrency.lockutils [None req-b36def85-ea66-4e67-a8e7-82c198040768 None None] Acquired lock "singleton_lock" {{(pid=103480) lock /opt/stack/data/venv/lib/python3.12/site-packages/oslo_concurrency/lockutils.py:398}}
Jun 22 12:07:10.599657 np0000182466 devstack@neutron-api.service[103480]: DEBUG oslo_concurrency.lockutils [None req-b36def85-ea66-4e67-a8e7-82c198040768 None None] Releasing lock "singleton_lock" {{(pid=103480) lock /opt/stack/data/venv/lib/python3.12/site-packages/oslo_concurrency/lockutils.py:418}}
Jun 22 12:07:10.599993 np0000182466 devstack@neutron-api.service[103483]: DEBUG neutron.api.extensions [None req-d98f97be-02f4-417a-a328-50796d45bd27 None None] Ext name="Subnet Pool Prefix Operations" alias="subnetpool-prefix-ops" description="Provides support for adjusting the prefix list of subnet pools" updated="2019-02-08T10:00:00-00:00" {{(pid=103483) _check_extension /opt/stack/neutron/neutron/api/extensions.py:415}}
Jun 22 12:07:10.600384 np0000182466 devstack@neutron-api.service[103483]: INFO neutron.api.extensions [None req-d98f97be-02f4-417a-a328-50796d45bd27 None None] Loaded extension: subnetpool-prefix-ops
Jun 22 12:07:10.600384 np0000182466 devstack@neutron-api.service[103483]: DEBUG neutron.api.extensions [None req-d98f97be-02f4-417a-a328-50796d45bd27 None None] Loading extension file: tag_creation.py {{(pid=103483) _load_all_extensions_from_path /opt/stack/neutron/neutron/api/extensions.py:449}}
Jun 22 12:07:10.600754 np0000182466 devstack@neutron-api.service[103483]: DEBUG neutron.api.extensions [None req-d98f97be-02f4-417a-a328-50796d45bd27 None None] Ext name="Tag creation extension" alias="tag-creation" description="Allow to create multiple tags for a resource" updated="2024-23-07T10:00:00-00:00" {{(pid=103483) _check_extension /opt/stack/neutron/neutron/api/extensions.py:415}}
Jun 22 12:07:10.600937 np0000182466 devstack@neutron-api.service[103483]: INFO neutron.api.extensions [None req-d98f97be-02f4-417a-a328-50796d45bd27 None None] Loaded extension: tag-creation
Jun 22 12:07:10.601024 np0000182466 devstack@neutron-api.service[103483]: DEBUG neutron.api.extensions [None req-d98f97be-02f4-417a-a328-50796d45bd27 None None] Loading extension file: tag_ports_during_bulk_creation.py {{(pid=103483) _load_all_extensions_from_path /opt/stack/neutron/neutron/api/extensions.py:449}}
Jun 22 12:07:10.601763 np0000182466 devstack@neutron-api.service[103483]: DEBUG neutron.api.extensions [None req-d98f97be-02f4-417a-a328-50796d45bd27 None None] Ext name="Tag Ports During Bulk Creation" alias="tag-ports-during-bulk-creation" description="Allow to tag ports during bulk creation" updated="2019-12-29T19:00:00-00:00" {{(pid=103483) _check_extension /opt/stack/neutron/neutron/api/extensions.py:415}}
Jun 22 12:07:10.601763 np0000182466 devstack@neutron-api.service[103483]: INFO neutron.api.extensions [None req-d98f97be-02f4-417a-a328-50796d45bd27 None None] Extension tag-ports-during-bulk-creation not supported by any of loaded plugins
Jun 22 12:07:10.602036 np0000182466 devstack@neutron-api.service[103480]: DEBUG neutron.plugins.ml2.drivers.ovn.mech_driver.mech_driver [None req-b36def85-ea66-4e67-a8e7-82c198040768 None None] Hash Ring setup using WSGI start time 2026-06-22 12:07:03+00:00 {{(pid=103480) _init_hash_ring /opt/stack/neutron/neutron/plugins/ml2/drivers/ovn/mech_driver/mech_driver.py:404}}
Jun 22 12:07:10.602805 np0000182466 devstack@neutron-api.service[103483]: DEBUG neutron.api.extensions [None req-d98f97be-02f4-417a-a328-50796d45bd27 None None] Loading extension file: tagging.py {{(pid=103483) _load_all_extensions_from_path /opt/stack/neutron/neutron/api/extensions.py:449}}
Jun 22 12:07:10.605569 np0000182466 devstack@neutron-api.service[103483]: DEBUG neutron.api.extensions [None req-d98f97be-02f4-417a-a328-50796d45bd27 None None] Ext name="Tag support for resources with standard attribute: port, subnet, subnetpool, network, security_group, router, floatingip, policy, trunk, network_segment_range" alias="standard-attr-tag" description="Enables to set tag on resources with standard attribute." updated="2017-01-01T00:00:00-00:00" {{(pid=103483) _check_extension /opt/stack/neutron/neutron/api/extensions.py:415}}
Jun 22 12:07:10.608134 np0000182466 devstack@neutron-api.service[103483]: INFO neutron.api.extensions [None req-d98f97be-02f4-417a-a328-50796d45bd27 None None] Loaded extension: standard-attr-tag
Jun 22 12:07:10.609104 np0000182466 devstack@neutron-api.service[103483]: DEBUG neutron.api.extensions [None req-d98f97be-02f4-417a-a328-50796d45bd27 None None] Loading extension file: timestamp.py {{(pid=103483) _load_all_extensions_from_path /opt/stack/neutron/neutron/api/extensions.py:449}}
Jun 22 12:07:10.609484 np0000182466 devstack@neutron-api.service[103483]: DEBUG neutron.api.extensions [None req-d98f97be-02f4-417a-a328-50796d45bd27 None None] Ext name="Resource timestamps" alias="standard-attr-timestamp" description="Adds created_at and updated_at fields to all Neutron resources that have Neutron standard attributes." updated="2016-09-12T10:00:00-00:00" {{(pid=103483) _check_extension /opt/stack/neutron/neutron/api/extensions.py:415}}
Jun 22 12:07:10.609541 np0000182466 devstack@neutron-api.service[103480]: INFO neutron.db.ovn_hash_ring_db [None req-b36def85-ea66-4e67-a8e7-82c198040768 None None] Nodes from host "np0000182466" and group "mechanism_driver" removed from the Hash Ring created at 2026-06-22 12:07:03+00:00
Jun 22 12:07:10.610005 np0000182466 devstack@neutron-api.service[103483]: INFO neutron.api.extensions [None req-d98f97be-02f4-417a-a328-50796d45bd27 None None] Loaded extension: standard-attr-timestamp
Jun 22 12:07:10.610400 np0000182466 devstack@neutron-api.service[103483]: DEBUG neutron.api.extensions [None req-d98f97be-02f4-417a-a328-50796d45bd27 None None] Loading extension file: trunk.py {{(pid=103483) _load_all_extensions_from_path /opt/stack/neutron/neutron/api/extensions.py:449}}
Jun 22 12:07:10.610808 np0000182466 devstack@neutron-api.service[103483]: DEBUG neutron.api.extensions [None req-d98f97be-02f4-417a-a328-50796d45bd27 None None] Ext name="Trunk Extension" alias="trunk" description="Provides support for trunk ports" updated="2016-01-01T10:00:00-00:00" {{(pid=103483) _check_extension /opt/stack/neutron/neutron/api/extensions.py:415}}
Jun 22 12:07:10.611215 np0000182466 devstack@neutron-api.service[103483]: INFO neutron.api.extensions [None req-d98f97be-02f4-417a-a328-50796d45bd27 None None] Extension trunk not supported by any of loaded plugins
Jun 22 12:07:10.612325 np0000182466 devstack@neutron-api.service[103483]: DEBUG neutron.api.extensions [None req-d98f97be-02f4-417a-a328-50796d45bd27 None None] Loading extension file: trunk_details.py {{(pid=103483) _load_all_extensions_from_path /opt/stack/neutron/neutron/api/extensions.py:449}}
Jun 22 12:07:10.612387 np0000182466 devstack@neutron-api.service[103480]: INFO neutron.db.ovn_hash_ring_db [None req-b36def85-ea66-4e67-a8e7-82c198040768 None None] Node 1993eb9afef15ad59ef2c589f4fcaf64 from host "np0000182466" and group "mechanism_driver" added to the Hash Ring
Jun 22 12:07:10.612521 np0000182466 devstack@neutron-api.service[103483]: DEBUG neutron.api.extensions [None req-d98f97be-02f4-417a-a328-50796d45bd27 None None] Ext name="Trunk port details" alias="trunk-details" description="Expose trunk port details" updated="2016-01-01T10:00:00-00:00" {{(pid=103483) _check_extension /opt/stack/neutron/neutron/api/extensions.py:415}}
Jun 22 12:07:10.613660 np0000182466 devstack@neutron-api.service[103483]: INFO neutron.api.extensions [None req-d98f97be-02f4-417a-a328-50796d45bd27 None None] Extension trunk-details not supported by any of loaded plugins
Jun 22 12:07:10.613660 np0000182466 devstack@neutron-api.service[103483]: DEBUG neutron.api.extensions [None req-d98f97be-02f4-417a-a328-50796d45bd27 None None] Loading extension file: uplink_status_propagation.py {{(pid=103483) _load_all_extensions_from_path /opt/stack/neutron/neutron/api/extensions.py:449}}
Jun 22 12:07:10.613660 np0000182466 devstack@neutron-api.service[103483]: DEBUG neutron.api.extensions [None req-d98f97be-02f4-417a-a328-50796d45bd27 None None] Ext name="Uplink status propagation extension" alias="uplink-status-propagation" description="Provides ability to propagate port uplink status." updated="2018-05-31T18:00:00-00:00" {{(pid=103483) _check_extension /opt/stack/neutron/neutron/api/extensions.py:415}}
Jun 22 12:07:10.613660 np0000182466 devstack@neutron-api.service[103483]: INFO neutron.api.extensions [None req-d98f97be-02f4-417a-a328-50796d45bd27 None None] Extension uplink-status-propagation not supported by any of loaded plugins
Jun 22 12:07:10.614141 np0000182466 devstack@neutron-api.service[103483]: DEBUG neutron.api.extensions [None req-d98f97be-02f4-417a-a328-50796d45bd27 None None] Loading extension file: uplink_status_propagation_updatable.py {{(pid=103483) _load_all_extensions_from_path /opt/stack/neutron/neutron/api/extensions.py:449}}
Jun 22 12:07:10.614484 np0000182466 devstack@neutron-api.service[103483]: DEBUG neutron.api.extensions [None req-d98f97be-02f4-417a-a328-50796d45bd27 None None] Ext name="Uplink status propagation updatable extension" alias="uplink-status-propagation-updatable" description="Provides ability to update the port uplink status." updated="2024-09-03T18:00:00-00:00" {{(pid=103483) _check_extension /opt/stack/neutron/neutron/api/extensions.py:415}}
Jun 22 12:07:10.614585 np0000182466 devstack@neutron-api.service[103483]: INFO neutron.api.extensions [None req-d98f97be-02f4-417a-a328-50796d45bd27 None None] Extension uplink-status-propagation-updatable not supported by any of loaded plugins
Jun 22 12:07:10.614648 np0000182466 devstack@neutron-api.service[103483]: DEBUG neutron.api.extensions [None req-d98f97be-02f4-417a-a328-50796d45bd27 None None] Loading extension file: vlantransparent.py {{(pid=103483) _load_all_extensions_from_path /opt/stack/neutron/neutron/api/extensions.py:449}}
Jun 22 12:07:10.615385 np0000182466 devstack@neutron-api.service[103483]: DEBUG neutron.api.extensions [None req-d98f97be-02f4-417a-a328-50796d45bd27 None None] Ext name="Vlantransparent" alias="vlan-transparent" description="Provides Vlan Transparent Networks" updated="2015-03-23T09:00:00-00:00" {{(pid=103483) _check_extension /opt/stack/neutron/neutron/api/extensions.py:415}}
Jun 22 12:07:10.615385 np0000182466 devstack@neutron-api.service[103483]: INFO neutron.api.extensions [None req-d98f97be-02f4-417a-a328-50796d45bd27 None None] Loaded extension: vlan-transparent
Jun 22 12:07:10.616505 np0000182466 devstack@neutron-api.service[103480]: DEBUG neutron.plugins.ml2.drivers.ovn.mech_driver.mech_driver [None req-b36def85-ea66-4e67-a8e7-82c198040768 None None] Hash Ring setup, this worker has detected 3 OVN hash ring registers in the database {{(pid=103480) _init_hash_ring /opt/stack/neutron/neutron/plugins/ml2/drivers/ovn/mech_driver/mech_driver.py:414}}
Jun 22 12:07:10.617724 np0000182466 devstack@neutron-api.service[103483]: INFO neutron.quota.resource_registry [None req-d98f97be-02f4-417a-a328-50796d45bd27 None None] Creating instance of TrackedResource for resource:network
Jun 22 12:07:10.618684 np0000182466 devstack@neutron-api.service[103483]: INFO neutron.quota.resource_registry [None req-d98f97be-02f4-417a-a328-50796d45bd27 None None] Creating instance of TrackedResource for resource:subnet
Jun 22 12:07:10.618684 np0000182466 devstack@neutron-api.service[103483]: INFO neutron.quota.resource_registry [None req-d98f97be-02f4-417a-a328-50796d45bd27 None None] Creating instance of TrackedResource for resource:subnetpool
Jun 22 12:07:10.618684 np0000182466 devstack@neutron-api.service[103483]: INFO neutron.quota.resource_registry [None req-d98f97be-02f4-417a-a328-50796d45bd27 None None] Creating instance of TrackedResource for resource:port
Jun 22 12:07:10.620874 np0000182466 devstack@neutron-api.service[103483]: DEBUG neutron.api.v2.resource_helper [None req-d98f97be-02f4-417a-a328-50796d45bd27 None None] Service L3_ROUTER_NAT assigned prefix: {{(pid=103483) build_resource_info /opt/stack/neutron/neutron/api/v2/resource_helper.py:77}}
Jun 22 12:07:10.621568 np0000182466 devstack@neutron-api.service[103483]: DEBUG neutron.api.v2.resource_helper [None req-d98f97be-02f4-417a-a328-50796d45bd27 None None] Service FLAVORS assigned prefix: {{(pid=103483) build_resource_info /opt/stack/neutron/neutron/api/v2/resource_helper.py:77}}
Jun 22 12:07:10.622529 np0000182466 devstack@neutron-api.service[103480]: DEBUG neutron.plugins.ml2.drivers.ovn.mech_driver.ovsdb.maintenance [None req-b36def85-ea66-4e67-a8e7-82c198040768 None None] Periodic task found: HashRingHealthCheckPeriodics.touch_hash_ring_node {{(pid=103480) add_periodics /opt/stack/neutron/neutron/plugins/ml2/drivers/ovn/mech_driver/ovsdb/maintenance.py:146}}
Jun 22 12:07:10.623200 np0000182466 devstack@neutron-api.service[103483]: DEBUG neutron.api.v2.resource_helper [None req-d98f97be-02f4-417a-a328-50796d45bd27 None None] Service L3_ROUTER_NAT assigned prefix: {{(pid=103483) build_resource_info /opt/stack/neutron/neutron/api/v2/resource_helper.py:77}}
Jun 22 12:07:10.623200 np0000182466 devstack@neutron-api.service[103483]: DEBUG neutron.api.v2.resource_helper [None req-d98f97be-02f4-417a-a328-50796d45bd27 None None] Service L3_ROUTER_NAT assigned prefix: {{(pid=103483) build_resource_info /opt/stack/neutron/neutron/api/v2/resource_helper.py:77}}
Jun 22 12:07:10.623326 np0000182466 devstack@neutron-api.service[103483]: INFO neutron.quota.resource_registry [None req-d98f97be-02f4-417a-a328-50796d45bd27 None None] Creating instance of TrackedResource for resource:router
Jun 22 12:07:10.623603 np0000182466 devstack@neutron-api.service[103480]: INFO neutron.plugins.ml2.drivers.ovn.mech_driver.mech_driver [None req-b36def85-ea66-4e67-a8e7-82c198040768 None None] Hash Ring probing thread for node 1993eb9afef15ad59ef2c589f4fcaf64 has started
Jun 22 12:07:10.623667 np0000182466 devstack@neutron-api.service[103483]: INFO neutron.quota.resource_registry [None req-d98f97be-02f4-417a-a328-50796d45bd27 None None] Creating instance of TrackedResource for resource:floatingip
Jun 22 12:07:10.624325 np0000182466 devstack@neutron-api.service[103480]: INFO neutron.plugins.ml2.drivers.ovn.mech_driver.ovsdb.impl_idl_ovn [None req-b36def85-ea66-4e67-a8e7-82c198040768 None None] Getting OvsdbNbOvnIdl for WorkerService with retry
Jun 22 12:07:10.624833 np0000182466 devstack@neutron-api.service[103483]: INFO neutron.quota.resource_registry [None req-d98f97be-02f4-417a-a328-50796d45bd27 None None] Creating instance of CountableResource for resource:rbac_policy
Jun 22 12:07:10.625578 np0000182466 devstack@neutron-api.service[103483]: INFO neutron.quota.resource_registry [None req-d98f97be-02f4-417a-a328-50796d45bd27 None None] Creating instance of TrackedResource for resource:security_group
Jun 22 12:07:10.626017 np0000182466 devstack@neutron-api.service[103483]: INFO neutron.quota.resource_registry [None req-d98f97be-02f4-417a-a328-50796d45bd27 None None] Creating instance of TrackedResource for resource:security_group_rule
Jun 22 12:07:10.626696 np0000182466 devstack@neutron-api.service[103483]: DEBUG neutron.api.v2.resource_helper [None req-d98f97be-02f4-417a-a328-50796d45bd27 None None] Service CORE assigned prefix: {{(pid=103483) build_resource_info /opt/stack/neutron/neutron/api/v2/resource_helper.py:77}}
Jun 22 12:07:10.626809 np0000182466 devstack@neutron-api.service[103483]: INFO neutron.quota.resource_registry [None req-d98f97be-02f4-417a-a328-50796d45bd27 None None] Creating instance of TrackedResource for resource:subnetpool
Jun 22 12:07:10.626948 np0000182466 devstack@neutron-api.service[103483]: WARNING neutron.quota.resource_registry [None req-d98f97be-02f4-417a-a328-50796d45bd27 None None] subnetpool is already registered
Jun 22 12:07:10.627299 np0000182466 devstack@neutron-api.service[103483]: DEBUG neutron.api.v2.resource_helper [None req-d98f97be-02f4-417a-a328-50796d45bd27 None None] Service CORE assigned prefix: {{(pid=103483) build_resource_info /opt/stack/neutron/neutron/api/v2/resource_helper.py:77}}
Jun 22 12:07:10.627389 np0000182466 devstack@neutron-api.service[103483]: INFO neutron.quota.resource_registry [None req-d98f97be-02f4-417a-a328-50796d45bd27 None None] Creating instance of TrackedResource for resource:subnetpool
Jun 22 12:07:10.627474 np0000182466 devstack@neutron-api.service[103483]: WARNING neutron.quota.resource_registry [None req-d98f97be-02f4-417a-a328-50796d45bd27 None None] subnetpool is already registered
Jun 22 12:07:10.630295 np0000182466 devstack@neutron-api.service[103483]: DEBUG neutron.api.v2.resource_helper [None req-d98f97be-02f4-417a-a328-50796d45bd27 None None] Service L3_ROUTER_NAT assigned prefix: {{(pid=103483) build_resource_info /opt/stack/neutron/neutron/api/v2/resource_helper.py:77}}
Jun 22 12:07:10.630684 np0000182466 devstack@neutron-api.service[103483]: DEBUG neutron.api.v2.resource_helper [None req-d98f97be-02f4-417a-a328-50796d45bd27 None None] Service FLAVORS assigned prefix: {{(pid=103483) build_resource_info /opt/stack/neutron/neutron/api/v2/resource_helper.py:77}}
Jun 22 12:07:10.631581 np0000182466 devstack@neutron-api.service[103483]: DEBUG neutron.api.v2.resource_helper [None req-d98f97be-02f4-417a-a328-50796d45bd27 None None] Service L3_ROUTER_NAT assigned prefix: {{(pid=103483) build_resource_info /opt/stack/neutron/neutron/api/v2/resource_helper.py:77}}
Jun 22 12:07:10.631950 np0000182466 devstack@neutron-api.service[103483]: DEBUG neutron.api.v2.resource_helper [None req-d98f97be-02f4-417a-a328-50796d45bd27 None None] Service L3_ROUTER_NAT assigned prefix: {{(pid=103483) build_resource_info /opt/stack/neutron/neutron/api/v2/resource_helper.py:77}}
Jun 22 12:07:10.632068 np0000182466 devstack@neutron-api.service[103483]: INFO neutron.quota.resource_registry [None req-d98f97be-02f4-417a-a328-50796d45bd27 None None] Creating instance of TrackedResource for resource:router
Jun 22 12:07:10.632215 np0000182466 devstack@neutron-api.service[103483]: WARNING neutron.quota.resource_registry [None req-d98f97be-02f4-417a-a328-50796d45bd27 None None] router is already registered
Jun 22 12:07:10.632709 np0000182466 devstack@neutron-api.service[103483]: INFO neutron.quota.resource_registry [None req-d98f97be-02f4-417a-a328-50796d45bd27 None None] Creating instance of TrackedResource for resource:floatingip
Jun 22 12:07:10.632840 np0000182466 devstack@neutron-api.service[103483]: WARNING neutron.quota.resource_registry [None req-d98f97be-02f4-417a-a328-50796d45bd27 None None] floatingip is already registered
Jun 22 12:07:10.634073 np0000182466 devstack@neutron-api.service[103483]: INFO neutron.quota.resource_registry [None req-d98f97be-02f4-417a-a328-50796d45bd27 None None] Creating instance of CountableResource for resource:rbac_policy
Jun 22 12:07:10.635024 np0000182466 devstack@neutron-api.service[103483]: WARNING neutron.quota.resource_registry [None req-d98f97be-02f4-417a-a328-50796d45bd27 None None] rbac_policy is already registered
Jun 22 12:07:10.635120 np0000182466 devstack@neutron-api.service[103481]: DEBUG neutron.common.ovn.hash_ring_manager [None req-256536b7-0f76-48e3-a9b6-9d9e189733d6 None None] Disallow caching, nodes 3<4 {{(pid=103481) _wait_startup_before_caching /opt/stack/neutron/neutron/common/ovn/hash_ring_manager.py:79}}
Jun 22 12:07:10.635694 np0000182466 devstack@neutron-api.service[103483]: INFO neutron.quota.resource_registry [None req-d98f97be-02f4-417a-a328-50796d45bd27 None None] Creating instance of TrackedResource for resource:security_group
Jun 22 12:07:10.635789 np0000182466 devstack@neutron-api.service[103483]: WARNING neutron.quota.resource_registry [None req-d98f97be-02f4-417a-a328-50796d45bd27 None None] security_group is already registered
Jun 22 12:07:10.636071 np0000182466 devstack@neutron-api.service[103483]: INFO neutron.quota.resource_registry [None req-d98f97be-02f4-417a-a328-50796d45bd27 None None] Creating instance of TrackedResource for resource:security_group_rule
Jun 22 12:07:10.636211 np0000182466 devstack@neutron-api.service[103483]: WARNING neutron.quota.resource_registry [None req-d98f97be-02f4-417a-a328-50796d45bd27 None None] security_group_rule is already registered
Jun 22 12:07:10.636739 np0000182466 devstack@neutron-api.service[103483]: DEBUG neutron.api.v2.resource_helper [None req-d98f97be-02f4-417a-a328-50796d45bd27 None None] Service CORE assigned prefix: {{(pid=103483) build_resource_info /opt/stack/neutron/neutron/api/v2/resource_helper.py:77}}
Jun 22 12:07:10.636895 np0000182466 devstack@neutron-api.service[103483]: INFO neutron.quota.resource_registry [None req-d98f97be-02f4-417a-a328-50796d45bd27 None None] Creating instance of TrackedResource for resource:subnetpool
Jun 22 12:07:10.637013 np0000182466 devstack@neutron-api.service[103483]: WARNING neutron.quota.resource_registry [None req-d98f97be-02f4-417a-a328-50796d45bd27 None None] subnetpool is already registered
Jun 22 12:07:10.637497 np0000182466 devstack@neutron-api.service[103483]: DEBUG neutron.api.v2.resource_helper [None req-d98f97be-02f4-417a-a328-50796d45bd27 None None] Service CORE assigned prefix: {{(pid=103483) build_resource_info /opt/stack/neutron/neutron/api/v2/resource_helper.py:77}}
Jun 22 12:07:10.637620 np0000182466 devstack@neutron-api.service[103483]: INFO neutron.quota.resource_registry [None req-d98f97be-02f4-417a-a328-50796d45bd27 None None] Creating instance of TrackedResource for resource:subnetpool
Jun 22 12:07:10.637747 np0000182466 devstack@neutron-api.service[103483]: WARNING neutron.quota.resource_registry [None req-d98f97be-02f4-417a-a328-50796d45bd27 None None] subnetpool is already registered
Jun 22 12:07:10.638237 np0000182466 devstack@neutron-api.service[103483]: DEBUG neutron.api.extensions [None req-d98f97be-02f4-417a-a328-50796d45bd27 None None] Extended resource: extensions {{(pid=103483) __init__ /opt/stack/neutron/neutron/api/extensions.py:156}}
Jun 22 12:07:10.639093 np0000182466 devstack@neutron-api.service[103483]: DEBUG neutron.api.extensions [None req-d98f97be-02f4-417a-a328-50796d45bd27 None None] Extended resource: address-groups {{(pid=103483) __init__ /opt/stack/neutron/neutron/api/extensions.py:156}}
Jun 22 12:07:10.639758 np0000182466 devstack@neutron-api.service[103483]: DEBUG neutron.api.extensions [None req-d98f97be-02f4-417a-a328-50796d45bd27 None None] Extended resource: address-scopes {{(pid=103483) __init__ /opt/stack/neutron/neutron/api/extensions.py:156}}
Jun 22 12:07:10.640388 np0000182466 devstack@neutron-api.service[103481]: DEBUG neutron.common.ovn.hash_ring_manager [None req-256536b7-0f76-48e3-a9b6-9d9e189733d6 None None] Hash Ring loaded. 3 active nodes. 0 offline nodes {{(pid=103481) _load_hash_ring /opt/stack/neutron/neutron/common/ovn/hash_ring_manager.py:110}}
Jun 22 12:07:10.640903 np0000182466 devstack@neutron-api.service[103483]: DEBUG neutron.api.extensions [None req-d98f97be-02f4-417a-a328-50796d45bd27 None None] Extended resource: agents {{(pid=103483) __init__ /opt/stack/neutron/neutron/api/extensions.py:156}}
Jun 22 12:07:10.641556 np0000182466 devstack@neutron-api.service[103483]: DEBUG neutron.api.extensions [None req-d98f97be-02f4-417a-a328-50796d45bd27 None None] Extended resource: auto-allocated-topology {{(pid=103483) __init__ /opt/stack/neutron/neutron/api/extensions.py:156}}
Jun 22 12:07:10.642161 np0000182466 devstack@neutron-api.service[103483]: DEBUG neutron.api.extensions [None req-d98f97be-02f4-417a-a328-50796d45bd27 None None] Extended resource: availability_zones {{(pid=103483) __init__ /opt/stack/neutron/neutron/api/extensions.py:156}}
Jun 22 12:07:10.642780 np0000182466 devstack@neutron-api.service[103483]: DEBUG neutron.api.extensions [None req-d98f97be-02f4-417a-a328-50796d45bd27 None None] Extended resource: dhcp-networks {{(pid=103483) __init__ /opt/stack/neutron/neutron/api/extensions.py:156}}
Jun 22 12:07:10.643474 np0000182466 devstack@neutron-api.service[103483]: DEBUG neutron.api.extensions [None req-d98f97be-02f4-417a-a328-50796d45bd27 None None] Extended resource: dhcp-agents {{(pid=103483) __init__ /opt/stack/neutron/neutron/api/extensions.py:156}}
Jun 22 12:07:10.644084 np0000182466 devstack@neutron-api.service[103483]: DEBUG neutron.api.extensions [None req-d98f97be-02f4-417a-a328-50796d45bd27 None None] Extended resource: routers {{(pid=103483) __init__ /opt/stack/neutron/neutron/api/extensions.py:156}}
Jun 22 12:07:10.645100 np0000182466 devstack@neutron-api.service[103483]: DEBUG neutron.api.extensions [None req-d98f97be-02f4-417a-a328-50796d45bd27 None None] Extended resource: flavors {{(pid=103483) __init__ /opt/stack/neutron/neutron/api/extensions.py:156}}
Jun 22 12:07:10.645651 np0000182466 devstack@neutron-api.service[103483]: DEBUG neutron.api.extensions [None req-d98f97be-02f4-417a-a328-50796d45bd27 None None] Extended resource: service_profiles {{(pid=103483) __init__ /opt/stack/neutron/neutron/api/extensions.py:156}}
Jun 22 12:07:10.646142 np0000182466 devstack@neutron-api.service[103483]: DEBUG neutron.api.extensions [None req-d98f97be-02f4-417a-a328-50796d45bd27 None None] Extended resource: next_providers {{(pid=103483) __init__ /opt/stack/neutron/neutron/api/extensions.py:156}}
Jun 22 12:07:10.646823 np0000182466 devstack@neutron-api.service[103481]: DEBUG neutron.common.ovn.hash_ring_manager [None req-256536b7-0f76-48e3-a9b6-9d9e189733d6 None None] Hash Ring loaded. 3 active nodes. 0 offline nodes {{(pid=103481) _load_hash_ring /opt/stack/neutron/neutron/common/ovn/hash_ring_manager.py:110}}
Jun 22 12:07:10.646895 np0000182466 devstack@neutron-api.service[103483]: DEBUG neutron.api.extensions [None req-d98f97be-02f4-417a-a328-50796d45bd27 None None] Extended resource: service_profiles {{(pid=103483) __init__ /opt/stack/neutron/neutron/api/extensions.py:156}}
Jun 22 12:07:10.648048 np0000182466 devstack@neutron-api.service[103483]: DEBUG neutron.api.extensions [None req-d98f97be-02f4-417a-a328-50796d45bd27 None None] Extended resource: floatingip-pools {{(pid=103483) __init__ /opt/stack/neutron/neutron/api/extensions.py:156}}
Jun 22 12:07:10.648160 np0000182466 devstack@neutron-api.service[103483]: DEBUG neutron.api.extensions [None req-d98f97be-02f4-417a-a328-50796d45bd27 None None] Extended resource: routers {{(pid=103483) __init__ /opt/stack/neutron/neutron/api/extensions.py:156}}
