Jun 16 01:33:30.844068 np0000180627 devstack@neutron-api.service[103405]: DEBUG neutron_lib.callbacks.manager [None req-315d6858-00e5-45af-b9b1-751224cea3ca None None] Subscribe: > router precommit_create 55550000, False {{(pid=103405) subscribe /opt/stack/data/venv/lib/python3.12/site-packages/neutron_lib/callbacks/manager.py:52}}
Jun 16 01:33:30.844167 np0000180627 devstack@neutron-api.service[103405]: DEBUG neutron_lib.callbacks.manager [None req-315d6858-00e5-45af-b9b1-751224cea3ca None None] Subscribe: > router precommit_update 55550000, False {{(pid=103405) subscribe /opt/stack/data/venv/lib/python3.12/site-packages/neutron_lib/callbacks/manager.py:52}}
Jun 16 01:33:30.844201 np0000180627 devstack@neutron-api.service[103402]: DEBUG neutron.plugins.ml2.plugin [None req-4c2df1f2-3cb2-4d5e-a0ae-a80decdf0b8b None None] neutron.plugins.ml2.plugin.Ml2Plugin method _start_rpc_notifiers called with arguments () {} {{(pid=103402) wrapper /opt/stack/data/venv/lib/python3.12/site-packages/oslo_log/helpers.py:77}}
Jun 16 01:33:30.844275 np0000180627 devstack@neutron-api.service[103405]: DEBUG neutron_lib.callbacks.manager [None req-315d6858-00e5-45af-b9b1-751224cea3ca None None] Subscribe: subnet after_update 55550000, False {{(pid=103405) subscribe /opt/stack/data/venv/lib/python3.12/site-packages/neutron_lib/callbacks/manager.py:52}}
Jun 16 01:33:30.844449 np0000180627 devstack@neutron-api.service[103402]: DEBUG neutron_lib.callbacks.manager [None req-4c2df1f2-3cb2-4d5e-a0ae-a80decdf0b8b None None] Subscribe: > port after_create 55550000, False {{(pid=103402) subscribe /opt/stack/data/venv/lib/python3.12/site-packages/neutron_lib/callbacks/manager.py:52}}
Jun 16 01:33:30.844482 np0000180627 devstack@neutron-api.service[103405]: DEBUG neutron.quota.resource_registry [None req-315d6858-00e5-45af-b9b1-751224cea3ca None None] Tracking information for resource: router configured {{(pid=103405) set_tracked_resource /opt/stack/neutron/neutron/quota/resource_registry.py:203}}
Jun 16 01:33:30.844562 np0000180627 devstack@neutron-api.service[103405]: DEBUG neutron.quota.resource_registry [None req-315d6858-00e5-45af-b9b1-751224cea3ca None None] Tracking information for resource: floatingip configured {{(pid=103405) set_tracked_resource /opt/stack/neutron/neutron/quota/resource_registry.py:203}}
Jun 16 01:33:30.844606 np0000180627 devstack@neutron-api.service[103402]: DEBUG neutron_lib.callbacks.manager [None req-4c2df1f2-3cb2-4d5e-a0ae-a80decdf0b8b None None] Subscribe: > port after_update 55550000, False {{(pid=103402) subscribe /opt/stack/data/venv/lib/python3.12/site-packages/neutron_lib/callbacks/manager.py:52}}
Jun 16 01:33:30.844646 np0000180627 devstack@neutron-api.service[103405]: INFO neutron.services.ovn_l3.plugin [None req-315d6858-00e5-45af-b9b1-751224cea3ca None None] Starting OVNL3RouterPlugin
Jun 16 01:33:30.844683 np0000180627 devstack@neutron-api.service[103402]: DEBUG neutron_lib.callbacks.manager [None req-4c2df1f2-3cb2-4d5e-a0ae-a80decdf0b8b None None] Subscribe: > port after_delete 55550000, False {{(pid=103402) subscribe /opt/stack/data/venv/lib/python3.12/site-packages/neutron_lib/callbacks/manager.py:52}}
Jun 16 01:33:30.844777 np0000180627 devstack@neutron-api.service[103402]: DEBUG neutron_lib.callbacks.manager [None req-4c2df1f2-3cb2-4d5e-a0ae-a80decdf0b8b None None] Subscribe: > subnet after_create 55550000, False {{(pid=103402) subscribe /opt/stack/data/venv/lib/python3.12/site-packages/neutron_lib/callbacks/manager.py:52}}
Jun 16 01:33:30.844878 np0000180627 devstack@neutron-api.service[103402]: DEBUG neutron_lib.callbacks.manager [None req-4c2df1f2-3cb2-4d5e-a0ae-a80decdf0b8b None None] Subscribe: > subnet after_update 55550000, False {{(pid=103402) subscribe /opt/stack/data/venv/lib/python3.12/site-packages/neutron_lib/callbacks/manager.py:52}}
Jun 16 01:33:30.844917 np0000180627 devstack@neutron-api.service[103405]: DEBUG neutron_lib.callbacks.manager [None req-315d6858-00e5-45af-b9b1-751224cea3ca None None] Subscribe: > port_forwarding_plugin after_init 55550000, False {{(pid=103405) subscribe /opt/stack/data/venv/lib/python3.12/site-packages/neutron_lib/callbacks/manager.py:52}}
Jun 16 01:33:30.844976 np0000180627 devstack@neutron-api.service[103402]: DEBUG neutron_lib.callbacks.manager [None req-4c2df1f2-3cb2-4d5e-a0ae-a80decdf0b8b None None] Subscribe: > subnet after_delete 55550000, False {{(pid=103402) subscribe /opt/stack/data/venv/lib/python3.12/site-packages/neutron_lib/callbacks/manager.py:52}}
Jun 16 01:33:30.845073 np0000180627 devstack@neutron-api.service[103402]: DEBUG neutron_lib.callbacks.manager [None req-4c2df1f2-3cb2-4d5e-a0ae-a80decdf0b8b None None] Subscribe: > network after_create 55550000, False {{(pid=103402) subscribe /opt/stack/data/venv/lib/python3.12/site-packages/neutron_lib/callbacks/manager.py:52}}
Jun 16 01:33:30.845104 np0000180627 devstack@neutron-api.service[103405]: DEBUG neutron_lib.callbacks.manager [None req-315d6858-00e5-45af-b9b1-751224cea3ca None None] Subscribe: > router before_create 55550100, False {{(pid=103405) subscribe /opt/stack/data/venv/lib/python3.12/site-packages/neutron_lib/callbacks/manager.py:52}}
Jun 16 01:33:30.845172 np0000180627 devstack@neutron-api.service[103402]: DEBUG neutron_lib.callbacks.manager [None req-4c2df1f2-3cb2-4d5e-a0ae-a80decdf0b8b None None] Subscribe: > network after_update 55550000, False {{(pid=103402) subscribe /opt/stack/data/venv/lib/python3.12/site-packages/neutron_lib/callbacks/manager.py:52}}
Jun 16 01:33:30.845204 np0000180627 devstack@neutron-api.service[103405]: DEBUG neutron_lib.callbacks.manager [None req-315d6858-00e5-45af-b9b1-751224cea3ca None None] Subscribe: > router precommit_delete 55550100, False {{(pid=103405) subscribe /opt/stack/data/venv/lib/python3.12/site-packages/neutron_lib/callbacks/manager.py:52}}
Jun 16 01:33:30.845267 np0000180627 devstack@neutron-api.service[103402]: DEBUG neutron_lib.callbacks.manager [None req-4c2df1f2-3cb2-4d5e-a0ae-a80decdf0b8b None None] Subscribe: > network after_delete 55550000, False {{(pid=103402) subscribe /opt/stack/data/venv/lib/python3.12/site-packages/neutron_lib/callbacks/manager.py:52}}
Jun 16 01:33:30.845303 np0000180627 devstack@neutron-api.service[103405]: DEBUG neutron_lib.callbacks.manager [None req-315d6858-00e5-45af-b9b1-751224cea3ca None None] Subscribe: > router precommit_create 55550100, False {{(pid=103405) subscribe /opt/stack/data/venv/lib/python3.12/site-packages/neutron_lib/callbacks/manager.py:52}}
Jun 16 01:33:30.845378 np0000180627 devstack@neutron-api.service[103402]: DEBUG neutron_lib.callbacks.manager [None req-4c2df1f2-3cb2-4d5e-a0ae-a80decdf0b8b None None] Subscribe: > security_group after_create 55550000, False {{(pid=103402) subscribe /opt/stack/data/venv/lib/python3.12/site-packages/neutron_lib/callbacks/manager.py:52}}
Jun 16 01:33:30.845410 np0000180627 devstack@neutron-api.service[103405]: DEBUG neutron_lib.callbacks.manager [None req-315d6858-00e5-45af-b9b1-751224cea3ca None None] Subscribe: > router precommit_update 55550100, False {{(pid=103405) subscribe /opt/stack/data/venv/lib/python3.12/site-packages/neutron_lib/callbacks/manager.py:52}}
Jun 16 01:33:30.845476 np0000180627 devstack@neutron-api.service[103402]: DEBUG neutron_lib.callbacks.manager [None req-4c2df1f2-3cb2-4d5e-a0ae-a80decdf0b8b None None] Subscribe: > security_group after_update 55550000, False {{(pid=103402) subscribe /opt/stack/data/venv/lib/python3.12/site-packages/neutron_lib/callbacks/manager.py:52}}
Jun 16 01:33:30.845572 np0000180627 devstack@neutron-api.service[103402]: DEBUG neutron_lib.callbacks.manager [None req-4c2df1f2-3cb2-4d5e-a0ae-a80decdf0b8b None None] Subscribe: > security_group after_delete 55550000, False {{(pid=103402) subscribe /opt/stack/data/venv/lib/python3.12/site-packages/neutron_lib/callbacks/manager.py:52}}
Jun 16 01:33:30.845669 np0000180627 devstack@neutron-api.service[103402]: DEBUG neutron_lib.callbacks.manager [None req-4c2df1f2-3cb2-4d5e-a0ae-a80decdf0b8b None None] Subscribe: > security_group_rule after_create 55550000, False {{(pid=103402) subscribe /opt/stack/data/venv/lib/python3.12/site-packages/neutron_lib/callbacks/manager.py:52}}
Jun 16 01:33:30.845783 np0000180627 devstack@neutron-api.service[103402]: DEBUG neutron_lib.callbacks.manager [None req-4c2df1f2-3cb2-4d5e-a0ae-a80decdf0b8b None None] Subscribe: > security_group_rule after_update 55550000, False {{(pid=103402) subscribe /opt/stack/data/venv/lib/python3.12/site-packages/neutron_lib/callbacks/manager.py:52}}
Jun 16 01:33:30.845883 np0000180627 devstack@neutron-api.service[103402]: DEBUG neutron_lib.callbacks.manager [None req-4c2df1f2-3cb2-4d5e-a0ae-a80decdf0b8b None None] Subscribe: > security_group_rule after_delete 55550000, False {{(pid=103402) subscribe /opt/stack/data/venv/lib/python3.12/site-packages/neutron_lib/callbacks/manager.py:52}}
Jun 16 01:33:30.845982 np0000180627 devstack@neutron-api.service[103402]: DEBUG neutron_lib.callbacks.manager [None req-4c2df1f2-3cb2-4d5e-a0ae-a80decdf0b8b None None] Subscribe: > address_group after_create 55550000, False {{(pid=103402) subscribe /opt/stack/data/venv/lib/python3.12/site-packages/neutron_lib/callbacks/manager.py:52}}
Jun 16 01:33:30.846086 np0000180627 devstack@neutron-api.service[103402]: DEBUG neutron_lib.callbacks.manager [None req-4c2df1f2-3cb2-4d5e-a0ae-a80decdf0b8b None None] Subscribe: > address_group after_update 55550000, False {{(pid=103402) subscribe /opt/stack/data/venv/lib/python3.12/site-packages/neutron_lib/callbacks/manager.py:52}}
Jun 16 01:33:30.846192 np0000180627 devstack@neutron-api.service[103402]: DEBUG neutron_lib.callbacks.manager [None req-4c2df1f2-3cb2-4d5e-a0ae-a80decdf0b8b None None] Subscribe: > address_group after_delete 55550000, False {{(pid=103402) subscribe /opt/stack/data/venv/lib/python3.12/site-packages/neutron_lib/callbacks/manager.py:52}}
Jun 16 01:33:30.846273 np0000180627 devstack@neutron-api.service[103402]: DEBUG neutron.plugins.ml2.ovo_rpc [None req-4c2df1f2-3cb2-4d5e-a0ae-a80decdf0b8b None None] ML2 OVO RPC backend initialized. {{(pid=103402) __init__ /opt/stack/neutron/neutron/plugins/ml2/ovo_rpc.py:117}}
Jun 16 01:33:30.847225 np0000180627 devstack@neutron-api.service[103402]: INFO neutron.quota [None req-4c2df1f2-3cb2-4d5e-a0ae-a80decdf0b8b None None] Loaded quota_driver: .
Jun 16 01:33:30.847335 np0000180627 devstack@neutron-api.service[103402]: INFO neutron.plugins.ml2.plugin [None req-4c2df1f2-3cb2-4d5e-a0ae-a80decdf0b8b None None] Modular L2 Plugin initialization complete
Jun 16 01:33:30.847472 np0000180627 devstack@neutron-api.service[103402]: DEBUG neutron.manager [None req-4c2df1f2-3cb2-4d5e-a0ae-a80decdf0b8b None None] Loading services supported by the core plugin {{(pid=103402) _load_services_from_core_plugin /opt/stack/neutron/neutron/manager.py:170}}
Jun 16 01:33:30.847585 np0000180627 devstack@neutron-api.service[103402]: INFO neutron.plugins.ml2.managers [None req-4c2df1f2-3cb2-4d5e-a0ae-a80decdf0b8b None None] Got port-security extension from driver 'port_security'
Jun 16 01:33:30.848347 np0000180627 devstack@neutron-api.service[103402]: DEBUG neutron.manager [None req-4c2df1f2-3cb2-4d5e-a0ae-a80decdf0b8b None None] Loading service plugins: ['ovn-router', 'auto_allocate', 'tag', 'timestamp', 'network_ip_availability', 'flavors', 'revisions'] {{(pid=103402) _load_service_plugins /opt/stack/neutron/neutron/manager.py:195}}
Jun 16 01:33:30.848347 np0000180627 devstack@neutron-api.service[103402]: INFO neutron.manager [None req-4c2df1f2-3cb2-4d5e-a0ae-a80decdf0b8b None None] Loading Plugin: ovn-router
Jun 16 01:33:30.848963 np0000180627 devstack@neutron-api.service[103405]: DEBUG neutron.services.provider_configuration [None req-315d6858-00e5-45af-b9b1-751224cea3ca None None] Service providers = [] {{(pid=103405) parse_service_provider_opt /opt/stack/neutron/neutron/services/provider_configuration.py:170}}
Jun 16 01:33:30.849075 np0000180627 devstack@neutron-api.service[103405]: DEBUG neutron.db.servicetype_db [None req-315d6858-00e5-45af-b9b1-751224cea3ca None None] Adding provider configuration for service L3_ROUTER_NAT {{(pid=103405) add_provider_configuration /opt/stack/neutron/neutron/db/servicetype_db.py:45}}
Jun 16 01:33:30.850358 np0000180627 devstack@neutron-api.service[103405]: DEBUG neutron_lib.callbacks.manager [None req-315d6858-00e5-45af-b9b1-751224cea3ca None None] Subscribe: > router precommit_create 55549900, False {{(pid=103405) subscribe /opt/stack/data/venv/lib/python3.12/site-packages/neutron_lib/callbacks/manager.py:52}}
Jun 16 01:33:30.850474 np0000180627 devstack@neutron-api.service[103405]: DEBUG neutron_lib.callbacks.manager [None req-315d6858-00e5-45af-b9b1-751224cea3ca None None] Subscribe: > router_interface after_create 55550000, False {{(pid=103405) subscribe /opt/stack/data/venv/lib/python3.12/site-packages/neutron_lib/callbacks/manager.py:52}}
Jun 16 01:33:30.850581 np0000180627 devstack@neutron-api.service[103405]: DEBUG neutron_lib.callbacks.manager [None req-315d6858-00e5-45af-b9b1-751224cea3ca None None] Subscribe: > floatingip after_create 55550000, False {{(pid=103405) subscribe /opt/stack/data/venv/lib/python3.12/site-packages/neutron_lib/callbacks/manager.py:52}}
Jun 16 01:33:30.850686 np0000180627 devstack@neutron-api.service[103405]: DEBUG neutron_lib.callbacks.manager [None req-315d6858-00e5-45af-b9b1-751224cea3ca None None] Subscribe: > floatingip precommit_create 55550000, False {{(pid=103405) subscribe /opt/stack/data/venv/lib/python3.12/site-packages/neutron_lib/callbacks/manager.py:52}}
Jun 16 01:33:30.850808 np0000180627 devstack@neutron-api.service[103405]: DEBUG neutron_lib.callbacks.manager [None req-315d6858-00e5-45af-b9b1-751224cea3ca None None] Subscribe: > floatingip precommit_update 55550000, False {{(pid=103405) subscribe /opt/stack/data/venv/lib/python3.12/site-packages/neutron_lib/callbacks/manager.py:52}}
Jun 16 01:33:30.850930 np0000180627 devstack@neutron-api.service[103405]: DEBUG neutron_lib.callbacks.manager [None req-315d6858-00e5-45af-b9b1-751224cea3ca None None] Subscribe: > floatingip after_delete 55550000, False {{(pid=103405) subscribe /opt/stack/data/venv/lib/python3.12/site-packages/neutron_lib/callbacks/manager.py:52}}
Jun 16 01:33:30.851030 np0000180627 devstack@neutron-api.service[103405]: DEBUG neutron_lib.callbacks.manager [None req-315d6858-00e5-45af-b9b1-751224cea3ca None None] Subscribe: > floatingip after_status_update 55550000, False {{(pid=103405) subscribe /opt/stack/data/venv/lib/python3.12/site-packages/neutron_lib/callbacks/manager.py:52}}
Jun 16 01:33:30.851130 np0000180627 devstack@neutron-api.service[103405]: DEBUG neutron_lib.callbacks.manager [None req-315d6858-00e5-45af-b9b1-751224cea3ca None None] Subscribe: > floatingip after_update 55550000, False {{(pid=103405) subscribe /opt/stack/data/venv/lib/python3.12/site-packages/neutron_lib/callbacks/manager.py:52}}
Jun 16 01:33:30.851230 np0000180627 devstack@neutron-api.service[103405]: DEBUG neutron_lib.callbacks.manager [None req-315d6858-00e5-45af-b9b1-751224cea3ca None None] Subscribe: > port_forwarding after_create 55550000, False {{(pid=103405) subscribe /opt/stack/data/venv/lib/python3.12/site-packages/neutron_lib/callbacks/manager.py:52}}
Jun 16 01:33:30.851332 np0000180627 devstack@neutron-api.service[103405]: DEBUG neutron_lib.callbacks.manager [None req-315d6858-00e5-45af-b9b1-751224cea3ca None None] Subscribe: > router_interface after_delete 55550000, False {{(pid=103405) subscribe /opt/stack/data/venv/lib/python3.12/site-packages/neutron_lib/callbacks/manager.py:52}}
Jun 16 01:33:30.851432 np0000180627 devstack@neutron-api.service[103405]: DEBUG neutron_lib.callbacks.manager [None req-315d6858-00e5-45af-b9b1-751224cea3ca None None] Subscribe: > router after_create 55550000, False {{(pid=103405) subscribe /opt/stack/data/venv/lib/python3.12/site-packages/neutron_lib/callbacks/manager.py:52}}
Jun 16 01:33:30.851533 np0000180627 devstack@neutron-api.service[103405]: DEBUG neutron_lib.callbacks.manager [None req-315d6858-00e5-45af-b9b1-751224cea3ca None None] Subscribe: > router precommit_create 55550000, False {{(pid=103405) subscribe /opt/stack/data/venv/lib/python3.12/site-packages/neutron_lib/callbacks/manager.py:52}}
Jun 16 01:33:30.851632 np0000180627 devstack@neutron-api.service[103405]: DEBUG neutron_lib.callbacks.manager [None req-315d6858-00e5-45af-b9b1-751224cea3ca None None] Subscribe: > router after_delete 55550000, False {{(pid=103405) subscribe /opt/stack/data/venv/lib/python3.12/site-packages/neutron_lib/callbacks/manager.py:52}}
Jun 16 01:33:30.851752 np0000180627 devstack@neutron-api.service[103405]: DEBUG neutron_lib.callbacks.manager [None req-315d6858-00e5-45af-b9b1-751224cea3ca None None] Subscribe: > router after_update 55550000, False {{(pid=103405) subscribe /opt/stack/data/venv/lib/python3.12/site-packages/neutron_lib/callbacks/manager.py:52}}
Jun 16 01:33:30.852155 np0000180627 devstack@neutron-api.service[103405]: DEBUG neutron.services.service_base [None req-315d6858-00e5-45af-b9b1-751224cea3ca None None] Loaded 'neutron.services.ovn_l3.service_providers.ovn.OvnDriver' provider for service L3_ROUTER_NAT {{(pid=103405) load_drivers /opt/stack/neutron/neutron/services/service_base.py:49}}
Jun 16 01:33:30.852155 np0000180627 devstack@neutron-api.service[103405]: DEBUG neutron_lib.callbacks.manager [None req-315d6858-00e5-45af-b9b1-751224cea3ca None None] Subscribe: > process after_init 55550001, True {{(pid=103405) subscribe /opt/stack/data/venv/lib/python3.12/site-packages/neutron_lib/callbacks/manager.py:52}}
Jun 16 01:33:30.852155 np0000180627 devstack@neutron-api.service[103405]: DEBUG neutron.manager [None req-315d6858-00e5-45af-b9b1-751224cea3ca None None] Successfully loaded L3_ROUTER_NAT plugin. Description: L3 Router Service Plugin for basic L3 forwarding using OVN {{(pid=103405) _create_and_add_service_plugin /opt/stack/neutron/neutron/manager.py:239}}
Jun 16 01:33:30.852231 np0000180627 devstack@neutron-api.service[103405]: INFO neutron.manager [None req-315d6858-00e5-45af-b9b1-751224cea3ca None None] Loading Plugin: auto_allocate
Jun 16 01:33:30.853171 np0000180627 devstack@neutron-api.service[103405]: DEBUG neutron_lib.callbacks.manager [None req-315d6858-00e5-45af-b9b1-751224cea3ca None None] Subscribe: network precommit_update 55550000, False {{(pid=103405) subscribe /opt/stack/data/venv/lib/python3.12/site-packages/neutron_lib/callbacks/manager.py:52}}
Jun 16 01:33:30.853278 np0000180627 devstack@neutron-api.service[103405]: DEBUG neutron_lib.callbacks.manager [None req-315d6858-00e5-45af-b9b1-751224cea3ca None None] Subscribe: network precommit_create 55550000, False {{(pid=103405) subscribe /opt/stack/data/venv/lib/python3.12/site-packages/neutron_lib/callbacks/manager.py:52}}
Jun 16 01:33:30.853652 np0000180627 devstack@neutron-api.service[103405]: DEBUG neutron.manager [None req-315d6858-00e5-45af-b9b1-751224cea3ca None None] Successfully loaded auto-allocated-topology plugin. Description: Auto Allocated Topology - aka get me a network. {{(pid=103405) _create_and_add_service_plugin /opt/stack/neutron/neutron/manager.py:239}}
Jun 16 01:33:30.853748 np0000180627 devstack@neutron-api.service[103405]: INFO neutron.manager [None req-315d6858-00e5-45af-b9b1-751224cea3ca None None] Loading Plugin: tag
Jun 16 01:33:30.856515 np0000180627 devstack@neutron-api.service[103405]: DEBUG neutron.manager [None req-315d6858-00e5-45af-b9b1-751224cea3ca None None] Successfully loaded TAG plugin. Description: Tag support {{(pid=103405) _create_and_add_service_plugin /opt/stack/neutron/neutron/manager.py:239}}
Jun 16 01:33:30.856646 np0000180627 devstack@neutron-api.service[103405]: INFO neutron.manager [None req-315d6858-00e5-45af-b9b1-751224cea3ca None None] Loading Plugin: timestamp
Jun 16 01:33:30.859257 np0000180627 devstack@neutron-api.service[103405]: DEBUG neutron.manager [None req-315d6858-00e5-45af-b9b1-751224cea3ca None None] Successfully loaded timestamp plugin. Description: Adds timestamps to Neutron resources with standard attributes {{(pid=103405) _create_and_add_service_plugin /opt/stack/neutron/neutron/manager.py:239}}
Jun 16 01:33:30.859257 np0000180627 devstack@neutron-api.service[103405]: INFO neutron.manager [None req-315d6858-00e5-45af-b9b1-751224cea3ca None None] Loading Plugin: network_ip_availability
Jun 16 01:33:30.859756 np0000180627 devstack@neutron-api.service[103402]: DEBUG neutron_lib.callbacks.manager [None req-4c2df1f2-3cb2-4d5e-a0ae-a80decdf0b8b None None] Subscribe: > router before_delete 55550000, False {{(pid=103402) subscribe /opt/stack/data/venv/lib/python3.12/site-packages/neutron_lib/callbacks/manager.py:52}}
Jun 16 01:33:30.859756 np0000180627 devstack@neutron-api.service[103402]: DEBUG neutron_lib.callbacks.manager [None req-4c2df1f2-3cb2-4d5e-a0ae-a80decdf0b8b None None] Subscribe: port before_update 55550000, False {{(pid=103402) subscribe /opt/stack/data/venv/lib/python3.12/site-packages/neutron_lib/callbacks/manager.py:52}}
Jun 16 01:33:30.859756 np0000180627 devstack@neutron-api.service[103402]: DEBUG neutron_lib.callbacks.manager [None req-4c2df1f2-3cb2-4d5e-a0ae-a80decdf0b8b None None] Subscribe: port after_update 55550000, False {{(pid=103402) subscribe /opt/stack/data/venv/lib/python3.12/site-packages/neutron_lib/callbacks/manager.py:52}}
Jun 16 01:33:30.859756 np0000180627 devstack@neutron-api.service[103402]: DEBUG neutron_lib.callbacks.manager [None req-4c2df1f2-3cb2-4d5e-a0ae-a80decdf0b8b None None] Subscribe: > port precommit_delete 55550000, False {{(pid=103402) subscribe /opt/stack/data/venv/lib/python3.12/site-packages/neutron_lib/callbacks/manager.py:52}}
Jun 16 01:33:30.859756 np0000180627 devstack@neutron-api.service[103402]: DEBUG neutron_lib.callbacks.manager [None req-4c2df1f2-3cb2-4d5e-a0ae-a80decdf0b8b None None] Subscribe: port before_update 55550000, False {{(pid=103402) subscribe /opt/stack/data/venv/lib/python3.12/site-packages/neutron_lib/callbacks/manager.py:52}}
Jun 16 01:33:30.860072 np0000180627 devstack@neutron-api.service[103402]: DEBUG neutron_lib.callbacks.manager [None req-4c2df1f2-3cb2-4d5e-a0ae-a80decdf0b8b None None] Subscribe: port before_delete 55550000, False {{(pid=103402) subscribe /opt/stack/data/venv/lib/python3.12/site-packages/neutron_lib/callbacks/manager.py:52}}
Jun 16 01:33:30.860072 np0000180627 devstack@neutron-api.service[103402]: DEBUG neutron_lib.callbacks.manager [None req-4c2df1f2-3cb2-4d5e-a0ae-a80decdf0b8b None None] Subscribe: > router precommit_create 55550000, False {{(pid=103402) subscribe /opt/stack/data/venv/lib/python3.12/site-packages/neutron_lib/callbacks/manager.py:52}}
Jun 16 01:33:30.860072 np0000180627 devstack@neutron-api.service[103402]: DEBUG neutron_lib.callbacks.manager [None req-4c2df1f2-3cb2-4d5e-a0ae-a80decdf0b8b None None] Subscribe: > router precommit_create 55550000, False {{(pid=103402) subscribe /opt/stack/data/venv/lib/python3.12/site-packages/neutron_lib/callbacks/manager.py:52}}
Jun 16 01:33:30.860072 np0000180627 devstack@neutron-api.service[103402]: DEBUG neutron_lib.callbacks.manager [None req-4c2df1f2-3cb2-4d5e-a0ae-a80decdf0b8b None None] Subscribe: > router precommit_update 55550000, False {{(pid=103402) subscribe /opt/stack/data/venv/lib/python3.12/site-packages/neutron_lib/callbacks/manager.py:52}}
Jun 16 01:33:30.860166 np0000180627 devstack@neutron-api.service[103402]: DEBUG neutron_lib.callbacks.manager [None req-4c2df1f2-3cb2-4d5e-a0ae-a80decdf0b8b None None] Subscribe: subnet after_update 55550000, False {{(pid=103402) subscribe /opt/stack/data/venv/lib/python3.12/site-packages/neutron_lib/callbacks/manager.py:52}}
Jun 16 01:33:30.860166 np0000180627 devstack@neutron-api.service[103402]: DEBUG neutron.quota.resource_registry [None req-4c2df1f2-3cb2-4d5e-a0ae-a80decdf0b8b None None] Tracking information for resource: router configured {{(pid=103402) set_tracked_resource /opt/stack/neutron/neutron/quota/resource_registry.py:203}}
Jun 16 01:33:30.860166 np0000180627 devstack@neutron-api.service[103402]: DEBUG neutron.quota.resource_registry [None req-4c2df1f2-3cb2-4d5e-a0ae-a80decdf0b8b None None] Tracking information for resource: floatingip configured {{(pid=103402) set_tracked_resource /opt/stack/neutron/neutron/quota/resource_registry.py:203}}
Jun 16 01:33:30.860166 np0000180627 devstack@neutron-api.service[103402]: INFO neutron.services.ovn_l3.plugin [None req-4c2df1f2-3cb2-4d5e-a0ae-a80decdf0b8b None None] Starting OVNL3RouterPlugin
Jun 16 01:33:30.860323 np0000180627 devstack@neutron-api.service[103405]: DEBUG neutron.manager [None req-315d6858-00e5-45af-b9b1-751224cea3ca None None] Successfully loaded network-ip-availability plugin. Description: Provides IP availability data for each network and subnet. {{(pid=103405) _create_and_add_service_plugin /opt/stack/neutron/neutron/manager.py:239}}
Jun 16 01:33:30.860323 np0000180627 devstack@neutron-api.service[103405]: INFO neutron.manager [None req-315d6858-00e5-45af-b9b1-751224cea3ca None None] Loading Plugin: flavors
Jun 16 01:33:30.860432 np0000180627 devstack@neutron-api.service[103402]: DEBUG neutron_lib.callbacks.manager [None req-4c2df1f2-3cb2-4d5e-a0ae-a80decdf0b8b None None] Subscribe: > port_forwarding_plugin after_init 55550000, False {{(pid=103402) subscribe /opt/stack/data/venv/lib/python3.12/site-packages/neutron_lib/callbacks/manager.py:52}}
Jun 16 01:33:30.860432 np0000180627 devstack@neutron-api.service[103402]: DEBUG neutron_lib.callbacks.manager [None req-4c2df1f2-3cb2-4d5e-a0ae-a80decdf0b8b None None] Subscribe: > router before_create 55550100, False {{(pid=103402) subscribe /opt/stack/data/venv/lib/python3.12/site-packages/neutron_lib/callbacks/manager.py:52}}
Jun 16 01:33:30.860432 np0000180627 devstack@neutron-api.service[103402]: DEBUG neutron_lib.callbacks.manager [None req-4c2df1f2-3cb2-4d5e-a0ae-a80decdf0b8b None None] Subscribe: > router precommit_delete 55550100, False {{(pid=103402) subscribe /opt/stack/data/venv/lib/python3.12/site-packages/neutron_lib/callbacks/manager.py:52}}
Jun 16 01:33:30.860432 np0000180627 devstack@neutron-api.service[103402]: DEBUG neutron_lib.callbacks.manager [None req-4c2df1f2-3cb2-4d5e-a0ae-a80decdf0b8b None None] Subscribe: > router precommit_create 55550100, False {{(pid=103402) subscribe /opt/stack/data/venv/lib/python3.12/site-packages/neutron_lib/callbacks/manager.py:52}}
Jun 16 01:33:30.860579 np0000180627 devstack@neutron-api.service[103402]: DEBUG neutron_lib.callbacks.manager [None req-4c2df1f2-3cb2-4d5e-a0ae-a80decdf0b8b None None] Subscribe: > router precommit_update 55550100, False {{(pid=103402) subscribe /opt/stack/data/venv/lib/python3.12/site-packages/neutron_lib/callbacks/manager.py:52}}
Jun 16 01:33:30.860633 np0000180627 devstack@neutron-api.service[103405]: DEBUG neutron.manager [None req-315d6858-00e5-45af-b9b1-751224cea3ca None None] Successfully loaded FLAVORS plugin. Description: Neutron Flavors and Service Profiles manager plugin {{(pid=103405) _create_and_add_service_plugin /opt/stack/neutron/neutron/manager.py:239}}
Jun 16 01:33:30.860633 np0000180627 devstack@neutron-api.service[103405]: INFO neutron.manager [None req-315d6858-00e5-45af-b9b1-751224cea3ca None None] Loading Plugin: revisions
Jun 16 01:33:30.861369 np0000180627 devstack@neutron-api.service[103404]: DEBUG neutron.common.ovn.hash_ring_manager [-] Hash Ring loaded. 1 active nodes. 0 offline nodes {{(pid=103404) _load_hash_ring /opt/stack/neutron/neutron/common/ovn/hash_ring_manager.py:102}}
Jun 16 01:33:30.861640 np0000180627 devstack@neutron-api.service[103404]: DEBUG neutron.plugins.ml2.drivers.ovn.mech_driver.ovsdb.ovsdb_monitor [-] Hash Ring: Node 263131f0d7b0566bb4e4ea3f10a5ba49 (host: np0000180627) handling event "update" for row 03352a7d-cbb4-4d44-b657-144579b7f2b3 (table: Connection) {{(pid=103404) notify /opt/stack/neutron/neutron/plugins/ml2/drivers/ovn/mech_driver/ovsdb/ovsdb_monitor.py:1015}}
Jun 16 01:33:30.861787 np0000180627 devstack@neutron-api.service[103405]: DEBUG neutron.manager [None req-315d6858-00e5-45af-b9b1-751224cea3ca None None] Successfully loaded revision_plugin plugin. Description: Adds revision numbers to resources. {{(pid=103405) _create_and_add_service_plugin /opt/stack/neutron/neutron/manager.py:239}}
Jun 16 01:33:30.861787 np0000180627 devstack@neutron-api.service[103405]: DEBUG oslo_concurrency.lockutils [None req-315d6858-00e5-45af-b9b1-751224cea3ca None None] Lock "manager" "released" by "neutron.manager.NeutronManager._create_instance" :: held 4.636s {{(pid=103405) inner /opt/stack/data/venv/lib/python3.12/site-packages/oslo_concurrency/lockutils.py:543}}
Jun 16 01:33:30.861985 np0000180627 devstack@neutron-api.service[103405]: DEBUG neutron.api.extensions [None req-315d6858-00e5-45af-b9b1-751224cea3ca None None] get_extension_paths = OrderedDict({'/opt/stack/neutron/neutron/extensions': 1}) {{(pid=103405) get_extensions_path /opt/stack/neutron/neutron/api/extensions.py:640}}
Jun 16 01:33:30.861985 np0000180627 devstack@neutron-api.service[103405]: INFO neutron.api.extensions [None req-315d6858-00e5-45af-b9b1-751224cea3ca None None] Initializing extension manager.
Jun 16 01:33:30.862200 np0000180627 devstack@neutron-api.service[103405]: DEBUG neutron.api.extensions [None req-315d6858-00e5-45af-b9b1-751224cea3ca None None] Loading extension file: __init__.py {{(pid=103405) _load_all_extensions_from_path /opt/stack/neutron/neutron/api/extensions.py:449}}
Jun 16 01:33:30.862347 np0000180627 devstack@neutron-api.service[103405]: DEBUG neutron.api.extensions [None req-315d6858-00e5-45af-b9b1-751224cea3ca None None] Loading extension file: __pycache__ {{(pid=103405) _load_all_extensions_from_path /opt/stack/neutron/neutron/api/extensions.py:449}}
Jun 16 01:33:30.862472 np0000180627 devstack@neutron-api.service[103405]: DEBUG neutron.api.extensions [None req-315d6858-00e5-45af-b9b1-751224cea3ca None None] Loading extension file: aap_reject_multicast.py {{(pid=103405) _load_all_extensions_from_path /opt/stack/neutron/neutron/api/extensions.py:449}}
Jun 16 01:33:30.863415 np0000180627 devstack@neutron-api.service[103405]: DEBUG neutron.api.extensions [None req-315d6858-00e5-45af-b9b1-751224cea3ca None None] Ext name="Allowed address pairs reject multicast extension" alias="aap-reject-multicast" description="Reject multicast addresses in Allowed Address Pairs" updated="2026-04-01T00:00:00-00:00" {{(pid=103405) _check_extension /opt/stack/neutron/neutron/api/extensions.py:415}}
Jun 16 01:33:30.863415 np0000180627 devstack@neutron-api.service[103405]: INFO neutron.api.extensions [None req-315d6858-00e5-45af-b9b1-751224cea3ca None None] Extension aap-reject-multicast not supported by any of loaded plugins
Jun 16 01:33:30.863415 np0000180627 devstack@neutron-api.service[103405]: DEBUG neutron.api.extensions [None req-315d6858-00e5-45af-b9b1-751224cea3ca None None] Loading extension file: address_group.py {{(pid=103405) _load_all_extensions_from_path /opt/stack/neutron/neutron/api/extensions.py:449}}
Jun 16 01:33:30.863415 np0000180627 devstack@neutron-api.service[103405]: DEBUG neutron.api.extensions [None req-315d6858-00e5-45af-b9b1-751224cea3ca None None] Ext name="Address group" alias="address-group" description="Support address group" updated="2020-07-15T10:00:00-00:00" {{(pid=103405) _check_extension /opt/stack/neutron/neutron/api/extensions.py:415}}
Jun 16 01:33:30.863712 np0000180627 devstack@neutron-api.service[103405]: INFO neutron.api.extensions [None req-315d6858-00e5-45af-b9b1-751224cea3ca None None] Loaded extension: address-group
Jun 16 01:33:30.863712 np0000180627 devstack@neutron-api.service[103405]: DEBUG neutron.api.extensions [None req-315d6858-00e5-45af-b9b1-751224cea3ca None None] Loading extension file: address_scope.py {{(pid=103405) _load_all_extensions_from_path /opt/stack/neutron/neutron/api/extensions.py:449}}
Jun 16 01:33:30.863774 np0000180627 devstack@neutron-api.service[103402]: DEBUG neutron.services.provider_configuration [None req-4c2df1f2-3cb2-4d5e-a0ae-a80decdf0b8b None None] Service providers = [] {{(pid=103402) parse_service_provider_opt /opt/stack/neutron/neutron/services/provider_configuration.py:170}}
Jun 16 01:33:30.863833 np0000180627 devstack@neutron-api.service[103402]: DEBUG neutron.db.servicetype_db [None req-4c2df1f2-3cb2-4d5e-a0ae-a80decdf0b8b None None] Adding provider configuration for service L3_ROUTER_NAT {{(pid=103402) add_provider_configuration /opt/stack/neutron/neutron/db/servicetype_db.py:45}}
Jun 16 01:33:30.863971 np0000180627 devstack@neutron-api.service[103405]: DEBUG neutron.api.extensions [None req-315d6858-00e5-45af-b9b1-751224cea3ca None None] Ext name="Address scope" alias="address-scope" description="Address scopes extension." updated="2015-07-26T10:00:00-00:00" {{(pid=103405) _check_extension /opt/stack/neutron/neutron/api/extensions.py:415}}
Jun 16 01:33:30.864145 np0000180627 devstack@neutron-api.service[103405]: INFO neutron.api.extensions [None req-315d6858-00e5-45af-b9b1-751224cea3ca None None] Loaded extension: address-scope
Jun 16 01:33:30.864235 np0000180627 devstack@neutron-api.service[103405]: DEBUG neutron.api.extensions [None req-315d6858-00e5-45af-b9b1-751224cea3ca None None] Loading extension file: admin_state_down_before_update.py {{(pid=103405) _load_all_extensions_from_path /opt/stack/neutron/neutron/api/extensions.py:449}}
Jun 16 01:33:30.864468 np0000180627 devstack@neutron-api.service[103405]: DEBUG neutron.api.extensions [None req-315d6858-00e5-45af-b9b1-751224cea3ca None None] Ext name="Enforce Router's Admin State Down Before Update Extension" alias="router-admin-state-down-before-update" description="Ensure that the admin state of a router is DOWN (admin_state_up=False) before updating the distributed attribute" updated="2019-07-02T15:56:00" {{(pid=103405) _check_extension /opt/stack/neutron/neutron/api/extensions.py:415}}
Jun 16 01:33:30.864650 np0000180627 devstack@neutron-api.service[103405]: INFO neutron.api.extensions [None req-315d6858-00e5-45af-b9b1-751224cea3ca None None] Extension router-admin-state-down-before-update not supported by any of loaded plugins
Jun 16 01:33:30.864722 np0000180627 devstack@neutron-api.service[103405]: DEBUG neutron.api.extensions [None req-315d6858-00e5-45af-b9b1-751224cea3ca None None] Loading extension file: agent.py {{(pid=103405) _load_all_extensions_from_path /opt/stack/neutron/neutron/api/extensions.py:449}}
Jun 16 01:33:30.865009 np0000180627 devstack@neutron-api.service[103405]: DEBUG neutron.api.extensions [None req-315d6858-00e5-45af-b9b1-751224cea3ca None None] Ext name="agent" alias="agent" description="The agent management extension." updated="2013-02-03T10:00:00-00:00" {{(pid=103405) _check_extension /opt/stack/neutron/neutron/api/extensions.py:415}}
Jun 16 01:33:30.865040 np0000180627 devstack@neutron-api.service[103402]: DEBUG neutron_lib.callbacks.manager [None req-4c2df1f2-3cb2-4d5e-a0ae-a80decdf0b8b None None] Subscribe: > router precommit_create 55549900, False {{(pid=103402) subscribe /opt/stack/data/venv/lib/python3.12/site-packages/neutron_lib/callbacks/manager.py:52}}
Jun 16 01:33:30.865135 np0000180627 devstack@neutron-api.service[103402]: DEBUG neutron_lib.callbacks.manager [None req-4c2df1f2-3cb2-4d5e-a0ae-a80decdf0b8b None None] Subscribe: > router_interface after_create 55550000, False {{(pid=103402) subscribe /opt/stack/data/venv/lib/python3.12/site-packages/neutron_lib/callbacks/manager.py:52}}
Jun 16 01:33:30.865191 np0000180627 devstack@neutron-api.service[103405]: INFO neutron.api.extensions [None req-315d6858-00e5-45af-b9b1-751224cea3ca None None] Loaded extension: agent
Jun 16 01:33:30.865241 np0000180627 devstack@neutron-api.service[103402]: DEBUG neutron_lib.callbacks.manager [None req-4c2df1f2-3cb2-4d5e-a0ae-a80decdf0b8b None None] Subscribe: > floatingip after_create 55550000, False {{(pid=103402) subscribe /opt/stack/data/venv/lib/python3.12/site-packages/neutron_lib/callbacks/manager.py:52}}
Jun 16 01:33:30.865306 np0000180627 devstack@neutron-api.service[103405]: DEBUG neutron.api.extensions [None req-315d6858-00e5-45af-b9b1-751224cea3ca None None] Loading extension file: agent_resources_synced.py {{(pid=103405) _load_all_extensions_from_path /opt/stack/neutron/neutron/api/extensions.py:449}}
Jun 16 01:33:30.865450 np0000180627 devstack@neutron-api.service[103402]: DEBUG neutron_lib.callbacks.manager [None req-4c2df1f2-3cb2-4d5e-a0ae-a80decdf0b8b None None] Subscribe: > floatingip precommit_create 55550000, False {{(pid=103402) subscribe /opt/stack/data/venv/lib/python3.12/site-packages/neutron_lib/callbacks/manager.py:52}}
Jun 16 01:33:30.865450 np0000180627 devstack@neutron-api.service[103402]: DEBUG neutron_lib.callbacks.manager [None req-4c2df1f2-3cb2-4d5e-a0ae-a80decdf0b8b None None] Subscribe: > floatingip precommit_update 55550000, False {{(pid=103402) subscribe /opt/stack/data/venv/lib/python3.12/site-packages/neutron_lib/callbacks/manager.py:52}}
Jun 16 01:33:30.865506 np0000180627 devstack@neutron-api.service[103405]: DEBUG neutron.api.extensions [None req-315d6858-00e5-45af-b9b1-751224cea3ca None None] Ext name="Agent's Resource View Synced to Placement" alias="agent-resources-synced" description="Stores success/failure of last sync to Placement" updated="2018-12-19T00:00:00-00:00" {{(pid=103405) _check_extension /opt/stack/neutron/neutron/api/extensions.py:415}}
Jun 16 01:33:30.865560 np0000180627 devstack@neutron-api.service[103402]: DEBUG neutron_lib.callbacks.manager [None req-4c2df1f2-3cb2-4d5e-a0ae-a80decdf0b8b None None] Subscribe: > floatingip after_delete 55550000, False {{(pid=103402) subscribe /opt/stack/data/venv/lib/python3.12/site-packages/neutron_lib/callbacks/manager.py:52}}
Jun 16 01:33:30.865637 np0000180627 devstack@neutron-api.service[103402]: DEBUG neutron_lib.callbacks.manager [None req-4c2df1f2-3cb2-4d5e-a0ae-a80decdf0b8b None None] Subscribe: > floatingip after_status_update 55550000, False {{(pid=103402) subscribe /opt/stack/data/venv/lib/python3.12/site-packages/neutron_lib/callbacks/manager.py:52}}
Jun 16 01:33:30.865667 np0000180627 devstack@neutron-api.service[103405]: INFO neutron.api.extensions [None req-315d6858-00e5-45af-b9b1-751224cea3ca None None] Extension agent-resources-synced not supported by any of loaded plugins
Jun 16 01:33:30.865735 np0000180627 devstack@neutron-api.service[103402]: DEBUG neutron_lib.callbacks.manager [None req-4c2df1f2-3cb2-4d5e-a0ae-a80decdf0b8b None None] Subscribe: > floatingip after_update 55550000, False {{(pid=103402) subscribe /opt/stack/data/venv/lib/python3.12/site-packages/neutron_lib/callbacks/manager.py:52}}
Jun 16 01:33:30.865762 np0000180627 devstack@neutron-api.service[103405]: DEBUG neutron.api.extensions [None req-315d6858-00e5-45af-b9b1-751224cea3ca None None] Loading extension file: agent_sort_key.py {{(pid=103405) _load_all_extensions_from_path /opt/stack/neutron/neutron/api/extensions.py:449}}
Jun 16 01:33:30.865840 np0000180627 devstack@neutron-api.service[103402]: DEBUG neutron_lib.callbacks.manager [None req-4c2df1f2-3cb2-4d5e-a0ae-a80decdf0b8b None None] Subscribe: > port_forwarding after_create 55550000, False {{(pid=103402) subscribe /opt/stack/data/venv/lib/python3.12/site-packages/neutron_lib/callbacks/manager.py:52}}
Jun 16 01:33:30.865961 np0000180627 devstack@neutron-api.service[103402]: DEBUG neutron_lib.callbacks.manager [None req-4c2df1f2-3cb2-4d5e-a0ae-a80decdf0b8b None None] Subscribe: > router_interface after_delete 55550000, False {{(pid=103402) subscribe /opt/stack/data/venv/lib/python3.12/site-packages/neutron_lib/callbacks/manager.py:52}}
Jun 16 01:33:30.865988 np0000180627 devstack@neutron-api.service[103405]: DEBUG neutron.api.extensions [None req-315d6858-00e5-45af-b9b1-751224cea3ca None None] Ext name="Agents Sort Key" alias="agent_sort_key" description="Enabling the keyword sort_key for sorting in agents." updated="2013-02-03T10:00:00-00:00" {{(pid=103405) _check_extension /opt/stack/neutron/neutron/api/extensions.py:415}}
Jun 16 01:33:30.866052 np0000180627 devstack@neutron-api.service[103402]: DEBUG neutron_lib.callbacks.manager [None req-4c2df1f2-3cb2-4d5e-a0ae-a80decdf0b8b None None] Subscribe: > router after_create 55550000, False {{(pid=103402) subscribe /opt/stack/data/venv/lib/python3.12/site-packages/neutron_lib/callbacks/manager.py:52}}
Jun 16 01:33:30.866162 np0000180627 devstack@neutron-api.service[103405]: INFO neutron.api.extensions [None req-315d6858-00e5-45af-b9b1-751224cea3ca None None] Extension agent_sort_key not supported by any of loaded plugins
Jun 16 01:33:30.866216 np0000180627 devstack@neutron-api.service[103402]: DEBUG neutron_lib.callbacks.manager [None req-4c2df1f2-3cb2-4d5e-a0ae-a80decdf0b8b None None] Subscribe: > router precommit_create 55550000, False {{(pid=103402) subscribe /opt/stack/data/venv/lib/python3.12/site-packages/neutron_lib/callbacks/manager.py:52}}
Jun 16 01:33:30.866276 np0000180627 devstack@neutron-api.service[103405]: DEBUG neutron.api.extensions [None req-315d6858-00e5-45af-b9b1-751224cea3ca None None] Loading extension file: allowedaddresspairs.py {{(pid=103405) _load_all_extensions_from_path /opt/stack/neutron/neutron/api/extensions.py:449}}
Jun 16 01:33:30.866333 np0000180627 devstack@neutron-api.service[103402]: DEBUG neutron_lib.callbacks.manager [None req-4c2df1f2-3cb2-4d5e-a0ae-a80decdf0b8b None None] Subscribe: > router after_delete 55550000, False {{(pid=103402) subscribe /opt/stack/data/venv/lib/python3.12/site-packages/neutron_lib/callbacks/manager.py:52}}
Jun 16 01:33:30.866333 np0000180627 devstack@neutron-api.service[103402]: DEBUG neutron_lib.callbacks.manager [None req-4c2df1f2-3cb2-4d5e-a0ae-a80decdf0b8b None None] Subscribe: > router after_update 55550000, False {{(pid=103402) subscribe /opt/stack/data/venv/lib/python3.12/site-packages/neutron_lib/callbacks/manager.py:52}}
Jun 16 01:33:30.866461 np0000180627 devstack@neutron-api.service[103402]: DEBUG neutron.services.service_base [None req-4c2df1f2-3cb2-4d5e-a0ae-a80decdf0b8b None None] Loaded 'neutron.services.ovn_l3.service_providers.ovn.OvnDriver' provider for service L3_ROUTER_NAT {{(pid=103402) load_drivers /opt/stack/neutron/neutron/services/service_base.py:49}}
Jun 16 01:33:30.866557 np0000180627 devstack@neutron-api.service[103402]: DEBUG neutron_lib.callbacks.manager [None req-4c2df1f2-3cb2-4d5e-a0ae-a80decdf0b8b None None] Subscribe: > process after_init 55550001, True {{(pid=103402) subscribe /opt/stack/data/venv/lib/python3.12/site-packages/neutron_lib/callbacks/manager.py:52}}
Jun 16 01:33:30.866677 np0000180627 devstack@neutron-api.service[103402]: DEBUG neutron.manager [None req-4c2df1f2-3cb2-4d5e-a0ae-a80decdf0b8b None None] Successfully loaded L3_ROUTER_NAT plugin. Description: L3 Router Service Plugin for basic L3 forwarding using OVN {{(pid=103402) _create_and_add_service_plugin /opt/stack/neutron/neutron/manager.py:239}}
Jun 16 01:33:30.866768 np0000180627 devstack@neutron-api.service[103402]: INFO neutron.manager [None req-4c2df1f2-3cb2-4d5e-a0ae-a80decdf0b8b None None] Loading Plugin: auto_allocate
Jun 16 01:33:30.867003 np0000180627 devstack@neutron-api.service[103405]: DEBUG neutron.api.extensions [None req-315d6858-00e5-45af-b9b1-751224cea3ca None None] Ext name="Allowed Address Pairs" alias="allowed-address-pairs" description="Provides allowed address pairs" updated="2013-07-23T10:00:00-00:00" {{(pid=103405) _check_extension /opt/stack/neutron/neutron/api/extensions.py:415}}
Jun 16 01:33:30.867268 np0000180627 devstack@neutron-api.service[103405]: INFO neutron.api.extensions [None req-315d6858-00e5-45af-b9b1-751224cea3ca None None] Loaded extension: allowed-address-pairs
Jun 16 01:33:30.867372 np0000180627 devstack@neutron-api.service[103405]: DEBUG neutron.api.extensions [None req-315d6858-00e5-45af-b9b1-751224cea3ca None None] Loading extension file: auto_allocated_topology.py {{(pid=103405) _load_all_extensions_from_path /opt/stack/neutron/neutron/api/extensions.py:449}}
Jun 16 01:33:30.867765 np0000180627 devstack@neutron-api.service[103405]: DEBUG neutron.api.extensions [None req-315d6858-00e5-45af-b9b1-751224cea3ca None None] Ext name="Auto Allocated Topology Services" alias="auto-allocated-topology" description="Auto Allocated Topology Services." updated="2016-01-01T00:00:00-00:00" {{(pid=103405) _check_extension /opt/stack/neutron/neutron/api/extensions.py:415}}
Jun 16 01:33:30.867884 np0000180627 devstack@neutron-api.service[103402]: DEBUG neutron_lib.callbacks.manager [None req-4c2df1f2-3cb2-4d5e-a0ae-a80decdf0b8b None None] Subscribe: network precommit_update 55550000, False {{(pid=103402) subscribe /opt/stack/data/venv/lib/python3.12/site-packages/neutron_lib/callbacks/manager.py:52}}
Jun 16 01:33:30.867929 np0000180627 devstack@neutron-api.service[103405]: INFO neutron.api.extensions [None req-315d6858-00e5-45af-b9b1-751224cea3ca None None] Loaded extension: auto-allocated-topology
Jun 16 01:33:30.868019 np0000180627 devstack@neutron-api.service[103402]: DEBUG neutron_lib.callbacks.manager [None req-4c2df1f2-3cb2-4d5e-a0ae-a80decdf0b8b None None] Subscribe: network precommit_create 55550000, False {{(pid=103402) subscribe /opt/stack/data/venv/lib/python3.12/site-packages/neutron_lib/callbacks/manager.py:52}}
Jun 16 01:33:30.868080 np0000180627 devstack@neutron-api.service[103405]: DEBUG neutron.api.extensions [None req-315d6858-00e5-45af-b9b1-751224cea3ca None None] Loading extension file: availability_zone.py {{(pid=103405) _load_all_extensions_from_path /opt/stack/neutron/neutron/api/extensions.py:449}}
Jun 16 01:33:30.868238 np0000180627 devstack@neutron-api.service[103402]: DEBUG neutron.manager [None req-4c2df1f2-3cb2-4d5e-a0ae-a80decdf0b8b None None] Successfully loaded auto-allocated-topology plugin. Description: Auto Allocated Topology - aka get me a network. {{(pid=103402) _create_and_add_service_plugin /opt/stack/neutron/neutron/manager.py:239}}
Jun 16 01:33:30.868328 np0000180627 devstack@neutron-api.service[103402]: INFO neutron.manager [None req-4c2df1f2-3cb2-4d5e-a0ae-a80decdf0b8b None None] Loading Plugin: tag
Jun 16 01:33:30.868816 np0000180627 devstack@neutron-api.service[103405]: DEBUG neutron.api.extensions [None req-315d6858-00e5-45af-b9b1-751224cea3ca None None] Ext name="Availability Zone" alias="availability_zone" description="The availability zone extension." updated="2015-01-01T10:00:00-00:00" {{(pid=103405) _check_extension /opt/stack/neutron/neutron/api/extensions.py:415}}
Jun 16 01:33:30.869143 np0000180627 devstack@neutron-api.service[103405]: INFO neutron.api.extensions [None req-315d6858-00e5-45af-b9b1-751224cea3ca None None] Loaded extension: availability_zone
Jun 16 01:33:30.869287 np0000180627 devstack@neutron-api.service[103405]: DEBUG neutron.api.extensions [None req-315d6858-00e5-45af-b9b1-751224cea3ca None None] Loading extension file: availability_zone_filter.py {{(pid=103405) _load_all_extensions_from_path /opt/stack/neutron/neutron/api/extensions.py:449}}
Jun 16 01:33:30.869451 np0000180627 devstack@neutron-api.service[103405]: DEBUG neutron.api.extensions [None req-315d6858-00e5-45af-b9b1-751224cea3ca None None] Ext name="Availability Zone Filter Extension" alias="availability_zone_filter" description="Add filter parameters to AvailabilityZone resource" updated="2018-06-22T10:00:00-00:00" {{(pid=103405) _check_extension /opt/stack/neutron/neutron/api/extensions.py:415}}
Jun 16 01:33:30.869665 np0000180627 devstack@neutron-api.service[103405]: INFO neutron.api.extensions [None req-315d6858-00e5-45af-b9b1-751224cea3ca None None] Extension availability_zone_filter not supported by any of loaded plugins
Jun 16 01:33:30.869665 np0000180627 devstack@neutron-api.service[103405]: DEBUG neutron.api.extensions [None req-315d6858-00e5-45af-b9b1-751224cea3ca None None] Loading extension file: data_plane_status.py {{(pid=103405) _load_all_extensions_from_path /opt/stack/neutron/neutron/api/extensions.py:449}}
Jun 16 01:33:30.869935 np0000180627 devstack@neutron-api.service[103405]: DEBUG neutron.api.extensions [None req-315d6858-00e5-45af-b9b1-751224cea3ca None None] Ext name="Port data plane status extension" alias="data-plane-status" description="Expose status of underlying data plane" updated="2017-01-24T10:00:00-00:00" {{(pid=103405) _check_extension /opt/stack/neutron/neutron/api/extensions.py:415}}
Jun 16 01:33:30.870149 np0000180627 devstack@neutron-api.service[103405]: INFO neutron.api.extensions [None req-315d6858-00e5-45af-b9b1-751224cea3ca None None] Extension data-plane-status not supported by any of loaded plugins
Jun 16 01:33:30.870149 np0000180627 devstack@neutron-api.service[103405]: DEBUG neutron.api.extensions [None req-315d6858-00e5-45af-b9b1-751224cea3ca None None] Loading extension file: default_subnetpools.py {{(pid=103405) _load_all_extensions_from_path /opt/stack/neutron/neutron/api/extensions.py:449}}
Jun 16 01:33:30.870472 np0000180627 devstack@neutron-api.service[103405]: DEBUG neutron.api.extensions [None req-315d6858-00e5-45af-b9b1-751224cea3ca None None] Ext name="Default Subnetpools" alias="default-subnetpools" description="Provides ability to mark and use a subnetpool as the default." updated="2016-02-18T18:00:00-00:00" {{(pid=103405) _check_extension /opt/stack/neutron/neutron/api/extensions.py:415}}
Jun 16 01:33:30.870585 np0000180627 devstack@neutron-api.service[103405]: INFO neutron.api.extensions [None req-315d6858-00e5-45af-b9b1-751224cea3ca None None] Loaded extension: default-subnetpools
Jun 16 01:33:30.870665 np0000180627 devstack@neutron-api.service[103405]: DEBUG neutron.api.extensions [None req-315d6858-00e5-45af-b9b1-751224cea3ca None None] Loading extension file: dhcpagentscheduler.py {{(pid=103405) _load_all_extensions_from_path /opt/stack/neutron/neutron/api/extensions.py:449}}
