Feb 17 22:39:40.353469 np0000156235 devstack@neutron-api.service[103260]: DEBUG neutron_lib.callbacks.manager [None req-1abe4cc2-ee41-4aaa-82b0-c8d8c696f266 None None] Subscribe: > router precommit_create 55550000, False {{(pid=103260) subscribe /opt/stack/data/venv/lib/python3.12/site-packages/neutron_lib/callbacks/manager.py:52}}
Feb 17 22:39:40.353524 np0000156235 devstack@neutron-api.service[103260]: DEBUG neutron_lib.callbacks.manager [None req-1abe4cc2-ee41-4aaa-82b0-c8d8c696f266 None None] Subscribe: > router after_delete 55550000, False {{(pid=103260) subscribe /opt/stack/data/venv/lib/python3.12/site-packages/neutron_lib/callbacks/manager.py:52}}
Feb 17 22:39:40.353605 np0000156235 devstack@neutron-api.service[103260]: DEBUG neutron_lib.callbacks.manager [None req-1abe4cc2-ee41-4aaa-82b0-c8d8c696f266 None None] Subscribe: > router after_update 55550000, False {{(pid=103260) subscribe /opt/stack/data/venv/lib/python3.12/site-packages/neutron_lib/callbacks/manager.py:52}}
Feb 17 22:39:40.353713 np0000156235 devstack@neutron-api.service[103260]: DEBUG neutron.services.service_base [None req-1abe4cc2-ee41-4aaa-82b0-c8d8c696f266 None None] Loaded 'neutron.services.ovn_l3.service_providers.ovn.OvnDriver' provider for service L3_ROUTER_NAT {{(pid=103260) load_drivers /opt/stack/neutron/neutron/services/service_base.py:49}}
Feb 17 22:39:40.353839 np0000156235 devstack@neutron-api.service[103260]: DEBUG neutron_lib.callbacks.manager [None req-1abe4cc2-ee41-4aaa-82b0-c8d8c696f266 None None] Subscribe: > process after_init 55550001, True {{(pid=103260) subscribe /opt/stack/data/venv/lib/python3.12/site-packages/neutron_lib/callbacks/manager.py:52}}
Feb 17 22:39:40.353960 np0000156235 devstack@neutron-api.service[103260]: DEBUG neutron.manager [None req-1abe4cc2-ee41-4aaa-82b0-c8d8c696f266 None None] Successfully loaded L3_ROUTER_NAT plugin. Description: L3 Router Service Plugin for basic L3 forwarding using OVN {{(pid=103260) _create_and_add_service_plugin /opt/stack/neutron/neutron/manager.py:229}}
Feb 17 22:39:40.354038 np0000156235 devstack@neutron-api.service[103260]: INFO neutron.manager [None req-1abe4cc2-ee41-4aaa-82b0-c8d8c696f266 None None] Loading Plugin: auto_allocate
Feb 17 22:39:40.354950 np0000156235 devstack@neutron-api.service[103260]: DEBUG neutron_lib.callbacks.manager [None req-1abe4cc2-ee41-4aaa-82b0-c8d8c696f266 None None] Subscribe: network precommit_update 55550000, False {{(pid=103260) subscribe /opt/stack/data/venv/lib/python3.12/site-packages/neutron_lib/callbacks/manager.py:52}}
Feb 17 22:39:40.355070 np0000156235 devstack@neutron-api.service[103260]: DEBUG neutron_lib.callbacks.manager [None req-1abe4cc2-ee41-4aaa-82b0-c8d8c696f266 None None] Subscribe: network precommit_create 55550000, False {{(pid=103260) subscribe /opt/stack/data/venv/lib/python3.12/site-packages/neutron_lib/callbacks/manager.py:52}}
Feb 17 22:39:40.355272 np0000156235 devstack@neutron-api.service[103260]: DEBUG neutron.manager [None req-1abe4cc2-ee41-4aaa-82b0-c8d8c696f266 None None] Successfully loaded auto-allocated-topology plugin. Description: Auto Allocated Topology - aka get me a network. {{(pid=103260) _create_and_add_service_plugin /opt/stack/neutron/neutron/manager.py:229}}
Feb 17 22:39:40.355357 np0000156235 devstack@neutron-api.service[103260]: INFO neutron.manager [None req-1abe4cc2-ee41-4aaa-82b0-c8d8c696f266 None None] Loading Plugin: tag
Feb 17 22:39:40.357932 np0000156235 devstack@neutron-api.service[103260]: DEBUG neutron.manager [None req-1abe4cc2-ee41-4aaa-82b0-c8d8c696f266 None None] Successfully loaded TAG plugin. Description: Tag support {{(pid=103260) _create_and_add_service_plugin /opt/stack/neutron/neutron/manager.py:229}}
Feb 17 22:39:40.358005 np0000156235 devstack@neutron-api.service[103260]: INFO neutron.manager [None req-1abe4cc2-ee41-4aaa-82b0-c8d8c696f266 None None] Loading Plugin: timestamp
Feb 17 22:39:40.359245 np0000156235 devstack@neutron-api.service[103260]: DEBUG neutron.manager [None req-1abe4cc2-ee41-4aaa-82b0-c8d8c696f266 None None] Successfully loaded timestamp plugin. Description: Adds timestamps to Neutron resources with standard attributes {{(pid=103260) _create_and_add_service_plugin /opt/stack/neutron/neutron/manager.py:229}}
Feb 17 22:39:40.359348 np0000156235 devstack@neutron-api.service[103260]: INFO neutron.manager [None req-1abe4cc2-ee41-4aaa-82b0-c8d8c696f266 None None] Loading Plugin: network_ip_availability
Feb 17 22:39:40.361266 np0000156235 devstack@neutron-api.service[103260]: DEBUG neutron_lib.callbacks.manager [None req-1abe4cc2-ee41-4aaa-82b0-c8d8c696f266 None None] Subscribe: > rbac-policy before_create 55550000, False {{(pid=103260) subscribe /opt/stack/data/venv/lib/python3.12/site-packages/neutron_lib/callbacks/manager.py:52}}
Feb 17 22:39:40.361387 np0000156235 devstack@neutron-api.service[103260]: DEBUG neutron_lib.callbacks.manager [None req-1abe4cc2-ee41-4aaa-82b0-c8d8c696f266 None None] Subscribe: > rbac-policy before_update 55550000, False {{(pid=103260) subscribe /opt/stack/data/venv/lib/python3.12/site-packages/neutron_lib/callbacks/manager.py:52}}
Feb 17 22:39:40.361484 np0000156235 devstack@neutron-api.service[103260]: DEBUG neutron_lib.callbacks.manager [None req-1abe4cc2-ee41-4aaa-82b0-c8d8c696f266 None None] Subscribe: > rbac-policy before_delete 55550000, False {{(pid=103260) subscribe /opt/stack/data/venv/lib/python3.12/site-packages/neutron_lib/callbacks/manager.py:52}}
Feb 17 22:39:40.361814 np0000156235 devstack@neutron-api.service[103260]: DEBUG neutron.manager [None req-1abe4cc2-ee41-4aaa-82b0-c8d8c696f266 None None] Successfully loaded network-ip-availability plugin. Description: Provides IP availability data for each network and subnet. {{(pid=103260) _create_and_add_service_plugin /opt/stack/neutron/neutron/manager.py:229}}
Feb 17 22:39:40.361895 np0000156235 devstack@neutron-api.service[103260]: INFO neutron.manager [None req-1abe4cc2-ee41-4aaa-82b0-c8d8c696f266 None None] Loading Plugin: flavors
Feb 17 22:39:40.362790 np0000156235 devstack@neutron-api.service[103260]: DEBUG neutron.manager [None req-1abe4cc2-ee41-4aaa-82b0-c8d8c696f266 None None] Successfully loaded FLAVORS plugin. Description: Neutron Flavors and Service Profiles manager plugin {{(pid=103260) _create_and_add_service_plugin /opt/stack/neutron/neutron/manager.py:229}}
Feb 17 22:39:40.362887 np0000156235 devstack@neutron-api.service[103260]: INFO neutron.manager [None req-1abe4cc2-ee41-4aaa-82b0-c8d8c696f266 None None] Loading Plugin: revisions
Feb 17 22:39:40.363872 np0000156235 devstack@neutron-api.service[103260]: DEBUG neutron.manager [None req-1abe4cc2-ee41-4aaa-82b0-c8d8c696f266 None None] Successfully loaded revision_plugin plugin. Description: Adds revision numbers to resources. {{(pid=103260) _create_and_add_service_plugin /opt/stack/neutron/neutron/manager.py:229}}
Feb 17 22:39:40.364058 np0000156235 devstack@neutron-api.service[103260]: DEBUG oslo_concurrency.lockutils [None req-1abe4cc2-ee41-4aaa-82b0-c8d8c696f266 None None] Lock "manager" "released" by "neutron.manager.NeutronManager._create_instance" :: held 4.666s {{(pid=103260) inner /opt/stack/data/venv/lib/python3.12/site-packages/oslo_concurrency/lockutils.py:538}}
Feb 17 22:39:40.364180 np0000156235 devstack@neutron-api.service[103260]: DEBUG neutron.api.extensions [None req-1abe4cc2-ee41-4aaa-82b0-c8d8c696f266 None None] get_extension_paths = OrderedDict({'/opt/stack/neutron/neutron/extensions': 1}) {{(pid=103260) get_extensions_path /opt/stack/neutron/neutron/api/extensions.py:640}}
Feb 17 22:39:40.364271 np0000156235 devstack@neutron-api.service[103260]: INFO neutron.api.extensions [None req-1abe4cc2-ee41-4aaa-82b0-c8d8c696f266 None None] Initializing extension manager.
Feb 17 22:39:40.364517 np0000156235 devstack@neutron-api.service[103260]: DEBUG neutron.api.extensions [None req-1abe4cc2-ee41-4aaa-82b0-c8d8c696f266 None None] Loading extension file: __init__.py {{(pid=103260) _load_all_extensions_from_path /opt/stack/neutron/neutron/api/extensions.py:449}}
Feb 17 22:39:40.364592 np0000156235 devstack@neutron-api.service[103260]: DEBUG neutron.api.extensions [None req-1abe4cc2-ee41-4aaa-82b0-c8d8c696f266 None None] Loading extension file: __pycache__ {{(pid=103260) _load_all_extensions_from_path /opt/stack/neutron/neutron/api/extensions.py:449}}
Feb 17 22:39:40.364677 np0000156235 devstack@neutron-api.service[103260]: DEBUG neutron.api.extensions [None req-1abe4cc2-ee41-4aaa-82b0-c8d8c696f266 None None] Loading extension file: address_group.py {{(pid=103260) _load_all_extensions_from_path /opt/stack/neutron/neutron/api/extensions.py:449}}
Feb 17 22:39:40.364998 np0000156235 devstack@neutron-api.service[103260]: DEBUG neutron.api.extensions [None req-1abe4cc2-ee41-4aaa-82b0-c8d8c696f266 None None] Ext name="Address group" alias="address-group" description="Support address group" updated="2020-07-15T10:00:00-00:00" {{(pid=103260) _check_extension /opt/stack/neutron/neutron/api/extensions.py:415}}
Feb 17 22:39:40.365269 np0000156235 devstack@neutron-api.service[103260]: INFO neutron.api.extensions [None req-1abe4cc2-ee41-4aaa-82b0-c8d8c696f266 None None] Loaded extension: address-group
Feb 17 22:39:40.365330 np0000156235 devstack@neutron-api.service[103260]: DEBUG neutron.api.extensions [None req-1abe4cc2-ee41-4aaa-82b0-c8d8c696f266 None None] Loading extension file: address_scope.py {{(pid=103260) _load_all_extensions_from_path /opt/stack/neutron/neutron/api/extensions.py:449}}
Feb 17 22:39:40.365619 np0000156235 devstack@neutron-api.service[103260]: DEBUG neutron.api.extensions [None req-1abe4cc2-ee41-4aaa-82b0-c8d8c696f266 None None] Ext name="Address scope" alias="address-scope" description="Address scopes extension." updated="2015-07-26T10:00:00-00:00" {{(pid=103260) _check_extension /opt/stack/neutron/neutron/api/extensions.py:415}}
Feb 17 22:39:40.365822 np0000156235 devstack@neutron-api.service[103260]: INFO neutron.api.extensions [None req-1abe4cc2-ee41-4aaa-82b0-c8d8c696f266 None None] Loaded extension: address-scope
Feb 17 22:39:40.365902 np0000156235 devstack@neutron-api.service[103260]: DEBUG neutron.api.extensions [None req-1abe4cc2-ee41-4aaa-82b0-c8d8c696f266 None None] Loading extension file: admin_state_down_before_update.py {{(pid=103260) _load_all_extensions_from_path /opt/stack/neutron/neutron/api/extensions.py:449}}
Feb 17 22:39:40.366113 np0000156235 devstack@neutron-api.service[103260]: DEBUG neutron.api.extensions [None req-1abe4cc2-ee41-4aaa-82b0-c8d8c696f266 None None] Ext name="Enforce Router's Admin State Down Before Update Extension" alias="router-admin-state-down-before-update" description="Ensure that the admin state of a router is DOWN (admin_state_up=False) before updating the distributed attribute" updated="2019-07-02T15:56:00" {{(pid=103260) _check_extension /opt/stack/neutron/neutron/api/extensions.py:415}}
Feb 17 22:39:40.366304 np0000156235 devstack@neutron-api.service[103260]: INFO neutron.api.extensions [None req-1abe4cc2-ee41-4aaa-82b0-c8d8c696f266 None None] Extension router-admin-state-down-before-update not supported by any of loaded plugins
Feb 17 22:39:40.366411 np0000156235 devstack@neutron-api.service[103260]: DEBUG neutron.api.extensions [None req-1abe4cc2-ee41-4aaa-82b0-c8d8c696f266 None None] Loading extension file: agent.py {{(pid=103260) _load_all_extensions_from_path /opt/stack/neutron/neutron/api/extensions.py:449}}
Feb 17 22:39:40.366692 np0000156235 devstack@neutron-api.service[103260]: DEBUG neutron.api.extensions [None req-1abe4cc2-ee41-4aaa-82b0-c8d8c696f266 None None] Ext name="agent" alias="agent" description="The agent management extension." updated="2013-02-03T10:00:00-00:00" {{(pid=103260) _check_extension /opt/stack/neutron/neutron/api/extensions.py:415}}
Feb 17 22:39:40.366866 np0000156235 devstack@neutron-api.service[103260]: INFO neutron.api.extensions [None req-1abe4cc2-ee41-4aaa-82b0-c8d8c696f266 None None] Loaded extension: agent
Feb 17 22:39:40.366956 np0000156235 devstack@neutron-api.service[103260]: DEBUG neutron.api.extensions [None req-1abe4cc2-ee41-4aaa-82b0-c8d8c696f266 None None] Loading extension file: agent_resources_synced.py {{(pid=103260) _load_all_extensions_from_path /opt/stack/neutron/neutron/api/extensions.py:449}}
Feb 17 22:39:40.367187 np0000156235 devstack@neutron-api.service[103260]: DEBUG neutron.api.extensions [None req-1abe4cc2-ee41-4aaa-82b0-c8d8c696f266 None None] Ext name="Agent's Resource View Synced to Placement" alias="agent-resources-synced" description="Stores success/failure of last sync to Placement" updated="2018-12-19T00:00:00-00:00" {{(pid=103260) _check_extension /opt/stack/neutron/neutron/api/extensions.py:415}}
Feb 17 22:39:40.367378 np0000156235 devstack@neutron-api.service[103260]: INFO neutron.api.extensions [None req-1abe4cc2-ee41-4aaa-82b0-c8d8c696f266 None None] Extension agent-resources-synced not supported by any of loaded plugins
Feb 17 22:39:40.367469 np0000156235 devstack@neutron-api.service[103260]: DEBUG neutron.api.extensions [None req-1abe4cc2-ee41-4aaa-82b0-c8d8c696f266 None None] Loading extension file: allowedaddresspairs.py {{(pid=103260) _load_all_extensions_from_path /opt/stack/neutron/neutron/api/extensions.py:449}}
Feb 17 22:39:40.368086 np0000156235 devstack@neutron-api.service[103260]: DEBUG neutron.api.extensions [None req-1abe4cc2-ee41-4aaa-82b0-c8d8c696f266 None None] Ext name="Allowed Address Pairs" alias="allowed-address-pairs" description="Provides allowed address pairs" updated="2013-07-23T10:00:00-00:00" {{(pid=103260) _check_extension /opt/stack/neutron/neutron/api/extensions.py:415}}
Feb 17 22:39:40.368298 np0000156235 devstack@neutron-api.service[103260]: INFO neutron.api.extensions [None req-1abe4cc2-ee41-4aaa-82b0-c8d8c696f266 None None] Loaded extension: allowed-address-pairs
Feb 17 22:39:40.368388 np0000156235 devstack@neutron-api.service[103260]: DEBUG neutron.api.extensions [None req-1abe4cc2-ee41-4aaa-82b0-c8d8c696f266 None None] Loading extension file: auto_allocated_topology.py {{(pid=103260) _load_all_extensions_from_path /opt/stack/neutron/neutron/api/extensions.py:449}}
Feb 17 22:39:40.368648 np0000156235 devstack@neutron-api.service[103260]: DEBUG neutron.api.extensions [None req-1abe4cc2-ee41-4aaa-82b0-c8d8c696f266 None None] Ext name="Auto Allocated Topology Services" alias="auto-allocated-topology" description="Auto Allocated Topology Services." updated="2016-01-01T00:00:00-00:00" {{(pid=103260) _check_extension /opt/stack/neutron/neutron/api/extensions.py:415}}
Feb 17 22:39:40.368814 np0000156235 devstack@neutron-api.service[103260]: INFO neutron.api.extensions [None req-1abe4cc2-ee41-4aaa-82b0-c8d8c696f266 None None] Loaded extension: auto-allocated-topology
Feb 17 22:39:40.368898 np0000156235 devstack@neutron-api.service[103260]: DEBUG neutron.api.extensions [None req-1abe4cc2-ee41-4aaa-82b0-c8d8c696f266 None None] Loading extension file: availability_zone.py {{(pid=103260) _load_all_extensions_from_path /opt/stack/neutron/neutron/api/extensions.py:449}}
Feb 17 22:39:40.369163 np0000156235 devstack@neutron-api.service[103260]: DEBUG neutron.api.extensions [None req-1abe4cc2-ee41-4aaa-82b0-c8d8c696f266 None None] Ext name="Availability Zone" alias="availability_zone" description="The availability zone extension." updated="2015-01-01T10:00:00-00:00" {{(pid=103260) _check_extension /opt/stack/neutron/neutron/api/extensions.py:415}}
Feb 17 22:39:40.369338 np0000156235 devstack@neutron-api.service[103260]: INFO neutron.api.extensions [None req-1abe4cc2-ee41-4aaa-82b0-c8d8c696f266 None None] Loaded extension: availability_zone
Feb 17 22:39:40.369423 np0000156235 devstack@neutron-api.service[103260]: DEBUG neutron.api.extensions [None req-1abe4cc2-ee41-4aaa-82b0-c8d8c696f266 None None] Loading extension file: availability_zone_filter.py {{(pid=103260) _load_all_extensions_from_path /opt/stack/neutron/neutron/api/extensions.py:449}}
Feb 17 22:39:40.369626 np0000156235 devstack@neutron-api.service[103260]: DEBUG neutron.api.extensions [None req-1abe4cc2-ee41-4aaa-82b0-c8d8c696f266 None None] Ext name="Availability Zone Filter Extension" alias="availability_zone_filter" description="Add filter parameters to AvailabilityZone resource" updated="2018-06-22T10:00:00-00:00" {{(pid=103260) _check_extension /opt/stack/neutron/neutron/api/extensions.py:415}}
Feb 17 22:39:40.369795 np0000156235 devstack@neutron-api.service[103260]: INFO neutron.api.extensions [None req-1abe4cc2-ee41-4aaa-82b0-c8d8c696f266 None None] Extension availability_zone_filter not supported by any of loaded plugins
Feb 17 22:39:40.369884 np0000156235 devstack@neutron-api.service[103260]: DEBUG neutron.api.extensions [None req-1abe4cc2-ee41-4aaa-82b0-c8d8c696f266 None None] Loading extension file: data_plane_status.py {{(pid=103260) _load_all_extensions_from_path /opt/stack/neutron/neutron/api/extensions.py:449}}
Feb 17 22:39:40.370104 np0000156235 devstack@neutron-api.service[103260]: DEBUG neutron.api.extensions [None req-1abe4cc2-ee41-4aaa-82b0-c8d8c696f266 None None] Ext name="Port data plane status extension" alias="data-plane-status" description="Expose status of underlying data plane" updated="2017-01-24T10:00:00-00:00" {{(pid=103260) _check_extension /opt/stack/neutron/neutron/api/extensions.py:415}}
Feb 17 22:39:40.370285 np0000156235 devstack@neutron-api.service[103260]: INFO neutron.api.extensions [None req-1abe4cc2-ee41-4aaa-82b0-c8d8c696f266 None None] Extension data-plane-status not supported by any of loaded plugins
Feb 17 22:39:40.370414 np0000156235 devstack@neutron-api.service[103260]: DEBUG neutron.api.extensions [None req-1abe4cc2-ee41-4aaa-82b0-c8d8c696f266 None None] Loading extension file: default_subnetpools.py {{(pid=103260) _load_all_extensions_from_path /opt/stack/neutron/neutron/api/extensions.py:449}}
Feb 17 22:39:40.370638 np0000156235 devstack@neutron-api.service[103260]: DEBUG neutron.api.extensions [None req-1abe4cc2-ee41-4aaa-82b0-c8d8c696f266 None None] Ext name="Default Subnetpools" alias="default-subnetpools" description="Provides ability to mark and use a subnetpool as the default." updated="2016-02-18T18:00:00-00:00" {{(pid=103260) _check_extension /opt/stack/neutron/neutron/api/extensions.py:415}}
Feb 17 22:39:40.370669 np0000156235 devstack@neutron-api.service[103262]: INFO neutron.plugins.ml2.drivers.type_vlan [None req-fd5a7587-d261-4e7b-8a67-830fd1ff2109 None None] VlanTypeDriver initialization complete
Feb 17 22:39:40.371196 np0000156235 devstack@neutron-api.service[103262]: INFO neutron.plugins.ml2.managers [None req-fd5a7587-d261-4e7b-8a67-830fd1ff2109 None None] Initializing extension driver 'port_security'
Feb 17 22:39:40.371277 np0000156235 devstack@neutron-api.service[103260]: INFO neutron.api.extensions [None req-1abe4cc2-ee41-4aaa-82b0-c8d8c696f266 None None] Loaded extension: default-subnetpools
Feb 17 22:39:40.371277 np0000156235 devstack@neutron-api.service[103260]: DEBUG neutron.api.extensions [None req-1abe4cc2-ee41-4aaa-82b0-c8d8c696f266 None None] Loading extension file: dhcpagentscheduler.py {{(pid=103260) _load_all_extensions_from_path /opt/stack/neutron/neutron/api/extensions.py:449}}
Feb 17 22:39:40.371377 np0000156235 devstack@neutron-api.service[103262]: INFO neutron.plugins.ml2.extensions.port_security [None req-fd5a7587-d261-4e7b-8a67-830fd1ff2109 None None] PortSecurityExtensionDriver initialization complete
Feb 17 22:39:40.371377 np0000156235 devstack@neutron-api.service[103262]: INFO neutron.plugins.ml2.managers [None req-fd5a7587-d261-4e7b-8a67-830fd1ff2109 None None] Initializing extension driver 'qos'
Feb 17 22:39:40.371377 np0000156235 devstack@neutron-api.service[103262]: DEBUG neutron.plugins.ml2.extensions.qos [None req-fd5a7587-d261-4e7b-8a67-830fd1ff2109 None None] QosExtensionDriver initialization complete {{(pid=103262) initialize /opt/stack/neutron/neutron/plugins/ml2/extensions/qos.py:31}}
Feb 17 22:39:40.371377 np0000156235 devstack@neutron-api.service[103262]: INFO neutron.plugins.ml2.managers [None req-fd5a7587-d261-4e7b-8a67-830fd1ff2109 None None] Initializing mechanism driver 'ovn'
Feb 17 22:39:40.371476 np0000156235 devstack@neutron-api.service[103260]: DEBUG neutron.api.extensions [None req-1abe4cc2-ee41-4aaa-82b0-c8d8c696f266 None None] Ext name="DHCP Agent Scheduler" alias="dhcp_agent_scheduler" description="Schedule networks among dhcp agents" updated="2013-02-07T10:00:00-00:00" {{(pid=103260) _check_extension /opt/stack/neutron/neutron/api/extensions.py:415}}
Feb 17 22:39:40.371727 np0000156235 devstack@neutron-api.service[103262]: INFO neutron.plugins.ml2.drivers.ovn.mech_driver.mech_driver [None req-fd5a7587-d261-4e7b-8a67-830fd1ff2109 None None] Starting OVNMechanismDriver
Feb 17 22:39:40.371836 np0000156235 devstack@neutron-api.service[103260]: INFO neutron.api.extensions [None req-1abe4cc2-ee41-4aaa-82b0-c8d8c696f266 None None] Loaded extension: dhcp_agent_scheduler
Feb 17 22:39:40.371836 np0000156235 devstack@neutron-api.service[103260]: DEBUG neutron.api.extensions [None req-1abe4cc2-ee41-4aaa-82b0-c8d8c696f266 None None] Loading extension file: dns.py {{(pid=103260) _load_all_extensions_from_path /opt/stack/neutron/neutron/api/extensions.py:449}}
Feb 17 22:39:40.371836 np0000156235 devstack@neutron-api.service[103260]: DEBUG neutron.api.extensions [None req-1abe4cc2-ee41-4aaa-82b0-c8d8c696f266 None None] Ext name="DNS Integration" alias="dns-integration" description="Provides integration with DNS." updated="2015-08-15T18:00:00-00:00" {{(pid=103260) _check_extension /opt/stack/neutron/neutron/api/extensions.py:415}}
Feb 17 22:39:40.372075 np0000156235 devstack@neutron-api.service[103260]: INFO neutron.api.extensions [None req-1abe4cc2-ee41-4aaa-82b0-c8d8c696f266 None None] Loaded extension: dns-integration
Feb 17 22:39:40.372075 np0000156235 devstack@neutron-api.service[103260]: DEBUG neutron.api.extensions [None req-1abe4cc2-ee41-4aaa-82b0-c8d8c696f266 None None] Loading extension file: dns_domain_ports.py {{(pid=103260) _load_all_extensions_from_path /opt/stack/neutron/neutron/api/extensions.py:449}}
Feb 17 22:39:40.372217 np0000156235 devstack@neutron-api.service[103260]: DEBUG neutron.api.extensions [None req-1abe4cc2-ee41-4aaa-82b0-c8d8c696f266 None None] Ext name="dns_domain for ports" alias="dns-domain-ports" description="Allows the DNS domain to be specified for a network port." updated="2017-04-24T10:00:00-00:00" {{(pid=103260) _check_extension /opt/stack/neutron/neutron/api/extensions.py:415}}
Feb 17 22:39:40.372397 np0000156235 devstack@neutron-api.service[103260]: INFO neutron.api.extensions [None req-1abe4cc2-ee41-4aaa-82b0-c8d8c696f266 None None] Loaded extension: dns-domain-ports
Feb 17 22:39:40.372579 np0000156235 devstack@neutron-api.service[103260]: DEBUG neutron.api.extensions [None req-1abe4cc2-ee41-4aaa-82b0-c8d8c696f266 None None] Loading extension file: dns_integration_domain_keywords.py {{(pid=103260) _load_all_extensions_from_path /opt/stack/neutron/neutron/api/extensions.py:449}}
Feb 17 22:39:40.372688 np0000156235 devstack@neutron-api.service[103260]: DEBUG neutron.api.extensions [None req-1abe4cc2-ee41-4aaa-82b0-c8d8c696f266 None None] Ext name="DNS domain names with keywords allowed" alias="dns-integration-domain-keywords" description="Allows to use keywords like , , and as DNS domain name" updated="2020-06-15T18:00:00-00:00" {{(pid=103260) _check_extension /opt/stack/neutron/neutron/api/extensions.py:415}}
Feb 17 22:39:40.372763 np0000156235 devstack@neutron-api.service[103262]: DEBUG neutron_lib.callbacks.manager [None req-fd5a7587-d261-4e7b-8a67-830fd1ff2109 None None] Subscribe: > process before_spawn 55550000, False {{(pid=103262) subscribe /opt/stack/data/venv/lib/python3.12/site-packages/neutron_lib/callbacks/manager.py:52}}
Feb 17 22:39:40.372855 np0000156235 devstack@neutron-api.service[103260]: INFO neutron.api.extensions [None req-1abe4cc2-ee41-4aaa-82b0-c8d8c696f266 None None] Loaded extension: dns-integration-domain-keywords
Feb 17 22:39:40.372911 np0000156235 devstack@neutron-api.service[103262]: DEBUG neutron_lib.callbacks.manager [None req-fd5a7587-d261-4e7b-8a67-830fd1ff2109 None None] Subscribe: > process after_init 55550000, True {{(pid=103262) subscribe /opt/stack/data/venv/lib/python3.12/site-packages/neutron_lib/callbacks/manager.py:52}}
Feb 17 22:39:40.372939 np0000156235 devstack@neutron-api.service[103260]: DEBUG neutron.api.extensions [None req-1abe4cc2-ee41-4aaa-82b0-c8d8c696f266 None None] Loading extension file: dvr.py {{(pid=103260) _load_all_extensions_from_path /opt/stack/neutron/neutron/api/extensions.py:449}}
Feb 17 22:39:40.373012 np0000156235 devstack@neutron-api.service[103262]: DEBUG neutron_lib.callbacks.manager [None req-fd5a7587-d261-4e7b-8a67-830fd1ff2109 None None] Subscribe: > segment after_create 55550000, False {{(pid=103262) subscribe /opt/stack/data/venv/lib/python3.12/site-packages/neutron_lib/callbacks/manager.py:52}}
Feb 17 22:39:40.373159 np0000156235 devstack@neutron-api.service[103262]: DEBUG neutron_lib.callbacks.manager [None req-fd5a7587-d261-4e7b-8a67-830fd1ff2109 None None] Subscribe: > segment after_create 55550000, False {{(pid=103262) subscribe /opt/stack/data/venv/lib/python3.12/site-packages/neutron_lib/callbacks/manager.py:52}}
Feb 17 22:39:40.373199 np0000156235 devstack@neutron-api.service[103260]: DEBUG neutron.api.extensions [None req-1abe4cc2-ee41-4aaa-82b0-c8d8c696f266 None None] Ext name="Distributed Virtual Router" alias="dvr" description="Enables configuration of Distributed Virtual Routers." updated="2014-06-1T10:00:00-00:00" {{(pid=103260) _check_extension /opt/stack/neutron/neutron/api/extensions.py:415}}
Feb 17 22:39:40.373258 np0000156235 devstack@neutron-api.service[103262]: DEBUG neutron_lib.callbacks.manager [None req-fd5a7587-d261-4e7b-8a67-830fd1ff2109 None None] Subscribe: > segment after_delete 55550000, False {{(pid=103262) subscribe /opt/stack/data/venv/lib/python3.12/site-packages/neutron_lib/callbacks/manager.py:52}}
Feb 17 22:39:40.373342 np0000156235 devstack@neutron-api.service[103262]: DEBUG neutron_lib.callbacks.manager [None req-fd5a7587-d261-4e7b-8a67-830fd1ff2109 None None] Subscribe: > allowed_address_pair before_create 55550000, False {{(pid=103262) subscribe /opt/stack/data/venv/lib/python3.12/site-packages/neutron_lib/callbacks/manager.py:52}}
Feb 17 22:39:40.373377 np0000156235 devstack@neutron-api.service[103260]: INFO neutron.api.extensions [None req-1abe4cc2-ee41-4aaa-82b0-c8d8c696f266 None None] Extension dvr not supported by any of loaded plugins
Feb 17 22:39:40.373454 np0000156235 devstack@neutron-api.service[103262]: DEBUG neutron_lib.callbacks.manager [None req-fd5a7587-d261-4e7b-8a67-830fd1ff2109 None None] Subscribe: > security_group precommit_create 55550000, False {{(pid=103262) subscribe /opt/stack/data/venv/lib/python3.12/site-packages/neutron_lib/callbacks/manager.py:52}}
Feb 17 22:39:40.373485 np0000156235 devstack@neutron-api.service[103260]: DEBUG neutron.api.extensions [None req-1abe4cc2-ee41-4aaa-82b0-c8d8c696f266 None None] Loading extension file: ecmp_routes.py {{(pid=103260) _load_all_extensions_from_path /opt/stack/neutron/neutron/api/extensions.py:449}}
Feb 17 22:39:40.373589 np0000156235 devstack@neutron-api.service[103262]: DEBUG neutron_lib.callbacks.manager [None req-fd5a7587-d261-4e7b-8a67-830fd1ff2109 None None] Subscribe: > security_group after_update 55550000, False {{(pid=103262) subscribe /opt/stack/data/venv/lib/python3.12/site-packages/neutron_lib/callbacks/manager.py:52}}
Feb 17 22:39:40.373687 np0000156235 devstack@neutron-api.service[103262]: DEBUG neutron_lib.callbacks.manager [None req-fd5a7587-d261-4e7b-8a67-830fd1ff2109 None None] Subscribe: > security_group after_create 55550000, False {{(pid=103262) subscribe /opt/stack/data/venv/lib/python3.12/site-packages/neutron_lib/callbacks/manager.py:52}}
Feb 17 22:39:40.373721 np0000156235 devstack@neutron-api.service[103260]: DEBUG neutron.api.extensions [None req-1abe4cc2-ee41-4aaa-82b0-c8d8c696f266 None None] Ext name="Equal Cost Multipath Routing" alias="ecmp_routes" description="Allows traffic to reach thesame destination via multiple different links " updated="2020-11-26T18:00:00-00:00" {{(pid=103260) _check_extension /opt/stack/neutron/neutron/api/extensions.py:415}}
Feb 17 22:39:40.373786 np0000156235 devstack@neutron-api.service[103262]: DEBUG neutron_lib.callbacks.manager [None req-fd5a7587-d261-4e7b-8a67-830fd1ff2109 None None] Subscribe: > security_group precommit_delete 55550000, False {{(pid=103262) subscribe /opt/stack/data/venv/lib/python3.12/site-packages/neutron_lib/callbacks/manager.py:52}}
Feb 17 22:39:40.373854 np0000156235 devstack@neutron-api.service[103260]: INFO neutron.api.extensions [None req-1abe4cc2-ee41-4aaa-82b0-c8d8c696f266 None None] Extension ecmp_routes not supported by any of loaded plugins
Feb 17 22:39:40.373880 np0000156235 devstack@neutron-api.service[103262]: DEBUG neutron_lib.callbacks.manager [None req-fd5a7587-d261-4e7b-8a67-830fd1ff2109 None None] Subscribe: > security_group after_delete 55550000, False {{(pid=103262) subscribe /opt/stack/data/venv/lib/python3.12/site-packages/neutron_lib/callbacks/manager.py:52}}
Feb 17 22:39:40.373915 np0000156235 devstack@neutron-api.service[103260]: DEBUG neutron.api.extensions [None req-1abe4cc2-ee41-4aaa-82b0-c8d8c696f266 None None] Loading extension file: empty_string_filtering.py {{(pid=103260) _load_all_extensions_from_path /opt/stack/neutron/neutron/api/extensions.py:449}}
Feb 17 22:39:40.373996 np0000156235 devstack@neutron-api.service[103262]: DEBUG neutron_lib.callbacks.manager [None req-fd5a7587-d261-4e7b-8a67-830fd1ff2109 None None] Subscribe: > security_group_rule precommit_create 55550000, False {{(pid=103262) subscribe /opt/stack/data/venv/lib/python3.12/site-packages/neutron_lib/callbacks/manager.py:52}}
Feb 17 22:39:40.374082 np0000156235 devstack@neutron-api.service[103262]: DEBUG neutron_lib.callbacks.manager [None req-fd5a7587-d261-4e7b-8a67-830fd1ff2109 None None] Subscribe: > security_group_rule after_create 55550000, False {{(pid=103262) subscribe /opt/stack/data/venv/lib/python3.12/site-packages/neutron_lib/callbacks/manager.py:52}}
Feb 17 22:39:40.374169 np0000156235 devstack@neutron-api.service[103260]: DEBUG neutron.api.extensions [None req-1abe4cc2-ee41-4aaa-82b0-c8d8c696f266 None None] Ext name="Empty String Filtering Extension" alias="empty-string-filtering" description="Allow filtering by attributes with empty string value" updated="2018-05-01T10:00:00-00:00" {{(pid=103260) _check_extension /opt/stack/neutron/neutron/api/extensions.py:415}}
Feb 17 22:39:40.374206 np0000156235 devstack@neutron-api.service[103262]: DEBUG neutron_lib.callbacks.manager [None req-fd5a7587-d261-4e7b-8a67-830fd1ff2109 None None] Subscribe: > security_group_rule before_delete 55550000, False {{(pid=103262) subscribe /opt/stack/data/venv/lib/python3.12/site-packages/neutron_lib/callbacks/manager.py:52}}
Feb 17 22:39:40.374296 np0000156235 devstack@neutron-api.service[103262]: DEBUG neutron_lib.callbacks.manager [None req-fd5a7587-d261-4e7b-8a67-830fd1ff2109 None None] Subscribe: > address_group after_create 55550000, False {{(pid=103262) subscribe /opt/stack/data/venv/lib/python3.12/site-packages/neutron_lib/callbacks/manager.py:52}}
Feb 17 22:39:40.374337 np0000156235 devstack@neutron-api.service[103260]: INFO neutron.api.extensions [None req-1abe4cc2-ee41-4aaa-82b0-c8d8c696f266 None None] Loaded extension: empty-string-filtering
Feb 17 22:39:40.374414 np0000156235 devstack@neutron-api.service[103262]: DEBUG neutron_lib.callbacks.manager [None req-fd5a7587-d261-4e7b-8a67-830fd1ff2109 None None] Subscribe: > address_group after_update 55550000, False {{(pid=103262) subscribe /opt/stack/data/venv/lib/python3.12/site-packages/neutron_lib/callbacks/manager.py:52}}
Feb 17 22:39:40.374443 np0000156235 devstack@neutron-api.service[103260]: DEBUG neutron.api.extensions [None req-1abe4cc2-ee41-4aaa-82b0-c8d8c696f266 None None] Loading extension file: expose_l3_conntrack_helper.py {{(pid=103260) _load_all_extensions_from_path /opt/stack/neutron/neutron/api/extensions.py:449}}
Feb 17 22:39:40.374513 np0000156235 devstack@neutron-api.service[103262]: DEBUG neutron_lib.callbacks.manager [None req-fd5a7587-d261-4e7b-8a67-830fd1ff2109 None None] Subscribe: > address_group after_delete 55550000, False {{(pid=103262) subscribe /opt/stack/data/venv/lib/python3.12/site-packages/neutron_lib/callbacks/manager.py:52}}
Feb 17 22:39:40.374634 np0000156235 devstack@neutron-api.service[103260]: DEBUG neutron.api.extensions [None req-1abe4cc2-ee41-4aaa-82b0-c8d8c696f266 None None] Ext name="Expose CT target rules for conntrack helper" alias="expose-l3-conntrack-helper" description="Expose allow adding CT target rules for conntrack helper" updated="2019-04-04T10:00:00-00:00" {{(pid=103260) _check_extension /opt/stack/neutron/neutron/api/extensions.py:415}}
Feb 17 22:39:40.374686 np0000156235 devstack@neutron-api.service[103262]: DEBUG neutron_lib.callbacks.manager [None req-fd5a7587-d261-4e7b-8a67-830fd1ff2109 None None] Subscribe: > qos_plugin after_init 55550000, False {{(pid=103262) subscribe /opt/stack/data/venv/lib/python3.12/site-packages/neutron_lib/callbacks/manager.py:52}}
Feb 17 22:39:40.374801 np0000156235 devstack@neutron-api.service[103260]: INFO neutron.api.extensions [None req-1abe4cc2-ee41-4aaa-82b0-c8d8c696f266 None None] Extension expose-l3-conntrack-helper not supported by any of loaded plugins
Feb 17 22:39:40.374866 np0000156235 devstack@neutron-api.service[103262]: DEBUG neutron_lib.callbacks.manager [None req-fd5a7587-d261-4e7b-8a67-830fd1ff2109 None None] Subscribe: > trunk_plugin after_init 55550000, False {{(pid=103262) subscribe /opt/stack/data/venv/lib/python3.12/site-packages/neutron_lib/callbacks/manager.py:52}}
Feb 17 22:39:40.374897 np0000156235 devstack@neutron-api.service[103260]: DEBUG neutron.api.extensions [None req-1abe4cc2-ee41-4aaa-82b0-c8d8c696f266 None None] Loading extension file: expose_port_forwarding_in_fip.py {{(pid=103260) _load_all_extensions_from_path /opt/stack/neutron/neutron/api/extensions.py:449}}
Feb 17 22:39:40.375074 np0000156235 devstack@neutron-api.service[103262]: DEBUG neutron_lib.callbacks.manager [None req-fd5a7587-d261-4e7b-8a67-830fd1ff2109 None None] Subscribe: > logging-plugin after_init 55550000, False {{(pid=103262) subscribe /opt/stack/data/venv/lib/python3.12/site-packages/neutron_lib/callbacks/manager.py:52}}
Feb 17 22:39:40.375105 np0000156235 devstack@neutron-api.service[103260]: DEBUG neutron.api.extensions [None req-1abe4cc2-ee41-4aaa-82b0-c8d8c696f266 None None] Ext name="Expose Floating IP port forwardings" alias="expose-port-forwarding-in-fip" description="Expose port forwarding fields in floating IP response" updated="2018-06-28T16:00:00-00:00" {{(pid=103260) _check_extension /opt/stack/neutron/neutron/api/extensions.py:415}}
Feb 17 22:39:40.375285 np0000156235 devstack@neutron-api.service[103260]: INFO neutron.api.extensions [None req-1abe4cc2-ee41-4aaa-82b0-c8d8c696f266 None None] Extension expose-port-forwarding-in-fip not supported by any of loaded plugins
Feb 17 22:39:40.375368 np0000156235 devstack@neutron-api.service[103260]: DEBUG neutron.api.extensions [None req-1abe4cc2-ee41-4aaa-82b0-c8d8c696f266 None None] Loading extension file: external_net.py {{(pid=103260) _load_all_extensions_from_path /opt/stack/neutron/neutron/api/extensions.py:449}}
Feb 17 22:39:40.375522 np0000156235 devstack@neutron-api.service[103262]: INFO neutron.services.logapi.drivers.ovn.driver [None req-fd5a7587-d261-4e7b-8a67-830fd1ff2109 None None] OVN logging driver registered
Feb 17 22:39:40.375585 np0000156235 devstack@neutron-api.service[103260]: DEBUG neutron.api.extensions [None req-1abe4cc2-ee41-4aaa-82b0-c8d8c696f266 None None] Ext name="Neutron external network" alias="external-net" description="Adds external network attribute to network resource." updated="2013-01-14T10:00:00-00:00" {{(pid=103260) _check_extension /opt/stack/neutron/neutron/api/extensions.py:415}}
Feb 17 22:39:40.375749 np0000156235 devstack@neutron-api.service[103260]: INFO neutron.api.extensions [None req-1abe4cc2-ee41-4aaa-82b0-c8d8c696f266 None None] Loaded extension: external-net
Feb 17 22:39:40.375836 np0000156235 devstack@neutron-api.service[103260]: DEBUG neutron.api.extensions [None req-1abe4cc2-ee41-4aaa-82b0-c8d8c696f266 None None] Loading extension file: extra_dhcp_opt.py {{(pid=103260) _load_all_extensions_from_path /opt/stack/neutron/neutron/api/extensions.py:449}}
Feb 17 22:39:40.376053 np0000156235 devstack@neutron-api.service[103260]: DEBUG neutron.api.extensions [None req-1abe4cc2-ee41-4aaa-82b0-c8d8c696f266 None None] Ext name="Neutron Extra DHCP options" alias="extra_dhcp_opt" description="Extra options configuration for DHCP. For example PXE boot options to DHCP clients can be specified (e.g. tftp-server, server-ip-address, bootfile-name)" updated="2013-03-17T12:00:00-00:00" {{(pid=103260) _check_extension /opt/stack/neutron/neutron/api/extensions.py:415}}
Feb 17 22:39:40.376243 np0000156235 devstack@neutron-api.service[103260]: INFO neutron.api.extensions [None req-1abe4cc2-ee41-4aaa-82b0-c8d8c696f266 None None] Loaded extension: extra_dhcp_opt
Feb 17 22:39:40.376331 np0000156235 devstack@neutron-api.service[103260]: DEBUG neutron.api.extensions [None req-1abe4cc2-ee41-4aaa-82b0-c8d8c696f266 None None] Loading extension file: extraroute.py {{(pid=103260) _load_all_extensions_from_path /opt/stack/neutron/neutron/api/extensions.py:449}}
Feb 17 22:39:40.376556 np0000156235 devstack@neutron-api.service[103260]: DEBUG neutron.api.extensions [None req-1abe4cc2-ee41-4aaa-82b0-c8d8c696f266 None None] Ext name="Neutron Extra Route" alias="extraroute" description="Extra routes configuration for L3 router" updated="2013-02-01T10:00:00-00:00" {{(pid=103260) _check_extension /opt/stack/neutron/neutron/api/extensions.py:415}}
Feb 17 22:39:40.376716 np0000156235 devstack@neutron-api.service[103260]: INFO neutron.api.extensions [None req-1abe4cc2-ee41-4aaa-82b0-c8d8c696f266 None None] Loaded extension: extraroute
Feb 17 22:39:40.376803 np0000156235 devstack@neutron-api.service[103260]: DEBUG neutron.api.extensions [None req-1abe4cc2-ee41-4aaa-82b0-c8d8c696f266 None None] Loading extension file: extraroute_atomic.py {{(pid=103260) _load_all_extensions_from_path /opt/stack/neutron/neutron/api/extensions.py:449}}
Feb 17 22:39:40.376957 np0000156235 devstack@neutron-api.service[103262]: DEBUG neutron.plugins.ml2.plugin [None req-fd5a7587-d261-4e7b-8a67-830fd1ff2109 None None] neutron.plugins.ml2.plugin.Ml2Plugin method _start_rpc_notifiers called with arguments () {} {{(pid=103262) wrapper /opt/stack/data/venv/lib/python3.12/site-packages/oslo_log/helpers.py:77}}
Feb 17 22:39:40.377042 np0000156235 devstack@neutron-api.service[103260]: DEBUG neutron.api.extensions [None req-1abe4cc2-ee41-4aaa-82b0-c8d8c696f266 None None] Ext name="Atomically add/remove extra routes" alias="extraroute-atomic" description="Edit extra routes of a router on server side by atomically adding/removing extra routes" updated="2019-07-10T00:00:00+00:00" {{(pid=103260) _check_extension /opt/stack/neutron/neutron/api/extensions.py:415}}
Feb 17 22:39:40.377229 np0000156235 devstack@neutron-api.service[103260]: INFO neutron.api.extensions [None req-1abe4cc2-ee41-4aaa-82b0-c8d8c696f266 None None] Loaded extension: extraroute-atomic
Feb 17 22:39:40.377283 np0000156235 devstack@neutron-api.service[103262]: DEBUG neutron_lib.callbacks.manager [None req-fd5a7587-d261-4e7b-8a67-830fd1ff2109 None None] Subscribe: > port after_create 55550000, False {{(pid=103262) subscribe /opt/stack/data/venv/lib/python3.12/site-packages/neutron_lib/callbacks/manager.py:52}}
Feb 17 22:39:40.377323 np0000156235 devstack@neutron-api.service[103260]: DEBUG neutron.api.extensions [None req-1abe4cc2-ee41-4aaa-82b0-c8d8c696f266 None None] Loading extension file: filter_validation.py {{(pid=103260) _load_all_extensions_from_path /opt/stack/neutron/neutron/api/extensions.py:449}}
Feb 17 22:39:40.377402 np0000156235 devstack@neutron-api.service[103262]: DEBUG neutron_lib.callbacks.manager [None req-fd5a7587-d261-4e7b-8a67-830fd1ff2109 None None] Subscribe: > port after_update 55550000, False {{(pid=103262) subscribe /opt/stack/data/venv/lib/python3.12/site-packages/neutron_lib/callbacks/manager.py:52}}
Feb 17 22:39:40.377506 np0000156235 devstack@neutron-api.service[103262]: DEBUG neutron_lib.callbacks.manager [None req-fd5a7587-d261-4e7b-8a67-830fd1ff2109 None None] Subscribe: > port after_delete 55550000, False {{(pid=103262) subscribe /opt/stack/data/venv/lib/python3.12/site-packages/neutron_lib/callbacks/manager.py:52}}
Feb 17 22:39:40.377556 np0000156235 devstack@neutron-api.service[103260]: DEBUG neutron.api.extensions [None req-1abe4cc2-ee41-4aaa-82b0-c8d8c696f266 None None] Ext name="Filter parameters validation" alias="filter-validation" description="Provides validation on filter parameters." updated="2018-07-04T10:00:00-00:00" {{(pid=103260) _check_extension /opt/stack/neutron/neutron/api/extensions.py:415}}
Feb 17 22:39:40.377610 np0000156235 devstack@neutron-api.service[103262]: DEBUG neutron_lib.callbacks.manager [None req-fd5a7587-d261-4e7b-8a67-830fd1ff2109 None None] Subscribe: > subnet after_create 55550000, False {{(pid=103262) subscribe /opt/stack/data/venv/lib/python3.12/site-packages/neutron_lib/callbacks/manager.py:52}}
Feb 17 22:39:40.377711 np0000156235 devstack@neutron-api.service[103262]: DEBUG neutron_lib.callbacks.manager [None req-fd5a7587-d261-4e7b-8a67-830fd1ff2109 None None] Subscribe: > subnet after_update 55550000, False {{(pid=103262) subscribe /opt/stack/data/venv/lib/python3.12/site-packages/neutron_lib/callbacks/manager.py:52}}
Feb 17 22:39:40.377741 np0000156235 devstack@neutron-api.service[103260]: INFO neutron.api.extensions [None req-1abe4cc2-ee41-4aaa-82b0-c8d8c696f266 None None] Loaded extension: filter-validation
Feb 17 22:39:40.377804 np0000156235 devstack@neutron-api.service[103260]: DEBUG neutron.api.extensions [None req-1abe4cc2-ee41-4aaa-82b0-c8d8c696f266 None None] Loading extension file: fip_pf_description.py {{(pid=103260) _load_all_extensions_from_path /opt/stack/neutron/neutron/api/extensions.py:449}}
Feb 17 22:39:40.377834 np0000156235 devstack@neutron-api.service[103262]: DEBUG neutron_lib.callbacks.manager [None req-fd5a7587-d261-4e7b-8a67-830fd1ff2109 None None] Subscribe: > subnet after_delete 55550000, False {{(pid=103262) subscribe /opt/stack/data/venv/lib/python3.12/site-packages/neutron_lib/callbacks/manager.py:52}}
Feb 17 22:39:40.377903 np0000156235 devstack@neutron-api.service[103262]: DEBUG neutron_lib.callbacks.manager [None req-fd5a7587-d261-4e7b-8a67-830fd1ff2109 None None] Subscribe: > network after_create 55550000, False {{(pid=103262) subscribe /opt/stack/data/venv/lib/python3.12/site-packages/neutron_lib/callbacks/manager.py:52}}
Feb 17 22:39:40.378003 np0000156235 devstack@neutron-api.service[103262]: DEBUG neutron_lib.callbacks.manager [None req-fd5a7587-d261-4e7b-8a67-830fd1ff2109 None None] Subscribe: > network after_update 55550000, False {{(pid=103262) subscribe /opt/stack/data/venv/lib/python3.12/site-packages/neutron_lib/callbacks/manager.py:52}}
Feb 17 22:39:40.378038 np0000156235 devstack@neutron-api.service[103260]: DEBUG neutron.api.extensions [None req-1abe4cc2-ee41-4aaa-82b0-c8d8c696f266 None None] Ext name="Floating IP Port Forwarding new attribute description" alias="floating-ip-port-forwarding-description" description="Add a description field to Port Forwarding rules" updated="2019-11-01T10:00:00-00:00" {{(pid=103260) _check_extension /opt/stack/neutron/neutron/api/extensions.py:415}}
Feb 17 22:39:40.378102 np0000156235 devstack@neutron-api.service[103262]: DEBUG neutron_lib.callbacks.manager [None req-fd5a7587-d261-4e7b-8a67-830fd1ff2109 None None] Subscribe: > network after_delete 55550000, False {{(pid=103262) subscribe /opt/stack/data/venv/lib/python3.12/site-packages/neutron_lib/callbacks/manager.py:52}}
Feb 17 22:39:40.378199 np0000156235 devstack@neutron-api.service[103260]: INFO neutron.api.extensions [None req-1abe4cc2-ee41-4aaa-82b0-c8d8c696f266 None None] Extension floating-ip-port-forwarding-description not supported by any of loaded plugins
Feb 17 22:39:40.378287 np0000156235 devstack@neutron-api.service[103260]: DEBUG neutron.api.extensions [None req-1abe4cc2-ee41-4aaa-82b0-c8d8c696f266 None None] Loading extension file: fip_pf_detail.py {{(pid=103260) _load_all_extensions_from_path /opt/stack/neutron/neutron/api/extensions.py:449}}
Feb 17 22:39:40.378354 np0000156235 devstack@neutron-api.service[103262]: DEBUG neutron_lib.callbacks.manager [None req-fd5a7587-d261-4e7b-8a67-830fd1ff2109 None None] Subscribe: > security_group after_create 55550000, False {{(pid=103262) subscribe /opt/stack/data/venv/lib/python3.12/site-packages/neutron_lib/callbacks/manager.py:52}}
Feb 17 22:39:40.378435 np0000156235 devstack@neutron-api.service[103262]: DEBUG neutron_lib.callbacks.manager [None req-fd5a7587-d261-4e7b-8a67-830fd1ff2109 None None] Subscribe: > security_group after_update 55550000, False {{(pid=103262) subscribe /opt/stack/data/venv/lib/python3.12/site-packages/neutron_lib/callbacks/manager.py:52}}
Feb 17 22:39:40.378529 np0000156235 devstack@neutron-api.service[103260]: DEBUG neutron.api.extensions [None req-1abe4cc2-ee41-4aaa-82b0-c8d8c696f266 None None] Ext name="Floating IP port forwarding detail" alias="floating-ip-port-forwarding-detail" description="Allow list floating ip return more port forwarding data, include'id' and 'internal_port_id'" updated="2022-05-06T10:00:00-00:00" {{(pid=103260) _check_extension /opt/stack/neutron/neutron/api/extensions.py:415}}
Feb 17 22:39:40.378568 np0000156235 devstack@neutron-api.service[103262]: DEBUG neutron_lib.callbacks.manager [None req-fd5a7587-d261-4e7b-8a67-830fd1ff2109 None None] Subscribe: > security_group after_delete 55550000, False {{(pid=103262) subscribe /opt/stack/data/venv/lib/python3.12/site-packages/neutron_lib/callbacks/manager.py:52}}
Feb 17 22:39:40.378625 np0000156235 devstack@neutron-api.service[103262]: DEBUG neutron_lib.callbacks.manager [None req-fd5a7587-d261-4e7b-8a67-830fd1ff2109 None None] Subscribe: > security_group_rule after_create 55550000, False {{(pid=103262) subscribe /opt/stack/data/venv/lib/python3.12/site-packages/neutron_lib/callbacks/manager.py:52}}
Feb 17 22:39:40.378695 np0000156235 devstack@neutron-api.service[103260]: INFO neutron.api.extensions [None req-1abe4cc2-ee41-4aaa-82b0-c8d8c696f266 None None] Loaded extension: floating-ip-port-forwarding-detail
Feb 17 22:39:40.378724 np0000156235 devstack@neutron-api.service[103262]: DEBUG neutron_lib.callbacks.manager [None req-fd5a7587-d261-4e7b-8a67-830fd1ff2109 None None] Subscribe: > security_group_rule after_update 55550000, False {{(pid=103262) subscribe /opt/stack/data/venv/lib/python3.12/site-packages/neutron_lib/callbacks/manager.py:52}}
Feb 17 22:39:40.378783 np0000156235 devstack@neutron-api.service[103260]: DEBUG neutron.api.extensions [None req-1abe4cc2-ee41-4aaa-82b0-c8d8c696f266 None None] Loading extension file: fip_pf_port_range.py {{(pid=103260) _load_all_extensions_from_path /opt/stack/neutron/neutron/api/extensions.py:449}}
Feb 17 22:39:40.378812 np0000156235 devstack@neutron-api.service[103262]: DEBUG neutron_lib.callbacks.manager [None req-fd5a7587-d261-4e7b-8a67-830fd1ff2109 None None] Subscribe: > security_group_rule after_delete 55550000, False {{(pid=103262) subscribe /opt/stack/data/venv/lib/python3.12/site-packages/neutron_lib/callbacks/manager.py:52}}
Feb 17 22:39:40.378910 np0000156235 devstack@neutron-api.service[103262]: DEBUG neutron_lib.callbacks.manager [None req-fd5a7587-d261-4e7b-8a67-830fd1ff2109 None None] Subscribe: > address_group after_create 55550000, False {{(pid=103262) subscribe /opt/stack/data/venv/lib/python3.12/site-packages/neutron_lib/callbacks/manager.py:52}}
Feb 17 22:39:40.379046 np0000156235 devstack@neutron-api.service[103260]: DEBUG neutron.api.extensions [None req-1abe4cc2-ee41-4aaa-82b0-c8d8c696f266 None None] Ext name="Floating IP Port Forwarding support port ranges" alias="floating-ip-port-forwarding-port-ranges" description="Add support to port ranges" updated="2020-07-01T10:00:00-00:00" {{(pid=103260) _check_extension /opt/stack/neutron/neutron/api/extensions.py:415}}
Feb 17 22:39:40.379091 np0000156235 devstack@neutron-api.service[103262]: DEBUG neutron_lib.callbacks.manager [None req-fd5a7587-d261-4e7b-8a67-830fd1ff2109 None None] Subscribe: > address_group after_update 55550000, False {{(pid=103262) subscribe /opt/stack/data/venv/lib/python3.12/site-packages/neutron_lib/callbacks/manager.py:52}}
Feb 17 22:39:40.379091 np0000156235 devstack@neutron-api.service[103262]: DEBUG neutron_lib.callbacks.manager [None req-fd5a7587-d261-4e7b-8a67-830fd1ff2109 None None] Subscribe: > address_group after_delete 55550000, False {{(pid=103262) subscribe /opt/stack/data/venv/lib/python3.12/site-packages/neutron_lib/callbacks/manager.py:52}}
Feb 17 22:39:40.379201 np0000156235 devstack@neutron-api.service[103260]: INFO neutron.api.extensions [None req-1abe4cc2-ee41-4aaa-82b0-c8d8c696f266 None None] Extension floating-ip-port-forwarding-port-ranges not supported by any of loaded plugins
Feb 17 22:39:40.379243 np0000156235 devstack@neutron-api.service[103262]: DEBUG neutron.plugins.ml2.ovo_rpc [None req-fd5a7587-d261-4e7b-8a67-830fd1ff2109 None None] ML2 OVO RPC backend initialized. {{(pid=103262) __init__ /opt/stack/neutron/neutron/plugins/ml2/ovo_rpc.py:117}}
Feb 17 22:39:40.379284 np0000156235 devstack@neutron-api.service[103260]: DEBUG neutron.api.extensions [None req-1abe4cc2-ee41-4aaa-82b0-c8d8c696f266 None None] Loading extension file: fip_port_details.py {{(pid=103260) _load_all_extensions_from_path /opt/stack/neutron/neutron/api/extensions.py:449}}
